-- Dumping data for table `dc_ov_cta_cte_cliente`
--


--
-- Table structure for table `dc_ov_fact_electronicas`
--

CREATE TABLE `dc_ov_fact_electronicas` (
  `id` bigint(20) unsigned NOT NULL AUTO_INCREMENT,
  `user_id` int(10) unsigned DEFAULT NULL,
  `dc_orden_id` bigint(20) unsigned NOT NULL,
  `fact_elec_receipt_id` int(10) unsigned DEFAULT NULL,
  `created_at` timestamp NULL DEFAULT NULL,
  `updated_at` timestamp NULL DEFAULT NULL,
  `deleted_at` timestamp NULL DEFAULT NULL,
  PRIMARY KEY (`id`),
  KEY `dc_ov_fact_electronicas_dc_orden_id_foreign` (`dc_orden_id`),
  KEY `dc_ov_fact_electronicas_fact_elec_receipt_id_foreign` (`fact_elec_receipt_id`),
  CONSTRAINT `dc_ov_fact_electronicas_dc_orden_id_foreign` FOREIGN KEY (`dc_orden_id`) REFERENCES `dc_ordenes` (`id`),
  CONSTRAINT `dc_ov_fact_electronicas_fact_elec_receipt_id_foreign` FOREIGN KEY (`fact_elec_receipt_id`) REFERENCES `fact_elec_receipts` (`id`)
) ENGINE=InnoDB DEFAULT CHARSET=utf8mb4 COLLATE=utf8mb4_unicode_ci;

--
-- Dumping data for table `dc_ov_fact_electronicas`
--


--
-- Table structure for table `dc_ov_oc_presupuestos`
--

CREATE TABLE `dc_ov_oc_presupuestos` (
  `id` int(10) unsigned NOT NULL AUTO_INCREMENT,
  `user_id` int(10) unsigned DEFAULT NULL,
  `dc_orden_id` bigint(20) unsigned NOT NULL,
  `dc_orden_presupuesto_id` bigint(20) unsigned NOT NULL,
  `created_at` timestamp NULL DEFAULT NULL,
  `updated_at` timestamp NULL DEFAULT NULL,
  `deleted_at` timestamp NULL DEFAULT NULL,
  PRIMARY KEY (`id`),
  KEY `dc_ov_oc_presupuestos_dc_orden_id_foreign` (`dc_orden_id`),
  KEY `dc_ov_oc_presupuestos_dc_orden_presupuesto_id_foreign` (`dc_orden_presupuesto_id`),
  CONSTRAINT `dc_ov_oc_presupuestos_dc_orden_id_foreign` FOREIGN KEY (`dc_orden_id`) REFERENCES `dc_ordenes` (`id`),
  CONSTRAINT `dc_ov_oc_presupuestos_dc_orden_presupuesto_id_foreign` FOREIGN KEY (`dc_orden_presupuesto_id`) REFERENCES `dc_ordenes` (`id`)
) ENGINE=InnoDB DEFAULT CHARSET=utf8mb4 COLLATE=utf8mb4_unicode_ci;

--
-- Dumping data for table `dc_ov_oc_presupuestos`
--


--
-- Table structure for table `dc_ov_ocs`
--

CREATE TABLE `dc_ov_ocs` (
  `id` bigint(20) unsigned NOT NULL AUTO_INCREMENT,
  `user_id` int(10) unsigned DEFAULT NULL,
  `dc_orden_id` bigint(20) unsigned NOT NULL,
  `dc_orden_compra_id` bigint(20) unsigned NOT NULL,
  `created_at` timestamp NULL DEFAULT NULL,
  `updated_at` timestamp NULL DEFAULT NULL,
  `deleted_at` timestamp NULL DEFAULT NULL,
  PRIMARY KEY (`id`),
  KEY `dc_ov_ocs_dc_orden_id_foreign` (`dc_orden_id`),
  KEY `dc_ov_ocs_dc_orden_compra_id_foreign` (`dc_orden_compra_id`),
  CONSTRAINT `dc_ov_ocs_dc_orden_compra_id_foreign` FOREIGN KEY (`dc_orden_compra_id`) REFERENCES `dc_ordenes` (`id`),
  CONSTRAINT `dc_ov_ocs_dc_orden_id_foreign` FOREIGN KEY (`dc_orden_id`) REFERENCES `dc_ordenes` (`id`)
) ENGINE=InnoDB DEFAULT CHARSET=utf8mb4 COLLATE=utf8mb4_unicode_ci;

--
-- Dumping data for table `dc_ov_ocs`
--


--
-- Table structure for table `dc_ov_origenes`
--

CREATE TABLE `dc_ov_origenes` (
  `id` bigint(20) unsigned NOT NULL AUTO_INCREMENT,
  `user_id` int(10) unsigned DEFAULT NULL,
  `descripcion` varchar(191) COLLATE utf8mb4_unicode_ci NOT NULL,
  `habilitado` tinyint(1) NOT NULL DEFAULT '1',
  `created_at` timestamp NULL DEFAULT NULL,
  `updated_at` timestamp NULL DEFAULT NULL,
  `deleted_at` timestamp NULL DEFAULT NULL,
  PRIMARY KEY (`id`)
) ENGINE=InnoDB AUTO_INCREMENT=4 DEFAULT CHARSET=utf8mb4 COLLATE=utf8mb4_unicode_ci;

--
-- Dumping data for table `dc_ov_origenes`
--

INSERT INTO `dc_ov_origenes` VALUES (1,NULL,'Taller',1,NULL,NULL,NULL),(2,NULL,'Comercial',1,NULL,NULL,NULL),(3,NULL,'Repuestos',1,NULL,NULL,NULL);

--
-- Table structure for table `dc_ov_origenes_users`
--

CREATE TABLE `dc_ov_origenes_users` (
  `id` int(10) unsigned NOT NULL AUTO_INCREMENT,
  `dc_ov_origen_id` bigint(20) unsigned NOT NULL,
  `user_id` int(10) unsigned NOT NULL,
  `created_at` timestamp NULL DEFAULT NULL,
  `updated_at` timestamp NULL DEFAULT NULL,
  `deleted_at` timestamp NULL DEFAULT NULL,
  PRIMARY KEY (`id`),
  KEY `dc_ov_origenes_users_dc_ov_origen_id_foreign` (`dc_ov_origen_id`),
  CONSTRAINT `dc_ov_origenes_users_dc_ov_origen_id_foreign` FOREIGN KEY (`dc_ov_origen_id`) REFERENCES `dc_ov_origenes` (`id`) ON DELETE CASCADE
) ENGINE=InnoDB DEFAULT CHARSET=utf8mb4 COLLATE=utf8mb4_unicode_ci;

--
-- Dumping data for table `dc_ov_origenes_users`
--


--
-- Table structure for table `dc_ov_ots`
--

CREATE TABLE `dc_ov_ots` (
  `id` bigint(20) unsigned NOT NULL AUTO_INCREMENT,
  `user_id` int(10) unsigned DEFAULT NULL,
  `dc_orden_id` bigint(20) unsigned NOT NULL,
  `ot_id` bigint(20) unsigned NOT NULL,
  `created_at` timestamp NULL DEFAULT NULL,
  `updated_at` timestamp NULL DEFAULT NULL,
  `deleted_at` timestamp NULL DEFAULT NULL,
  PRIMARY KEY (`id`),
  KEY `dc_ov_ots_dc_orden_id_foreign` (`dc_orden_id`),
  KEY `dc_ov_ots_ot_id_foreign` (`ot_id`),
  CONSTRAINT `dc_ov_ots_dc_orden_id_foreign` FOREIGN KEY (`dc_orden_id`) REFERENCES `dc_ordenes` (`id`),
  CONSTRAINT `dc_ov_ots_ot_id_foreign` FOREIGN KEY (`ot_id`) REFERENCES `inv_orden_trabajos` (`id`)
) ENGINE=InnoDB DEFAULT CHARSET=utf8mb4 COLLATE=utf8mb4_unicode_ci;

--
-- Dumping data for table `dc_ov_ots`
--


--
-- Table structure for table `dc_ov_pres_clientes`
--

CREATE TABLE `dc_ov_pres_clientes` (
  `id` bigint(20) unsigned NOT NULL AUTO_INCREMENT,
  `user_id` int(10) unsigned DEFAULT NULL,
  `dc_orden_id` bigint(20) unsigned NOT NULL,
  `dc_orden_pres_id` bigint(20) unsigned NOT NULL,
  `created_at` timestamp NULL DEFAULT NULL,
  `updated_at` timestamp NULL DEFAULT NULL,
  `deleted_at` timestamp NULL DEFAULT NULL,
  PRIMARY KEY (`id`),
  KEY `dc_ov_pres_clientes_dc_orden_id_foreign` (`dc_orden_id`),
  KEY `dc_ov_pres_clientes_dc_orden_pres_id_foreign` (`dc_orden_pres_id`),
  CONSTRAINT `dc_ov_pres_clientes_dc_orden_id_foreign` FOREIGN KEY (`dc_orden_id`) REFERENCES `dc_ordenes` (`id`),
  CONSTRAINT `dc_ov_pres_clientes_dc_orden_pres_id_foreign` FOREIGN KEY (`dc_orden_pres_id`) REFERENCES `dc_ordenes` (`id`)
) ENGINE=InnoDB DEFAULT CHARSET=utf8mb4 COLLATE=utf8mb4_unicode_ci;

--
-- Dumping data for table `dc_ov_pres_clientes`
--


--
-- Table structure for table `dc_ov_rem_clientes`
--

CREATE TABLE `dc_ov_rem_clientes` (
  `id` bigint(20) unsigned NOT NULL AUTO_INCREMENT,
  `user_id` int(10) unsigned DEFAULT NULL,
  `dc_orden_id` bigint(20) unsigned NOT NULL,
  `dc_orden_rem_id` bigint(20) unsigned NOT NULL,
  `created_at` timestamp NULL DEFAULT NULL,
  `updated_at` timestamp NULL DEFAULT NULL,
  `deleted_at` timestamp NULL DEFAULT NULL,
  PRIMARY KEY (`id`),
  KEY `dc_ov_rem_clientes_dc_orden_id_foreign` (`dc_orden_id`),
  KEY `dc_ov_rem_clientes_dc_orden_rem_id_foreign` (`dc_orden_rem_id`),
  CONSTRAINT `dc_ov_rem_clientes_dc_orden_id_foreign` FOREIGN KEY (`dc_orden_id`) REFERENCES `dc_ordenes` (`id`),
  CONSTRAINT `dc_ov_rem_clientes_dc_orden_rem_id_foreign` FOREIGN KEY (`dc_orden_rem_id`) REFERENCES `dc_ordenes` (`id`)
) ENGINE=InnoDB DEFAULT CHARSET=utf8mb4 COLLATE=utf8mb4_unicode_ci;

--
-- Dumping data for table `dc_ov_rem_clientes`
--


--
-- Table structure for table `dc_ov_remc_occ`
--

CREATE TABLE `dc_ov_remc_occ` (
  `id` bigint(20) unsigned NOT NULL AUTO_INCREMENT,
  `dc_orden_id` bigint(20) unsigned DEFAULT NULL,
  `dc_orden_detail_id` bigint(20) unsigned DEFAULT NULL,
  `dc_occ_id` bigint(20) unsigned DEFAULT NULL,
  `dc_occ_detail_id` bigint(20) unsigned DEFAULT NULL,
  `user_id` bigint(20) unsigned DEFAULT NULL,
  `created_at` timestamp NULL DEFAULT NULL,
  `updated_at` timestamp NULL DEFAULT NULL,
  `deleted_at` timestamp NULL DEFAULT NULL,
  PRIMARY KEY (`id`),
  KEY `dc_ov_remc_occ_dc_orden_id_foreign` (`dc_orden_id`),
  KEY `dc_ov_remc_occ_dc_orden_detail_id_foreign` (`dc_orden_detail_id`),
  KEY `dc_ov_remc_occ_dc_occ_id_foreign` (`dc_occ_id`),
  KEY `dc_ov_remc_occ_dc_occ_detail_id_foreign` (`dc_occ_detail_id`),
  CONSTRAINT `dc_ov_remc_occ_dc_occ_detail_id_foreign` FOREIGN KEY (`dc_occ_detail_id`) REFERENCES `dc_ordenes_details` (`id`),
  CONSTRAINT `dc_ov_remc_occ_dc_occ_id_foreign` FOREIGN KEY (`dc_occ_id`) REFERENCES `dc_ordenes` (`id`),
  CONSTRAINT `dc_ov_remc_occ_dc_orden_detail_id_foreign` FOREIGN KEY (`dc_orden_detail_id`) REFERENCES `dc_ordenes_details` (`id`),
  CONSTRAINT `dc_ov_remc_occ_dc_orden_id_foreign` FOREIGN KEY (`dc_orden_id`) REFERENCES `dc_ordenes` (`id`)
) ENGINE=InnoDB DEFAULT CHARSET=utf8mb4 COLLATE=utf8mb4_unicode_ci;

--
-- Dumping data for table `dc_ov_remc_occ`
--


--
-- Table structure for table `dc_ov_sol_facturacion`
--

CREATE TABLE `dc_ov_sol_facturacion` (
  `id` bigint(20) unsigned NOT NULL AUTO_INCREMENT,
  `user_id` int(10) unsigned DEFAULT NULL,
  `dc_orden_id` bigint(20) unsigned NOT NULL,
  `dc_sol_facturacion_id` bigint(20) unsigned NOT NULL,
  `created_at` timestamp NULL DEFAULT NULL,
  `updated_at` timestamp NULL DEFAULT NULL,
  `deleted_at` timestamp NULL DEFAULT NULL,
  PRIMARY KEY (`id`),
  KEY `dc_ov_sol_facturacion_dc_orden_id_foreign` (`dc_orden_id`),
  KEY `dc_ov_sol_facturacion_dc_sol_facturacion_id_foreign` (`dc_sol_facturacion_id`),
  CONSTRAINT `dc_ov_sol_facturacion_dc_orden_id_foreign` FOREIGN KEY (`dc_orden_id`) REFERENCES `dc_ordenes` (`id`),
  CONSTRAINT `dc_ov_sol_facturacion_dc_sol_facturacion_id_foreign` FOREIGN KEY (`dc_sol_facturacion_id`) REFERENCES `dc_ordenes` (`id`)
) ENGINE=InnoDB DEFAULT CHARSET=utf8mb4 COLLATE=utf8mb4_unicode_ci;

--
-- Dumping data for table `dc_ov_sol_facturacion`
--


--
-- Table structure for table `dc_ov_status_cobranza`
--

CREATE TABLE `dc_ov_status_cobranza` (
  `id` bigint(20) unsigned NOT NULL AUTO_INCREMENT,
  `user_id` int(10) unsigned DEFAULT NULL,
  `descripcion` varchar(191) COLLATE utf8mb4_unicode_ci NOT NULL,
  `habilitado` tinyint(1) NOT NULL DEFAULT '1',
  `created_at` timestamp NULL DEFAULT NULL,
  `updated_at` timestamp NULL DEFAULT NULL,
  `deleted_at` timestamp NULL DEFAULT NULL,
  PRIMARY KEY (`id`)
) ENGINE=InnoDB AUTO_INCREMENT=4 DEFAULT CHARSET=utf8mb4 COLLATE=utf8mb4_unicode_ci;

--
-- Dumping data for table `dc_ov_status_cobranza`
--

INSERT INTO `dc_ov_status_cobranza` VALUES (1,NULL,'Pendiente',1,NULL,NULL,NULL),(2,NULL,'Parcial',1,NULL,NULL,NULL),(3,NULL,'Completa',1,NULL,NULL,NULL);

--
-- Table structure for table `dc_ov_status_entrega`
--

CREATE TABLE `dc_ov_status_entrega` (
  `id` bigint(20) unsigned NOT NULL AUTO_INCREMENT,
  `user_id` int(10) unsigned DEFAULT NULL,
  `descripcion` varchar(191) COLLATE utf8mb4_unicode_ci NOT NULL,
  `habilitado` tinyint(1) NOT NULL DEFAULT '1',
  `created_at` timestamp NULL DEFAULT NULL,
  `updated_at` timestamp NULL DEFAULT NULL,
  `deleted_at` timestamp NULL DEFAULT NULL,
  PRIMARY KEY (`id`)
) ENGINE=InnoDB AUTO_INCREMENT=4 DEFAULT CHARSET=utf8mb4 COLLATE=utf8mb4_unicode_ci;

--
-- Dumping data for table `dc_ov_status_entrega`
--

INSERT INTO `dc_ov_status_entrega` VALUES (1,NULL,'Pendiente',1,NULL,NULL,NULL),(2,NULL,'Parcial',1,NULL,NULL,NULL),(3,NULL,'Completa',1,NULL,NULL,NULL);

--
-- Table structure for table `dc_ov_status_factura`
--

CREATE TABLE `dc_ov_status_factura` (
  `id` bigint(20) unsigned NOT NULL AUTO_INCREMENT,
  `user_id` int(10) unsigned DEFAULT NULL,
  `descripcion` varchar(191) COLLATE utf8mb4_unicode_ci NOT NULL,
  `habilitado` tinyint(1) NOT NULL DEFAULT '1',
  `created_at` timestamp NULL DEFAULT NULL,
  `updated_at` timestamp NULL DEFAULT NULL,
  `deleted_at` timestamp NULL DEFAULT NULL,
  PRIMARY KEY (`id`)
) ENGINE=InnoDB AUTO_INCREMENT=5 DEFAULT CHARSET=utf8mb4 COLLATE=utf8mb4_unicode_ci;

--
-- Dumping data for table `dc_ov_status_factura`
--

INSERT INTO `dc_ov_status_factura` VALUES (1,NULL,'Pendiente',1,NULL,NULL,NULL),(2,NULL,'Facturable',1,NULL,NULL,NULL),(3,NULL,'Facturado Parcialmente',1,NULL,NULL,NULL),(4,NULL,'Facturado Totalmente',1,NULL,NULL,NULL);

--
-- Table structure for table `dc_ov_status_venta`
--

CREATE TABLE `dc_ov_status_venta` (
  `id` bigint(20) unsigned NOT NULL AUTO_INCREMENT,
  `user_id` int(10) unsigned DEFAULT NULL,
  `descripcion` varchar(191) COLLATE utf8mb4_unicode_ci NOT NULL,
  `habilitado` tinyint(1) NOT NULL DEFAULT '1',
  `created_at` timestamp NULL DEFAULT NULL,
  `updated_at` timestamp NULL DEFAULT NULL,
  `deleted_at` timestamp NULL DEFAULT NULL,
  PRIMARY KEY (`id`)
) ENGINE=InnoDB AUTO_INCREMENT=5 DEFAULT CHARSET=utf8mb4 COLLATE=utf8mb4_unicode_ci;

--
-- Dumping data for table `dc_ov_status_venta`
--

INSERT INTO `dc_ov_status_venta` VALUES (1,NULL,'Pendiente',1,NULL,NULL,NULL),(2,NULL,'Presupuesto',1,NULL,NULL,NULL),(3,NULL,'Venta',1,NULL,NULL,NULL),(4,NULL,'Rechazada',1,NULL,NULL,NULL);

--
-- Table structure for table `dc_sol_fac_occ`
--

CREATE TABLE `dc_sol_fac_occ` (
  `id` bigint(20) unsigned NOT NULL AUTO_INCREMENT,
  `user_id` int(10) unsigned DEFAULT NULL,
  `dc_orden_id` bigint(20) unsigned NOT NULL COMMENT 'Solicitud Facturación (tipo 21)',
  `dc_orden_detail_id` bigint(20) unsigned NOT NULL COMMENT 'Detalle de SF',
  `dc_occ_id` bigint(20) unsigned NOT NULL COMMENT 'OC Cliente (tipo 20)',
  `dc_occ_detail_id` bigint(20) unsigned NOT NULL COMMENT 'Detalle de OCC',
  `created_at` timestamp NULL DEFAULT NULL,
  `updated_at` timestamp NULL DEFAULT NULL,
  `deleted_at` timestamp NULL DEFAULT NULL,
  PRIMARY KEY (`id`),
  KEY `idx_sf` (`dc_orden_id`),
  KEY `idx_occ` (`dc_occ_id`),
  KEY `dc_sol_fac_occ_dc_orden_detail_id_foreign` (`dc_orden_detail_id`),
  KEY `dc_sol_fac_occ_dc_occ_detail_id_foreign` (`dc_occ_detail_id`),
  CONSTRAINT `dc_sol_fac_occ_dc_occ_detail_id_foreign` FOREIGN KEY (`dc_occ_detail_id`) REFERENCES `dc_ordenes_details` (`id`),
  CONSTRAINT `dc_sol_fac_occ_dc_occ_id_foreign` FOREIGN KEY (`dc_occ_id`) REFERENCES `dc_ordenes` (`id`),
  CONSTRAINT `dc_sol_fac_occ_dc_orden_detail_id_foreign` FOREIGN KEY (`dc_orden_detail_id`) REFERENCES `dc_ordenes_details` (`id`),
  CONSTRAINT `dc_sol_fac_occ_dc_orden_id_foreign` FOREIGN KEY (`dc_orden_id`) REFERENCES `dc_ordenes` (`id`)
) ENGINE=InnoDB DEFAULT CHARSET=utf8mb4 COLLATE=utf8mb4_unicode_ci;

--
-- Dumping data for table `dc_sol_fac_occ`
--


--
-- Table structure for table `despachos`
--

CREATE TABLE `despachos` (
  `id` bigint(20) unsigned NOT NULL AUTO_INCREMENT,
  `user_id` int(10) unsigned DEFAULT NULL,
  `person_id` int(10) unsigned NOT NULL,
  `person_id_relationed` int(10) unsigned NOT NULL,
  `moneda_id` int(10) unsigned NOT NULL,
  `fecha` datetime NOT NULL DEFAULT '2025-04-28 16:20:50',
  `is_ponderacion_autom` tinyint(1) NOT NULL DEFAULT '1',
  `is_garantia` tinyint(1) NOT NULL DEFAULT '0',
  `numero` int(10) unsigned DEFAULT NULL,
  `comentario` longtext COLLATE utf8mb4_unicode_ci,
  `total` decimal(16,2) NOT NULL DEFAULT '0.00',
  `total_parte_1` decimal(16,2) NOT NULL DEFAULT '0.00',
  `total_parte_2` decimal(16,2) NOT NULL DEFAULT '0.00',
  `total_parte_3` decimal(16,2) NOT NULL DEFAULT '0.00',
  `cotizacion` decimal(16,2) NOT NULL DEFAULT '0.00',
  `created_at` timestamp NULL DEFAULT NULL,
  `updated_at` timestamp NULL DEFAULT NULL,
  `deleted_at` timestamp NULL DEFAULT NULL,
  PRIMARY KEY (`id`),
  KEY `despachos_person_id_foreign` (`person_id`),
  KEY `despachos_person_id_relationed_foreign` (`person_id_relationed`),
  KEY `despachos_moneda_id_foreign` (`moneda_id`),
  CONSTRAINT `despachos_moneda_id_foreign` FOREIGN KEY (`moneda_id`) REFERENCES `monedas` (`id`),
  CONSTRAINT `despachos_person_id_foreign` FOREIGN KEY (`person_id`) REFERENCES `persons` (`id`),
  CONSTRAINT `despachos_person_id_relationed_foreign` FOREIGN KEY (`person_id_relationed`) REFERENCES `persons` (`id`)
) ENGINE=InnoDB DEFAULT CHARSET=utf8mb4 COLLATE=utf8mb4_unicode_ci;

--
-- Dumping data for table `despachos`
--


--
-- Table structure for table `despachos_cierres`
--

CREATE TABLE `despachos_cierres` (
  `id` bigint(20) unsigned NOT NULL AUTO_INCREMENT,
  `user_id` int(10) unsigned DEFAULT NULL,
  `despacho_id` bigint(20) unsigned NOT NULL,
  `receipt_id` int(10) unsigned DEFAULT NULL,
  `dc_orden_id` bigint(20) unsigned NOT NULL,
  `dc_orden_detail_id` bigint(20) unsigned NOT NULL,
  `inv_producto_id` bigint(20) unsigned DEFAULT NULL,
  `costo_antes` decimal(16,2) NOT NULL DEFAULT '0.00',
  `cantidades` decimal(16,2) DEFAULT '0.00',
  `precio_x_cantidad` decimal(16,2) DEFAULT '0.00',
  `ratio` decimal(16,4) NOT NULL DEFAULT '0.0000',
  `incremento` decimal(16,2) NOT NULL DEFAULT '0.00',
  `incremento_x_cantidad` decimal(16,2) DEFAULT '0.00',
  `costo_despues` decimal(16,2) NOT NULL DEFAULT '0.00',
  `created_at` timestamp NULL DEFAULT NULL,
  `updated_at` timestamp NULL DEFAULT NULL,
  `deleted_at` timestamp NULL DEFAULT NULL,
  PRIMARY KEY (`id`),
  KEY `despachos_cierres_despacho_id_foreign` (`despacho_id`),
  KEY `despachos_cierres_receipt_id_foreign` (`receipt_id`),
  KEY `despachos_cierres_dc_orden_id_foreign` (`dc_orden_id`),
  KEY `despachos_cierres_dc_orden_detail_id_foreign` (`dc_orden_detail_id`),
  KEY `despachos_cierres_inv_producto_id_foreign` (`inv_producto_id`),
  CONSTRAINT `despachos_cierres_dc_orden_detail_id_foreign` FOREIGN KEY (`dc_orden_detail_id`) REFERENCES `dc_ordenes_details` (`id`),
  CONSTRAINT `despachos_cierres_dc_orden_id_foreign` FOREIGN KEY (`dc_orden_id`) REFERENCES `dc_ordenes` (`id`),
  CONSTRAINT `despachos_cierres_despacho_id_foreign` FOREIGN KEY (`despacho_id`) REFERENCES `despachos` (`id`),
  CONSTRAINT `despachos_cierres_inv_producto_id_foreign` FOREIGN KEY (`inv_producto_id`) REFERENCES `inv_productos` (`id`),
  CONSTRAINT `despachos_cierres_receipt_id_foreign` FOREIGN KEY (`receipt_id`) REFERENCES `receipts` (`id`)
) ENGINE=InnoDB DEFAULT CHARSET=utf8mb4 COLLATE=utf8mb4_unicode_ci;

--
-- Dumping data for table `despachos_cierres`
--


--
-- Table structure for table `despachos_details`
--

CREATE TABLE `despachos_details` (
  `id` bigint(20) unsigned NOT NULL AUTO_INCREMENT,
  `user_id` int(10) unsigned DEFAULT NULL,
  `despacho_id` bigint(20) unsigned NOT NULL,
  `despacho_parte_id` bigint(20) unsigned NOT NULL,
  `receipt_id` int(10) unsigned DEFAULT NULL,
  `porcentaje_ponderacion` decimal(8,2) NOT NULL DEFAULT '0.00',
  `created_at` timestamp NULL DEFAULT NULL,
  `updated_at` timestamp NULL DEFAULT NULL,
  `deleted_at` timestamp NULL DEFAULT NULL,
  PRIMARY KEY (`id`),
  KEY `despachos_details_despacho_id_foreign` (`despacho_id`),
  KEY `despachos_details_despacho_parte_id_foreign` (`despacho_parte_id`),
  KEY `despachos_details_receipt_id_foreign` (`receipt_id`),
  CONSTRAINT `despachos_details_despacho_id_foreign` FOREIGN KEY (`despacho_id`) REFERENCES `despachos` (`id`),
  CONSTRAINT `despachos_details_despacho_parte_id_foreign` FOREIGN KEY (`despacho_parte_id`) REFERENCES `despachos_partes` (`id`),
  CONSTRAINT `despachos_details_receipt_id_foreign` FOREIGN KEY (`receipt_id`) REFERENCES `receipts` (`id`)
) ENGINE=InnoDB DEFAULT CHARSET=utf8mb4 COLLATE=utf8mb4_unicode_ci;

--
-- Dumping data for table `despachos_details`
--


--
-- Table structure for table `despachos_files`
--

CREATE TABLE `despachos_files` (
  `id` bigint(20) unsigned NOT NULL AUTO_INCREMENT,
  `user_id` int(10) unsigned DEFAULT NULL,
  `despacho_id` bigint(20) unsigned NOT NULL,
  `descripcion` varchar(255) COLLATE utf8mb4_unicode_ci DEFAULT NULL,
  `path` varchar(191) COLLATE utf8mb4_unicode_ci DEFAULT NULL,
  `name_original` varchar(191) COLLATE utf8mb4_unicode_ci DEFAULT NULL,
  `created_at` timestamp NULL DEFAULT NULL,
  `updated_at` timestamp NULL DEFAULT NULL,
  `deleted_at` timestamp NULL DEFAULT NULL,
  PRIMARY KEY (`id`),
  KEY `despachos_files_despacho_id_foreign` (`despacho_id`),
  CONSTRAINT `despachos_files_despacho_id_foreign` FOREIGN KEY (`despacho_id`) REFERENCES `despachos` (`id`)
) ENGINE=InnoDB DEFAULT CHARSET=utf8mb4 COLLATE=utf8mb4_unicode_ci;

--
-- Dumping data for table `despachos_files`
--


--
-- Table structure for table `despachos_partes`
--

CREATE TABLE `despachos_partes` (
  `id` bigint(20) unsigned NOT NULL AUTO_INCREMENT,
  `user_id` int(10) unsigned DEFAULT NULL,
  `descripcion` varchar(255) COLLATE utf8mb4_unicode_ci DEFAULT NULL,
  `habilitado` tinyint(1) NOT NULL DEFAULT '1',
  `created_at` timestamp NULL DEFAULT NULL,
  `updated_at` timestamp NULL DEFAULT NULL,
  `deleted_at` timestamp NULL DEFAULT NULL,
  PRIMARY KEY (`id`)
) ENGINE=InnoDB AUTO_INCREMENT=4 DEFAULT CHARSET=utf8mb4 COLLATE=utf8mb4_unicode_ci;

--
-- Dumping data for table `despachos_partes`
--

INSERT INTO `despachos_partes` VALUES (1,NULL,'Facturas del Proveedor',1,NULL,NULL,NULL),(2,NULL,'Despachos de Importacion',1,NULL,NULL,NULL),(3,NULL,'Facturas de Logistica',1,NULL,NULL,NULL);

--
-- Table structure for table `deudas_impositivas`
--

CREATE TABLE `deudas_impositivas` (
  `id` int(10) unsigned NOT NULL AUTO_INCREMENT,
  `user_id` int(10) unsigned DEFAULT NULL,
  `person_id` int(10) unsigned NOT NULL,
  `vto_impuesto_id` int(10) unsigned NOT NULL,
  `periodo_deuda` varchar(191) COLLATE utf8mb4_unicode_ci DEFAULT NULL,
  `concepto` varchar(191) COLLATE utf8mb4_unicode_ci DEFAULT NULL,
  `importe` decimal(16,2) NOT NULL DEFAULT '0.00',
  `created_at` timestamp NULL DEFAULT NULL,
  `updated_at` timestamp NULL DEFAULT NULL,
  `deleted_at` timestamp NULL DEFAULT NULL,
  PRIMARY KEY (`id`),
  KEY `deudas_impositivas_vto_impuesto_id_foreign` (`vto_impuesto_id`),
  KEY `deudas_impositivas_person_id_foreign` (`person_id`),
  CONSTRAINT `deudas_impositivas_person_id_foreign` FOREIGN KEY (`person_id`) REFERENCES `persons` (`id`),
  CONSTRAINT `deudas_impositivas_vto_impuesto_id_foreign` FOREIGN KEY (`vto_impuesto_id`) REFERENCES `vto_impuestos` (`id`)
) ENGINE=InnoDB DEFAULT CHARSET=utf8mb4 COLLATE=utf8mb4_unicode_ci;

--
-- Dumping data for table `deudas_impositivas`
--


--
-- Table structure for table `ejer_anteriores`
--

CREATE TABLE `ejer_anteriores` (
  `id` int(10) unsigned NOT NULL AUTO_INCREMENT,
  `user_id` int(10) unsigned DEFAULT NULL,
  `person_id` int(10) unsigned NOT NULL,
  `anio` int(11) NOT NULL,
  `ventas` decimal(16,2) DEFAULT NULL,
  `compras` decimal(16,2) DEFAULT NULL,
  `sueldos` decimal(16,2) DEFAULT NULL,
  `impuesto` decimal(16,2) DEFAULT NULL,
  `apagar` decimal(16,2) DEFAULT NULL,
  `afavor` decimal(16,2) DEFAULT NULL,
  `comentario` varchar(255) COLLATE utf8mb4_unicode_ci DEFAULT NULL,
  `created_at` timestamp NULL DEFAULT NULL,
  `updated_at` timestamp NULL DEFAULT NULL,
  `deleted_at` timestamp NULL DEFAULT NULL,
  PRIMARY KEY (`id`),
  KEY `ejer_anteriores_person_id_foreign` (`person_id`),
  CONSTRAINT `ejer_anteriores_person_id_foreign` FOREIGN KEY (`person_id`) REFERENCES `persons` (`id`)
) ENGINE=InnoDB DEFAULT CHARSET=utf8mb4 COLLATE=utf8mb4_unicode_ci;

--
-- Dumping data for table `ejer_anteriores`
--


--
-- Table structure for table `estado_civil`
--

CREATE TABLE `estado_civil` (
  `id` int(10) unsigned NOT NULL AUTO_INCREMENT,
  `user_id` int(10) unsigned DEFAULT NULL,
  `descripcion` varchar(191) COLLATE utf8mb4_unicode_ci NOT NULL,
  `habilitado` tinyint(1) NOT NULL DEFAULT '1',
  `created_at` timestamp NULL DEFAULT NULL,
  `updated_at` timestamp NULL DEFAULT NULL,
  `deleted_at` timestamp NULL DEFAULT NULL,
  PRIMARY KEY (`id`),
  UNIQUE KEY `estado_civil_descripcion_unique` (`descripcion`)
) ENGINE=InnoDB AUTO_INCREMENT=8 DEFAULT CHARSET=utf8mb4 COLLATE=utf8mb4_unicode_ci;

--
-- Dumping data for table `estado_civil`
--

INSERT INTO `estado_civil` VALUES (1,NULL,'Separado Legal',1,'2020-05-28 20:55:23','2020-05-28 20:55:23',NULL),(2,NULL,'Separado de Hecho',1,'2020-05-28 20:55:23','2020-05-28 20:55:23',NULL),(3,NULL,'Divorciado',1,'2020-05-28 20:55:23','2020-05-28 20:55:23',NULL),(4,NULL,'Convivencia',1,'2020-05-28 20:55:23','2020-05-28 20:55:23',NULL),(5,NULL,'Soltero',1,'2020-05-28 20:55:23','2020-05-28 20:55:23',NULL),(6,NULL,'Casado',1,'2020-05-28 20:55:23','2020-05-28 20:55:23',NULL),(7,NULL,'Viudo',1,'2020-05-28 20:55:23','2020-05-28 20:55:23',NULL);

--
-- Table structure for table `fa_masiva`
--

CREATE TABLE `fa_masiva` (
  `id` int(10) unsigned NOT NULL AUTO_INCREMENT,
  `person_id` int(11) NOT NULL,
  `user_id` int(11) NOT NULL,
  `created_at` timestamp NULL DEFAULT NULL,
  `updated_at` timestamp NULL DEFAULT NULL,
  `deleted_at` timestamp NULL DEFAULT NULL,
  PRIMARY KEY (`id`)
) ENGINE=InnoDB AUTO_INCREMENT=32 DEFAULT CHARSET=utf8mb4 COLLATE=utf8mb4_unicode_ci;

--
-- Dumping data for table `fa_masiva`
--

INSERT INTO `fa_masiva` VALUES (31,40815,9206,'2023-10-05 00:03:35','2023-10-05 00:03:35',NULL);

--
-- Table structure for table `fa_masiva_detalle`
--

CREATE TABLE `fa_masiva_detalle` (
  `id` int(10) unsigned NOT NULL AUTO_INCREMENT,
  `user_id` int(10) unsigned DEFAULT NULL,
  `fa_masiva_id` int(11) NOT NULL,
  `cliente_id` int(11) NOT NULL,
  `tipo_comprobante_id` int(10) unsigned NOT NULL DEFAULT '1',
  `zone_id` int(10) unsigned NOT NULL DEFAULT '22',
  `activity_id` int(10) unsigned NOT NULL DEFAULT '1',
  `cond_frente_iva_id` int(10) unsigned NOT NULL DEFAULT '1',
  `system_tax_id` int(10) unsigned NOT NULL DEFAULT '1',
  `concepto_id` int(10) unsigned NOT NULL DEFAULT '1',
  `taxable_iibb` int(10) unsigned NOT NULL DEFAULT '2',
  `renglon1` varchar(180) COLLATE utf8mb4_unicode_ci DEFAULT NULL,
  `importe1` decimal(20,2) DEFAULT NULL,
  `renglon2` varchar(180) COLLATE utf8mb4_unicode_ci DEFAULT NULL,
  `importe2` decimal(20,2) DEFAULT NULL,
  `renglon3` varchar(180) COLLATE utf8mb4_unicode_ci DEFAULT NULL,
  `importe3` decimal(20,2) DEFAULT NULL,
  `punto_venta_id` int(11) DEFAULT NULL,
  `fecha_comprobante` date DEFAULT NULL,
  `fecha_facturado_desde` date DEFAULT NULL,
  `fecha_facturado_hasta` date DEFAULT NULL,
  `fecha_vencimiento_pago` date DEFAULT NULL,
  `created_at` timestamp NULL DEFAULT NULL,
  `updated_at` timestamp NULL DEFAULT NULL,
  `deleted_at` timestamp NULL DEFAULT NULL,
  PRIMARY KEY (`id`),
  KEY `fa_masiva_detalle_concepto_id_foreign` (`concepto_id`),
  KEY `fa_masiva_detalle_system_tax_id_foreign` (`system_tax_id`),
  KEY `fa_masiva_detalle_cond_frente_iva_id_foreign` (`cond_frente_iva_id`),
  KEY `fa_masiva_detalle_zone_id_foreign` (`zone_id`),
  KEY `fa_masiva_detalle_tipo_comprobante_id_foreign` (`tipo_comprobante_id`),
  KEY `fa_masiva_detalle_activity_id_foreign` (`activity_id`),
  CONSTRAINT `fa_masiva_detalle_activity_id_foreign` FOREIGN KEY (`activity_id`) REFERENCES `activities` (`id`),
  CONSTRAINT `fa_masiva_detalle_concepto_id_foreign` FOREIGN KEY (`concepto_id`) REFERENCES `fact_elec_conceptos_afip` (`id`),
  CONSTRAINT `fa_masiva_detalle_cond_frente_iva_id_foreign` FOREIGN KEY (`cond_frente_iva_id`) REFERENCES `fac_elec_cond_frente_iva` (`id`),
  CONSTRAINT `fa_masiva_detalle_system_tax_id_foreign` FOREIGN KEY (`system_tax_id`) REFERENCES `system_taxes` (`id`),
  CONSTRAINT `fa_masiva_detalle_tipo_comprobante_id_foreign` FOREIGN KEY (`tipo_comprobante_id`) REFERENCES `receipt_types` (`id`),
  CONSTRAINT `fa_masiva_detalle_zone_id_foreign` FOREIGN KEY (`zone_id`) REFERENCES `zones` (`id`)
) ENGINE=InnoDB AUTO_INCREMENT=157 DEFAULT CHARSET=utf8mb4 COLLATE=utf8mb4_unicode_ci;

--
-- Dumping data for table `fa_masiva_detalle`
--

INSERT INTO `fa_masiva_detalle` VALUES (140,9206,31,40814,6,23,638,5,2,1,2,'GUATA',9866.12,NULL,NULL,NULL,NULL,5,NULL,'2023-10-01','2023-10-06','2023-10-06','2023-10-05 00:03:35','2023-10-06 12:44:03',NULL),(141,9206,31,40814,6,23,638,5,2,1,2,'2 VELLON',36636.36,NULL,NULL,NULL,NULL,5,NULL,'2023-10-01','2023-10-06','2023-10-06','2023-10-05 00:03:35','2023-10-06 12:44:03',NULL),(142,9206,31,40814,6,23,638,5,2,1,2,'1 VELLON',23160.33,NULL,NULL,NULL,NULL,5,NULL,'2023-10-01','2023-10-06','2023-10-06','2023-10-05 00:03:35','2023-10-06 12:44:03',NULL),(143,9206,31,40814,6,23,638,5,2,1,2,'1 CANASTO',3748.76,NULL,NULL,NULL,NULL,5,NULL,'2023-10-01','2023-10-06','2023-10-06','2023-10-05 00:03:35','2023-10-06 12:44:03',NULL),(144,9206,31,40814,6,23,638,5,2,1,2,'1 VELLON',23160.33,NULL,NULL,NULL,NULL,5,NULL,'2023-10-01','2023-10-06','2023-10-06','2023-10-05 00:03:35','2023-10-06 12:44:03',NULL),(145,9206,31,40814,6,23,638,5,2,1,2,'1 VELLON',23160.33,NULL,NULL,NULL,NULL,5,NULL,'2023-10-01','2023-10-06','2023-10-06','2023-10-05 00:03:35','2023-10-06 12:44:03',NULL),(146,9206,31,40814,6,23,638,5,2,1,2,'1 VELLON',20526.45,NULL,NULL,NULL,NULL,5,NULL,'2023-10-01','2023-10-06','2023-10-06','2023-10-05 00:03:35','2023-10-06 12:44:03',NULL),(147,9206,31,40814,6,23,638,5,2,1,2,'1 VELLON',17355.37,NULL,NULL,NULL,NULL,5,NULL,'2023-10-01','2023-10-06','2023-10-06','2023-10-05 00:03:35','2023-10-06 12:44:03',NULL),(148,9206,31,40814,6,23,638,5,2,1,2,' 2 VELLON',41322.31,NULL,NULL,NULL,NULL,5,NULL,'2023-10-01','2023-10-06','2023-10-06','2023-10-05 00:03:35','2023-10-06 12:44:03',NULL),(149,9206,31,40814,6,23,638,5,2,1,2,'1 VELLON',25171.90,NULL,NULL,NULL,NULL,5,NULL,'2023-10-01','2023-10-06','2023-10-06','2023-10-05 00:03:35','2023-10-06 12:44:03',NULL),(150,9206,31,40814,6,23,638,5,2,1,2,'1 VELLON',24275.21,NULL,NULL,NULL,NULL,5,NULL,'2023-10-01','2023-10-06','2023-10-06','2023-10-05 00:03:35','2023-10-06 12:44:03',NULL),(151,9206,31,40814,6,23,638,5,2,1,2,'1 VELLON',15466.12,NULL,NULL,NULL,NULL,5,NULL,'2023-10-01','2023-10-06','2023-10-06','2023-10-05 00:03:35','2023-10-06 12:44:03',NULL),(152,9206,31,40814,6,23,638,5,2,1,2,'1 VELLON',24275.21,NULL,NULL,NULL,NULL,5,NULL,'2023-10-01','2023-10-06','2023-10-06','2023-10-05 00:03:35','2023-10-06 12:44:03',NULL),(156,9206,31,40717,1,22,638,1,2,1,2,'Honorarios',0.00,NULL,NULL,NULL,NULL,3,NULL,'2023-10-01','2023-10-06','2023-10-06','2023-10-06 12:09:23','2023-10-06 12:44:03',NULL);

--
-- Table structure for table `fa_masiva_stock`
--

CREATE TABLE `fa_masiva_stock` (
  `id` bigint(20) unsigned NOT NULL AUTO_INCREMENT,
  `user_id` int(10) unsigned DEFAULT NULL,
  `person_id` int(10) unsigned NOT NULL,
  `person_id_relationed` int(10) unsigned NOT NULL,
  `data` longtext COLLATE utf8mb4_unicode_ci,
  `created_at` timestamp NULL DEFAULT NULL,
  `updated_at` timestamp NULL DEFAULT NULL,
  `deleted_at` timestamp NULL DEFAULT NULL,
  PRIMARY KEY (`id`),
  KEY `fa_masiva_stock_person_id_foreign` (`person_id`),
  KEY `fa_masiva_stock_person_id_relationed_foreign` (`person_id_relationed`),
  CONSTRAINT `fa_masiva_stock_person_id_foreign` FOREIGN KEY (`person_id`) REFERENCES `persons` (`id`),
  CONSTRAINT `fa_masiva_stock_person_id_relationed_foreign` FOREIGN KEY (`person_id_relationed`) REFERENCES `persons` (`id`)
) ENGINE=InnoDB DEFAULT CHARSET=utf8mb4 COLLATE=utf8mb4_unicode_ci;

--
-- Dumping data for table `fa_masiva_stock`
--


--
-- Table structure for table `fac_elec_cond_frente_iva`
--

CREATE TABLE `fac_elec_cond_frente_iva` (
  `id` int(10) unsigned NOT NULL AUTO_INCREMENT,
  `name` varchar(191) COLLATE utf8mb4_unicode_ci NOT NULL,
  `created_at` timestamp NULL DEFAULT NULL,
  `updated_at` timestamp NULL DEFAULT NULL,
  `deleted_at` timestamp NULL DEFAULT NULL,
  PRIMARY KEY (`id`),
  UNIQUE KEY `fac_elec_cond_frente_iva_name_unique` (`name`)
) ENGINE=InnoDB AUTO_INCREMENT=11 DEFAULT CHARSET=utf8mb4 COLLATE=utf8mb4_unicode_ci;

--
-- Dumping data for table `fac_elec_cond_frente_iva`
--

INSERT INTO `fac_elec_cond_frente_iva` VALUES (1,'IVA Responsable Inscripto','2019-07-15 18:37:39','2019-07-15 18:37:39',NULL),(2,'IVA Sujeto Exento','2019-07-15 18:37:39','2019-07-15 18:37:39',NULL),(3,'Consumidor Final','2019-07-15 18:37:39','2019-07-15 18:37:39',NULL),(4,'Responsable Monotributo','2019-07-15 18:37:39','2019-07-15 18:37:39',NULL),(5,'Proveedor del Exterior','2019-07-15 18:37:39','2019-07-15 18:37:39',NULL),(6,'Cliente del Exterior','2019-07-15 18:37:39','2019-07-15 18:37:39',NULL),(7,'IVA Liberado - Ley Nº 19.640','2019-07-15 18:37:39','2019-07-15 18:37:39',NULL),(8,'IVA Responsable Inscripto - Agente de Percepción','2019-07-15 18:37:39','2019-07-15 18:37:39',NULL),(9,'Monotributista Social','2019-07-15 18:37:39','2019-07-15 18:37:39',NULL),(10,'IVA No Alcanzado','2019-07-15 18:37:39','2019-07-15 18:37:39',NULL);

--
-- Table structure for table `fac_elec_unidad_medidas`
--

CREATE TABLE `fac_elec_unidad_medidas` (
  `id` int(10) unsigned NOT NULL AUTO_INCREMENT,
  `name` varchar(191) COLLATE utf8mb4_unicode_ci NOT NULL,
  `created_at` timestamp NULL DEFAULT NULL,
  `updated_at` timestamp NULL DEFAULT NULL,
  `deleted_at` timestamp NULL DEFAULT NULL,
  PRIMARY KEY (`id`),
  UNIQUE KEY `fac_elec_unidad_medidas_name_unique` (`name`)
) ENGINE=InnoDB AUTO_INCREMENT=19 DEFAULT CHARSET=utf8mb4 COLLATE=utf8mb4_unicode_ci;

--
-- Dumping data for table `fac_elec_unidad_medidas`
--

INSERT INTO `fac_elec_unidad_medidas` VALUES (1,'Grs','2019-07-15 18:37:39','2019-07-15 18:37:39',NULL),(2,'Kg','2019-07-15 18:37:39','2019-07-15 18:37:39',NULL),(3,'Mts','2019-07-15 18:37:39','2019-07-15 18:37:39',NULL),(4,'Mts2','2019-07-15 18:37:39','2019-07-15 18:37:39',NULL),(5,'Mts3','2019-07-15 18:37:39','2019-07-15 18:37:39',NULL),(6,'Lts','2019-07-15 18:37:39','2019-07-15 18:37:39',NULL),(7,'1000 Kwh','2019-07-15 18:37:39','2019-07-15 18:37:39',NULL),(8,'Unidades','2019-07-15 18:37:39','2019-07-15 18:37:39',NULL),(9,'Pares','2019-07-15 18:37:39','2019-07-15 18:37:39',NULL),(10,'Doc','2019-07-15 18:37:39','2019-07-15 18:37:39',NULL),(11,'Quilates','2019-07-15 18:37:39','2019-07-15 18:37:39',NULL),(12,'Millares','2019-07-15 18:37:39','2019-07-15 18:37:39',NULL),(13,'Milimetros','2019-07-15 18:37:39','2019-07-15 18:37:39',NULL),(14,'Mm 3','2019-07-15 18:37:39','2019-07-15 18:37:39',NULL),(15,'Km','2019-07-15 18:37:39','2019-07-15 18:37:39',NULL),(16,'Hectolitros','2019-07-15 18:37:39','2019-07-15 18:37:39',NULL),(17,'Cm','2019-07-15 18:37:39','2019-07-15 18:37:39',NULL),(18,'Cm 3','2019-07-15 18:37:39','2019-07-15 18:37:39',NULL);

--
-- Table structure for table `fact_elec_conceptos_afip`
--

CREATE TABLE `fact_elec_conceptos_afip` (
  `id` int(10) unsigned NOT NULL AUTO_INCREMENT,
  `afip_comprobante_id` int(10) unsigned NOT NULL,
  `descripcion` varchar(180) COLLATE utf8mb4_unicode_ci NOT NULL,
  `created_at` timestamp NULL DEFAULT NULL,
  `updated_at` timestamp NULL DEFAULT NULL,
  PRIMARY KEY (`id`)
) ENGINE=InnoDB AUTO_INCREMENT=4 DEFAULT CHARSET=utf8mb4 COLLATE=utf8mb4_unicode_ci;

--
-- Dumping data for table `fact_elec_conceptos_afip`
--

INSERT INTO `fact_elec_conceptos_afip` VALUES (1,1,'Producto','2019-03-13 13:29:34','2019-03-13 13:29:34'),(2,2,'Servicios','2019-03-13 13:29:34','2019-03-13 13:29:34'),(3,3,'Productos y Servicios','2019-03-13 13:29:34','2019-03-13 13:29:34');

--
-- Table structure for table `fact_elec_perc_ret`
--

CREATE TABLE `fact_elec_perc_ret` (
  `id` int(10) unsigned NOT NULL AUTO_INCREMENT,
  `user_id` int(10) unsigned DEFAULT NULL,
  `descripcion` varchar(191) COLLATE utf8mb4_unicode_ci NOT NULL,
  `codigo_afip` int(10) unsigned NOT NULL,
  `other_tax_id` int(10) unsigned NOT NULL,
  `habilitado` tinyint(1) NOT NULL DEFAULT '1',
  `created_at` timestamp NULL DEFAULT NULL,
  `updated_at` timestamp NULL DEFAULT NULL,
  `deleted_at` timestamp NULL DEFAULT NULL,
  PRIMARY KEY (`id`),
  KEY `fact_elec_perc_ret_other_tax_id_foreign` (`other_tax_id`),
  CONSTRAINT `fact_elec_perc_ret_other_tax_id_foreign` FOREIGN KEY (`other_tax_id`) REFERENCES `other_taxes` (`id`)
) ENGINE=InnoDB AUTO_INCREMENT=6 DEFAULT CHARSET=utf8mb4 COLLATE=utf8mb4_unicode_ci;

--
-- Dumping data for table `fact_elec_perc_ret`
--

INSERT INTO `fact_elec_perc_ret` VALUES (1,NULL,'Per./Ret de Imp. a las Ganancias',1,1032,1,NULL,NULL,NULL),(2,NULL,'Per./Ret de IVA',1,1000,1,NULL,NULL,NULL),(3,NULL,'Per./Ret de IIBB',2,1006,1,NULL,NULL,NULL),(4,NULL,'Impuestos Internos',4,1001,1,NULL,NULL,NULL),(5,NULL,'Impuestos Municipales',3,1031,1,NULL,NULL,NULL);

--
-- Table structure for table `fact_elec_perc_ret_details`
--

CREATE TABLE `fact_elec_perc_ret_details` (
  `id` bigint(20) unsigned NOT NULL AUTO_INCREMENT,
  `user_id` int(10) unsigned DEFAULT NULL,
  `fact_elec_perc_ret_id` int(10) unsigned NOT NULL,
  `person_id` int(10) unsigned NOT NULL,
  `fact_elec_receipt_id` int(10) unsigned NOT NULL,
  `detalle` varchar(191) COLLATE utf8mb4_unicode_ci DEFAULT NULL,
  `zone_id` int(10) unsigned DEFAULT NULL,
  `base_imponible` decimal(16,2) DEFAULT NULL,
  `alicuota` decimal(16,2) DEFAULT NULL,
  `importe` decimal(16,2) DEFAULT NULL,
  `created_at` timestamp NULL DEFAULT NULL,
  `updated_at` timestamp NULL DEFAULT NULL,
  `deleted_at` timestamp NULL DEFAULT NULL,
  PRIMARY KEY (`id`),
  KEY `fact_elec_perc_ret_details_fact_elec_perc_ret_id_foreign` (`fact_elec_perc_ret_id`),
  KEY `fact_elec_perc_ret_details_person_id_foreign` (`person_id`),
  KEY `fact_elec_perc_ret_details_fact_elec_receipt_id_foreign` (`fact_elec_receipt_id`),
  KEY `fact_elec_perc_ret_details_zone_id_foreign` (`zone_id`),
  CONSTRAINT `fact_elec_perc_ret_details_fact_elec_perc_ret_id_foreign` FOREIGN KEY (`fact_elec_perc_ret_id`) REFERENCES `fact_elec_perc_ret` (`id`),
  CONSTRAINT `fact_elec_perc_ret_details_fact_elec_receipt_id_foreign` FOREIGN KEY (`fact_elec_receipt_id`) REFERENCES `fact_elec_receipts` (`id`),
  CONSTRAINT `fact_elec_perc_ret_details_person_id_foreign` FOREIGN KEY (`person_id`) REFERENCES `persons` (`id`),
  CONSTRAINT `fact_elec_perc_ret_details_zone_id_foreign` FOREIGN KEY (`zone_id`) REFERENCES `zones` (`id`)
) ENGINE=InnoDB DEFAULT CHARSET=utf8mb4 COLLATE=utf8mb4_unicode_ci;

--
-- Dumping data for table `fact_elec_perc_ret_details`
--


--
-- Table structure for table `fact_elec_puntos_venta`
--

CREATE TABLE `fact_elec_puntos_venta` (
  `id` int(10) unsigned NOT NULL AUTO_INCREMENT,
  `user_id` int(10) unsigned DEFAULT NULL,
  `direccion` varchar(180) COLLATE utf8mb4_unicode_ci NOT NULL,
  `created_at` timestamp NULL DEFAULT NULL,
  `updated_at` timestamp NULL DEFAULT NULL,
  `person_id` int(10) unsigned NOT NULL,
  `codigo` varchar(255) COLLATE utf8mb4_unicode_ci DEFAULT '0000',
  `codigo_postal` varchar(20) COLLATE utf8mb4_unicode_ci DEFAULT NULL,
  `zone_id` int(11) DEFAULT NULL,
  `logo` varchar(191) COLLATE utf8mb4_unicode_ci DEFAULT NULL,
  `habilitado` tinyint(1) NOT NULL DEFAULT '1',
  `deleted_at` timestamp NULL DEFAULT NULL,
  PRIMARY KEY (`id`),
  KEY `fact_elec_puntos_venta_person_id_foreign` (`person_id`),
  CONSTRAINT `fact_elec_puntos_venta_person_id_foreign` FOREIGN KEY (`person_id`) REFERENCES `persons` (`id`)
) ENGINE=InnoDB AUTO_INCREMENT=6 DEFAULT CHARSET=utf8mb4 COLLATE=utf8mb4_unicode_ci;

--
-- Dumping data for table `fact_elec_puntos_venta`
--

INSERT INTO `fact_elec_puntos_venta` VALUES (1,8522,'Lisandro de la Torre 277 5°B','2023-02-28 13:56:45','2023-02-28 14:01:39',40718,'1','1408',22,'img//20111111112/logo_punto_venta_0001.png',1,NULL),(3,9206,'Direccion','2023-07-10 10:22:43','2023-07-10 10:22:43',40815,NULL,NULL,22,NULL,1,NULL),(4,9206,'Direccion','2023-07-10 10:24:22','2023-07-10 10:24:22',40815,NULL,NULL,22,NULL,1,NULL),(5,9206,'ECUADOR 3000, SAN ANDRES, SAN MARTIN. PCIA DE BS.AS','2023-07-21 17:29:19','2023-07-21 17:51:53',40815,'5','1651',22,NULL,1,NULL);

--
-- Table structure for table `fact_elec_receipt_details`
--

CREATE TABLE `fact_elec_receipt_details` (
  `id` int(10) unsigned NOT NULL AUTO_INCREMENT,
  `user_id` int(10) unsigned DEFAULT NULL,
  `fact_elec_receipt_id` int(10) unsigned NOT NULL,
  `descripcion` text COLLATE utf8mb4_unicode_ci NOT NULL,
  `cantidad` decimal(20,2) NOT NULL,
  `unidad_medida` text COLLATE utf8mb4_unicode_ci,
  `precio_unitario` decimal(20,2) NOT NULL,
  `neto_gravado` decimal(20,2) NOT NULL,
  `bonificacion_porcentaje` decimal(20,2) DEFAULT NULL,
  `bonificacion_monto` decimal(20,2) DEFAULT NULL,
  `bonificacion_subtotal` decimal(20,2) DEFAULT NULL,
  `system_tax_id` int(10) unsigned NOT NULL DEFAULT '1',
  `iva_monto` decimal(20,2) DEFAULT NULL,
  `iva_subtotal` decimal(20,2) DEFAULT NULL,
  `created_at` timestamp NULL DEFAULT NULL,
  `updated_at` timestamp NULL DEFAULT NULL,
  `codigo` varchar(100) COLLATE utf8mb4_unicode_ci DEFAULT NULL,
  `deleted_at` timestamp NULL DEFAULT NULL,
  PRIMARY KEY (`id`),
  KEY `fact_elec_receipt_details_fact_elec_receipt_id_foreign` (`fact_elec_receipt_id`),
  KEY `fact_elec_receipt_details_system_tax_id_foreign` (`system_tax_id`),
  CONSTRAINT `fact_elec_receipt_details_fact_elec_receipt_id_foreign` FOREIGN KEY (`fact_elec_receipt_id`) REFERENCES `fact_elec_receipts` (`id`),
  CONSTRAINT `fact_elec_receipt_details_system_tax_id_foreign` FOREIGN KEY (`system_tax_id`) REFERENCES `system_taxes` (`id`)
) ENGINE=InnoDB AUTO_INCREMENT=283 DEFAULT CHARSET=utf8mb4 COLLATE=utf8mb4_unicode_ci;

--
-- Dumping data for table `fact_elec_receipt_details`
--

INSERT INTO `fact_elec_receipt_details` VALUES (1,9206,1,'VELLON SILICONADO NACIONAL 10KG',1.00,'8',18100.00,18100.00,0.00,0.00,0.00,2,3801.00,21901.00,'2023-07-21 17:48:18','2023-07-21 17:48:18','V10VR',NULL),(2,9206,2,'VELLON SILICONADO IMPORTADO 10KG',1.00,'8',21508.26,21508.26,0.00,0.00,0.00,2,4516.73,26024.99,'2023-07-21 18:13:38','2023-07-21 18:13:38','V10CBA',NULL),(3,9206,3,'5 TOPS DE LANAS x 1KG GRIS OSCURO / 5 TOPS DE LANAS x 1KG CRUDO/ envio',1.00,'8',26390.00,26390.00,0.00,0.00,0.00,2,5541.90,31931.90,'2023-07-24 15:31:55','2023-07-24 15:31:55',NULL,NULL),(4,9206,4,'10 RESMAS BOREAL A4 75 GRS/ envio',1.00,'8',18950.00,18950.00,0.00,0.00,0.00,2,3979.50,22929.50,'2023-07-24 15:32:00','2023-07-24 15:32:00',NULL,NULL),(5,9362,5,'1 VELLON SILICONADO IMPORTADO 10KG / ENVÍO',1.00,'8',17237.00,17237.00,0.00,0.00,0.00,2,3619.77,20856.77,'2023-07-25 11:39:52','2023-07-25 11:39:52',NULL,NULL),(6,9362,6,'2 VELLON SILICONADO IMPORTADO 10KG / 1 GUATA X ROLLO CERRADO 200 / 1 GUATA X ROLLO CERRADO 200 / ENVÍO',1.00,'8',53408.00,53408.00,0.00,0.00,0.00,2,11215.68,64623.68,'2023-07-25 11:39:56','2023-07-25 11:39:56',NULL,NULL),(7,9362,7,'2 VELLON SILICONADO IMPORTADO 10KG',1.00,'8',33407.00,33407.00,0.00,0.00,0.00,2,7015.47,40422.47,'2023-07-25 11:39:59','2023-07-25 11:39:59',NULL,NULL),(8,9362,8,'10 RESMAS PUNAX A4 75 GRS / ENVIO',1.00,'8',17850.00,17850.00,0.00,0.00,0.00,2,3748.50,21598.50,'2023-07-25 11:40:02','2023-07-25 11:40:02',NULL,NULL),(9,9362,9,'5 VELLON SILICONADO NACIONAL 10KG',1.00,'8',89965.00,89965.00,0.00,0.00,0.00,2,18892.65,108857.65,'2023-07-25 11:40:04','2023-07-25 11:40:04',NULL,NULL),(10,9362,10,'3 VELLON SILICONADO IMPORTADO 10KG',1.00,'8',61895.00,61895.00,0.00,0.00,0.00,2,12997.95,74892.95,'2023-07-25 11:40:08','2023-07-25 11:40:08',NULL,NULL),(11,9362,11,'2 TOPS DE LANAS x 1KG CRUDO',1.00,'8',8900.00,8900.00,0.00,0.00,0.00,2,1869.00,10769.00,'2023-07-25 11:40:11','2023-07-25 11:40:11',NULL,NULL),(12,9362,12,'VELLON SILICONADO IMPORTADO 10KG',1.00,'8',23725.00,23725.00,0.00,0.00,0.00,2,4982.25,28707.25,'2023-07-25 11:40:15','2023-07-25 11:40:15',NULL,NULL),(13,9362,13,'VELLON SILICONADO IMPORTADO 10KG',1.00,'8',23725.00,23725.00,0.00,0.00,0.00,2,4982.25,28707.25,'2023-07-25 11:40:18','2023-07-25 11:40:18',NULL,NULL),(14,9362,14,'2 VELLON SILICONADO NACIONAL 10KG',1.00,'8',40800.00,40800.00,0.00,0.00,0.00,2,8568.00,49368.00,'2023-07-25 11:40:21','2023-07-25 11:40:21',NULL,NULL),(15,9362,15,'VELLON SILICONADO NACIONAL 10KG',1.00,'8',21890.00,21890.00,0.00,0.00,0.00,2,4596.90,26486.90,'2023-07-25 11:40:25','2023-07-25 11:40:25',NULL,NULL),(16,9362,16,'VELLON SILICONADO NACIONAL 10KG',1.00,'8',21890.00,21890.00,0.00,0.00,0.00,2,4596.90,26486.90,'2023-07-25 11:40:28','2023-07-25 11:40:28',NULL,NULL),(17,9362,17,'2 VELLON SILICONADO IMPORTADO 10KG /  3 COPOS DE ESPUMA 10KG / 3 VELLON SILICONADO NACIONAL 10KG',1.00,'8',103290.00,103290.00,0.00,0.00,0.00,2,21690.90,124980.90,'2023-07-25 11:40:31','2023-07-25 11:40:31',NULL,NULL),(18,9362,18,'VELLON SILICONADO NACIONAL 10KG',1.00,'8',17967.00,17967.00,0.00,0.00,0.00,2,3773.07,21740.07,'2023-07-25 11:40:34','2023-07-25 11:40:34',NULL,NULL),(19,9362,19,'2 VELLON SILICONADO NACIONAL 10KG',1.00,'8',35934.00,35934.00,0.00,0.00,0.00,2,7546.14,43480.14,'2023-07-25 11:40:37','2023-07-25 11:40:37',NULL,NULL),(20,9362,20,'2 VELLON SILICONADO IMPORTADO 10KG BOLSA AZUL',1.00,'8',40982.00,40982.00,0.00,0.00,0.00,2,8606.22,49588.22,'2023-07-25 11:40:40','2023-07-25 11:40:40',NULL,NULL),(21,9362,21,'VELLON SILICONADO NACIONAL 10KG',1.00,'8',17967.00,17967.00,0.00,0.00,0.00,2,3773.07,21740.07,'2023-07-25 11:40:43','2023-07-25 11:40:43',NULL,NULL),(22,9362,22,'5 VELLON SILICONADO NACIONAL 10KG',1.00,'8',89835.00,89835.00,0.00,0.00,0.00,2,18865.35,108700.35,'2023-07-25 11:40:46','2023-07-25 11:40:46',NULL,NULL),(23,9362,23,'VELLON SILICONADO IMPORTADO 10KG',1.00,'8',23609.00,23609.00,0.00,0.00,0.00,2,4957.89,28566.89,'2023-07-25 11:40:49','2023-07-25 11:40:49',NULL,NULL);
INSERT INTO `fact_elec_receipt_details` VALUES (24,9362,24,'4 VELLON SILICONADO IMPORTADO 10KG',1.00,'8',73700.00,73700.00,0.00,0.00,0.00,2,15477.00,89177.00,'2023-07-25 11:40:53','2023-07-25 11:40:53',NULL,NULL),(25,9362,25,'2 VELLON SILICONADO IMPORTADO 10KG',1.00,'8',40438.00,40438.00,0.00,0.00,0.00,2,8491.98,48929.98,'2023-07-25 11:40:55','2023-07-25 11:40:55',NULL,NULL),(26,9362,26,'4 GUATAS X ROLLO CERRADO 150',1.00,'8',33600.00,33600.00,0.00,0.00,0.00,2,7056.00,40656.00,'2023-08-03 17:49:29','2023-08-03 17:49:29',NULL,NULL),(27,9362,27,'2 VELLON SILICONADO NACIONAL 10KG',1.00,'8',33182.64,33182.64,0.00,0.00,0.00,2,6968.35,40150.99,'2023-08-03 17:49:34','2023-08-03 17:49:34',NULL,NULL),(28,9362,28,'3 GUATAS X ROLLO CERRADO 150',1.00,'8',30456.00,30456.00,0.00,0.00,0.00,2,6395.76,36851.76,'2023-08-04 11:12:59','2023-08-04 11:12:59',NULL,NULL),(29,9362,29,'5 VELLON SILICONADO NACIONAL 10KG',1.00,'8',61358.51,61358.51,0.00,0.00,0.00,2,12885.29,74243.80,'2023-08-08 18:06:22','2023-08-08 18:06:22',NULL,NULL),(30,9362,30,'2 VELLON SILICONADO NACIONAL 10KG',1.00,'8',33182.64,33182.64,0.00,0.00,0.00,2,6968.35,40150.99,'2023-08-08 18:06:26','2023-08-08 18:06:26',NULL,NULL),(31,NULL,31,'5 VELLON SILICONADO NACIONAL 10KG',1.00,'8',61358.51,61358.51,0.00,0.00,0.00,2,12885.29,74243.80,'2023-08-11 07:43:20','2023-08-11 07:43:20',NULL,NULL),(32,NULL,32,'2 VELLON SILICONADO NACIONAL 10KG',1.00,'8',33182.64,33182.64,0.00,0.00,0.00,2,6968.35,40150.99,'2023-08-11 07:43:24','2023-08-11 07:43:24',NULL,NULL),(33,NULL,33,'2 VELLON SILICONADO IMPORTADO 10KG',1.00,'8',36094.22,36094.22,0.00,0.00,0.00,2,7579.79,43674.01,'2023-08-11 07:43:27','2023-08-11 07:43:27',NULL,NULL),(34,NULL,34,'2 VELLON SILICONADO IMPORTADO 10KG / envío',1.00,'8',30780.99,30780.99,0.00,0.00,0.00,2,6464.01,37245.00,'2023-08-11 07:43:29','2023-08-11 07:43:29',NULL,NULL),(35,NULL,35,'5 VELLON SILICONADO IMPORTADO 10KG / envío',1.00,'8',165595.04,165595.04,0.00,0.00,0.00,2,34774.96,200370.00,'2023-08-11 07:43:32','2023-08-11 07:43:32',NULL,NULL),(36,NULL,36,'2 VELLON SILICONADO NACIONAL 10KG',1.00,'8',32963.64,32963.64,0.00,0.00,0.00,2,6922.36,39886.00,'2023-08-11 07:43:34','2023-08-11 07:43:34',NULL,NULL),(37,NULL,37,'2 VELLON SILICONADO NACIONAL 10KG',1.00,'8',32963.64,32963.64,0.00,0.00,0.00,2,6922.36,39886.00,'2023-08-11 07:43:37','2023-08-11 07:43:37',NULL,NULL),(38,NULL,38,'1 VELLON SILICONADO NACIONAL 10KG / 1 VELLON SILICONADO IMPORTADO 10KG',1.00,'8',34428.10,34428.10,0.00,0.00,0.00,2,7229.90,41658.00,'2023-08-11 07:43:39','2023-08-11 07:43:39',NULL,NULL),(39,NULL,39,'1 VELLON SILICONADO NACIONAL 10KG',1.00,'8',19607.44,19607.44,0.00,0.00,0.00,2,4117.56,23725.00,'2023-08-11 07:43:41','2023-08-11 07:43:41',NULL,NULL),(40,NULL,40,'1 VELLON SILICONADO NACIONAL 10KG',1.00,'8',18090.91,18090.91,0.00,0.00,0.00,2,3799.09,21890.00,'2023-08-11 07:43:43','2023-08-11 07:43:43',NULL,NULL),(41,NULL,41,'2 VELLON SILICONADO NACIONAL 10KG / 1 COPOS DE ESPUMA 10KG',1.00,'8',45403.31,45403.31,0.00,0.00,0.00,2,9534.70,54938.01,'2023-08-11 07:43:45','2023-08-11 07:43:45',NULL,NULL),(42,NULL,42,'1 VELLON SILICONADO IMPORTADO 10KG',1.00,'8',19607.44,19607.44,0.00,0.00,0.00,2,4117.56,23725.00,'2023-08-11 07:43:47','2023-08-11 07:43:47',NULL,NULL),(43,NULL,43,'2 VELLON SILICONADO NACIONAL 10KG',1.00,'8',32963.64,32963.64,0.00,0.00,0.00,2,6922.36,39886.00,'2023-08-11 07:43:49','2023-08-11 07:43:49',NULL,NULL),(44,NULL,44,'2 VELLON SILICONADO NACIONAL 10KG',1.00,'8',32715.70,32715.70,0.00,0.00,0.00,2,6870.30,39586.00,'2023-08-11 07:43:51','2023-08-11 07:43:51',NULL,NULL),(45,NULL,45,'1 VELLON SILICONADO NACIONAL 10KG',1.00,'8',18090.91,18090.91,0.00,0.00,0.00,2,3799.09,21890.00,'2023-08-11 07:43:53','2023-08-11 07:43:53',NULL,NULL),(46,NULL,46,'2 COPOS DE ESPUMA 10KG',1.00,'8',15912.40,15912.40,0.00,0.00,0.00,2,3341.60,19254.00,'2023-08-11 07:43:55','2023-08-11 07:43:55',NULL,NULL),(47,NULL,47,'1 GUATA X ROLLO CERRADO 150',1.00,'8',11171.90,11171.90,0.00,0.00,0.00,2,2346.10,13518.00,'2023-08-11 07:43:58','2023-08-11 07:43:58',NULL,NULL);
INSERT INTO `fact_elec_receipt_details` VALUES (48,NULL,48,'1 VELLON SILICONADO NACIONAL 10KG',1.00,'8',18090.91,18090.91,0.00,0.00,0.00,2,3799.09,21890.00,'2023-08-11 07:44:00','2023-08-11 07:44:00',NULL,NULL),(49,NULL,49,'1 VELLON SILICONADO NACIONAL 10KG',1.00,'8',19607.44,19607.44,0.00,0.00,0.00,2,4117.56,23725.00,'2023-08-11 07:44:03','2023-08-11 07:44:03',NULL,NULL),(50,NULL,50,'1 VELLON SILICONADO NACIONAL 10KG',1.00,'8',19260.33,19260.33,0.00,0.00,0.00,2,4044.67,23305.00,'2023-08-11 07:44:06','2023-08-11 07:44:06',NULL,NULL),(51,NULL,51,'2 VELLON SILICONADO IMPORTADO 10KG',1.00,'8',32961.98,32961.98,0.00,0.00,0.00,2,6922.02,39884.00,'2023-08-11 07:44:08','2023-08-11 07:44:08',NULL,NULL),(52,NULL,52,'4 COPOS DE ESPUMA 10KG',1.00,'8',30122.31,30122.31,0.00,0.00,0.00,2,6325.69,36448.00,'2023-08-11 07:44:10','2023-08-11 07:44:10',NULL,NULL),(53,NULL,53,'1 VELLON SILICONADO IMPORTADO 10KG',1.00,'8',20898.35,20898.35,0.00,0.00,0.00,2,4388.65,25287.00,'2023-08-11 07:44:12','2023-08-11 07:44:12',NULL,NULL),(54,NULL,54,'1 VELLON SILICONADO IMPORTADO 10KG',1.00,'8',20898.35,20898.35,0.00,0.00,0.00,2,4388.65,25287.00,'2023-08-11 07:44:14','2023-08-11 07:44:14',NULL,NULL),(55,NULL,55,'1 VELLON SILICONADO IMPORTADO 10KG',1.00,'8',20898.35,20898.35,0.00,0.00,0.00,2,4388.65,25287.00,'2023-08-11 07:44:17','2023-08-11 07:44:17',NULL,NULL),(56,NULL,56,'2 VELLON SILICONADO NACIONAL 10KG',1.00,'8',35171.90,35171.90,0.00,0.00,0.00,2,7386.10,42558.00,'2023-08-11 07:44:19','2023-08-11 07:44:19',NULL,NULL),(57,NULL,57,'1 VELLON SILICONADO NACIONAL 10KG',1.00,'8',19260.33,19260.33,0.00,0.00,0.00,2,4044.67,23305.00,'2023-08-11 07:44:21','2023-08-11 07:44:21',NULL,NULL),(58,NULL,58,'1 VELLON SILICONADO IMPORTADO 10KG',1.00,'8',20898.35,20898.35,0.00,0.00,0.00,2,4388.65,25287.00,'2023-08-11 07:44:24','2023-08-11 07:44:24',NULL,NULL),(59,9362,59,'3 VELLON SILICONADO NACIONAL 10KG',1.00,'8',36118.65,36118.65,0.00,0.00,0.00,2,7584.92,43703.57,'2023-08-16 10:48:11','2023-08-16 10:48:11',NULL,NULL),(60,9362,60,'1 VELLON SILICONADO IMPORTADO 10KG',1.00,'8',16261.07,16261.07,0.00,0.00,0.00,2,3414.82,19675.89,'2023-08-16 10:48:15','2023-08-16 10:48:15',NULL,NULL),(61,9362,62,'3 VELLON SILICONADO NACIONAL 10KG',1.00,'8',30000.00,30000.00,0.00,0.00,0.00,2,6300.00,36300.00,'2023-08-18 10:56:04','2023-08-18 10:56:04',NULL,NULL),(62,9362,63,'1 VELLON SILICONADO IMPORTADO 10KG',1.00,'8',18212.40,18212.40,0.00,0.00,0.00,2,3824.60,22037.00,'2023-08-18 10:56:10','2023-08-18 10:56:10',NULL,NULL),(63,9362,64,'2 VELLON SILICONADO IMPORTADO 10KG',1.00,'8',32961.98,32961.98,0.00,0.00,0.00,2,6922.02,39884.00,'2023-08-18 10:56:13','2023-08-18 10:56:13',NULL,NULL),(64,9362,65,'2 VELLON SILICONADO IMPORTADO 10KG',1.00,'8',38333.88,38333.88,0.00,0.00,0.00,2,8050.11,46383.99,'2023-08-18 10:56:16','2023-08-18 10:56:16',NULL,NULL),(65,9362,66,'2 VELLON SILICONADO IMPORTADO 10KG',1.00,'8',38333.88,38333.88,0.00,0.00,0.00,2,8050.11,46383.99,'2023-08-18 10:56:19','2023-08-18 10:56:19',NULL,NULL),(66,9362,67,'1 VELLON SILICONADO IMPORTADO 10KG',1.00,'8',20898.35,20898.35,0.00,0.00,0.00,2,4388.65,25287.00,'2023-08-18 10:56:22','2023-08-18 10:56:22',NULL,NULL),(67,9362,68,'4 ROLLOS DE GUATA PREMIUM 150GR',1.00,'8',51140.50,51140.50,0.00,0.00,0.00,2,10739.50,61880.00,'2023-08-23 15:21:02','2023-08-23 15:21:02',NULL,NULL),(68,9362,69,'1 Vellón Siliconado  Importado 10kg',1.00,'8',19675.89,19675.89,0.00,0.00,0.00,7,0.00,19675.89,'2023-08-25 11:23:16','2023-08-25 11:23:16','',NULL),(69,9362,70,'Vellon siliconado Importado 10kg',1.00,'8',28707.25,28707.25,0.00,0.00,0.00,7,0.00,28707.25,'2023-08-25 11:33:15','2023-08-25 11:33:15','',NULL),(70,9362,71,'1 Vellon Siliconado Importado 10kg',1.00,'8',25287.00,25287.00,0.00,0.00,0.00,7,0.00,25287.00,'2023-08-25 12:16:39','2023-08-25 12:16:39','',NULL),(71,9362,72,'1 Vellon Siliconado Importado 10kg',1.00,'8',25287.00,25287.00,0.00,0.00,0.00,7,0.00,25287.00,'2023-08-25 12:27:04','2023-08-25 12:27:04','',NULL);
INSERT INTO `fact_elec_receipt_details` VALUES (72,9362,73,'1 Vellón Siliconado  Importado 10kg',1.00,'8',25287.00,25287.00,0.00,0.00,0.00,7,0.00,25287.00,'2023-08-25 12:45:11','2023-08-25 12:45:11','',NULL),(73,9362,74,'5 Vellon Siliconado Nacional 10kg',1.00,'8',108700.35,108700.35,0.00,0.00,0.00,7,0.00,108700.35,'2023-08-25 13:59:58','2023-08-25 13:59:58','',NULL),(76,9362,77,'5 Vellon Siliconado Nacional 10kg',1.00,'8',61358.51,61358.51,0.00,0.00,0.00,2,12885.29,74243.80,'2023-08-25 16:03:50','2023-08-25 16:03:50','',NULL),(77,9362,78,'2 Vellon Siliconado Nacional 10kg',1.00,'8',33182.64,33182.64,0.00,0.00,0.00,2,6968.35,40150.99,'2023-08-25 16:08:18','2023-08-25 16:08:18','',NULL),(78,9362,79,'3 Vellon Siliconado Nacional 10kg',1.00,'8',43703.57,43703.57,0.00,0.00,0.00,7,0.00,43703.57,'2023-08-25 16:22:32','2023-08-25 16:22:32','',NULL),(79,9362,80,'1 Vellon Siliconado Importado 10kg',1.00,'8',22037.00,22037.00,0.00,0.00,0.00,7,0.00,22037.00,'2023-08-25 16:29:48','2023-08-25 16:29:48','',NULL),(82,9362,83,'3 Vellon siliconado Importado 10kg',1.00,'8',20991.95,20991.95,0.00,0.00,0.00,7,0.00,20991.95,'2023-08-27 17:53:42','2023-08-27 17:53:42','',NULL),(83,9362,84,'VELLON SILICONADO IMPORTADO 10KG',1.00,'8',6817.25,6817.25,0.00,0.00,0.00,7,0.00,6817.25,'2023-08-27 17:57:17','2023-08-27 17:57:17','',NULL),(84,9362,85,'2 VELLON SILICONADO IMPORTADO 10KG',1.00,'8',13654.22,13654.22,0.00,0.00,0.00,7,0.00,13654.22,'2023-08-27 18:02:39','2023-08-27 18:02:39','',NULL),(85,9362,86,'VELLON SILICONADO IMPORTADO 10KG',1.00,'8',6676.89,6676.89,0.00,0.00,0.00,7,0.00,6676.89,'2023-08-27 18:06:26','2023-08-27 18:06:26','',NULL),(86,9362,87,'1 VELLON SILICONADO NACIONAL\n10KG / 1 VELLON SILICONADO\nIMPORTADO 10KG\n',1.00,'8',23691.00,23691.00,0.00,0.00,0.00,7,0.00,23691.00,'2023-08-27 18:11:32','2023-08-27 18:11:32','',NULL),(87,9362,88,'1 VELLON SILICONADO IMPORTADO\n10KG\n',1.00,'8',1835.00,1835.00,0.00,0.00,0.00,7,0.00,1835.00,'2023-08-27 18:16:48','2023-08-27 18:16:48','',NULL),(88,9362,89,'2 VELLON SILICONADO IMPORTADO\n10KG\n',1.00,'8',3950.00,3950.00,0.00,0.00,0.00,7,0.00,3950.00,'2023-08-27 18:19:02','2023-08-27 18:19:02','',NULL),(89,9362,90,'1 VELLON SILICONADO IMPORTADO\n10KG',1.00,'8',1382.00,1382.00,0.00,0.00,0.00,7,0.00,1382.00,'2023-08-27 18:21:56','2023-08-27 18:21:56','',NULL),(90,9362,91,'2 VELLON SILICONADO IMPORTADO\n10KG\n',1.00,'8',3826.00,3826.00,0.00,0.00,0.00,7,0.00,3826.00,'2023-08-27 18:27:30','2023-08-27 18:27:30','',NULL),(91,9362,92,'2 VELLON SILICONADO IMPORTADO\n10KG\n',1.00,'8',3826.00,3826.00,0.00,0.00,0.00,7,0.00,3826.00,'2023-08-27 18:30:28','2023-08-27 18:30:28','',NULL),(92,9362,93,'1 VELLON SILICONADO IMPORTADO\n10KG\n',1.00,'8',1382.00,1382.00,0.00,0.00,0.00,7,0.00,1382.00,'2023-08-27 18:32:56','2023-08-27 18:32:56','',NULL),(93,9362,94,'4 VELLON SILICONADO IMPORTADO\n10KG\n',1.00,'8',22405.00,22405.00,0.00,0.00,0.00,7,0.00,22405.00,'2023-08-27 19:09:52','2023-08-27 19:09:52','',NULL),(94,NULL,95,'1 VELLON SILICONADO NACIONAL 10KG',1.00,'8',19260.33,19260.33,0.00,0.00,0.00,2,4044.67,23305.00,'2023-08-27 19:42:41','2023-08-27 19:42:41',NULL,NULL),(95,NULL,96,'1 VELLON SILICONADO NACIONAL 10KG',1.00,'8',23119.01,23119.01,0.00,0.00,0.00,2,4854.99,27974.00,'2023-08-27 19:42:45','2023-08-27 19:42:45',NULL,NULL),(96,NULL,97,'2 VELLON SILICONADO NACIONAL 10KG',1.00,'8',44542.15,44542.15,0.00,0.00,0.00,2,9353.85,53896.00,'2023-08-27 19:42:48','2023-08-27 19:42:48',NULL,NULL),(97,NULL,98,'1 GUATA X ROLLO CERRADO 150',1.00,'8',15909.09,15909.09,0.00,0.00,0.00,2,3340.91,19250.00,'2023-08-27 19:42:52','2023-08-27 19:42:52',NULL,NULL),(98,NULL,99,'2 VELLON SILICONADO NACIONAL 10KG',1.00,'8',44542.15,44542.15,0.00,0.00,0.00,2,9353.85,53896.00,'2023-08-27 19:42:54','2023-08-27 19:42:54',NULL,NULL),(99,NULL,100,'2 VELLON SILICONADO NACIONAL 10KG',1.00,'8',44542.15,44542.15,0.00,0.00,0.00,2,9353.85,53896.00,'2023-08-27 19:42:58','2023-08-27 19:42:58',NULL,NULL);
INSERT INTO `fact_elec_receipt_details` VALUES (100,NULL,101,'2 VELLON SILICONADO NACIONAL 10KG',1.00,'8',44542.15,44542.15,0.00,0.00,0.00,2,9353.85,53896.00,'2023-08-27 19:43:01','2023-08-27 19:43:01',NULL,NULL),(101,NULL,102,'1 VELLON SILICONADO NACIONAL 10KG',1.00,'8',24275.21,24275.21,0.00,0.00,0.00,2,5097.79,29373.00,'2023-08-27 19:43:05','2023-08-27 19:43:05',NULL,NULL),(102,NULL,103,'1 TOPS DE LANAS x 1KG CRUDO',1.00,'8',5275.62,5275.62,0.00,0.00,0.00,2,1107.88,6383.50,'2023-08-27 19:43:08','2023-08-27 19:43:08',NULL,NULL),(103,NULL,104,'1 TOPS DE LANAS x 1KG CHOCOLATE',1.00,'8',5275.62,5275.62,0.00,0.00,0.00,2,1107.88,6383.50,'2023-08-27 19:43:11','2023-08-27 19:43:11',NULL,NULL),(104,NULL,105,'2 VELLON SILICONADO NACIONAL 10KG',1.00,'8',44545.45,44545.45,0.00,0.00,0.00,2,9354.54,53899.99,'2023-08-27 19:43:15','2023-08-27 19:43:15',NULL,NULL),(105,NULL,106,'1 VELLON SILICONADO NACIONAL 10KG',1.00,'8',24275.21,24275.21,0.00,0.00,0.00,2,5097.79,29373.00,'2023-08-27 19:43:19','2023-08-27 19:43:19',NULL,NULL),(106,NULL,107,'1 VELLON SILICONADO NACIONAL 10KG',1.00,'8',24275.21,24275.21,0.00,0.00,0.00,2,5097.79,29373.00,'2023-08-27 19:43:22','2023-08-27 19:43:22',NULL,NULL),(107,NULL,108,'1 VELLON SILICONADO NACIONAL 10KG',1.00,'8',24275.21,24275.21,0.00,0.00,0.00,2,5097.79,29373.00,'2023-08-27 19:43:25','2023-08-27 19:43:25',NULL,NULL),(108,NULL,109,'2 VELLON SILICONADO NACIONAL 10KG',1.00,'8',44542.15,44542.15,0.00,0.00,0.00,2,9353.85,53896.00,'2023-08-27 19:43:29','2023-08-27 19:43:29',NULL,NULL),(109,NULL,110,'1 VELLON SILICONADO NACIONAL 10KG',1.00,'8',24275.21,24275.21,0.00,0.00,0.00,2,5097.79,29373.00,'2023-08-27 19:43:32','2023-08-27 19:43:32',NULL,NULL),(110,NULL,111,'1 VELLON SILICONADO NACIONAL 10KG',1.00,'8',15170.25,15170.25,0.00,0.00,0.00,2,3185.75,18356.00,'2023-08-27 19:43:35','2023-08-27 19:43:35',NULL,NULL),(111,NULL,112,'1 VELLON SILICONADO NACIONAL 10KG',1.00,'8',20526.45,20526.45,0.00,0.00,0.00,2,4310.55,24837.00,'2023-08-27 19:43:38','2023-08-27 19:43:38',NULL,NULL),(112,NULL,113,'2 VELLON SILICONADO NACIONAL 10KG',1.00,'8',35059.50,35059.50,0.00,0.00,0.00,2,7362.49,42421.99,'2023-08-27 19:43:41','2023-08-27 19:43:41',NULL,NULL),(113,NULL,114,'1 VELLON SILICONADO NACIONAL 10KG',1.00,'8',23777.69,23777.69,0.00,0.00,0.00,2,4993.31,28771.00,'2023-08-27 19:43:44','2023-08-27 19:43:44',NULL,NULL),(114,NULL,115,'2 TOPS DE LANAS x 1KG CRUDO',1.00,'8',7149.59,7149.59,0.00,0.00,0.00,2,1501.41,8651.00,'2023-08-27 19:43:47','2023-08-27 19:43:47',NULL,NULL),(115,9362,116,'ENVIO',1.00,'8',867.77,867.77,0.00,0.00,0.00,2,182.23,1050.00,'2023-08-27 20:11:57','2023-08-27 20:11:57','',NULL),(116,9362,117,'GUATA X ROLLO CERRADO 100',1.00,'8',8517.35,8517.35,0.00,0.00,0.00,2,1788.64,10305.99,'2023-08-27 20:19:33','2023-08-27 20:19:33','',NULL),(117,9362,118,'1 VELLON SILICONADO IMPORTADO 10KG + envio',1.00,'8',16590.91,16590.91,0.00,0.00,0.00,2,3484.09,20075.00,'2023-08-27 22:28:18','2023-08-27 22:28:18',NULL,NULL),(118,9362,119,'10 RESMAS PUNAX A4 75 GRS',1.00,'8',16584.30,16584.30,0.00,0.00,0.00,2,3482.70,20067.00,'2023-08-27 22:28:23','2023-08-27 22:28:23',NULL,NULL),(119,9362,120,'1 VELLON SILICONADO IMPORTADO 10KG + envio',1.00,'8',16590.91,16590.91,0.00,0.00,0.00,2,3484.09,20075.00,'2023-08-27 22:28:26','2023-08-27 22:28:26',NULL,NULL),(120,9362,121,'4 VELLON SILICONADO NACIONAL 10KG',1.00,'8',55183.47,55183.47,0.00,0.00,0.00,2,11588.53,66772.00,'2023-08-27 22:28:30','2023-08-27 22:28:30',NULL,NULL),(121,9362,122,'1 Envio',1.00,'8',785.12,785.12,0.00,0.00,0.00,2,164.88,950.00,'2023-08-27 22:28:32','2023-08-27 22:28:32',NULL,NULL),(122,9362,123,'1 VELLON SILICONADO NACIONAL 10KG',1.00,'8',24275.21,24275.21,0.00,0.00,0.00,2,5097.79,29373.00,'2023-08-27 22:28:35','2023-08-27 22:28:35',NULL,NULL),(123,9362,124,'2 TOPS DE LANAS x 1KG CHOCOLATE / 1 TOPS DE LANAS x 1KG GRIS CLARO',1.00,'8',12504.96,12504.96,0.00,0.00,0.00,2,2626.04,15131.00,'2023-08-27 22:28:38','2023-08-27 22:28:38',NULL,NULL);
INSERT INTO `fact_elec_receipt_details` VALUES (124,9362,125,'2 GUATA X ROLLO CERRADO 150 y Envío',1.00,'8',29319.01,29319.01,0.00,0.00,0.00,2,6156.99,35476.00,'2023-08-27 22:28:41','2023-08-27 22:28:41',NULL,NULL),(125,9362,126,'1 VELLON SILICONADO NACIONAL 10KG',1.00,'8',24275.21,24275.21,0.00,0.00,0.00,2,5097.79,29373.00,'2023-08-27 22:28:45','2023-08-27 22:28:45',NULL,NULL),(126,9362,127,'1 VELLON SILICONADO NACIONAL 10KG / 10 RESMAS PUNAX A4 75 GRS',1.00,'8',47881.82,47881.82,0.00,0.00,0.00,2,10055.18,57937.00,'2023-08-27 22:28:48','2023-08-27 22:28:48',NULL,NULL),(127,9362,128,'VELLON SILICONADO NACIONAL\n10KG\n',1.00,'8',4596.90,4596.90,0.00,0.00,0.00,7,0.00,4596.90,'2023-08-27 22:32:11','2023-08-27 22:32:11','',NULL),(128,9362,129,'VELLON SILICONADO NACIONAL\n10KG',1.00,'8',4596.90,4596.90,0.00,0.00,0.00,7,0.00,4596.90,'2023-08-27 22:34:09','2023-08-27 22:34:09','',NULL),(129,9362,130,'1 VELLON SILICONADO NACIONAL\n10KG',1.00,'8',420.00,420.00,0.00,0.00,0.00,7,0.00,420.00,'2023-08-27 22:36:30','2023-08-27 22:36:30','',NULL),(130,9362,131,'VELLON SILICONADO NACIONAL 10KG',1.00,'8',22477.00,22477.00,0.00,0.00,0.00,2,4720.17,27197.17,'2023-08-28 15:30:05','2023-08-28 15:30:05','',NULL),(135,9362,136,'1 VELLON SILICONADO NACIONAL 10KG',1.00,'8',24275.21,24275.21,0.00,0.00,0.00,2,5097.79,29373.00,'2023-08-30 10:18:23','2023-08-30 10:18:23',NULL,NULL),(136,9362,137,'1 VELLON SILICONADO NACIONAL 10KG',1.00,'8',23820.66,23820.66,0.00,0.00,0.00,2,5002.34,28823.00,'2023-08-30 10:18:27','2023-08-30 10:18:27',NULL,NULL),(137,9362,138,'2 VELLON SILICONADO NACIONAL 10KG',1.00,'8',44542.15,44542.15,0.00,0.00,0.00,2,9353.85,53896.00,'2023-08-30 10:18:30','2023-08-30 10:18:30',NULL,NULL),(138,9362,139,'2 VELLON SILICONADO NACIONAL 10KG',1.00,'8',37125.62,37125.62,0.00,0.00,0.00,2,7796.38,44922.00,'2023-08-30 10:18:33','2023-08-30 10:18:33',NULL,NULL),(139,9362,140,'2 VELLON SILICONADO NACIONAL 10KG',1.00,'8',44542.15,44542.15,0.00,0.00,0.00,2,9353.85,53896.00,'2023-08-30 10:18:36','2023-08-30 10:18:36',NULL,NULL),(140,9362,141,'1 VELLON SILICONADO NACIONAL 10KG',1.00,'8',24275.21,24275.21,0.00,0.00,0.00,2,5097.79,29373.00,'2023-08-30 10:18:39','2023-08-30 10:18:39',NULL,NULL),(141,9362,142,'1 VELLON SILICONADO NACIONAL 10KG',1.00,'8',24275.21,24275.21,0.00,0.00,0.00,2,5097.79,29373.00,'2023-08-30 10:18:42','2023-08-30 10:18:42',NULL,NULL),(142,9362,143,'3 VELLON SILICONADO NACIONAL 10KG',1.00,'8',59185.12,59185.12,0.00,0.00,0.00,2,12428.88,71614.00,'2023-08-30 10:18:44','2023-08-30 10:18:44',NULL,NULL),(143,9362,144,'1 VELLON SILICONADO NACIONAL 10KG',1.00,'8',24275.21,24275.21,0.00,0.00,0.00,2,5097.79,29373.00,'2023-08-30 10:18:47','2023-08-30 10:18:47',NULL,NULL),(144,9362,145,'3 VELLON SILICONADO NACIONAL 10KG / ENVIO',1.00,'8',40907.44,40907.44,0.00,0.00,0.00,2,8590.56,49498.00,'2023-08-30 10:18:50','2023-08-30 10:18:50',NULL,NULL),(145,9362,146,'3 VELLON SILICONADO NACIONAL\n10KG / ENVIO',1.00,'8',49498.00,49498.00,0.00,0.00,0.00,7,0.00,49498.00,'2023-08-30 10:33:57','2023-08-30 10:33:57','',NULL),(146,9362,147,'2 TOPS DE LANAS x 1KG\nCHOCOLATE / 1 TOPS DE LANAS x\n1KG GRIS CLARO',1.00,'8',1650.00,1650.00,0.00,0.00,0.00,7,0.00,1650.00,'2023-08-30 10:36:17','2023-08-30 10:36:17','',NULL),(147,9362,148,'/ 10 RESMAS PUNAX A4 75\nGRS\n',1.00,'8',28564.00,28564.00,0.00,0.00,0.00,7,0.00,28564.00,'2023-08-30 10:38:08','2023-08-30 10:38:08','',NULL),(148,9362,149,'1 VELLON SILICONADO NACIONAL 10KG',1.00,'8',23305.00,23305.00,0.00,0.00,0.00,7,0.00,23305.00,'2023-08-30 11:00:38','2023-08-30 11:00:38','',NULL),(149,NULL,150,'2 VELLON SILICONADO NACIONAL 10KG',1.00,'8',44542.15,44542.15,0.00,0.00,0.00,2,9353.85,53896.00,'2023-09-10 21:55:20','2023-09-10 21:55:20',NULL,NULL),(150,NULL,151,'TOPS DE LANAS x 4KG CHOCOLATE / TOPS DE LANAS x 4KG GRIS OSCURO /  TOPS DE LANAS x 2KG CRUDO',1.00,'8',30485.95,30485.95,0.00,0.00,0.00,2,6402.05,36888.00,'2023-09-10 21:55:25','2023-09-10 21:55:25',NULL,NULL);
INSERT INTO `fact_elec_receipt_details` VALUES (151,NULL,152,'1 VELLON SILICONADO NACIONAL 10KG',1.00,'8',24275.21,24275.21,0.00,0.00,0.00,2,5097.79,29373.00,'2023-09-10 21:55:28','2023-09-10 21:55:28',NULL,NULL),(152,NULL,153,'2 VELLON SILICONADO NACIONAL 10KG',1.00,'8',44542.15,44542.15,0.00,0.00,0.00,2,9353.85,53896.00,'2023-09-10 21:55:31','2023-09-10 21:55:31',NULL,NULL),(153,NULL,154,'1 GUATA X ROLLO CERRADO 100',1.00,'8',15466.12,15466.12,0.00,0.00,0.00,2,3247.89,18714.01,'2023-09-10 21:55:34','2023-09-10 21:55:34',NULL,NULL),(154,NULL,155,'3 VELLON SILICONADO NACIONAL 10KG',1.00,'8',67661.16,67661.16,0.00,0.00,0.00,2,14208.84,81870.00,'2023-09-10 21:55:37','2023-09-10 21:55:37',NULL,NULL),(155,NULL,156,'2 VELLON SILICONADO NACIONAL 10KG',1.00,'8',44525.62,44525.62,0.00,0.00,0.00,2,9350.38,53876.00,'2023-09-10 21:55:40','2023-09-10 21:55:40',NULL,NULL),(156,NULL,157,'1 VELLON SILICONADO NACIONAL 10KG',1.00,'8',24275.21,24275.21,0.00,0.00,0.00,2,5097.79,29373.00,'2023-09-10 21:55:42','2023-09-10 21:55:42',NULL,NULL),(157,NULL,158,'2 VELLON SILICONADO NACIONAL 10KG',1.00,'8',44525.62,44525.62,0.00,0.00,0.00,2,9350.38,53876.00,'2023-09-10 21:55:45','2023-09-10 21:55:45',NULL,NULL),(158,NULL,159,'2 VELLON SILICONADO NACIONAL 10KG',1.00,'8',44525.62,44525.62,0.00,0.00,0.00,2,9350.38,53876.00,'2023-09-10 21:55:48','2023-09-10 21:55:48',NULL,NULL),(159,NULL,160,'1 VELLON SILICONADO NACIONAL 10KG',1.00,'8',24275.21,24275.21,0.00,0.00,0.00,2,5097.79,29373.00,'2023-09-10 21:55:51','2023-09-10 21:55:51',NULL,NULL),(160,NULL,161,'1 VELLON SILICONADO NACIONAL 10KG / 1 GUATA X ROLLO CERRADO 150',1.00,'8',38670.25,38670.25,0.00,0.00,0.00,2,8120.75,46791.00,'2023-09-10 21:55:55','2023-09-10 21:55:55',NULL,NULL),(161,NULL,162,'1 VELLON SILICONADO NACIONAL 10KG / 1 GUATA X ROLLO CERRADO 150',1.00,'8',38670.25,38670.25,0.00,0.00,0.00,2,8120.75,46791.00,'2023-09-10 21:55:58','2023-09-10 21:55:58',NULL,NULL),(162,NULL,163,'4 VELLON SILICONADO NACIONAL 10KG',1.00,'8',89084.30,89084.30,0.00,0.00,0.00,2,18707.70,107792.00,'2023-09-10 21:56:00','2023-09-10 21:56:00',NULL,NULL),(163,NULL,164,'2 VELLON SILICONADO NACIONAL 10KG',1.00,'8',40393.39,40393.39,0.00,0.00,0.00,2,8482.61,48876.00,'2023-09-10 21:56:03','2023-09-10 21:56:03',NULL,NULL),(164,NULL,165,'1 VELLON SILICONADO NACIONAL 10KG / ENVIO',1.00,'8',19650.41,19650.41,0.00,0.00,0.00,2,4126.59,23777.00,'2023-09-10 21:56:05','2023-09-10 21:56:05',NULL,NULL),(165,NULL,166,'TOPS DE LANAS x 1KG CRUDO',1.00,'8',9487.60,9487.60,0.00,0.00,0.00,2,1992.40,11480.00,'2023-09-10 21:56:08','2023-09-10 21:56:08',NULL,NULL),(166,NULL,167,'10 VELLON SILICONADO NACIONAL 10KG',1.00,'8',193702.48,193702.48,0.00,0.00,0.00,2,40677.52,234380.00,'2023-09-10 21:56:12','2023-09-10 21:56:12',NULL,NULL),(167,9206,168,'VELLON NACIONAL',2.00,'8',19680.16,39360.32,0.00,0.00,0.00,2,8265.67,47625.99,'2023-09-11 15:09:33','2023-09-11 15:09:33','',NULL),(170,9206,177,'velló',2.00,'8',17529.75,35059.50,0.00,0.00,0.00,2,7362.49,42421.99,'2023-09-15 10:08:55','2023-09-15 10:08:55','',NULL),(171,9206,178,'resmas autor',10.00,'8',2033.30,20333.00,0.00,0.00,0.00,2,4269.93,24602.93,'2023-09-19 17:57:17','2023-09-19 17:57:17','',NULL),(173,9206,180,'VELLON SILICONADO NACIONAL 10KG\n',1.00,'8',24275.20,24275.20,0.00,0.00,0.00,2,5097.79,29372.99,'2023-09-21 14:54:16','2023-09-21 14:54:16','',NULL),(174,9206,181,'Vellón Nacional 10 kilos',1.00,'8',20526.44,20526.44,0.00,0.00,0.00,2,4310.55,24836.99,'2023-09-21 15:17:48','2023-09-21 15:17:48','',NULL),(177,9206,184,'2 vellon',2.00,'8',22271.10,44542.20,0.00,0.00,0.00,2,9353.86,53896.06,'2023-09-21 15:38:15','2023-09-21 15:38:15','',NULL),(178,9206,185,'3 VELLON NACIONAL',3.00,'8',20045.45,60136.35,0.00,0.00,0.00,2,12628.63,72764.98,'2023-09-21 16:10:30','2023-09-21 16:10:30','',NULL),(179,9206,186,'1 VELLON',1.00,'8',24275.20,24275.20,0.00,0.00,0.00,2,5097.79,29372.99,'2023-09-21 16:11:48','2023-09-21 16:11:48','',NULL);
INSERT INTO `fact_elec_receipt_details` VALUES (180,9206,187,'1 VELLON',1.00,'8',24275.20,24275.20,0.00,0.00,0.00,2,5097.79,29372.99,'2023-09-21 16:13:03','2023-09-21 16:13:03','',NULL),(181,9206,188,'CANASTO',1.00,'8',3748.70,3748.70,0.00,0.00,0.00,2,787.23,4535.93,'2023-09-21 16:15:27','2023-09-21 16:15:27','',NULL),(182,9656,189,'vellon',1.00,'8',20526.44,20526.44,0.00,0.00,0.00,2,4310.55,24836.99,'2023-09-21 16:18:52','2023-09-21 16:18:52','',NULL),(183,9656,189,'canasto',1.00,'8',3748.70,3748.70,0.00,0.00,0.00,2,787.23,4535.93,'2023-09-21 16:18:52','2023-09-21 16:18:52','',NULL),(184,9656,190,'VELLON',10.00,'8',20527.27,205272.70,0.00,0.00,0.00,2,43107.27,248379.97,'2023-09-22 17:48:43','2023-09-22 17:48:43','',NULL),(185,9656,191,'VELLON',1.00,'8',24275.20,24275.20,0.00,0.00,0.00,2,5097.79,29372.99,'2023-09-25 11:41:53','2023-09-25 11:41:53','',NULL),(186,9656,192,'VELLON',1.00,'8',24275.20,24275.20,0.00,0.00,0.00,2,5097.79,29372.99,'2023-09-25 11:46:29','2023-09-25 11:46:29','',NULL),(187,9656,193,'VELLON',2.00,'8',22271.07,44542.14,0.00,0.00,0.00,2,9353.85,53895.99,'2023-09-25 12:00:43','2023-09-25 12:00:43','',NULL),(188,9656,194,'vellon de guata',5.00,'8',2809.91,14049.55,0.00,0.00,0.00,2,2950.41,16999.96,'2023-09-25 12:06:54','2023-09-25 12:06:54','',NULL),(189,9206,195,'VELLON NACIONA',1.00,'8',21395.86,21395.86,0.00,0.00,0.00,2,4493.13,25888.99,'2023-09-28 16:56:37','2023-09-28 16:56:37','',NULL),(190,9206,196,'VELLON X 10 KGS',1.00,'8',23160.33,23160.33,0.00,0.00,0.00,2,4863.67,28024.00,'2023-09-28 17:00:20','2023-09-28 17:00:20','',NULL),(191,NULL,197,'GUATA',1.00,'8',9866.12,9866.12,0.00,0.00,0.00,2,2071.89,11938.01,'2023-09-28 22:41:18','2023-09-28 22:41:18',NULL,NULL),(192,NULL,198,'2 VELLON',1.00,'8',36636.36,36636.36,0.00,0.00,0.00,2,7693.64,44330.00,'2023-09-28 22:41:23','2023-09-28 22:41:23',NULL,NULL),(193,NULL,199,'1 VELLON',1.00,'8',23160.33,23160.33,0.00,0.00,0.00,2,4863.67,28024.00,'2023-09-28 22:41:27','2023-09-28 22:41:27',NULL,NULL),(194,NULL,200,'1 CANASTO',1.00,'8',3748.76,3748.76,0.00,0.00,0.00,2,787.24,4536.00,'2023-09-28 22:41:31','2023-09-28 22:41:31',NULL,NULL),(195,NULL,201,'1 VELLON',1.00,'8',23160.33,23160.33,0.00,0.00,0.00,2,4863.67,28024.00,'2023-09-28 22:41:35','2023-09-28 22:41:35',NULL,NULL),(196,NULL,202,'RESMAS BOREAL A4 75 GRS',1.00,'8',160330.58,160330.58,0.00,0.00,0.00,2,33669.42,194000.00,'2023-09-28 22:41:40','2023-09-28 22:41:40',NULL,NULL),(197,NULL,203,'1 VELLON',1.00,'8',20526.45,20526.45,0.00,0.00,0.00,2,4310.55,24837.00,'2023-09-28 22:41:44','2023-09-28 22:41:44',NULL,NULL),(198,NULL,204,'1 VELLON',1.00,'8',17355.37,17355.37,0.00,0.00,0.00,2,3644.63,21000.00,'2023-09-28 22:41:48','2023-09-28 22:41:48',NULL,NULL),(199,NULL,205,'GUATA',1.00,'8',9866.12,9866.12,0.00,0.00,0.00,2,2071.89,11938.01,'2023-09-28 22:41:49','2023-09-28 22:41:49',NULL,NULL),(200,9206,207,'VELLON',10.00,'8',15861.15,158611.50,0.00,0.00,0.00,2,33308.42,191919.92,'2023-09-29 16:37:27','2023-09-29 16:37:27','',NULL),(201,9656,208,'guata',2.00,'8',14092.56,28185.12,0.00,0.00,0.00,2,5918.88,34104.00,'2023-10-03 14:44:20','2023-10-03 14:44:20','',NULL),(202,9656,209,'vellon',1.00,'8',42438.01,42438.01,0.00,0.00,0.00,2,8911.98,51349.99,'2023-10-03 14:48:59','2023-10-03 14:48:59','',NULL),(203,9656,210,'VELLON',1.00,'8',23160.33,23160.33,0.00,0.00,0.00,2,4863.67,28024.00,'2023-10-03 14:55:01','2023-10-03 14:55:01','',NULL),(204,9206,211,'VELLON NACIONAL',4.00,'8',21219.00,84876.00,0.00,0.00,0.00,2,17823.96,102699.96,'2023-10-03 22:44:31','2023-10-03 22:44:31','',NULL),(205,9206,212,'VELLON ',3.00,'8',19283.74,57851.22,0.00,0.00,0.00,2,12148.76,69999.98,'2023-10-03 22:58:27','2023-10-03 22:58:27','',NULL),(206,9206,213,'VELLON',1.00,'8',158611.79,158611.79,0.00,0.00,0.00,2,33308.48,191920.27,'2023-10-03 23:04:39','2023-10-03 23:04:39','',NULL),(207,9206,214,'VELLON',2.00,'8',21219.00,42438.00,0.00,0.00,0.00,2,8911.98,51349.98,'2023-10-03 23:06:51','2023-10-03 23:06:51','',NULL);
INSERT INTO `fact_elec_receipt_details` VALUES (208,9206,215,'VELLON',2.00,'8',21219.00,42438.00,0.00,0.00,0.00,2,8911.98,51349.98,'2023-10-03 23:09:11','2023-10-03 23:09:11','',NULL),(209,9206,216,'COPOS',1.00,'8',15352.00,15352.00,0.00,0.00,0.00,2,3223.92,18575.92,'2023-10-03 23:14:48','2023-10-03 23:14:48','',NULL),(210,9206,217,'vellon',1.00,'8',22500.00,22500.00,0.00,0.00,0.00,2,4725.00,27225.00,'2023-10-04 16:01:40','2023-10-04 16:01:40','',NULL),(211,9206,218,'Resma Autor A4 Multifunción De 500 Hojas De 75g Color Blanco Por Unidad',4.00,'8',2487.60,9950.40,0.00,0.00,0.00,2,2089.58,12039.98,'2023-10-06 12:03:45','2023-10-06 12:03:45','1',NULL),(212,9206,219,'Resma Boreal A4 Multifunción De 500 Hojas De 75g Color Blanco Por Unidad',4.00,'8',2388.43,9553.72,0.00,0.00,0.00,2,2006.28,11560.00,'2023-10-06 16:10:16','2023-10-06 16:10:16','BOREAL75GRS',NULL),(215,9656,222,'vellon',1.00,'8',19411.57,19411.57,0.00,0.00,0.00,2,4076.43,23488.00,'2023-10-10 13:45:18','2023-10-10 13:45:18','',NULL),(216,9656,223,'vellon',1.00,'8',19411.57,19411.57,0.00,0.00,0.00,2,4076.43,23488.00,'2023-10-10 13:51:49','2023-10-10 13:51:49','',NULL),(217,9656,224,'vellon',1.00,'8',19411.57,19411.57,0.00,0.00,0.00,2,4076.43,23488.00,'2023-10-10 13:56:27','2023-10-10 13:56:27','',NULL),(218,9656,224,'toallon 400 ',1.00,'8',5363.63,5363.63,0.00,0.00,0.00,2,1126.36,6489.99,'2023-10-10 13:56:27','2023-10-10 13:56:27','',NULL),(219,9656,225,'vellon',1.00,'8',19411.57,19411.57,0.00,0.00,0.00,2,4076.43,23488.00,'2023-10-10 14:04:53','2023-10-10 14:04:53','',NULL),(220,9656,226,'vellon',1.00,'8',19411.57,19411.57,0.00,0.00,0.00,2,4076.43,23488.00,'2023-10-10 14:13:07','2023-10-10 14:13:07','',NULL),(221,9656,227,'vellon',4.00,'8',36636.36,146545.44,0.00,0.00,0.00,2,30774.54,177319.98,'2023-10-10 14:19:32','2023-10-10 14:19:32','',NULL),(222,9656,228,'vellon 20kg',1.00,'8',36636.36,36636.36,0.00,0.00,0.00,2,7693.64,44330.00,'2023-10-10 14:32:42','2023-10-10 14:32:42','',NULL),(223,9656,228,'guata',1.00,'8',12218.18,12218.18,0.00,0.00,0.00,2,2565.82,14784.00,'2023-10-10 14:32:42','2023-10-10 14:32:42','',NULL),(224,9656,229,'vellon 20kg',1.00,'8',36636.36,36636.36,0.00,0.00,0.00,2,7693.64,44330.00,'2023-10-10 15:01:06','2023-10-10 15:01:06','',NULL),(225,9656,230,'vellon',1.00,'8',19411.57,19411.57,0.00,0.00,0.00,2,4076.43,23488.00,'2023-10-10 15:04:16','2023-10-10 15:04:16','',NULL),(226,9656,231,'toallon 400',1.00,'8',5363.63,5363.63,0.00,0.00,0.00,2,1126.36,6489.99,'2023-10-10 15:18:12','2023-10-10 15:18:12','',NULL),(227,9656,231,'guata',1.00,'8',11074.38,11074.38,0.00,0.00,0.00,2,2325.62,13400.00,'2023-10-10 15:18:12','2023-10-10 15:18:12','',NULL),(228,9656,231,'vellon',1.00,'8',19411.57,19411.57,0.00,0.00,0.00,2,4076.43,23488.00,'2023-10-10 15:18:12','2023-10-10 15:18:12','',NULL),(229,9656,232,'vellon',1.00,'8',19411.57,19411.57,0.00,0.00,0.00,2,4076.43,23488.00,'2023-10-10 15:24:23','2023-10-10 15:24:23','',NULL),(230,9656,233,'vellon',1.00,'8',19411.57,19411.57,0.00,0.00,0.00,2,4076.43,23488.00,'2023-10-10 15:28:13','2023-10-10 15:28:13','',NULL),(231,9656,233,'guata',1.00,'8',12218.18,12218.18,0.00,0.00,0.00,2,2565.82,14784.00,'2023-10-10 15:28:13','2023-10-10 15:28:13','',NULL),(232,9656,234,'vellon 20kg',1.00,'8',36636.36,36636.36,0.00,0.00,0.00,2,7693.64,44330.00,'2023-10-10 15:32:35','2023-10-10 15:32:35','',NULL),(233,9656,235,'vellon',1.00,'8',19411.57,19411.57,0.00,0.00,0.00,2,4076.43,23488.00,'2023-10-10 15:35:04','2023-10-10 15:35:04','',NULL),(234,9656,236,'guata',1.00,'8',12218.18,12218.18,0.00,0.00,0.00,2,2565.82,14784.00,'2023-10-10 15:39:24','2023-10-10 15:39:24','',NULL),(235,9656,237,'copos',1.00,'8',8836.36,8836.36,0.00,0.00,0.00,2,1855.64,10692.00,'2023-10-10 15:45:50','2023-10-10 15:45:50','',NULL),(236,9656,238,'toallon',2.00,'8',7181.81,14363.62,0.00,0.00,0.00,2,3016.36,17379.98,'2023-10-10 15:48:41','2023-10-10 15:48:41','',NULL),(237,9656,239,'vellon',1.00,'8',19411.57,19411.57,0.00,0.00,0.00,2,4076.43,23488.00,'2023-10-10 15:55:11','2023-10-10 15:55:11','',NULL);
INSERT INTO `fact_elec_receipt_details` VALUES (238,9656,240,'vellon',1.00,'8',19411.57,19411.57,0.00,0.00,0.00,2,4076.43,23488.00,'2023-10-10 16:00:28','2023-10-10 16:00:28','',NULL),(239,9656,240,'guata',2.00,'8',12218.18,24436.36,0.00,0.00,0.00,2,5131.64,29568.00,'2023-10-10 16:00:28','2023-10-10 16:00:28','',NULL),(240,9656,241,'vellon 20kg',2.00,'8',36636.36,73272.72,0.00,0.00,0.00,2,15387.27,88659.99,'2023-10-10 16:12:28','2023-10-10 16:12:28','',NULL),(241,9656,242,'vellon',1.00,'8',19411.57,19411.57,0.00,0.00,0.00,2,4076.43,23488.00,'2023-10-10 16:15:17','2023-10-10 16:15:17','',NULL),(242,9656,243,'vellon',1.00,'8',19411.57,19411.57,0.00,0.00,0.00,2,4076.43,23488.00,'2023-10-10 16:19:41','2023-10-10 16:19:41','',NULL),(243,9656,244,'VELLON 20',1.00,'8',36636.36,36636.36,0.00,0.00,0.00,2,7693.64,44330.00,'2023-10-11 13:00:13','2023-10-11 13:00:13','',NULL),(244,9656,245,'vellon 20kg',1.00,'8',36636.36,36636.36,0.00,0.00,0.00,2,7693.64,44330.00,'2023-10-11 13:12:40','2023-10-11 13:12:40','',NULL),(248,9656,249,'VELLON',1.00,'8',23160.33,23160.33,0.00,0.00,0.00,2,4863.67,28024.00,'2023-10-11 14:17:03','2023-10-11 14:17:03','',NULL),(249,9656,250,'vellon',1.00,'8',19411.57,19411.57,0.00,0.00,0.00,2,4076.43,23488.00,'2023-10-11 14:22:58','2023-10-11 14:22:58','',NULL),(250,9656,251,'VELLON',1.00,'8',19411.57,19411.57,0.00,0.00,0.00,2,4076.43,23488.00,'2023-10-11 14:43:25','2023-10-11 14:43:25','',NULL),(251,9656,252,'GUATA',1.00,'8',12218.18,12218.18,0.00,0.00,0.00,2,2565.82,14784.00,'2023-10-11 14:53:40','2023-10-11 14:53:40','',NULL),(252,9656,253,'VELLON',1.00,'8',19411.57,19411.57,0.00,0.00,0.00,2,4076.43,23488.00,'2023-10-11 16:49:14','2023-10-11 16:49:14','',NULL),(253,9656,253,'GUATA',1.00,'8',12218.18,12218.18,0.00,0.00,0.00,2,2565.82,14784.00,'2023-10-11 16:49:14','2023-10-11 16:49:14','',NULL),(254,9656,254,'VELLON 20KG',1.00,'8',36636.36,36636.36,0.00,0.00,0.00,2,7693.64,44330.00,'2023-10-11 16:52:46','2023-10-11 16:52:46','',NULL),(256,9656,256,'VELLON',1.00,'8',19411.57,19411.57,0.00,0.00,0.00,2,4076.43,23488.00,'2023-10-11 16:57:20','2023-10-11 16:57:20','',NULL),(257,9656,257,'CAJAS RESMAS',1.00,'8',20863.63,20863.63,0.00,0.00,0.00,2,4381.36,25244.99,'2023-10-11 17:04:57','2023-10-11 17:04:57','',NULL),(258,9656,258,'VELLON',1.00,'8',19411.57,19411.57,0.00,0.00,0.00,2,4076.43,23488.00,'2023-10-11 17:12:18','2023-10-11 17:12:18','',NULL),(259,9656,259,'VELLON',1.00,'8',19411.57,19411.57,0.00,0.00,0.00,2,4076.43,23488.00,'2023-10-11 17:16:25','2023-10-11 17:16:25','',NULL),(260,9656,260,'VELLON',1.00,'8',19411.57,19411.57,0.00,0.00,0.00,2,4076.43,23488.00,'2023-10-11 17:29:36','2023-10-11 17:29:36','',NULL),(261,9656,261,'LANA',1.00,'8',2673.55,2673.55,0.00,0.00,0.00,2,561.45,3235.00,'2023-10-13 12:07:05','2023-10-13 12:07:05','',NULL),(262,9656,262,'VELLON',1.00,'8',19411.57,19411.57,0.00,0.00,0.00,2,4076.43,23488.00,'2023-10-13 12:09:52','2023-10-13 12:09:52','',NULL),(263,9656,263,'VELLON 20KG',1.00,'8',36636.36,36636.36,0.00,0.00,0.00,2,7693.64,44330.00,'2023-10-13 12:15:23','2023-10-13 12:15:23','',NULL),(264,9656,264,'GUATA',1.00,'8',12218.18,12218.18,0.00,0.00,0.00,2,2565.82,14784.00,'2023-10-13 12:21:38','2023-10-13 12:21:38','',NULL),(266,9656,266,'VELLON',1.00,'8',36636.36,36636.36,0.00,0.00,0.00,2,7693.64,44330.00,'2023-10-13 12:25:24','2023-10-13 12:25:24','',NULL),(267,9656,267,'VELLON 20KG',1.00,'8',36636.36,36636.36,0.00,0.00,0.00,2,7693.64,44330.00,'2023-10-13 12:33:08','2023-10-13 12:33:08','',NULL),(268,9656,268,'VELLON 20KG',1.00,'8',36636.36,36636.36,0.00,0.00,0.00,2,7693.64,44330.00,'2023-10-13 12:36:12','2023-10-13 12:36:12','',NULL),(269,9656,268,'GUATA',1.00,'8',12218.18,12218.18,0.00,0.00,0.00,2,2565.82,14784.00,'2023-10-13 12:36:12','2023-10-13 12:36:12','',NULL),(270,9656,269,'VELLON 20 KG',1.00,'8',36636.36,36636.36,0.00,0.00,0.00,2,7693.64,44330.00,'2023-10-13 12:40:45','2023-10-13 12:40:45','',NULL),(271,9656,270,'VELLON',1.00,'8',19411.57,19411.57,0.00,0.00,0.00,2,4076.43,23488.00,'2023-10-13 14:57:08','2023-10-13 14:57:08','',NULL);
INSERT INTO `fact_elec_receipt_details` VALUES (272,9656,271,'VELLON',1.00,'8',19411.57,19411.57,0.00,0.00,0.00,2,4076.43,23488.00,'2023-10-13 15:00:08','2023-10-13 15:00:08','',NULL),(273,9656,272,'VELLON',1.00,'8',19411.57,19411.57,0.00,0.00,0.00,2,4076.43,23488.00,'2023-10-13 15:06:24','2023-10-13 15:06:24','',NULL),(274,9656,273,'GUATA',5.00,'8',12218.18,61090.90,0.00,0.00,0.00,2,12829.09,73919.99,'2023-10-13 15:10:08','2023-10-13 15:10:08','',NULL),(275,9656,274,'VELLON',1.00,'8',19411.57,19411.57,0.00,0.00,0.00,2,4076.43,23488.00,'2023-10-13 15:15:54','2023-10-13 15:15:54','',NULL),(276,9656,275,'VELLON',1.00,'8',19411.57,19411.57,0.00,0.00,0.00,2,4076.43,23488.00,'2023-10-13 15:18:21','2023-10-13 15:18:21','',NULL),(277,9656,276,'VELLON',1.00,'8',19411.57,19411.57,0.00,0.00,0.00,2,4076.43,23488.00,'2023-10-13 15:23:07','2023-10-13 15:23:07','',NULL),(278,9656,277,'GUATA',1.00,'8',12218.18,12218.18,0.00,0.00,0.00,2,2565.82,14784.00,'2023-10-13 15:24:59','2023-10-13 15:24:59','',NULL),(279,9656,278,'VELLON',1.00,'8',19411.57,19411.57,0.00,0.00,0.00,2,4076.43,23488.00,'2023-10-13 15:36:25','2023-10-13 15:36:25','',NULL),(280,9656,278,'GUATA',1.00,'8',12218.18,12218.18,0.00,0.00,0.00,2,2565.82,14784.00,'2023-10-13 15:36:25','2023-10-13 15:36:25','',NULL),(281,9656,279,'RESMAS X 10',1.00,'8',21436.36,21436.36,0.00,0.00,0.00,2,4501.64,25938.00,'2023-10-13 15:39:50','2023-10-13 15:39:50','',NULL),(282,9656,280,'GUATA',1.00,'8',12218.18,12218.18,0.00,0.00,0.00,2,2565.82,14784.00,'2023-10-13 15:42:07','2023-10-13 15:42:07','',NULL);

--
-- Table structure for table `fact_elec_receipts`
--

CREATE TABLE `fact_elec_receipts` (
  `id` int(10) unsigned NOT NULL AUTO_INCREMENT,
  `user_id` int(11) DEFAULT NULL,
  `fecha_comprobante` date NOT NULL,
  `fecha_facturado_desde` date DEFAULT NULL,
  `fecha_facturado_hasta` date DEFAULT NULL,
  `fecha_vencimiento_pago` date DEFAULT NULL,
  `concepto_id` int(10) unsigned NOT NULL,
  `punto_venta_id` int(10) unsigned NOT NULL,
  `tipo_comprobante_id` int(10) unsigned NOT NULL,
  `condiciones_venta` varchar(180) COLLATE utf8mb4_unicode_ci NOT NULL,
  `comprobante_asoc` longtext COLLATE utf8mb4_unicode_ci,
  `created_at` timestamp NULL DEFAULT NULL,
  `updated_at` timestamp NULL DEFAULT NULL,
  `cae` varchar(180) COLLATE utf8mb4_unicode_ci DEFAULT NULL,
  `cae_vencimiento` date DEFAULT NULL,
  `nro_comprobante_afip` varchar(191) COLLATE utf8mb4_unicode_ci DEFAULT NULL,
  `fecha_proceso_afip` varchar(191) COLLATE utf8mb4_unicode_ci DEFAULT NULL,
  `person_id` int(10) unsigned NOT NULL,
  `person_id_receptor` int(10) unsigned NOT NULL,
  `condicion_venta_id` int(11) DEFAULT NULL,
  `cond_frente_iva_id` int(10) unsigned NOT NULL DEFAULT '1',
  `cbu` varchar(191) COLLATE utf8mb4_unicode_ci DEFAULT NULL,
  `opcion_transferencia` longtext COLLATE utf8mb4_unicode_ci,
  `referencia` text COLLATE utf8mb4_unicode_ci,
  `alias_cbu` varchar(191) COLLATE utf8mb4_unicode_ci DEFAULT NULL,
  `total_otros_tributos` decimal(16,2) DEFAULT '0.00',
  `total` decimal(16,2) NOT NULL DEFAULT '0.00',
  `moneda_id` int(10) unsigned NOT NULL DEFAULT '1',
  `cotizacion` decimal(9,2) NOT NULL DEFAULT '1.00',
  `deleted_at` timestamp NULL DEFAULT NULL,
  PRIMARY KEY (`id`),
  KEY `fact_elec_receipts_user_id_foreign` (`user_id`),
  KEY `fact_elec_receipts_punto_venta_id_foreign` (`punto_venta_id`),
  KEY `fact_elec_receipts_tipo_comprobante_id_foreign` (`tipo_comprobante_id`),
  KEY `fact_elec_receipts_person_id_foreign` (`person_id`),
  KEY `fact_elec_receipts_person_id_receptor_foreign` (`person_id_receptor`),
  KEY `fact_elec_receipts_cond_frente_iva_id_foreign` (`cond_frente_iva_id`),
  KEY `fact_elec_receipts_moneda_id_foreign` (`moneda_id`),
  CONSTRAINT `fact_elec_receipts_cond_frente_iva_id_foreign` FOREIGN KEY (`cond_frente_iva_id`) REFERENCES `condicion_frente_al_iva` (`id`),
  CONSTRAINT `fact_elec_receipts_moneda_id_foreign` FOREIGN KEY (`moneda_id`) REFERENCES `monedas` (`id`),
  CONSTRAINT `fact_elec_receipts_person_id_foreign` FOREIGN KEY (`person_id`) REFERENCES `persons` (`id`),
  CONSTRAINT `fact_elec_receipts_person_id_receptor_foreign` FOREIGN KEY (`person_id_receptor`) REFERENCES `persons` (`id`),
  CONSTRAINT `fact_elec_receipts_punto_venta_id_foreign` FOREIGN KEY (`punto_venta_id`) REFERENCES `fact_elec_puntos_venta` (`id`),
  CONSTRAINT `fact_elec_receipts_tipo_comprobante_id_foreign` FOREIGN KEY (`tipo_comprobante_id`) REFERENCES `receipt_types` (`id`)
) ENGINE=InnoDB AUTO_INCREMENT=281 DEFAULT CHARSET=utf8mb4 COLLATE=utf8mb4_unicode_ci;

--
-- Dumping data for table `fact_elec_receipts`
--

INSERT INTO `fact_elec_receipts` VALUES (1,9206,'2023-07-21','2023-07-21','2023-07-21','2023-07-21',2,5,4,'','{\"Tipo\":null,\"PtoVta\":null,\"Nro\":null,\"CbteFch\":\"07-21-2023\",\"anula_comp_rechazado\":\"N\"}','2023-07-21 17:48:18','2023-07-21 17:48:21','73296292491663','2023-07-31','1','2023-07-31',40815,40821,7,5,NULL,NULL,NULL,NULL,0.00,21901.00,1,272.00,NULL),(2,9206,'2023-07-21','2023-07-21','2023-07-21','2023-07-21',1,5,4,'','{\"Tipo\":null,\"PtoVta\":null,\"Nro\":null,\"CbteFch\":\"07-21-2023\",\"anula_comp_rechazado\":\"N\"}','2023-07-21 18:13:38','2023-07-21 18:13:40','73296296328098','2023-07-31','2','2023-07-31',40815,40823,4,1,NULL,NULL,NULL,NULL,0.00,26024.99,1,272.00,NULL),(3,9206,'2023-07-24','2023-07-24','2023-07-24','2023-07-24',1,5,4,'',NULL,'2023-07-24 15:31:55','2023-07-24 15:31:58','73306556008276','2023-08-03','3','2023-08-03',40815,40828,4,5,NULL,NULL,NULL,NULL,0.00,31931.90,1,273.00,NULL),(4,9206,'2023-07-24','2023-07-24','2023-07-24','2023-07-24',1,5,4,'',NULL,'2023-07-24 15:32:00','2023-07-24 15:32:01','73306556013960','2023-08-03','4','2023-08-03',40815,40829,4,5,NULL,NULL,NULL,NULL,0.00,22929.50,1,273.00,NULL),(5,9362,'2023-07-25','2023-07-25','2023-07-25','2023-07-31',1,5,4,'',NULL,'2023-07-25 11:39:52','2023-07-25 11:39:55','73306638460987','2023-08-04','5','2023-08-04',40815,40830,4,5,NULL,NULL,NULL,NULL,0.00,20856.77,1,274.00,NULL),(6,9362,'2023-07-25','2023-07-25','2023-07-25','2023-07-31',1,5,4,'',NULL,'2023-07-25 11:39:56','2023-07-25 11:39:57','73306638466747','2023-08-04','6','2023-08-04',40815,40831,4,5,NULL,NULL,NULL,NULL,0.00,64623.68,1,274.00,NULL),(7,9362,'2023-07-25','2023-07-25','2023-07-25','2023-07-31',1,5,4,'',NULL,'2023-07-25 11:39:59','2023-07-25 11:40:00','73306638476127','2023-08-04','7','2023-08-04',40815,40832,4,5,NULL,NULL,NULL,NULL,0.00,40422.47,1,274.00,NULL),(8,9362,'2023-07-25','2023-07-25','2023-07-25','2023-07-31',1,5,4,'',NULL,'2023-07-25 11:40:02','2023-07-25 11:40:03','73306638483871','2023-08-04','8','2023-08-04',40815,40833,4,5,NULL,NULL,NULL,NULL,0.00,21598.50,1,274.00,NULL),(9,9362,'2023-07-25','2023-07-25','2023-07-25','2023-07-31',1,5,4,'',NULL,'2023-07-25 11:40:04','2023-07-25 11:40:05','73306638490083','2023-08-04','9','2023-08-04',40815,40834,4,1,NULL,NULL,NULL,NULL,0.00,108857.65,1,274.00,NULL),(10,9362,'2023-07-25','2023-07-25','2023-07-25','2023-07-31',1,5,4,'',NULL,'2023-07-25 11:40:08','2023-07-25 11:40:08','73306638499082','2023-08-04','10','2023-08-04',40815,40835,4,5,NULL,NULL,NULL,NULL,0.00,74892.95,1,274.00,NULL),(11,9362,'2023-07-25','2023-07-25','2023-07-25','2023-07-31',1,5,4,'',NULL,'2023-07-25 11:40:11','2023-07-25 11:40:12','73306638507938','2023-08-04','11','2023-08-04',40815,40836,4,5,NULL,NULL,NULL,NULL,0.00,10769.00,1,274.00,NULL),(12,9362,'2023-07-25','2023-07-25','2023-07-25','2023-07-31',1,5,4,'',NULL,'2023-07-25 11:40:15','2023-07-25 11:40:16','73306638518204','2023-08-04','12','2023-08-04',40815,40837,4,5,NULL,NULL,NULL,NULL,0.00,28707.25,1,274.00,NULL),(13,9362,'2023-07-25','2023-07-25','2023-07-25','2023-07-31',1,5,4,'',NULL,'2023-07-25 11:40:18','2023-07-25 11:40:19','73306638526682','2023-08-04','13','2023-08-04',40815,40838,4,5,NULL,NULL,NULL,NULL,0.00,28707.25,1,274.00,NULL),(14,9362,'2023-07-25','2023-07-25','2023-07-25','2023-07-31',1,5,4,'',NULL,'2023-07-25 11:40:21','2023-07-25 11:40:22','73306638535765','2023-08-04','14','2023-08-04',40815,40839,4,5,NULL,NULL,NULL,NULL,0.00,49368.00,1,274.00,NULL),(15,9362,'2023-07-25','2023-07-25','2023-07-25','2023-07-31',1,5,4,'',NULL,'2023-07-25 11:40:25','2023-07-25 11:40:26','73306638544039','2023-08-04','15','2023-08-04',40815,40840,4,5,NULL,NULL,NULL,NULL,0.00,26486.90,1,274.00,NULL),(16,9362,'2023-07-25','2023-07-25','2023-07-25','2023-07-31',1,5,4,'',NULL,'2023-07-25 11:40:28','2023-07-25 11:40:29','73306638551801','2023-08-04','16','2023-08-04',40815,40841,4,5,NULL,NULL,NULL,NULL,0.00,26486.90,1,274.00,NULL);
INSERT INTO `fact_elec_receipts` VALUES (17,9362,'2023-07-25','2023-07-25','2023-07-25','2023-07-31',1,5,1,'',NULL,'2023-07-25 11:40:31','2023-07-25 11:40:32','73306638559003','2023-08-04','1','2023-08-04',40815,40842,4,1,NULL,NULL,NULL,NULL,0.00,124980.90,1,274.00,NULL),(18,9362,'2023-07-25','2023-07-25','2023-07-25','2023-07-31',1,5,4,'',NULL,'2023-07-25 11:40:34','2023-07-25 11:40:34','73306638566155','2023-08-04','17','2023-08-04',40815,40843,4,5,NULL,NULL,NULL,NULL,0.00,21740.07,1,274.00,NULL),(19,9362,'2023-07-25','2023-07-25','2023-07-25','2023-07-31',1,5,4,'',NULL,'2023-07-25 11:40:37','2023-07-25 11:40:38','73306638574737','2023-08-04','18','2023-08-04',40815,40844,4,5,NULL,NULL,NULL,NULL,0.00,43480.14,1,274.00,NULL),(20,9362,'2023-07-25','2023-07-25','2023-07-25','2023-07-31',1,5,4,'',NULL,'2023-07-25 11:40:40','2023-07-25 11:40:41','73306638582644','2023-08-04','19','2023-08-04',40815,40845,4,5,NULL,NULL,NULL,NULL,0.00,49588.22,1,274.00,NULL),(21,9362,'2023-07-25','2023-07-25','2023-07-25','2023-07-31',1,5,4,'',NULL,'2023-07-25 11:40:43','2023-07-25 11:40:44','73306638589332','2023-08-04','20','2023-08-04',40815,40846,4,5,NULL,NULL,NULL,NULL,0.00,21740.07,1,274.00,NULL),(22,9362,'2023-07-25','2023-07-25','2023-07-25','2023-07-31',1,5,4,'',NULL,'2023-07-25 11:40:46','2023-07-25 11:40:47','73306638598164','2023-08-04','21','2023-08-04',40815,40847,4,5,NULL,NULL,NULL,NULL,0.00,108700.35,1,274.00,NULL),(23,9362,'2023-07-25','2023-07-25','2023-07-25','2023-07-31',1,5,4,'',NULL,'2023-07-25 11:40:49','2023-07-25 11:40:50','73306638606594','2023-08-04','22','2023-08-04',40815,40848,4,5,NULL,NULL,NULL,NULL,0.00,28566.89,1,274.00,NULL),(24,9362,'2023-07-25','2023-07-25','2023-07-25','2023-07-31',1,5,4,'',NULL,'2023-07-25 11:40:53','2023-07-25 11:40:53','73306638616505','2023-08-04','23','2023-08-04',40815,40849,4,5,NULL,NULL,NULL,NULL,0.00,89177.00,1,274.00,NULL),(25,9362,'2023-07-25','2023-07-25','2023-07-25','2023-07-31',1,5,1,'',NULL,'2023-07-25 11:40:55','2023-07-25 11:40:56','73306638624572','2023-08-04','2','2023-08-04',40815,40850,4,1,NULL,NULL,NULL,NULL,0.00,48929.98,1,274.00,NULL),(26,9362,'2023-08-03','2023-08-03','2023-08-03','2023-08-04',1,5,1,'',NULL,'2023-08-03 17:49:29','2023-08-03 17:49:32','73316746006319','2023-08-13','3','2023-08-13',40815,40857,4,1,NULL,NULL,NULL,NULL,0.00,40656.00,1,280.00,NULL),(27,9362,'2023-08-03','2023-08-03','2023-08-03','2023-08-04',1,5,1,'',NULL,'2023-08-03 17:49:34','2023-08-03 17:49:35','73316746013301','2023-08-13','4','2023-08-13',40815,40858,4,1,NULL,NULL,NULL,NULL,0.00,40150.99,1,280.00,NULL),(28,9362,'2023-08-04','2023-08-04','2023-08-04','2023-08-05',1,5,1,'',NULL,'2023-08-04 11:12:59','2023-08-04 11:13:02','73316810286661','2023-08-14','5','2023-08-14',40815,40857,4,1,NULL,NULL,NULL,NULL,0.00,36851.76,1,281.00,NULL),(29,9362,'2023-08-07','2023-08-08','2023-08-08','2023-08-09',1,5,1,'',NULL,'2023-08-08 18:06:22','2023-08-08 18:06:24','73326278854392','2023-08-17','6','2023-08-17',40815,40899,4,6,NULL,NULL,NULL,NULL,0.00,74243.80,1,285.00,NULL),(30,9362,'2023-08-07','2023-08-08','2023-08-08','2023-08-09',1,5,1,'',NULL,'2023-08-08 18:06:26','2023-08-08 18:06:27','73326278860338','2023-08-17','7','2023-08-17',40815,40850,4,3,NULL,NULL,NULL,NULL,0.00,40150.99,1,285.00,NULL),(31,NULL,'2023-08-09','2023-08-08','2023-08-11','2023-08-11',1,5,1,'',NULL,'2023-08-11 07:43:20','2023-08-11 07:43:23','73326550696587','2023-08-19','8','2023-08-19',40815,40899,4,1,NULL,NULL,NULL,NULL,0.00,74243.80,1,289.00,NULL),(32,NULL,'2023-08-09','2023-08-08','2023-08-11','2023-08-11',1,5,1,'',NULL,'2023-08-11 07:43:24','2023-08-11 07:43:25','73326550697839','2023-08-19','9','2023-08-19',40815,40850,4,1,NULL,NULL,NULL,NULL,0.00,40150.99,1,289.00,NULL),(33,NULL,'2023-08-09','2023-08-08','2023-08-11','2023-08-11',1,5,1,'',NULL,'2023-08-11 07:43:27','2023-08-11 07:43:27','73326550698563','2023-08-19','10','2023-08-19',40815,40924,4,1,NULL,NULL,NULL,NULL,0.00,43674.01,1,289.00,NULL);
INSERT INTO `fact_elec_receipts` VALUES (34,NULL,'2023-08-09','2023-08-08','2023-08-11','2023-08-11',1,5,1,'',NULL,'2023-08-11 07:43:29','2023-08-11 07:43:30','73326550700015','2023-08-19','11','2023-08-19',40815,40831,4,1,NULL,NULL,NULL,NULL,0.00,37245.00,1,289.00,NULL),(35,NULL,'2023-08-09','2023-08-08','2023-08-11','2023-08-11',1,5,1,'',NULL,'2023-08-11 07:43:32','2023-08-11 07:43:33','73326550701469','2023-08-19','12','2023-08-19',40815,40831,4,1,NULL,NULL,NULL,NULL,0.00,200370.00,1,289.00,NULL),(36,NULL,'2023-08-09','2023-08-08','2023-08-11','2023-08-11',1,5,4,'',NULL,'2023-08-11 07:43:34','2023-08-11 07:43:35','73326550702431','2023-08-19','24','2023-08-19',40815,40925,4,5,NULL,NULL,NULL,NULL,0.00,39886.00,1,289.00,NULL),(37,NULL,'2023-08-09','2023-08-08','2023-08-11','2023-08-11',1,5,4,'',NULL,'2023-08-11 07:43:37','2023-08-11 07:43:37','73326550703458','2023-08-19','25','2023-08-19',40815,40926,4,5,NULL,NULL,NULL,NULL,0.00,39886.00,1,289.00,NULL),(38,NULL,'2023-08-09','2023-08-08','2023-08-11','2023-08-11',1,5,4,'',NULL,'2023-08-11 07:43:39','2023-08-11 07:43:39','73326550705447','2023-08-19','26','2023-08-19',40815,40927,4,5,NULL,NULL,NULL,NULL,0.00,41658.00,1,289.00,NULL),(39,NULL,'2023-08-09','2023-08-08','2023-08-11','2023-08-11',1,5,4,'',NULL,'2023-08-11 07:43:41','2023-08-11 07:43:42','73326550708657','2023-08-19','27','2023-08-19',40815,40928,4,5,NULL,NULL,NULL,NULL,0.00,23725.00,1,289.00,NULL),(40,NULL,'2023-08-09','2023-08-08','2023-08-11','2023-08-11',1,5,4,'',NULL,'2023-08-11 07:43:43','2023-08-11 07:43:43','73326550710000','2023-08-19','28','2023-08-19',40815,40929,4,5,NULL,NULL,NULL,NULL,0.00,21890.00,1,289.00,NULL),(41,NULL,'2023-08-09','2023-08-08','2023-08-11','2023-08-11',1,5,4,'',NULL,'2023-08-11 07:43:45','2023-08-11 07:43:46','73326550712793','2023-08-19','29','2023-08-19',40815,40930,4,5,NULL,NULL,NULL,NULL,0.00,54938.01,1,289.00,NULL),(42,NULL,'2023-08-09','2023-08-08','2023-08-11','2023-08-11',1,5,4,'',NULL,'2023-08-11 07:43:47','2023-08-11 07:43:48','73326550714415','2023-08-19','30','2023-08-19',40815,40931,4,5,NULL,NULL,NULL,NULL,0.00,23725.00,1,289.00,NULL),(43,NULL,'2023-08-09','2023-08-08','2023-08-11','2023-08-11',1,5,1,'',NULL,'2023-08-11 07:43:49','2023-08-11 07:43:50','73326550717387','2023-08-19','13','2023-08-19',40815,40932,4,1,NULL,NULL,NULL,NULL,0.00,39886.00,1,289.00,NULL),(44,NULL,'2023-08-09','2023-08-08','2023-08-11','2023-08-11',1,5,4,'',NULL,'2023-08-11 07:43:51','2023-08-11 07:43:52','73326550719216','2023-08-19','31','2023-08-19',40815,40933,4,5,NULL,NULL,NULL,NULL,0.00,39586.00,1,289.00,NULL),(45,NULL,'2023-08-09','2023-08-08','2023-08-11','2023-08-11',1,5,4,'',NULL,'2023-08-11 07:43:53','2023-08-11 07:43:54','73326550721321','2023-08-19','32','2023-08-19',40815,40934,4,5,NULL,NULL,NULL,NULL,0.00,21890.00,1,289.00,NULL),(46,NULL,'2023-08-09','2023-08-08','2023-08-11','2023-08-11',1,5,4,'',NULL,'2023-08-11 07:43:55','2023-08-11 07:43:56','73326550723983','2023-08-19','33','2023-08-19',40815,40935,4,5,NULL,NULL,NULL,NULL,0.00,19254.00,1,289.00,NULL),(47,NULL,'2023-08-09','2023-08-08','2023-08-11','2023-08-11',1,5,4,'',NULL,'2023-08-11 07:43:58','2023-08-11 07:43:59','73326550727076','2023-08-19','34','2023-08-19',40815,40936,4,5,NULL,NULL,NULL,NULL,0.00,13518.00,1,289.00,NULL),(48,NULL,'2023-08-09','2023-08-08','2023-08-11','2023-08-11',1,5,4,'',NULL,'2023-08-11 07:44:00','2023-08-11 07:44:02','73326550730844','2023-08-19','35','2023-08-19',40815,40937,4,5,NULL,NULL,NULL,NULL,0.00,21890.00,1,289.00,NULL),(49,NULL,'2023-08-09','2023-08-08','2023-08-11','2023-08-11',1,5,4,'',NULL,'2023-08-11 07:44:03','2023-08-11 07:44:04','73326550733318','2023-08-19','36','2023-08-19',40815,40938,4,5,NULL,NULL,NULL,NULL,0.00,23725.00,1,289.00,NULL),(50,NULL,'2023-08-09','2023-08-08','2023-08-11','2023-08-11',1,5,4,'',NULL,'2023-08-11 07:44:06','2023-08-11 07:44:07','73326550736840','2023-08-19','37','2023-08-19',40815,40939,4,5,NULL,NULL,NULL,NULL,0.00,23305.00,1,289.00,NULL);
INSERT INTO `fact_elec_receipts` VALUES (51,NULL,'2023-08-09','2023-08-08','2023-08-11','2023-08-11',1,5,4,'',NULL,'2023-08-11 07:44:08','2023-08-11 07:44:09','73326550739034','2023-08-19','38','2023-08-19',40815,40940,4,5,NULL,NULL,NULL,NULL,0.00,39884.00,1,289.00,NULL),(52,NULL,'2023-08-09','2023-08-08','2023-08-11','2023-08-11',1,5,4,'',NULL,'2023-08-11 07:44:10','2023-08-11 07:44:11','73326550741238','2023-08-19','39','2023-08-19',40815,40941,4,5,NULL,NULL,NULL,NULL,0.00,36448.00,1,289.00,NULL),(53,NULL,'2023-08-09','2023-08-08','2023-08-11','2023-08-11',1,5,4,'',NULL,'2023-08-11 07:44:12','2023-08-11 07:44:13','73326550744231','2023-08-19','40','2023-08-19',40815,40942,4,5,NULL,NULL,NULL,NULL,0.00,25287.00,1,289.00,NULL),(54,NULL,'2023-08-09','2023-08-08','2023-08-11','2023-08-11',1,5,4,'',NULL,'2023-08-11 07:44:14','2023-08-11 07:44:15','73326550746660','2023-08-19','41','2023-08-19',40815,40943,4,5,NULL,NULL,NULL,NULL,0.00,25287.00,1,289.00,NULL),(55,NULL,'2023-08-09','2023-08-08','2023-08-11','2023-08-11',1,5,4,'',NULL,'2023-08-11 07:44:17','2023-08-11 07:44:18','73326550749210','2023-08-19','42','2023-08-19',40815,40944,4,5,NULL,NULL,NULL,NULL,0.00,25287.00,1,289.00,NULL),(56,NULL,'2023-08-09','2023-08-08','2023-08-11','2023-08-11',1,5,4,'',NULL,'2023-08-11 07:44:19','2023-08-11 07:44:20','73326550752504','2023-08-19','43','2023-08-19',40815,40945,4,5,NULL,NULL,NULL,NULL,0.00,42558.00,1,289.00,NULL),(57,NULL,'2023-08-09','2023-08-08','2023-08-11','2023-08-11',1,5,4,'',NULL,'2023-08-11 07:44:21','2023-08-11 07:44:22','73326550754802','2023-08-19','44','2023-08-19',40815,40946,4,5,NULL,NULL,NULL,NULL,0.00,23305.00,1,289.00,NULL),(58,NULL,'2023-08-09','2023-08-08','2023-08-11','2023-08-11',1,5,4,'',NULL,'2023-08-11 07:44:24','2023-08-11 07:44:25','73326550757478','2023-08-19','45','2023-08-19',40815,40947,4,5,NULL,NULL,NULL,NULL,0.00,25287.00,1,289.00,NULL),(59,9362,'2023-08-14','2023-08-14','2023-08-14','2023-08-18',1,5,4,'',NULL,'2023-08-16 10:48:11','2023-08-16 10:48:14','73336056540562','2023-08-24','46','2023-08-24',40815,40950,4,5,NULL,NULL,NULL,NULL,0.00,43703.57,1,357.00,NULL),(60,9362,'2023-08-14','2023-08-14','2023-08-14','2023-08-18',1,5,4,'',NULL,'2023-08-16 10:48:15','2023-08-16 10:48:16','73336056545630','2023-08-24','47','2023-08-24',40815,40951,4,5,NULL,NULL,NULL,NULL,0.00,19675.89,1,357.00,NULL),(61,9362,'2023-08-14','2023-08-14','2023-08-14','2023-08-18',1,5,4,'',NULL,'2023-08-16 10:48:18','2023-08-16 10:48:18',NULL,NULL,NULL,NULL,40815,40952,4,5,NULL,NULL,NULL,NULL,0.00,7724.11,1,357.00,'2023-08-16 10:48:18'),(62,9362,'2023-08-14','2023-08-14','2023-08-14','2023-08-14',1,5,4,'',NULL,'2023-08-18 10:56:04','2023-08-18 10:56:07','73336269252973','2023-08-24','48','2023-08-24',40815,40950,4,5,NULL,NULL,NULL,NULL,0.00,36300.00,1,357.00,NULL),(63,9362,'2023-08-14','2023-08-14','2023-08-14','2023-08-14',1,5,4,'',NULL,'2023-08-18 10:56:10','2023-08-18 10:56:11','73336269260775','2023-08-24','49','2023-08-24',40815,40951,4,5,NULL,NULL,NULL,NULL,0.00,22037.00,1,357.00,NULL),(64,9362,'2023-08-14','2023-08-14','2023-08-14','2023-08-14',1,5,4,'',NULL,'2023-08-18 10:56:13','2023-08-18 10:56:14','73336269268215','2023-08-24','50','2023-08-24',40815,40953,4,5,NULL,NULL,NULL,NULL,0.00,39884.00,1,357.00,NULL),(65,9362,'2023-08-14','2023-08-14','2023-08-14','2023-08-14',1,5,4,'',NULL,'2023-08-18 10:56:16','2023-08-18 10:56:17','73336269276208','2023-08-24','51','2023-08-24',40815,40954,4,5,NULL,NULL,NULL,NULL,0.00,46383.99,1,357.00,NULL),(66,9362,'2023-08-14','2023-08-14','2023-08-14','2023-08-14',1,5,4,'',NULL,'2023-08-18 10:56:19','2023-08-18 10:56:20','73336269283936','2023-08-24','52','2023-08-24',40815,40955,4,5,NULL,NULL,NULL,NULL,0.00,46383.99,1,357.00,NULL),(67,9362,'2023-08-14','2023-08-14','2023-08-14','2023-08-14',1,5,4,'',NULL,'2023-08-18 10:56:22','2023-08-18 10:56:23','73336269292519','2023-08-24','53','2023-08-24',40815,40956,4,5,NULL,NULL,NULL,NULL,0.00,25287.00,1,357.00,NULL);
INSERT INTO `fact_elec_receipts` VALUES (68,9362,'2023-08-23','2023-08-23','2023-08-23','2023-08-23',1,5,1,'',NULL,'2023-08-23 15:21:02','2023-08-23 15:21:05','73346791426401','2023-09-02','14','2023-09-02',40815,40857,4,1,NULL,NULL,NULL,NULL,0.00,61880.00,1,357.00,NULL),(69,9362,'2023-08-21','2023-08-21','2023-08-21','2023-08-25',1,5,6,'','{\"Tipo\":{\"id\":4,\"user_id\":null,\"created_at\":null,\"updated_at\":\"2023-02-16T11:52:52.000000Z\",\"name\":\"Factura B\",\"code\":\"6\",\"credit\":0,\"agroup_iva_module\":2,\"sell_no_taxabled\":0,\"buy_no_taxabled\":1,\"iva_condition_id\":2,\"is_fce_pyme\":0,\"afip_comprobante_id\":6,\"tipo\":\"Factura\",\"letra\":\"B\",\"facta_electronica\":1,\"is_stock_lpg\":0,\"show_from_total\":1,\"deleted_at\":null},\"PtoVta\":\"5\",\"Nro\":\"47\",\"CbteFch\":\"08-14-2023\",\"anula_comp_rechazado\":\"N\"}','2023-08-25 11:23:16','2023-08-25 11:23:19','73346983073510','2023-08-31','1','2023-08-31',40815,40951,4,5,NULL,NULL,NULL,NULL,0.00,19675.89,1,357.00,NULL),(70,9362,'2023-08-21','2023-08-21','2023-08-21','2023-08-21',1,5,6,'','{\"Tipo\":{\"id\":4,\"user_id\":null,\"created_at\":null,\"updated_at\":\"2023-02-16T11:52:52.000000Z\",\"name\":\"Factura B\",\"code\":\"6\",\"credit\":0,\"agroup_iva_module\":2,\"sell_no_taxabled\":0,\"buy_no_taxabled\":1,\"iva_condition_id\":2,\"is_fce_pyme\":0,\"afip_comprobante_id\":6,\"tipo\":\"Factura\",\"letra\":\"B\",\"facta_electronica\":1,\"is_stock_lpg\":0,\"show_from_total\":1,\"deleted_at\":null},\"PtoVta\":\"5\",\"Nro\":\"13\",\"CbteFch\":\"07-25-2023\",\"anula_comp_rechazado\":\"N\"}','2023-08-25 11:33:15','2023-08-25 11:33:16','73346984570092','2023-08-31','2','2023-08-31',40815,40838,4,5,NULL,NULL,NULL,NULL,0.00,28707.25,1,357.00,NULL),(71,9362,'2023-08-21','2023-08-21','2023-08-21','2023-08-25',1,5,6,'','{\"Tipo\":{\"id\":4,\"user_id\":null,\"created_at\":null,\"updated_at\":\"2023-02-16T11:52:52.000000Z\",\"name\":\"Factura B\",\"code\":\"6\",\"credit\":0,\"agroup_iva_module\":2,\"sell_no_taxabled\":0,\"buy_no_taxabled\":1,\"iva_condition_id\":2,\"is_fce_pyme\":0,\"afip_comprobante_id\":6,\"tipo\":\"Factura\",\"letra\":\"B\",\"facta_electronica\":1,\"is_stock_lpg\":0,\"show_from_total\":1,\"deleted_at\":null},\"PtoVta\":\"5\",\"Nro\":\"40\",\"CbteFch\":\"08-09-2023\",\"anula_comp_rechazado\":\"N\"}','2023-08-25 12:16:39','2023-08-25 12:16:41','73346991099060','2023-08-31','3','2023-08-31',40815,40942,4,5,NULL,NULL,NULL,NULL,0.00,25287.00,1,357.00,NULL),(72,9362,'2023-08-21','2023-08-21','2023-08-21','2023-08-24',1,5,6,'','{\"Tipo\":{\"id\":4,\"user_id\":null,\"created_at\":null,\"updated_at\":\"2023-02-16T11:52:52.000000Z\",\"name\":\"Factura B\",\"code\":\"6\",\"credit\":0,\"agroup_iva_module\":2,\"sell_no_taxabled\":0,\"buy_no_taxabled\":1,\"iva_condition_id\":2,\"is_fce_pyme\":0,\"afip_comprobante_id\":6,\"tipo\":\"Factura\",\"letra\":\"B\",\"facta_electronica\":1,\"is_stock_lpg\":0,\"show_from_total\":1,\"deleted_at\":null},\"PtoVta\":\"5\",\"Nro\":\"41\",\"CbteFch\":\"08-09-2023\",\"anula_comp_rechazado\":\"N\"}','2023-08-25 12:27:04','2023-08-25 12:27:06','73346992733150','2023-08-31','4','2023-08-31',40815,40943,4,5,NULL,NULL,NULL,NULL,0.00,25287.00,1,357.00,NULL),(73,9362,'2023-08-21','2023-08-21','2023-08-21','2023-08-25',1,5,6,'','{\"Tipo\":{\"id\":4,\"user_id\":null,\"created_at\":null,\"updated_at\":\"2023-02-16T11:52:52.000000Z\",\"name\":\"Factura B\",\"code\":\"6\",\"credit\":0,\"agroup_iva_module\":2,\"sell_no_taxabled\":0,\"buy_no_taxabled\":1,\"iva_condition_id\":2,\"is_fce_pyme\":0,\"afip_comprobante_id\":6,\"tipo\":\"Factura\",\"letra\":\"B\",\"facta_electronica\":1,\"is_stock_lpg\":0,\"show_from_total\":1,\"deleted_at\":null},\"PtoVta\":\"5\",\"Nro\":\"45\",\"CbteFch\":\"08-09-2023\",\"anula_comp_rechazado\":\"N\"}','2023-08-25 12:45:11','2023-08-25 12:45:13','73346995383309','2023-08-31','5','2023-08-31',40815,40947,4,5,NULL,NULL,NULL,NULL,0.00,25287.00,1,357.00,NULL);
INSERT INTO `fact_elec_receipts` VALUES (74,9362,'2023-08-21','2023-08-21','2023-08-21','2023-08-21',1,5,6,'','{\"Tipo\":{\"id\":4,\"user_id\":null,\"created_at\":null,\"updated_at\":\"2023-02-16T11:52:52.000000Z\",\"name\":\"Factura B\",\"code\":\"6\",\"credit\":0,\"agroup_iva_module\":2,\"sell_no_taxabled\":0,\"buy_no_taxabled\":1,\"iva_condition_id\":2,\"is_fce_pyme\":0,\"afip_comprobante_id\":6,\"tipo\":\"Factura\",\"letra\":\"B\",\"facta_electronica\":1,\"is_stock_lpg\":0,\"show_from_total\":1,\"deleted_at\":null},\"PtoVta\":\"5\",\"Nro\":\"21\",\"CbteFch\":\"07-25-2023\",\"anula_comp_rechazado\":\"N\"}','2023-08-25 13:59:58','2023-08-25 14:00:00','73346004830375','2023-08-31','6','2023-08-31',40815,40847,4,5,NULL,NULL,NULL,NULL,0.00,108700.35,1,357.00,NULL),(75,9362,'2023-08-21','2023-08-21','2023-08-21','2023-08-25',1,5,3,'','{\"Tipo\":{\"id\":1,\"user_id\":null,\"created_at\":null,\"updated_at\":\"2019-07-30T01:19:32.000000Z\",\"name\":\"Factura A\",\"code\":\"1\",\"credit\":0,\"agroup_iva_module\":1,\"sell_no_taxabled\":0,\"buy_no_taxabled\":0,\"iva_condition_id\":2,\"is_fce_pyme\":0,\"afip_comprobante_id\":1,\"tipo\":\"Factura\",\"letra\":\"A\",\"facta_electronica\":1,\"is_stock_lpg\":0,\"show_from_total\":0,\"deleted_at\":null},\"PtoVta\":\"5\",\"Nro\":\"6\",\"CbteFch\":\"08-07-2023\",\"anula_comp_rechazado\":\"N\"}','2023-08-25 16:01:53','2023-08-25 16:01:55',NULL,NULL,NULL,NULL,40815,40847,4,6,NULL,NULL,NULL,NULL,0.00,74243.80,1,357.00,'2023-08-25 16:01:55'),(76,9362,'2023-08-21','2023-08-21','2023-08-21','2023-08-25',1,5,3,'','{\"Tipo\":{\"id\":1,\"user_id\":null,\"created_at\":null,\"updated_at\":\"2019-07-30T01:19:32.000000Z\",\"name\":\"Factura A\",\"code\":\"1\",\"credit\":0,\"agroup_iva_module\":1,\"sell_no_taxabled\":0,\"buy_no_taxabled\":0,\"iva_condition_id\":2,\"is_fce_pyme\":0,\"afip_comprobante_id\":1,\"tipo\":\"Factura\",\"letra\":\"A\",\"facta_electronica\":1,\"is_stock_lpg\":0,\"show_from_total\":0,\"deleted_at\":null},\"PtoVta\":\"5\",\"Nro\":\"6\",\"CbteFch\":\"08-07-2023\",\"anula_comp_rechazado\":\"N\"}','2023-08-25 16:03:20','2023-08-25 16:03:22',NULL,NULL,NULL,NULL,40815,40847,4,6,NULL,NULL,NULL,NULL,0.00,74243.80,1,357.00,'2023-08-25 16:03:22'),(77,9362,'2023-08-21','2023-08-21','2023-08-21','2023-08-25',1,5,3,'','{\"Tipo\":{\"id\":1,\"user_id\":null,\"created_at\":null,\"updated_at\":\"2019-07-30T01:19:32.000000Z\",\"name\":\"Factura A\",\"code\":\"1\",\"credit\":0,\"agroup_iva_module\":1,\"sell_no_taxabled\":0,\"buy_no_taxabled\":0,\"iva_condition_id\":2,\"is_fce_pyme\":0,\"afip_comprobante_id\":1,\"tipo\":\"Factura\",\"letra\":\"A\",\"facta_electronica\":1,\"is_stock_lpg\":0,\"show_from_total\":0,\"deleted_at\":null},\"PtoVta\":\"5\",\"Nro\":\"6\",\"CbteFch\":\"08-07-2023\",\"anula_comp_rechazado\":\"N\"}','2023-08-25 16:03:50','2023-08-25 16:03:52','73346019955116','2023-08-31','1','2023-08-31',40815,40899,4,6,NULL,NULL,NULL,NULL,0.00,74243.80,1,357.00,NULL),(78,9362,'2023-08-21','2023-08-21','2023-08-21','2023-08-25',1,5,3,'','{\"Tipo\":{\"id\":1,\"user_id\":null,\"created_at\":null,\"updated_at\":\"2019-07-30T01:19:32.000000Z\",\"name\":\"Factura A\",\"code\":\"1\",\"credit\":0,\"agroup_iva_module\":1,\"sell_no_taxabled\":0,\"buy_no_taxabled\":0,\"iva_condition_id\":2,\"is_fce_pyme\":0,\"afip_comprobante_id\":1,\"tipo\":\"Factura\",\"letra\":\"A\",\"facta_electronica\":1,\"is_stock_lpg\":0,\"show_from_total\":0,\"deleted_at\":null},\"PtoVta\":\"5\",\"Nro\":\"7\",\"CbteFch\":\"08-07-2023\",\"anula_comp_rechazado\":\"N\"}','2023-08-25 16:08:18','2023-08-25 16:08:20','73346020532403','2023-08-31','2','2023-08-31',40815,40850,4,3,NULL,NULL,NULL,NULL,0.00,40150.99,1,357.00,NULL);
INSERT INTO `fact_elec_receipts` VALUES (79,9362,'2023-08-21','2023-08-21','2023-08-21','2023-08-25',1,5,6,'','{\"Tipo\":{\"id\":4,\"user_id\":null,\"created_at\":null,\"updated_at\":\"2023-02-16T11:52:52.000000Z\",\"name\":\"Factura B\",\"code\":\"6\",\"credit\":0,\"agroup_iva_module\":2,\"sell_no_taxabled\":0,\"buy_no_taxabled\":1,\"iva_condition_id\":2,\"is_fce_pyme\":0,\"afip_comprobante_id\":6,\"tipo\":\"Factura\",\"letra\":\"B\",\"facta_electronica\":1,\"is_stock_lpg\":0,\"show_from_total\":1,\"deleted_at\":null},\"PtoVta\":\"5\",\"Nro\":\"46\",\"CbteFch\":\"08-14-2023\",\"anula_comp_rechazado\":\"N\"}','2023-08-25 16:22:32','2023-08-25 16:22:34','73346022328221','2023-08-31','7','2023-08-31',40815,40950,4,5,NULL,NULL,NULL,NULL,0.00,43703.57,1,357.00,NULL),(80,9362,'2023-08-21','2023-08-21','2023-08-21','2023-08-25',1,5,6,'','{\"Tipo\":{\"id\":4,\"user_id\":null,\"created_at\":null,\"updated_at\":\"2023-02-16T11:52:52.000000Z\",\"name\":\"Factura B\",\"code\":\"6\",\"credit\":0,\"agroup_iva_module\":2,\"sell_no_taxabled\":0,\"buy_no_taxabled\":1,\"iva_condition_id\":2,\"is_fce_pyme\":0,\"afip_comprobante_id\":6,\"tipo\":\"Factura\",\"letra\":\"B\",\"facta_electronica\":1,\"is_stock_lpg\":0,\"show_from_total\":1,\"deleted_at\":null},\"PtoVta\":\"5\",\"Nro\":\"49\",\"CbteFch\":\"08-14-2023\",\"anula_comp_rechazado\":\"N\"}','2023-08-25 16:29:48','2023-08-25 16:29:50','73346023192812','2023-08-31','8','2023-08-31',40815,40951,4,5,NULL,NULL,NULL,NULL,0.00,22037.00,1,357.00,NULL),(81,9362,'2023-08-21','2023-08-21','2023-08-21','2023-08-27',1,5,6,'','{\"Tipo\":{\"id\":4,\"user_id\":null,\"created_at\":null,\"updated_at\":\"2023-02-16T11:52:52.000000Z\",\"name\":\"Factura B\",\"code\":\"6\",\"credit\":0,\"agroup_iva_module\":2,\"sell_no_taxabled\":0,\"buy_no_taxabled\":1,\"iva_condition_id\":2,\"is_fce_pyme\":0,\"afip_comprobante_id\":6,\"tipo\":\"Factura\",\"letra\":\"B\",\"facta_electronica\":1,\"is_stock_lpg\":0,\"show_from_total\":1,\"deleted_at\":null},\"PtoVta\":\"5\",\"Nro\":\"10\",\"CbteFch\":\"07-25-2023\",\"anula_comp_rechazado\":\"N\"}','2023-08-27 17:52:49','2023-08-27 17:52:51',NULL,NULL,NULL,NULL,40815,40835,4,5,NULL,NULL,NULL,NULL,0.00,20991.95,1,357.00,'2023-08-27 17:52:51'),(82,9362,'2023-08-21','2023-08-21','2023-08-21','2023-08-27',1,5,6,'','{\"Tipo\":{\"id\":4,\"user_id\":null,\"created_at\":null,\"updated_at\":\"2023-02-16T11:52:52.000000Z\",\"name\":\"Factura B\",\"code\":\"6\",\"credit\":0,\"agroup_iva_module\":2,\"sell_no_taxabled\":0,\"buy_no_taxabled\":1,\"iva_condition_id\":2,\"is_fce_pyme\":0,\"afip_comprobante_id\":6,\"tipo\":\"Factura\",\"letra\":\"B\",\"facta_electronica\":1,\"is_stock_lpg\":0,\"show_from_total\":1,\"deleted_at\":null},\"PtoVta\":\"5\",\"Nro\":\"10\",\"CbteFch\":\"07-25-2023\",\"anula_comp_rechazado\":\"N\"}','2023-08-27 17:53:12','2023-08-27 17:53:14',NULL,NULL,NULL,NULL,40815,40835,4,5,NULL,NULL,NULL,NULL,0.00,20991.95,1,357.00,'2023-08-27 17:53:14'),(83,9362,'2023-08-22','2023-08-22','2023-08-22','2023-08-27',1,5,6,'','{\"Tipo\":{\"id\":4,\"user_id\":null,\"created_at\":null,\"updated_at\":\"2023-02-16T11:52:52.000000Z\",\"name\":\"Factura B\",\"code\":\"6\",\"credit\":0,\"agroup_iva_module\":2,\"sell_no_taxabled\":0,\"buy_no_taxabled\":1,\"iva_condition_id\":2,\"is_fce_pyme\":0,\"afip_comprobante_id\":6,\"tipo\":\"Factura\",\"letra\":\"B\",\"facta_electronica\":1,\"is_stock_lpg\":0,\"show_from_total\":1,\"deleted_at\":null},\"PtoVta\":\"5\",\"Nro\":\"10\",\"CbteFch\":\"07-25-2023\",\"anula_comp_rechazado\":\"N\"}','2023-08-27 17:53:42','2023-08-27 17:53:44','73356208614028','2023-09-01','9','2023-09-01',40815,40835,4,5,NULL,NULL,NULL,NULL,0.00,20991.95,1,357.00,NULL);
INSERT INTO `fact_elec_receipts` VALUES (84,9362,'2023-08-22','2023-08-22','2023-08-22','2023-08-27',1,5,6,'','{\"Tipo\":{\"id\":4,\"user_id\":null,\"created_at\":null,\"updated_at\":\"2023-02-16T11:52:52.000000Z\",\"name\":\"Factura B\",\"code\":\"6\",\"credit\":0,\"agroup_iva_module\":2,\"sell_no_taxabled\":0,\"buy_no_taxabled\":1,\"iva_condition_id\":2,\"is_fce_pyme\":0,\"afip_comprobante_id\":6,\"tipo\":\"Factura\",\"letra\":\"B\",\"facta_electronica\":1,\"is_stock_lpg\":0,\"show_from_total\":1,\"deleted_at\":null},\"PtoVta\":\"5\",\"Nro\":\"12\",\"CbteFch\":\"07-25-2023\",\"anula_comp_rechazado\":\"N\"}','2023-08-27 17:57:17','2023-08-27 17:57:19','73356208851576','2023-09-01','10','2023-09-01',40815,40837,4,5,NULL,NULL,NULL,NULL,0.00,6817.25,1,357.00,NULL),(85,9362,'2023-08-27','2023-08-27','2023-08-27','2023-08-27',1,5,6,'','{\"Tipo\":{\"id\":4,\"user_id\":null,\"created_at\":null,\"updated_at\":\"2023-02-16T11:52:52.000000Z\",\"name\":\"Factura B\",\"code\":\"6\",\"credit\":0,\"agroup_iva_module\":2,\"sell_no_taxabled\":0,\"buy_no_taxabled\":1,\"iva_condition_id\":2,\"is_fce_pyme\":0,\"afip_comprobante_id\":6,\"tipo\":\"Factura\",\"letra\":\"B\",\"facta_electronica\":1,\"is_stock_lpg\":0,\"show_from_total\":1,\"deleted_at\":null},\"PtoVta\":\"5\",\"Nro\":\"19\",\"CbteFch\":\"07-25-2023\",\"anula_comp_rechazado\":\"N\"}','2023-08-27 18:02:39','2023-08-27 18:02:41','73356209258360','2023-09-06','11','2023-09-06',40815,40845,4,5,NULL,NULL,NULL,NULL,0.00,13654.22,1,357.00,NULL),(86,9362,'2023-08-27','2023-08-27','2023-08-27','2023-08-27',1,5,6,'','{\"Tipo\":{\"id\":4,\"user_id\":null,\"created_at\":null,\"updated_at\":\"2023-02-16T11:52:52.000000Z\",\"name\":\"Factura B\",\"code\":\"6\",\"credit\":0,\"agroup_iva_module\":2,\"sell_no_taxabled\":0,\"buy_no_taxabled\":1,\"iva_condition_id\":2,\"is_fce_pyme\":0,\"afip_comprobante_id\":6,\"tipo\":\"Factura\",\"letra\":\"B\",\"facta_electronica\":1,\"is_stock_lpg\":0,\"show_from_total\":1,\"deleted_at\":null},\"PtoVta\":\"5\",\"Nro\":\"22\",\"CbteFch\":\"07-25-2023\",\"anula_comp_rechazado\":\"N\"}','2023-08-27 18:06:26','2023-08-27 18:06:28','73356209513102','2023-09-06','12','2023-09-06',40815,40848,4,5,NULL,NULL,NULL,NULL,0.00,6676.89,1,357.00,NULL),(87,9362,'2023-08-27','2023-08-27','2023-08-27','2023-08-27',1,5,6,'','{\"Tipo\":{\"id\":4,\"user_id\":null,\"created_at\":null,\"updated_at\":\"2023-02-16T11:52:52.000000Z\",\"name\":\"Factura B\",\"code\":\"6\",\"credit\":0,\"agroup_iva_module\":2,\"sell_no_taxabled\":0,\"buy_no_taxabled\":1,\"iva_condition_id\":2,\"is_fce_pyme\":0,\"afip_comprobante_id\":6,\"tipo\":\"Factura\",\"letra\":\"B\",\"facta_electronica\":1,\"is_stock_lpg\":0,\"show_from_total\":1,\"deleted_at\":null},\"PtoVta\":\"5\",\"Nro\":\"26\",\"CbteFch\":\"08-09-2023\",\"anula_comp_rechazado\":\"N\"}','2023-08-27 18:11:32','2023-08-27 18:11:34','73356209886733','2023-09-06','13','2023-09-06',40815,40927,4,5,NULL,NULL,NULL,NULL,0.00,23691.00,1,357.00,NULL),(88,9362,'2023-08-27','2023-08-27','2023-08-27','2023-08-27',1,5,6,'','{\"Tipo\":{\"id\":4,\"user_id\":null,\"created_at\":null,\"updated_at\":\"2023-02-16T11:52:52.000000Z\",\"name\":\"Factura B\",\"code\":\"6\",\"credit\":0,\"agroup_iva_module\":2,\"sell_no_taxabled\":0,\"buy_no_taxabled\":1,\"iva_condition_id\":2,\"is_fce_pyme\":0,\"afip_comprobante_id\":6,\"tipo\":\"Factura\",\"letra\":\"B\",\"facta_electronica\":1,\"is_stock_lpg\":0,\"show_from_total\":1,\"deleted_at\":null},\"PtoVta\":\"5\",\"Nro\":\"30\",\"CbteFch\":\"08-09-2023\",\"anula_comp_rechazado\":\"N\"}','2023-08-27 18:16:48','2023-08-27 18:16:50','73356210243473','2023-09-06','14','2023-09-06',40815,40931,4,5,NULL,NULL,NULL,NULL,0.00,1835.00,1,357.00,NULL);
INSERT INTO `fact_elec_receipts` VALUES (89,9362,'2023-08-27','2023-08-27','2023-08-27','2023-08-27',1,5,6,'','{\"Tipo\":{\"id\":4,\"user_id\":null,\"created_at\":null,\"updated_at\":\"2023-02-16T11:52:52.000000Z\",\"name\":\"Factura B\",\"code\":\"6\",\"credit\":0,\"agroup_iva_module\":2,\"sell_no_taxabled\":0,\"buy_no_taxabled\":1,\"iva_condition_id\":2,\"is_fce_pyme\":0,\"afip_comprobante_id\":6,\"tipo\":\"Factura\",\"letra\":\"B\",\"facta_electronica\":1,\"is_stock_lpg\":0,\"show_from_total\":1,\"deleted_at\":null},\"PtoVta\":\"5\",\"Nro\":\"38\",\"CbteFch\":\"08-09-2023\",\"anula_comp_rechazado\":\"N\"}','2023-08-27 18:19:02','2023-08-27 18:19:04','73356210393454','2023-09-06','15','2023-09-06',40815,40940,4,5,NULL,NULL,NULL,NULL,0.00,3950.00,1,357.00,NULL),(90,9362,'2023-08-27','2023-08-27','2023-08-27','2023-08-27',1,5,6,'','{\"Tipo\":{\"id\":4,\"user_id\":null,\"created_at\":null,\"updated_at\":\"2023-02-16T11:52:52.000000Z\",\"name\":\"Factura B\",\"code\":\"6\",\"credit\":0,\"agroup_iva_module\":2,\"sell_no_taxabled\":0,\"buy_no_taxabled\":1,\"iva_condition_id\":2,\"is_fce_pyme\":0,\"afip_comprobante_id\":6,\"tipo\":\"Factura\",\"letra\":\"B\",\"facta_electronica\":1,\"is_stock_lpg\":0,\"show_from_total\":1,\"deleted_at\":null},\"PtoVta\":\"5\",\"Nro\":\"42\",\"CbteFch\":\"08-09-2023\",\"anula_comp_rechazado\":\"N\"}','2023-08-27 18:21:56','2023-08-27 18:21:57','73356210619915','2023-09-06','16','2023-09-06',40815,40944,4,5,NULL,NULL,NULL,NULL,0.00,1382.00,1,357.00,NULL),(91,9362,'2023-08-27','2023-08-27','2023-08-27','2023-08-27',1,5,6,'','{\"Tipo\":{\"id\":4,\"user_id\":null,\"created_at\":null,\"updated_at\":\"2023-02-16T11:52:52.000000Z\",\"name\":\"Factura B\",\"code\":\"6\",\"credit\":0,\"agroup_iva_module\":2,\"sell_no_taxabled\":0,\"buy_no_taxabled\":1,\"iva_condition_id\":2,\"is_fce_pyme\":0,\"afip_comprobante_id\":6,\"tipo\":\"Factura\",\"letra\":\"B\",\"facta_electronica\":1,\"is_stock_lpg\":0,\"show_from_total\":1,\"deleted_at\":null},\"PtoVta\":\"5\",\"Nro\":\"51\",\"CbteFch\":\"08-14-2023\",\"anula_comp_rechazado\":\"N\"}','2023-08-27 18:27:30','2023-08-27 18:27:32','73356210997536','2023-09-06','17','2023-09-06',40815,40954,4,5,NULL,NULL,NULL,NULL,0.00,3826.00,1,357.00,NULL),(92,9362,'2023-08-27','2023-08-27','2023-08-27','2023-08-27',1,5,6,'','{\"Tipo\":{\"id\":4,\"user_id\":null,\"created_at\":null,\"updated_at\":\"2023-02-16T11:52:52.000000Z\",\"name\":\"Factura B\",\"code\":\"6\",\"credit\":0,\"agroup_iva_module\":2,\"sell_no_taxabled\":0,\"buy_no_taxabled\":1,\"iva_condition_id\":2,\"is_fce_pyme\":0,\"afip_comprobante_id\":6,\"tipo\":\"Factura\",\"letra\":\"B\",\"facta_electronica\":1,\"is_stock_lpg\":0,\"show_from_total\":1,\"deleted_at\":null},\"PtoVta\":\"5\",\"Nro\":\"52\",\"CbteFch\":\"08-14-2023\",\"anula_comp_rechazado\":\"N\"}','2023-08-27 18:30:28','2023-08-27 18:30:30','73356211219764','2023-09-06','18','2023-09-06',40815,40955,4,5,NULL,NULL,NULL,NULL,0.00,3826.00,1,357.00,NULL),(93,9362,'2023-08-27','2023-08-27','2023-08-27','2023-08-27',1,5,6,'','{\"Tipo\":{\"id\":4,\"user_id\":null,\"created_at\":null,\"updated_at\":\"2023-02-16T11:52:52.000000Z\",\"name\":\"Factura B\",\"code\":\"6\",\"credit\":0,\"agroup_iva_module\":2,\"sell_no_taxabled\":0,\"buy_no_taxabled\":1,\"iva_condition_id\":2,\"is_fce_pyme\":0,\"afip_comprobante_id\":6,\"tipo\":\"Factura\",\"letra\":\"B\",\"facta_electronica\":1,\"is_stock_lpg\":0,\"show_from_total\":1,\"deleted_at\":null},\"PtoVta\":\"5\",\"Nro\":\"53\",\"CbteFch\":\"08-14-2023\",\"anula_comp_rechazado\":\"N\"}','2023-08-27 18:32:56','2023-08-27 18:32:58','73356211390253','2023-09-06','19','2023-09-06',40815,40956,4,5,NULL,NULL,NULL,NULL,0.00,1382.00,1,357.00,NULL);
INSERT INTO `fact_elec_receipts` VALUES (94,9362,'2023-08-27','2023-08-27','2023-08-27','2023-08-27',1,5,6,'','{\"Tipo\":{\"id\":4,\"user_id\":null,\"created_at\":null,\"updated_at\":\"2023-02-16T11:52:52.000000Z\",\"name\":\"Factura B\",\"code\":\"6\",\"credit\":0,\"agroup_iva_module\":2,\"sell_no_taxabled\":0,\"buy_no_taxabled\":1,\"iva_condition_id\":2,\"is_fce_pyme\":0,\"afip_comprobante_id\":6,\"tipo\":\"Factura\",\"letra\":\"B\",\"facta_electronica\":1,\"is_stock_lpg\":0,\"show_from_total\":1,\"deleted_at\":null},\"PtoVta\":\"5\",\"Nro\":\"23\",\"CbteFch\":\"07-25-2023\",\"anula_comp_rechazado\":\"N\"}','2023-08-27 19:09:52','2023-08-27 19:09:54','73356214066252','2023-09-06','20','2023-09-06',40815,40849,4,5,NULL,NULL,NULL,NULL,0.00,22405.00,1,357.00,NULL),(95,NULL,'2023-08-27','2023-08-27','2023-08-27','2023-08-27',1,5,4,'',NULL,'2023-08-27 19:42:41','2023-08-27 19:42:43','73356216575670','2023-09-06','54','2023-09-06',40815,40986,4,5,NULL,NULL,NULL,NULL,0.00,23305.00,1,357.00,NULL),(96,NULL,'2023-08-27','2023-08-27','2023-08-27','2023-08-27',1,5,4,'',NULL,'2023-08-27 19:42:45','2023-08-27 19:42:46','73356216579381','2023-09-06','55','2023-09-06',40815,40987,4,5,NULL,NULL,NULL,NULL,0.00,27974.00,1,357.00,NULL),(97,NULL,'2023-08-27','2023-08-27','2023-08-27','2023-08-27',1,5,4,'',NULL,'2023-08-27 19:42:48','2023-08-27 19:42:49','73356216583689','2023-09-06','56','2023-09-06',40815,40988,4,5,NULL,NULL,NULL,NULL,0.00,53896.00,1,357.00,NULL),(98,NULL,'2023-08-27','2023-08-27','2023-08-27','2023-08-27',1,5,4,'',NULL,'2023-08-27 19:42:52','2023-08-27 19:42:52','73356216588184','2023-09-06','57','2023-09-06',40815,40989,4,5,NULL,NULL,NULL,NULL,0.00,19250.00,1,357.00,NULL),(99,NULL,'2023-08-27','2023-08-27','2023-08-27','2023-08-27',1,5,4,'',NULL,'2023-08-27 19:42:54','2023-08-27 19:42:55','73356216592131','2023-09-06','58','2023-09-06',40815,40990,4,5,NULL,NULL,NULL,NULL,0.00,53896.00,1,357.00,NULL),(100,NULL,'2023-08-27','2023-08-27','2023-08-27','2023-08-27',1,5,4,'',NULL,'2023-08-27 19:42:58','2023-08-27 19:42:59','73356216596708','2023-09-06','59','2023-09-06',40815,40991,4,5,NULL,NULL,NULL,NULL,0.00,53896.00,1,357.00,NULL),(101,NULL,'2023-08-27','2023-08-27','2023-08-27','2023-08-27',1,5,4,'',NULL,'2023-08-27 19:43:01','2023-08-27 19:43:02','73356216600969','2023-09-06','60','2023-09-06',40815,40992,4,5,NULL,NULL,NULL,NULL,0.00,53896.00,1,357.00,NULL),(102,NULL,'2023-08-27','2023-08-27','2023-08-27','2023-08-27',1,5,4,'',NULL,'2023-08-27 19:43:05','2023-08-27 19:43:05','73356216605508','2023-09-06','61','2023-09-06',40815,40993,4,5,NULL,NULL,NULL,NULL,0.00,29373.00,1,357.00,NULL),(103,NULL,'2023-08-27','2023-08-27','2023-08-27','2023-08-27',1,5,4,'',NULL,'2023-08-27 19:43:08','2023-08-27 19:43:09','73356216609811','2023-09-06','62','2023-09-06',40815,40994,4,5,NULL,NULL,NULL,NULL,0.00,6383.50,1,357.00,NULL),(104,NULL,'2023-08-27','2023-08-27','2023-08-27','2023-08-27',1,5,4,'',NULL,'2023-08-27 19:43:11','2023-08-27 19:43:12','73356216613957','2023-09-06','63','2023-09-06',40815,40994,4,5,NULL,NULL,NULL,NULL,0.00,6383.50,1,357.00,NULL),(105,NULL,'2023-08-27','2023-08-27','2023-08-27','2023-08-27',1,5,4,'',NULL,'2023-08-27 19:43:15','2023-08-27 19:43:16','73356216618478','2023-09-06','64','2023-09-06',40815,40839,4,5,NULL,NULL,NULL,NULL,0.00,53899.99,1,357.00,NULL),(106,NULL,'2023-08-27','2023-08-27','2023-08-27','2023-08-27',1,5,4,'',NULL,'2023-08-27 19:43:19','2023-08-27 19:43:20','73356216623308','2023-09-06','65','2023-09-06',40815,40843,4,5,NULL,NULL,NULL,NULL,0.00,29373.00,1,357.00,NULL),(107,NULL,'2023-08-27','2023-08-27','2023-08-27','2023-08-27',1,5,4,'',NULL,'2023-08-27 19:43:22','2023-08-27 19:43:23','73356216627124','2023-09-06','66','2023-09-06',40815,40995,4,5,NULL,NULL,NULL,NULL,0.00,29373.00,1,357.00,NULL),(108,NULL,'2023-08-27','2023-08-27','2023-08-27','2023-08-27',1,5,4,'',NULL,'2023-08-27 19:43:25','2023-08-27 19:43:26','73356216631317','2023-09-06','67','2023-09-06',40815,40996,4,5,NULL,NULL,NULL,NULL,0.00,29373.00,1,357.00,NULL);
INSERT INTO `fact_elec_receipts` VALUES (109,NULL,'2023-08-27','2023-08-27','2023-08-27','2023-08-27',1,5,4,'',NULL,'2023-08-27 19:43:29','2023-08-27 19:43:30','73356216635586','2023-09-06','68','2023-09-06',40815,40997,4,5,NULL,NULL,NULL,NULL,0.00,53896.00,1,357.00,NULL),(110,NULL,'2023-08-27','2023-08-27','2023-08-27','2023-08-27',1,5,4,'',NULL,'2023-08-27 19:43:32','2023-08-27 19:43:33','73356216639535','2023-09-06','69','2023-09-06',40815,40998,4,5,NULL,NULL,NULL,NULL,0.00,29373.00,1,357.00,NULL),(111,NULL,'2023-08-27','2023-08-27','2023-08-27','2023-08-27',1,5,4,'',NULL,'2023-08-27 19:43:35','2023-08-27 19:43:36','73356216642667','2023-09-06','70','2023-09-06',40815,40995,4,5,NULL,NULL,NULL,NULL,0.00,18356.00,1,357.00,NULL),(112,NULL,'2023-08-27','2023-08-27','2023-08-27','2023-08-27',1,5,4,'',NULL,'2023-08-27 19:43:38','2023-08-27 19:43:39','73356216646467','2023-09-06','71','2023-09-06',40815,40999,4,5,NULL,NULL,NULL,NULL,0.00,24837.00,1,357.00,NULL),(113,NULL,'2023-08-27','2023-08-27','2023-08-27','2023-08-27',1,5,4,'',NULL,'2023-08-27 19:43:41','2023-08-27 19:43:42','73356216650016','2023-09-06','72','2023-09-06',40815,41000,4,5,NULL,NULL,NULL,NULL,0.00,42421.99,1,357.00,NULL),(114,NULL,'2023-08-27','2023-08-27','2023-08-27','2023-08-27',1,5,1,'',NULL,'2023-08-27 19:43:44','2023-08-27 19:43:44','73356216653640','2023-09-06','15','2023-09-06',40815,41001,4,1,NULL,NULL,NULL,NULL,0.00,28771.00,1,357.00,NULL),(115,NULL,'2023-08-27','2023-08-27','2023-08-27','2023-08-27',1,5,4,'',NULL,'2023-08-27 19:43:47','2023-08-27 19:43:47','73356216657131','2023-09-06','73','2023-09-06',40815,41002,4,5,NULL,NULL,NULL,NULL,0.00,8651.00,1,357.00,NULL),(116,9362,'2023-08-27','2023-08-27','2023-08-27','2023-08-27',1,5,1,'','{\"Tipo\":null,\"PtoVta\":null,\"Nro\":null,\"CbteFch\":\"08-27-2023\",\"anula_comp_rechazado\":\"N\"}','2023-08-27 20:11:57','2023-08-27 20:11:59','73356218788782','2023-09-06','16','2023-09-06',40815,40924,4,1,NULL,NULL,NULL,NULL,0.00,1050.00,1,357.00,NULL),(117,9362,'2023-08-27','2023-08-27','2023-08-27','2023-08-27',1,5,4,'','{\"Tipo\":null,\"PtoVta\":null,\"Nro\":null,\"CbteFch\":\"08-27-2023\",\"anula_comp_rechazado\":\"N\"}','2023-08-27 20:19:33','2023-08-27 20:19:35','73356219301747','2023-09-06','74','2023-09-06',40815,41003,4,5,NULL,NULL,NULL,NULL,0.00,10305.99,1,357.00,NULL),(118,9362,'2023-08-31','2023-08-27','2023-08-27','2023-08-31',1,5,4,'',NULL,'2023-08-27 22:28:18','2023-08-27 22:28:20','73356227646251','2023-09-10','75','2023-09-10',40815,41004,4,5,NULL,NULL,NULL,NULL,0.00,20075.00,1,357.00,NULL),(119,9362,'2023-08-31','2023-08-27','2023-08-27','2023-08-31',1,5,4,'',NULL,'2023-08-27 22:28:23','2023-08-27 22:28:23','73356227647650','2023-09-10','76','2023-09-10',40815,41005,4,5,NULL,NULL,NULL,NULL,0.00,20067.00,1,357.00,NULL),(120,9362,'2023-08-31','2023-08-27','2023-08-27','2023-08-31',1,5,4,'',NULL,'2023-08-27 22:28:26','2023-08-27 22:28:27','73356227649092','2023-09-10','77','2023-09-10',40815,41006,4,5,NULL,NULL,NULL,NULL,0.00,20075.00,1,357.00,NULL),(121,9362,'2023-08-31','2023-08-27','2023-08-27','2023-08-31',1,5,4,'',NULL,'2023-08-27 22:28:30','2023-08-27 22:28:31','73356227650520','2023-09-10','78','2023-09-10',40815,41007,4,5,NULL,NULL,NULL,NULL,0.00,66772.00,1,357.00,NULL),(122,9362,'2023-08-31','2023-08-27','2023-08-27','2023-08-31',1,5,4,'',NULL,'2023-08-27 22:28:32','2023-08-27 22:28:33','73356227651505','2023-09-10','79','2023-09-10',40815,40953,4,5,NULL,NULL,NULL,NULL,0.00,950.00,1,357.00,NULL),(123,9362,'2023-08-31','2023-08-27','2023-08-27','2023-08-31',1,5,4,'',NULL,'2023-08-27 22:28:35','2023-08-27 22:28:36','73356227652551','2023-09-10','80','2023-09-10',40815,41008,4,5,NULL,NULL,NULL,NULL,0.00,29373.00,1,357.00,NULL),(124,9362,'2023-08-31','2023-08-27','2023-08-27','2023-08-31',1,5,4,'',NULL,'2023-08-27 22:28:38','2023-08-27 22:28:39','73356227653769','2023-09-10','81','2023-09-10',40815,41009,4,5,NULL,NULL,NULL,NULL,0.00,15131.00,1,357.00,NULL);
INSERT INTO `fact_elec_receipts` VALUES (125,9362,'2023-08-31','2023-08-27','2023-08-27','2023-08-31',1,5,4,'',NULL,'2023-08-27 22:28:41','2023-08-27 22:28:42','73356227655096','2023-09-10','82','2023-09-10',40815,41010,4,5,NULL,NULL,NULL,NULL,0.00,35476.00,1,357.00,NULL),(126,9362,'2023-08-31','2023-08-27','2023-08-27','2023-08-31',1,5,4,'',NULL,'2023-08-27 22:28:44','2023-08-27 22:28:45','73356227656322','2023-09-10','83','2023-09-10',40815,41011,4,5,NULL,NULL,NULL,NULL,0.00,29373.00,1,357.00,NULL),(127,9362,'2023-08-31','2023-08-27','2023-08-27','2023-08-31',1,5,4,'',NULL,'2023-08-27 22:28:48','2023-08-27 22:28:48','73356227657632','2023-09-10','84','2023-09-10',40815,41012,4,5,NULL,NULL,NULL,NULL,0.00,57937.00,1,357.00,NULL),(128,9362,'2023-08-27','2023-08-27','2023-08-27','2023-08-27',1,5,6,'','{\"Tipo\":{\"id\":4,\"user_id\":null,\"created_at\":null,\"updated_at\":\"2023-02-16T11:52:52.000000Z\",\"name\":\"Factura B\",\"code\":\"6\",\"credit\":0,\"agroup_iva_module\":2,\"sell_no_taxabled\":0,\"buy_no_taxabled\":1,\"iva_condition_id\":2,\"is_fce_pyme\":0,\"afip_comprobante_id\":6,\"tipo\":\"Factura\",\"letra\":\"B\",\"facta_electronica\":1,\"is_stock_lpg\":0,\"show_from_total\":1,\"deleted_at\":null},\"PtoVta\":\"5\",\"Nro\":\"15\",\"CbteFch\":\"07-25-2023\",\"anula_comp_rechazado\":\"N\"}','2023-08-27 22:32:11','2023-08-27 22:32:13','73356227809727','2023-09-06','21','2023-09-06',40815,40840,4,5,NULL,NULL,NULL,NULL,0.00,4596.90,1,357.00,NULL),(129,9362,'2023-08-27','2023-08-27','2023-08-27','2023-08-27',1,5,6,'','{\"Tipo\":{\"id\":4,\"user_id\":null,\"created_at\":null,\"updated_at\":\"2023-02-16T11:52:52.000000Z\",\"name\":\"Factura B\",\"code\":\"6\",\"credit\":0,\"agroup_iva_module\":2,\"sell_no_taxabled\":0,\"buy_no_taxabled\":1,\"iva_condition_id\":2,\"is_fce_pyme\":0,\"afip_comprobante_id\":6,\"tipo\":\"Factura\",\"letra\":\"B\",\"facta_electronica\":1,\"is_stock_lpg\":0,\"show_from_total\":1,\"deleted_at\":null},\"PtoVta\":\"5\",\"Nro\":\"16\",\"CbteFch\":\"07-25-2023\",\"anula_comp_rechazado\":\"N\"}','2023-08-27 22:34:09','2023-08-27 22:34:11','73356227858255','2023-09-06','22','2023-09-06',40815,40841,4,5,NULL,NULL,NULL,NULL,0.00,4596.90,1,357.00,NULL),(130,9362,'2023-08-27','2023-08-27','2023-08-27','2023-08-27',1,5,6,'','{\"Tipo\":{\"id\":4,\"user_id\":null,\"created_at\":null,\"updated_at\":\"2023-02-16T11:52:52.000000Z\",\"name\":\"Factura B\",\"code\":\"6\",\"credit\":0,\"agroup_iva_module\":2,\"sell_no_taxabled\":0,\"buy_no_taxabled\":1,\"iva_condition_id\":2,\"is_fce_pyme\":0,\"afip_comprobante_id\":6,\"tipo\":\"Factura\",\"letra\":\"B\",\"facta_electronica\":1,\"is_stock_lpg\":0,\"show_from_total\":1,\"deleted_at\":null},\"PtoVta\":\"5\",\"Nro\":\"36\",\"CbteFch\":\"08-09-2023\",\"anula_comp_rechazado\":\"N\"}','2023-08-27 22:36:30','2023-08-27 22:36:32','73356227917733','2023-09-06','23','2023-09-06',40815,40938,4,5,NULL,NULL,NULL,NULL,0.00,420.00,1,357.00,NULL),(131,9362,'2023-08-28','2023-08-28','2023-08-28','2023-08-28',1,5,1,'','{\"Tipo\":null,\"PtoVta\":null,\"Nro\":null,\"CbteFch\":\"08-28-2023\",\"anula_comp_rechazado\":\"N\"}','2023-08-28 15:30:05','2023-08-28 15:30:08','73356292851119','2023-09-07','17','2023-09-07',40815,41015,4,1,NULL,NULL,NULL,NULL,0.00,27197.17,1,357.00,NULL),(132,9362,'2023-08-29','2023-08-29','2023-08-29','2023-08-30',1,5,4,'',NULL,'2023-08-30 10:15:17','2023-08-30 10:15:20',NULL,NULL,NULL,NULL,40815,41949,4,5,NULL,NULL,NULL,NULL,0.00,29373.00,1,357.00,'2023-08-30 10:15:20'),(133,9362,'2023-08-30','2023-08-30','2023-08-30','2023-08-30',1,5,4,'',NULL,'2023-08-30 10:15:45','2023-08-30 10:15:47',NULL,NULL,NULL,NULL,40815,41949,4,5,NULL,NULL,NULL,NULL,0.00,29373.00,1,357.00,'2023-08-30 10:15:47'),(134,9362,'2023-08-30','2023-08-30','2023-08-30','2023-08-30',1,5,4,'',NULL,'2023-08-30 10:16:27','2023-08-30 10:16:29',NULL,NULL,NULL,NULL,40815,41949,4,5,NULL,NULL,NULL,NULL,0.00,29373.00,1,357.00,'2023-08-30 10:16:29');
INSERT INTO `fact_elec_receipts` VALUES (135,9362,'2023-08-29','2023-08-29','2023-08-29','2023-08-29',1,5,4,'',NULL,'2023-08-30 10:17:15','2023-08-30 10:17:18',NULL,NULL,NULL,NULL,40815,41949,4,5,NULL,NULL,NULL,NULL,0.00,29373.00,1,357.00,'2023-08-30 10:17:18'),(136,9362,'2023-08-31','2023-08-31','2023-08-31','2023-08-31',1,5,4,'',NULL,'2023-08-30 10:18:23','2023-08-30 10:18:24','73356477143447','2023-09-10','85','2023-09-10',40815,41949,4,5,NULL,NULL,NULL,NULL,0.00,29373.00,1,357.00,NULL),(137,9362,'2023-08-31','2023-08-31','2023-08-31','2023-08-31',1,5,4,'',NULL,'2023-08-30 10:18:27','2023-08-30 10:18:28','73356477152842','2023-09-10','86','2023-09-10',40815,41950,4,5,NULL,NULL,NULL,NULL,0.00,28823.00,1,357.00,NULL),(138,9362,'2023-08-31','2023-08-31','2023-08-31','2023-08-31',1,5,4,'',NULL,'2023-08-30 10:18:30','2023-08-30 10:18:31','73356477159629','2023-09-10','87','2023-09-10',40815,41951,4,5,NULL,NULL,NULL,NULL,0.00,53896.00,1,357.00,NULL),(139,9362,'2023-08-31','2023-08-31','2023-08-31','2023-08-31',1,5,4,'',NULL,'2023-08-30 10:18:33','2023-08-30 10:18:34','73356477167170','2023-09-10','88','2023-09-10',40815,41952,4,5,NULL,NULL,NULL,NULL,0.00,44922.00,1,357.00,NULL),(140,9362,'2023-08-31','2023-08-31','2023-08-31','2023-08-31',1,5,4,'',NULL,'2023-08-30 10:18:36','2023-08-30 10:18:37','73356477174971','2023-09-10','89','2023-09-10',40815,41953,4,5,NULL,NULL,NULL,NULL,0.00,53896.00,1,357.00,NULL),(141,9362,'2023-08-31','2023-08-31','2023-08-31','2023-08-31',1,5,4,'',NULL,'2023-08-30 10:18:39','2023-08-30 10:18:39','73356477182579','2023-09-10','90','2023-09-10',40815,41954,4,5,NULL,NULL,NULL,NULL,0.00,29373.00,1,357.00,NULL),(142,9362,'2023-08-31','2023-08-31','2023-08-31','2023-08-31',1,5,4,'',NULL,'2023-08-30 10:18:42','2023-08-30 10:18:43','73356477191076','2023-09-10','91','2023-09-10',40815,41955,4,5,NULL,NULL,NULL,NULL,0.00,29373.00,1,357.00,NULL),(143,9362,'2023-08-31','2023-08-31','2023-08-31','2023-08-31',1,5,1,'',NULL,'2023-08-30 10:18:44','2023-08-30 10:18:45','73356477197132','2023-09-10','18','2023-09-10',40815,41956,4,1,NULL,NULL,NULL,NULL,0.00,71614.00,1,357.00,NULL),(144,9362,'2023-08-31','2023-08-31','2023-08-31','2023-08-31',1,5,1,'',NULL,'2023-08-30 10:18:47','2023-08-30 10:18:48','73356477204294','2023-09-10','19','2023-09-10',40815,41957,4,1,NULL,NULL,NULL,NULL,0.00,29373.00,1,357.00,NULL),(145,9362,'2023-08-31','2023-08-31','2023-08-31','2023-08-31',1,5,4,'',NULL,'2023-08-30 10:18:50','2023-08-30 10:18:51','73356477211508','2023-09-10','92','2023-09-10',40815,41958,4,5,NULL,NULL,NULL,NULL,0.00,49498.00,1,357.00,NULL),(146,9362,'2023-08-31','2023-08-31','2023-08-31','2023-08-31',1,5,6,'','{\"Tipo\":{\"id\":4,\"user_id\":null,\"created_at\":null,\"updated_at\":\"2023-02-16T11:52:52.000000Z\",\"name\":\"Factura B\",\"code\":\"6\",\"credit\":0,\"agroup_iva_module\":2,\"sell_no_taxabled\":0,\"buy_no_taxabled\":1,\"iva_condition_id\":2,\"is_fce_pyme\":0,\"afip_comprobante_id\":6,\"tipo\":\"Factura\",\"letra\":\"B\",\"facta_electronica\":1,\"is_stock_lpg\":0,\"show_from_total\":1,\"deleted_at\":null},\"PtoVta\":\"5\",\"Nro\":\"92\",\"CbteFch\":\"08-31-2023\",\"anula_comp_rechazado\":\"N\"}','2023-08-30 10:33:57','2023-08-30 10:33:58','73356479518948','2023-09-10','24','2023-09-10',40815,41958,4,5,NULL,NULL,NULL,NULL,0.00,49498.00,1,357.00,NULL);
INSERT INTO `fact_elec_receipts` VALUES (147,9362,'2023-08-31','2023-08-31','2023-08-31','2023-08-31',1,5,6,'','{\"Tipo\":{\"id\":6,\"user_id\":null,\"created_at\":null,\"updated_at\":\"2023-02-16T11:52:52.000000Z\",\"name\":\"Nota de cr\\u00e9dito B\",\"code\":\"8\",\"credit\":1,\"agroup_iva_module\":null,\"sell_no_taxabled\":0,\"buy_no_taxabled\":1,\"iva_condition_id\":2,\"is_fce_pyme\":0,\"afip_comprobante_id\":8,\"tipo\":\"Nota de Cr\\u00e9dito\",\"letra\":\"B\",\"facta_electronica\":1,\"is_stock_lpg\":0,\"show_from_total\":1,\"deleted_at\":null},\"PtoVta\":\"5\",\"Nro\":\"81\",\"CbteFch\":\"08-31-2023\",\"anula_comp_rechazado\":\"N\"}','2023-08-30 10:36:17','2023-08-30 10:36:18','73356479878065','2023-09-10','25','2023-09-10',40815,41009,4,5,NULL,NULL,NULL,NULL,0.00,1650.00,1,357.00,NULL),(148,9362,'2023-08-31','2023-08-31','2023-08-31','2023-08-31',1,5,6,'','{\"Tipo\":{\"id\":4,\"user_id\":null,\"created_at\":null,\"updated_at\":\"2023-02-16T11:52:52.000000Z\",\"name\":\"Factura B\",\"code\":\"6\",\"credit\":0,\"agroup_iva_module\":2,\"sell_no_taxabled\":0,\"buy_no_taxabled\":1,\"iva_condition_id\":2,\"is_fce_pyme\":0,\"afip_comprobante_id\":6,\"tipo\":\"Factura\",\"letra\":\"B\",\"facta_electronica\":1,\"is_stock_lpg\":0,\"show_from_total\":1,\"deleted_at\":null},\"PtoVta\":\"5\",\"Nro\":\"84\",\"CbteFch\":\"08-31-2023\",\"anula_comp_rechazado\":\"N\"}','2023-08-30 10:38:08','2023-08-30 10:38:10','73356480180669','2023-09-10','26','2023-09-10',40815,41012,4,5,NULL,NULL,NULL,NULL,0.00,28564.00,1,357.00,NULL),(149,9362,'2023-08-31','2023-08-31','2023-08-31','2023-08-31',1,5,4,'','{\"Tipo\":null,\"PtoVta\":null,\"Nro\":null,\"CbteFch\":\"08-30-2023\",\"anula_comp_rechazado\":\"N\"}','2023-08-30 11:00:38','2023-08-30 11:00:40','73356483673078','2023-09-10','93','2023-09-10',40815,41959,4,5,NULL,NULL,NULL,NULL,0.00,23305.00,1,357.00,NULL),(150,NULL,'2023-09-05','2023-09-05','2023-09-05','2023-09-10',1,5,4,'',NULL,'2023-09-10 21:55:20','2023-09-10 21:55:23','73376792701896','2023-09-15','94','2023-09-15',40815,42432,4,5,NULL,NULL,NULL,NULL,0.00,53896.00,1,347.00,NULL),(151,NULL,'2023-09-05','2023-09-05','2023-09-05','2023-09-10',1,5,4,'',NULL,'2023-09-10 21:55:25','2023-09-10 21:55:26','73376792704535','2023-09-15','95','2023-09-15',40815,41471,4,5,NULL,NULL,NULL,NULL,0.00,36888.00,1,347.00,NULL),(152,NULL,'2023-09-05','2023-09-05','2023-09-05','2023-09-10',1,5,4,'',NULL,'2023-09-10 21:55:28','2023-09-10 21:55:29','73376792707114','2023-09-15','96','2023-09-15',40815,41172,4,5,NULL,NULL,NULL,NULL,0.00,29373.00,1,347.00,NULL),(153,NULL,'2023-09-05','2023-09-05','2023-09-05','2023-09-10',1,5,1,'',NULL,'2023-09-10 21:55:31','2023-09-10 21:55:32','73376792709247','2023-09-15','20','2023-09-15',40815,42433,4,1,NULL,NULL,NULL,NULL,0.00,53896.00,1,347.00,NULL),(154,NULL,'2023-09-05','2023-09-05','2023-09-05','2023-09-10',1,5,4,'',NULL,'2023-09-10 21:55:34','2023-09-10 21:55:34','73376792711598','2023-09-15','97','2023-09-15',40815,42434,4,5,NULL,NULL,NULL,NULL,0.00,18714.01,1,347.00,NULL),(155,NULL,'2023-09-05','2023-09-05','2023-09-05','2023-09-10',1,5,4,'',NULL,'2023-09-10 21:55:37','2023-09-10 21:55:38','73376792714004','2023-09-15','98','2023-09-15',40815,42435,4,5,NULL,NULL,NULL,NULL,0.00,81870.00,1,347.00,NULL),(156,NULL,'2023-09-05','2023-09-05','2023-09-05','2023-09-10',1,5,4,'',NULL,'2023-09-10 21:55:40','2023-09-10 21:55:40','73376792716488','2023-09-15','99','2023-09-15',40815,42436,4,5,NULL,NULL,NULL,NULL,0.00,53876.00,1,347.00,NULL),(157,NULL,'2023-09-05','2023-09-05','2023-09-05','2023-09-10',1,5,4,'',NULL,'2023-09-10 21:55:42','2023-09-10 21:55:43','73376792719012','2023-09-15','100','2023-09-15',40815,42437,4,5,NULL,NULL,NULL,NULL,0.00,29373.00,1,347.00,NULL),(158,NULL,'2023-09-05','2023-09-05','2023-09-05','2023-09-10',1,5,4,'',NULL,'2023-09-10 21:55:45','2023-09-10 21:55:46','73376792721347','2023-09-15','101','2023-09-15',40815,42438,4,5,NULL,NULL,NULL,NULL,0.00,53876.00,1,347.00,NULL);
INSERT INTO `fact_elec_receipts` VALUES (159,NULL,'2023-09-05','2023-09-05','2023-09-05','2023-09-10',1,5,4,'',NULL,'2023-09-10 21:55:48','2023-09-10 21:55:49','73376792723483','2023-09-15','102','2023-09-15',40815,41672,4,5,NULL,NULL,NULL,NULL,0.00,53876.00,1,347.00,NULL),(160,NULL,'2023-09-05','2023-09-05','2023-09-05','2023-09-10',1,5,4,'',NULL,'2023-09-10 21:55:51','2023-09-10 21:55:52','73376792726122','2023-09-15','103','2023-09-15',40815,42439,4,5,NULL,NULL,NULL,NULL,0.00,29373.00,1,347.00,NULL),(161,NULL,'2023-09-05','2023-09-05','2023-09-05','2023-09-10',1,5,4,'',NULL,'2023-09-10 21:55:55','2023-09-10 21:55:55','73376792728700','2023-09-15','104','2023-09-15',40815,42440,4,5,NULL,NULL,NULL,NULL,0.00,46791.00,1,347.00,NULL),(162,NULL,'2023-09-05','2023-09-05','2023-09-05','2023-09-10',1,5,4,'',NULL,'2023-09-10 21:55:58','2023-09-10 21:55:59','73376792731772','2023-09-15','105','2023-09-15',40815,42441,4,5,NULL,NULL,NULL,NULL,0.00,46791.00,1,347.00,NULL),(163,NULL,'2023-09-05','2023-09-05','2023-09-05','2023-09-10',1,5,1,'',NULL,'2023-09-10 21:56:00','2023-09-10 21:56:01','73376792733656','2023-09-15','21','2023-09-15',40815,42442,4,1,NULL,NULL,NULL,NULL,0.00,107792.00,1,347.00,NULL),(164,NULL,'2023-09-05','2023-09-05','2023-09-05','2023-09-10',1,5,1,'',NULL,'2023-09-10 21:56:03','2023-09-10 21:56:03','73376792735543','2023-09-15','22','2023-09-15',40815,40924,4,1,NULL,NULL,NULL,NULL,0.00,48876.00,1,347.00,NULL),(165,NULL,'2023-09-05','2023-09-05','2023-09-05','2023-09-10',1,5,4,'',NULL,'2023-09-10 21:56:05','2023-09-10 21:56:06','73376792737736','2023-09-15','106','2023-09-15',40815,42443,4,5,NULL,NULL,NULL,NULL,0.00,23777.00,1,347.00,NULL),(166,NULL,'2023-09-05','2023-09-05','2023-09-05','2023-09-10',1,5,4,'',NULL,'2023-09-10 21:56:08','2023-09-10 21:56:09','73376792739916','2023-09-15','107','2023-09-15',40815,42444,4,5,NULL,NULL,NULL,NULL,0.00,11480.00,1,347.00,NULL),(167,NULL,'2023-09-05','2023-09-05','2023-09-05','2023-09-10',1,5,1,'',NULL,'2023-09-10 21:56:12','2023-09-10 21:56:12','73376792742420','2023-09-15','23','2023-09-15',40815,42445,4,1,NULL,NULL,NULL,NULL,0.00,234380.00,1,347.00,NULL),(168,9206,'2023-09-11','2023-09-11','2023-09-11','2023-09-11',1,5,1,'','{\"Tipo\":null,\"PtoVta\":null,\"Nro\":null,\"CbteFch\":\"09-11-2023\",\"anula_comp_rechazado\":\"N\"}','2023-09-11 15:09:33','2023-09-11 15:09:36','73376858062498','2023-09-21','24','2023-09-21',40815,40850,7,1,NULL,NULL,NULL,NULL,0.00,47625.99,1,347.00,NULL),(169,9362,'2023-09-12','2023-09-12','2023-09-12','2023-09-12',3,5,34,'','{\"Tipo\":null,\"PtoVta\":null,\"Nro\":null,\"CbteFch\":\"09-12-2023\",\"anula_comp_rechazado\":\"N\"}','2023-09-12 09:35:06','2023-09-12 09:35:08',NULL,NULL,NULL,NULL,40815,42446,4,1,NULL,NULL,NULL,NULL,0.00,21241.99,1,347.00,'2023-09-12 09:35:08'),(170,9362,'2023-09-12','2023-09-12','2023-09-12','2023-09-12',1,5,34,'','{\"Tipo\":null,\"PtoVta\":null,\"Nro\":null,\"CbteFch\":\"09-12-2023\",\"anula_comp_rechazado\":\"N\"}','2023-09-12 09:35:44','2023-09-12 09:35:46',NULL,NULL,NULL,NULL,40815,42446,4,1,NULL,NULL,NULL,NULL,0.00,21241.99,1,347.00,'2023-09-12 09:35:46'),(171,9362,'2023-09-13','2023-09-13','2023-09-13','2023-09-13',1,5,34,'','{\"Tipo\":null,\"PtoVta\":null,\"Nro\":null,\"CbteFch\":\"09-13-2023\",\"anula_comp_rechazado\":\"N\"}','2023-09-13 15:06:47','2023-09-13 15:06:49',NULL,NULL,NULL,NULL,40815,42446,4,1,NULL,NULL,NULL,NULL,0.00,21241.99,1,347.00,'2023-09-13 15:06:49'),(172,9362,'2023-09-13','2023-09-13','2023-09-13','2023-09-13',1,5,34,'','{\"Tipo\":null,\"PtoVta\":null,\"Nro\":null,\"CbteFch\":\"09-13-2023\",\"anula_comp_rechazado\":\"N\"}','2023-09-13 15:07:15','2023-09-13 15:07:16',NULL,NULL,NULL,NULL,40815,42446,4,1,NULL,NULL,NULL,NULL,0.00,21241.99,1,347.00,'2023-09-13 15:07:16');
INSERT INTO `fact_elec_receipts` VALUES (173,9206,'2023-09-13','2023-09-13','2023-09-13','2023-09-13',1,5,34,'','{\"Tipo\":null,\"PtoVta\":null,\"Nro\":null,\"CbteFch\":\"09-13-2023\",\"anula_comp_rechazado\":\"N\"}','2023-09-13 15:09:34','2023-09-13 15:09:36',NULL,NULL,NULL,NULL,40815,42446,7,1,NULL,NULL,NULL,NULL,0.00,21241.99,1,347.00,'2023-09-13 15:09:36'),(174,9206,'2023-09-13','2023-09-13','2023-09-13','2023-09-13',1,5,34,'','{\"Tipo\":null,\"PtoVta\":null,\"Nro\":null,\"CbteFch\":\"09-13-2023\",\"anula_comp_rechazado\":\"N\"}','2023-09-13 15:17:28','2023-09-13 15:17:30',NULL,NULL,NULL,NULL,40815,42446,7,1,NULL,NULL,NULL,NULL,0.00,21241.99,1,347.00,'2023-09-13 15:17:30'),(175,9206,'2023-09-13','2023-09-13','2023-09-13','2023-09-13',1,5,34,'','{\"Tipo\":null,\"PtoVta\":null,\"Nro\":null,\"CbteFch\":\"09-15-2023\",\"anula_comp_rechazado\":\"N\"}','2023-09-15 09:47:20','2023-09-15 09:47:23',NULL,NULL,NULL,NULL,40815,42446,7,1,NULL,NULL,NULL,NULL,0.00,42421.99,1,347.00,'2023-09-15 09:47:23'),(176,9206,'2023-09-13','2023-09-13','2023-09-13','2023-09-13',3,5,34,'','{\"Tipo\":null,\"PtoVta\":null,\"Nro\":null,\"CbteFch\":\"09-15-2023\",\"anula_comp_rechazado\":\"N\"}','2023-09-15 10:04:27','2023-09-15 10:04:29',NULL,NULL,NULL,NULL,40815,42446,7,1,NULL,NULL,NULL,NULL,0.00,42421.99,1,347.00,'2023-09-15 10:04:29'),(177,9206,'2023-09-13','2023-09-13','2023-09-13','2023-09-13',3,5,1,'','{\"Tipo\":null,\"PtoVta\":null,\"Nro\":null,\"CbteFch\":\"09-15-2023\",\"anula_comp_rechazado\":\"N\"}','2023-09-15 10:08:55','2023-09-15 10:08:57','73376264065207','2023-09-23','25','2023-09-23',40815,42446,7,1,NULL,NULL,NULL,NULL,0.00,42421.99,1,347.00,NULL),(178,9206,'2023-09-15','2023-09-19','2023-09-19','2023-09-19',1,5,1,'','{\"Tipo\":null,\"PtoVta\":null,\"Nro\":null,\"CbteFch\":\"09-19-2023\",\"anula_comp_rechazado\":\"N\"}','2023-09-19 17:57:17','2023-09-19 17:57:20','73386729353926','2023-09-25','26','2023-09-25',40815,43138,1,1,NULL,NULL,NULL,NULL,0.00,24602.93,1,347.00,NULL),(179,9206,'2023-09-15','2023-09-15','2023-09-15','2023-09-15',3,3,4,'','{\"Tipo\":null,\"PtoVta\":null,\"Nro\":null,\"CbteFch\":\"09-21-2023\",\"anula_comp_rechazado\":\"N\"}','2023-09-21 14:52:36','2023-09-21 14:52:39',NULL,NULL,NULL,NULL,40815,43144,3,5,NULL,NULL,NULL,NULL,0.00,29372.99,1,347.00,'2023-09-21 14:52:39'),(180,9206,'2023-09-21','2023-09-21','2023-09-21','2023-09-21',3,5,4,'','{\"Tipo\":null,\"PtoVta\":null,\"Nro\":null,\"CbteFch\":\"09-21-2023\",\"anula_comp_rechazado\":\"N\"}','2023-09-21 14:54:16','2023-09-21 14:54:18','73386951892176','2023-10-01','108','2023-10-01',40815,43144,3,5,NULL,NULL,NULL,NULL,0.00,29372.99,1,347.00,NULL),(181,9206,'2023-09-21','2023-09-21','2023-09-21','2023-09-21',1,5,4,'','{\"Tipo\":null,\"PtoVta\":null,\"Nro\":null,\"CbteFch\":\"09-21-2023\",\"anula_comp_rechazado\":\"N\"}','2023-09-21 15:17:48','2023-09-21 15:17:50','73386955040672','2023-10-01','109','2023-10-01',40815,43145,8,5,NULL,NULL,NULL,NULL,0.00,24836.99,1,347.00,NULL),(182,9206,'2023-09-21','2023-09-21','2023-09-21','2023-09-21',3,5,4,'','{\"Tipo\":null,\"PtoVta\":null,\"Nro\":null,\"CbteFch\":\"09-21-2023\",\"anula_comp_rechazado\":\"N\"}','2023-09-21 15:34:55','2023-09-21 15:34:56',NULL,NULL,NULL,NULL,40815,40952,4,5,NULL,NULL,NULL,NULL,0.00,53895.99,1,347.00,'2023-09-21 15:34:56'),(183,9206,'2023-09-21','2023-09-21','2023-09-21','2023-09-21',3,5,4,'','{\"Tipo\":null,\"PtoVta\":null,\"Nro\":null,\"CbteFch\":\"09-21-2023\",\"anula_comp_rechazado\":\"N\"}','2023-09-21 15:35:13','2023-09-21 15:35:15',NULL,NULL,NULL,NULL,40815,40952,4,5,NULL,NULL,NULL,NULL,0.00,53895.99,1,347.00,'2023-09-21 15:35:15'),(184,9206,'2023-09-21','2023-09-21','2023-09-21','2023-09-21',3,5,4,'','{\"Tipo\":null,\"PtoVta\":null,\"Nro\":null,\"CbteFch\":\"09-21-2023\",\"anula_comp_rechazado\":\"N\"}','2023-09-21 15:38:15','2023-09-21 15:38:19','73386957841231','2023-10-01','110','2023-10-01',40815,40814,7,5,NULL,NULL,NULL,NULL,0.00,53896.06,1,347.00,NULL);
INSERT INTO `fact_elec_receipts` VALUES (185,9206,'2023-09-21','2023-09-21','2023-09-21','2023-09-21',3,5,4,'','{\"Tipo\":null,\"PtoVta\":null,\"Nro\":null,\"CbteFch\":\"09-21-2023\",\"anula_comp_rechazado\":\"N\"}','2023-09-21 16:10:30','2023-09-21 16:10:32','73386962524465','2023-10-01','111','2023-10-01',40815,40814,7,5,NULL,NULL,NULL,NULL,0.00,72764.98,1,347.00,NULL),(186,9206,'2023-09-21','2023-09-21','2023-09-21','2023-09-21',3,5,4,'','{\"Tipo\":null,\"PtoVta\":null,\"Nro\":null,\"CbteFch\":\"09-21-2023\",\"anula_comp_rechazado\":\"N\"}','2023-09-21 16:11:48','2023-09-21 16:11:50','73386962706261','2023-10-01','112','2023-10-01',40815,40814,7,5,NULL,NULL,NULL,NULL,0.00,29372.99,1,347.00,NULL),(187,9206,'2023-09-21','2023-09-21','2023-09-21','2023-09-21',1,5,4,'','{\"Tipo\":null,\"PtoVta\":null,\"Nro\":null,\"CbteFch\":\"09-21-2023\",\"anula_comp_rechazado\":\"N\"}','2023-09-21 16:13:03','2023-09-21 16:13:05','73386962854740','2023-10-01','113','2023-10-01',40815,40814,7,5,NULL,NULL,NULL,NULL,0.00,29372.99,1,347.00,NULL),(188,9206,'2023-09-21','2023-09-21','2023-09-21','2023-09-21',3,5,4,'','{\"Tipo\":null,\"PtoVta\":null,\"Nro\":null,\"CbteFch\":\"09-21-2023\",\"anula_comp_rechazado\":\"N\"}','2023-09-21 16:15:27','2023-09-21 16:15:29','73386963157724','2023-10-01','114','2023-10-01',40815,40814,7,5,NULL,NULL,NULL,NULL,0.00,4535.93,1,347.00,NULL),(189,9656,'2023-09-21','2023-09-21','2023-09-21','2023-09-21',1,5,4,'','{\"Tipo\":null,\"PtoVta\":null,\"Nro\":null,\"CbteFch\":\"09-21-2023\",\"anula_comp_rechazado\":\"N\"}','2023-09-21 16:18:52','2023-09-21 16:18:54','73386963604611','2023-10-01','115','2023-10-01',40815,40814,7,5,NULL,NULL,NULL,NULL,0.00,29372.92,1,347.00,NULL),(190,9656,'2023-09-22','2023-09-22','2023-09-22','2023-09-22',1,5,1,'','{\"Tipo\":null,\"PtoVta\":null,\"Nro\":null,\"CbteFch\":\"09-22-2023\",\"anula_comp_rechazado\":\"N\"}','2023-09-22 17:48:43','2023-09-22 17:48:46','73386102774705','2023-10-02','27','2023-10-02',40815,43147,1,1,NULL,NULL,NULL,NULL,0.00,248379.97,1,347.00,NULL),(191,9656,'2023-09-25','2023-09-25','2023-09-25','2023-09-25',1,5,4,'','{\"Tipo\":null,\"PtoVta\":null,\"Nro\":null,\"CbteFch\":\"09-25-2023\",\"anula_comp_rechazado\":\"N\"}','2023-09-25 11:41:53','2023-09-25 11:41:56','73396327220171','2023-10-05','116','2023-10-05',40815,40938,7,5,NULL,NULL,NULL,NULL,0.00,29372.99,1,347.00,NULL),(192,9656,'2023-09-25','2023-09-25','2023-09-25','2023-09-25',1,5,4,'','{\"Tipo\":null,\"PtoVta\":null,\"Nro\":null,\"CbteFch\":\"09-25-2023\",\"anula_comp_rechazado\":\"N\"}','2023-09-25 11:46:29','2023-09-25 11:46:30','73396327715380','2023-10-05','117','2023-10-05',40815,40820,7,5,NULL,NULL,NULL,NULL,0.00,29372.99,1,347.00,NULL),(193,9656,'2023-09-25','2023-09-25','2023-09-25','2023-09-25',1,5,4,'','{\"Tipo\":null,\"PtoVta\":null,\"Nro\":null,\"CbteFch\":\"09-25-2023\",\"anula_comp_rechazado\":\"N\"}','2023-09-25 12:00:43','2023-09-25 12:00:45','73396329148523','2023-10-05','118','2023-10-05',40815,43148,7,5,NULL,NULL,NULL,NULL,0.00,53895.99,1,347.00,NULL),(194,9656,'2023-09-25','2023-09-25','2023-09-25','2023-09-25',1,5,4,'','{\"Tipo\":null,\"PtoVta\":null,\"Nro\":null,\"CbteFch\":\"09-25-2023\",\"anula_comp_rechazado\":\"N\"}','2023-09-25 12:06:54','2023-09-25 12:06:56','73396329804966','2023-10-05','119','2023-10-05',40815,40814,7,5,NULL,NULL,NULL,NULL,0.00,16999.96,1,347.00,NULL),(195,9206,'2023-09-26','2023-09-28','2023-09-28','2023-09-28',1,5,4,'','{\"Tipo\":null,\"PtoVta\":null,\"Nro\":null,\"CbteFch\":\"09-28-2023\",\"anula_comp_rechazado\":\"N\"}','2023-09-28 16:56:37','2023-09-28 16:56:40','73396710603191','2023-10-06','120','2023-10-06',40815,43149,3,5,NULL,NULL,NULL,NULL,0.00,25888.99,1,347.00,NULL),(196,9206,'2023-09-26','2023-09-28','2023-09-28','2023-09-28',1,5,4,'','{\"Tipo\":null,\"PtoVta\":null,\"Nro\":null,\"CbteFch\":\"09-28-2023\",\"anula_comp_rechazado\":\"N\"}','2023-09-28 17:00:20','2023-09-28 17:00:21','73396711140117','2023-10-06','121','2023-10-06',40815,43150,3,5,NULL,NULL,NULL,NULL,0.00,28024.00,1,347.00,NULL);
INSERT INTO `fact_elec_receipts` VALUES (197,NULL,'2023-09-26','2023-09-26','2023-09-26','2023-09-26',1,5,4,'',NULL,'2023-09-28 22:41:18','2023-09-28 22:41:20','73396750905885','2023-10-06','122','2023-10-06',40815,43151,4,5,NULL,NULL,NULL,NULL,0.00,11938.01,1,347.00,NULL),(198,NULL,'2023-09-26','2023-09-26','2023-09-26','2023-09-26',1,5,4,'',NULL,'2023-09-28 22:41:23','2023-09-28 22:41:24','73396750908448','2023-10-06','123','2023-10-06',40815,43152,4,5,NULL,NULL,NULL,NULL,0.00,44330.00,1,347.00,NULL),(199,NULL,'2023-09-26','2023-09-26','2023-09-26','2023-09-26',1,5,4,'',NULL,'2023-09-28 22:41:27','2023-09-28 22:41:28','73396750912733','2023-10-06','124','2023-10-06',40815,43153,4,5,NULL,NULL,NULL,NULL,0.00,28024.00,1,347.00,NULL),(200,NULL,'2023-09-26','2023-09-26','2023-09-26','2023-09-26',1,5,4,'',NULL,'2023-09-28 22:41:31','2023-09-28 22:41:32','73396750915118','2023-10-06','125','2023-10-06',40815,43154,4,5,NULL,NULL,NULL,NULL,0.00,4536.00,1,347.00,NULL),(201,NULL,'2023-09-26','2023-09-26','2023-09-26','2023-09-26',1,5,4,'',NULL,'2023-09-28 22:41:35','2023-09-28 22:41:36','73396750917801','2023-10-06','126','2023-10-06',40815,43155,4,5,NULL,NULL,NULL,NULL,0.00,28024.00,1,347.00,NULL),(202,NULL,'2023-09-26','2023-09-26','2023-09-26','2023-09-26',1,5,4,'',NULL,'2023-09-28 22:41:40','2023-09-28 22:41:41','73396750920124','2023-10-06','127','2023-10-06',40815,43156,4,5,NULL,NULL,NULL,NULL,0.00,194000.00,1,347.00,NULL),(203,NULL,'2023-09-26','2023-09-26','2023-09-26','2023-09-26',1,5,4,'',NULL,'2023-09-28 22:41:44','2023-09-28 22:41:45','73396750922448','2023-10-06','128','2023-10-06',40815,43154,4,5,NULL,NULL,NULL,NULL,0.00,24837.00,1,347.00,NULL),(204,NULL,'2023-09-26','2023-09-26','2023-09-26','2023-09-26',1,5,4,'',NULL,'2023-09-28 22:41:48','2023-09-28 22:41:49','73396750924686','2023-10-06','129','2023-10-06',40815,43157,4,5,NULL,NULL,NULL,NULL,0.00,21000.00,1,347.00,NULL),(205,NULL,'2023-09-28','2023-09-28','2023-09-28','2023-09-28',1,5,4,'',NULL,'2023-09-28 22:41:49','2023-09-28 22:41:51','73396750927265','2023-10-08','130','2023-10-08',40815,43151,4,5,NULL,NULL,NULL,NULL,0.00,11938.01,1,347.00,NULL),(206,NULL,'2023-09-26','2023-09-26','2023-09-26','2023-09-26',1,5,4,'',NULL,'2023-09-28 22:41:52','2023-09-28 22:41:53',NULL,NULL,NULL,NULL,40815,40815,4,5,NULL,NULL,NULL,NULL,0.00,50000.00,1,347.00,'2023-09-28 22:41:53'),(207,9206,'2023-09-28','2023-09-28','2023-09-28','2023-09-29',1,5,1,'','{\"Tipo\":null,\"PtoVta\":null,\"Nro\":null,\"CbteFch\":\"09-29-2023\",\"anula_comp_rechazado\":\"N\"}','2023-09-29 16:37:27','2023-09-29 16:37:30','73396837132462','2023-10-08','28','2023-10-08',40815,43172,7,1,NULL,NULL,NULL,NULL,0.00,191919.92,1,347.00,NULL),(208,9656,'2023-09-28','2023-09-28','2023-09-28','2023-09-28',1,5,4,'','{\"Tipo\":null,\"PtoVta\":null,\"Nro\":null,\"CbteFch\":\"10-03-2023\",\"anula_comp_rechazado\":\"N\"}','2023-10-03 14:44:20','2023-10-03 14:44:23','73406288889575','2023-10-08','131','2023-10-08',40815,41010,8,5,NULL,NULL,NULL,NULL,0.00,34104.00,1,347.00,NULL),(209,9656,'2023-09-28','2023-09-28','2023-09-28','2023-09-28',1,5,4,'','{\"Tipo\":null,\"PtoVta\":null,\"Nro\":null,\"CbteFch\":\"10-03-2023\",\"anula_comp_rechazado\":\"N\"}','2023-10-03 14:48:59','2023-10-03 14:49:01','73406289547429','2023-10-08','132','2023-10-08',40815,40943,8,5,NULL,NULL,NULL,NULL,0.00,51349.99,1,347.00,NULL),(210,9656,'2023-09-29','2023-09-29','2023-09-29','2023-09-29',1,5,4,'','{\"Tipo\":null,\"PtoVta\":null,\"Nro\":null,\"CbteFch\":\"10-03-2023\",\"anula_comp_rechazado\":\"N\"}','2023-10-03 14:55:01','2023-10-03 14:55:03','73406290472668','2023-10-09','133','2023-10-09',40815,43173,8,5,NULL,NULL,NULL,NULL,0.00,28024.00,1,347.00,NULL),(211,9206,'2023-09-29','2023-09-29','2023-09-29','2023-10-03',1,5,1,'','{\"Tipo\":null,\"PtoVta\":null,\"Nro\":null,\"CbteFch\":\"10-03-2023\",\"anula_comp_rechazado\":\"N\"}','2023-10-03 22:44:31','2023-10-03 22:44:33','73406349647213','2023-10-09','29','2023-10-09',40815,43174,4,1,NULL,NULL,NULL,NULL,0.00,102699.96,1,347.00,NULL);
INSERT INTO `fact_elec_receipts` VALUES (212,9206,'2023-09-29','2023-09-29','2023-09-29','2023-10-03',1,5,4,'','{\"Tipo\":null,\"PtoVta\":null,\"Nro\":null,\"CbteFch\":\"10-03-2023\",\"anula_comp_rechazado\":\"N\"}','2023-10-03 22:58:27','2023-10-03 22:58:29','73406350278473','2023-10-09','134','2023-10-09',40815,43175,7,5,NULL,NULL,NULL,NULL,0.00,69999.98,1,347.00,NULL),(213,9206,'2023-09-29','2023-09-29','2023-09-29','2023-10-03',1,5,4,'','{\"Tipo\":null,\"PtoVta\":null,\"Nro\":null,\"CbteFch\":\"10-03-2023\",\"anula_comp_rechazado\":\"N\"}','2023-10-03 23:04:39','2023-10-03 23:04:41','73406350535513','2023-10-09','135','2023-10-09',40815,43176,7,1,NULL,NULL,NULL,NULL,0.00,191920.27,1,347.00,NULL),(214,9206,'2023-09-29','2023-09-29','2023-09-29','2023-10-03',1,5,4,'','{\"Tipo\":null,\"PtoVta\":null,\"Nro\":null,\"CbteFch\":\"10-03-2023\",\"anula_comp_rechazado\":\"N\"}','2023-10-03 23:06:51','2023-10-03 23:06:53','73406350660551','2023-10-09','136','2023-10-09',40815,43177,7,1,NULL,NULL,NULL,NULL,0.00,51349.98,1,347.00,NULL),(215,9206,'2023-09-29','2023-09-29','2023-09-29','2023-10-03',1,5,4,'','{\"Tipo\":null,\"PtoVta\":null,\"Nro\":null,\"CbteFch\":\"10-03-2023\",\"anula_comp_rechazado\":\"N\"}','2023-10-03 23:09:10','2023-10-03 23:09:12','73406350753799','2023-10-09','137','2023-10-09',40815,43178,7,1,NULL,NULL,NULL,NULL,0.00,51349.98,1,347.00,NULL),(216,9206,'2023-09-29','2023-09-29','2023-09-29','2023-10-03',1,5,4,'','{\"Tipo\":null,\"PtoVta\":null,\"Nro\":null,\"CbteFch\":\"10-03-2023\",\"anula_comp_rechazado\":\"N\"}','2023-10-03 23:14:48','2023-10-03 23:14:49','73406350952909','2023-10-09','138','2023-10-09',40815,40814,7,5,NULL,NULL,NULL,NULL,0.00,18575.92,1,347.00,NULL),(217,9206,'2023-09-30','2023-09-30','2023-09-30','2023-10-04',1,5,4,'','{\"Tipo\":null,\"PtoVta\":null,\"Nro\":null,\"CbteFch\":\"10-04-2023\",\"anula_comp_rechazado\":\"N\"}','2023-10-04 16:01:40','2023-10-04 16:01:43','73406427776702','2023-10-10','139','2023-10-10',40815,40814,8,5,NULL,NULL,NULL,NULL,0.00,27225.00,1,347.00,NULL),(218,9206,'2023-10-05','2023-10-05','2023-10-05','2023-10-05',1,5,4,'',NULL,'2023-10-06 12:03:45','2023-10-06 12:03:48','73406660248798','2023-10-15','140','2023-10-15',40815,44147,7,5,NULL,NULL,NULL,NULL,0.00,12039.98,1,347.00,NULL),(219,9206,'2023-10-06','2023-10-06','2023-10-06','2023-10-06',1,5,1,'',NULL,'2023-10-06 16:10:16','2023-10-06 16:10:18','73406697258926','2023-10-16','30','2023-10-16',40815,44152,7,1,NULL,NULL,NULL,NULL,0.00,11560.00,1,347.00,NULL),(220,9656,'2023-10-06','2023-10-06','2023-10-06','2023-10-06',1,5,34,'','{\"Tipo\":null,\"PtoVta\":null,\"Nro\":null,\"CbteFch\":\"10-10-2023\",\"anula_comp_rechazado\":\"N\"}','2023-10-10 13:40:31','2023-10-10 13:40:34',NULL,NULL,NULL,NULL,40815,44154,3,5,NULL,NULL,NULL,NULL,0.00,23488.00,1,347.00,'2023-10-10 13:40:34'),(221,9656,'2023-10-06','2023-10-06','2023-10-06','2023-10-06',1,5,34,'','{\"Tipo\":null,\"PtoVta\":null,\"Nro\":null,\"CbteFch\":\"10-10-2023\",\"anula_comp_rechazado\":\"N\"}','2023-10-10 13:44:31','2023-10-10 13:44:33',NULL,NULL,NULL,NULL,40815,44154,3,5,NULL,NULL,NULL,NULL,0.00,23488.00,1,347.00,'2023-10-10 13:44:33'),(222,9656,'2023-10-06','2023-10-06','2023-10-06','2023-10-06',1,5,4,'','{\"Tipo\":null,\"PtoVta\":null,\"Nro\":null,\"CbteFch\":\"10-10-2023\",\"anula_comp_rechazado\":\"N\"}','2023-10-10 13:45:18','2023-10-10 13:45:19','73416120914726','2023-10-16','141','2023-10-16',40815,44154,3,5,NULL,NULL,NULL,NULL,0.00,23488.00,1,347.00,NULL),(223,9656,'2023-10-06','2023-10-06','2023-10-06','2023-10-06',1,5,4,'','{\"Tipo\":null,\"PtoVta\":null,\"Nro\":null,\"CbteFch\":\"10-10-2023\",\"anula_comp_rechazado\":\"N\"}','2023-10-10 13:51:49','2023-10-10 13:51:50','73416121971183','2023-10-16','142','2023-10-16',40815,44155,3,5,NULL,NULL,NULL,NULL,0.00,23488.00,1,347.00,NULL);
INSERT INTO `fact_elec_receipts` VALUES (224,9656,'2023-10-06','2023-10-06','2023-10-06','2023-10-06',1,5,4,'','{\"Tipo\":null,\"PtoVta\":null,\"Nro\":null,\"CbteFch\":\"10-10-2023\",\"anula_comp_rechazado\":\"N\"}','2023-10-10 13:56:27','2023-10-10 13:56:28','73416122602183','2023-10-16','143','2023-10-16',40815,44156,3,5,NULL,NULL,NULL,NULL,0.00,29977.99,1,347.00,NULL),(225,9656,'2023-10-06','2023-10-06','2023-10-06','2023-10-06',1,5,4,'','{\"Tipo\":null,\"PtoVta\":null,\"Nro\":null,\"CbteFch\":\"10-10-2023\",\"anula_comp_rechazado\":\"N\"}','2023-10-10 14:04:53','2023-10-10 14:04:54','73416123729016','2023-10-16','144','2023-10-16',40815,44157,2,5,NULL,NULL,NULL,NULL,0.00,23488.00,1,347.00,NULL),(226,9656,'2023-10-06','2023-10-06','2023-10-06','2023-10-06',1,5,4,'','{\"Tipo\":null,\"PtoVta\":null,\"Nro\":null,\"CbteFch\":\"10-10-2023\",\"anula_comp_rechazado\":\"N\"}','2023-10-10 14:13:07','2023-10-10 14:13:08','73416124972624','2023-10-16','145','2023-10-16',40815,44158,3,5,NULL,NULL,NULL,NULL,0.00,23488.00,1,347.00,NULL),(227,9656,'2023-10-06','2023-10-06','2023-10-06','2023-10-06',1,5,1,'','{\"Tipo\":null,\"PtoVta\":null,\"Nro\":null,\"CbteFch\":\"10-10-2023\",\"anula_comp_rechazado\":\"N\"}','2023-10-10 14:19:32','2023-10-10 14:19:33','73416126084589','2023-10-16','31','2023-10-16',40815,44159,3,1,NULL,NULL,NULL,NULL,0.00,177319.98,1,347.00,NULL),(228,9656,'2023-10-06','2023-10-06','2023-10-06','2023-10-06',1,5,4,'','{\"Tipo\":null,\"PtoVta\":null,\"Nro\":null,\"CbteFch\":\"10-10-2023\",\"anula_comp_rechazado\":\"N\"}','2023-10-10 14:32:42','2023-10-10 14:32:44','73416128224825','2023-10-16','146','2023-10-16',40815,44160,3,5,NULL,NULL,NULL,NULL,0.00,59114.00,1,347.00,NULL),(229,9656,'2023-10-06','2023-10-06','2023-10-06','2023-10-06',1,5,4,'','{\"Tipo\":null,\"PtoVta\":null,\"Nro\":null,\"CbteFch\":\"10-10-2023\",\"anula_comp_rechazado\":\"N\"}','2023-10-10 15:01:06','2023-10-10 15:01:08','73416132888755','2023-10-16','147','2023-10-16',40815,44161,3,5,NULL,NULL,NULL,NULL,0.00,44330.00,1,347.00,NULL),(230,9656,'2023-10-06','2023-10-06','2023-10-06','2023-10-06',1,5,4,'','{\"Tipo\":null,\"PtoVta\":null,\"Nro\":null,\"CbteFch\":\"10-10-2023\",\"anula_comp_rechazado\":\"N\"}','2023-10-10 15:04:16','2023-10-10 15:04:18','73416133420668','2023-10-16','148','2023-10-16',40815,44162,3,5,NULL,NULL,NULL,NULL,0.00,23488.00,1,347.00,NULL),(231,9656,'2023-10-06','2023-10-06','2023-10-06','2023-10-06',1,5,4,'','{\"Tipo\":null,\"PtoVta\":null,\"Nro\":null,\"CbteFch\":\"10-10-2023\",\"anula_comp_rechazado\":\"N\"}','2023-10-10 15:18:12','2023-10-10 15:18:13','73416136109320','2023-10-16','149','2023-10-16',40815,44163,3,5,NULL,NULL,NULL,NULL,0.00,43377.99,1,347.00,NULL),(232,9656,'2023-10-06','2023-10-06','2023-10-06','2023-10-06',1,5,4,'','{\"Tipo\":null,\"PtoVta\":null,\"Nro\":null,\"CbteFch\":\"10-10-2023\",\"anula_comp_rechazado\":\"N\"}','2023-10-10 15:24:23','2023-10-10 15:24:25','73416137213396','2023-10-16','150','2023-10-16',40815,44164,3,5,NULL,NULL,NULL,NULL,0.00,23488.00,1,347.00,NULL),(233,9656,'2023-10-06','2023-10-06','2023-10-06','2023-10-06',1,5,4,'','{\"Tipo\":null,\"PtoVta\":null,\"Nro\":null,\"CbteFch\":\"10-10-2023\",\"anula_comp_rechazado\":\"N\"}','2023-10-10 15:28:13','2023-10-10 15:28:15','73416137859278','2023-10-16','151','2023-10-16',40815,44165,3,5,NULL,NULL,NULL,NULL,0.00,38272.00,1,347.00,NULL),(234,9656,'2023-10-06','2023-10-06','2023-10-06','2023-10-06',1,5,4,'','{\"Tipo\":null,\"PtoVta\":null,\"Nro\":null,\"CbteFch\":\"10-10-2023\",\"anula_comp_rechazado\":\"N\"}','2023-10-10 15:32:35','2023-10-10 15:32:37','73416138567431','2023-10-16','152','2023-10-16',40815,44166,3,5,NULL,NULL,NULL,NULL,0.00,44330.00,1,347.00,NULL),(235,9656,'2023-10-06','2023-10-06','2023-10-06','2023-10-06',1,5,4,'','{\"Tipo\":null,\"PtoVta\":null,\"Nro\":null,\"CbteFch\":\"10-10-2023\",\"anula_comp_rechazado\":\"N\"}','2023-10-10 15:35:04','2023-10-10 15:35:06','73416138977686','2023-10-16','153','2023-10-16',40815,44167,3,5,NULL,NULL,NULL,NULL,0.00,23488.00,1,347.00,NULL);
INSERT INTO `fact_elec_receipts` VALUES (236,9656,'2023-10-06','2023-10-06','2023-10-06','2023-10-06',1,5,4,'','{\"Tipo\":null,\"PtoVta\":null,\"Nro\":null,\"CbteFch\":\"10-10-2023\",\"anula_comp_rechazado\":\"N\"}','2023-10-10 15:39:24','2023-10-10 15:39:26','73416139739133','2023-10-16','154','2023-10-16',40815,44167,3,5,NULL,NULL,NULL,NULL,0.00,14784.00,1,347.00,NULL),(237,9656,'2023-10-07','2023-10-07','2023-10-07','2023-10-07',1,5,4,'','{\"Tipo\":null,\"PtoVta\":null,\"Nro\":null,\"CbteFch\":\"10-10-2023\",\"anula_comp_rechazado\":\"N\"}','2023-10-10 15:45:50','2023-10-10 15:45:52','73416140856809','2023-10-17','155','2023-10-17',40815,43173,3,5,NULL,NULL,NULL,NULL,0.00,10692.00,1,347.00,NULL),(238,9656,'2023-10-07','2023-10-07','2023-10-07','2023-10-07',1,5,4,'','{\"Tipo\":null,\"PtoVta\":null,\"Nro\":null,\"CbteFch\":\"10-10-2023\",\"anula_comp_rechazado\":\"N\"}','2023-10-10 15:48:41','2023-10-10 15:48:43','73416141368973','2023-10-17','156','2023-10-17',40815,44168,3,5,NULL,NULL,NULL,NULL,0.00,17379.98,1,347.00,NULL),(239,9656,'2023-10-07','2023-10-07','2023-10-07','2023-10-07',1,5,4,'','{\"Tipo\":null,\"PtoVta\":null,\"Nro\":null,\"CbteFch\":\"10-10-2023\",\"anula_comp_rechazado\":\"N\"}','2023-10-10 15:55:11','2023-10-10 15:55:13','73416142485602','2023-10-17','157','2023-10-17',40815,44169,3,5,NULL,NULL,NULL,NULL,0.00,23488.00,1,347.00,NULL),(240,9656,'2023-10-07','2023-10-07','2023-10-07','2023-10-07',1,5,4,'','{\"Tipo\":null,\"PtoVta\":null,\"Nro\":null,\"CbteFch\":\"10-10-2023\",\"anula_comp_rechazado\":\"N\"}','2023-10-10 16:00:28','2023-10-10 16:00:30','73416143388442','2023-10-17','158','2023-10-17',40815,44170,3,5,NULL,NULL,NULL,NULL,0.00,53056.00,1,347.00,NULL),(241,9656,'2023-10-07','2023-10-07','2023-10-07','2023-10-07',1,5,4,'','{\"Tipo\":null,\"PtoVta\":null,\"Nro\":null,\"CbteFch\":\"10-10-2023\",\"anula_comp_rechazado\":\"N\"}','2023-10-10 16:12:28','2023-10-10 16:12:30','73416145295337','2023-10-17','159','2023-10-17',40815,44171,3,5,NULL,NULL,NULL,NULL,0.00,88659.99,1,347.00,NULL),(242,9656,'2023-10-07','2023-10-07','2023-10-07','2023-10-07',1,5,4,'','{\"Tipo\":null,\"PtoVta\":null,\"Nro\":null,\"CbteFch\":\"10-10-2023\",\"anula_comp_rechazado\":\"N\"}','2023-10-10 16:15:17','2023-10-10 16:15:18','73416145713310','2023-10-17','160','2023-10-17',40815,44172,3,5,NULL,NULL,NULL,NULL,0.00,23488.00,1,347.00,NULL),(243,9656,'2023-10-07','2023-10-07','2023-10-07','2023-10-07',1,5,4,'','{\"Tipo\":null,\"PtoVta\":null,\"Nro\":null,\"CbteFch\":\"10-10-2023\",\"anula_comp_rechazado\":\"N\"}','2023-10-10 16:19:41','2023-10-10 16:19:43','73416146400869','2023-10-17','161','2023-10-17',40815,44173,3,5,NULL,NULL,NULL,NULL,0.00,23488.00,1,347.00,NULL),(244,9656,'2023-10-07','2023-10-07','2023-10-07','2023-10-07',1,5,4,'','{\"Tipo\":null,\"PtoVta\":null,\"Nro\":null,\"CbteFch\":\"10-11-2023\",\"anula_comp_rechazado\":\"N\"}','2023-10-11 13:00:13','2023-10-11 13:00:16','73416250215890','2023-10-17','162','2023-10-17',40815,44174,3,5,NULL,NULL,NULL,NULL,0.00,44330.00,1,347.00,NULL),(245,9656,'2023-10-07','2023-10-07','2023-10-07','2023-10-07',3,5,4,'','{\"Tipo\":null,\"PtoVta\":null,\"Nro\":null,\"CbteFch\":\"10-11-2023\",\"anula_comp_rechazado\":\"N\"}','2023-10-11 13:12:40','2023-10-11 13:12:41','73416251965073','2023-10-17','163','2023-10-17',40815,44175,3,5,NULL,NULL,NULL,NULL,0.00,44330.00,1,347.00,NULL),(246,9656,'2023-10-07','2023-10-07','2023-10-07','2023-10-07',1,4,4,'','{\"Tipo\":null,\"PtoVta\":null,\"Nro\":null,\"CbteFch\":\"10-11-2023\",\"anula_comp_rechazado\":\"N\"}','2023-10-11 13:44:15','2023-10-11 13:44:16',NULL,NULL,NULL,NULL,40815,44177,7,1,NULL,NULL,NULL,NULL,0.00,28024.00,1,347.00,'2023-10-11 13:44:16'),(247,9656,'2023-10-07','2023-10-07','2023-10-07','2023-10-07',1,4,4,'','{\"Tipo\":null,\"PtoVta\":null,\"Nro\":null,\"CbteFch\":\"10-11-2023\",\"anula_comp_rechazado\":\"N\"}','2023-10-11 13:44:35','2023-10-11 13:44:37',NULL,NULL,NULL,NULL,40815,44177,7,1,NULL,NULL,NULL,NULL,0.00,28024.00,1,347.00,'2023-10-11 13:44:37');
INSERT INTO `fact_elec_receipts` VALUES (248,9656,'2023-10-07','2023-10-07','2023-10-07','2023-10-07',1,4,4,'','{\"Tipo\":null,\"PtoVta\":null,\"Nro\":null,\"CbteFch\":\"10-11-2023\",\"anula_comp_rechazado\":\"N\"}','2023-10-11 13:44:58','2023-10-11 13:44:59',NULL,NULL,NULL,NULL,40815,44177,7,1,NULL,NULL,NULL,NULL,0.00,28024.00,1,347.00,'2023-10-11 13:44:59'),(249,9656,'2023-10-07','2023-10-07','2023-10-07','2023-10-07',1,5,1,'','{\"Tipo\":null,\"PtoVta\":null,\"Nro\":null,\"CbteFch\":\"10-11-2023\",\"anula_comp_rechazado\":\"N\"}','2023-10-11 14:17:03','2023-10-11 14:17:05','73416260223082','2023-10-17','32','2023-10-17',40815,44177,7,1,NULL,NULL,NULL,NULL,0.00,28024.00,1,347.00,NULL),(250,9656,'2023-10-07','2023-10-07','2023-10-07','2023-10-07',1,5,4,'','{\"Tipo\":null,\"PtoVta\":null,\"Nro\":null,\"CbteFch\":\"10-11-2023\",\"anula_comp_rechazado\":\"N\"}','2023-10-11 14:22:58','2023-10-11 14:23:00','73416260942413','2023-10-17','164','2023-10-17',40815,40814,3,5,NULL,NULL,NULL,NULL,0.00,23488.00,1,347.00,NULL),(251,9656,'2023-10-07','2023-10-07','2023-10-07','2023-10-07',1,5,4,'','{\"Tipo\":null,\"PtoVta\":null,\"Nro\":null,\"CbteFch\":\"10-11-2023\",\"anula_comp_rechazado\":\"N\"}','2023-10-11 14:43:25','2023-10-11 14:43:28','73416263652201','2023-10-17','165','2023-10-17',40815,44178,3,5,NULL,NULL,NULL,NULL,0.00,23488.00,1,347.00,NULL),(252,9656,'2023-10-09','2023-10-09','2023-10-09','2023-10-09',1,5,4,'','{\"Tipo\":null,\"PtoVta\":null,\"Nro\":null,\"CbteFch\":\"10-11-2023\",\"anula_comp_rechazado\":\"N\"}','2023-10-11 14:53:40','2023-10-11 14:53:42','73416264983274','2023-10-19','166','2023-10-19',40815,44179,8,6,NULL,NULL,NULL,NULL,0.00,14784.00,1,347.00,NULL),(253,9656,'2023-10-09','2023-10-09','2023-10-09','2023-10-09',1,5,4,'','{\"Tipo\":null,\"PtoVta\":null,\"Nro\":null,\"CbteFch\":\"10-11-2023\",\"anula_comp_rechazado\":\"N\"}','2023-10-11 16:49:14','2023-10-11 16:49:16','73416281218721','2023-10-19','167','2023-10-19',40815,44180,3,5,NULL,NULL,NULL,NULL,0.00,38272.00,1,347.00,NULL),(254,9656,'2023-10-09','2023-10-09','2023-10-09','2023-10-09',1,5,4,'','{\"Tipo\":null,\"PtoVta\":null,\"Nro\":null,\"CbteFch\":\"10-11-2023\",\"anula_comp_rechazado\":\"N\"}','2023-10-11 16:52:46','2023-10-11 16:52:48','73416281758935','2023-10-19','168','2023-10-19',40815,44181,3,5,NULL,NULL,NULL,NULL,0.00,44330.00,1,347.00,NULL),(255,9656,'2023-10-09','2023-10-09','2023-10-09','2023-10-09',1,4,4,'','{\"Tipo\":null,\"PtoVta\":null,\"Nro\":null,\"CbteFch\":\"10-11-2023\",\"anula_comp_rechazado\":\"N\"}','2023-10-11 16:56:22','2023-10-11 16:56:24',NULL,NULL,NULL,NULL,40815,44182,3,5,NULL,NULL,NULL,NULL,0.00,23488.00,1,347.00,'2023-10-11 16:56:24'),(256,9656,'2023-10-09','2023-10-09','2023-10-09','2023-10-09',1,5,4,'','{\"Tipo\":null,\"PtoVta\":null,\"Nro\":null,\"CbteFch\":\"10-11-2023\",\"anula_comp_rechazado\":\"N\"}','2023-10-11 16:57:20','2023-10-11 16:57:22','73416282470221','2023-10-19','169','2023-10-19',40815,44182,3,5,NULL,NULL,NULL,NULL,0.00,23488.00,1,347.00,NULL),(257,9656,'2023-10-09','2023-10-09','2023-10-09','2023-10-09',1,5,4,'','{\"Tipo\":null,\"PtoVta\":null,\"Nro\":null,\"CbteFch\":\"10-11-2023\",\"anula_comp_rechazado\":\"N\"}','2023-10-11 17:04:57','2023-10-11 17:05:00','73416283624636','2023-10-19','170','2023-10-19',40815,43644,8,4,NULL,NULL,NULL,NULL,0.00,25244.99,1,347.00,NULL),(258,9656,'2023-10-09','2023-10-09','2023-10-09','2023-10-09',1,5,4,'','{\"Tipo\":null,\"PtoVta\":null,\"Nro\":null,\"CbteFch\":\"10-11-2023\",\"anula_comp_rechazado\":\"N\"}','2023-10-11 17:12:18','2023-10-11 17:12:19','73416284745021','2023-10-19','171','2023-10-19',40815,44183,3,5,NULL,NULL,NULL,NULL,0.00,23488.00,1,347.00,NULL),(259,9656,'2023-10-09','2023-10-09','2023-10-09','2023-10-09',1,5,4,'','{\"Tipo\":null,\"PtoVta\":null,\"Nro\":null,\"CbteFch\":\"10-11-2023\",\"anula_comp_rechazado\":\"N\"}','2023-10-11 17:16:25','2023-10-11 17:16:28','73416285422129','2023-10-19','172','2023-10-19',40815,44184,3,5,NULL,NULL,NULL,NULL,0.00,23488.00,1,347.00,NULL);
INSERT INTO `fact_elec_receipts` VALUES (260,9656,'2023-10-09','2023-10-09','2023-10-09','2023-10-09',1,5,4,'','{\"Tipo\":null,\"PtoVta\":null,\"Nro\":null,\"CbteFch\":\"10-11-2023\",\"anula_comp_rechazado\":\"N\"}','2023-10-11 17:29:36','2023-10-11 17:29:38','73416287413048','2023-10-19','173','2023-10-19',40815,44185,3,5,NULL,NULL,NULL,NULL,0.00,23488.00,1,347.00,NULL),(261,9656,'2023-10-09','2023-10-09','2023-10-09','2023-10-09',1,5,4,'','{\"Tipo\":null,\"PtoVta\":null,\"Nro\":null,\"CbteFch\":\"10-13-2023\",\"anula_comp_rechazado\":\"N\"}','2023-10-13 12:07:05','2023-10-13 12:07:07','73416486488290','2023-10-19','174','2023-10-19',40815,44186,2,5,NULL,NULL,NULL,NULL,0.00,3235.00,1,347.00,NULL),(262,9656,'2023-10-10','2023-10-10','2023-10-10','2023-10-10',1,5,4,'','{\"Tipo\":null,\"PtoVta\":null,\"Nro\":null,\"CbteFch\":\"10-13-2023\",\"anula_comp_rechazado\":\"N\"}','2023-10-13 12:09:52','2023-10-13 12:09:53','73416486900382','2023-10-20','175','2023-10-20',40815,44187,3,6,NULL,NULL,NULL,NULL,0.00,23488.00,1,347.00,NULL),(263,9656,'2023-10-10','2023-10-10','2023-10-10','2023-10-10',1,5,4,'','{\"Tipo\":null,\"PtoVta\":null,\"Nro\":null,\"CbteFch\":\"10-13-2023\",\"anula_comp_rechazado\":\"N\"}','2023-10-13 12:15:23','2023-10-13 12:15:25','73416487693175','2023-10-20','176','2023-10-20',40815,44188,3,5,NULL,NULL,NULL,NULL,0.00,44330.00,1,347.00,NULL),(264,9656,'2023-10-10','2023-10-10','2023-10-10','2023-10-10',1,5,4,'','{\"Tipo\":null,\"PtoVta\":null,\"Nro\":null,\"CbteFch\":\"10-13-2023\",\"anula_comp_rechazado\":\"N\"}','2023-10-13 12:21:38','2023-10-13 12:21:39','73416488601295','2023-10-20','177','2023-10-20',40815,44189,3,5,NULL,NULL,NULL,NULL,0.00,14784.00,1,347.00,NULL),(265,9656,'2023-10-10','2023-10-10','2023-10-10','2023-10-10',1,4,4,'','{\"Tipo\":null,\"PtoVta\":null,\"Nro\":null,\"CbteFch\":\"10-13-2023\",\"anula_comp_rechazado\":\"N\"}','2023-10-13 12:24:10','2023-10-13 12:24:11',NULL,NULL,NULL,NULL,40815,44191,3,5,NULL,NULL,NULL,NULL,0.00,44330.00,1,347.00,'2023-10-13 12:24:11'),(266,9656,'2023-10-10','2023-10-10','2023-10-10','2023-10-10',1,5,4,'','{\"Tipo\":null,\"PtoVta\":null,\"Nro\":null,\"CbteFch\":\"10-13-2023\",\"anula_comp_rechazado\":\"N\"}','2023-10-13 12:25:24','2023-10-13 12:25:25','73416489102200','2023-10-20','178','2023-10-20',40815,44191,3,5,NULL,NULL,NULL,NULL,0.00,44330.00,1,347.00,NULL),(267,9656,'2023-10-10','2023-10-10','2023-10-10','2023-10-10',1,5,4,'','{\"Tipo\":null,\"PtoVta\":null,\"Nro\":null,\"CbteFch\":\"10-13-2023\",\"anula_comp_rechazado\":\"N\"}','2023-10-13 12:33:08','2023-10-13 12:33:10','73416490197884','2023-10-20','179','2023-10-20',40815,44192,3,5,NULL,NULL,NULL,NULL,0.00,44330.00,1,347.00,NULL),(268,9656,'2023-10-10','2023-10-10','2023-10-10','2023-10-10',1,5,4,'','{\"Tipo\":null,\"PtoVta\":null,\"Nro\":null,\"CbteFch\":\"10-13-2023\",\"anula_comp_rechazado\":\"N\"}','2023-10-13 12:36:12','2023-10-13 12:36:14','73416490633361','2023-10-20','180','2023-10-20',40815,44193,3,5,NULL,NULL,NULL,NULL,0.00,59114.00,1,347.00,NULL),(269,9656,'2023-10-10','2023-10-10','2023-10-10','2023-10-10',1,5,4,'','{\"Tipo\":null,\"PtoVta\":null,\"Nro\":null,\"CbteFch\":\"10-13-2023\",\"anula_comp_rechazado\":\"N\"}','2023-10-13 12:40:45','2023-10-13 12:40:46','73416491310498','2023-10-20','181','2023-10-20',40815,41384,3,5,NULL,NULL,NULL,NULL,0.00,44330.00,1,347.00,NULL),(270,9656,'2023-10-10','2023-10-10','2023-10-10','2023-10-10',1,5,4,'','{\"Tipo\":null,\"PtoVta\":null,\"Nro\":null,\"CbteFch\":\"10-13-2023\",\"anula_comp_rechazado\":\"N\"}','2023-10-13 14:57:08','2023-10-13 14:57:10','73416505436110','2023-10-20','182','2023-10-20',40815,44194,3,5,NULL,NULL,NULL,NULL,0.00,23488.00,1,347.00,NULL),(271,9656,'2023-10-11','2023-10-11','2023-10-11','2023-10-11',1,5,4,'','{\"Tipo\":null,\"PtoVta\":null,\"Nro\":null,\"CbteFch\":\"10-13-2023\",\"anula_comp_rechazado\":\"N\"}','2023-10-13 15:00:08','2023-10-13 15:00:10','73416505717470','2023-10-21','183','2023-10-21',40815,44196,3,5,NULL,NULL,NULL,NULL,0.00,23488.00,1,347.00,NULL);
INSERT INTO `fact_elec_receipts` VALUES (272,9656,'2023-10-11','2023-10-11','2023-10-11','2023-10-11',3,5,1,'','{\"Tipo\":null,\"PtoVta\":null,\"Nro\":null,\"CbteFch\":\"10-13-2023\",\"anula_comp_rechazado\":\"N\"}','2023-10-13 15:06:24','2023-10-13 15:06:26','73416506243528','2023-10-21','33','2023-10-21',40815,44197,3,1,NULL,NULL,NULL,NULL,0.00,23488.00,1,347.00,NULL),(273,9656,'2023-10-11','2023-10-11','2023-10-11','2023-10-11',1,5,1,'','{\"Tipo\":null,\"PtoVta\":null,\"Nro\":null,\"CbteFch\":\"10-13-2023\",\"anula_comp_rechazado\":\"N\"}','2023-10-13 15:10:08','2023-10-13 15:10:10','73416506587716','2023-10-21','34','2023-10-21',40815,44197,3,1,NULL,NULL,NULL,NULL,0.00,73919.99,1,347.00,NULL),(274,9656,'2023-10-11','2023-10-11','2023-10-11','2023-10-11',1,5,4,'','{\"Tipo\":null,\"PtoVta\":null,\"Nro\":null,\"CbteFch\":\"10-13-2023\",\"anula_comp_rechazado\":\"N\"}','2023-10-13 15:15:54','2023-10-13 15:15:56','73416507122622','2023-10-21','184','2023-10-21',40815,44198,3,5,NULL,NULL,NULL,NULL,0.00,23488.00,1,347.00,NULL),(275,9656,'2023-10-11','2023-10-11','2023-10-11','2023-10-11',1,5,4,'','{\"Tipo\":null,\"PtoVta\":null,\"Nro\":null,\"CbteFch\":\"10-13-2023\",\"anula_comp_rechazado\":\"N\"}','2023-10-13 15:18:21','2023-10-13 15:18:23','73416507331076','2023-10-21','185','2023-10-21',40815,44199,3,5,NULL,NULL,NULL,NULL,0.00,23488.00,1,347.00,NULL),(276,9656,'2023-10-11','2023-10-11','2023-10-11','2023-10-11',1,5,6,'','{\"Tipo\":{\"id\":4,\"user_id\":null,\"created_at\":null,\"updated_at\":\"2023-02-16T11:52:52.000000Z\",\"name\":\"Factura B\",\"code\":\"6\",\"credit\":0,\"agroup_iva_module\":2,\"sell_no_taxabled\":0,\"buy_no_taxabled\":1,\"iva_condition_id\":2,\"is_fce_pyme\":0,\"afip_comprobante_id\":6,\"tipo\":\"Factura\",\"letra\":\"B\",\"facta_electronica\":1,\"is_stock_lpg\":0,\"show_from_total\":1,\"deleted_at\":null},\"PtoVta\":\"5\",\"Nro\":\"185\",\"CbteFch\":\"10-11-2023\",\"anula_comp_rechazado\":\"N\"}','2023-10-13 15:23:07','2023-10-13 15:23:09','73416507769076','2023-10-21','27','2023-10-21',40815,44199,3,5,NULL,NULL,NULL,NULL,0.00,23488.00,1,347.00,NULL),(277,9656,'2023-10-11','2023-10-11','2023-10-11','2023-10-13',1,5,4,'','{\"Tipo\":null,\"PtoVta\":null,\"Nro\":null,\"CbteFch\":\"10-13-2023\",\"anula_comp_rechazado\":\"N\"}','2023-10-13 15:24:59','2023-10-13 15:25:01','73416507922039','2023-10-21','186','2023-10-21',40815,44199,3,5,NULL,NULL,NULL,NULL,0.00,14784.00,1,347.00,NULL),(278,9656,'2023-10-11','2023-10-11','2023-10-11','2023-10-11',1,5,4,'','{\"Tipo\":null,\"PtoVta\":null,\"Nro\":null,\"CbteFch\":\"10-13-2023\",\"anula_comp_rechazado\":\"N\"}','2023-10-13 15:36:25','2023-10-13 15:36:27','73416509096541','2023-10-21','187','2023-10-21',40815,44200,3,5,NULL,NULL,NULL,NULL,0.00,38272.00,1,347.00,NULL),(279,9656,'2023-10-12','2023-10-12','2023-10-12','2023-10-12',1,5,4,'','{\"Tipo\":null,\"PtoVta\":null,\"Nro\":null,\"CbteFch\":\"10-13-2023\",\"anula_comp_rechazado\":\"N\"}','2023-10-13 15:39:50','2023-10-13 15:39:52','73416509408329','2023-10-22','188','2023-10-22',40815,44201,3,5,NULL,NULL,NULL,NULL,0.00,25938.00,1,347.00,NULL),(280,9656,'2023-10-12','2023-10-12','2023-10-12','2023-10-12',1,5,4,'','{\"Tipo\":null,\"PtoVta\":null,\"Nro\":null,\"CbteFch\":\"10-13-2023\",\"anula_comp_rechazado\":\"N\"}','2023-10-13 15:42:07','2023-10-13 15:42:08','73416509704106','2023-10-22','189','2023-10-22',40815,44202,3,5,NULL,NULL,NULL,NULL,0.00,14784.00,1,347.00,NULL);

--
-- Table structure for table `fact_elec_tipos_docs_afip`
--

CREATE TABLE `fact_elec_tipos_docs_afip` (
  `id` int(10) unsigned NOT NULL AUTO_INCREMENT,
  `afip_tipo_doc_id` int(10) unsigned NOT NULL,
  `descripcion` varchar(180) COLLATE utf8mb4_unicode_ci NOT NULL,
  `created_at` timestamp NULL DEFAULT NULL,
  `updated_at` timestamp NULL DEFAULT NULL,
  PRIMARY KEY (`id`)
) ENGINE=InnoDB AUTO_INCREMENT=100 DEFAULT CHARSET=utf8mb4 COLLATE=utf8mb4_unicode_ci;

--
-- Dumping data for table `fact_elec_tipos_docs_afip`
--

INSERT INTO `fact_elec_tipos_docs_afip` VALUES (1,1,'CI Buenos Aires','2019-03-13 13:29:34','2019-03-13 13:29:34'),(2,2,'CI Catamarca','2019-03-13 13:29:34','2019-03-13 13:29:34'),(3,3,'CI Córdoba','2019-03-13 13:29:34','2019-03-13 13:29:34'),(4,4,'CI Corrientes','2019-03-13 13:29:34','2019-03-13 13:29:34'),(5,5,'CI Entre Ríos','2019-03-13 13:29:34','2019-03-13 13:29:34'),(6,6,'CI Jujuy','2019-03-13 13:29:34','2019-03-13 13:29:34'),(7,7,'CI Mendoza','2019-03-13 13:29:34','2019-03-13 13:29:34'),(8,8,'CI La Rioja','2019-03-13 13:29:34','2019-03-13 13:29:34'),(9,9,'CI Salta','2019-03-13 13:29:34','2019-03-13 13:29:34'),(10,10,'CI San Juan','2019-03-13 13:29:34','2019-03-13 13:29:34'),(11,11,'CI San Luis','2019-03-13 13:29:34','2019-03-13 13:29:34'),(12,12,'CI Santa Fe','2019-03-13 13:29:34','2019-03-13 13:29:34'),(13,13,'CI Santiago del Estero','2019-03-13 13:29:34','2019-03-13 13:29:34'),(14,14,'CI Tucumán','2019-03-13 13:29:34','2019-03-13 13:29:34'),(16,16,'CI Chaco','2019-03-13 13:29:34','2019-03-13 13:29:34'),(17,17,'CI Chubut','2019-03-13 13:29:34','2019-03-13 13:29:34'),(18,18,'CI Formosa','2019-03-13 13:29:34','2019-03-13 13:29:34'),(19,19,'CI Misiones','2019-03-13 13:29:34','2019-03-13 13:29:34'),(20,20,'CI Neuquén','2019-03-13 13:29:34','2019-03-13 13:29:34'),(21,21,'CI La Pampa','2019-03-13 13:29:34','2019-03-13 13:29:34'),(22,22,'CI Río Negro','2019-03-13 13:29:34','2019-03-13 13:29:34'),(23,23,'CI Santa Cruz','2019-03-13 13:29:34','2019-03-13 13:29:34'),(24,24,'CI Tierra del Fuego','2019-03-13 13:29:34','2019-03-13 13:29:34'),(80,80,'CUIT','2019-03-13 13:29:34','2019-03-13 13:29:34'),(86,86,'CUIL','2019-03-13 13:29:34','2019-03-13 13:29:34'),(87,87,'CDI','2019-03-13 13:29:34','2019-03-13 13:29:34'),(89,89,'LE','2019-03-13 13:29:34','2019-03-13 13:29:34'),(90,90,'LC','2019-03-13 13:29:34','2019-03-13 13:29:34'),(91,91,'CI Extranjera','2019-03-13 13:29:34','2019-03-13 13:29:34'),(92,92,'en trámite','2019-03-13 13:29:34','2019-03-13 13:29:34'),(93,93,'Acta Nacimiento','2019-03-13 13:29:34','2019-03-13 13:29:34'),(94,94,'Pasaporte','2019-03-13 13:29:34','2019-03-13 13:29:34'),(95,95,'CI Bs. As. RNP','2019-03-13 13:29:34','2019-03-13 13:29:34'),(96,96,'DNI','2019-03-13 13:29:34','2019-03-13 13:29:34'),(97,0,'CI Policía Federal','2019-03-13 13:29:34','2019-03-13 13:29:34'),(99,99,'Doc. (Otro)','2019-03-13 13:29:34','2019-03-13 13:29:34');

--
-- Table structure for table `failed_jobs`
--

CREATE TABLE `failed_jobs` (
  `id` bigint(20) unsigned NOT NULL AUTO_INCREMENT,
  `user_id` int(10) unsigned DEFAULT NULL,
  `connection` text COLLATE utf8mb4_unicode_ci NOT NULL,
  `queue` text COLLATE utf8mb4_unicode_ci NOT NULL,
  `payload` longtext COLLATE utf8mb4_unicode_ci NOT NULL,
  `exception` longtext COLLATE utf8mb4_unicode_ci NOT NULL,
  `failed_at` timestamp NOT NULL DEFAULT CURRENT_TIMESTAMP,
  `deleted_at` timestamp NULL DEFAULT NULL,
  PRIMARY KEY (`id`)
) ENGINE=InnoDB DEFAULT CHARSET=utf8mb4 COLLATE=utf8mb4_unicode_ci;

--
-- Dumping data for table `failed_jobs`
--


--
-- Table structure for table `faq`
--

CREATE TABLE `faq` (
  `id` int(10) unsigned NOT NULL AUTO_INCREMENT,
  `pregunta` longtext COLLATE utf8mb4_unicode_ci NOT NULL,
  `respuesta` longtext COLLATE utf8mb4_unicode_ci NOT NULL,
  `habilitado` tinyint(1) NOT NULL DEFAULT '1',
  `created_at` timestamp NULL DEFAULT NULL,
  `updated_at` timestamp NULL DEFAULT NULL,
  `deleted_at` timestamp NULL DEFAULT NULL,
  PRIMARY KEY (`id`)
) ENGINE=InnoDB DEFAULT CHARSET=utf8mb4 COLLATE=utf8mb4_unicode_ci;

--
-- Dumping data for table `faq`
--


--
-- Table structure for table `file_upload_details`
--

CREATE TABLE `file_upload_details` (
  `id` int(10) unsigned NOT NULL AUTO_INCREMENT,
  `file_upload_id` int(10) unsigned NOT NULL,
  `detail` longtext COLLATE utf8mb4_unicode_ci NOT NULL,
  `created_at` timestamp NULL DEFAULT NULL,
  `updated_at` timestamp NULL DEFAULT NULL,
  PRIMARY KEY (`id`),
  KEY `file_upload_details_file_upload_id_foreign` (`file_upload_id`),
  CONSTRAINT `file_upload_details_file_upload_id_foreign` FOREIGN KEY (`file_upload_id`) REFERENCES `file_uploads` (`id`)
) ENGINE=InnoDB DEFAULT CHARSET=utf8mb4 COLLATE=utf8mb4_unicode_ci;

--
-- Dumping data for table `file_upload_details`
--


--
-- Table structure for table `file_uploads`
--

CREATE TABLE `file_uploads` (
  `id` int(10) unsigned NOT NULL AUTO_INCREMENT,
  `data_type_id` int(10) unsigned NOT NULL,
  `user_id` int(10) unsigned NOT NULL,
  `person_id` int(10) unsigned NOT NULL,
  `period_id` int(10) unsigned DEFAULT NULL,
  `path` varchar(255) COLLATE utf8mb4_unicode_ci NOT NULL,
  `status` int(10) unsigned NOT NULL DEFAULT '1',
  `created_at` timestamp NULL DEFAULT NULL,
  `updated_at` timestamp NULL DEFAULT NULL,
  PRIMARY KEY (`id`),
  KEY `file_uploads_data_type_id_foreign` (`data_type_id`),
  KEY `file_uploads_user_id_foreign` (`user_id`),
  KEY `file_uploads_person_id_foreign` (`person_id`),
  KEY `file_uploads_period_id_foreign` (`period_id`),
  CONSTRAINT `file_uploads_data_type_id_foreign` FOREIGN KEY (`data_type_id`) REFERENCES `data_types` (`id`),
  CONSTRAINT `file_uploads_period_id_foreign` FOREIGN KEY (`period_id`) REFERENCES `periods` (`id`),
  CONSTRAINT `file_uploads_person_id_foreign` FOREIGN KEY (`person_id`) REFERENCES `persons` (`id`),
  CONSTRAINT `file_uploads_user_id_foreign` FOREIGN KEY (`user_id`) REFERENCES `tusers` (`idUser`)
) ENGINE=InnoDB DEFAULT CHARSET=utf8mb4 COLLATE=utf8mb4_unicode_ci;

--
-- Dumping data for table `file_uploads`
--


--
-- Table structure for table `forma_de_entrega`
--

CREATE TABLE `forma_de_entrega` (
  `id` bigint(20) unsigned NOT NULL AUTO_INCREMENT,
  `user_id` int(10) unsigned DEFAULT NULL,
  `person_id` int(10) unsigned NOT NULL,
  `descripcion` text COLLATE utf8mb4_unicode_ci NOT NULL,
  `detalle` longtext COLLATE utf8mb4_unicode_ci,
  `habilitado` tinyint(1) NOT NULL DEFAULT '1',
  `created_at` timestamp NULL DEFAULT NULL,
  `updated_at` timestamp NULL DEFAULT NULL,
  `deleted_at` timestamp NULL DEFAULT NULL,
  PRIMARY KEY (`id`),
  KEY `forma_de_entrega_person_id_foreign` (`person_id`),
  CONSTRAINT `forma_de_entrega_person_id_foreign` FOREIGN KEY (`person_id`) REFERENCES `persons` (`id`)
) ENGINE=InnoDB DEFAULT CHARSET=utf8mb4 COLLATE=utf8mb4_unicode_ci;

--
-- Dumping data for table `forma_de_entrega`
--


--
-- Table structure for table `ganan_art_90`
--

CREATE TABLE `ganan_art_90` (
  `id` int(10) unsigned NOT NULL AUTO_INCREMENT,
  `anio` int(10) unsigned NOT NULL,
  `desde` decimal(16,2) NOT NULL DEFAULT '0.00',
  `hasta` decimal(16,2) NOT NULL DEFAULT '0.00',
  `impuesto` decimal(16,2) NOT NULL DEFAULT '0.00',
  `mas_porcentaje` decimal(16,2) NOT NULL DEFAULT '0.00',
  `excedente` decimal(16,2) NOT NULL DEFAULT '0.00',
  `created_at` timestamp NULL DEFAULT NULL,
  `updated_at` timestamp NULL DEFAULT NULL,
  `deleted_at` timestamp NULL DEFAULT NULL,
  PRIMARY KEY (`id`)
) ENGINE=InnoDB AUTO_INCREMENT=91 DEFAULT CHARSET=utf8mb4 COLLATE=utf8mb4_unicode_ci;

--
-- Dumping data for table `ganan_art_90`
--

INSERT INTO `ganan_art_90` VALUES (1,2017,0.00,20000.00,0.00,0.05,0.00,'2019-11-15 13:24:27','2019-11-15 13:24:27',NULL),(2,2017,20000.00,40000.00,1000.00,0.09,20000.00,'2019-11-15 13:24:27','2019-11-15 13:24:27',NULL),(3,2017,40000.00,60000.00,2800.00,0.12,40000.00,'2019-11-15 13:24:27','2019-11-15 13:24:27',NULL),(4,2017,60000.00,80000.00,5200.00,0.15,60000.00,'2019-11-15 13:24:27','2019-11-15 13:24:27',NULL),(5,2017,80000.00,120000.00,8200.00,0.19,80000.00,'2019-11-15 13:24:27','2019-11-15 13:24:27',NULL),(6,2017,120000.00,160000.00,15800.00,0.23,120000.00,'2019-11-15 13:24:27','2019-11-15 13:24:27',NULL),(7,2017,160000.00,240000.00,25000.00,0.27,160000.00,'2019-11-15 13:24:27','2019-11-15 13:24:27',NULL),(8,2017,240000.00,320000.00,46600.00,0.31,240000.00,'2019-11-15 13:24:27','2019-11-15 13:24:27',NULL),(9,2017,320000.00,999999999.99,71400.00,0.35,320000.00,'2019-11-15 13:24:27','2019-11-15 13:24:27',NULL),(10,2018,0.00,25754.00,0.00,0.05,0.00,'2019-11-15 13:24:27','2019-11-15 13:24:27',NULL),(11,2018,25754.00,51508.00,1287.70,0.09,25754.00,'2019-11-15 13:24:27','2019-11-15 13:24:27',NULL),(12,2018,51508.00,77262.00,3605.56,0.12,51508.00,'2019-11-15 13:24:27','2019-11-15 13:24:27',NULL),(13,2018,77262.00,103016.00,6696.04,0.15,77262.00,'2019-11-15 13:24:27','2019-11-15 13:24:27',NULL),(14,2018,103016.00,154524.00,10559.14,0.19,103016.00,'2019-11-15 13:24:27','2019-11-15 13:24:27',NULL),(15,2018,154524.00,206032.00,20345.66,0.23,154524.00,'2019-11-15 13:24:27','2019-11-15 13:24:27',NULL),(16,2018,206032.00,309048.00,32192.50,0.27,206032.00,'2019-11-15 13:24:27','2019-11-15 13:24:27',NULL),(17,2018,309048.00,412064.00,60006.82,0.31,309048.00,'2019-11-15 13:24:27','2019-11-15 13:24:27',NULL),(18,2018,412064.00,999999999.99,91941.78,0.35,412064.00,'2019-11-15 13:24:27','2019-11-15 13:24:27',NULL),(19,2019,0.00,33039.81,0.00,0.05,0.00,'2019-11-15 13:24:27','2019-11-15 13:24:27',NULL),(20,2019,33039.81,66079.61,1651.99,0.09,33039.81,'2019-11-15 13:24:27','2019-11-15 13:24:27',NULL),(21,2019,66079.61,99119.42,4625.57,0.12,66079.61,'2019-11-15 13:24:27','2019-11-15 13:24:27',NULL),(22,2019,99119.42,132159.23,8590.35,0.15,99119.42,'2019-11-15 13:24:27','2019-11-15 13:24:27',NULL),(23,2019,132159.23,198238.84,13546.32,0.19,132159.23,'2019-11-15 13:24:27','2019-11-15 13:24:27',NULL),(24,2019,198238.84,264318.45,26101.45,0.23,198238.84,'2019-11-15 13:24:27','2019-11-15 13:24:27',NULL),(25,2019,264318.45,396477.68,41299.76,0.27,264318.45,'2019-11-15 13:24:27','2019-11-15 13:24:27',NULL),(26,2019,396477.68,528636.91,76982.75,0.31,396477.68,'2019-11-15 13:24:27','2019-11-15 13:24:27',NULL),(27,2019,528636.91,999999999.99,117952.11,0.35,528636.91,'2019-11-15 13:24:27','2019-11-15 13:24:27',NULL),(28,2016,0.00,10000.00,0.00,0.09,0.00,'2020-01-28 13:48:34','2020-02-27 02:59:44',NULL),(29,2016,10000.00,20000.00,900.00,0.14,10000.00,'2020-01-28 13:48:34','2020-02-27 02:59:44',NULL),(30,2016,20000.00,30000.00,2300.00,0.19,20000.00,'2020-01-28 13:48:34','2020-02-27 02:59:44',NULL),(31,2016,30000.00,60000.00,4200.00,0.23,30000.00,'2020-01-28 13:48:34','2020-02-27 02:59:44',NULL),(32,2016,60000.00,90000.00,11100.00,0.27,60000.00,'2020-01-28 13:48:34','2020-02-27 02:59:44',NULL),(33,2016,90000.00,120000.00,19200.00,0.31,90000.00,'2020-01-28 13:48:34','2020-02-27 02:59:44',NULL),(34,2016,120000.00,999999999.00,28500.00,0.35,120000.00,'2020-01-28 13:48:34','2020-02-27 02:59:44',NULL),(37,2020,0.00,47669.16,0.00,0.05,0.00,'2020-01-28 14:17:39','2020-01-28 14:17:39',NULL),(38,2020,47669.16,95338.32,2383.46,0.09,47669.16,'2020-01-28 14:17:39','2020-01-28 14:17:39',NULL),(39,2020,95338.32,143007.48,6673.68,0.12,95338.32,'2020-01-28 14:17:39','2020-01-28 14:17:39',NULL),(40,2020,143007.48,190676.65,12393.98,0.15,143007.48,'2020-01-28 14:17:39','2020-01-28 14:17:39',NULL),(41,2020,190676.65,286014.96,19544.36,0.19,190676.65,'2020-01-28 14:17:39','2023-02-16 08:52:54',NULL),(42,2020,286014.96,381353.28,37658.64,0.23,286014.96,'2020-01-28 14:17:39','2020-01-28 14:17:39',NULL);
INSERT INTO `ganan_art_90` VALUES (43,2020,381353.28,572029.92,59586.45,0.27,381353.28,'2020-01-28 14:17:39','2020-01-28 14:17:39',NULL),(44,2020,572029.92,762706.57,111069.14,0.31,572029.92,'2020-01-28 14:17:39','2020-01-28 14:17:39',NULL),(45,2020,762706.57,999999999.99,170178.90,0.35,762706.57,'2020-01-28 14:17:39','2020-01-28 14:17:39',NULL),(46,2021,0.00,64532.64,0.00,0.05,0.00,'2023-02-16 08:52:55','2023-02-16 08:52:55',NULL),(47,2021,64532.64,129065.29,3226.63,0.09,64532.64,'2023-02-16 08:52:55','2023-02-16 08:52:55',NULL),(48,2021,129065.29,193597.93,9034.57,0.12,129065.29,'2023-02-16 08:52:55','2023-02-16 08:52:55',NULL),(49,2021,193597.93,258130.58,16778.49,0.15,193597.93,'2023-02-16 08:52:55','2023-02-16 08:52:55',NULL),(50,2021,258130.58,387195.86,26458.39,0.19,258130.58,'2023-02-16 08:52:55','2023-02-16 08:52:55',NULL),(51,2021,387195.86,516261.14,50980.79,0.23,387195.86,'2023-02-16 08:52:55','2023-02-16 08:53:02',NULL),(52,2021,516261.14,774391.71,80665.80,0.27,516261.14,'2023-02-16 08:52:55','2023-02-16 08:52:55',NULL),(53,2021,774391.71,1032522.30,150361.06,0.31,774391.71,'2023-02-16 08:52:55','2023-02-16 08:52:55',NULL),(54,2021,1032522.30,999999999.99,230381.54,0.35,1032522.30,'2023-02-16 08:52:55','2023-02-16 08:52:55',NULL),(55,2022,0.00,97201.99,0.00,0.05,0.00,'2023-02-16 08:52:58','2023-02-16 08:52:59',NULL),(56,2022,97201.99,194404.01,4860.10,0.09,97201.99,'2023-02-16 08:52:58','2023-02-16 08:52:58',NULL),(57,2022,194404.01,291606.01,13608.29,0.12,194404.01,'2023-02-16 08:52:58','2023-02-16 08:52:58',NULL),(58,2022,291606.01,388808.02,25272.52,0.15,291606.01,'2023-02-16 08:52:58','2023-02-16 08:52:58',NULL),(59,2022,388808.02,583212.02,39852.82,0.19,388808.02,'2023-02-16 08:52:58','2023-02-16 08:52:58',NULL),(60,2022,583212.02,777616.02,76789.59,0.23,583212.02,'2023-02-16 08:52:58','2023-02-16 08:52:58',NULL),(61,2022,777616.02,1166424.03,121502.49,0.27,777616.02,'2023-02-16 08:52:58','2023-02-16 08:52:58',NULL),(62,2022,1166424.03,1555232.07,226480.67,0.31,1166424.03,'2023-02-16 08:52:58','2023-02-16 08:52:58',NULL),(63,2022,1555232.07,999999999.99,347011.15,0.35,1555232.07,'2023-02-16 08:52:58','2023-06-30 12:53:29',NULL),(64,2023,0.00,1400000.00,0.00,0.00,0.00,'2023-02-16 08:53:04','2023-09-25 22:03:31',NULL),(65,2023,1400000.00,1526000.00,0.00,0.09,1400000.00,'2023-02-16 08:53:04','2023-09-25 22:03:31',NULL),(66,2023,1526000.00,1648080.00,11340.00,0.12,1526000.00,'2023-02-16 08:53:04','2023-09-25 22:03:31',NULL),(67,2023,1648080.00,1763445.60,25989.60,0.15,1648080.00,'2023-02-16 08:53:04','2023-09-25 22:03:31',NULL),(68,2023,1763445.60,1869252.34,43294.44,0.19,1763445.60,'2023-02-16 08:53:04','2023-09-25 22:03:31',NULL),(69,2023,1869252.34,1962714.95,63397.72,0.23,1869252.34,'2023-02-16 08:53:04','2023-09-25 22:03:31',NULL),(70,2023,1962714.95,2041223.55,84894.12,0.27,1962714.95,'2023-02-16 08:53:04','2023-09-25 22:03:31',NULL),(71,2023,2041223.55,2102460.26,106091.44,0.31,2041223.55,'2023-02-16 08:53:04','2023-09-25 22:03:31',NULL),(72,2023,2102460.26,999999999.00,125074.82,0.35,2102460.26,'2023-02-16 08:53:04','2023-09-25 22:03:31',NULL),(73,2024,0.00,1360200.00,0.00,0.05,0.00,NULL,NULL,NULL),(74,2024,1360200.00,2720400.00,68010.00,0.09,1360200.00,NULL,NULL,NULL),(75,2024,2720400.00,4080600.00,190428.00,0.12,2720400.00,NULL,NULL,NULL),(76,2024,4080600.00,6120900.00,353652.00,0.15,4080600.00,NULL,NULL,NULL),(77,2024,6120900.00,12241800.00,659697.00,0.19,6120900.00,NULL,NULL,NULL),(78,2024,12241800.00,18362700.00,1822668.00,0.23,12241800.00,NULL,NULL,NULL),(79,2024,18362700.00,27544050.00,3230475.00,0.27,18362700.00,NULL,NULL,NULL),(80,2024,27544050.00,41316075.00,5709439.50,0.31,27544050.00,NULL,NULL,NULL),(81,2024,41316075.00,9999999999.00,9978767.25,0.35,41316075.00,NULL,NULL,NULL),(82,2025,0.00,1520371.67,0.00,0.05,0.00,NULL,NULL,NULL),(83,2025,1520371.67,3040743.34,76018.58,0.09,1520371.67,NULL,NULL,NULL),(84,2025,3040743.34,4561115.01,212852.03,0.12,3040743.34,NULL,NULL,NULL);
INSERT INTO `ganan_art_90` VALUES (85,2025,4561115.01,6841672.52,395296.63,0.15,4561115.01,NULL,NULL,NULL),(86,2025,6841672.52,13683345.04,737380.26,0.19,6841672.52,NULL,NULL,NULL),(87,2025,13683345.04,20525017.56,2037298.04,0.23,13683345.04,NULL,NULL,NULL),(88,2025,20525017.56,30787526.34,3610882.72,0.27,20525017.56,NULL,NULL,NULL),(89,2025,30787526.34,46181289.52,6381760.09,0.31,30787526.34,NULL,NULL,NULL),(90,2025,46181289.52,999999999999.00,11153826.67,0.35,46181289.52,NULL,NULL,NULL);

--
-- Table structure for table `ganan_categorias`
--

CREATE TABLE `ganan_categorias` (
  `id` int(10) unsigned NOT NULL AUTO_INCREMENT,
  `nombre` varchar(191) COLLATE utf8mb4_unicode_ci NOT NULL,
  `status` tinyint(1) NOT NULL DEFAULT '1',
  `created_at` timestamp NULL DEFAULT NULL,
  `updated_at` timestamp NULL DEFAULT NULL,
  `deleted_at` timestamp NULL DEFAULT NULL,
  PRIMARY KEY (`id`)
) ENGINE=InnoDB AUTO_INCREMENT=5 DEFAULT CHARSET=utf8mb4 COLLATE=utf8mb4_unicode_ci;

--
-- Dumping data for table `ganan_categorias`
--

INSERT INTO `ganan_categorias` VALUES (1,'Primera',1,'2019-11-15 13:24:28','2019-11-15 13:24:28',NULL),(2,'Segunda',1,'2019-11-15 13:24:28','2019-11-15 13:24:28',NULL),(3,'Tercera',1,'2019-11-15 13:24:28','2019-11-15 13:24:28',NULL),(4,'Cuarta',1,'2019-11-15 13:24:28','2019-11-15 13:24:28',NULL);

--
-- Table structure for table `ganan_conceptos_anticipos`
--

CREATE TABLE `ganan_conceptos_anticipos` (
  `id` int(10) unsigned NOT NULL AUTO_INCREMENT,
  `user_id` int(10) unsigned DEFAULT NULL,
  `nombre` varchar(191) COLLATE utf8mb4_unicode_ci NOT NULL,
  `status` tinyint(1) NOT NULL DEFAULT '1',
  `created_at` timestamp NULL DEFAULT NULL,
  `updated_at` timestamp NULL DEFAULT NULL,
  `deleted_at` timestamp NULL DEFAULT NULL,
  PRIMARY KEY (`id`),
  UNIQUE KEY `ganan_conceptos_anticipos_nombre_unique` (`nombre`)
) ENGINE=InnoDB AUTO_INCREMENT=4 DEFAULT CHARSET=utf8mb4 COLLATE=utf8mb4_unicode_ci;

--
-- Dumping data for table `ganan_conceptos_anticipos`
--

INSERT INTO `ganan_conceptos_anticipos` VALUES (1,NULL,'Anticipos',1,'2019-11-15 13:24:27','2019-11-15 13:24:27',NULL),(2,NULL,'Retenciones y Percepciones',1,'2019-11-15 13:24:27','2019-11-15 13:24:27',NULL),(3,NULL,'Saldo a Favor Anterior',1,'2019-11-15 13:24:27','2019-11-15 13:24:27',NULL);

--
-- Table structure for table `ganan_ddjj_detail_anticipos`
--

CREATE TABLE `ganan_ddjj_detail_anticipos` (
  `id` int(10) unsigned NOT NULL AUTO_INCREMENT,
  `user_id` int(10) unsigned DEFAULT NULL,
  `ganan_ddjj_id` int(10) unsigned NOT NULL,
  `person_id` int(10) unsigned NOT NULL,
  `ganan_concepto_anticipo_id` int(10) unsigned NOT NULL,
  `importe` decimal(16,2) NOT NULL DEFAULT '0.00',
  `created_at` timestamp NULL DEFAULT NULL,
  `updated_at` timestamp NULL DEFAULT NULL,
  `deleted_at` timestamp NULL DEFAULT NULL,
  PRIMARY KEY (`id`),
  KEY `ganan_ddjj_detail_anticipos_ganan_ddjj_id_foreign` (`ganan_ddjj_id`),
  KEY `ganan_ddjj_detail_anticipos_person_id_foreign` (`person_id`),
  KEY `ganan_ddjj_detail_anticipos_ganan_concepto_anticipo_id_foreign` (`ganan_concepto_anticipo_id`),
  CONSTRAINT `ganan_ddjj_detail_anticipos_ganan_concepto_anticipo_id_foreign` FOREIGN KEY (`ganan_concepto_anticipo_id`) REFERENCES `ganan_conceptos_anticipos` (`id`),
  CONSTRAINT `ganan_ddjj_detail_anticipos_ganan_ddjj_id_foreign` FOREIGN KEY (`ganan_ddjj_id`) REFERENCES `ganan_ddjjs` (`id`),
  CONSTRAINT `ganan_ddjj_detail_anticipos_person_id_foreign` FOREIGN KEY (`person_id`) REFERENCES `persons` (`id`)
) ENGINE=InnoDB AUTO_INCREMENT=4 DEFAULT CHARSET=utf8mb4 COLLATE=utf8mb4_unicode_ci;

--
-- Dumping data for table `ganan_ddjj_detail_anticipos`
--

INSERT INTO `ganan_ddjj_detail_anticipos` VALUES (1,8522,1,40718,1,0.00,'2023-03-01 22:21:44','2023-03-01 22:21:44',NULL),(2,8522,1,40718,2,0.00,'2023-03-01 22:21:44','2023-03-01 22:21:44',NULL),(3,8522,1,40718,3,0.00,'2023-03-01 22:21:44','2023-03-01 22:21:44',NULL);

--
-- Table structure for table `ganan_ddjj_detail_deducciones`
--

CREATE TABLE `ganan_ddjj_detail_deducciones` (
  `id` int(10) unsigned NOT NULL AUTO_INCREMENT,
  `user_id` int(10) unsigned DEFAULT NULL,
  `ganan_ddjj_id` int(10) unsigned NOT NULL,
  `person_id` int(10) unsigned NOT NULL,
  `ganan_deduccion_id` int(10) unsigned NOT NULL,
  `importe` decimal(16,2) NOT NULL DEFAULT '0.00',
  `comentario` varchar(191) COLLATE utf8mb4_unicode_ci DEFAULT NULL,
  `created_at` timestamp NULL DEFAULT NULL,
  `updated_at` timestamp NULL DEFAULT NULL,
  `deleted_at` timestamp NULL DEFAULT NULL,
  PRIMARY KEY (`id`),
  KEY `ganan_ddjj_detail_deducciones_ganan_ddjj_id_foreign` (`ganan_ddjj_id`),
  KEY `ganan_ddjj_detail_deducciones_person_id_foreign` (`person_id`),
  KEY `ganan_ddjj_detail_deducciones_ganan_deduccion_id_foreign` (`ganan_deduccion_id`),
  CONSTRAINT `ganan_ddjj_detail_deducciones_ganan_ddjj_id_foreign` FOREIGN KEY (`ganan_ddjj_id`) REFERENCES `ganan_ddjjs` (`id`),
  CONSTRAINT `ganan_ddjj_detail_deducciones_ganan_deduccion_id_foreign` FOREIGN KEY (`ganan_deduccion_id`) REFERENCES `ganan_deducciones` (`id`),
  CONSTRAINT `ganan_ddjj_detail_deducciones_person_id_foreign` FOREIGN KEY (`person_id`) REFERENCES `persons` (`id`)
) ENGINE=InnoDB AUTO_INCREMENT=20 DEFAULT CHARSET=utf8mb4 COLLATE=utf8mb4_unicode_ci;

--
-- Dumping data for table `ganan_ddjj_detail_deducciones`
--

INSERT INTO `ganan_ddjj_detail_deducciones` VALUES (1,8522,1,40718,110,323232.32,NULL,'2023-03-01 22:21:44','2023-03-01 22:21:44',NULL),(2,8522,1,40718,111,0.00,NULL,'2023-03-01 22:21:44','2023-03-01 22:21:44',NULL),(3,8522,1,40718,112,0.00,NULL,'2023-03-01 22:21:44','2023-03-01 22:21:44',NULL),(4,8522,1,40718,113,0.00,NULL,'2023-03-01 22:21:44','2023-03-01 22:21:44',NULL),(5,8522,1,40718,114,0.00,NULL,'2023-03-01 22:21:44','2023-03-01 22:21:44',NULL),(6,8522,1,40718,115,0.00,NULL,'2023-03-01 22:21:44','2023-03-01 22:21:44',NULL),(7,8522,1,40718,116,0.00,NULL,'2023-03-01 22:21:44','2023-03-01 22:21:44',NULL),(8,8522,1,40718,117,0.00,NULL,'2023-03-01 22:21:44','2023-03-01 22:21:44',NULL),(9,8522,1,40718,118,0.00,NULL,'2023-03-01 22:21:44','2023-03-01 22:21:44',NULL),(10,8522,1,40718,119,0.00,NULL,'2023-03-01 22:21:44','2023-03-01 22:21:44',NULL),(11,8522,1,40718,120,0.00,NULL,'2023-03-01 22:21:44','2023-03-01 22:21:44',NULL),(12,8522,1,40718,121,0.00,NULL,'2023-03-01 22:21:44','2023-03-01 22:21:44',NULL),(13,8522,1,40718,122,0.00,NULL,'2023-03-01 22:21:44','2023-03-01 22:21:44',NULL),(14,8522,1,40718,123,0.00,NULL,'2023-03-01 22:21:44','2023-03-01 22:21:44',NULL),(15,8522,1,40718,124,0.00,NULL,'2023-03-01 22:21:44','2023-03-01 22:21:44',NULL),(16,8522,1,40718,125,0.00,NULL,'2023-03-01 22:21:44','2023-03-01 22:21:44',NULL),(17,8522,1,40718,126,0.00,NULL,'2023-03-01 22:21:44','2023-03-01 22:21:44',NULL),(18,8522,1,40718,127,0.00,NULL,'2023-03-01 22:21:44','2023-03-01 22:21:44',NULL),(19,8522,1,40718,150,0.00,NULL,'2023-03-01 22:21:44','2023-03-01 22:21:44',NULL);

--
-- Table structure for table `ganan_ddjj_detail_ing_egr`
--

CREATE TABLE `ganan_ddjj_detail_ing_egr` (
  `id` int(10) unsigned NOT NULL AUTO_INCREMENT,
  `user_id` int(10) unsigned DEFAULT NULL,
  `ganan_ddjj_id` int(10) unsigned NOT NULL,
  `person_id` int(10) unsigned NOT NULL,
  `conta_tipo_asiento_id` int(10) unsigned NOT NULL,
  `ganan_categoria_id` int(10) unsigned NOT NULL,
  `ganan_tipo_op_id` int(10) unsigned NOT NULL,
  `importe` decimal(16,2) NOT NULL DEFAULT '0.00',
  `comentario` varchar(191) COLLATE utf8mb4_unicode_ci DEFAULT NULL,
  `created_at` timestamp NULL DEFAULT NULL,
  `updated_at` timestamp NULL DEFAULT NULL,
  `deleted_at` timestamp NULL DEFAULT NULL,
  PRIMARY KEY (`id`),
  KEY `ganan_ddjj_detail_ing_egr_ganan_ddjj_id_foreign` (`ganan_ddjj_id`),
  KEY `ganan_ddjj_detail_ing_egr_person_id_foreign` (`person_id`),
  KEY `ganan_ddjj_detail_ing_egr_conta_tipo_asiento_id_foreign` (`conta_tipo_asiento_id`),
  KEY `ganan_ddjj_detail_ing_egr_ganan_categoria_id_foreign` (`ganan_categoria_id`),
  KEY `ganan_ddjj_detail_ing_egr_ganan_tipo_op_id_foreign` (`ganan_tipo_op_id`),
  CONSTRAINT `ganan_ddjj_detail_ing_egr_conta_tipo_asiento_id_foreign` FOREIGN KEY (`conta_tipo_asiento_id`) REFERENCES `conta_tipo_asientos` (`id`),
  CONSTRAINT `ganan_ddjj_detail_ing_egr_ganan_categoria_id_foreign` FOREIGN KEY (`ganan_categoria_id`) REFERENCES `ganan_categorias` (`id`),
  CONSTRAINT `ganan_ddjj_detail_ing_egr_ganan_ddjj_id_foreign` FOREIGN KEY (`ganan_ddjj_id`) REFERENCES `ganan_ddjjs` (`id`),
  CONSTRAINT `ganan_ddjj_detail_ing_egr_ganan_tipo_op_id_foreign` FOREIGN KEY (`ganan_tipo_op_id`) REFERENCES `ganan_tipos_op` (`id`),
  CONSTRAINT `ganan_ddjj_detail_ing_egr_person_id_foreign` FOREIGN KEY (`person_id`) REFERENCES `persons` (`id`)
) ENGINE=InnoDB AUTO_INCREMENT=17 DEFAULT CHARSET=utf8mb4 COLLATE=utf8mb4_unicode_ci;

--
-- Dumping data for table `ganan_ddjj_detail_ing_egr`
--

INSERT INTO `ganan_ddjj_detail_ing_egr` VALUES (1,8522,1,40718,2,1,1,11111111.11,NULL,'2023-03-01 22:21:44','2023-03-01 22:21:44',NULL),(2,8522,1,40718,2,2,1,0.00,NULL,'2023-03-01 22:21:44','2023-03-01 22:21:44',NULL),(3,8522,1,40718,2,3,1,0.00,NULL,'2023-03-01 22:21:44','2023-03-01 22:21:44',NULL),(4,8522,1,40718,2,4,1,0.00,NULL,'2023-03-01 22:21:44','2023-03-01 22:21:44',NULL),(5,8522,1,40718,2,1,2,0.00,NULL,'2023-03-01 22:21:44','2023-03-01 22:21:44',NULL),(6,8522,1,40718,2,2,2,0.00,NULL,'2023-03-01 22:21:44','2023-03-01 22:21:44',NULL),(7,8522,1,40718,2,3,2,0.00,NULL,'2023-03-01 22:21:44','2023-03-01 22:21:44',NULL),(8,8522,1,40718,2,4,2,0.00,NULL,'2023-03-01 22:21:44','2023-03-01 22:21:44',NULL),(9,8522,1,40718,3,1,1,0.00,NULL,'2023-03-01 22:21:44','2023-03-01 22:21:44',NULL),(10,8522,1,40718,3,2,1,0.00,NULL,'2023-03-01 22:21:44','2023-03-01 22:21:44',NULL),(11,8522,1,40718,3,3,1,0.00,NULL,'2023-03-01 22:21:44','2023-03-01 22:21:44',NULL),(12,8522,1,40718,3,4,1,0.00,NULL,'2023-03-01 22:21:44','2023-03-01 22:21:44',NULL),(13,8522,1,40718,3,1,2,0.00,NULL,'2023-03-01 22:21:44','2023-03-01 22:21:44',NULL),(14,8522,1,40718,3,2,2,0.00,NULL,'2023-03-01 22:21:44','2023-03-01 22:21:44',NULL),(15,8522,1,40718,3,3,2,0.00,NULL,'2023-03-01 22:21:44','2023-03-01 22:21:44',NULL),(16,8522,1,40718,3,4,2,0.00,NULL,'2023-03-01 22:21:44','2023-03-01 22:21:44',NULL);

--
-- Table structure for table `ganan_ddjjs`
--

CREATE TABLE `ganan_ddjjs` (
  `id` int(10) unsigned NOT NULL AUTO_INCREMENT,
  `user_id` int(10) unsigned DEFAULT NULL,
  `anio` int(10) unsigned NOT NULL,
  `person_id` int(10) unsigned NOT NULL,
  `ingresos_gravados` decimal(16,2) NOT NULL DEFAULT '0.00',
  `ingresos_exentos` decimal(16,2) NOT NULL DEFAULT '0.00',
  `egresos_gravados` decimal(16,2) NOT NULL DEFAULT '0.00',
  `egresos_exentos` decimal(16,2) NOT NULL DEFAULT '0.00',
  `deducciones_total` decimal(16,2) NOT NULL DEFAULT '0.00',
  `base_imponible` decimal(16,2) NOT NULL DEFAULT '0.00',
  `impuesto_determinado` decimal(16,2) NOT NULL DEFAULT '0.00',
  `saldo_a_pagar` decimal(16,2) NOT NULL DEFAULT '0.00',
  `saldo_a_favor` decimal(16,2) NOT NULL DEFAULT '0.00',
  `comentario` varchar(191) COLLATE utf8mb4_unicode_ci DEFAULT NULL,
  `created_at` timestamp NULL DEFAULT NULL,
  `updated_at` timestamp NULL DEFAULT NULL,
  `deleted_at` timestamp NULL DEFAULT NULL,
  PRIMARY KEY (`id`),
  KEY `ganan_ddjjs_person_id_foreign` (`person_id`),
  CONSTRAINT `ganan_ddjjs_person_id_foreign` FOREIGN KEY (`person_id`) REFERENCES `persons` (`id`)
) ENGINE=InnoDB AUTO_INCREMENT=2 DEFAULT CHARSET=utf8mb4 COLLATE=utf8mb4_unicode_ci;

--
-- Dumping data for table `ganan_ddjjs`
--

INSERT INTO `ganan_ddjjs` VALUES (1,8522,2021,40718,11111111.11,0.00,0.00,0.00,323232.32,10787878.79,3644756.31,3644756.31,0.00,NULL,'2023-03-01 22:21:44','2023-03-01 22:21:44',NULL);

--
-- Table structure for table `ganan_deducciones`
--

CREATE TABLE `ganan_deducciones` (
  `id` int(10) unsigned NOT NULL AUTO_INCREMENT,
  `user_id` int(10) unsigned DEFAULT NULL,
  `anio` int(10) unsigned NOT NULL,
  `generales` tinyint(1) NOT NULL DEFAULT '0',
  `particulares` tinyint(1) NOT NULL DEFAULT '0',
  `nombre` varchar(191) COLLATE utf8mb4_unicode_ci NOT NULL,
  `importe` decimal(16,2) NOT NULL DEFAULT '0.00',
  `status` tinyint(1) NOT NULL DEFAULT '1',
  `created_at` timestamp NULL DEFAULT NULL,
  `updated_at` timestamp NULL DEFAULT NULL,
  `deleted_at` timestamp NULL DEFAULT NULL,
  PRIMARY KEY (`id`)
) ENGINE=InnoDB AUTO_INCREMENT=225 DEFAULT CHARSET=utf8mb4 COLLATE=utf8mb4_unicode_ci;

--
-- Dumping data for table `ganan_deducciones`
--

INSERT INTO `ganan_deducciones` VALUES (1,NULL,2017,1,0,'Primas de seguro para el caso de muerte',999.00,1,'2019-11-15 13:24:27','2019-11-15 13:24:27',NULL),(2,NULL,2017,1,0,'Gastos de Sepelio',999.00,1,'2019-11-15 13:24:27','2019-11-15 13:24:27',NULL),(3,NULL,2017,1,0,'Aportes a Obras Sociales',0.00,1,'2019-11-15 13:24:27','2019-11-15 13:24:27',NULL),(4,NULL,2017,1,0,'Aportes obligatorios a Fondos de jubilaciones, retiros, pensiones o subsidios a cajas nacionales, provinciales o municipales- incluidas las Cajas de Previsión para Profesionales.',0.00,1,'2019-11-15 13:24:27','2019-11-15 13:24:27',NULL),(5,NULL,2017,1,0,'Otras deducciones del Anexo III de la RG 2437: Aportes para fondos de Jubilación, Retiros, Pensiones o Subsidios destinados al ANSES',0.00,1,'2019-11-15 13:24:27','2019-11-15 13:24:27',NULL),(6,NULL,2017,1,0,'Aportes a Cajas Provinciales o Municipales o de Previsión para Profesionales',0.00,1,'2019-11-15 13:24:27','2019-11-15 13:24:27',NULL),(7,NULL,2017,1,0,'Pagos Régimen Nacional de Trabajadores Autónomos',0.00,1,'2019-11-15 13:24:27','2019-11-15 13:24:27',NULL),(8,NULL,2017,1,0,'Aportes a Cajas Complementarias de Previsión',0.00,1,'2019-11-15 13:24:27','2019-11-15 13:24:27',NULL),(9,NULL,2017,1,0,'Aportes a Fondos Compensadores de Previsión',0.00,1,'2019-11-15 13:24:27','2019-11-15 13:24:27',NULL),(10,NULL,2017,1,0,'Intereses Crédito Hipotecario',20000.00,1,'2019-11-15 13:24:27','2019-11-15 13:24:27',NULL),(11,NULL,2017,1,0,'Servicio Doméstico',51967.00,1,'2019-11-15 13:24:27','2019-11-15 13:24:27',NULL),(12,NULL,2017,1,0,'Donaciones',0.00,1,'2019-11-15 13:24:27','2019-11-15 13:24:27',NULL),(13,NULL,2017,1,0,'Cuota médico asistencial abonado por usted y por sus familiares a cargo',0.00,1,'2019-11-15 13:24:27','2019-11-15 13:24:27',NULL),(14,NULL,2017,1,0,'Honorarios Correspondientes a los Servicios de asistencia Sanitaria, Médica y Paramédica',0.00,1,'2019-11-15 13:24:28','2019-11-15 13:24:28',NULL),(15,NULL,2017,0,1,'Conyuge',48447.00,1,'2019-11-15 13:24:28','2019-11-15 13:24:28',NULL),(16,NULL,2017,0,1,'Hijo Incapacitado',24432.00,1,'2019-11-15 13:24:28','2019-11-15 13:24:28',NULL),(17,NULL,2017,0,1,'Hijo Menor 18 años',24432.00,1,'2019-11-15 13:24:28','2019-11-15 13:24:28',NULL),(18,NULL,2017,0,1,'Hijastro Incapacitado',24432.00,1,'2019-11-15 13:24:28','2019-11-15 13:24:28',NULL),(19,NULL,2017,0,1,'Hijastro Menor 18 Años',24432.00,1,'2019-11-15 13:24:28','2019-11-15 13:24:28',NULL),(20,NULL,2017,0,1,'Ganancia No Imponible',51967.00,1,'2019-11-15 13:24:28','2019-11-15 13:24:28',NULL),(21,NULL,2017,0,1,'Deduccion Especial',51967.00,1,'2019-11-15 13:24:28','2019-11-15 13:24:28',NULL),(22,NULL,2018,1,0,'Primas de seguro para el caso de muerte',12000.00,1,'2019-11-15 13:24:28','2019-11-15 13:24:28',NULL),(23,NULL,2018,1,0,'Gastos de Sepelio',999.00,1,'2019-11-15 13:24:28','2019-11-15 13:24:28',NULL),(24,NULL,2018,1,0,'Aportes a Obras Sociales',0.00,1,'2019-11-15 13:24:28','2019-11-15 13:24:28',NULL),(25,NULL,2018,1,0,'Aportes obligatorios a Fondos de jubilaciones, retiros, pensiones o subsidios a cajas nacionales, provinciales o municipales- incluidas las Cajas de Previsión para Profesionales.',0.00,1,'2019-11-15 13:24:28','2019-11-15 13:24:28',NULL),(26,NULL,2018,1,0,'Otras deducciones del Anexo III de la RG 2437: Aportes para fondos de Jubilación, Retiros, Pensiones o Subsidios destinados al ANSES',0.00,1,'2019-11-15 13:24:28','2019-11-15 13:24:28',NULL),(27,NULL,2018,1,0,'Aportes a Cajas Provinciales o Municipales o de Previsión para Profesionales',0.00,1,'2019-11-15 13:24:28','2019-11-15 13:24:28',NULL),(28,NULL,2018,1,0,'Pagos Régimen Nacional de Trabajadores Autónomos',0.00,1,'2019-11-15 13:24:28','2019-11-15 13:24:28',NULL),(29,NULL,2018,1,0,'Aportes a Cajas Complementarias de Previsión',0.00,1,'2019-11-15 13:24:28','2019-11-15 13:24:28',NULL),(30,NULL,2018,1,0,'Aportes a Fondos Compensadores de Previsión',0.00,1,'2019-11-15 13:24:28','2019-11-15 13:24:28',NULL);
INSERT INTO `ganan_deducciones` VALUES (31,NULL,2018,1,0,'Intereses Crédito Hipotecario',20000.00,1,'2019-11-15 13:24:28','2019-11-15 13:24:28',NULL),(32,NULL,2018,1,0,'Servicio Doméstico',66917.91,1,'2019-11-15 13:24:28','2019-11-15 13:24:28',NULL),(33,NULL,2018,1,0,'Donaciones',0.00,1,'2019-11-15 13:24:28','2019-11-15 13:24:28',NULL),(34,NULL,2018,1,0,'Cuota médico asistencial abonado por usted y por sus familiares a cargo',0.00,1,'2019-11-15 13:24:28','2019-11-15 13:24:28',NULL),(35,NULL,2018,1,0,'Honorarios Correspondientes a los Servicios de asistencia Sanitaria, Médica y Paramédica',0.00,1,'2019-11-15 13:24:28','2019-11-15 13:24:28',NULL),(36,NULL,2018,0,1,'Conyuge',66917.91,1,'2019-11-15 13:24:28','2019-11-15 13:24:28',NULL),(37,NULL,2018,0,1,'Hijo Incapacitado',31461.09,1,'2019-11-15 13:24:28','2019-11-15 13:24:28',NULL),(38,NULL,2018,0,1,'Hijo Menor 18 años',31461.09,1,'2019-11-15 13:24:28','2019-11-15 13:24:28',NULL),(39,NULL,2018,0,1,'Hijastro Incapacitado',31461.09,1,'2019-11-15 13:24:28','2019-11-15 13:24:28',NULL),(40,NULL,2018,0,1,'Hijastro Menor 18 Años',31461.09,1,'2019-11-15 13:24:28','2019-11-15 13:24:28',NULL),(41,NULL,2018,0,1,'Ganancia No Imponible',66917.91,1,'2019-11-15 13:24:28','2019-11-15 13:24:28',NULL),(42,NULL,2018,0,1,'Deduccion Especial',66917.91,1,'2019-11-15 13:24:28','2019-11-15 13:24:28',NULL),(43,NULL,2019,1,0,'Primas de seguro para el caso de muerte',18000.00,1,'2019-11-15 13:24:28','2019-11-15 13:24:28',NULL),(44,NULL,2019,1,0,'Gastos de Sepelio',999.00,1,'2019-11-15 13:24:28','2019-11-15 13:24:28',NULL),(45,NULL,2019,1,0,'Aportes a Obras Sociales',0.00,1,'2019-11-15 13:24:28','2019-11-15 13:24:28',NULL),(46,NULL,2019,1,0,'Aportes obligatorios a Fondos de jubilaciones, retiros, pensiones o subsidios a cajas nacionales, provinciales o municipales- incluidas las Cajas de Previsión para Profesionales.',0.00,1,'2019-11-15 13:24:28','2019-11-15 13:24:28',NULL),(47,NULL,2019,1,0,'Otras deducciones del Anexo III de la RG 2437: Aportes para fondos de Jubilación, Retiros, Pensiones o Subsidios destinados al ANSES',0.00,1,'2019-11-15 13:24:28','2019-11-15 13:24:28',NULL),(48,NULL,2019,1,0,'Aportes a Cajas Provinciales o Municipales o de Previsión para Profesionales',0.00,1,'2019-11-15 13:24:28','2019-11-15 13:24:28',NULL),(49,NULL,2019,1,0,'Pagos Régimen Nacional de Trabajadores Autónomos',0.00,1,'2019-11-15 13:24:28','2019-11-15 13:24:28',NULL),(50,NULL,2019,1,0,'Aportes a Cajas Complementarias de Previsión',0.00,1,'2019-11-15 13:24:28','2019-11-15 13:24:28',NULL),(51,NULL,2019,1,0,'Aportes a Fondos Compensadores de Previsión',0.00,1,'2019-11-15 13:24:28','2019-11-15 13:24:28',NULL),(52,NULL,2019,1,0,'Intereses Crédito Hipotecario',20000.00,1,'2019-11-15 13:24:28','2019-11-15 13:24:28',NULL),(53,NULL,2019,1,0,'Servicio Doméstico',103018.79,1,'2019-11-15 13:24:28','2019-11-15 13:24:28',NULL),(54,NULL,2019,1,0,'Donaciones',0.00,1,'2019-11-15 13:24:28','2019-11-15 13:24:28',NULL),(55,NULL,2019,1,0,'Cuota médico asistencial abonado por usted y por sus familiares a cargo',0.00,1,'2019-11-15 13:24:28','2019-11-15 13:24:28',NULL),(56,NULL,2019,1,0,'Honorarios Correspondientes a los Servicios de asistencia Sanitaria, Médica y Paramédica',0.00,1,'2019-11-15 13:24:28','2019-11-15 13:24:28',NULL),(57,NULL,2019,0,1,'Conyuge',80033.97,1,'2019-11-15 13:24:28','2019-11-15 13:24:28',NULL),(58,NULL,2019,0,1,'Hijo Incapacitado',40361.43,1,'2019-11-15 13:24:28','2019-11-15 13:24:28',NULL),(59,NULL,2019,0,1,'Hijo Menor 18 años',206037.56,1,'2019-11-15 13:24:28','2019-11-15 13:24:28',NULL),(60,NULL,2019,0,1,'Hijastro Incapacitado',206037.56,1,'2019-11-15 13:24:28','2019-11-15 13:24:28',NULL),(61,NULL,2019,0,1,'Hijastro Menor 18 Años',0.00,1,'2019-11-15 13:24:28','2019-11-15 13:24:28',NULL),(62,NULL,2019,0,1,'Ganancia No Imponible',103018.79,1,'2019-11-15 13:24:28','2019-11-15 13:24:28',NULL),(63,NULL,2019,0,1,'Deduccion Especial',103018.79,1,'2019-11-15 13:24:28','2019-11-15 13:24:28',NULL);
INSERT INTO `ganan_deducciones` VALUES (64,NULL,2016,1,0,'Primas de seguro para el caso de muerte',999.00,1,'2020-01-28 13:48:34','2020-01-28 13:48:34',NULL),(65,NULL,2016,1,0,'Gastos de Sepelio',999.00,1,'2020-01-28 13:48:34','2020-01-28 13:48:34',NULL),(66,NULL,2016,1,0,'Aportes a Obras Sociales',0.00,1,'2020-01-28 13:48:34','2020-01-28 13:48:34',NULL),(67,NULL,2016,1,0,'Aportes obligatorios a Fondos de jubilaciones, retiros, pensiones o subsidios a cajas nacionales, provinciales o municipales- incluidas las Cajas de Previsión para Profesionales.',0.00,1,'2020-01-28 13:48:34','2020-01-28 13:48:34',NULL),(68,NULL,2016,1,0,'Otras deducciones del Anexo III de la RG 2437: Aportes para fondos de Jubilación, Retiros, Pensiones o Subsidios destinados al ANSES',0.00,1,'2020-01-28 13:48:34','2020-01-28 13:48:34',NULL),(69,NULL,2016,1,0,'Aportes a Cajas Provinciales o Municipales o de Previsión para Profesionales',0.00,1,'2020-01-28 13:48:34','2020-01-28 13:48:34',NULL),(70,NULL,2016,1,0,'Pagos Régimen Nacional de Trabajadores Autónomos',0.00,1,'2020-01-28 13:48:34','2020-01-28 13:48:34',NULL),(71,NULL,2016,1,0,'Aportes a Cajas Complementarias de Previsión',0.00,1,'2020-01-28 13:48:34','2020-01-28 13:48:34',NULL),(72,NULL,2016,1,0,'Aportes a Fondos Compensadores de Previsión',0.00,1,'2020-01-28 13:48:34','2020-01-28 13:48:34',NULL),(73,NULL,2016,1,0,'Intereses Crédito Hipotecario',20000.00,1,'2020-01-28 13:48:34','2020-01-28 13:48:34',NULL),(74,NULL,2016,1,0,'Servicio Doméstico',42318.00,1,'2020-01-28 13:48:34','2020-01-28 13:48:34',NULL),(75,NULL,2016,1,0,'Donaciones',0.00,1,'2020-01-28 13:48:34','2020-01-28 13:48:34',NULL),(76,NULL,2016,1,0,'Cuota médico asistencial abonado por usted y por sus familiares a cargo',0.00,1,'2020-01-28 13:48:34','2020-01-28 13:48:34',NULL),(77,NULL,2016,1,0,'Honorarios Correspondientes a los Servicios de asistencia Sanitaria, Médica y \n            Paramédica',0.00,1,'2020-01-28 13:48:34','2020-01-28 13:48:34',NULL),(78,NULL,2016,0,1,'Conyuge',39778.00,1,'2020-01-28 13:48:34','2020-01-28 13:48:34',NULL),(79,NULL,2016,0,1,'Hijo Incapacitado',19889.00,1,'2020-01-28 13:48:34','2020-01-28 13:48:34',NULL),(80,NULL,2016,0,1,'Hijo Menor 18 años',19889.00,1,'2020-01-28 13:48:34','2020-01-28 13:48:34',NULL),(81,NULL,2016,0,1,'Hijastro Incapacitado',19889.00,1,'2020-01-28 13:48:34','2020-01-28 13:48:34',NULL),(82,NULL,2016,0,1,'Hijastro Menor 18 Años',19889.00,1,'2020-01-28 13:48:34','2020-01-28 13:48:34',NULL),(83,NULL,2016,0,1,'Ganancia No Imponible',42318.00,1,'2020-01-28 13:48:34','2020-01-28 13:48:34',NULL),(84,NULL,2016,0,1,'Deduccion Especial',42318.00,1,'2020-01-28 13:48:34','2020-01-28 13:48:34',NULL),(85,NULL,2019,1,0,'Alquileres',103018.97,1,'2020-01-28 14:17:39','2020-01-28 14:17:39',NULL),(86,NULL,2020,1,0,'Alquileres',123861.17,1,'2020-01-28 14:17:39','2020-01-28 14:17:39',NULL),(87,NULL,2020,1,0,'Primas de seguro para el caso de muerte',18000.00,1,'2020-01-28 14:17:39','2020-01-28 14:17:39',NULL),(88,NULL,2020,1,0,'Gastos de Sepelio',999.00,1,'2020-01-28 14:17:39','2020-01-28 14:17:39',NULL),(89,NULL,2020,1,0,'Aportes a Obras Sociales',0.00,1,'2020-01-28 14:17:39','2020-01-28 14:17:39',NULL),(90,NULL,2020,1,0,'Aportes obligatorios a Fondos de jubilaciones, retiros, pensiones o subsidios a cajas nacionales, provinciales o municipales- incluidas las Cajas de Previsión para Profesionales.',0.00,1,'2020-01-28 14:17:39','2020-01-28 14:17:39',NULL),(91,NULL,2020,1,0,'Otras deducciones del Anexo III de la RG 2437: Aportes para fondos de Jubilación, Retiros, Pensiones o Subsidios destinados al ANSES',0.00,1,'2020-01-28 14:17:39','2020-01-28 14:17:39',NULL),(92,NULL,2020,1,0,'Aportes a Cajas Provinciales o Municipales o de Previsión para Profesionales',0.00,1,'2020-01-28 14:17:39','2020-01-28 14:17:39',NULL),(93,NULL,2020,1,0,'Pagos Régimen Nacional de Trabajadores Autónomos',0.00,1,'2020-01-28 14:17:39','2020-01-28 14:17:39',NULL);
INSERT INTO `ganan_deducciones` VALUES (94,NULL,2020,1,0,'Aportes a Cajas Complementarias de Previsión',0.00,1,'2020-01-28 14:17:39','2020-01-28 14:17:39',NULL),(95,NULL,2020,1,0,'Aportes a Fondos Compensadores de Previsión',0.00,1,'2020-01-28 14:17:39','2020-01-28 14:17:39',NULL),(96,NULL,2020,1,0,'Intereses Crédito Hipotecario',20000.00,1,'2020-01-28 14:17:39','2020-01-28 14:17:39',NULL),(97,NULL,2020,1,0,'Servicio Doméstico',123861.17,1,'2020-01-28 14:17:39','2020-01-28 14:17:39',NULL),(98,NULL,2020,1,0,'Donaciones',0.00,1,'2020-01-28 14:17:39','2020-01-28 14:17:39',NULL),(99,NULL,2020,1,0,'Cuota médico asistencial abonado por usted y por sus familiares a cargo',0.00,1,'2020-01-28 14:17:39','2020-01-28 14:17:39',NULL),(100,NULL,2020,1,0,'Honorarios Correspondientes a los Servicios de asistencia Sanitaria, Médica y Paramédica',0.00,1,'2020-01-28 14:17:39','2020-01-28 14:17:39',NULL),(101,NULL,2020,0,1,'Conyuge',115471.38,1,'2020-01-28 14:17:39','2020-01-28 14:17:39',NULL),(102,NULL,2020,0,1,'Hijo Incapacitado',58232.65,1,'2020-01-28 14:17:39','2020-01-28 14:17:39',NULL),(103,NULL,2020,0,1,'Hijo Menor 18 años',58232.65,1,'2020-01-28 14:17:39','2020-01-28 14:17:39',NULL),(104,NULL,2020,0,1,'Hijastro Incapacitado',58232.65,1,'2020-01-28 14:17:39','2020-01-28 14:17:39',NULL),(105,NULL,2020,0,1,'Hijastro Menor 18 Años',0.00,1,'2020-01-28 14:17:39','2020-01-28 14:17:39',NULL),(106,NULL,2020,0,1,'Ganancia No Imponible',123861.17,1,'2020-01-28 14:17:39','2020-01-28 14:17:39',NULL),(107,NULL,2020,0,1,'Deduccion Especial Art 30 Apartado 1',103018.79,1,'2020-01-28 14:17:39','2020-01-28 14:17:39',NULL),(108,NULL,2020,0,1,'Deduccion Especial Art 30 Apartado 1 \"Nuevos Profesionales / Emprendedores',309652.93,1,'2020-01-28 14:17:39','2020-01-28 14:17:39',NULL),(109,NULL,2020,0,1,'Deduccion Especial Art 30 Apartado 2',594533.62,1,'2020-01-28 14:17:39','2020-01-28 14:17:39',NULL),(110,NULL,2021,1,0,'Primas de seguro para el caso de muerte',24000.00,1,'2023-02-16 08:52:55','2023-02-16 08:52:55',NULL),(111,NULL,2021,1,0,'Gastos de Sepelio',996.23,1,'2023-02-16 08:52:55','2023-02-16 08:52:55',NULL),(112,NULL,2021,1,0,'Aportes a Obras Sociales',0.00,1,'2023-02-16 08:52:55','2023-02-16 08:52:55',NULL),(113,NULL,2021,1,0,'Aportes obligatorios a Fondos de jubilaciones, retiros, pensiones o subsidios a cajas nacionales, provinciales o municipales- incluidas las Cajas de Previsión para Profesionales.',0.00,1,'2023-02-16 08:52:55','2023-02-16 08:52:55',NULL),(114,NULL,2021,1,0,'Otras deducciones del Anexo III de la RG 2437: Aportes para fondos de Jubilación, Retiros, Pensiones o Subsidios destinados al ANSES',0.00,1,'2023-02-16 08:52:55','2023-02-16 08:52:55',NULL),(115,NULL,2021,1,0,'Aportes a Cajas Provinciales o Municipales o de Previsión para Profesionales',0.00,1,'2023-02-16 08:52:55','2023-02-16 08:52:55',NULL),(116,NULL,2021,1,0,'Pagos Régimen Nacional de Trabajadores Autónomos',0.00,1,'2023-02-16 08:52:55','2023-02-16 08:52:55',NULL),(117,NULL,2021,1,0,'Aportes a Cajas Complementarias de Previsión',0.00,1,'2023-02-16 08:52:55','2023-02-16 08:52:55',NULL),(118,NULL,2021,1,0,'Aportes a Fondos Compensadores de Previsión',0.00,1,'2023-02-16 08:52:55','2023-02-16 08:52:55',NULL),(119,NULL,2021,1,0,'Intereses Crédito Hipotecario',20000.00,1,'2023-02-16 08:52:55','2023-02-16 08:52:55',NULL),(120,NULL,2021,1,0,'Servicio Doméstico',167678.40,1,'2023-02-16 08:52:55','2023-02-16 08:52:55',NULL),(121,NULL,2021,1,0,'Donaciones',0.00,1,'2023-02-16 08:52:55','2023-02-16 08:52:55',NULL),(122,NULL,2021,1,0,'Cuota médico asistencial abonado por usted y por sus familiares a cargo',0.00,1,'2023-02-16 08:52:55','2023-02-16 08:52:55',NULL),(123,NULL,2021,1,0,'Honorarios Correspondientes a los Servicios de asistencia Sanitaria, Médica y Paramédica',0.00,1,'2023-02-16 08:52:55','2023-02-16 08:52:55',NULL),(124,NULL,2021,0,1,'Conyuge',156320.63,1,'2023-02-16 08:52:55','2023-02-16 08:52:55',NULL),(125,NULL,2021,0,1,'Hijo Menor 18 años',78833.08,1,'2023-02-16 08:52:55','2023-02-16 08:52:55',NULL);
INSERT INTO `ganan_deducciones` VALUES (126,NULL,2021,0,1,'Ganancia No Imponible',167678.40,1,'2023-02-16 08:52:55','2023-02-16 08:52:55',NULL),(127,NULL,2021,0,1,'Deduccion Especial',804856.34,1,'2023-02-16 08:52:55','2023-02-16 08:52:55',NULL),(128,NULL,2022,1,0,'Primas de seguro para el caso de muerte',24000.00,1,'2023-02-16 08:52:58','2023-02-16 08:52:58',NULL),(129,NULL,2022,1,0,'Gastos de Sepelio',996.23,1,'2023-02-16 08:52:58','2023-02-16 08:52:58',NULL),(130,NULL,2022,1,0,'Aportes a Obras Sociales',0.00,1,'2023-02-16 08:52:58','2023-02-16 08:52:58',NULL),(131,NULL,2022,1,0,'Aportes obligatorios a Fondos de jubilaciones, retiros, pensiones o subsidios a cajas nacionales, provinciales o municipales- incluidas las Cajas de Previsión para Profesionales.',0.00,1,'2023-02-16 08:52:58','2023-02-16 08:52:58',NULL),(132,NULL,2022,1,0,'Otras deducciones del Anexo III de la RG 2437: Aportes para fondos de Jubilación, Retiros, Pensiones o Subsidios destinados al ANSES',0.00,1,'2023-02-16 08:52:58','2023-02-16 08:52:58',NULL),(133,NULL,2022,1,0,'Aportes a Cajas Provinciales o Municipales o de Previsión para Profesionales',0.00,1,'2023-02-16 08:52:58','2023-02-16 08:52:58',NULL),(134,NULL,2022,1,0,'Pagos Régimen Nacional de Trabajadores Autónomos',0.00,1,'2023-02-16 08:52:58','2023-02-16 08:52:58',NULL),(135,NULL,2022,1,0,'Aportes a Cajas Complementarias de Previsión',0.00,1,'2023-02-16 08:52:58','2023-02-16 08:52:58',NULL),(136,NULL,2022,1,0,'Aportes a Fondos Compensadores de Previsión',0.00,1,'2023-02-16 08:52:58','2023-02-16 08:52:58',NULL),(137,NULL,2022,1,0,'Intereses Crédito Hipotecario',20000.00,1,'2023-02-16 08:52:58','2023-02-16 08:52:58',NULL),(138,NULL,2022,1,0,'Servicio Doméstico',252564.84,1,'2023-02-16 08:52:58','2023-02-16 08:52:58',NULL),(139,NULL,2022,1,0,'Donaciones',0.00,1,'2023-02-16 08:52:58','2023-02-16 08:52:58',NULL),(140,NULL,2022,1,0,'Cuota médico asistencial abonado por usted y por sus familiares a cargo',0.00,1,'2023-02-16 08:52:58','2023-02-16 08:52:58',NULL),(141,NULL,2022,1,0,'Honorarios Correspondientes a los Servicios de asistencia Sanitaria, Médica y Paramédica',0.00,1,'2023-02-16 08:52:58','2023-02-16 08:52:58',NULL),(142,NULL,2022,1,0,'Alquileres',252564.84,1,'2023-02-16 08:52:58','2023-02-16 08:52:58',NULL),(143,NULL,2022,0,1,'Conyuge',235457.25,1,'2023-02-16 08:52:58','2023-02-16 08:52:58',NULL),(144,NULL,2022,0,1,'Hijo Menor 18 años',118741.97,1,'2023-02-16 08:52:58','2023-02-16 08:52:58',NULL),(145,NULL,2022,0,1,'Ganancia No Imponible',252564.84,1,'2023-02-16 08:52:58','2023-02-16 08:52:58',NULL),(146,NULL,2022,0,1,'Deducción Especial [Artículo 30, inciso c), Apartado 2]',1212311.24,1,'2023-02-16 08:52:58','2023-02-16 08:52:58',NULL),(147,NULL,2022,0,1,'Deducción Especial [Artículo 30, inciso c), Apartado 1]',505129.68,1,'2023-02-16 08:52:58','2023-02-16 08:52:58',NULL),(148,NULL,2022,0,1,'Deducción Especial [Artículo 30, inciso c), Apartado 1 “nuevos profesionales/emprendedores”]',631412.10,1,'2023-02-16 08:52:58','2023-02-16 08:52:58',NULL),(149,NULL,2022,0,1,'Hijo Incapacitado',237483.94,1,'2023-02-16 08:52:58','2023-02-16 08:52:58',NULL),(150,NULL,2021,1,0,'Alquileres',167678.40,1,NULL,NULL,NULL),(151,NULL,2023,1,0,'Primas de seguro para el caso de muerte',24000.00,1,'2023-02-16 08:53:04','2023-02-16 08:53:04',NULL),(152,NULL,2023,1,0,'Aportes a Obras Sociales',0.00,1,'2023-02-16 08:53:04','2023-02-16 08:53:04',NULL),(153,NULL,2023,1,0,'Aportes obligatorios a Fondos de jubilaciones, retiros, pensiones o subsidios a cajas nacionales, provinciales o municipales- incluidas las Cajas de Previsión para Profesionales.',0.00,1,'2023-02-16 08:53:04','2023-02-16 08:53:04',NULL),(154,NULL,2023,1,0,'Gastos de Sepelio',996.23,1,'2023-02-16 08:53:04','2023-02-16 08:53:04',NULL),(155,NULL,2023,1,0,'Otras deducciones del Anexo III de la RG 2437: Aportes para fondos de Jubilación, Retiros, Pensiones o Subsidios destinados al ANSES',0.00,1,'2023-02-16 08:53:04','2023-02-16 08:53:04',NULL);
INSERT INTO `ganan_deducciones` VALUES (156,NULL,2023,1,0,'Aportes a Cajas Provinciales o Municipales o de Previsión para Profesionales',0.00,1,'2023-02-16 08:53:04','2023-02-16 08:53:04',NULL),(157,NULL,2023,1,0,'Pagos Régimen Nacional de Trabajadores Autónomos',0.00,1,'2023-02-16 08:53:04','2023-02-16 08:53:04',NULL),(158,NULL,2023,1,0,'Aportes a Cajas Complementarias de Previsión',0.00,1,'2023-02-16 08:53:04','2023-02-16 08:53:04',NULL),(159,NULL,2023,1,0,'Aportes a Fondos Compensadores de Previsión',0.00,1,'2023-02-16 08:53:04','2023-02-16 08:53:04',NULL),(160,NULL,2023,1,0,'Intereses Crédito Hipotecario',20000.00,1,'2023-02-16 08:53:04','2023-02-16 08:53:04',NULL),(161,NULL,2023,1,0,'Servicio Doméstico',451686.96,1,'2023-02-16 08:53:04','2023-02-16 08:53:04',NULL),(162,NULL,2023,1,0,'Donaciones',0.00,1,'2023-02-16 08:53:04','2023-02-16 08:53:04',NULL),(163,NULL,2023,1,0,'Cuota médico asistencial abonado por usted y por sus familiares a cargo',0.00,1,'2023-02-16 08:53:04','2023-02-16 08:53:04',NULL),(164,NULL,2023,1,0,'Honorarios Correspondientes a los Servicios de asistencia Sanitaria, Médica y Paramédica',0.00,1,'2023-02-16 08:53:04','2023-02-16 08:53:04',NULL),(165,NULL,2023,1,0,'Alquileres',451686.96,1,'2023-02-16 08:53:04','2023-02-16 08:53:04',NULL),(166,NULL,2023,0,1,'Ganancia No Imponible',451686.96,1,'2023-02-16 08:53:04','2023-02-16 08:53:04',NULL),(167,NULL,2023,0,1,'Conyuge',421091.75,1,'2023-02-16 08:53:04','2023-02-16 08:53:04',NULL),(168,NULL,2023,0,1,'Hijo Menor 18 años',212358.14,1,'2023-02-16 08:53:04','2023-02-16 08:53:04',NULL),(169,NULL,2023,0,1,'Hijo Incapacitado',424716.28,1,'2023-02-16 08:53:04','2023-02-16 08:53:04',NULL),(170,NULL,2023,0,1,'Deducción Especial [Artículo 30, inciso c), Apartado 1]',1580904.36,1,'2023-02-16 08:53:04','2023-02-16 08:53:04',NULL),(171,NULL,2023,0,1,'Deducción Especial [Artículo 30, inciso c), Apartado 1 “nuevos profesionales/emprendedores”]',1806747.84,1,'2023-02-16 08:53:04','2023-02-16 08:53:04',NULL),(172,NULL,2023,0,1,'Deducción Especial [Artículo 30, inciso c), Apartado 2]',2168097.42,1,'2023-02-16 08:53:04','2023-02-16 08:53:04',NULL),(173,NULL,2024,1,0,'Primas de seguro para el caso de muerte',195845.39,1,NULL,NULL,NULL),(174,NULL,2024,1,0,'Aportes a Obras Sociales',0.00,1,NULL,NULL,NULL),(175,NULL,2024,1,0,'Aportes obligatorios a Fondos de jubilaciones, retiros, pensiones o subsidios a cajas nacionales, provinciales o municipales- incluidas las Cajas de Previsión para Profesionales.',0.00,1,NULL,NULL,NULL),(176,NULL,2024,1,0,'Gastos de Sepelio',996.23,1,NULL,NULL,NULL),(177,NULL,2024,1,0,'Otras deducciones del Anexo III de la RG 2437: Aportes para fondos de Jubilación, Retiros, Pensiones o Subsidios destinados al ANSES',0.00,1,NULL,NULL,NULL),(178,NULL,2024,1,0,'Aportes a Cajas Provinciales o Municipales o de Previsión para Profesionales',0.00,1,NULL,NULL,NULL),(179,NULL,2024,1,0,'Pagos Régimen Nacional de Trabajadores Autónomos',0.00,1,NULL,NULL,NULL),(180,NULL,2024,1,0,'Aportes a Cajas Complementarias de Previsión',0.00,1,NULL,NULL,NULL),(181,NULL,2024,1,0,'Aportes a Fondos Compensadores de Previsión',0.00,1,NULL,NULL,NULL),(182,NULL,2024,1,0,'Intereses Crédito Hipotecario',20000.00,1,NULL,NULL,NULL),(183,NULL,2024,1,0,'Servicio Doméstico',3503688.17,1,NULL,NULL,NULL),(184,NULL,2024,1,0,'Donaciones',0.00,1,NULL,NULL,NULL),(185,NULL,2024,1,0,'Cuota médico asistencial abonado por usted y por sus familiares a cargo',0.00,1,NULL,NULL,NULL),(186,NULL,2024,1,0,'Honorarios Correspondientes a los Servicios de asistencia Sanitaria, Médica y Paramédica',0.00,1,NULL,NULL,NULL),(187,NULL,2024,1,0,'Alquileres',3503688.17,1,NULL,NULL,NULL),(188,NULL,2024,1,0,'Servicios o Herramientas con Fines Educativos',1401475.27,1,NULL,NULL,NULL),(189,NULL,2024,1,0,'Primas Riesgo de Muertes y Ahorros',195845.39,1,NULL,NULL,NULL),(190,NULL,2024,1,0,'Aportes Planes Seguro Retiro Privado',195845.39,1,NULL,NULL,NULL),(191,NULL,2024,1,0,'Aportes a Sociedades de Garantias Reciprocas',0.00,1,NULL,NULL,NULL);
INSERT INTO `ganan_deducciones` VALUES (192,NULL,2024,0,1,'Ganancia No Imponible',3503688.17,1,NULL,NULL,NULL),(193,NULL,2024,0,1,'Conyuge',3299771.52,1,NULL,NULL,NULL),(194,NULL,2024,0,1,'Hijo Menor 18 años',1664086.82,1,NULL,NULL,NULL),(195,NULL,2024,0,1,'Hijo Incapacitado',3328173.63,1,NULL,NULL,NULL),(196,NULL,2024,0,1,'Deducción Especial [Artículo 30, inciso c), Apartado 1]',12262908.60,1,NULL,NULL,NULL),(197,NULL,2024,0,1,'Deducción Especial [Artículo 30, inciso c), Apartado 1 “nuevos profesionales/emprendedores”]',14014752.69,1,NULL,NULL,NULL),(198,NULL,2024,0,1,'Deducción Especial [Artículo 30, inciso c), Apartado 2]',16817703.23,1,NULL,NULL,NULL),(199,NULL,2025,1,0,'Primas de seguro para el caso de muerte',195845.39,1,NULL,NULL,NULL),(200,NULL,2025,1,0,'Aportes a Obras Sociales',0.00,1,NULL,NULL,NULL),(201,NULL,2025,1,0,'Aportes obligatorios a Fondos de jubilaciones, retiros, pensiones o subsidios a cajas nacionales, provinciales o municipales- incluidas las Cajas de Previsión para Profesionales.',0.00,1,NULL,NULL,NULL),(202,NULL,2025,1,0,'Gastos de Sepelio',996.23,1,NULL,NULL,NULL),(203,NULL,2025,1,0,'Otras deducciones del Anexo III de la RG 2437: Aportes para fondos de Jubilación, Retiros, Pensiones o Subsidios destinados al ANSES',0.00,1,NULL,NULL,NULL),(204,NULL,2025,1,0,'Aportes a Cajas Provinciales o Municipales o de Previsión para Profesionales',0.00,1,NULL,NULL,NULL),(205,NULL,2025,1,0,'Pagos Régimen Nacional de Trabajadores Autónomos',0.00,1,NULL,NULL,NULL),(206,NULL,2025,1,0,'Aportes a Cajas Complementarias de Previsión',0.00,1,NULL,NULL,NULL),(207,NULL,2025,1,0,'Aportes a Fondos Compensadores de Previsión',0.00,1,NULL,NULL,NULL),(208,NULL,2025,1,0,'Intereses Crédito Hipotecario',20000.00,1,NULL,NULL,NULL),(209,NULL,2025,1,0,'Servicio Doméstico',3916268.37,1,NULL,NULL,NULL),(210,NULL,2025,1,0,'Donaciones',0.00,1,NULL,NULL,NULL),(211,NULL,2025,1,0,'Cuota médico asistencial abonado por usted y por sus familiares a cargo',0.00,1,NULL,NULL,NULL),(212,NULL,2025,1,0,'Honorarios Correspondientes a los Servicios de asistencia Sanitaria, Médica y Paramédica',0.00,1,NULL,NULL,NULL),(213,NULL,2025,1,0,'Alquileres',3916268.37,1,NULL,NULL,NULL),(214,NULL,2025,1,0,'Servicios o Herramientas con Fines Educativos',1566507.35,1,NULL,NULL,NULL),(215,NULL,2025,1,0,'Primas Riesgo de Muertes y Ahorros',195845.39,1,NULL,NULL,NULL),(216,NULL,2025,1,0,'Aportes Planes Seguro Retiro Privado',195845.39,1,NULL,NULL,NULL),(217,NULL,2025,1,0,'Aportes a Sociedades de Garantias Reciprocas',0.00,1,NULL,NULL,NULL),(218,NULL,2025,0,1,'Ganancia No Imponible',3916268.37,1,NULL,NULL,NULL),(219,NULL,2025,0,1,'Conyuge',3688339.32,1,NULL,NULL,NULL),(220,NULL,2025,0,1,'Hijo Menor 18 años',1860042.98,1,NULL,NULL,NULL),(221,NULL,2025,0,1,'Hijo Incapacitado',3720085.95,1,NULL,NULL,NULL),(222,NULL,2025,0,1,'Deducción Especial [Artículo 30, inciso c), Apartado 1]',13706939.31,1,NULL,NULL,NULL),(223,NULL,2025,0,1,'Deducción Especial [Artículo 30, inciso c), Apartado 1 “nuevos profesionales/emprendedores”]',15665073.50,1,NULL,NULL,NULL),(224,NULL,2025,0,1,'Deducción Especial [Artículo 30, inciso c), Apartado 2]',18798088.20,1,NULL,NULL,NULL);

--
-- Table structure for table `ganan_tipos_op`
--

CREATE TABLE `ganan_tipos_op` (
  `id` int(10) unsigned NOT NULL AUTO_INCREMENT,
  `user_id` int(10) unsigned DEFAULT NULL,
  `nombre` varchar(191) COLLATE utf8mb4_unicode_ci NOT NULL,
  `status` tinyint(1) NOT NULL DEFAULT '1',
  `created_at` timestamp NULL DEFAULT NULL,
  `updated_at` timestamp NULL DEFAULT NULL,
  `deleted_at` timestamp NULL DEFAULT NULL,
  PRIMARY KEY (`id`)
) ENGINE=InnoDB AUTO_INCREMENT=3 DEFAULT CHARSET=utf8mb4 COLLATE=utf8mb4_unicode_ci;

--
-- Dumping data for table `ganan_tipos_op`
--

INSERT INTO `ganan_tipos_op` VALUES (1,NULL,'Gravado',1,'2019-11-15 13:24:28','2019-11-15 13:24:28',NULL),(2,NULL,'Exento',1,'2019-11-15 13:24:28','2019-11-15 13:24:28',NULL);

--
-- Table structure for table `horas_calculadas`
--

CREATE TABLE `horas_calculadas` (
  `id` bigint(20) unsigned NOT NULL AUTO_INCREMENT,
  `user_id` int(10) unsigned DEFAULT NULL,
  `syj_empleado_id` int(10) unsigned NOT NULL,
  `fecha` date NOT NULL,
  `horas_fichaje` decimal(8,2) NOT NULL DEFAULT '0.00',
  `horas_normales` decimal(8,2) NOT NULL DEFAULT '0.00',
  `horas_50` decimal(8,2) NOT NULL DEFAULT '0.00',
  `horas_100` decimal(8,2) NOT NULL DEFAULT '0.00',
  `horas_prod` decimal(8,2) NOT NULL DEFAULT '0.00',
  `horas_improd` decimal(8,2) NOT NULL DEFAULT '0.00',
  `created_at` timestamp NULL DEFAULT NULL,
  `updated_at` timestamp NULL DEFAULT NULL,
  `deleted_at` timestamp NULL DEFAULT NULL,
  PRIMARY KEY (`id`),
  KEY `horas_calculadas_syj_empleado_id_foreign` (`syj_empleado_id`),
  CONSTRAINT `horas_calculadas_syj_empleado_id_foreign` FOREIGN KEY (`syj_empleado_id`) REFERENCES `syj_empleados` (`id`)
) ENGINE=InnoDB DEFAULT CHARSET=utf8mb4 COLLATE=utf8mb4_unicode_ci;

--
-- Dumping data for table `horas_calculadas`
--


--
-- Table structure for table `horas_calculadas_details`
--

CREATE TABLE `horas_calculadas_details` (
  `id` bigint(20) unsigned NOT NULL AUTO_INCREMENT,
  `user_id` int(10) unsigned DEFAULT NULL,
  `horas_calculada_id` bigint(20) unsigned NOT NULL,
  `inv_orden_trabajo_hora_id` bigint(20) unsigned DEFAULT NULL,
  `horas_productiva_id` bigint(20) unsigned NOT NULL,
  `horas_prod` decimal(16,2) NOT NULL,
  `created_at` timestamp NULL DEFAULT NULL,
  `updated_at` timestamp NULL DEFAULT NULL,
  `deleted_at` timestamp NULL DEFAULT NULL,
  PRIMARY KEY (`id`),
  KEY `horas_calculadas_details_horas_calculada_id_foreign` (`horas_calculada_id`),
  KEY `horas_calculadas_details_horas_productiva_id_foreign` (`horas_productiva_id`),
  KEY `horas_calculadas_details_inv_orden_trabajo_hora_id_foreign` (`inv_orden_trabajo_hora_id`),
  CONSTRAINT `horas_calculadas_details_horas_calculada_id_foreign` FOREIGN KEY (`horas_calculada_id`) REFERENCES `horas_calculadas` (`id`),
  CONSTRAINT `horas_calculadas_details_horas_productiva_id_foreign` FOREIGN KEY (`horas_productiva_id`) REFERENCES `horas_productivas` (`id`),
  CONSTRAINT `horas_calculadas_details_inv_orden_trabajo_hora_id_foreign` FOREIGN KEY (`inv_orden_trabajo_hora_id`) REFERENCES `inv_orden_trabajo_horas` (`id`)
) ENGINE=InnoDB DEFAULT CHARSET=utf8mb4 COLLATE=utf8mb4_unicode_ci;

--
-- Dumping data for table `horas_calculadas_details`
--


--
-- Table structure for table `horas_definicion`
--

CREATE TABLE `horas_definicion` (
  `id` bigint(20) unsigned NOT NULL AUTO_INCREMENT,
  `user_id` int(10) unsigned DEFAULT NULL,
  `person_id` int(10) unsigned NOT NULL,
  `fecha` date NOT NULL,
  `horas_normales_inicio` time DEFAULT NULL,
  `horas_normales_fin` time DEFAULT NULL,
  `horas_50_inicio` time DEFAULT NULL,
  `horas_50_fin` time DEFAULT NULL,
  `horas_100_inicio` time DEFAULT NULL,
  `horas_100_fin` time DEFAULT NULL,
  `created_at` timestamp NULL DEFAULT NULL,
  `updated_at` timestamp NULL DEFAULT NULL,
  `deleted_at` timestamp NULL DEFAULT NULL,
  PRIMARY KEY (`id`),
  KEY `horas_definicion_person_id_foreign` (`person_id`),
  CONSTRAINT `horas_definicion_person_id_foreign` FOREIGN KEY (`person_id`) REFERENCES `persons` (`id`) ON DELETE CASCADE
) ENGINE=InnoDB DEFAULT CHARSET=utf8mb4 COLLATE=utf8mb4_unicode_ci;

--
-- Dumping data for table `horas_definicion`
--


--
-- Table structure for table `horas_fichajes`
--

CREATE TABLE `horas_fichajes` (
  `id` bigint(20) unsigned NOT NULL AUTO_INCREMENT,
  `user_id` int(10) unsigned DEFAULT NULL,
  `person_id` int(10) unsigned NOT NULL,
  `syj_empleado_id` int(10) unsigned NOT NULL,
  `fecha` date NOT NULL,
  `fecha_y_hora` datetime DEFAULT NULL,
  `terminal` varchar(50) COLLATE utf8mb4_unicode_ci NOT NULL,
  `codigo` varchar(191) COLLATE utf8mb4_unicode_ci DEFAULT NULL,
  `estado` varchar(191) COLLATE utf8mb4_unicode_ci NOT NULL,
  `jornada` varchar(191) COLLATE utf8mb4_unicode_ci DEFAULT NULL,
  `retraso` time DEFAULT NULL,
  `hs_50` time DEFAULT NULL,
  `hs_100` time DEFAULT NULL,
  `feriados` time DEFAULT NULL,
  `comentario` text COLLATE utf8mb4_unicode_ci,
  `created_at` timestamp NULL DEFAULT NULL,
  `updated_at` timestamp NULL DEFAULT NULL,
  `deleted_at` timestamp NULL DEFAULT NULL,
  PRIMARY KEY (`id`),
  KEY `horas_fichajes_person_id_foreign` (`person_id`),
  KEY `horas_fichajes_syj_empleado_id_foreign` (`syj_empleado_id`),
  CONSTRAINT `horas_fichajes_person_id_foreign` FOREIGN KEY (`person_id`) REFERENCES `persons` (`id`),
  CONSTRAINT `horas_fichajes_syj_empleado_id_foreign` FOREIGN KEY (`syj_empleado_id`) REFERENCES `syj_empleados` (`id`)
) ENGINE=InnoDB DEFAULT CHARSET=utf8mb4 COLLATE=utf8mb4_unicode_ci;

--
-- Dumping data for table `horas_fichajes`
--


--
-- Table structure for table `horas_productivas`
--

CREATE TABLE `horas_productivas` (
  `id` bigint(20) unsigned NOT NULL AUTO_INCREMENT,
  `user_id` int(10) unsigned DEFAULT NULL,
  `ot_id` bigint(20) unsigned NOT NULL,
  `syj_empleado_id` int(10) unsigned NOT NULL,
  `fecha_y_hora` datetime NOT NULL,
  `fecha_hora_start` datetime NOT NULL,
  `fecha_hora_end` datetime DEFAULT NULL,
  `created_at` timestamp NULL DEFAULT NULL,
  `updated_at` timestamp NULL DEFAULT NULL,
  `deleted_at` timestamp NULL DEFAULT NULL,
  PRIMARY KEY (`id`),
  KEY `horas_productivas_syj_empleado_id_foreign` (`syj_empleado_id`),
  KEY `horas_productivas_ot_id_foreign` (`ot_id`),
  CONSTRAINT `horas_productivas_ot_id_foreign` FOREIGN KEY (`ot_id`) REFERENCES `inv_orden_trabajos` (`id`),
  CONSTRAINT `horas_productivas_syj_empleado_id_foreign` FOREIGN KEY (`syj_empleado_id`) REFERENCES `syj_empleados` (`id`)
) ENGINE=InnoDB DEFAULT CHARSET=utf8mb4 COLLATE=utf8mb4_unicode_ci;

--
-- Dumping data for table `horas_productivas`
--


--
-- Table structure for table `iibb_perceptions`
--

CREATE TABLE `iibb_perceptions` (
  `id` int(10) unsigned NOT NULL AUTO_INCREMENT,
  `user_id` int(10) unsigned DEFAULT NULL,
  `created_at` timestamp NULL DEFAULT NULL,
  `updated_at` timestamp NULL DEFAULT NULL,
  `name` varchar(255) COLLATE utf8mb4_unicode_ci NOT NULL,
  `code` varchar(255) COLLATE utf8mb4_unicode_ci NOT NULL,
  PRIMARY KEY (`id`)
) ENGINE=InnoDB AUTO_INCREMENT=10 DEFAULT CHARSET=utf8mb4 COLLATE=utf8mb4_unicode_ci;

--
-- Dumping data for table `iibb_perceptions`
--

INSERT INTO `iibb_perceptions` VALUES (1,NULL,NULL,NULL,'IIBB CABA','IIBBCABA'),(2,NULL,NULL,NULL,'IIBB Bs. As.','IIBBBSAS'),(3,NULL,NULL,NULL,'Percepcion IIBB Tucuman','IIBBTucuman'),(4,NULL,NULL,NULL,'Perc IIBB Misiones','IIBBMisiones'),(5,NULL,NULL,NULL,'Perc IIBB Cordoba','IIBBCba'),(6,NULL,NULL,NULL,'Pec IIBB La Pampa','IIBB La Pampa'),(7,NULL,NULL,NULL,'Perc IIBB Rio Negro','IIBB Rio Negro'),(8,NULL,NULL,NULL,'Perc IIBB Corrientes','IIIBB Corrientes'),(9,NULL,NULL,NULL,'Perc IIBB Santiago del Estero','IIBBSantiago');

--
-- Table structure for table `inv_combos`
--

CREATE TABLE `inv_combos` (
  `id` bigint(20) unsigned NOT NULL AUTO_INCREMENT,
  `inv_product_combo_id` bigint(20) unsigned NOT NULL,
  `inv_product_id` bigint(20) unsigned NOT NULL,
  `cantidades` int(11) NOT NULL,
  `codigo_interno` varchar(191) COLLATE utf8mb4_unicode_ci NOT NULL,
  `descripcion` varchar(191) COLLATE utf8mb4_unicode_ci NOT NULL,
  `created_at` timestamp NULL DEFAULT NULL,
  `updated_at` timestamp NULL DEFAULT NULL,
  `deleted_at` timestamp NULL DEFAULT NULL,
  PRIMARY KEY (`id`),
  KEY `inv_combos_inv_product_combo_id_foreign` (`inv_product_combo_id`),
  KEY `inv_combos_inv_product_id_foreign` (`inv_product_id`),
  CONSTRAINT `inv_combos_inv_product_combo_id_foreign` FOREIGN KEY (`inv_product_combo_id`) REFERENCES `inv_productos` (`id`),
  CONSTRAINT `inv_combos_inv_product_id_foreign` FOREIGN KEY (`inv_product_id`) REFERENCES `inv_productos` (`id`)
) ENGINE=InnoDB AUTO_INCREMENT=3 DEFAULT CHARSET=utf8mb4 COLLATE=utf8mb4_unicode_ci;

--
