-- Table structure for table `cta_cte_tesoreria`
--

CREATE TABLE `cta_cte_tesoreria` (
  `id` int(10) unsigned NOT NULL AUTO_INCREMENT,
  `bind_apibank_movement_id` bigint(20) unsigned DEFAULT NULL COMMENT 'FK soft a bind_apibank_movements (movimiento que originó este registro)',
  `bind_apibank_transfer_id` bigint(20) unsigned DEFAULT NULL COMMENT 'FK soft a bind_apibank_transfers (transferencia que originó este registro)',
  `bind_sync_status` enum('pending','synced','error') COLLATE utf8mb4_unicode_ci DEFAULT NULL COMMENT 'Estado de sincronización: pending=pendiente, synced=sincronizado, error=error al sincronizar',
  `user_id` int(10) unsigned DEFAULT NULL,
  `person_id` int(10) unsigned NOT NULL,
  `cta_cte_cliente_id` int(10) unsigned DEFAULT NULL,
  `nf_cta_cte_id` int(10) unsigned DEFAULT NULL,
  `cta_cte_tesoreria_cuenta_id` int(10) unsigned NOT NULL,
  `period_id` int(10) unsigned NOT NULL,
  `fecha` date DEFAULT NULL,
  `total` decimal(16,2) NOT NULL,
  `moneda_id` int(10) unsigned NOT NULL DEFAULT '1',
  `cotizacion` decimal(9,2) NOT NULL DEFAULT '1.00',
  `comentario` varchar(191) COLLATE utf8mb4_unicode_ci DEFAULT NULL,
  `file` varchar(191) COLLATE utf8mb4_unicode_ci DEFAULT NULL,
  `created_at` timestamp NULL DEFAULT NULL,
  `updated_at` timestamp NULL DEFAULT NULL,
  `deleted_at` timestamp NULL DEFAULT NULL,
  `ticket_id` bigint(20) unsigned DEFAULT NULL,
  PRIMARY KEY (`id`),
  KEY `cta_cte_tesoreria_person_id_foreign` (`person_id`),
  KEY `cta_cte_tesoreria_cta_cte_cliente_id_foreign` (`cta_cte_cliente_id`),
  KEY `cta_cte_tesoreria_cta_cte_tesoreria_cuenta_id_foreign` (`cta_cte_tesoreria_cuenta_id`),
  KEY `cta_cte_tesoreria_period_id_foreign` (`period_id`),
  KEY `cta_cte_tesoreria_nf_cta_cte_id_foreign` (`nf_cta_cte_id`),
  KEY `cta_cte_tesoreria_moneda_id_foreign` (`moneda_id`),
  KEY `cta_cte_tesoreria_ticket_id_foreign` (`ticket_id`),
  KEY `idx_cct_bind_apibank_mov` (`bind_apibank_movement_id`),
  KEY `idx_cct_bind_apibank_trf` (`bind_apibank_transfer_id`),
  KEY `idx_cct_bind_sync_status` (`bind_sync_status`),
  CONSTRAINT `cta_cte_tesoreria_cta_cte_cliente_id_foreign` FOREIGN KEY (`cta_cte_cliente_id`) REFERENCES `cta_cte_cliente` (`id`),
  CONSTRAINT `cta_cte_tesoreria_cta_cte_tesoreria_cuenta_id_foreign` FOREIGN KEY (`cta_cte_tesoreria_cuenta_id`) REFERENCES `cta_cte_tesoreria_cuentas` (`id`),
  CONSTRAINT `cta_cte_tesoreria_moneda_id_foreign` FOREIGN KEY (`moneda_id`) REFERENCES `monedas` (`id`),
  CONSTRAINT `cta_cte_tesoreria_nf_cta_cte_id_foreign` FOREIGN KEY (`nf_cta_cte_id`) REFERENCES `nf_cta_cte` (`id`),
  CONSTRAINT `cta_cte_tesoreria_period_id_foreign` FOREIGN KEY (`period_id`) REFERENCES `periods` (`id`),
  CONSTRAINT `cta_cte_tesoreria_person_id_foreign` FOREIGN KEY (`person_id`) REFERENCES `persons` (`id`),
  CONSTRAINT `cta_cte_tesoreria_ticket_id_foreign` FOREIGN KEY (`ticket_id`) REFERENCES `tickets` (`id`)
) ENGINE=InnoDB AUTO_INCREMENT=4 DEFAULT CHARSET=utf8mb4 COLLATE=utf8mb4_unicode_ci;

--
-- Dumping data for table `cta_cte_tesoreria`
--

INSERT INTO `cta_cte_tesoreria` VALUES (1,NULL,NULL,NULL,8522,40718,NULL,NULL,757,1520,'2023-02-28',155000.00,1,1.00,'Saldo Inicial',NULL,'2023-02-28 14:21:22','2023-02-28 14:21:22',NULL,NULL),(2,NULL,NULL,NULL,8522,40718,1252,NULL,13,1521,'2023-03-01',10000.00,1,1.00,NULL,NULL,'2023-03-01 11:25:20','2023-03-01 11:25:20',NULL,NULL),(3,NULL,NULL,NULL,8522,40718,NULL,4,13,1521,'2023-03-03',150.00,1,1.00,NULL,NULL,'2023-03-02 22:15:32','2023-03-02 22:15:54','2023-03-02 22:15:54',NULL);

--
-- Table structure for table `cta_cte_tesoreria_banco_cheq`
--

CREATE TABLE `cta_cte_tesoreria_banco_cheq` (
  `id` int(10) unsigned NOT NULL AUTO_INCREMENT,
  `user_id` int(10) unsigned DEFAULT NULL,
  `person_id` int(10) unsigned NOT NULL,
  `cta_cte_tesoreria_cuenta_id` int(10) unsigned NOT NULL,
  `cta_cte_tesoreria_banco_id` int(10) unsigned NOT NULL,
  `chequera_tipo_id` int(10) unsigned NOT NULL,
  `serie` text COLLATE utf8mb4_unicode_ci,
  `numero_cheque` int(11) DEFAULT NULL,
  `habilitado` tinyint(1) NOT NULL DEFAULT '1',
  `created_at` timestamp NULL DEFAULT NULL,
  `updated_at` timestamp NULL DEFAULT NULL,
  `deleted_at` timestamp NULL DEFAULT NULL,
  PRIMARY KEY (`id`),
  KEY `cta_cte_tesoreria_banco_cheq_person_id_foreign` (`person_id`),
  KEY `cta_cte_tesoreria_banco_cheq_cta_cte_tesoreria_cuenta_id_foreign` (`cta_cte_tesoreria_cuenta_id`),
  KEY `cta_cte_tesoreria_banco_cheq_cta_cte_tesoreria_banco_id_foreign` (`cta_cte_tesoreria_banco_id`),
  KEY `cta_cte_tesoreria_banco_cheq_chequera_tipo_id_foreign` (`chequera_tipo_id`),
  CONSTRAINT `cta_cte_tesoreria_banco_cheq_chequera_tipo_id_foreign` FOREIGN KEY (`chequera_tipo_id`) REFERENCES `chequeras_tipos` (`id`),
  CONSTRAINT `cta_cte_tesoreria_banco_cheq_cta_cte_tesoreria_banco_id_foreign` FOREIGN KEY (`cta_cte_tesoreria_banco_id`) REFERENCES `cta_cte_tesoreria_bancos` (`id`),
  CONSTRAINT `cta_cte_tesoreria_banco_cheq_cta_cte_tesoreria_cuenta_id_foreign` FOREIGN KEY (`cta_cte_tesoreria_cuenta_id`) REFERENCES `cta_cte_tesoreria_cuentas` (`id`),
  CONSTRAINT `cta_cte_tesoreria_banco_cheq_person_id_foreign` FOREIGN KEY (`person_id`) REFERENCES `persons` (`id`)
) ENGINE=InnoDB DEFAULT CHARSET=utf8mb4 COLLATE=utf8mb4_unicode_ci;

--
-- Dumping data for table `cta_cte_tesoreria_banco_cheq`
--


--
-- Table structure for table `cta_cte_tesoreria_banco_claves`
--

CREATE TABLE `cta_cte_tesoreria_banco_claves` (
  `id` int(10) unsigned NOT NULL AUTO_INCREMENT,
  `user_id` int(10) unsigned DEFAULT NULL,
  `person_id` int(10) unsigned NOT NULL,
  `cta_cte_tesoreria_cuenta_id` int(10) unsigned NOT NULL,
  `cta_cte_tesoreria_banco_id` int(10) unsigned NOT NULL,
  `descripcion_name` text COLLATE utf8mb4_unicode_ci,
  `descripcion` longtext COLLATE utf8mb4_unicode_ci,
  `created_at` timestamp NULL DEFAULT NULL,
  `updated_at` timestamp NULL DEFAULT NULL,
  `deleted_at` timestamp NULL DEFAULT NULL,
  PRIMARY KEY (`id`),
  KEY `cta_cte_tesoreria_banco_claves_person_id_foreign` (`person_id`),
  KEY `ct_cuenta_id` (`cta_cte_tesoreria_cuenta_id`),
  KEY `ct_banco_id` (`cta_cte_tesoreria_banco_id`),
  CONSTRAINT `ct_banco_id` FOREIGN KEY (`cta_cte_tesoreria_banco_id`) REFERENCES `cta_cte_tesoreria_bancos` (`id`),
  CONSTRAINT `ct_cuenta_id` FOREIGN KEY (`cta_cte_tesoreria_cuenta_id`) REFERENCES `cta_cte_tesoreria_cuentas` (`id`),
  CONSTRAINT `cta_cte_tesoreria_banco_claves_person_id_foreign` FOREIGN KEY (`person_id`) REFERENCES `persons` (`id`)
) ENGINE=InnoDB DEFAULT CHARSET=utf8mb4 COLLATE=utf8mb4_unicode_ci;

--
-- Dumping data for table `cta_cte_tesoreria_banco_claves`
--


--
-- Table structure for table `cta_cte_tesoreria_banco_comentarios`
--

CREATE TABLE `cta_cte_tesoreria_banco_comentarios` (
  `id` int(10) unsigned NOT NULL AUTO_INCREMENT,
  `user_id` int(10) unsigned DEFAULT NULL,
  `person_id` int(10) unsigned NOT NULL,
  `cta_cte_tesoreria_cuenta_id` int(10) unsigned NOT NULL,
  `cta_cte_tesoreria_banco_id` int(10) unsigned NOT NULL,
  `fecha` datetime NOT NULL,
  `descripcion` longtext COLLATE utf8mb4_unicode_ci NOT NULL,
  `created_at` timestamp NULL DEFAULT NULL,
  `updated_at` timestamp NULL DEFAULT NULL,
  `deleted_at` timestamp NULL DEFAULT NULL,
  PRIMARY KEY (`id`),
  KEY `cta_cte_tesoreria_banco_comentarios_person_id_foreign` (`person_id`),
  KEY `ct_cuentas_id` (`cta_cte_tesoreria_cuenta_id`),
  KEY `ct_bancos_id` (`cta_cte_tesoreria_banco_id`),
  CONSTRAINT `ct_bancos_id` FOREIGN KEY (`cta_cte_tesoreria_banco_id`) REFERENCES `cta_cte_tesoreria_bancos` (`id`),
  CONSTRAINT `ct_cuentas_id` FOREIGN KEY (`cta_cte_tesoreria_cuenta_id`) REFERENCES `cta_cte_tesoreria_cuentas` (`id`),
  CONSTRAINT `cta_cte_tesoreria_banco_comentarios_person_id_foreign` FOREIGN KEY (`person_id`) REFERENCES `persons` (`id`)
) ENGINE=InnoDB DEFAULT CHARSET=utf8mb4 COLLATE=utf8mb4_unicode_ci;

--
-- Dumping data for table `cta_cte_tesoreria_banco_comentarios`
--


--
-- Table structure for table `cta_cte_tesoreria_banco_estados`
--

CREATE TABLE `cta_cte_tesoreria_banco_estados` (
  `id` int(10) unsigned NOT NULL AUTO_INCREMENT,
  `user_id` int(10) unsigned DEFAULT NULL,
  `descripcion` text COLLATE utf8mb4_unicode_ci NOT NULL,
  `habilitado` tinyint(1) NOT NULL,
  `created_at` timestamp NULL DEFAULT NULL,
  `updated_at` timestamp NULL DEFAULT NULL,
  `deleted_at` timestamp NULL DEFAULT NULL,
  PRIMARY KEY (`id`)
) ENGINE=InnoDB AUTO_INCREMENT=6 DEFAULT CHARSET=utf8mb4 COLLATE=utf8mb4_unicode_ci;

--
-- Dumping data for table `cta_cte_tesoreria_banco_estados`
--

INSERT INTO `cta_cte_tesoreria_banco_estados` VALUES (1,NULL,'Habilitado',0,NULL,NULL,NULL),(2,NULL,'En Proceso',0,NULL,NULL,NULL),(3,NULL,'Bloqueado',0,NULL,NULL,NULL),(4,NULL,'Reconocimiento',0,NULL,NULL,NULL),(5,NULL,'Inhabilitado',0,NULL,NULL,NULL);

--
-- Table structure for table `cta_cte_tesoreria_bancos`
--

CREATE TABLE `cta_cte_tesoreria_bancos` (
  `id` int(10) unsigned NOT NULL AUTO_INCREMENT,
  `user_id` int(10) unsigned DEFAULT NULL,
  `person_id` int(10) unsigned NOT NULL,
  `cta_cte_tesoreria_cuenta_id` int(10) unsigned NOT NULL,
  `ctacte_banco_id` int(10) unsigned NOT NULL,
  `persona_empresa` int(11) NOT NULL DEFAULT '1',
  `zone_id` int(10) unsigned NOT NULL,
  `cuenta_contable_id` int(10) unsigned NOT NULL,
  `cuenta_contable_id_diferido` int(10) unsigned DEFAULT NULL,
  `cuenta_contable_id_pend_acred` int(10) unsigned DEFAULT NULL,
  `numero_cuenta` text COLLATE utf8mb4_unicode_ci,
  `cbu` text COLLATE utf8mb4_unicode_ci,
  `alias` text COLLATE utf8mb4_unicode_ci,
  `cta_cte_tesoreria_banco_estado_id` int(10) unsigned DEFAULT NULL,
  `person_id_relationed` int(10) unsigned DEFAULT NULL,
  `habilitado` tinyint(1) NOT NULL DEFAULT '1',
  `created_at` timestamp NULL DEFAULT NULL,
  `updated_at` timestamp NULL DEFAULT NULL,
  `deleted_at` timestamp NULL DEFAULT NULL,
  PRIMARY KEY (`id`),
  KEY `cta_cte_tesoreria_bancos_person_id_foreign` (`person_id`),
  KEY `cta_cte_tesoreria_bancos_cta_cte_tesoreria_cuenta_id_foreign` (`cta_cte_tesoreria_cuenta_id`),
  KEY `cta_cte_tesoreria_bancos_ctacte_banco_id_foreign` (`ctacte_banco_id`),
  KEY `cta_cte_tesoreria_bancos_zone_id_foreign` (`zone_id`),
  KEY `cta_cte_tesoreria_bancos_cuenta_contable_id_foreign` (`cuenta_contable_id`),
  KEY `cta_cte_tesoreria_bancos_cuenta_contable_id_diferido_foreign` (`cuenta_contable_id_diferido`),
  KEY `cta_cte_tesoreria_bancos_cuenta_contable_id_pend_acred_foreign` (`cuenta_contable_id_pend_acred`),
  KEY `cta_cte_tesoreria_bancos_person_id_relationed_foreign` (`person_id_relationed`),
  KEY `ct_banco_estado_id` (`cta_cte_tesoreria_banco_estado_id`),
  CONSTRAINT `ct_banco_estado_id` FOREIGN KEY (`cta_cte_tesoreria_banco_estado_id`) REFERENCES `cta_cte_tesoreria_banco_estados` (`id`),
  CONSTRAINT `cta_cte_tesoreria_bancos_cta_cte_tesoreria_cuenta_id_foreign` FOREIGN KEY (`cta_cte_tesoreria_cuenta_id`) REFERENCES `cta_cte_tesoreria_cuentas` (`id`),
  CONSTRAINT `cta_cte_tesoreria_bancos_ctacte_banco_id_foreign` FOREIGN KEY (`ctacte_banco_id`) REFERENCES `ctacte_bancos` (`id`),
  CONSTRAINT `cta_cte_tesoreria_bancos_cuenta_contable_id_diferido_foreign` FOREIGN KEY (`cuenta_contable_id_diferido`) REFERENCES `conta_plan_cuenta` (`id`),
  CONSTRAINT `cta_cte_tesoreria_bancos_cuenta_contable_id_foreign` FOREIGN KEY (`cuenta_contable_id`) REFERENCES `conta_plan_cuenta` (`id`),
  CONSTRAINT `cta_cte_tesoreria_bancos_cuenta_contable_id_pend_acred_foreign` FOREIGN KEY (`cuenta_contable_id_pend_acred`) REFERENCES `conta_plan_cuenta` (`id`),
  CONSTRAINT `cta_cte_tesoreria_bancos_person_id_foreign` FOREIGN KEY (`person_id`) REFERENCES `persons` (`id`),
  CONSTRAINT `cta_cte_tesoreria_bancos_person_id_relationed_foreign` FOREIGN KEY (`person_id_relationed`) REFERENCES `persons` (`id`),
  CONSTRAINT `cta_cte_tesoreria_bancos_zone_id_foreign` FOREIGN KEY (`zone_id`) REFERENCES `zones` (`id`)
) ENGINE=InnoDB DEFAULT CHARSET=utf8mb4 COLLATE=utf8mb4_unicode_ci;

--
-- Dumping data for table `cta_cte_tesoreria_bancos`
--


--
-- Table structure for table `cta_cte_tesoreria_cuenta_tipos`
--

CREATE TABLE `cta_cte_tesoreria_cuenta_tipos` (
  `id` int(10) unsigned NOT NULL AUTO_INCREMENT,
  `user_id` int(10) unsigned DEFAULT NULL,
  `descripcion` text COLLATE utf8mb4_unicode_ci NOT NULL,
  `habilitado` tinyint(1) NOT NULL DEFAULT '1',
  `created_at` timestamp NULL DEFAULT NULL,
  `updated_at` timestamp NULL DEFAULT NULL,
  `deleted_at` timestamp NULL DEFAULT NULL,
  PRIMARY KEY (`id`)
) ENGINE=InnoDB AUTO_INCREMENT=11 DEFAULT CHARSET=utf8mb4 COLLATE=utf8mb4_unicode_ci;

--
-- Dumping data for table `cta_cte_tesoreria_cuenta_tipos`
--

INSERT INTO `cta_cte_tesoreria_cuenta_tipos` VALUES (1,NULL,'CAJA',1,NULL,NULL,NULL),(2,NULL,'BANCOS',1,NULL,NULL,NULL),(3,NULL,'CHEQUES',1,NULL,NULL,NULL),(4,NULL,'RETENCIONES EFECTUADAS',1,NULL,'2024-05-26 21:09:34',NULL),(5,NULL,'PERCEPCIONES EFECTUADAS',1,NULL,'2024-05-26 21:09:34',NULL),(6,NULL,'RESULTADO NEGATIVO',1,NULL,NULL,NULL),(7,NULL,'RESULTADO POSITIVO',1,NULL,NULL,NULL),(8,NULL,'MOVIMIENTO',1,NULL,NULL,NULL),(9,NULL,'RETENCIONES SUFRIDAS',1,NULL,NULL,NULL),(10,NULL,'PERCEPCIONES SUFRIDAS',1,NULL,NULL,NULL);

--
-- Table structure for table `cta_cte_tesoreria_cuentas`
--

CREATE TABLE `cta_cte_tesoreria_cuentas` (
  `id` int(10) unsigned NOT NULL AUTO_INCREMENT,
  `bind_apibank_enabled` tinyint(1) NOT NULL DEFAULT '0' COMMENT 'Tiene Bind APIBank habilitado?',
  `bind_account_id` varchar(50) COLLATE utf8mb4_unicode_ci DEFAULT NULL COMMENT 'ID de cuenta en Bind APIBank (obtenido al configurar)',
  `user_id` int(10) unsigned DEFAULT NULL,
  `is_no_fiscal` tinyint(1) DEFAULT '0',
  `moneda_id` int(10) unsigned NOT NULL DEFAULT '1',
  `plan_cuenta_id` int(10) unsigned NOT NULL,
  `person_id` int(10) unsigned DEFAULT NULL,
  `cta_cte_tesoreria_cuenta_tipo_id` int(10) unsigned NOT NULL DEFAULT '8',
  `retention_type_id` int(10) unsigned DEFAULT NULL,
  `nombre` varchar(191) COLLATE utf8mb4_unicode_ci NOT NULL,
  `cuit` text COLLATE utf8mb4_unicode_ci,
  `cheque3ros` tinyint(1) NOT NULL DEFAULT '0',
  `cheque_emitidos` tinyint(1) NOT NULL DEFAULT '0',
  `tes_cta_cte` tinyint(1) NOT NULL DEFAULT '0',
  `tes_cuenta_origen` tinyint(1) NOT NULL DEFAULT '0',
  `tes_cuenta_destino` tinyint(1) NOT NULL DEFAULT '0',
  `conta_asientos` tinyint(1) NOT NULL DEFAULT '0',
  `habilitado` tinyint(1) NOT NULL DEFAULT '1',
  `created_at` timestamp NULL DEFAULT NULL,
  `updated_at` timestamp NULL DEFAULT NULL,
  `deleted_at` timestamp NULL DEFAULT NULL,
  PRIMARY KEY (`id`),
  KEY `cta_cte_tesoreria_cuentas_person_id_foreign` (`person_id`),
  KEY `cta_cte_tesoreria_cuentas_plan_cuenta_id_foreign` (`plan_cuenta_id`),
  KEY `cta_tes_tipo_id_foreign` (`cta_cte_tesoreria_cuenta_tipo_id`),
  KEY `cta_cte_tesoreria_cuentas_moneda_id_foreign` (`moneda_id`),
  KEY `cta_cte_tesoreria_cuentas_retention_type_id_foreign` (`retention_type_id`),
  KEY `idx_cctc_bind_apibank_enabled` (`bind_apibank_enabled`),
  KEY `idx_cctc_bind_account_id` (`bind_account_id`),
  CONSTRAINT `cta_cte_tesoreria_cuentas_moneda_id_foreign` FOREIGN KEY (`moneda_id`) REFERENCES `monedas` (`id`),
  CONSTRAINT `cta_cte_tesoreria_cuentas_person_id_foreign` FOREIGN KEY (`person_id`) REFERENCES `persons` (`id`),
  CONSTRAINT `cta_cte_tesoreria_cuentas_plan_cuenta_id_foreign` FOREIGN KEY (`plan_cuenta_id`) REFERENCES `conta_plan_cuenta` (`id`),
  CONSTRAINT `cta_cte_tesoreria_cuentas_retention_type_id_foreign` FOREIGN KEY (`retention_type_id`) REFERENCES `retention_types` (`id`),
  CONSTRAINT `cta_tes_tipo_id_foreign` FOREIGN KEY (`cta_cte_tesoreria_cuenta_tipo_id`) REFERENCES `cta_cte_tesoreria_cuenta_tipos` (`id`)
) ENGINE=InnoDB AUTO_INCREMENT=759 DEFAULT CHARSET=utf8mb4 COLLATE=utf8mb4_unicode_ci;

--
-- Dumping data for table `cta_cte_tesoreria_cuentas`
--

INSERT INTO `cta_cte_tesoreria_cuentas` VALUES (13,0,NULL,NULL,0,1,13,NULL,8,NULL,'Clientes - Deudores',NULL,0,0,0,0,0,0,1,'2019-10-19 02:10:24','2019-10-19 02:10:24',NULL),(20,0,NULL,NULL,0,1,20,NULL,8,NULL,'Anticipos Impuesto a las Ganancias',NULL,0,0,0,0,1,0,1,'2019-10-19 02:10:24','2019-10-19 02:10:24',NULL),(23,0,NULL,NULL,0,1,23,NULL,4,NULL,'Retenciones Impuesto a las Ganancias',NULL,0,0,1,0,0,0,1,'2019-10-19 02:10:24','2023-08-29 16:34:44',NULL),(25,0,NULL,NULL,0,1,25,NULL,4,NULL,'Retenciones de IVA',NULL,0,0,1,0,0,0,1,'2019-10-19 02:10:24','2023-08-29 16:34:44',NULL),(57,0,NULL,NULL,0,1,57,NULL,8,NULL,'Proveedores en Cta. Cte. locales',NULL,0,0,0,0,0,0,1,'2019-10-19 02:10:24','2019-10-19 02:10:24',NULL),(60,0,NULL,NULL,0,1,60,NULL,3,NULL,'Cheques emitidos ',NULL,0,1,1,1,1,0,1,'2019-10-19 02:10:24','2023-08-29 16:34:44',NULL),(62,0,NULL,NULL,0,1,62,NULL,8,NULL,'Sueldos y Jornales a pagar',NULL,0,0,0,0,1,0,1,'2019-10-19 02:10:24','2019-10-19 02:10:24',NULL),(140,0,NULL,NULL,0,1,140,NULL,6,NULL,'Intereses y Gastos bancarios',NULL,0,0,0,0,1,0,1,'2019-10-19 02:10:24','2023-08-29 16:34:44',NULL),(162,0,NULL,NULL,0,1,162,NULL,4,NULL,'Retenciones SUSS',NULL,0,0,1,0,0,0,1,'2019-10-19 02:10:24','2023-08-29 16:34:44',NULL),(176,0,NULL,NULL,0,1,176,NULL,3,NULL,'Cheques en Cartera',NULL,1,0,1,1,1,0,1,'2019-10-19 02:10:24','2023-08-29 16:34:44',NULL),(201,0,NULL,NULL,0,1,201,NULL,6,NULL,'Monotributo',NULL,0,0,0,0,1,0,1,'2019-10-19 02:10:24','2023-08-29 16:34:44',NULL),(203,0,NULL,NULL,0,1,203,NULL,6,NULL,'Autonomos',NULL,0,0,0,0,1,0,1,'2019-10-19 02:10:24','2023-08-29 16:34:44',NULL),(219,0,NULL,NULL,0,1,219,NULL,8,NULL,'Pagos AFIP',NULL,0,0,0,0,1,0,1,'2019-10-19 02:10:24','2019-10-19 02:10:24',NULL),(251,0,NULL,NULL,0,1,251,NULL,4,NULL,'Retenciones de IIBB Buenos Aires',NULL,0,0,1,0,0,0,1,'2019-10-19 02:10:24','2023-08-29 16:34:44',NULL),(252,0,NULL,NULL,0,1,252,NULL,4,NULL,'Retenciones de IIBB Capital Federal',NULL,0,0,1,0,0,0,1,'2019-10-19 02:10:24','2023-08-29 16:34:44',NULL),(253,0,NULL,NULL,0,1,253,NULL,4,NULL,'Retenciones de IIBB Catamarca',NULL,0,0,1,0,0,0,1,'2019-10-19 02:10:24','2023-08-29 16:34:44',NULL),(254,0,NULL,NULL,0,1,254,NULL,4,NULL,'Retenciones de IIBB Chaco',NULL,0,0,1,0,0,0,1,'2019-10-19 02:10:24','2023-08-29 16:34:44',NULL),(255,0,NULL,NULL,0,1,255,NULL,4,NULL,'Retenciones de IIBB Chubut',NULL,0,0,1,0,0,0,1,'2019-10-19 02:10:24','2023-08-29 16:34:44',NULL),(256,0,NULL,NULL,0,1,256,NULL,4,NULL,'Retenciones de IIBB Córdoba',NULL,0,0,1,0,0,0,1,'2019-10-19 02:10:24','2023-08-29 16:34:44',NULL),(257,0,NULL,NULL,0,1,257,NULL,4,NULL,'Retenciones de IIBB Corrientes',NULL,0,0,1,0,0,0,1,'2019-10-19 02:10:24','2023-08-29 16:34:44',NULL),(258,0,NULL,NULL,0,1,258,NULL,4,NULL,'Retenciones de IIBB Entre Ríos',NULL,0,0,1,0,0,0,1,'2019-10-19 02:10:24','2023-08-29 16:34:44',NULL),(259,0,NULL,NULL,0,1,259,NULL,4,NULL,'Retenciones de IIBB Formosa',NULL,0,0,1,0,0,0,1,'2019-10-19 02:10:24','2023-08-29 16:34:44',NULL),(260,0,NULL,NULL,0,1,260,NULL,4,NULL,'Retenciones de IIBB Jujuy',NULL,0,0,1,0,0,0,1,'2019-10-19 02:10:24','2023-08-29 16:34:44',NULL),(261,0,NULL,NULL,0,1,261,NULL,4,NULL,'Retenciones de IIBB La Pampa',NULL,0,0,1,0,0,0,1,'2019-10-19 02:10:24','2023-08-29 16:34:44',NULL),(262,0,NULL,NULL,0,1,262,NULL,4,NULL,'Retenciones de IIBB La Rioja',NULL,0,0,1,0,0,0,1,'2019-10-19 02:10:24','2023-08-29 16:34:44',NULL),(263,0,NULL,NULL,0,1,263,NULL,4,NULL,'Retenciones de IIBB Mendoza',NULL,0,0,1,0,0,0,1,'2019-10-19 02:10:24','2023-08-29 16:34:44',NULL),(264,0,NULL,NULL,0,1,264,NULL,4,NULL,'Retenciones de IIBB Misiones',NULL,0,0,1,0,0,0,1,'2019-10-19 02:10:24','2023-08-29 16:34:44',NULL),(265,0,NULL,NULL,0,1,265,NULL,4,NULL,'Retenciones de IIBB Neuquén',NULL,0,0,1,0,0,0,1,'2019-10-19 02:10:24','2023-08-29 16:34:44',NULL),(266,0,NULL,NULL,0,1,266,NULL,4,NULL,'Retenciones de IIBB Pascua Lama',NULL,0,0,1,0,0,0,1,'2019-10-19 02:10:24','2023-08-29 16:34:44',NULL);
INSERT INTO `cta_cte_tesoreria_cuentas` VALUES (267,0,NULL,NULL,0,1,267,NULL,4,NULL,'Retenciones de IIBB Río Negro',NULL,0,0,1,0,0,0,1,'2019-10-19 02:10:24','2023-08-29 16:34:44',NULL),(268,0,NULL,NULL,0,1,268,NULL,4,NULL,'Retenciones de IIBB Salta',NULL,0,0,1,0,0,0,1,'2019-10-19 02:10:24','2023-08-29 16:34:44',NULL),(269,0,NULL,NULL,0,1,269,NULL,4,NULL,'Retenciones de IIBB San Juan',NULL,0,0,1,0,0,0,1,'2019-10-19 02:10:24','2023-08-29 16:34:44',NULL),(270,0,NULL,NULL,0,1,270,NULL,4,NULL,'Retenciones de IIBB San Luis',NULL,0,0,1,0,0,0,1,'2019-10-19 02:10:24','2023-08-29 16:34:44',NULL),(271,0,NULL,NULL,0,1,271,NULL,4,NULL,'Retenciones de IIBB Santa Cruz',NULL,0,0,1,0,0,0,1,'2019-10-19 02:10:24','2023-08-29 16:34:44',NULL),(272,0,NULL,NULL,0,1,272,NULL,4,NULL,'Retenciones de IIBB Santa Fe',NULL,0,0,1,0,0,0,1,'2019-10-19 02:10:24','2023-08-29 16:34:44',NULL),(273,0,NULL,NULL,0,1,273,NULL,4,NULL,'Retenciones de IIBB Santiago del Estero',NULL,0,0,1,0,0,0,1,'2019-10-19 02:10:24','2023-08-29 16:34:44',NULL),(274,0,NULL,NULL,0,1,274,NULL,4,NULL,'Retenciones de IIBB Tierra del Fuego',NULL,0,0,1,0,0,0,1,'2019-10-19 02:10:24','2023-08-29 16:34:44',NULL),(275,0,NULL,NULL,0,1,275,NULL,4,NULL,'Retenciones de IIBB Tucuman',NULL,0,0,1,0,0,0,1,'2019-10-19 02:10:24','2023-08-29 16:34:44',NULL),(351,0,NULL,NULL,0,1,351,NULL,8,NULL,'BANCO SIRCREB',NULL,0,0,0,0,1,0,1,'2019-10-19 02:10:24','2019-10-19 02:10:24',NULL),(359,0,NULL,NULL,0,1,359,NULL,8,NULL,'Caja en Pesos',NULL,0,0,1,1,1,0,1,'2019-10-19 02:10:24','2023-08-29 16:34:43','2023-08-29 16:34:43'),(360,0,NULL,NULL,0,1,360,NULL,8,NULL,'Retenciones Bancarias de Ganancias a Favor',NULL,0,0,0,0,1,0,1,'2019-10-19 02:10:24','2019-10-19 02:10:24',NULL),(364,0,NULL,NULL,0,1,364,NULL,8,NULL,'Anticipo de Clientes',NULL,0,0,0,0,1,0,1,'2019-10-19 02:10:24','2019-10-19 02:10:24',NULL),(384,0,NULL,NULL,0,1,384,NULL,8,NULL,'Caja en Dolares',NULL,0,0,1,1,1,0,1,'2019-10-19 02:10:24','2023-08-29 16:34:43','2023-08-29 16:34:43'),(409,0,NULL,NULL,0,1,409,NULL,6,NULL,'IVA Crédito Fiscal No computable',NULL,0,0,0,0,1,0,1,'2019-10-19 02:10:24','2023-08-29 16:34:44',NULL),(418,0,NULL,NULL,0,1,418,NULL,8,NULL,'Deudas Bancarias',NULL,0,0,0,1,1,0,1,'2019-10-19 02:10:24','2019-10-19 02:10:24',NULL),(433,0,NULL,NULL,0,1,433,NULL,8,NULL,'Préstamo',NULL,0,0,0,1,1,0,1,'2019-10-19 02:10:24','2019-10-19 02:10:24',NULL),(441,0,NULL,NULL,0,1,441,NULL,8,NULL,'Leasing',NULL,0,0,0,1,1,0,1,'2019-10-19 02:10:24','2019-10-19 02:10:24',NULL),(448,0,NULL,NULL,0,1,448,NULL,8,NULL,'Planes de Pagos AFIP',NULL,0,0,0,1,1,0,1,'2019-10-19 02:10:24','2019-10-19 02:10:24',NULL),(450,0,NULL,NULL,0,1,450,NULL,3,NULL,'Cheques Rechazados',NULL,0,0,0,0,1,0,1,'2019-10-19 02:10:24','2023-08-29 16:34:44',NULL),(467,0,NULL,NULL,0,1,467,NULL,6,NULL,'Interés',NULL,0,0,0,0,1,0,1,'2019-10-19 02:10:24','2023-08-29 16:34:44',NULL),(468,0,NULL,NULL,0,1,14,NULL,8,NULL,'Deudores por ventas comunes',NULL,0,0,0,0,0,1,1,'2020-02-06 17:23:07','2023-08-29 16:34:44',NULL),(469,0,NULL,NULL,0,1,15,NULL,8,NULL,'Deudores por ventas morosos',NULL,0,0,0,0,0,1,1,'2020-02-06 17:23:07','2023-08-29 16:34:44',NULL),(470,0,NULL,NULL,0,1,16,NULL,8,NULL,'Deudores en gestión judicial',NULL,0,0,0,0,0,1,1,'2020-02-06 17:23:07','2023-08-29 16:34:44',NULL),(471,0,NULL,NULL,0,1,17,NULL,8,NULL,'Previsión deudores incobrables',NULL,0,0,0,0,0,1,1,'2020-02-06 17:23:07','2023-08-29 16:34:44',NULL),(472,0,NULL,NULL,0,1,22,NULL,8,NULL,'Anticipo Impto.Ganancia Mínima Presunta',NULL,0,0,0,0,0,1,1,'2020-02-06 17:23:07','2023-08-29 16:34:44',NULL),(473,0,NULL,NULL,0,1,24,NULL,4,NULL,'Impuesto a las Ganancias (Saldo a favor)',NULL,0,0,0,0,0,1,0,'2020-02-06 17:23:07','2023-08-29 16:34:49',NULL),(474,0,NULL,NULL,0,1,27,NULL,8,NULL,'Anticipos de proveedores',NULL,0,0,0,0,0,1,1,'2020-02-06 17:23:07','2023-08-29 16:34:44',NULL),(475,0,NULL,NULL,0,1,28,NULL,8,NULL,'Depósito en garantía alquileres',NULL,0,0,0,0,0,1,1,'2020-02-06 17:23:07','2023-08-29 16:34:44',NULL);
INSERT INTO `cta_cte_tesoreria_cuentas` VALUES (476,0,NULL,NULL,0,1,29,NULL,8,NULL,'Derechos adquiridos a devengar',NULL,0,0,0,0,0,1,1,'2020-02-06 17:23:07','2023-08-29 16:34:44',NULL),(477,0,NULL,NULL,0,1,30,NULL,8,NULL,'Intereses a devengar',NULL,0,0,0,0,0,1,1,'2020-02-06 17:23:07','2023-08-29 16:34:44',NULL),(478,0,NULL,NULL,0,1,31,NULL,8,NULL,'Cuentas a rendir - Directores',NULL,0,0,0,0,0,1,1,'2020-02-06 17:23:07','2023-08-29 16:34:44',NULL),(479,0,NULL,NULL,0,1,32,NULL,8,NULL,'Alquileres no devengados',NULL,0,0,0,0,0,1,1,'2020-02-06 17:23:07','2023-08-29 16:34:44',NULL),(480,0,NULL,NULL,0,1,38,NULL,8,NULL,'Equipos de computación valores históricos',NULL,0,0,0,0,0,1,1,'2020-02-06 17:23:07','2023-08-29 16:34:44',NULL),(481,0,NULL,NULL,0,1,39,NULL,8,NULL,'Equipos de computación ajuste',NULL,0,0,0,0,0,1,1,'2020-02-06 17:23:07','2023-08-29 16:34:44',NULL),(482,0,NULL,NULL,0,1,40,NULL,8,NULL,'Amortización Acumulada Equipos de comput.',NULL,0,0,0,0,0,1,1,'2020-02-06 17:23:07','2023-08-29 16:34:44',NULL),(483,0,NULL,NULL,0,1,42,NULL,8,NULL,'Instalaciones valores históricos',NULL,0,0,0,0,0,1,1,'2020-02-06 17:23:07','2023-08-29 16:34:44',NULL),(484,0,NULL,NULL,0,1,43,NULL,8,NULL,'Instalaciones ajuste',NULL,0,0,0,0,0,1,1,'2020-02-06 17:23:07','2023-08-29 16:34:44',NULL),(485,0,NULL,NULL,0,1,44,NULL,8,NULL,'Amortización Acumulada Instalaciones',NULL,0,0,0,0,0,1,1,'2020-02-06 17:23:07','2023-08-29 16:34:44',NULL),(486,0,NULL,NULL,0,1,46,NULL,8,NULL,'Muebles y utiles valores históricos',NULL,0,0,0,0,0,1,1,'2020-02-06 17:23:07','2023-08-29 16:34:44',NULL),(487,0,NULL,NULL,0,1,47,NULL,8,NULL,'Muebles y utiles ajuste',NULL,0,0,0,0,0,1,1,'2020-02-06 17:23:07','2023-08-29 16:34:44',NULL),(488,0,NULL,NULL,0,1,48,NULL,8,NULL,'Amortización Acumulada Muebles y Útiles',NULL,0,0,0,0,0,1,1,'2020-02-06 17:23:07','2023-08-29 16:34:44',NULL),(489,0,NULL,NULL,0,1,50,NULL,8,NULL,'Gastos de organización valores historicos',NULL,0,0,0,0,0,1,1,'2020-02-06 17:23:07','2023-08-29 16:34:44',NULL),(490,0,NULL,NULL,0,1,51,NULL,8,NULL,'Gastos de organización ajuste',NULL,0,0,0,0,0,1,1,'2020-02-06 17:23:07','2023-08-29 16:34:44',NULL),(491,0,NULL,NULL,0,1,52,NULL,8,NULL,'Amortización acumulada gs. de organización',NULL,0,0,0,0,0,1,1,'2020-02-06 17:23:07','2023-08-29 16:34:44',NULL),(492,0,NULL,NULL,0,1,58,NULL,8,NULL,'Proveedores en cta. cte. exterior',NULL,0,0,0,0,0,1,1,'2020-02-06 17:23:07','2023-08-29 16:34:44',NULL),(493,0,NULL,NULL,0,1,59,NULL,8,NULL,'Derechos de exhibición a devengar',NULL,0,0,0,0,0,1,1,'2020-02-06 17:23:07','2023-08-29 16:34:44',NULL),(494,0,NULL,NULL,0,1,63,NULL,8,NULL,'Cargas sociales a pagar',NULL,0,0,0,0,0,1,1,'2020-02-06 17:23:07','2023-08-29 16:34:44',NULL),(495,0,NULL,NULL,0,1,64,NULL,8,NULL,'Sindicatos a Pagar',NULL,0,0,0,0,0,1,1,'2020-02-06 17:23:07','2023-08-29 16:34:44',NULL),(496,0,NULL,NULL,0,1,67,NULL,8,NULL,'IVA Debito Fiscal',NULL,0,0,0,0,0,1,1,'2020-02-06 17:23:07','2023-08-29 16:34:44',NULL),(497,0,NULL,NULL,0,1,68,NULL,8,NULL,'IVA Credito Fiscal',NULL,0,0,0,0,0,1,1,'2020-02-06 17:23:07','2023-08-29 16:34:44',NULL),(498,0,NULL,NULL,0,1,69,NULL,8,NULL,'Impuestos Internos',NULL,0,0,0,0,0,1,1,'2020-02-06 17:23:07','2023-08-29 16:34:44',NULL),(499,0,NULL,NULL,0,1,70,NULL,8,NULL,'Impuestos al Combustible',NULL,0,0,0,0,0,1,1,'2020-02-06 17:23:07','2023-08-29 16:34:44',NULL),(500,0,NULL,NULL,0,1,71,NULL,8,NULL,'IVA Retenciones de terceros',NULL,0,0,0,0,0,1,1,'2020-02-06 17:23:07','2023-08-29 16:34:44',NULL),(501,0,NULL,NULL,0,1,72,NULL,5,NULL,'IVA Percepciones realiz.por terceros',NULL,0,0,0,0,0,1,1,'2020-02-06 17:23:07','2023-08-29 16:34:44',NULL),(502,0,NULL,NULL,0,1,73,NULL,8,NULL,'IVA Saldo a favor',NULL,0,0,0,0,0,1,1,'2020-02-06 17:23:07','2023-08-29 16:34:44',NULL),(503,0,NULL,NULL,0,1,74,NULL,8,NULL,'IVA a pagar',NULL,0,0,0,0,0,1,1,'2020-02-06 17:23:07','2023-08-29 16:34:44',NULL),(504,0,NULL,NULL,0,1,75,NULL,5,NULL,'Percepciones Ingresos Brutos',NULL,0,0,0,0,0,1,1,'2020-02-06 17:23:07','2023-08-29 16:34:44',NULL);
INSERT INTO `cta_cte_tesoreria_cuentas` VALUES (505,0,NULL,NULL,0,1,76,NULL,8,NULL,'Otros Pagos AFIP',NULL,0,0,0,0,0,1,1,'2020-02-06 17:23:07','2023-08-29 16:34:44',NULL),(506,0,NULL,NULL,0,1,78,NULL,8,NULL,'Impuesto a los Ingresos Brutos Pasivo',NULL,0,0,0,0,0,1,1,'2020-02-06 17:23:07','2023-08-29 16:34:44',NULL),(507,0,NULL,NULL,0,1,79,NULL,8,NULL,'Impuesto a las Ganancias',NULL,0,0,0,0,0,1,1,'2020-02-06 17:23:07','2023-08-29 16:34:44',NULL),(508,0,NULL,NULL,0,1,80,NULL,8,NULL,'Impuesto a la Ganancia Mínima Presunta',NULL,0,0,0,0,0,1,1,'2020-02-06 17:23:07','2023-08-29 16:34:45',NULL),(509,0,NULL,NULL,0,1,81,NULL,8,NULL,'AFIP - Retenciones Impuesto a las Ganancias',NULL,0,0,0,0,0,1,1,'2020-02-06 17:23:07','2023-08-29 16:34:45',NULL),(510,0,NULL,NULL,0,1,82,NULL,8,NULL,'AFIP - Plan de Facilidades Decreto 338/02',NULL,0,0,0,0,0,1,1,'2020-02-06 17:23:07','2023-08-29 16:34:45',NULL),(511,0,NULL,NULL,0,1,87,NULL,8,NULL,'Acciones en circulación',NULL,0,0,0,0,0,1,1,'2020-02-06 17:23:07','2023-08-29 16:34:45',NULL),(512,0,NULL,NULL,0,1,88,NULL,8,NULL,'Ajuste del Capital',NULL,0,0,0,0,0,1,1,'2020-02-06 17:23:07','2023-08-29 16:34:45',NULL),(513,0,NULL,NULL,0,1,89,NULL,8,NULL,'Aportes Irrevocables Futuras Suscripciones',NULL,0,0,0,0,0,1,1,'2020-02-06 17:23:07','2023-08-29 16:34:45',NULL),(514,0,NULL,NULL,0,1,91,NULL,8,NULL,'Resultado del ejercicio',NULL,0,0,0,0,0,1,1,'2020-02-06 17:23:07','2023-08-29 16:34:45',NULL),(515,0,NULL,NULL,0,1,92,NULL,8,NULL,'Resultado ejercicios anteriores',NULL,0,0,0,0,0,1,1,'2020-02-06 17:23:07','2023-08-29 16:34:45',NULL),(516,0,NULL,NULL,0,1,93,NULL,8,NULL,'A.R.E.A.',NULL,0,0,0,0,0,1,1,'2020-02-06 17:23:07','2023-08-29 16:34:45',NULL),(517,0,NULL,NULL,0,1,96,NULL,7,NULL,'VENTAS',NULL,0,0,0,0,1,1,1,'2020-02-06 17:23:07','2023-08-29 16:34:45',NULL),(518,0,NULL,NULL,0,1,97,NULL,7,NULL,'Honorarios',NULL,0,0,0,0,1,1,1,'2020-02-06 17:23:07','2023-08-29 16:34:45',NULL),(519,0,NULL,NULL,0,1,99,NULL,7,NULL,'Descuentos obtenidos',NULL,0,0,0,0,1,1,1,'2020-02-06 17:23:07','2023-08-29 16:34:45',NULL),(520,0,NULL,NULL,0,1,100,NULL,7,NULL,'Reintegros por exportaciones',NULL,0,0,0,0,1,1,1,'2020-02-06 17:23:07','2023-08-29 16:34:45',NULL),(521,0,NULL,NULL,0,1,102,NULL,7,NULL,'Intereses Cobrados',NULL,0,0,0,0,1,1,1,'2020-02-06 17:23:07','2023-08-29 16:34:45',NULL),(522,0,NULL,NULL,0,1,103,NULL,7,NULL,'Diferencias de cambio',NULL,0,0,0,0,1,1,1,'2020-02-06 17:23:07','2023-08-29 16:34:45',NULL),(523,0,NULL,NULL,0,1,104,NULL,7,NULL,'Descuentos obtenidos',NULL,0,0,0,0,1,1,1,'2020-02-06 17:23:07','2023-08-29 16:34:45',NULL),(524,0,NULL,NULL,0,1,110,NULL,6,NULL,'Sueldos',NULL,0,0,0,0,0,1,1,'2020-02-06 17:23:07','2023-08-29 16:34:45',NULL),(525,0,NULL,NULL,0,1,111,NULL,6,NULL,'Contribuciones',NULL,0,0,0,0,0,1,1,'2020-02-06 17:23:07','2023-08-29 16:34:45',NULL),(526,0,NULL,NULL,0,1,112,NULL,6,NULL,'Sindicato',NULL,0,0,0,0,0,1,1,'2020-02-06 17:23:07','2023-08-29 16:34:45',NULL),(527,0,NULL,NULL,0,1,114,NULL,8,NULL,'ACA',NULL,0,0,0,0,0,1,1,'2020-02-06 17:23:07','2023-08-29 16:34:45',NULL),(528,0,NULL,NULL,0,1,115,NULL,6,NULL,'Aereos',NULL,0,0,0,0,0,1,1,'2020-02-06 17:23:07','2023-08-29 16:34:45',NULL),(529,0,NULL,NULL,0,1,116,NULL,6,NULL,'Alquiler',NULL,0,0,0,0,0,1,1,'2020-02-06 17:23:07','2023-08-29 16:34:45',NULL),(530,0,NULL,NULL,0,1,117,NULL,8,NULL,'AGUA AYSA',NULL,0,0,0,0,0,1,1,'2020-02-06 17:23:07','2023-08-29 16:34:45',NULL),(531,0,NULL,NULL,0,1,118,NULL,8,NULL,'TV Cablevision',NULL,0,0,0,0,0,1,1,'2020-02-06 17:23:07','2023-08-29 16:34:45',NULL),(532,0,NULL,NULL,0,1,119,NULL,1,NULL,'Caja Jubilacion Consejo',NULL,0,0,0,0,0,1,1,'2020-02-06 17:23:07','2023-08-29 16:34:45',NULL),(533,0,NULL,NULL,0,1,120,NULL,6,NULL,'Celulares',NULL,0,0,0,0,0,1,1,'2020-02-06 17:23:07','2023-08-29 16:34:45',NULL),(534,0,NULL,NULL,0,1,121,NULL,3,NULL,'Cheques',NULL,0,0,0,0,0,1,1,'2020-02-06 17:23:07','2023-08-29 16:34:45',NULL),(535,0,NULL,NULL,0,1,123,NULL,8,NULL,'Comida',NULL,0,0,0,0,0,1,1,'2020-02-06 17:23:07','2023-08-29 16:34:45',NULL);
INSERT INTO `cta_cte_tesoreria_cuentas` VALUES (536,0,NULL,NULL,0,1,126,NULL,6,NULL,'Fletes y acarreos',NULL,0,0,0,0,0,1,1,'2020-02-06 17:23:07','2023-08-29 16:34:45',NULL),(537,0,NULL,NULL,0,1,127,NULL,8,NULL,'Luz Edesur',NULL,0,0,0,0,0,1,1,'2020-02-06 17:23:07','2023-08-29 16:34:45',NULL),(538,0,NULL,NULL,0,1,128,NULL,6,NULL,'Movilidad y Viáticos',NULL,0,0,0,0,0,1,1,'2020-02-06 17:23:07','2023-08-29 16:34:45',NULL),(539,0,NULL,NULL,0,1,129,NULL,8,NULL,'Mantenimiento',NULL,0,0,0,0,0,1,1,'2020-02-06 17:23:07','2023-08-29 16:34:45',NULL),(540,0,NULL,NULL,0,1,130,NULL,8,NULL,'IVA No Computable',NULL,0,0,0,0,0,1,1,'2020-02-06 17:23:07','2023-08-29 16:34:45',NULL),(541,0,NULL,NULL,0,1,131,NULL,8,NULL,'Entretenimiento',NULL,0,0,0,0,0,1,1,'2020-02-06 17:23:07','2023-08-29 16:34:45',NULL),(542,0,NULL,NULL,0,1,132,NULL,6,NULL,'Amortización Bienes de Uso',NULL,0,0,0,0,0,1,1,'2020-02-06 17:23:07','2023-08-29 16:34:45',NULL),(543,0,NULL,NULL,0,1,135,NULL,6,NULL,'Gastos varios',NULL,0,0,0,0,0,1,1,'2020-02-06 17:23:07','2023-08-29 16:34:45',NULL),(544,0,NULL,NULL,0,1,136,NULL,6,NULL,'Ajuste por redondeo',NULL,0,0,0,0,0,1,1,'2020-02-06 17:23:07','2023-08-29 16:34:45',NULL),(545,0,NULL,NULL,0,1,137,NULL,6,NULL,'Deudores Incobrables',NULL,0,0,0,0,0,1,1,'2020-02-06 17:23:07','2023-08-29 16:34:45',NULL),(546,0,NULL,NULL,0,1,141,NULL,6,NULL,'Intereses Proveedores',NULL,0,0,0,0,0,1,1,'2020-02-06 17:23:07','2023-08-29 16:34:45',NULL),(547,0,NULL,NULL,0,1,143,NULL,6,NULL,'Diferencias de cambio',NULL,0,0,0,0,0,1,1,'2020-02-06 17:23:07','2023-08-29 16:34:45',NULL),(548,0,NULL,NULL,0,1,144,NULL,8,NULL,'Diferencia de Cambio Bces. en M.Extranjera',NULL,0,0,0,0,0,1,1,'2020-02-06 17:23:07','2023-08-29 16:34:45',NULL),(549,0,NULL,NULL,0,1,145,NULL,6,NULL,'Diferencia tipo cambio Vendedor/Comprador',NULL,0,0,0,0,0,1,1,'2020-02-06 17:23:07','2023-08-29 16:34:45',NULL),(550,0,NULL,NULL,0,1,146,NULL,8,NULL,'Diferencia por conversion en Bce. en Mon. Extranj.',NULL,0,0,0,0,0,1,1,'2020-02-06 17:23:07','2023-08-29 16:34:45',NULL),(551,0,NULL,NULL,0,1,147,NULL,8,NULL,'Diferencia de cambio CMV',NULL,0,0,0,0,0,1,1,'2020-02-06 17:23:07','2023-08-29 16:34:45',NULL),(552,0,NULL,NULL,0,1,148,NULL,8,NULL,'Diferencia de cambio PT',NULL,0,0,0,0,0,1,1,'2020-02-06 17:23:07','2023-08-29 16:34:45',NULL),(553,0,NULL,NULL,0,1,149,NULL,8,NULL,'Resultado por Exposición a la Inflación',NULL,0,0,0,0,0,1,1,'2020-02-06 17:23:07','2023-08-29 16:34:45',NULL),(554,0,NULL,NULL,0,1,150,NULL,8,NULL,'Diferencia de cambio PE',NULL,0,0,0,0,0,1,1,'2020-02-06 17:23:07','2023-08-29 16:34:45',NULL),(555,0,NULL,NULL,0,1,151,NULL,8,NULL,'Diferencia de cambio Ds.Vtas.',NULL,0,0,0,0,0,1,1,'2020-02-06 17:23:07','2023-08-29 16:34:45',NULL),(556,0,NULL,NULL,0,1,152,NULL,6,NULL,'Diferencia de cambio ME',NULL,0,0,0,0,0,1,1,'2020-02-06 17:23:07','2023-08-29 16:34:45',NULL),(557,0,NULL,NULL,0,1,153,NULL,6,NULL,'Descuentos otorgados',NULL,0,0,0,0,0,1,1,'2020-02-06 17:23:07','2023-08-29 16:34:45',NULL),(558,0,NULL,NULL,0,1,155,NULL,6,NULL,'Impuesto a las Ganancias',NULL,0,0,0,0,0,1,1,'2020-02-06 17:23:07','2023-08-29 16:34:45',NULL),(559,0,NULL,NULL,0,1,156,NULL,6,NULL,'Impuesto a los Ingresos Brutos',NULL,0,0,0,0,0,1,1,'2020-02-06 17:23:07','2023-08-29 16:34:45',NULL),(560,0,NULL,NULL,0,1,157,NULL,6,NULL,'Impuesto al Debito y Credito Bancario',NULL,0,0,0,0,0,1,1,'2020-02-06 17:23:07','2023-08-29 16:34:45',NULL),(561,0,NULL,NULL,0,1,159,NULL,6,NULL,'Pérdida por venta bienes de uso',NULL,0,0,0,0,0,1,1,'2020-02-06 17:23:07','2023-08-29 16:34:45',NULL),(562,0,NULL,NULL,0,1,160,NULL,6,NULL,'Inversiones',NULL,0,0,0,0,0,1,1,'2020-02-06 17:23:07','2023-08-29 16:34:45',NULL),(563,0,NULL,NULL,0,1,161,NULL,6,NULL,'Amortizaciones extraordinarias',NULL,0,0,0,0,0,1,1,'2020-02-06 17:23:07','2023-08-29 16:34:45',NULL),(564,0,NULL,NULL,0,1,178,NULL,8,NULL,'Google',NULL,0,0,0,0,0,1,1,'2020-02-06 17:23:07','2023-08-29 16:34:45',NULL),(565,0,NULL,NULL,0,1,188,NULL,6,NULL,'Publicidad',NULL,0,0,0,0,0,1,1,'2020-02-06 17:23:07','2023-08-29 16:34:45',NULL);
INSERT INTO `cta_cte_tesoreria_cuentas` VALUES (566,0,NULL,NULL,0,1,191,NULL,6,NULL,'Cargas Sociales',NULL,0,0,0,0,0,1,1,'2020-02-06 17:23:07','2023-08-29 16:34:45',NULL),(567,0,NULL,NULL,0,1,192,NULL,6,NULL,'Honorarios',NULL,0,0,0,0,0,1,1,'2020-02-06 17:23:07','2023-08-29 16:34:45',NULL),(568,0,NULL,NULL,0,1,193,NULL,6,NULL,'Telefono Fijo',NULL,0,0,0,0,0,1,1,'2020-02-06 17:23:07','2023-08-29 16:34:45',NULL),(569,0,NULL,NULL,0,1,198,NULL,6,NULL,'Seguros',NULL,0,0,0,0,0,1,1,'2020-02-06 17:23:07','2023-08-29 16:34:45',NULL),(570,0,NULL,NULL,0,1,199,NULL,6,NULL,'Internet',NULL,0,0,0,0,0,1,1,'2020-02-06 17:23:07','2023-08-29 16:34:45',NULL),(571,0,NULL,NULL,0,1,204,NULL,6,NULL,'Multas Impositivas',NULL,0,0,0,0,0,1,1,'2020-02-06 17:23:07','2023-08-29 16:34:45',NULL),(572,0,NULL,NULL,0,1,208,NULL,6,NULL,'Impuesto a los Ingresos Brutos - BS AS',NULL,0,0,0,0,0,1,1,'2020-02-06 17:23:07','2023-08-29 16:34:45',NULL),(573,0,NULL,NULL,0,1,209,NULL,6,NULL,'SIRCREB',NULL,0,0,0,0,0,1,1,'2020-02-06 17:23:07','2023-08-29 16:34:45',NULL),(574,0,NULL,NULL,0,1,212,NULL,6,NULL,'Tarjeta Visa',NULL,0,0,0,0,0,1,1,'2020-02-06 17:23:07','2023-08-29 16:34:45',NULL),(575,0,NULL,NULL,0,1,213,NULL,6,NULL,'Tarjeta American Express',NULL,0,0,0,0,0,1,1,'2020-02-06 17:23:07','2023-08-29 16:34:45',NULL),(576,0,NULL,NULL,0,1,214,NULL,6,NULL,'Tarjeta Mastercard',NULL,0,0,0,0,0,1,1,'2020-02-06 17:23:07','2023-08-29 16:34:45',NULL),(577,0,NULL,NULL,0,1,215,NULL,8,NULL,'Tarjeta Shopping',NULL,0,0,0,0,0,1,1,'2020-02-06 17:23:07','2023-08-29 16:34:45',NULL),(578,0,NULL,NULL,0,1,216,NULL,6,NULL,'Tarjeta Cencosud',NULL,0,0,0,0,0,1,1,'2020-02-06 17:23:07','2023-08-29 16:34:45',NULL),(579,0,NULL,NULL,0,1,217,NULL,6,NULL,'Compras',NULL,0,0,0,0,0,1,1,'2020-02-06 17:23:07','2023-08-29 16:34:45',NULL),(580,0,NULL,NULL,0,1,218,NULL,7,NULL,'Ventas No Gravadas',NULL,0,0,0,0,1,1,1,'2020-02-06 17:23:07','2023-08-29 16:34:45',NULL),(581,0,NULL,NULL,0,1,220,NULL,5,NULL,'Perc IVA -RG3337',NULL,0,0,0,0,0,1,0,'2020-02-06 17:23:07','2023-08-29 16:34:49',NULL),(582,0,NULL,NULL,0,1,221,NULL,6,NULL,'Imps. Internos',NULL,0,0,0,0,0,1,1,'2020-02-06 17:23:07','2023-08-29 16:34:45',NULL),(583,0,NULL,NULL,0,1,222,NULL,6,NULL,'Imp. Gasoil',NULL,0,0,0,0,0,1,1,'2020-02-06 17:23:07','2023-08-29 16:34:45',NULL),(584,0,NULL,NULL,0,1,223,NULL,6,NULL,'Imp. Hídricos',NULL,0,0,0,0,0,1,1,'2020-02-06 17:23:07','2023-08-29 16:34:45',NULL),(585,0,NULL,NULL,0,1,224,NULL,6,NULL,'ITC',NULL,0,0,0,0,0,1,1,'2020-02-06 17:23:07','2023-08-29 16:34:45',NULL),(586,0,NULL,NULL,0,1,225,NULL,5,NULL,'Perc IIBB  Buenos Aires',NULL,0,0,0,0,0,1,1,'2020-02-06 17:23:07','2023-08-29 16:34:45',NULL),(587,0,NULL,NULL,0,1,226,NULL,5,NULL,'Perc IIBB  Capital Federal',NULL,0,0,0,0,0,1,1,'2020-02-06 17:23:07','2023-08-29 16:34:45',NULL),(588,0,NULL,NULL,0,1,227,NULL,5,NULL,'Perc IIBB  Catamarca',NULL,0,0,0,0,0,1,1,'2020-02-06 17:23:07','2023-08-29 16:34:45',NULL),(589,0,NULL,NULL,0,1,228,NULL,5,NULL,'Perc IIBB  Chaco',NULL,0,0,0,0,0,1,1,'2020-02-06 17:23:07','2023-08-29 16:34:45',NULL),(590,0,NULL,NULL,0,1,229,NULL,5,NULL,'Perc IIBB  Chubut',NULL,0,0,0,0,0,1,1,'2020-02-06 17:23:07','2023-08-29 16:34:45',NULL),(591,0,NULL,NULL,0,1,230,NULL,5,NULL,'Perc IIBB  Córdoba',NULL,0,0,0,0,0,1,1,'2020-02-06 17:23:07','2023-08-29 16:34:45',NULL),(592,0,NULL,NULL,0,1,231,NULL,5,NULL,'Perc IIBB  Corrientes',NULL,0,0,0,0,0,1,1,'2020-02-06 17:23:07','2023-08-29 16:34:45',NULL),(593,0,NULL,NULL,0,1,232,NULL,5,NULL,'Perc IIBB  Entre Ríos',NULL,0,0,0,0,0,1,1,'2020-02-06 17:23:07','2023-08-29 16:34:45',NULL),(594,0,NULL,NULL,0,1,233,NULL,5,NULL,'Perc IIBB  Formosa',NULL,0,0,0,0,0,1,1,'2020-02-06 17:23:07','2023-08-29 16:34:45',NULL),(595,0,NULL,NULL,0,1,234,NULL,5,NULL,'Perc IIBB  Jujuy',NULL,0,0,0,0,0,1,1,'2020-02-06 17:23:07','2023-08-29 16:34:45',NULL),(596,0,NULL,NULL,0,1,235,NULL,5,NULL,'Perc IIBB  La Pampa',NULL,0,0,0,0,0,1,1,'2020-02-06 17:23:07','2023-08-29 16:34:45',NULL),(597,0,NULL,NULL,0,1,236,NULL,5,NULL,'Perc IIBB  La Rioja',NULL,0,0,0,0,0,1,1,'2020-02-06 17:23:07','2023-08-29 16:34:45',NULL);
INSERT INTO `cta_cte_tesoreria_cuentas` VALUES (598,0,NULL,NULL,0,1,237,NULL,5,NULL,'Perc IIBB  Mendoza',NULL,0,0,0,0,0,1,1,'2020-02-06 17:23:07','2023-08-29 16:34:45',NULL),(599,0,NULL,NULL,0,1,238,NULL,5,NULL,'Perc IIBB  Misiones',NULL,0,0,0,0,0,1,1,'2020-02-06 17:23:07','2023-08-29 16:34:45',NULL),(600,0,NULL,NULL,0,1,239,NULL,5,NULL,'Perc IIBB  Neuquén',NULL,0,0,0,0,0,1,1,'2020-02-06 17:23:07','2023-08-29 16:34:45',NULL),(601,0,NULL,NULL,0,1,240,NULL,5,NULL,'Perc IIBB  Pascua Lama',NULL,0,0,0,0,0,1,1,'2020-02-06 17:23:07','2023-08-29 16:34:45',NULL),(602,0,NULL,NULL,0,1,241,NULL,5,NULL,'Perc IIBB  Río Negro',NULL,0,0,0,0,0,1,1,'2020-02-06 17:23:07','2023-08-29 16:34:45',NULL),(603,0,NULL,NULL,0,1,242,NULL,5,NULL,'Perc IIBB  Salta',NULL,0,0,0,0,0,1,1,'2020-02-06 17:23:07','2023-08-29 16:34:45',NULL),(604,0,NULL,NULL,0,1,243,NULL,5,NULL,'Perc IIBB  San Juan',NULL,0,0,0,0,0,1,1,'2020-02-06 17:23:07','2023-08-29 16:34:45',NULL),(605,0,NULL,NULL,0,1,244,NULL,5,NULL,'Perc IIBB  San Luis',NULL,0,0,0,0,0,1,1,'2020-02-06 17:23:07','2023-08-29 16:34:45',NULL),(606,0,NULL,NULL,0,1,245,NULL,5,NULL,'Perc IIBB  Santa Cruz',NULL,0,0,0,0,0,1,1,'2020-02-06 17:23:07','2023-08-29 16:34:45',NULL),(607,0,NULL,NULL,0,1,246,NULL,5,NULL,'Perc IIBB  Santa Fe',NULL,0,0,0,0,0,1,1,'2020-02-06 17:23:07','2023-08-29 16:34:45',NULL),(608,0,NULL,NULL,0,1,247,NULL,5,NULL,'Perc IIBB  Santiago del Estero',NULL,0,0,0,0,0,1,1,'2020-02-06 17:23:07','2023-08-29 16:34:45',NULL),(609,0,NULL,NULL,0,1,248,NULL,5,NULL,'Perc IIBB  Tierra del Fuego',NULL,0,0,0,0,0,1,1,'2020-02-06 17:23:07','2023-08-29 16:34:45',NULL),(610,0,NULL,NULL,0,1,249,NULL,5,NULL,'Perc IIBB  Tucuman',NULL,0,0,0,0,0,1,1,'2020-02-06 17:23:07','2023-08-29 16:34:45',NULL),(611,0,NULL,NULL,0,1,250,NULL,6,NULL,'Compras No Gravadas',NULL,0,0,0,0,0,1,1,'2020-02-06 17:23:07','2023-08-29 16:34:45',NULL),(612,0,NULL,NULL,0,1,276,NULL,6,NULL,'SIRCREB Buenos Aires',NULL,0,0,0,0,0,1,1,'2020-02-06 17:23:07','2023-08-29 16:34:45',NULL),(613,0,NULL,NULL,0,1,277,NULL,6,NULL,'SIRCREB Capital Federal',NULL,0,0,0,0,0,1,1,'2020-02-06 17:23:07','2023-08-29 16:34:45',NULL),(614,0,NULL,NULL,0,1,278,NULL,6,NULL,'SIRCREB Catamarca',NULL,0,0,0,0,0,1,1,'2020-02-06 17:23:07','2023-08-29 16:34:45',NULL),(615,0,NULL,NULL,0,1,279,NULL,6,NULL,'SIRCREB Chaco',NULL,0,0,0,0,0,1,1,'2020-02-06 17:23:07','2023-08-29 16:34:45',NULL),(616,0,NULL,NULL,0,1,280,NULL,6,NULL,'SIRCREB Chubut',NULL,0,0,0,0,0,1,1,'2020-02-06 17:23:07','2023-08-29 16:34:45',NULL),(617,0,NULL,NULL,0,1,281,NULL,6,NULL,'SIRCREB Córdoba',NULL,0,0,0,0,0,1,1,'2020-02-06 17:23:07','2023-08-29 16:34:45',NULL),(618,0,NULL,NULL,0,1,282,NULL,6,NULL,'SIRCREB Corrientes',NULL,0,0,0,0,0,1,1,'2020-02-06 17:23:07','2023-08-29 16:34:45',NULL),(619,0,NULL,NULL,0,1,283,NULL,6,NULL,'SIRCREB Entre Ríos',NULL,0,0,0,0,0,1,1,'2020-02-06 17:23:07','2023-08-29 16:34:45',NULL),(620,0,NULL,NULL,0,1,284,NULL,6,NULL,'SIRCREB Formosa',NULL,0,0,0,0,0,1,1,'2020-02-06 17:23:07','2023-08-29 16:34:45',NULL),(621,0,NULL,NULL,0,1,285,NULL,6,NULL,'SIRCREB Jujuy',NULL,0,0,0,0,0,1,1,'2020-02-06 17:23:07','2023-08-29 16:34:45',NULL),(622,0,NULL,NULL,0,1,286,NULL,6,NULL,'SIRCREB La Pampa',NULL,0,0,0,0,0,1,1,'2020-02-06 17:23:07','2023-08-29 16:34:45',NULL),(623,0,NULL,NULL,0,1,287,NULL,6,NULL,'SIRCREB La Rioja',NULL,0,0,0,0,0,1,1,'2020-02-06 17:23:07','2023-08-29 16:34:45',NULL),(624,0,NULL,NULL,0,1,288,NULL,6,NULL,'SIRCREB Mendoza',NULL,0,0,0,0,0,1,1,'2020-02-06 17:23:07','2023-08-29 16:34:45',NULL),(625,0,NULL,NULL,0,1,289,NULL,6,NULL,'SIRCREB Misiones',NULL,0,0,0,0,0,1,1,'2020-02-06 17:23:07','2023-08-29 16:34:45',NULL),(626,0,NULL,NULL,0,1,290,NULL,6,NULL,'SIRCREB Neuquén',NULL,0,0,0,0,0,1,1,'2020-02-06 17:23:07','2023-08-29 16:34:45',NULL),(627,0,NULL,NULL,0,1,291,NULL,6,NULL,'SIRCREB Pascua Lama',NULL,0,0,0,0,0,1,1,'2020-02-06 17:23:07','2023-08-29 16:34:45',NULL),(628,0,NULL,NULL,0,1,292,NULL,6,NULL,'SIRCREB Río Negro',NULL,0,0,0,0,0,1,1,'2020-02-06 17:23:07','2023-08-29 16:34:45',NULL);
INSERT INTO `cta_cte_tesoreria_cuentas` VALUES (629,0,NULL,NULL,0,1,293,NULL,6,NULL,'SIRCREB Salta',NULL,0,0,0,0,0,1,1,'2020-02-06 17:23:07','2023-08-29 16:34:45',NULL),(630,0,NULL,NULL,0,1,294,NULL,6,NULL,'SIRCREB San Juan',NULL,0,0,0,0,0,1,1,'2020-02-06 17:23:07','2023-08-29 16:34:45',NULL),(631,0,NULL,NULL,0,1,295,NULL,6,NULL,'SIRCREB San Luis',NULL,0,0,0,0,0,1,1,'2020-02-06 17:23:07','2023-08-29 16:34:45',NULL),(632,0,NULL,NULL,0,1,296,NULL,6,NULL,'SIRCREB Santa Cruz',NULL,0,0,0,0,0,1,1,'2020-02-06 17:23:07','2023-08-29 16:34:45',NULL),(633,0,NULL,NULL,0,1,297,NULL,6,NULL,'SIRCREB Santa Fe',NULL,0,0,0,0,0,1,1,'2020-02-06 17:23:07','2023-08-29 16:34:45',NULL),(634,0,NULL,NULL,0,1,298,NULL,6,NULL,'SIRCREB Santiago del Estero',NULL,0,0,0,0,0,1,1,'2020-02-06 17:23:07','2023-08-29 16:34:45',NULL),(635,0,NULL,NULL,0,1,299,NULL,6,NULL,'SIRCREB Tierra del Fuego',NULL,0,0,0,0,0,1,1,'2020-02-06 17:23:07','2023-08-29 16:34:45',NULL),(636,0,NULL,NULL,0,1,300,NULL,6,NULL,'SIRCREB Tucuman',NULL,0,0,0,0,0,1,1,'2020-02-06 17:23:07','2023-08-29 16:34:45',NULL),(637,0,NULL,NULL,0,1,301,NULL,8,NULL,'IIBB a Favor Buenos Aires',NULL,0,0,0,0,0,1,1,'2020-02-06 17:23:07','2023-08-29 16:34:45',NULL),(638,0,NULL,NULL,0,1,302,NULL,8,NULL,'IIBB a Favor Capital Federal',NULL,0,0,0,0,0,1,1,'2020-02-06 17:23:07','2023-08-29 16:34:45',NULL),(639,0,NULL,NULL,0,1,303,NULL,8,NULL,'IIBB a Favor Catamarca',NULL,0,0,0,0,0,1,1,'2020-02-06 17:23:07','2023-08-29 16:34:45',NULL),(640,0,NULL,NULL,0,1,304,NULL,8,NULL,'IIBB a Favor Chaco',NULL,0,0,0,0,0,1,1,'2020-02-06 17:23:07','2023-08-29 16:34:45',NULL),(641,0,NULL,NULL,0,1,305,NULL,8,NULL,'IIBB a Favor Chubut',NULL,0,0,0,0,0,1,1,'2020-02-06 17:23:07','2023-08-29 16:34:45',NULL),(642,0,NULL,NULL,0,1,306,NULL,8,NULL,'IIBB a Favor Córdoba',NULL,0,0,0,0,0,1,1,'2020-02-06 17:23:07','2023-08-29 16:34:45',NULL),(643,0,NULL,NULL,0,1,307,NULL,8,NULL,'IIBB a Favor Corrientes',NULL,0,0,0,0,0,1,1,'2020-02-06 17:23:07','2023-08-29 16:34:45',NULL),(644,0,NULL,NULL,0,1,308,NULL,8,NULL,'IIBB a Favor Entre Ríos',NULL,0,0,0,0,0,1,1,'2020-02-06 17:23:07','2023-08-29 16:34:45',NULL),(645,0,NULL,NULL,0,1,309,NULL,8,NULL,'IIBB a Favor Formosa',NULL,0,0,0,0,0,1,1,'2020-02-06 17:23:07','2023-08-29 16:34:45',NULL),(646,0,NULL,NULL,0,1,310,NULL,8,NULL,'IIBB a Favor Jujuy',NULL,0,0,0,0,0,1,1,'2020-02-06 17:23:07','2023-08-29 16:34:45',NULL),(647,0,NULL,NULL,0,1,311,NULL,8,NULL,'IIBB a Favor La Pampa',NULL,0,0,0,0,0,1,1,'2020-02-06 17:23:07','2023-08-29 16:34:45',NULL),(648,0,NULL,NULL,0,1,312,NULL,8,NULL,'IIBB a Favor La Rioja',NULL,0,0,0,0,0,1,1,'2020-02-06 17:23:07','2023-08-29 16:34:46',NULL),(649,0,NULL,NULL,0,1,313,NULL,8,NULL,'IIBB a Favor Mendoza',NULL,0,0,0,0,0,1,1,'2020-02-06 17:23:07','2023-08-29 16:34:46',NULL),(650,0,NULL,NULL,0,1,314,NULL,8,NULL,'IIBB a Favor Misiones',NULL,0,0,0,0,0,1,1,'2020-02-06 17:23:08','2023-08-29 16:34:46',NULL),(651,0,NULL,NULL,0,1,315,NULL,8,NULL,'IIBB a Favor Neuquén',NULL,0,0,0,0,0,1,1,'2020-02-06 17:23:08','2023-08-29 16:34:46',NULL),(652,0,NULL,NULL,0,1,316,NULL,8,NULL,'IIBB a Favor Pascua Lama',NULL,0,0,0,0,0,1,1,'2020-02-06 17:23:08','2023-08-29 16:34:46',NULL),(653,0,NULL,NULL,0,1,317,NULL,8,NULL,'IIBB a Favor Río Negro',NULL,0,0,0,0,0,1,1,'2020-02-06 17:23:08','2023-08-29 16:34:46',NULL),(654,0,NULL,NULL,0,1,318,NULL,8,NULL,'IIBB a Favor Salta',NULL,0,0,0,0,0,1,1,'2020-02-06 17:23:08','2023-08-29 16:34:46',NULL),(655,0,NULL,NULL,0,1,319,NULL,8,NULL,'IIBB a Favor San Juan',NULL,0,0,0,0,0,1,1,'2020-02-06 17:23:08','2023-08-29 16:34:46',NULL),(656,0,NULL,NULL,0,1,320,NULL,8,NULL,'IIBB a Favor San Luis',NULL,0,0,0,0,0,1,1,'2020-02-06 17:23:08','2023-08-29 16:34:46',NULL),(657,0,NULL,NULL,0,1,321,NULL,8,NULL,'IIBB a Favor Santa Cruz',NULL,0,0,0,0,0,1,1,'2020-02-06 17:23:08','2023-08-29 16:34:46',NULL),(658,0,NULL,NULL,0,1,322,NULL,8,NULL,'IIBB a Favor Santa Fe',NULL,0,0,0,0,0,1,1,'2020-02-06 17:23:08','2023-08-29 16:34:46',NULL);
INSERT INTO `cta_cte_tesoreria_cuentas` VALUES (659,0,NULL,NULL,0,1,323,NULL,8,NULL,'IIBB a Favor Santiago del Estero',NULL,0,0,0,0,0,1,1,'2020-02-06 17:23:08','2023-08-29 16:34:46',NULL),(660,0,NULL,NULL,0,1,324,NULL,8,NULL,'IIBB a Favor Tierra del Fuego',NULL,0,0,0,0,0,1,1,'2020-02-06 17:23:08','2023-08-29 16:34:46',NULL),(661,0,NULL,NULL,0,1,325,NULL,8,NULL,'IIBB a Favor Tucuman',NULL,0,0,0,0,0,1,1,'2020-02-06 17:23:08','2023-08-29 16:34:46',NULL),(662,0,NULL,NULL,0,1,326,NULL,8,NULL,'IIBB a Pagar Buenos Aires',NULL,0,0,0,0,0,1,1,'2020-02-06 17:23:08','2023-08-29 16:34:46',NULL),(663,0,NULL,NULL,0,1,327,NULL,8,NULL,'IIBB a Pagar Capital Federal',NULL,0,0,0,0,0,1,1,'2020-02-06 17:23:08','2023-08-29 16:34:46',NULL),(664,0,NULL,NULL,0,1,328,NULL,8,NULL,'IIBB a Pagar Catamarca',NULL,0,0,0,0,0,1,1,'2020-02-06 17:23:08','2023-08-29 16:34:46',NULL),(665,0,NULL,NULL,0,1,329,NULL,8,NULL,'IIBB a Pagar Chaco',NULL,0,0,0,0,0,1,1,'2020-02-06 17:23:08','2023-08-29 16:34:46',NULL),(666,0,NULL,NULL,0,1,330,NULL,8,NULL,'IIBB a Pagar Chubut',NULL,0,0,0,0,0,1,1,'2020-02-06 17:23:08','2023-08-29 16:34:46',NULL),(667,0,NULL,NULL,0,1,331,NULL,8,NULL,'IIBB a Pagar Córdoba',NULL,0,0,0,0,0,1,1,'2020-02-06 17:23:08','2023-08-29 16:34:46',NULL),(668,0,NULL,NULL,0,1,332,NULL,8,NULL,'IIBB a Pagar Corrientes',NULL,0,0,0,0,0,1,1,'2020-02-06 17:23:08','2023-08-29 16:34:46',NULL),(669,0,NULL,NULL,0,1,333,NULL,8,NULL,'IIBB a Pagar Entre Ríos',NULL,0,0,0,0,0,1,1,'2020-02-06 17:23:08','2023-08-29 16:34:46',NULL),(670,0,NULL,NULL,0,1,334,NULL,8,NULL,'IIBB a Pagar Formosa',NULL,0,0,0,0,0,1,1,'2020-02-06 17:23:08','2023-08-29 16:34:46',NULL),(671,0,NULL,NULL,0,1,335,NULL,8,NULL,'IIBB a Pagar Jujuy',NULL,0,0,0,0,0,1,1,'2020-02-06 17:23:08','2023-08-29 16:34:46',NULL),(672,0,NULL,NULL,0,1,336,NULL,8,NULL,'IIBB a Pagar La Pampa',NULL,0,0,0,0,0,1,1,'2020-02-06 17:23:08','2023-08-29 16:34:46',NULL),(673,0,NULL,NULL,0,1,337,NULL,8,NULL,'IIBB a Pagar La Rioja',NULL,0,0,0,0,0,1,1,'2020-02-06 17:23:08','2023-08-29 16:34:46',NULL),(674,0,NULL,NULL,0,1,338,NULL,8,NULL,'IIBB a Pagar Mendoza',NULL,0,0,0,0,0,1,1,'2020-02-06 17:23:08','2023-08-29 16:34:46',NULL),(675,0,NULL,NULL,0,1,339,NULL,8,NULL,'IIBB a Pagar Misiones',NULL,0,0,0,0,0,1,1,'2020-02-06 17:23:08','2023-08-29 16:34:46',NULL),(676,0,NULL,NULL,0,1,340,NULL,8,NULL,'IIBB a Pagar Neuquén',NULL,0,0,0,0,0,1,1,'2020-02-06 17:23:08','2023-08-29 16:34:46',NULL),(677,0,NULL,NULL,0,1,341,NULL,8,NULL,'IIBB a Pagar Pascua Lama',NULL,0,0,0,0,0,1,1,'2020-02-06 17:23:08','2023-08-29 16:34:46',NULL),(678,0,NULL,NULL,0,1,342,NULL,8,NULL,'IIBB a Pagar Río Negro',NULL,0,0,0,0,0,1,1,'2020-02-06 17:23:08','2023-08-29 16:34:46',NULL),(679,0,NULL,NULL,0,1,343,NULL,8,NULL,'IIBB a Pagar Salta',NULL,0,0,0,0,0,1,1,'2020-02-06 17:23:08','2023-08-29 16:34:46',NULL),(680,0,NULL,NULL,0,1,344,NULL,8,NULL,'IIBB a Pagar San Juan',NULL,0,0,0,0,0,1,1,'2020-02-06 17:23:08','2023-08-29 16:34:46',NULL),(681,0,NULL,NULL,0,1,345,NULL,8,NULL,'IIBB a Pagar San Luis',NULL,0,0,0,0,0,1,1,'2020-02-06 17:23:08','2023-08-29 16:34:46',NULL),(682,0,NULL,NULL,0,1,346,NULL,8,NULL,'IIBB a Pagar Santa Cruz',NULL,0,0,0,0,0,1,1,'2020-02-06 17:23:08','2023-08-29 16:34:46',NULL),(683,0,NULL,NULL,0,1,347,NULL,8,NULL,'IIBB a Pagar Santa Fe',NULL,0,0,0,0,0,1,1,'2020-02-06 17:23:08','2023-08-29 16:34:46',NULL),(684,0,NULL,NULL,0,1,348,NULL,8,NULL,'IIBB a Pagar Santiago del Estero',NULL,0,0,0,0,0,1,1,'2020-02-06 17:23:08','2023-08-29 16:34:46',NULL),(685,0,NULL,NULL,0,1,349,NULL,8,NULL,'IIBB a Pagar Tierra del Fuego',NULL,0,0,0,0,0,1,1,'2020-02-06 17:23:08','2023-08-29 16:34:46',NULL),(686,0,NULL,NULL,0,1,350,NULL,8,NULL,'IIBB a Pagar Tucuman',NULL,0,0,0,0,0,1,1,'2020-02-06 17:23:08','2023-08-29 16:34:46',NULL),(687,0,NULL,NULL,0,1,352,NULL,8,NULL,'Compensacion',NULL,0,0,0,0,0,1,1,'2020-02-06 17:23:08','2023-08-29 16:34:46',NULL),(688,0,NULL,NULL,0,1,353,NULL,8,NULL,'IVA Saldo Tecnico',NULL,0,0,0,0,0,1,1,'2020-02-06 17:23:08','2023-08-29 16:34:46',NULL);
INSERT INTO `cta_cte_tesoreria_cuentas` VALUES (689,0,NULL,NULL,0,1,354,NULL,8,NULL,'IVA Saldo Libre Disponibilidad',NULL,0,0,0,0,0,1,1,'2020-02-06 17:23:08','2023-08-29 16:34:46',NULL),(690,0,NULL,NULL,0,1,361,NULL,8,NULL,'Equipos de Computación',NULL,0,0,0,0,0,1,1,'2020-02-06 17:23:08','2023-08-29 16:34:46',NULL),(691,0,NULL,NULL,0,1,362,NULL,8,NULL,'Computadoras',NULL,0,0,0,0,0,1,1,'2020-02-06 17:23:08','2023-08-29 16:34:46',NULL),(692,0,NULL,NULL,0,1,363,NULL,8,NULL,'Muebles y Utiles',NULL,0,0,0,0,0,1,1,'2020-02-06 17:23:08','2023-08-29 16:34:46',NULL),(693,0,NULL,NULL,0,1,365,NULL,8,NULL,'Provision Honorarios',NULL,0,0,0,0,0,1,1,'2020-02-06 17:23:08','2023-08-29 16:34:46',NULL),(694,0,NULL,NULL,0,1,366,NULL,8,NULL,'Cta. Cte Directores',NULL,0,0,0,0,0,1,1,'2020-02-06 17:23:08','2023-08-29 16:34:46',NULL),(695,0,NULL,NULL,0,1,367,NULL,8,NULL,'Provisión Honorarios Directores',NULL,0,0,0,0,0,1,1,'2020-02-06 17:23:08','2023-08-29 16:34:46',NULL),(696,0,NULL,NULL,0,1,368,NULL,8,NULL,'Cuenta Particular Socio 1',NULL,0,0,0,0,0,1,1,'2020-02-06 17:23:08','2023-08-29 16:34:46',NULL),(697,0,NULL,NULL,0,1,369,NULL,8,NULL,'Capital',NULL,0,0,0,0,0,1,1,'2020-02-06 17:23:08','2023-08-29 16:34:46',NULL),(698,0,NULL,NULL,0,1,380,NULL,8,NULL,'Instalaciones',NULL,0,0,0,0,0,1,1,'2020-02-06 17:23:08','2023-08-29 16:34:46',NULL),(699,0,NULL,NULL,0,1,381,NULL,8,NULL,'Reserva Legal',NULL,0,0,0,0,0,1,1,'2020-02-06 17:23:08','2023-08-29 16:34:46',NULL),(700,0,NULL,NULL,0,1,382,NULL,8,NULL,'Reserva Legal',NULL,0,0,0,0,0,1,1,'2020-02-06 17:23:08','2023-08-29 16:34:46',NULL),(701,0,NULL,NULL,0,1,383,NULL,8,NULL,'Resultado no asignado',NULL,0,0,0,0,0,1,1,'2020-02-06 17:23:08','2023-08-29 16:34:46',NULL),(702,0,NULL,NULL,0,1,386,NULL,8,NULL,'PLAZO FIJO',NULL,0,0,0,0,0,1,1,'2020-02-06 17:23:08','2023-08-29 16:34:46',NULL),(703,0,NULL,NULL,0,1,388,NULL,8,NULL,'ACCIONES',NULL,0,0,0,0,0,1,1,'2020-02-06 17:23:08','2023-08-29 16:34:46',NULL),(704,0,NULL,NULL,0,1,389,NULL,8,NULL,'Inmuebles',NULL,0,0,0,0,0,1,1,'2020-02-06 17:23:08','2023-08-29 16:34:46',NULL),(705,0,NULL,NULL,0,1,390,NULL,8,NULL,'Vehiculos',NULL,0,0,0,0,0,1,1,'2020-02-06 17:23:08','2023-08-29 16:34:46',NULL),(706,0,NULL,NULL,0,1,391,NULL,8,NULL,'Maquinarias',NULL,0,0,0,0,0,1,1,'2020-02-06 17:23:08','2023-08-29 16:34:46',NULL),(707,0,NULL,NULL,0,1,392,NULL,8,NULL,'MERCADERIAS',NULL,0,0,0,0,0,1,1,'2020-02-06 17:23:08','2023-08-29 16:34:46',NULL),(708,0,NULL,NULL,0,1,393,NULL,8,NULL,'OTROS',NULL,0,0,0,0,0,1,1,'2020-02-06 17:23:08','2023-08-29 16:34:46',NULL),(709,0,NULL,NULL,0,1,395,NULL,8,NULL,'Cuenta Particular Socio 2',NULL,0,0,0,0,0,1,1,'2020-02-06 17:23:08','2023-08-29 16:34:46',NULL),(710,0,NULL,NULL,0,1,396,NULL,6,NULL,'Comisiones Y gastos Bancarios',NULL,0,0,0,0,0,1,1,'2020-02-06 17:23:08','2023-08-29 16:34:46',NULL),(711,0,NULL,NULL,0,1,411,NULL,8,NULL,'Provisión Impuesto a las Ganancias',NULL,0,0,0,0,0,1,1,'2020-02-06 17:23:08','2023-08-29 16:34:46',NULL),(712,0,NULL,NULL,0,1,412,NULL,6,NULL,'Amortización Muebles y Útiles',NULL,0,0,0,0,0,1,1,'2020-02-06 17:23:08','2023-08-29 16:34:46',NULL),(713,0,NULL,NULL,0,1,413,NULL,6,NULL,'Amortización Equipos',NULL,0,0,0,0,0,1,1,'2020-02-06 17:23:08','2023-08-29 16:34:46',NULL),(714,0,NULL,NULL,0,1,414,NULL,8,NULL,'Amortizacion Acumulada Equipos',NULL,0,0,0,0,0,1,1,'2020-02-06 17:23:08','2023-08-29 16:34:46',NULL),(715,0,NULL,NULL,0,1,415,NULL,8,NULL,'Amortización Acumulada Maquinarias',NULL,0,0,0,0,0,1,1,'2020-02-06 17:23:08','2023-08-29 16:34:46',NULL),(716,0,NULL,NULL,0,1,416,NULL,8,NULL,'Materias Primas',NULL,0,0,0,0,0,1,1,'2020-02-06 17:23:08','2023-08-29 16:34:46',NULL),(717,0,NULL,NULL,0,1,419,NULL,8,NULL,'Rodados',NULL,0,0,0,0,0,1,1,'2020-02-06 17:23:08','2023-08-29 16:34:46',NULL),(718,0,NULL,NULL,0,1,420,NULL,8,NULL,'Amortización Acumulada Rodados',NULL,0,0,0,0,0,1,1,'2020-02-06 17:23:08','2023-08-29 16:34:46',NULL),(719,0,NULL,NULL,0,1,421,NULL,8,NULL,'Amortización Rodados',NULL,0,0,0,0,0,1,1,'2020-02-06 17:23:08','2023-08-29 16:34:46',NULL);
INSERT INTO `cta_cte_tesoreria_cuentas` VALUES (720,0,NULL,NULL,0,1,422,NULL,8,NULL,'Amortización Maquinarias',NULL,0,0,0,0,0,1,1,'2020-02-06 17:23:08','2023-08-29 16:34:46',NULL),(721,0,NULL,NULL,0,1,423,NULL,8,NULL,'Accesorios',NULL,0,0,0,0,0,1,1,'2020-02-06 17:23:08','2023-08-29 16:34:46',NULL),(722,0,NULL,NULL,0,1,424,NULL,8,NULL,'Amortización Acumulada Accesorios',NULL,0,0,0,0,0,1,1,'2020-02-06 17:23:08','2023-08-29 16:34:46',NULL),(723,0,NULL,NULL,0,1,426,NULL,8,NULL,'Reserva Facultativa',NULL,0,0,0,0,0,1,1,'2020-02-06 17:23:08','2023-08-29 16:34:46',NULL),(724,0,NULL,NULL,0,1,427,NULL,8,NULL,'Créditos por Impuestos Diferidos',NULL,0,0,0,0,0,1,1,'2020-02-06 17:23:08','2023-08-29 16:34:46',NULL),(725,0,NULL,NULL,0,1,428,NULL,8,NULL,'Fondo de Comercio',NULL,0,0,0,0,0,1,1,'2020-02-06 17:23:08','2023-08-29 16:34:46',NULL),(726,0,NULL,NULL,0,1,429,NULL,8,NULL,'Amortizacion Acumulada Fondo de Comercio',NULL,0,0,0,0,0,1,1,'2020-02-06 17:23:08','2023-08-29 16:34:46',NULL),(727,0,NULL,NULL,0,1,430,NULL,8,NULL,'Intereses a devengar AGIP',NULL,0,0,0,0,0,1,1,'2020-02-06 17:23:08','2023-08-29 16:34:46',NULL),(728,0,NULL,NULL,0,1,431,NULL,8,NULL,'PFP IIBB',NULL,0,0,0,0,0,1,1,'2020-02-06 17:23:08','2023-08-29 16:34:46',NULL),(729,0,NULL,NULL,0,1,434,NULL,8,NULL,'Productos',NULL,0,0,0,0,0,1,1,'2020-02-06 17:23:08','2023-08-29 16:34:46',NULL),(730,0,NULL,NULL,0,1,435,NULL,8,NULL,'Intereses a devengar PFP',NULL,0,0,0,0,0,1,1,'2020-02-06 17:23:08','2023-08-29 16:34:46',NULL),(731,0,NULL,NULL,0,1,437,NULL,8,NULL,'Imp. Ley 25413 Cred 0.6%',NULL,0,0,0,0,0,1,1,'2020-02-06 17:23:08','2023-08-29 16:34:46',NULL),(732,0,NULL,NULL,0,1,438,NULL,8,NULL,'Honorarios Directorio a Pagar',NULL,0,0,0,0,0,1,1,'2020-02-06 17:23:08','2023-08-29 16:34:46',NULL),(733,0,NULL,NULL,0,1,439,NULL,8,NULL,'Reserva para Futuras Inversiones',NULL,0,0,0,0,0,1,1,'2020-02-06 17:23:08','2023-08-29 16:34:46',NULL),(734,0,NULL,NULL,0,1,440,NULL,8,NULL,'TEAC - Trabajos Ejecutados a Certificar',NULL,0,0,0,0,0,1,1,'2020-02-06 17:23:08','2023-08-29 16:34:46',NULL),(735,0,NULL,NULL,0,1,444,NULL,8,NULL,'Banco Santander Rio Cta Cte',NULL,0,0,0,0,0,1,1,'2020-02-06 17:23:08','2023-08-29 16:34:46',NULL),(736,0,NULL,NULL,0,1,449,NULL,8,NULL,'Leasing',NULL,0,0,0,0,0,1,1,'2020-02-06 17:23:08','2023-08-29 16:34:46',NULL),(737,0,NULL,NULL,0,1,453,NULL,8,NULL,'Inversión Central Caribe',NULL,0,0,0,0,0,1,1,'2020-02-06 17:23:08','2023-08-29 16:34:46',NULL),(738,0,NULL,NULL,0,1,454,NULL,8,NULL,'Otras Inversiones',NULL,0,0,0,0,0,1,1,'2020-02-06 17:23:08','2023-08-29 16:34:46',NULL),(739,0,NULL,NULL,0,1,455,NULL,8,NULL,'Otros Créditos',NULL,0,0,0,0,0,1,1,'2020-02-06 17:23:08','2023-08-29 16:34:46',NULL),(740,0,NULL,NULL,0,1,456,NULL,8,NULL,'Provisión Honorarios Socio Gerente',NULL,0,0,0,0,0,1,1,'2020-02-06 17:23:08','2023-08-29 16:34:46',NULL),(741,0,NULL,NULL,0,1,459,NULL,8,NULL,'Moratoria SUSS a pagar',NULL,0,0,0,0,0,1,1,'2020-02-06 17:23:08','2023-08-29 16:34:46',NULL),(742,0,NULL,NULL,0,1,460,NULL,8,NULL,'Impuestos Municipales a Pagar',NULL,0,0,0,0,0,1,1,'2020-02-06 17:23:08','2023-08-29 16:34:46',NULL),(743,0,NULL,NULL,0,1,461,NULL,6,NULL,'Amortización Instalaciones',NULL,0,0,0,0,0,1,1,'2020-02-06 17:23:08','2023-08-29 16:34:46',NULL),(744,0,NULL,NULL,0,1,462,NULL,8,NULL,'Amortización Equipos de comput.',NULL,0,0,0,0,0,1,1,'2020-02-06 17:23:08','2023-08-29 16:34:46',NULL),(745,0,NULL,NULL,0,1,463,NULL,8,NULL,'Cuenta Particular Socio 3',NULL,0,0,0,0,0,1,1,'2020-02-06 17:23:08','2023-08-29 16:34:46',NULL),(746,0,NULL,NULL,0,1,464,NULL,8,NULL,'Cuenta Particular Socio 4',NULL,0,0,0,0,0,1,1,'2020-02-06 17:23:08','2023-08-29 16:34:46',NULL),(747,0,NULL,NULL,0,1,465,NULL,8,NULL,'Otras Reservas',NULL,0,0,0,0,0,1,1,'2020-02-06 17:23:08','2023-08-29 16:34:46',NULL),(748,0,NULL,NULL,0,1,466,NULL,8,NULL,'IGMP (Saldo a Favor)',NULL,0,0,0,0,0,1,1,'2020-02-06 17:23:08','2023-08-29 16:34:46',NULL),(749,0,NULL,NULL,0,1,468,NULL,8,NULL,'Productos en Proceso',NULL,0,0,0,0,0,1,1,'2020-02-06 17:23:08','2023-08-29 16:34:46',NULL);
INSERT INTO `cta_cte_tesoreria_cuentas` VALUES (750,0,NULL,NULL,0,1,469,NULL,8,NULL,'Depósitos en Garantía Socio Gerente',NULL,0,0,0,0,0,1,1,'2020-02-06 17:23:08','2023-08-29 16:34:46',NULL),(751,0,NULL,NULL,0,1,470,NULL,8,NULL,'Fondos Embargados',NULL,0,0,0,0,0,1,1,'2020-02-06 17:23:08','2023-08-29 16:34:46',NULL),(752,0,NULL,NULL,0,1,471,NULL,8,NULL,'Cuota Solid.',NULL,0,0,0,0,0,1,1,'2020-02-06 17:23:08','2023-08-29 16:34:46',NULL),(753,0,NULL,NULL,0,1,472,NULL,8,NULL,'Anticipo Honorarios Directores',NULL,0,0,0,0,0,1,1,'2020-02-06 17:23:08','2023-08-29 16:34:46',NULL),(754,0,NULL,NULL,0,1,473,NULL,8,NULL,'SICORE a Pagar',NULL,0,0,0,0,0,1,1,'2020-02-06 17:23:08','2023-08-29 16:34:46',NULL),(755,0,NULL,NULL,0,1,476,NULL,6,NULL,'RECPAM',NULL,0,0,0,0,0,1,1,'2020-02-06 17:23:08','2023-08-29 16:34:46',NULL),(756,0,NULL,NULL,0,1,478,NULL,6,NULL,'CO2 - Imp. Al Carbono',NULL,0,0,0,0,0,1,1,'2020-02-06 17:23:08','2023-08-29 16:34:46',NULL),(757,0,NULL,NULL,0,1,359,40718,1,NULL,'Caja',NULL,0,0,1,1,1,0,1,'2023-02-28 14:21:22','2023-08-29 16:34:46',NULL),(758,0,NULL,NULL,0,1,176,40718,3,NULL,'Cheques',NULL,1,1,1,1,1,0,1,'2023-03-01 11:23:19','2023-08-29 16:34:46',NULL);

--
-- Table structure for table `cta_cte_tesoreria_detail`
--

CREATE TABLE `cta_cte_tesoreria_detail` (
  `id` int(10) unsigned NOT NULL AUTO_INCREMENT,
  `user_id` int(10) unsigned DEFAULT NULL,
  `cta_cte_tesoreria_id` int(10) unsigned NOT NULL,
  `cta_cte_tesoreria_cuenta_id` int(10) unsigned NOT NULL,
  `person_id` int(10) unsigned DEFAULT NULL,
  `period_id` int(10) unsigned DEFAULT NULL,
  `saldo_id` int(10) unsigned NOT NULL,
  `monto` decimal(16,2) NOT NULL,
  `is_conciliado` tinyint(1) NOT NULL DEFAULT '0',
  `fecha` date DEFAULT NULL,
  `created_at` timestamp NULL DEFAULT NULL,
  `updated_at` timestamp NULL DEFAULT NULL,
  `deleted_at` timestamp NULL DEFAULT NULL,
  PRIMARY KEY (`id`),
  KEY `cta_cte_tesoreria_detail_cta_cte_tesoreria_id_foreign` (`cta_cte_tesoreria_id`),
  KEY `cta_cte_tesoreria_detail_cta_cte_tesoreria_cuenta_id_foreign` (`cta_cte_tesoreria_cuenta_id`),
  KEY `cta_cte_tesoreria_detail_person_id_foreign` (`person_id`),
  KEY `cta_cte_tesoreria_detail_period_id_foreign` (`period_id`),
  KEY `cta_cte_tesoreria_detail_saldo_id_foreign` (`saldo_id`),
  CONSTRAINT `cta_cte_tesoreria_detail_cta_cte_tesoreria_cuenta_id_foreign` FOREIGN KEY (`cta_cte_tesoreria_cuenta_id`) REFERENCES `cta_cte_tesoreria_cuentas` (`id`),
  CONSTRAINT `cta_cte_tesoreria_detail_cta_cte_tesoreria_id_foreign` FOREIGN KEY (`cta_cte_tesoreria_id`) REFERENCES `cta_cte_tesoreria` (`id`),
  CONSTRAINT `cta_cte_tesoreria_detail_period_id_foreign` FOREIGN KEY (`period_id`) REFERENCES `periods` (`id`),
  CONSTRAINT `cta_cte_tesoreria_detail_person_id_foreign` FOREIGN KEY (`person_id`) REFERENCES `persons` (`id`),
  CONSTRAINT `cta_cte_tesoreria_detail_saldo_id_foreign` FOREIGN KEY (`saldo_id`) REFERENCES `conta_tipo_saldos` (`id`)
) ENGINE=InnoDB AUTO_INCREMENT=4 DEFAULT CHARSET=utf8mb4 COLLATE=utf8mb4_unicode_ci;

--
-- Dumping data for table `cta_cte_tesoreria_detail`
--

INSERT INTO `cta_cte_tesoreria_detail` VALUES (1,8522,1,757,40718,1520,1,155000.00,0,'2023-02-28','2023-02-28 14:21:22','2023-02-28 14:21:22',NULL),(2,8522,2,13,40718,1521,2,10000.00,0,'2023-03-01','2023-03-01 11:25:20','2023-03-01 11:25:20',NULL),(3,8522,2,758,40718,1521,1,10000.00,0,'2023-03-01','2023-03-01 11:25:20','2023-03-01 11:25:20',NULL);

--
-- Table structure for table `ctacte_bancos`
--

CREATE TABLE `ctacte_bancos` (
  `id` int(10) unsigned NOT NULL AUTO_INCREMENT,
  `user_id` int(10) unsigned DEFAULT NULL,
  `nombre` varchar(255) COLLATE utf8mb4_unicode_ci DEFAULT NULL,
  `codigoBCRA` int(11) DEFAULT NULL,
  `cuit` varchar(191) COLLATE utf8mb4_unicode_ci DEFAULT NULL,
  `created_at` timestamp NULL DEFAULT NULL,
  `updated_at` timestamp NULL DEFAULT NULL,
  `deleted_at` timestamp NULL DEFAULT NULL,
  PRIMARY KEY (`id`)
) ENGINE=InnoDB AUTO_INCREMENT=82 DEFAULT CHARSET=utf8mb4 COLLATE=utf8mb4_unicode_ci;

--
-- Dumping data for table `ctacte_bancos`
--

INSERT INTO `ctacte_bancos` VALUES (1,NULL,'BANCO DE GALICIA Y BUENOS AIRES S.A.',7,'30-50000173-5',NULL,NULL,NULL),(2,NULL,'BANCO DE LA NACION ARGENTINA',11,'30-50001091-2',NULL,NULL,NULL),(3,NULL,'BANCO DE LA PROVINCIA DE BUENOS AIRES',14,'33-99924210-9',NULL,NULL,NULL),(4,NULL,'INDUSTRIAL AND COMMERCIAL BANK OF CHINA',15,'30-70944784-6',NULL,NULL,NULL),(5,NULL,'CITIBANK N.A.',16,'30-50000562-5',NULL,NULL,NULL),(6,NULL,'BBVA BANCO FRANCES S.A.',17,'30-50000319-3',NULL,NULL,NULL),(7,NULL,'THE BANK OF TOKYO-MITSUBISHI UFJ, LTD.',18,'30-50001183-8',NULL,NULL,NULL),(8,NULL,'BANCO DE LA PROVINCIA DE CORDOBA S.A.',20,'30-99922856-5',NULL,NULL,NULL),(9,NULL,'BANCO SUPERVIELLE S.A.',27,'33-50000517-9',NULL,NULL,NULL),(10,NULL,'BANCO DE LA CIUDAD DE BUENOS AIRES',29,'30-99903208-3',NULL,NULL,NULL),(11,NULL,'BANCO PATAGONIA S.A.',34,'30-50000661-3',NULL,NULL,NULL),(12,NULL,'BANCO HIPOTECARIO S.A.',44,'30-50001107-2',NULL,NULL,NULL),(13,NULL,'BANCO DE SAN JUAN S.A.',45,'30-50000944-2',NULL,NULL,NULL),(14,NULL,'BANCO DEL TUCUMAN S.A.',60,'30-51794820-5',NULL,NULL,NULL),(15,NULL,'BANCO MUNICIPAL DE ROSARIO',65,'33-99918181-9',NULL,NULL,NULL),(16,NULL,'BANCO SANTANDER RIO S.A.',72,'30-50000845-4',NULL,NULL,NULL),(17,NULL,'BANCO DEL CHUBUT S.A.',83,'30-50001299-0',NULL,NULL,NULL),(18,NULL,'BANCO DE SANTA CRUZ S.A.',86,'30-50009880-1',NULL,NULL,NULL),(19,NULL,'BANCO DE LA PAMPA SOCIEDAD DE ECONOMÍA M',93,'30-50001251-6',NULL,NULL,NULL),(20,NULL,'BANCO DE CORRIENTES S.A.',94,'30-50001060-2',NULL,NULL,NULL),(21,NULL,'BANCO PROVINCIA DEL NEUQUÉN SOCIEDAD ANÓ',97,'30-50001404-7',NULL,NULL,NULL),(22,NULL,'BANCO INTERFINANZAS S.A.',147,'30-52271441-7',NULL,NULL,NULL),(23,NULL,'HSBC BANK ARGENTINA S.A.',150,'33-53718600-9',NULL,NULL,NULL),(24,NULL,'JPMORGAN CHASE BANK, NATIONAL ASSOCIATIO',165,'30-58313794-3',NULL,NULL,NULL),(25,NULL,'BANCO CREDICOOP COOPERATIVO LIMITADO',191,'30-57142135-2',NULL,NULL,NULL),(26,NULL,'BANCO DE VALORES S.A.',198,'30-57612427-5',NULL,NULL,NULL),(27,NULL,'BANCO ROELA S.A.',247,'30-53561044-0',NULL,NULL,NULL),(28,NULL,'BANCO MARIVA S.A.',254,'30-51642044-4',NULL,NULL,NULL),(29,NULL,'BANCO ITAU ARGENTINA S.A.',259,'30-58018941-1',NULL,NULL,NULL),(30,NULL,'BANK OF AMERICA, NATIONAL ASSOCIATION',262,'30-50005055-8',NULL,NULL,NULL),(31,NULL,'BNP PARIBAS',266,'30-58472756-6',NULL,NULL,NULL),(32,NULL,'BANCO PROVINCIA DE TIERRA DEL FUEGO',268,'30-57565578-1',NULL,NULL,NULL),(33,NULL,'BANCO DE LA REPUBLICA ORIENTAL DEL URUGU',269,'30-58833784-3',NULL,NULL,NULL),(34,NULL,'BANCO SAENZ S.A.',277,'30-53467243-4',NULL,NULL,NULL),(35,NULL,'BANCO MERIDIAN S.A.',281,'30-53448749-1',NULL,NULL,NULL),(36,NULL,'BANCO MACRO S.A.',285,'30-50001008-4',NULL,NULL,NULL),(37,NULL,'BANCO COMAFI SOCIEDAD ANONIMA',299,'30-60473101-8',NULL,NULL,NULL),(38,NULL,'BANCO DE INVERSION Y COMERCIO EXTERIOR S',300,'30-65112908-3',NULL,NULL,NULL),(39,NULL,'BANCO PIANO S.A.',301,'30-56915176-3',NULL,NULL,NULL),(40,NULL,'BANCO JULIO SOCIEDAD ANONIMA',305,'30-65744121-6',NULL,NULL,NULL),(41,NULL,'BANCO RIOJA SOCIEDAD ANONIMA UNIPERSONAL',309,'30-67185933-9',NULL,NULL,NULL),(42,NULL,'BANCO DEL SOL S.A.',310,'30-67793756-0',NULL,NULL,NULL),(43,NULL,'NUEVO BANCO DEL CHACO S. A.',311,'30-67015779-9',NULL,NULL,NULL),(44,NULL,'BANCO VOII S.A.',312,'30-54674163-6',NULL,NULL,NULL),(45,NULL,'BANCO DE FORMOSA S.A.',315,'30-67137590-0',NULL,NULL,NULL),(46,NULL,'BANCO CMF S.A.',319,'30-57661429-9',NULL,NULL,NULL),(47,NULL,'BANCO DE SANTIAGO DEL ESTERO S.A.',321,'33-68666464-9',NULL,NULL,NULL),(48,NULL,'BANCO INDUSTRIAL S.A.',322,'30-68502995-9',NULL,NULL,NULL),(49,NULL,'NUEVO BANCO DE SANTA FE SOCIEDAD ANONIMA',330,'30-69243266-1',NULL,NULL,NULL),(50,NULL,'BANCO CETELEM ARGENTINA S.A.',331,'30-69730636-2',NULL,NULL,NULL),(51,NULL,'BANCO DE SERVICIOS FINANCIEROS S.A.',332,'30-69726589-5',NULL,NULL,NULL),(52,NULL,'BANCO BRADESCO ARGENTINA S.A.U.',336,'30-70125555-7',NULL,NULL,NULL),(53,NULL,'BANCO DE SERVICIOS Y TRANSACCIONES S.A.',338,'30-70496099-5',NULL,NULL,NULL);
INSERT INTO `ctacte_bancos` VALUES (54,NULL,'RCI BANQUE S.A.',339,'30-70710834-3',NULL,NULL,NULL),(55,NULL,'BACS BANCO DE CREDITO Y SECURITIZACION S',340,'30-70722741-5',NULL,NULL,NULL),(56,NULL,'BANCO MASVENTAS S.A.',341,'30-54061826-3',NULL,NULL,NULL),(57,NULL,'BANCO WANAP S.A.',384,'30-71565463-2',NULL,NULL,NULL),(58,NULL,'NUEVO BANCO DE ENTRE RÍOS S.A.',386,'33-70799551-9',NULL,NULL,NULL),(59,NULL,'BANCO COLUMBIA S.A.',389,'30-51763749-8',NULL,NULL,NULL),(60,NULL,'BANCO BICA S.A.',426,'30-71233123-9',NULL,NULL,NULL),(61,NULL,'BANCO COINAG S.A.',431,'30-71419596-0',NULL,NULL,NULL),(62,NULL,'BANCO DE COMERCIO S.A.',432,'30-54203363-7',NULL,NULL,NULL),(63,NULL,'FORD CREDIT COMPAÑIA FINANCIERA S.A.',44059,'30-51654454-2',NULL,NULL,NULL),(64,NULL,'COMPAÑIA FINANCIERA ARGENTINA S.A.',44077,'30-53800640-4',NULL,NULL,NULL),(65,NULL,'VOLKWAGEN FINANCIAL SERVICES CIA.FIN.S.A',44088,'30-68241957-8',NULL,NULL,NULL),(66,NULL,'CORDIAL COMPAÑÍA FINANCIERA S.A.',44090,'30-70181085-2',NULL,NULL,NULL),(67,NULL,'FCA COMPAÑIA FINANCIERA S.A.',44092,'30-69230488-4',NULL,NULL,NULL),(68,NULL,'GPAT COMPAÑIA FINANCIERA S.A.',44093,'30-67856482-2',NULL,NULL,NULL),(69,NULL,'MERCEDES-BENZ COMPAÑÍA FINANCIERA ARGENT',44094,'30-70700229-4',NULL,NULL,NULL),(70,NULL,'ROMBO COMPAÑÍA FINANCIERA S.A.',44095,'33-70712490-9',NULL,NULL,NULL),(71,NULL,'JOHN DEERE CREDIT COMPAÑÍA FINANCIERA S.',44096,'30-70702485-9',NULL,NULL,NULL),(72,NULL,'PSA FINANCE ARGENTINA COMPAÑÍA FINANCIER',44098,'30-70784736-7',NULL,NULL,NULL),(73,NULL,'TOYOTA COMPAÑÍA FINANCIERA DE ARGENTINA',44099,'30-70900042-6',NULL,NULL,NULL),(74,NULL,'FINANDINO COMPAÑIA FINANCIERA S.A.',44100,'30-71259240-7',NULL,NULL,NULL),(75,NULL,'MONTEMAR COMPAÑIA FINANCIERA S.A.',45056,'30-58138551-6',NULL,NULL,NULL),(76,NULL,'MULTIFINANZAS COMPAÑIA FINANCIERA S.A.',45072,'30-62828435-7',NULL,NULL,NULL),(77,NULL,'CAJA DE CREDITO \"CUENCA\" COOPERATIVA LIM',65203,'30-71622694-4',NULL,NULL,NULL),(78,NULL,'MERCADO PAGO',NULL,NULL,NULL,NULL,NULL),(79,NULL,'UALA',NULL,NULL,NULL,NULL,NULL),(80,NULL,'ICBC',NULL,NULL,NULL,NULL,NULL),(81,NULL,'BMA SAU',NULL,NULL,NULL,NULL,NULL);

--
-- Table structure for table `ctacte_bancos_datos`
--

CREATE TABLE `ctacte_bancos_datos` (
  `id` int(10) unsigned NOT NULL AUTO_INCREMENT,
  `cuenta_conta_id` int(10) unsigned DEFAULT NULL,
  `nombre` varchar(255) COLLATE utf8mb4_unicode_ci DEFAULT NULL,
  `cuit` varchar(255) COLLATE utf8mb4_unicode_ci DEFAULT NULL,
  `titular` varchar(255) COLLATE utf8mb4_unicode_ci DEFAULT NULL,
  `cuenta` varchar(255) COLLATE utf8mb4_unicode_ci DEFAULT NULL,
  `num_cuenta` varchar(255) COLLATE utf8mb4_unicode_ci DEFAULT NULL,
  `cbu` varchar(255) COLLATE utf8mb4_unicode_ci DEFAULT NULL,
  `alias` varchar(255) COLLATE utf8mb4_unicode_ci DEFAULT NULL,
  `status` int(11) NOT NULL DEFAULT '1',
  `created_at` timestamp NULL DEFAULT NULL,
  `updated_at` timestamp NULL DEFAULT NULL,
  PRIMARY KEY (`id`),
  KEY `ctacte_bancos_datos_cuenta_conta_id_foreign` (`cuenta_conta_id`),
  CONSTRAINT `ctacte_bancos_datos_cuenta_conta_id_foreign` FOREIGN KEY (`cuenta_conta_id`) REFERENCES `conta_plan_cuenta` (`id`)
) ENGINE=InnoDB DEFAULT CHARSET=utf8mb4 COLLATE=utf8mb4_unicode_ci;

--
-- Dumping data for table `ctacte_bancos_datos`
--


--
-- Table structure for table `ctacte_cheques`
--

CREATE TABLE `ctacte_cheques` (
  `id` int(10) unsigned NOT NULL AUTO_INCREMENT,
  `user_id` int(10) unsigned DEFAULT NULL,
  `asiento_id` varchar(191) COLLATE utf8mb4_unicode_ci DEFAULT NULL,
  `cuenta_conta_id` int(10) unsigned DEFAULT NULL,
  `cta_cte_tesoreria_cuenta_id` int(10) unsigned DEFAULT NULL,
  `cta_cte_tesoreria_id` int(10) unsigned DEFAULT NULL,
  `cta_cte_tesoreria_detail_id` int(10) unsigned DEFAULT NULL,
  `cta_cte_cliente_id` int(10) unsigned DEFAULT NULL,
  `cta_cte_cliente_id2` int(10) unsigned DEFAULT NULL,
  `cta_cte_cliente_detail_id` int(10) unsigned DEFAULT NULL,
  `nf_cta_cte_id2` int(10) unsigned DEFAULT NULL,
  `nf_cta_cte_id` int(10) unsigned DEFAULT NULL,
  `monto` decimal(16,2) DEFAULT NULL,
  `cheque3ros` tinyint(1) NOT NULL DEFAULT '0',
  `cheque_emitidos` tinyint(1) NOT NULL DEFAULT '0',
  `fecha` date DEFAULT NULL,
  `fecha_cobro` date DEFAULT NULL,
  `banco_id` int(10) unsigned NOT NULL,
  `person_id` int(10) unsigned DEFAULT NULL,
  `cuit` text COLLATE utf8mb4_unicode_ci,
  `titular` varchar(255) COLLATE utf8mb4_unicode_ci DEFAULT NULL,
  `abierto_cruzado` int(11) NOT NULL DEFAULT '1',
  `is_no_a_la_orden` tinyint(1) NOT NULL DEFAULT '0',
  `numero` int(10) unsigned DEFAULT NULL,
  `foto` varchar(255) COLLATE utf8mb4_unicode_ci DEFAULT NULL,
  `comentario` varchar(255) COLLATE utf8mb4_unicode_ci DEFAULT NULL,
  `status` int(11) NOT NULL DEFAULT '1',
  `created_at` timestamp NULL DEFAULT NULL,
  `updated_at` timestamp NULL DEFAULT NULL,
  `deleted_at` timestamp NULL DEFAULT NULL,
  PRIMARY KEY (`id`),
  KEY `ctacte_cheques_asiento_id_foreign` (`asiento_id`),
  KEY `ctacte_cheques_cuenta_conta_id_foreign` (`cuenta_conta_id`),
  KEY `ctacte_cheques_banco_id_foreign` (`banco_id`),
  KEY `ctacte_cheques_person_id_foreign` (`person_id`),
  KEY `ctacte_cheques_cta_cte_cliente_id2_foreign` (`cta_cte_cliente_id2`),
  KEY `ctacte_cheques_cta_cte_cliente_id_foreign` (`cta_cte_cliente_id`),
  KEY `cta_cte_tesorer_id` (`cta_cte_tesoreria_id`),
  KEY `ctacte_cheques_nf_cta_cte_id_foreign` (`nf_cta_cte_id`),
  KEY `ctacte_cheques_nf_cta_cte_id2_foreign` (`nf_cta_cte_id2`),
  KEY `ctacte_cheques_cta_cte_tesoreria_cuenta_id_foreign` (`cta_cte_tesoreria_cuenta_id`),
  KEY `ctacte_cheques_cta_cte_cliente_detail_id_foreign` (`cta_cte_cliente_detail_id`),
  KEY `ctacte_cheques_cta_cte_tesoreria_detail_id_foreign` (`cta_cte_tesoreria_detail_id`),
  CONSTRAINT `cta_cte_tesorer_id` FOREIGN KEY (`cta_cte_tesoreria_id`) REFERENCES `cta_cte_tesoreria` (`id`),
  CONSTRAINT `ctacte_cheques_banco_id_foreign` FOREIGN KEY (`banco_id`) REFERENCES `ctacte_bancos` (`id`),
  CONSTRAINT `ctacte_cheques_cta_cte_cliente_detail_id_foreign` FOREIGN KEY (`cta_cte_cliente_detail_id`) REFERENCES `cta_cte_cliente_details` (`id`),
  CONSTRAINT `ctacte_cheques_cta_cte_cliente_id2_foreign` FOREIGN KEY (`cta_cte_cliente_id2`) REFERENCES `cta_cte_cliente` (`id`),
  CONSTRAINT `ctacte_cheques_cta_cte_cliente_id_foreign` FOREIGN KEY (`cta_cte_cliente_id`) REFERENCES `cta_cte_cliente` (`id`),
  CONSTRAINT `ctacte_cheques_cta_cte_tesoreria_cuenta_id_foreign` FOREIGN KEY (`cta_cte_tesoreria_cuenta_id`) REFERENCES `cta_cte_tesoreria_cuentas` (`id`),
  CONSTRAINT `ctacte_cheques_cta_cte_tesoreria_detail_id_foreign` FOREIGN KEY (`cta_cte_tesoreria_detail_id`) REFERENCES `cta_cte_tesoreria_detail` (`id`),
  CONSTRAINT `ctacte_cheques_cuenta_conta_id_foreign` FOREIGN KEY (`cuenta_conta_id`) REFERENCES `conta_plan_cuenta` (`id`),
  CONSTRAINT `ctacte_cheques_nf_cta_cte_id2_foreign` FOREIGN KEY (`nf_cta_cte_id2`) REFERENCES `nf_cta_cte` (`id`),
  CONSTRAINT `ctacte_cheques_nf_cta_cte_id_foreign` FOREIGN KEY (`nf_cta_cte_id`) REFERENCES `nf_cta_cte` (`id`),
  CONSTRAINT `ctacte_cheques_person_id_foreign` FOREIGN KEY (`person_id`) REFERENCES `persons` (`id`)
) ENGINE=InnoDB AUTO_INCREMENT=2 DEFAULT CHARSET=utf8mb4 COLLATE=utf8mb4_unicode_ci;

--
-- Dumping data for table `ctacte_cheques`
--

INSERT INTO `ctacte_cheques` VALUES (1,8522,NULL,NULL,NULL,NULL,NULL,1252,NULL,NULL,NULL,NULL,10000.00,1,1,'2023-03-01','2023-03-01',1,40718,NULL,'Prueba #',1,0,11111,NULL,'',1,'2023-03-01 11:25:20','2023-03-01 11:25:20',NULL);

--
-- Table structure for table `ctactegastos_centrocosto`
--

CREATE TABLE `ctactegastos_centrocosto` (
  `id` int(10) unsigned NOT NULL AUTO_INCREMENT,
  `user_id` int(10) unsigned DEFAULT NULL,
  `nombre` varchar(255) COLLATE utf8mb4_unicode_ci NOT NULL,
  `created_at` timestamp NULL DEFAULT NULL,
  `updated_at` timestamp NULL DEFAULT NULL,
  `deleted_at` timestamp NULL DEFAULT NULL,
  PRIMARY KEY (`id`)
) ENGINE=InnoDB AUTO_INCREMENT=9 DEFAULT CHARSET=utf8mb4 COLLATE=utf8mb4_unicode_ci;

--
-- Dumping data for table `ctactegastos_centrocosto`
--

INSERT INTO `ctactegastos_centrocosto` VALUES (1,NULL,'OFICINA',NULL,NULL,NULL),(2,NULL,'FIJO',NULL,NULL,NULL),(3,NULL,'VARIABLE',NULL,NULL,NULL),(4,NULL,'GISELA',NULL,NULL,NULL),(5,NULL,'LIA',NULL,NULL,NULL),(6,NULL,'PADRES',NULL,NULL,NULL),(7,NULL,'CASA',NULL,NULL,NULL),(8,NULL,'VANESA',NULL,NULL,NULL);

--
-- Table structure for table `ctactegastos_cuenta_tipo`
--

CREATE TABLE `ctactegastos_cuenta_tipo` (
  `idCuentaTipo` int(10) unsigned NOT NULL AUTO_INCREMENT,
  `user_id` int(10) unsigned DEFAULT NULL,
  `cta_cte_tesoreria_cuenta_id` int(10) unsigned DEFAULT NULL,
  `idTipo` int(10) unsigned NOT NULL,
  `created_at` timestamp NULL DEFAULT NULL,
  `updated_at` timestamp NULL DEFAULT NULL,
  `deleted_at` timestamp NULL DEFAULT NULL,
  PRIMARY KEY (`idCuentaTipo`),
  KEY `ctactegastos_cuenta_tipo_idtipo_foreign` (`idTipo`),
  KEY `ctactegastos_cuenta_tipo_cta_cte_tesoreria_cuenta_id_foreign` (`cta_cte_tesoreria_cuenta_id`),
  CONSTRAINT `ctactegastos_cuenta_tipo_cta_cte_tesoreria_cuenta_id_foreign` FOREIGN KEY (`cta_cte_tesoreria_cuenta_id`) REFERENCES `cta_cte_tesoreria_cuentas` (`id`),
  CONSTRAINT `ctactegastos_cuenta_tipo_idtipo_foreign` FOREIGN KEY (`idTipo`) REFERENCES `ctactegastos_tiposdegastos` (`id`)
) ENGINE=InnoDB AUTO_INCREMENT=18 DEFAULT CHARSET=utf8mb4 COLLATE=utf8mb4_unicode_ci;

--
-- Dumping data for table `ctactegastos_cuenta_tipo`
--

INSERT INTO `ctactegastos_cuenta_tipo` VALUES (1,NULL,NULL,3,NULL,NULL,NULL),(2,NULL,NULL,6,NULL,NULL,NULL),(3,NULL,NULL,3,NULL,NULL,NULL),(4,NULL,NULL,4,NULL,NULL,NULL),(5,NULL,NULL,5,NULL,NULL,NULL),(6,NULL,NULL,3,NULL,NULL,NULL),(7,NULL,NULL,4,NULL,NULL,NULL),(8,NULL,NULL,3,NULL,NULL,NULL),(9,NULL,NULL,4,NULL,NULL,NULL),(10,NULL,NULL,7,NULL,NULL,NULL),(11,NULL,NULL,8,NULL,NULL,NULL),(12,NULL,NULL,3,NULL,NULL,NULL),(13,NULL,NULL,3,NULL,NULL,NULL),(14,NULL,NULL,4,NULL,NULL,NULL),(15,NULL,NULL,1,NULL,NULL,NULL),(16,NULL,NULL,2,NULL,NULL,NULL),(17,NULL,NULL,5,NULL,NULL,NULL);

--
-- Table structure for table `ctactegastos_mensuales`
--

CREATE TABLE `ctactegastos_mensuales` (
  `id` int(10) unsigned NOT NULL AUTO_INCREMENT,
  `user_id` int(10) unsigned DEFAULT NULL,
  `CuentaTipo_id` int(10) unsigned NOT NULL,
  `cta_cte_tesoreria_cuenta_id` int(10) unsigned NOT NULL DEFAULT '13',
  `TipoDeGasto_id` int(10) unsigned NOT NULL,
  `CentroCosto_id` int(10) unsigned NOT NULL,
  `gasto_cta_cte_tesoreria_cuenta_id` int(10) unsigned NOT NULL DEFAULT '13',
  `monto` decimal(16,2) DEFAULT NULL,
  `comentario` varchar(255) COLLATE utf8mb4_unicode_ci DEFAULT NULL,
  `status` int(11) NOT NULL DEFAULT '1',
  `created_at` timestamp NULL DEFAULT NULL,
  `updated_at` timestamp NULL DEFAULT NULL,
  `deleted_at` timestamp NULL DEFAULT NULL,
  PRIMARY KEY (`id`),
  KEY `ctactegastos_mensuales_cuentatipo_id_foreign` (`CuentaTipo_id`),
  KEY `ctactegastos_mensuales_tipodegasto_id_foreign` (`TipoDeGasto_id`),
  KEY `ctactegastos_mensuales_centrocosto_id_foreign` (`CentroCosto_id`),
  KEY `ctactegastos_mensuales_cta_cte_tesoreria_cuenta_id_foreign` (`cta_cte_tesoreria_cuenta_id`),
  KEY `ctactegastos_mensuales_gasto_cta_cte_tesoreria_cuenta_id_foreign` (`gasto_cta_cte_tesoreria_cuenta_id`),
  CONSTRAINT `ctactegastos_mensuales_centrocosto_id_foreign` FOREIGN KEY (`CentroCosto_id`) REFERENCES `ctactegastos_centrocosto` (`id`),
  CONSTRAINT `ctactegastos_mensuales_cta_cte_tesoreria_cuenta_id_foreign` FOREIGN KEY (`cta_cte_tesoreria_cuenta_id`) REFERENCES `cta_cte_tesoreria_cuentas` (`id`),
  CONSTRAINT `ctactegastos_mensuales_cuentatipo_id_foreign` FOREIGN KEY (`CuentaTipo_id`) REFERENCES `ctactegastos_cuenta_tipo` (`idCuentaTipo`),
  CONSTRAINT `ctactegastos_mensuales_gasto_cta_cte_tesoreria_cuenta_id_foreign` FOREIGN KEY (`gasto_cta_cte_tesoreria_cuenta_id`) REFERENCES `cta_cte_tesoreria_cuentas` (`id`),
  CONSTRAINT `ctactegastos_mensuales_tipodegasto_id_foreign` FOREIGN KEY (`TipoDeGasto_id`) REFERENCES `ctactegastos_tiposdegastos` (`id`)
) ENGINE=InnoDB DEFAULT CHARSET=utf8mb4 COLLATE=utf8mb4_unicode_ci;

--
-- Dumping data for table `ctactegastos_mensuales`
--


--
-- Table structure for table `ctactegastos_tiposdegastos`
--

CREATE TABLE `ctactegastos_tiposdegastos` (
  `id` int(10) unsigned NOT NULL AUTO_INCREMENT,
  `user_id` int(10) unsigned DEFAULT NULL,
  `nombre` varchar(255) COLLATE utf8mb4_unicode_ci DEFAULT NULL,
  `created_at` timestamp NULL DEFAULT NULL,
  `updated_at` timestamp NULL DEFAULT NULL,
  `deleted_at` timestamp NULL DEFAULT NULL,
  PRIMARY KEY (`id`)
) ENGINE=InnoDB AUTO_INCREMENT=11 DEFAULT CHARSET=utf8mb4 COLLATE=utf8mb4_unicode_ci;

--
-- Dumping data for table `ctactegastos_tiposdegastos`
--

INSERT INTO `ctactegastos_tiposdegastos` VALUES (1,NULL,'Oficina',NULL,NULL,NULL),(2,NULL,'Personales',NULL,NULL,NULL),(3,NULL,'Tarjeta VISA',NULL,NULL,NULL),(4,NULL,'Tarjeta Mastercard',NULL,NULL,NULL),(5,NULL,'Debito Automatico',NULL,NULL,NULL),(6,NULL,'American Express',NULL,NULL,NULL),(7,NULL,'Tarjeta Shopping',NULL,NULL,NULL),(8,NULL,'Tarjeta Cencosud',NULL,NULL,NULL),(9,NULL,'Tarjeta Coto',NULL,NULL,NULL),(10,NULL,'Tarjeta Nativa',NULL,NULL,NULL);

--
-- Table structure for table `cursos`
--

CREATE TABLE `cursos` (
  `id` int(10) unsigned NOT NULL AUTO_INCREMENT,
  `nombre` varchar(191) COLLATE utf8mb4_unicode_ci NOT NULL,
  `descripcion` longtext COLLATE utf8mb4_unicode_ci NOT NULL,
  `fecha` date DEFAULT NULL,
  `hora` varchar(191) COLLATE utf8mb4_unicode_ci DEFAULT NULL,
  `profesor` varchar(191) COLLATE utf8mb4_unicode_ci DEFAULT NULL,
  `cant_clases` varchar(191) COLLATE utf8mb4_unicode_ci DEFAULT NULL,
  `duracion` varchar(191) COLLATE utf8mb4_unicode_ci DEFAULT NULL,
  `adjuntos` varchar(191) COLLATE utf8mb4_unicode_ci DEFAULT NULL,
  `link_zoom` longtext COLLATE utf8mb4_unicode_ci,
  `cod_zoom` varchar(191) COLLATE utf8mb4_unicode_ci DEFAULT NULL,
  `contraseña_zoom` varchar(191) COLLATE utf8mb4_unicode_ci DEFAULT NULL,
  `link_youtube` varchar(191) COLLATE utf8mb4_unicode_ci DEFAULT NULL,
  `materiales` varchar(191) COLLATE utf8mb4_unicode_ci DEFAULT NULL,
  `habilitado` tinyint(1) NOT NULL DEFAULT '1',
  `created_at` timestamp NULL DEFAULT NULL,
  `updated_at` timestamp NULL DEFAULT NULL,
  `deleted_at` timestamp NULL DEFAULT NULL,
  PRIMARY KEY (`id`)
) ENGINE=InnoDB DEFAULT CHARSET=utf8mb4 COLLATE=utf8mb4_unicode_ci;

--
-- Dumping data for table `cursos`
--


--
-- Table structure for table `cursos_detail`
--

CREATE TABLE `cursos_detail` (
  `id` int(10) unsigned NOT NULL AUTO_INCREMENT,
  `curso_id` int(10) unsigned NOT NULL,
  `field_name1` varchar(191) COLLATE utf8mb4_unicode_ci NOT NULL,
  `email` varchar(191) COLLATE utf8mb4_unicode_ci NOT NULL,
  `celular` int(11) NOT NULL,
  `created_at` timestamp NULL DEFAULT NULL,
  `updated_at` timestamp NULL DEFAULT NULL,
  `deleted_at` timestamp NULL DEFAULT NULL,
  PRIMARY KEY (`id`),
  KEY `cursos_detail_curso_id_foreign` (`curso_id`),
  CONSTRAINT `cursos_detail_curso_id_foreign` FOREIGN KEY (`curso_id`) REFERENCES `cursos` (`id`)
) ENGINE=InnoDB DEFAULT CHARSET=utf8mb4 COLLATE=utf8mb4_unicode_ci;

--
-- Dumping data for table `cursos_detail`
--


--
-- Table structure for table `data_types`
--

CREATE TABLE `data_types` (
  `id` int(10) unsigned NOT NULL AUTO_INCREMENT,
  `description` varchar(180) COLLATE utf8mb4_unicode_ci NOT NULL,
  `class` int(10) unsigned NOT NULL,
  `class_description` varchar(180) COLLATE utf8mb4_unicode_ci NOT NULL,
  `data_type` varchar(100) COLLATE utf8mb4_unicode_ci NOT NULL,
  `path` varchar(255) COLLATE utf8mb4_unicode_ci DEFAULT NULL,
  `created_at` timestamp NULL DEFAULT NULL,
  `updated_at` timestamp NULL DEFAULT NULL,
  PRIMARY KEY (`id`),
  UNIQUE KEY `data_types_description_unique` (`description`)
) ENGINE=InnoDB AUTO_INCREMENT=9 DEFAULT CHARSET=utf8mb4 COLLATE=utf8mb4_unicode_ci;

--
-- Dumping data for table `data_types`
--

INSERT INTO `data_types` VALUES (1,'Comprobantes XLS',1,'Importación','XLS','data/imports/receipts/xls',NULL,NULL),(2,'CITI-Ventas',1,'Importación','TXT','data/imports/receipts/CitiVentas',NULL,NULL),(3,'CITI Compras',2,'Exportación','TXT','data/exports/receipts/citi',NULL,NULL),(4,'CITI Ventas',2,'Exportación','TXT','data/exports/receipts/CitiVentasExport',NULL,NULL),(5,'Convenio Multilateral',2,'Exportación','TXT','data/exports/receipts/convenio',NULL,NULL),(6,'Libro IVA Digital',2,'Exportación','TXT','data/exports/receipts/libro_iva_digital',NULL,'2019-11-20 21:43:44'),(7,'Mis Comprobantes',1,'Importacion','','data/imports/receipts/mis_comprobantes',NULL,NULL),(8,'Consulta AFIP',3,'AFIP','','data/afip/index','2019-12-06 14:49:55','2019-12-06 14:49:55');

--
-- Table structure for table `dc_estados`
--

CREATE TABLE `dc_estados` (
  `id` bigint(20) unsigned NOT NULL AUTO_INCREMENT,
  `user_id` int(10) unsigned DEFAULT NULL,
  `descripcion` text COLLATE utf8mb4_unicode_ci NOT NULL,
  `habilitado` tinyint(1) NOT NULL DEFAULT '1',
  `created_at` timestamp NULL DEFAULT NULL,
  `updated_at` timestamp NULL DEFAULT NULL,
  `deleted_at` timestamp NULL DEFAULT NULL,
  PRIMARY KEY (`id`)
) ENGINE=InnoDB AUTO_INCREMENT=6 DEFAULT CHARSET=utf8mb4 COLLATE=utf8mb4_unicode_ci;

--
-- Dumping data for table `dc_estados`
--

INSERT INTO `dc_estados` VALUES (1,NULL,'BORRADOR',1,NULL,'2023-08-29 16:34:51',NULL),(2,NULL,'TERMINADO',1,NULL,'2023-08-29 16:34:51',NULL),(3,NULL,'ELIMINADO',1,NULL,'2023-08-29 16:34:51',NULL),(4,NULL,'PAGADO',1,NULL,'2023-08-29 16:34:51','2023-08-29 16:34:51'),(5,NULL,'CONCILIADO',1,NULL,'2023-08-29 16:34:51','2023-08-29 16:34:51');

--
-- Table structure for table `dc_estados_decisiones`
--

CREATE TABLE `dc_estados_decisiones` (
  `id` bigint(20) unsigned NOT NULL AUTO_INCREMENT,
  `user_id` int(10) unsigned DEFAULT NULL,
  `dc_orden_tipo_id` bigint(20) unsigned NOT NULL,
  `descripcion` varchar(191) COLLATE utf8mb4_unicode_ci NOT NULL,
  `habilitado` tinyint(1) NOT NULL DEFAULT '1',
  `created_at` timestamp NULL DEFAULT NULL,
  `updated_at` timestamp NULL DEFAULT NULL,
  `deleted_at` timestamp NULL DEFAULT NULL,
  PRIMARY KEY (`id`),
  KEY `dc_estados_decisiones_dc_orden_tipo_id_foreign` (`dc_orden_tipo_id`),
  CONSTRAINT `dc_estados_decisiones_dc_orden_tipo_id_foreign` FOREIGN KEY (`dc_orden_tipo_id`) REFERENCES `dc_ordenes_tipos` (`id`)
) ENGINE=InnoDB AUTO_INCREMENT=5 DEFAULT CHARSET=utf8mb4 COLLATE=utf8mb4_unicode_ci;

--
-- Dumping data for table `dc_estados_decisiones`
--

INSERT INTO `dc_estados_decisiones` VALUES (1,NULL,3,'Pendiente',1,NULL,NULL,NULL),(2,NULL,3,'Aprobado',1,NULL,NULL,NULL),(3,NULL,3,'Rechazado',1,NULL,NULL,NULL),(4,NULL,3,'Cancelado',1,NULL,NULL,NULL);

--
-- Table structure for table `dc_firmas`
--

CREATE TABLE `dc_firmas` (
  `id` bigint(20) unsigned NOT NULL AUTO_INCREMENT,
  `user_id` int(10) unsigned DEFAULT NULL,
  `descripcion` text COLLATE utf8mb4_unicode_ci NOT NULL,
  `show_firmante_dc` tinyint(1) NOT NULL DEFAULT '0',
  `show_create_dc` tinyint(1) NOT NULL DEFAULT '0',
  `faltan_firmas` tinyint(1) NOT NULL DEFAULT '0',
  `habilitado` tinyint(1) NOT NULL DEFAULT '1',
  `created_at` timestamp NULL DEFAULT NULL,
  `updated_at` timestamp NULL DEFAULT NULL,
  `deleted_at` timestamp NULL DEFAULT NULL,
  PRIMARY KEY (`id`)
) ENGINE=InnoDB AUTO_INCREMENT=6 DEFAULT CHARSET=utf8mb4 COLLATE=utf8mb4_unicode_ci;

--
-- Dumping data for table `dc_firmas`
--

INSERT INTO `dc_firmas` VALUES (1,NULL,'NO',1,1,0,1,NULL,'2023-08-29 16:34:51',NULL),(2,NULL,'RECHAZADO',1,1,0,1,NULL,'2023-08-29 16:34:51',NULL),(3,NULL,'ACEPTADO',1,0,0,1,NULL,'2023-08-29 16:34:51',NULL),(4,NULL,'FALTAN FIRMAS',0,0,1,1,'2023-08-29 16:34:51','2023-08-29 16:34:51',NULL),(5,NULL,'EMITIDO',1,0,0,1,'2023-10-12 08:17:09','2023-10-12 08:17:09',NULL);

--
-- Table structure for table `dc_firmas_ordenes`
--

CREATE TABLE `dc_firmas_ordenes` (
  `id` bigint(20) unsigned NOT NULL AUTO_INCREMENT,
  `user_id` int(10) unsigned DEFAULT NULL,
  `person_id` int(10) unsigned NOT NULL,
  `dc_orden_id` bigint(20) unsigned NOT NULL,
  `user_id_que_firma` int(10) unsigned NOT NULL,
  `dc_firma_id` bigint(20) unsigned NOT NULL,
  `created_at` timestamp NULL DEFAULT NULL,
  `updated_at` timestamp NULL DEFAULT NULL,
  `deleted_at` timestamp NULL DEFAULT NULL,
  PRIMARY KEY (`id`),
  KEY `dc_firmas_ordenes_person_id_foreign` (`person_id`),
  KEY `dc_firmas_ordenes_dc_orden_id_foreign` (`dc_orden_id`),
  KEY `dc_firmas_ordenes_dc_firma_id_foreign` (`dc_firma_id`),
  CONSTRAINT `dc_firmas_ordenes_dc_firma_id_foreign` FOREIGN KEY (`dc_firma_id`) REFERENCES `dc_firmas` (`id`),
  CONSTRAINT `dc_firmas_ordenes_dc_orden_id_foreign` FOREIGN KEY (`dc_orden_id`) REFERENCES `dc_ordenes` (`id`),
  CONSTRAINT `dc_firmas_ordenes_person_id_foreign` FOREIGN KEY (`person_id`) REFERENCES `persons` (`id`)
) ENGINE=InnoDB DEFAULT CHARSET=utf8mb4 COLLATE=utf8mb4_unicode_ci;

--
-- Dumping data for table `dc_firmas_ordenes`
--


--
-- Table structure for table `dc_firmas_reglas`
--

CREATE TABLE `dc_firmas_reglas` (
  `id` bigint(20) unsigned NOT NULL AUTO_INCREMENT,
  `user_id` int(10) unsigned DEFAULT NULL,
  `person_id` int(10) unsigned NOT NULL,
  `dc_orden_id` bigint(20) unsigned NOT NULL,
  `importe` decimal(16,2) NOT NULL,
  `grupos_users_ids` longtext COLLATE utf8mb4_unicode_ci,
  `created_at` timestamp NULL DEFAULT NULL,
  `updated_at` timestamp NULL DEFAULT NULL,
  `deleted_at` timestamp NULL DEFAULT NULL,
  PRIMARY KEY (`id`),
  KEY `dc_firmas_reglas_person_id_foreign` (`person_id`),
  KEY `dc_firmas_reglas_dc_orden_id_foreign` (`dc_orden_id`),
  CONSTRAINT `dc_firmas_reglas_dc_orden_id_foreign` FOREIGN KEY (`dc_orden_id`) REFERENCES `dc_ordenes` (`id`),
  CONSTRAINT `dc_firmas_reglas_person_id_foreign` FOREIGN KEY (`person_id`) REFERENCES `persons` (`id`)
) ENGINE=InnoDB DEFAULT CHARSET=utf8mb4 COLLATE=utf8mb4_unicode_ci;

--
-- Dumping data for table `dc_firmas_reglas`
--


--
-- Table structure for table `dc_orden_de_pago`
--

CREATE TABLE `dc_orden_de_pago` (
  `id` bigint(20) unsigned NOT NULL AUTO_INCREMENT,
  `user_id` int(10) unsigned DEFAULT NULL,
  `fecha` datetime NOT NULL DEFAULT '2023-09-28 16:38:00',
  `dc_orden_id` bigint(20) unsigned NOT NULL DEFAULT '10',
  `person_id` int(10) unsigned NOT NULL,
  `person_id_relationed` int(10) unsigned NOT NULL,
  `request` longtext COLLATE utf8mb4_unicode_ci NOT NULL,
  `dc_estado_id` bigint(20) unsigned NOT NULL DEFAULT '1',
  `dc_firma_id` bigint(20) unsigned NOT NULL DEFAULT '1',
  `created_at` timestamp NULL DEFAULT NULL,
  `updated_at` timestamp NULL DEFAULT NULL,
  `deleted_at` timestamp NULL DEFAULT NULL,
  PRIMARY KEY (`id`),
  KEY `dc_orden_de_pago_person_id_foreign` (`person_id`),
  KEY `dc_orden_de_pago_person_id_relationed_foreign` (`person_id_relationed`),
  KEY `dc_orden_de_pago_dc_orden_id_foreign` (`dc_orden_id`),
  KEY `dc_orden_de_pago_dc_firma_id_foreign` (`dc_firma_id`),
  KEY `dc_orden_de_pago_dc_estado_id_foreign` (`dc_estado_id`),
  CONSTRAINT `dc_orden_de_pago_dc_estado_id_foreign` FOREIGN KEY (`dc_estado_id`) REFERENCES `dc_estados` (`id`),
  CONSTRAINT `dc_orden_de_pago_dc_firma_id_foreign` FOREIGN KEY (`dc_firma_id`) REFERENCES `dc_firmas` (`id`),
  CONSTRAINT `dc_orden_de_pago_dc_orden_id_foreign` FOREIGN KEY (`dc_orden_id`) REFERENCES `dc_ordenes` (`id`),
  CONSTRAINT `dc_orden_de_pago_person_id_foreign` FOREIGN KEY (`person_id`) REFERENCES `persons` (`id`),
  CONSTRAINT `dc_orden_de_pago_person_id_relationed_foreign` FOREIGN KEY (`person_id_relationed`) REFERENCES `persons` (`id`)
) ENGINE=InnoDB DEFAULT CHARSET=utf8mb4 COLLATE=utf8mb4_unicode_ci;

--
-- Dumping data for table `dc_orden_de_pago`
--


--
-- Table structure for table `dc_orden_de_pago_cheques`
--

CREATE TABLE `dc_orden_de_pago_cheques` (
  `id` bigint(20) unsigned NOT NULL AUTO_INCREMENT,
  `user_id` int(10) unsigned DEFAULT NULL,
  `dc_orden_de_pago_id` bigint(20) unsigned NOT NULL,
  `ctacte_cheque_id` int(10) unsigned NOT NULL,
  `created_at` timestamp NULL DEFAULT NULL,
  `updated_at` timestamp NULL DEFAULT NULL,
  `deleted_at` timestamp NULL DEFAULT NULL,
  PRIMARY KEY (`id`),
  KEY `dc_orden_de_pago_cheques_dc_orden_de_pago_id_foreign` (`dc_orden_de_pago_id`),
  KEY `dc_orden_de_pago_cheques_ctacte_cheque_id_foreign` (`ctacte_cheque_id`),
  CONSTRAINT `dc_orden_de_pago_cheques_ctacte_cheque_id_foreign` FOREIGN KEY (`ctacte_cheque_id`) REFERENCES `ctacte_cheques` (`id`),
  CONSTRAINT `dc_orden_de_pago_cheques_dc_orden_de_pago_id_foreign` FOREIGN KEY (`dc_orden_de_pago_id`) REFERENCES `dc_orden_de_pago` (`id`)
) ENGINE=InnoDB DEFAULT CHARSET=utf8mb4 COLLATE=utf8mb4_unicode_ci;

--
-- Dumping data for table `dc_orden_de_pago_cheques`
--


--
-- Table structure for table `dc_orden_de_pago_receipts`
--

CREATE TABLE `dc_orden_de_pago_receipts` (
  `id` bigint(20) unsigned NOT NULL AUTO_INCREMENT,
  `user_id` int(10) unsigned DEFAULT NULL,
  `dc_orden_de_pago_id` bigint(20) unsigned NOT NULL,
  `receipt_id` int(10) unsigned DEFAULT NULL,
  `importe` decimal(16,2) NOT NULL,
  `created_at` timestamp NULL DEFAULT NULL,
  `updated_at` timestamp NULL DEFAULT NULL,
  `deleted_at` timestamp NULL DEFAULT NULL,
  PRIMARY KEY (`id`),
  KEY `dc_orden_de_pago_receipts_dc_orden_de_pago_id_foreign` (`dc_orden_de_pago_id`),
  KEY `dc_orden_de_pago_receipts_receipt_id_foreign` (`receipt_id`),
  CONSTRAINT `dc_orden_de_pago_receipts_dc_orden_de_pago_id_foreign` FOREIGN KEY (`dc_orden_de_pago_id`) REFERENCES `dc_orden_de_pago` (`id`),
  CONSTRAINT `dc_orden_de_pago_receipts_receipt_id_foreign` FOREIGN KEY (`receipt_id`) REFERENCES `receipts` (`id`)
) ENGINE=InnoDB DEFAULT CHARSET=utf8mb4 COLLATE=utf8mb4_unicode_ci;

--
-- Dumping data for table `dc_orden_de_pago_receipts`
--


--
-- Table structure for table `dc_orden_files`
--

CREATE TABLE `dc_orden_files` (
  `id` bigint(20) unsigned NOT NULL AUTO_INCREMENT,
  `user_id` int(10) unsigned DEFAULT NULL,
  `dc_orden_id` bigint(20) unsigned NOT NULL,
  `file` text COLLATE utf8mb4_unicode_ci NOT NULL,
  `original_name` text COLLATE utf8mb4_unicode_ci,
  `created_at` timestamp NULL DEFAULT NULL,
  `updated_at` timestamp NULL DEFAULT NULL,
  `deleted_at` timestamp NULL DEFAULT NULL,
  PRIMARY KEY (`id`),
  KEY `dc_orden_files_dc_orden_id_foreign` (`dc_orden_id`),
  CONSTRAINT `dc_orden_files_dc_orden_id_foreign` FOREIGN KEY (`dc_orden_id`) REFERENCES `dc_ordenes` (`id`)
) ENGINE=InnoDB DEFAULT CHARSET=utf8mb4 COLLATE=utf8mb4_unicode_ci;

--
-- Dumping data for table `dc_orden_files`
--


--
-- Table structure for table `dc_ordenes`
--

CREATE TABLE `dc_ordenes` (
  `id` bigint(20) unsigned NOT NULL AUTO_INCREMENT,
  `user_id` int(10) unsigned DEFAULT NULL,
  `dc_orden_tipo_id` bigint(20) unsigned NOT NULL,
  `person_id` int(10) unsigned NOT NULL,
  `person_id_relationed` int(10) unsigned DEFAULT NULL,
  `titulo` text COLLATE utf8mb4_unicode_ci,
  `sucursal` int(11) NOT NULL DEFAULT '1',
  `numero` int(11) NOT NULL,
  `numero_text` varchar(255) COLLATE utf8mb4_unicode_ci DEFAULT NULL,
  `sector` varchar(191) COLLATE utf8mb4_unicode_ci DEFAULT NULL,
  `solicitante` varchar(191) COLLATE utf8mb4_unicode_ci DEFAULT NULL,
  `syj_empleado_id` int(10) unsigned DEFAULT NULL,
  `fecha` date NOT NULL,
  `fecha_entrega` date DEFAULT NULL,
  `fecha_asignacion` datetime DEFAULT NULL,
  `fecha_cumplido` datetime DEFAULT NULL,
  `condicion_venta_id` int(10) unsigned DEFAULT NULL,
  `is_pago_adelantado` tinyint(1) DEFAULT NULL,
  `is_garantia` tinyint(1) NOT NULL DEFAULT '0',
  `forma_de_entrega_id` int(10) unsigned DEFAULT NULL,
  `plazo_de_pago_id` int(10) unsigned DEFAULT NULL,
  `cantidades` decimal(16,2) NOT NULL,
  `moneda_id` int(10) unsigned NOT NULL DEFAULT '1',
  `cotizacion` decimal(16,2) NOT NULL DEFAULT '1.00',
  `neto` decimal(16,2) NOT NULL,
  `iva` decimal(16,2) NOT NULL,
  `total` decimal(16,2) NOT NULL,
  `facturada` decimal(16,2) NOT NULL DEFAULT '0.00',
  `is_pagada` tinyint(1) NOT NULL,
  `garantia` varchar(100) COLLATE utf8mb4_unicode_ci DEFAULT NULL,
  `mant_oferta` varchar(100) COLLATE utf8mb4_unicode_ci DEFAULT NULL,
  `comen_para_cliente` text COLLATE utf8mb4_unicode_ci,
  `comentario` longtext COLLATE utf8mb4_unicode_ci NOT NULL,
  `dc_ov_origen_id` bigint(20) unsigned DEFAULT NULL,
  `dc_ov_status_cobranza_id` bigint(20) unsigned DEFAULT NULL,
  `dc_ov_status_factura_id` bigint(20) unsigned DEFAULT NULL,
  `dc_ov_status_entrega_id` bigint(20) unsigned DEFAULT NULL,
  `dc_ov_status_venta_id` bigint(20) unsigned DEFAULT NULL,
  `dc_estado_id` bigint(20) unsigned NOT NULL,
  `dc_estado_decision_id` bigint(20) unsigned DEFAULT NULL,
  `inv_orden_trabajo_id` bigint(20) unsigned DEFAULT NULL,
  `conta_cc_id` bigint(20) unsigned DEFAULT NULL,
  `origendestinoable_type` text COLLATE utf8mb4_unicode_ci,
  `origendestinoable_id` int(10) unsigned DEFAULT NULL,
  `is_multiples_ot` tinyint(1) unsigned NOT NULL DEFAULT '0',
  `dc_orden_origen_destino_id` bigint(20) unsigned DEFAULT NULL,
  `is_completado` tinyint(1) NOT NULL DEFAULT '0',
  `is_credit` tinyint(1) DEFAULT NULL,
  `dc_firma_id` bigint(20) unsigned NOT NULL DEFAULT '1',
  `created_at` timestamp NULL DEFAULT NULL,
  `updated_at` timestamp NULL DEFAULT NULL,
  `deleted_at` timestamp NULL DEFAULT NULL,
  PRIMARY KEY (`id`),
  KEY `dc_ordenes_dc_orden_tipo_id_foreign` (`dc_orden_tipo_id`),
  KEY `dc_ordenes_person_id_foreign` (`person_id`),
  KEY `dc_ordenes_person_id_relationed_foreign` (`person_id_relationed`),
  KEY `dc_ordenes_dc_estado_id_foreign` (`dc_estado_id`),
  KEY `dc_ordenes_conta_cc_id_foreign` (`conta_cc_id`),
  KEY `dc_ordenes_inv_orden_trabajo_id_foreign` (`inv_orden_trabajo_id`),
  KEY `dc_ordenes_dc_orden_origen_destino_id_foreign` (`dc_orden_origen_destino_id`),
  KEY `dc_ordenes_moneda_id_foreign` (`moneda_id`),
  KEY `dc_ordenes_dc_firma_id_foreign` (`dc_firma_id`),
  KEY `dc_ordenes_syj_empleado_id_foreign` (`syj_empleado_id`),
  KEY `dc_ordenes_dc_estado_decision_id_foreign` (`dc_estado_decision_id`),
  KEY `dc_ordenes_dc_ov_origen_id_foreign` (`dc_ov_origen_id`),
  KEY `dc_ordenes_dc_ov_status_venta_id_foreign` (`dc_ov_status_venta_id`),
  KEY `dc_ordenes_dc_ov_status_entrega_id_foreign` (`dc_ov_status_entrega_id`),
  KEY `dc_ordenes_dc_ov_status_factura_id_foreign` (`dc_ov_status_factura_id`),
  KEY `dc_ordenes_dc_ov_status_cobranza_id_foreign` (`dc_ov_status_cobranza_id`),
  CONSTRAINT `dc_ordenes_conta_cc_id_foreign` FOREIGN KEY (`conta_cc_id`) REFERENCES `conta_centro_costos` (`id`),
  CONSTRAINT `dc_ordenes_dc_estado_decision_id_foreign` FOREIGN KEY (`dc_estado_decision_id`) REFERENCES `dc_estados_decisiones` (`id`),
  CONSTRAINT `dc_ordenes_dc_estado_id_foreign` FOREIGN KEY (`dc_estado_id`) REFERENCES `dc_estados` (`id`),
  CONSTRAINT `dc_ordenes_dc_firma_id_foreign` FOREIGN KEY (`dc_firma_id`) REFERENCES `dc_firmas` (`id`),
  CONSTRAINT `dc_ordenes_dc_orden_origen_destino_id_foreign` FOREIGN KEY (`dc_orden_origen_destino_id`) REFERENCES `dc_ordenes_origen_destino` (`id`),
  CONSTRAINT `dc_ordenes_dc_orden_tipo_id_foreign` FOREIGN KEY (`dc_orden_tipo_id`) REFERENCES `dc_ordenes_tipos` (`id`),
  CONSTRAINT `dc_ordenes_dc_ov_origen_id_foreign` FOREIGN KEY (`dc_ov_origen_id`) REFERENCES `dc_ov_origenes` (`id`),
  CONSTRAINT `dc_ordenes_dc_ov_status_cobranza_id_foreign` FOREIGN KEY (`dc_ov_status_cobranza_id`) REFERENCES `dc_ov_status_cobranza` (`id`),
  CONSTRAINT `dc_ordenes_dc_ov_status_entrega_id_foreign` FOREIGN KEY (`dc_ov_status_entrega_id`) REFERENCES `dc_ov_status_entrega` (`id`),
  CONSTRAINT `dc_ordenes_dc_ov_status_factura_id_foreign` FOREIGN KEY (`dc_ov_status_factura_id`) REFERENCES `dc_ov_status_factura` (`id`),
  CONSTRAINT `dc_ordenes_dc_ov_status_venta_id_foreign` FOREIGN KEY (`dc_ov_status_venta_id`) REFERENCES `dc_ov_status_venta` (`id`),
  CONSTRAINT `dc_ordenes_inv_orden_trabajo_id_foreign` FOREIGN KEY (`inv_orden_trabajo_id`) REFERENCES `inv_orden_trabajos` (`id`),
  CONSTRAINT `dc_ordenes_moneda_id_foreign` FOREIGN KEY (`moneda_id`) REFERENCES `monedas` (`id`),
  CONSTRAINT `dc_ordenes_person_id_foreign` FOREIGN KEY (`person_id`) REFERENCES `persons` (`id`),
  CONSTRAINT `dc_ordenes_person_id_relationed_foreign` FOREIGN KEY (`person_id_relationed`) REFERENCES `persons` (`id`),
  CONSTRAINT `dc_ordenes_syj_empleado_id_foreign` FOREIGN KEY (`syj_empleado_id`) REFERENCES `syj_empleados` (`id`)
) ENGINE=InnoDB DEFAULT CHARSET=utf8mb4 COLLATE=utf8mb4_unicode_ci;

--
-- Dumping data for table `dc_ordenes`
--


--
-- Table structure for table `dc_ordenes_compra_coti`
--

CREATE TABLE `dc_ordenes_compra_coti` (
  `id` int(10) unsigned NOT NULL AUTO_INCREMENT,
  `user_id` int(10) unsigned DEFAULT NULL,
  `dc_orden_id` bigint(20) unsigned NOT NULL,
  `dc_orden_coti_id` bigint(20) unsigned NOT NULL,
  `created_at` timestamp NULL DEFAULT NULL,
  `updated_at` timestamp NULL DEFAULT NULL,
  `deleted_at` timestamp NULL DEFAULT NULL,
  PRIMARY KEY (`id`),
  KEY `dc_ordenes_compra_coti_dc_orden_id_foreign` (`dc_orden_id`),
  KEY `dc_ordenes_compra_coti_dc_orden_coti_id_foreign` (`dc_orden_coti_id`),
  CONSTRAINT `dc_ordenes_compra_coti_dc_orden_coti_id_foreign` FOREIGN KEY (`dc_orden_coti_id`) REFERENCES `dc_ordenes` (`id`),
  CONSTRAINT `dc_ordenes_compra_coti_dc_orden_id_foreign` FOREIGN KEY (`dc_orden_id`) REFERENCES `dc_ordenes` (`id`)
) ENGINE=InnoDB DEFAULT CHARSET=utf8mb4 COLLATE=utf8mb4_unicode_ci;

--
-- Dumping data for table `dc_ordenes_compra_coti`
--


--
-- Table structure for table `dc_ordenes_compra_req`
--

CREATE TABLE `dc_ordenes_compra_req` (
  `id` int(10) unsigned NOT NULL AUTO_INCREMENT,
  `user_id` int(10) unsigned DEFAULT NULL,
  `dc_orden_id` bigint(20) unsigned NOT NULL,
  `dc_orden_detail_id` bigint(20) unsigned NOT NULL,
  `dc_orden_req_id` bigint(20) unsigned NOT NULL,
  `dc_orden_req_detail_id` bigint(20) unsigned NOT NULL,
  `created_at` timestamp NULL DEFAULT NULL,
  `updated_at` timestamp NULL DEFAULT NULL,
  `deleted_at` timestamp NULL DEFAULT NULL,
  PRIMARY KEY (`id`),
  KEY `dc_ordenes_compra_req_dc_orden_id_foreign` (`dc_orden_id`),
  KEY `dc_ordenes_compra_req_dc_orden_detail_id_foreign` (`dc_orden_detail_id`),
  KEY `dc_ordenes_compra_req_dc_orden_req_id_foreign` (`dc_orden_req_id`),
  KEY `dc_ordenes_compra_req_dc_orden_req_detail_id_foreign` (`dc_orden_req_detail_id`),
  CONSTRAINT `dc_ordenes_compra_req_dc_orden_detail_id_foreign` FOREIGN KEY (`dc_orden_detail_id`) REFERENCES `dc_ordenes_details` (`id`),
  CONSTRAINT `dc_ordenes_compra_req_dc_orden_id_foreign` FOREIGN KEY (`dc_orden_id`) REFERENCES `dc_ordenes` (`id`),
  CONSTRAINT `dc_ordenes_compra_req_dc_orden_req_detail_id_foreign` FOREIGN KEY (`dc_orden_req_detail_id`) REFERENCES `dc_ordenes_details` (`id`),
  CONSTRAINT `dc_ordenes_compra_req_dc_orden_req_id_foreign` FOREIGN KEY (`dc_orden_req_id`) REFERENCES `dc_ordenes` (`id`)
) ENGINE=InnoDB DEFAULT CHARSET=utf8mb4 COLLATE=utf8mb4_unicode_ci;

--
-- Dumping data for table `dc_ordenes_compra_req`
--


--
-- Table structure for table `dc_ordenes_cotizacion_req`
--

CREATE TABLE `dc_ordenes_cotizacion_req` (
  `id` int(10) unsigned NOT NULL AUTO_INCREMENT,
  `user_id` int(10) unsigned DEFAULT NULL,
  `dc_orden_id` bigint(20) unsigned NOT NULL,
  `dc_orden_detail_id` bigint(20) unsigned NOT NULL,
  `dc_orden_req_id` bigint(20) unsigned NOT NULL,
  `dc_orden_req_detail_id` bigint(20) unsigned NOT NULL,
  `created_at` timestamp NULL DEFAULT NULL,
  `updated_at` timestamp NULL DEFAULT NULL,
  `deleted_at` timestamp NULL DEFAULT NULL,
  PRIMARY KEY (`id`),
  KEY `dc_ordenes_cotizacion_req_dc_orden_id_foreign` (`dc_orden_id`),
  KEY `dc_ordenes_cotizacion_req_dc_orden_detail_id_foreign` (`dc_orden_detail_id`),
  KEY `dc_ordenes_cotizacion_req_dc_orden_req_id_foreign` (`dc_orden_req_id`),
  KEY `dc_ordenes_cotizacion_req_dc_orden_req_detail_id_foreign` (`dc_orden_req_detail_id`),
  CONSTRAINT `dc_ordenes_cotizacion_req_dc_orden_detail_id_foreign` FOREIGN KEY (`dc_orden_detail_id`) REFERENCES `dc_ordenes_details` (`id`),
  CONSTRAINT `dc_ordenes_cotizacion_req_dc_orden_id_foreign` FOREIGN KEY (`dc_orden_id`) REFERENCES `dc_ordenes` (`id`),
  CONSTRAINT `dc_ordenes_cotizacion_req_dc_orden_req_detail_id_foreign` FOREIGN KEY (`dc_orden_req_detail_id`) REFERENCES `dc_ordenes_details` (`id`),
  CONSTRAINT `dc_ordenes_cotizacion_req_dc_orden_req_id_foreign` FOREIGN KEY (`dc_orden_req_id`) REFERENCES `dc_ordenes` (`id`)
) ENGINE=InnoDB DEFAULT CHARSET=utf8mb4 COLLATE=utf8mb4_unicode_ci;

--
-- Dumping data for table `dc_ordenes_cotizacion_req`
--


--
-- Table structure for table `dc_ordenes_details`
--

CREATE TABLE `dc_ordenes_details` (
  `id` bigint(20) unsigned NOT NULL AUTO_INCREMENT,
  `user_id` int(10) unsigned DEFAULT NULL,
  `dc_orden_id` bigint(20) unsigned NOT NULL,
  `dc_orden_origen_destino_id` bigint(20) unsigned DEFAULT NULL,
  `origendestinoable_id` int(10) unsigned DEFAULT NULL,
  `origendestinoable_type` text COLLATE utf8mb4_unicode_ci,
  `cantidades` decimal(16,2) NOT NULL,
  `inv_deposito_id` bigint(20) unsigned DEFAULT NULL,
  `inv_producto_id` bigint(20) unsigned DEFAULT NULL,
  `inv_producto_id_destino` bigint(20) unsigned DEFAULT NULL,
  `prod_variant_id` bigint(20) unsigned DEFAULT NULL,
  `inv_deposito_id_destino` bigint(20) unsigned DEFAULT NULL,
  `descripcion` varchar(191) COLLATE utf8mb4_unicode_ci DEFAULT NULL,
  `neto` decimal(16,2) NOT NULL,
  `desc_porc` decimal(16,2) DEFAULT NULL,
  `descuento` decimal(16,2) DEFAULT NULL,
  `system_tax_id` int(10) unsigned NOT NULL,
  `iva` decimal(16,2) NOT NULL,
  `subtotal` decimal(16,2) NOT NULL,
  `created_at` timestamp NULL DEFAULT NULL,
  `updated_at` timestamp NULL DEFAULT NULL,
  `deleted_at` timestamp NULL DEFAULT NULL,
  PRIMARY KEY (`id`),
  KEY `dc_ordenes_details_dc_orden_id_foreign` (`dc_orden_id`),
  KEY `dc_ordenes_details_inv_producto_id_foreign` (`inv_producto_id`),
  KEY `dc_ordenes_details_system_tax_id_foreign` (`system_tax_id`),
  KEY `dc_ordenes_details_inv_producto_id_destino_foreign` (`inv_producto_id_destino`),
  KEY `dc_ordenes_details_dc_orden_origen_destino_id_foreign` (`dc_orden_origen_destino_id`),
  KEY `dc_ordenes_details_inv_deposito_id_foreign` (`inv_deposito_id`),
  KEY `dc_ordenes_details_inv_deposito_id_destino_foreign` (`inv_deposito_id_destino`),
  KEY `dc_ordenes_details_prod_variant_id_foreign` (`prod_variant_id`),
  CONSTRAINT `dc_ordenes_details_dc_orden_id_foreign` FOREIGN KEY (`dc_orden_id`) REFERENCES `dc_ordenes` (`id`),
  CONSTRAINT `dc_ordenes_details_dc_orden_origen_destino_id_foreign` FOREIGN KEY (`dc_orden_origen_destino_id`) REFERENCES `dc_ordenes_origen_destino` (`id`),
  CONSTRAINT `dc_ordenes_details_inv_deposito_id_destino_foreign` FOREIGN KEY (`inv_deposito_id_destino`) REFERENCES `inv_depositos` (`id`),
  CONSTRAINT `dc_ordenes_details_inv_deposito_id_foreign` FOREIGN KEY (`inv_deposito_id`) REFERENCES `inv_depositos` (`id`),
  CONSTRAINT `dc_ordenes_details_inv_producto_id_destino_foreign` FOREIGN KEY (`inv_producto_id_destino`) REFERENCES `inv_productos` (`id`),
  CONSTRAINT `dc_ordenes_details_inv_producto_id_foreign` FOREIGN KEY (`inv_producto_id`) REFERENCES `inv_productos` (`id`),
  CONSTRAINT `dc_ordenes_details_prod_variant_id_foreign` FOREIGN KEY (`prod_variant_id`) REFERENCES `prod_variants` (`id`) ON DELETE SET NULL,
  CONSTRAINT `dc_ordenes_details_system_tax_id_foreign` FOREIGN KEY (`system_tax_id`) REFERENCES `system_taxes` (`id`)
) ENGINE=InnoDB DEFAULT CHARSET=utf8mb4 COLLATE=utf8mb4_unicode_ci;

--
-- Dumping data for table `dc_ordenes_details`
--


--
-- Table structure for table `dc_ordenes_facturada`
--

CREATE TABLE `dc_ordenes_facturada` (
  `id` bigint(20) unsigned NOT NULL AUTO_INCREMENT,
  `user_id` int(10) unsigned DEFAULT NULL,
  `person_id` int(10) unsigned NOT NULL,
  `dc_orden_id` bigint(20) unsigned DEFAULT NULL,
  `fact_elec_receipt_id` int(11) DEFAULT NULL,
  `receipt_id` int(10) unsigned DEFAULT NULL,
  `created_at` timestamp NULL DEFAULT NULL,
  `updated_at` timestamp NULL DEFAULT NULL,
  `deleted_at` timestamp NULL DEFAULT NULL,
  PRIMARY KEY (`id`),
  KEY `dc_ordenes_facturada_person_id_foreign` (`person_id`),
  KEY `dc_ordenes_facturada_dc_orden_id_foreign` (`dc_orden_id`),
  KEY `dc_ordenes_facturada_fact_elec_receipt_id_foreign` (`fact_elec_receipt_id`),
  KEY `dc_ordenes_facturada_receipt_id_foreign` (`receipt_id`),
  CONSTRAINT `dc_ordenes_facturada_dc_orden_id_foreign` FOREIGN KEY (`dc_orden_id`) REFERENCES `dc_ordenes` (`id`),
  CONSTRAINT `dc_ordenes_facturada_person_id_foreign` FOREIGN KEY (`person_id`) REFERENCES `persons` (`id`),
  CONSTRAINT `dc_ordenes_facturada_receipt_id_foreign` FOREIGN KEY (`receipt_id`) REFERENCES `receipts` (`id`)
) ENGINE=InnoDB DEFAULT CHARSET=utf8mb4 COLLATE=utf8mb4_unicode_ci;

--
-- Dumping data for table `dc_ordenes_facturada`
--


--
-- Table structure for table `dc_ordenes_ingreso_compra`
--

CREATE TABLE `dc_ordenes_ingreso_compra` (
  `id` int(10) unsigned NOT NULL AUTO_INCREMENT,
  `user_id` int(10) unsigned DEFAULT NULL,
  `dc_orden_id` bigint(20) unsigned NOT NULL,
  `dc_orden_detail_id` bigint(20) unsigned NOT NULL,
  `dc_orden_compra_id` bigint(20) unsigned NOT NULL,
  `dc_orden_compra_detail_id` bigint(20) unsigned NOT NULL,
  `created_at` timestamp NULL DEFAULT NULL,
  `updated_at` timestamp NULL DEFAULT NULL,
  `deleted_at` timestamp NULL DEFAULT NULL,
  PRIMARY KEY (`id`),
  KEY `dc_ordenes_ingreso_compra_dc_orden_id_foreign` (`dc_orden_id`),
  KEY `dc_ordenes_ingreso_compra_dc_orden_detail_id_foreign` (`dc_orden_detail_id`),
  KEY `dc_ordenes_ingreso_compra_dc_orden_compra_id_foreign` (`dc_orden_compra_id`),
  KEY `dc_ordenes_ingreso_compra_dc_orden_compra_detail_id_foreign` (`dc_orden_compra_detail_id`),
  CONSTRAINT `dc_ordenes_ingreso_compra_dc_orden_compra_detail_id_foreign` FOREIGN KEY (`dc_orden_compra_detail_id`) REFERENCES `dc_ordenes_details` (`id`),
  CONSTRAINT `dc_ordenes_ingreso_compra_dc_orden_compra_id_foreign` FOREIGN KEY (`dc_orden_compra_id`) REFERENCES `dc_ordenes` (`id`),
  CONSTRAINT `dc_ordenes_ingreso_compra_dc_orden_detail_id_foreign` FOREIGN KEY (`dc_orden_detail_id`) REFERENCES `dc_ordenes_details` (`id`),
  CONSTRAINT `dc_ordenes_ingreso_compra_dc_orden_id_foreign` FOREIGN KEY (`dc_orden_id`) REFERENCES `dc_ordenes` (`id`)
) ENGINE=InnoDB DEFAULT CHARSET=utf8mb4 COLLATE=utf8mb4_unicode_ci;

--
-- Dumping data for table `dc_ordenes_ingreso_compra`
--


--
-- Table structure for table `dc_ordenes_ingxdev_rem_egr`
--

CREATE TABLE `dc_ordenes_ingxdev_rem_egr` (
  `id` int(10) unsigned NOT NULL AUTO_INCREMENT,
  `user_id` int(10) unsigned DEFAULT NULL,
  `dc_orden_id` bigint(20) unsigned NOT NULL,
  `dc_orden_detail_id` bigint(20) unsigned NOT NULL,
  `dc_orden_rem_egr_id` bigint(20) unsigned NOT NULL,
  `dc_orden_rem_egr_detail_id` bigint(20) unsigned NOT NULL,
  `created_at` timestamp NULL DEFAULT NULL,
  `updated_at` timestamp NULL DEFAULT NULL,
  `deleted_at` timestamp NULL DEFAULT NULL,
  PRIMARY KEY (`id`),
  KEY `dc_ordenes_ingxdev_rem_egr_dc_orden_id_foreign` (`dc_orden_id`),
  KEY `dc_ordenes_ingxdev_rem_egr_dc_orden_detail_id_foreign` (`dc_orden_detail_id`),
  KEY `dc_ordenes_ingxdev_rem_egr_dc_orden_rem_egr_id_foreign` (`dc_orden_rem_egr_id`),
  KEY `dc_ordenes_ingxdev_rem_egr_dc_orden_rem_egr_detail_id_foreign` (`dc_orden_rem_egr_detail_id`),
  CONSTRAINT `dc_ordenes_ingxdev_rem_egr_dc_orden_detail_id_foreign` FOREIGN KEY (`dc_orden_detail_id`) REFERENCES `dc_ordenes_details` (`id`),
  CONSTRAINT `dc_ordenes_ingxdev_rem_egr_dc_orden_id_foreign` FOREIGN KEY (`dc_orden_id`) REFERENCES `dc_ordenes` (`id`),
  CONSTRAINT `dc_ordenes_ingxdev_rem_egr_dc_orden_rem_egr_detail_id_foreign` FOREIGN KEY (`dc_orden_rem_egr_detail_id`) REFERENCES `dc_ordenes_details` (`id`),
  CONSTRAINT `dc_ordenes_ingxdev_rem_egr_dc_orden_rem_egr_id_foreign` FOREIGN KEY (`dc_orden_rem_egr_id`) REFERENCES `dc_ordenes` (`id`)
) ENGINE=InnoDB DEFAULT CHARSET=utf8mb4 COLLATE=utf8mb4_unicode_ci;

--
-- Dumping data for table `dc_ordenes_ingxdev_rem_egr`
--


--
-- Table structure for table `dc_ordenes_logs`
--

CREATE TABLE `dc_ordenes_logs` (
  `id` bigint(20) unsigned NOT NULL AUTO_INCREMENT,
  `user_id` bigint(20) unsigned DEFAULT NULL,
  `loggable_type` varchar(191) COLLATE utf8mb4_unicode_ci NOT NULL,
  `loggable_id` bigint(20) unsigned NOT NULL,
  `related_id` bigint(20) unsigned DEFAULT NULL,
  `related_type` varchar(191) COLLATE utf8mb4_unicode_ci DEFAULT NULL,
  `comentario` text COLLATE utf8mb4_unicode_ci,
  `created_at` timestamp NULL DEFAULT NULL,
  `updated_at` timestamp NULL DEFAULT NULL,
  `deleted_at` timestamp NULL DEFAULT NULL,
  PRIMARY KEY (`id`),
  KEY `dc_ordenes_logs_loggable_type_loggable_id_index` (`loggable_type`,`loggable_id`)
) ENGINE=InnoDB DEFAULT CHARSET=utf8mb4 COLLATE=utf8mb4_unicode_ci;

--
-- Dumping data for table `dc_ordenes_logs`
--


--
-- Table structure for table `dc_ordenes_origen_destino`
--

CREATE TABLE `dc_ordenes_origen_destino` (
  `id` bigint(20) unsigned NOT NULL AUTO_INCREMENT,
  `user_id` int(10) unsigned DEFAULT NULL,
  `descripcion` text COLLATE utf8mb4_unicode_ci NOT NULL,
  `modelo` text COLLATE utf8mb4_unicode_ci NOT NULL,
  `is_deposito` tinyint(1) NOT NULL DEFAULT '0',
  `habilitado` tinyint(1) NOT NULL DEFAULT '1',
  `created_at` timestamp NULL DEFAULT NULL,
  `updated_at` timestamp NULL DEFAULT NULL,
  `deleted_at` timestamp NULL DEFAULT NULL,
  PRIMARY KEY (`id`)
) ENGINE=InnoDB AUTO_INCREMENT=5 DEFAULT CHARSET=utf8mb4 COLLATE=utf8mb4_unicode_ci;

--
-- Dumping data for table `dc_ordenes_origen_destino`
--

INSERT INTO `dc_ordenes_origen_destino` VALUES (1,NULL,'Orden de Trabajo','App\\Models\\Inventario\\InvOrdenTrabajo',0,1,NULL,NULL,NULL),(2,NULL,'Centro de Costos','App\\Models\\Inventario\\InvOrdenTrabajoHorasTipo',0,1,NULL,'2023-09-12 22:29:10',NULL),(3,NULL,'Deposito','App\\Models\\Inventario\\InvDeposito',1,1,NULL,'2024-05-07 20:27:12',NULL),(4,NULL,'Empleado','App\\Models\\SyJEmpleado',0,0,NULL,'2023-08-29 16:34:50',NULL);

--
-- Table structure for table `dc_ordenes_pdf_templates`
--

CREATE TABLE `dc_ordenes_pdf_templates` (
  `id` bigint(20) unsigned NOT NULL AUTO_INCREMENT,
  `user_id` int(10) unsigned DEFAULT NULL,
  `person_id` int(10) unsigned NOT NULL,
  `dc_orden_tipo_id` bigint(20) unsigned NOT NULL,
  `nombre` varchar(191) COLLATE utf8mb4_unicode_ci NOT NULL,
  `vista_blade` text COLLATE utf8mb4_unicode_ci,
  `pdf_base_path` varchar(191) COLLATE utf8mb4_unicode_ci DEFAULT NULL,
  `tipo_plantilla` enum('blade','pdf_base') COLLATE utf8mb4_unicode_ci NOT NULL DEFAULT 'blade',
  `configuracion` json DEFAULT NULL,
  `habilitado` tinyint(1) NOT NULL DEFAULT '1',
  `created_at` timestamp NULL DEFAULT NULL,
  `updated_at` timestamp NULL DEFAULT NULL,
  `deleted_at` timestamp NULL DEFAULT NULL,
  PRIMARY KEY (`id`),
  UNIQUE KEY `unique_person_tipo_template` (`person_id`,`dc_orden_tipo_id`),
  KEY `dc_ordenes_pdf_templates_dc_orden_tipo_id_foreign` (`dc_orden_tipo_id`),
  CONSTRAINT `dc_ordenes_pdf_templates_dc_orden_tipo_id_foreign` FOREIGN KEY (`dc_orden_tipo_id`) REFERENCES `dc_ordenes_tipos` (`id`),
  CONSTRAINT `dc_ordenes_pdf_templates_person_id_foreign` FOREIGN KEY (`person_id`) REFERENCES `persons` (`id`)
) ENGINE=InnoDB DEFAULT CHARSET=utf8mb4 COLLATE=utf8mb4_unicode_ci;

--
-- Dumping data for table `dc_ordenes_pdf_templates`
--


--
-- Table structure for table `dc_ordenes_revocadas`
--

CREATE TABLE `dc_ordenes_revocadas` (
  `id` bigint(20) unsigned NOT NULL AUTO_INCREMENT,
  `user_id` int(10) unsigned DEFAULT NULL,
  `dc_orden_id` bigint(20) unsigned NOT NULL,
  `comentario` longtext COLLATE utf8mb4_unicode_ci,
  `created_at` timestamp NULL DEFAULT NULL,
  `updated_at` timestamp NULL DEFAULT NULL,
  `deleted_at` timestamp NULL DEFAULT NULL,
  PRIMARY KEY (`id`),
  KEY `dc_ordenes_revocadas_dc_orden_id_foreign` (`dc_orden_id`),
  CONSTRAINT `dc_ordenes_revocadas_dc_orden_id_foreign` FOREIGN KEY (`dc_orden_id`) REFERENCES `dc_ordenes` (`id`)
) ENGINE=InnoDB DEFAULT CHARSET=utf8mb4 COLLATE=utf8mb4_unicode_ci;

--
-- Dumping data for table `dc_ordenes_revocadas`
--


--
-- Table structure for table `dc_ordenes_servicio_compra`
--

CREATE TABLE `dc_ordenes_servicio_compra` (
  `id` int(10) unsigned NOT NULL AUTO_INCREMENT,
  `user_id` int(10) unsigned DEFAULT NULL,
  `dc_orden_id` bigint(20) unsigned NOT NULL,
  `dc_orden_detail_id` bigint(20) unsigned NOT NULL,
  `dc_orden_compra_id` bigint(20) unsigned NOT NULL,
  `dc_orden_compra_detail_id` bigint(20) unsigned NOT NULL,
  `created_at` timestamp NULL DEFAULT NULL,
  `updated_at` timestamp NULL DEFAULT NULL,
  `deleted_at` timestamp NULL DEFAULT NULL,
  PRIMARY KEY (`id`),
  KEY `dc_ordenes_servicio_compra_dc_orden_id_foreign` (`dc_orden_id`),
  KEY `dc_ordenes_servicio_compra_dc_orden_detail_id_foreign` (`dc_orden_detail_id`),
  KEY `dc_ordenes_servicio_compra_dc_orden_compra_id_foreign` (`dc_orden_compra_id`),
  KEY `dc_ordenes_servicio_compra_dc_orden_compra_detail_id_foreign` (`dc_orden_compra_detail_id`),
  CONSTRAINT `dc_ordenes_servicio_compra_dc_orden_compra_detail_id_foreign` FOREIGN KEY (`dc_orden_compra_detail_id`) REFERENCES `dc_ordenes_details` (`id`),
  CONSTRAINT `dc_ordenes_servicio_compra_dc_orden_compra_id_foreign` FOREIGN KEY (`dc_orden_compra_id`) REFERENCES `dc_ordenes` (`id`),
  CONSTRAINT `dc_ordenes_servicio_compra_dc_orden_detail_id_foreign` FOREIGN KEY (`dc_orden_detail_id`) REFERENCES `dc_ordenes_details` (`id`),
  CONSTRAINT `dc_ordenes_servicio_compra_dc_orden_id_foreign` FOREIGN KEY (`dc_orden_id`) REFERENCES `dc_ordenes` (`id`)
) ENGINE=InnoDB DEFAULT CHARSET=utf8mb4 COLLATE=utf8mb4_unicode_ci;

--
-- Dumping data for table `dc_ordenes_servicio_compra`
--


--
-- Table structure for table `dc_ordenes_tipos`
--

CREATE TABLE `dc_ordenes_tipos` (
  `id` bigint(20) unsigned NOT NULL AUTO_INCREMENT,
  `user_id` int(10) unsigned DEFAULT NULL,
  `descripcion` text COLLATE utf8mb4_unicode_ci NOT NULL,
  `usabilidad` longtext COLLATE utf8mb4_unicode_ci,
  `habilitado` tinyint(1) NOT NULL DEFAULT '1',
  `created_at` timestamp NULL DEFAULT NULL,
  `updated_at` timestamp NULL DEFAULT NULL,
  `deleted_at` timestamp NULL DEFAULT NULL,
  PRIMARY KEY (`id`)
) ENGINE=InnoDB AUTO_INCREMENT=23 DEFAULT CHARSET=utf8mb4 COLLATE=utf8mb4_unicode_ci;

--
-- Dumping data for table `dc_ordenes_tipos`
--

INSERT INTO `dc_ordenes_tipos` VALUES (1,NULL,'ORDEN DE COMPRAS',NULL,1,NULL,'2023-02-16 08:53:03',NULL),(2,NULL,'ORDEN DE VENTAS',NULL,1,NULL,'2023-02-16 08:53:03',NULL),(3,NULL,'PRESUPUESTO',NULL,1,NULL,NULL,NULL),(4,NULL,'REQUERIMIENTO',NULL,1,NULL,NULL,NULL),(5,NULL,'REMITO DE INGRESO',NULL,1,NULL,'2023-08-29 16:34:49',NULL),(6,NULL,'REMITO DE EGRESO',NULL,1,NULL,NULL,NULL),(7,NULL,'REMITO INTERNO',NULL,1,NULL,NULL,NULL),(8,NULL,'REMITO DE INGRESO','Es lo mismo que un remito de ingreso, \n        pero los productosa ingresar provienen de una Orden de Compra',1,NULL,NULL,NULL),(9,NULL,'REMITO DE SERVICIO','Es un remito de Ingreso de un servicio que se\n        asigna directo a una OT',1,NULL,NULL,NULL),(10,NULL,'ORDEN DE PAGO',NULL,1,'2023-09-28 16:38:00','2023-09-28 16:38:00',NULL),(11,NULL,'ANULACION REQUERIMIENTOS',NULL,1,'2024-04-02 23:28:19','2024-04-02 23:28:19',NULL),(12,NULL,'ANULACION COMPRAS PRODUCTOS',NULL,1,'2024-04-02 23:28:19','2024-04-02 23:28:19',NULL),(13,NULL,'ANULACION COMPRAS SERVICIOS',NULL,1,'2024-04-02 23:28:19','2024-04-02 23:28:19',NULL),(14,NULL,'REMITO DE GASTO',NULL,1,'2024-05-07 20:27:12','2024-05-07 20:27:12',NULL),(15,NULL,'COTIZACIONES',NULL,1,'2024-06-26 08:22:15','2024-06-26 08:22:15',NULL),(16,NULL,'REMITO INGRESO-DEVOLUCION',NULL,1,'2024-09-02 13:19:08','2024-09-02 13:19:08',NULL),(17,NULL,'REMITO EGRESO-DEVOLUCION',NULL,1,'2024-10-17 08:52:03','2024-10-17 08:52:03',NULL),(18,NULL,'REMITO','Es un remito de servicio, que no tiene ni ingreso ni egreso',1,'2024-12-03 21:49:13','2024-12-03 21:49:13',NULL),(19,NULL,'Remito de Cliente','Se usa en las Ordenes de Venta para demostrar que se entrego mercaderia al cliente',1,NULL,NULL,NULL),(20,NULL,'Orden de Compra de Cliente','Es la OC que envia el cliente para que se le haga el pedido',1,NULL,NULL,NULL),(21,NULL,'Solicitud de Facturacion','Es un documento que se usa para que se pueda facturar',1,NULL,NULL,NULL),(22,NULL,'Ordenes de Compra','Es una OC para Empresas',1,NULL,NULL,NULL);

--
-- Table structure for table `dc_ov_cta_cte_cliente`
--

CREATE TABLE `dc_ov_cta_cte_cliente` (
  `id` bigint(20) unsigned NOT NULL AUTO_INCREMENT,
  `user_id` int(10) unsigned DEFAULT NULL,
  `dc_orden_id` bigint(20) unsigned NOT NULL,
  `cta_cte_cliente_id` int(10) unsigned DEFAULT NULL,
  `created_at` timestamp NULL DEFAULT NULL,
  `updated_at` timestamp NULL DEFAULT NULL,
  `deleted_at` timestamp NULL DEFAULT NULL,
  PRIMARY KEY (`id`),
  KEY `dc_ov_cta_cte_cliente_dc_orden_id_foreign` (`dc_orden_id`),
  KEY `dc_ov_cta_cte_cliente_cta_cte_cliente_id_foreign` (`cta_cte_cliente_id`),
  CONSTRAINT `dc_ov_cta_cte_cliente_cta_cte_cliente_id_foreign` FOREIGN KEY (`cta_cte_cliente_id`) REFERENCES `cta_cte_cliente` (`id`),
  CONSTRAINT `dc_ov_cta_cte_cliente_dc_orden_id_foreign` FOREIGN KEY (`dc_orden_id`) REFERENCES `dc_ordenes` (`id`)
) ENGINE=InnoDB DEFAULT CHARSET=utf8mb4 COLLATE=utf8mb4_unicode_ci;

--
-- Dumping data for table `dc_ov_cta_cte_cliente`
--


--
-- Table structure for table `dc_ov_fact_electronicas`
--

CREATE TABLE `dc_ov_fact_electronicas` (
  `id` bigint(20) unsigned NOT NULL AUTO_INCREMENT,
  `user_id` int(10) unsigned DEFAULT NULL,
  `dc_orden_id` bigint(20) unsigned NOT NULL,
  `fact_elec_receipt_id` int(10) unsigned DEFAULT NULL,
  `created_at` timestamp NULL DEFAULT NULL,
  `updated_at` timestamp NULL DEFAULT NULL,
  `deleted_at` timestamp NULL DEFAULT NULL,
  PRIMARY KEY (`id`),
  KEY `dc_ov_fact_electronicas_dc_orden_id_foreign` (`dc_orden_id`),
  KEY `dc_ov_fact_electronicas_fact_elec_receipt_id_foreign` (`fact_elec_receipt_id`),
  CONSTRAINT `dc_ov_fact_electronicas_dc_orden_id_foreign` FOREIGN KEY (`dc_orden_id`) REFERENCES `dc_ordenes` (`id`),
  CONSTRAINT `dc_ov_fact_electronicas_fact_elec_receipt_id_foreign` FOREIGN KEY (`fact_elec_receipt_id`) REFERENCES `fact_elec_receipts` (`id`)
) ENGINE=InnoDB DEFAULT CHARSET=utf8mb4 COLLATE=utf8mb4_unicode_ci;

--
-- Dumping data for table `dc_ov_fact_electronicas`
--


--
-- Table structure for table `dc_ov_oc_presupuestos`
--

CREATE TABLE `dc_ov_oc_presupuestos` (
  `id` int(10) unsigned NOT NULL AUTO_INCREMENT,
  `user_id` int(10) unsigned DEFAULT NULL,
  `dc_orden_id` bigint(20) unsigned NOT NULL,
  `dc_orden_presupuesto_id` bigint(20) unsigned NOT NULL,
  `created_at` timestamp NULL DEFAULT NULL,
  `updated_at` timestamp NULL DEFAULT NULL,
  `deleted_at` timestamp NULL DEFAULT NULL,
  PRIMARY KEY (`id`),
  KEY `dc_ov_oc_presupuestos_dc_orden_id_foreign` (`dc_orden_id`),
  KEY `dc_ov_oc_presupuestos_dc_orden_presupuesto_id_foreign` (`dc_orden_presupuesto_id`),
  CONSTRAINT `dc_ov_oc_presupuestos_dc_orden_id_foreign` FOREIGN KEY (`dc_orden_id`) REFERENCES `dc_ordenes` (`id`),
  CONSTRAINT `dc_ov_oc_presupuestos_dc_orden_presupuesto_id_foreign` FOREIGN KEY (`dc_orden_presupuesto_id`) REFERENCES `dc_ordenes` (`id`)
) ENGINE=InnoDB DEFAULT CHARSET=utf8mb4 COLLATE=utf8mb4_unicode_ci;

--
-- Dumping data for table `dc_ov_oc_presupuestos`
--


--
-- Table structure for table `dc_ov_ocs`
--

CREATE TABLE `dc_ov_ocs` (
  `id` bigint(20) unsigned NOT NULL AUTO_INCREMENT,
  `user_id` int(10) unsigned DEFAULT NULL,
  `dc_orden_id` bigint(20) unsigned NOT NULL,
  `dc_orden_compra_id` bigint(20) unsigned NOT NULL,
  `created_at` timestamp NULL DEFAULT NULL,
  `updated_at` timestamp NULL DEFAULT NULL,
  `deleted_at` timestamp NULL DEFAULT NULL,
  PRIMARY KEY (`id`),
  KEY `dc_ov_ocs_dc_orden_id_foreign` (`dc_orden_id`),
  KEY `dc_ov_ocs_dc_orden_compra_id_foreign` (`dc_orden_compra_id`),
  CONSTRAINT `dc_ov_ocs_dc_orden_compra_id_foreign` FOREIGN KEY (`dc_orden_compra_id`) REFERENCES `dc_ordenes` (`id`),
  CONSTRAINT `dc_ov_ocs_dc_orden_id_foreign` FOREIGN KEY (`dc_orden_id`) REFERENCES `dc_ordenes` (`id`)
) ENGINE=InnoDB DEFAULT CHARSET=utf8mb4 COLLATE=utf8mb4_unicode_ci;

--
-- Dumping data for table `dc_ov_ocs`
--


--
-- Table structure for table `dc_ov_origenes`
--

CREATE TABLE `dc_ov_origenes` (
  `id` bigint(20) unsigned NOT NULL AUTO_INCREMENT,
  `user_id` int(10) unsigned DEFAULT NULL,
  `descripcion` varchar(191) COLLATE utf8mb4_unicode_ci NOT NULL,
  `habilitado` tinyint(1) NOT NULL DEFAULT '1',
  `created_at` timestamp NULL DEFAULT NULL,
  `updated_at` timestamp NULL DEFAULT NULL,
  `deleted_at` timestamp NULL DEFAULT NULL,
  PRIMARY KEY (`id`)
) ENGINE=InnoDB AUTO_INCREMENT=4 DEFAULT CHARSET=utf8mb4 COLLATE=utf8mb4_unicode_ci;

--
-- Dumping data for table `dc_ov_origenes`
--

INSERT INTO `dc_ov_origenes` VALUES (1,NULL,'Taller',1,NULL,NULL,NULL),(2,NULL,'Comercial',1,NULL,NULL,NULL),(3,NULL,'Repuestos',1,NULL,NULL,NULL);

--
-- Table structure for table `dc_ov_origenes_users`
--

CREATE TABLE `dc_ov_origenes_users` (
  `id` int(10) unsigned NOT NULL AUTO_INCREMENT,
  `dc_ov_origen_id` bigint(20) unsigned NOT NULL,
  `user_id` int(10) unsigned NOT NULL,
  `created_at` timestamp NULL DEFAULT NULL,
  `updated_at` timestamp NULL DEFAULT NULL,
  `deleted_at` timestamp NULL DEFAULT NULL,
  PRIMARY KEY (`id`),
  KEY `dc_ov_origenes_users_dc_ov_origen_id_foreign` (`dc_ov_origen_id`),
  CONSTRAINT `dc_ov_origenes_users_dc_ov_origen_id_foreign` FOREIGN KEY (`dc_ov_origen_id`) REFERENCES `dc_ov_origenes` (`id`) ON DELETE CASCADE
) ENGINE=InnoDB DEFAULT CHARSET=utf8mb4 COLLATE=utf8mb4_unicode_ci;

--
-- Dumping data for table `dc_ov_origenes_users`
--


--
-- Table structure for table `dc_ov_ots`
--

CREATE TABLE `dc_ov_ots` (
  `id` bigint(20) unsigned NOT NULL AUTO_INCREMENT,
  `user_id` int(10) unsigned DEFAULT NULL,
  `dc_orden_id` bigint(20) unsigned NOT NULL,
  `ot_id` bigint(20) unsigned NOT NULL,
  `created_at` timestamp NULL DEFAULT NULL,
  `updated_at` timestamp NULL DEFAULT NULL,
  `deleted_at` timestamp NULL DEFAULT NULL,
  PRIMARY KEY (`id`),
  KEY `dc_ov_ots_dc_orden_id_foreign` (`dc_orden_id`),
  KEY `dc_ov_ots_ot_id_foreign` (`ot_id`),
  CONSTRAINT `dc_ov_ots_dc_orden_id_foreign` FOREIGN KEY (`dc_orden_id`) REFERENCES `dc_ordenes` (`id`),
  CONSTRAINT `dc_ov_ots_ot_id_foreign` FOREIGN KEY (`ot_id`) REFERENCES `inv_orden_trabajos` (`id`)
) ENGINE=InnoDB DEFAULT CHARSET=utf8mb4 COLLATE=utf8mb4_unicode_ci;

--
-- Dumping data for table `dc_ov_ots`
--


--
-- Table structure for table `dc_ov_pres_clientes`
--

CREATE TABLE `dc_ov_pres_clientes` (
  `id` bigint(20) unsigned NOT NULL AUTO_INCREMENT,
  `user_id` int(10) unsigned DEFAULT NULL,
  `dc_orden_id` bigint(20) unsigned NOT NULL,
  `dc_orden_pres_id` bigint(20) unsigned NOT NULL,
  `created_at` timestamp NULL DEFAULT NULL,
  `updated_at` timestamp NULL DEFAULT NULL,
  `deleted_at` timestamp NULL DEFAULT NULL,
  PRIMARY KEY (`id`),
  KEY `dc_ov_pres_clientes_dc_orden_id_foreign` (`dc_orden_id`),
  KEY `dc_ov_pres_clientes_dc_orden_pres_id_foreign` (`dc_orden_pres_id`),
  CONSTRAINT `dc_ov_pres_clientes_dc_orden_id_foreign` FOREIGN KEY (`dc_orden_id`) REFERENCES `dc_ordenes` (`id`),
  CONSTRAINT `dc_ov_pres_clientes_dc_orden_pres_id_foreign` FOREIGN KEY (`dc_orden_pres_id`) REFERENCES `dc_ordenes` (`id`)
) ENGINE=InnoDB DEFAULT CHARSET=utf8mb4 COLLATE=utf8mb4_unicode_ci;

--
-- Dumping data for table `dc_ov_pres_clientes`
--


--
-- Table structure for table `dc_ov_rem_clientes`
--

CREATE TABLE `dc_ov_rem_clientes` (
  `id` bigint(20) unsigned NOT NULL AUTO_INCREMENT,
  `user_id` int(10) unsigned DEFAULT NULL,
  `dc_orden_id` bigint(20) unsigned NOT NULL,
  `dc_orden_rem_id` bigint(20) unsigned NOT NULL,
  `created_at` timestamp NULL DEFAULT NULL,
  `updated_at` timestamp NULL DEFAULT NULL,
  `deleted_at` timestamp NULL DEFAULT NULL,
  PRIMARY KEY (`id`),
  KEY `dc_ov_rem_clientes_dc_orden_id_foreign` (`dc_orden_id`),
  KEY `dc_ov_rem_clientes_dc_orden_rem_id_foreign` (`dc_orden_rem_id`),
  CONSTRAINT `dc_ov_rem_clientes_dc_orden_id_foreign` FOREIGN KEY (`dc_orden_id`) REFERENCES `dc_ordenes` (`id`),
  CONSTRAINT `dc_ov_rem_clientes_dc_orden_rem_id_foreign` FOREIGN KEY (`dc_orden_rem_id`) REFERENCES `dc_ordenes` (`id`)
) ENGINE=InnoDB DEFAULT CHARSET=utf8mb4 COLLATE=utf8mb4_unicode_ci;

--
-- Dumping data for table `dc_ov_rem_clientes`
--


--
-- Table structure for table `dc_ov_remc_occ`
--

CREATE TABLE `dc_ov_remc_occ` (
  `id` bigint(20) unsigned NOT NULL AUTO_INCREMENT,
  `dc_orden_id` bigint(20) unsigned DEFAULT NULL,
  `dc_orden_detail_id` bigint(20) unsigned DEFAULT NULL,
  `dc_occ_id` bigint(20) unsigned DEFAULT NULL,
  `dc_occ_detail_id` bigint(20) unsigned DEFAULT NULL,
  `user_id` bigint(20) unsigned DEFAULT NULL,
  `created_at` timestamp NULL DEFAULT NULL,
  `updated_at` timestamp NULL DEFAULT NULL,
  `deleted_at` timestamp NULL DEFAULT NULL,
  PRIMARY KEY (`id`),
  KEY `dc_ov_remc_occ_dc_orden_id_foreign` (`dc_orden_id`),
  KEY `dc_ov_remc_occ_dc_orden_detail_id_foreign` (`dc_orden_detail_id`),
  KEY `dc_ov_remc_occ_dc_occ_id_foreign` (`dc_occ_id`),
  KEY `dc_ov_remc_occ_dc_occ_detail_id_foreign` (`dc_occ_detail_id`),
  CONSTRAINT `dc_ov_remc_occ_dc_occ_detail_id_foreign` FOREIGN KEY (`dc_occ_detail_id`) REFERENCES `dc_ordenes_details` (`id`),
  CONSTRAINT `dc_ov_remc_occ_dc_occ_id_foreign` FOREIGN KEY (`dc_occ_id`) REFERENCES `dc_ordenes` (`id`),
  CONSTRAINT `dc_ov_remc_occ_dc_orden_detail_id_foreign` FOREIGN KEY (`dc_orden_detail_id`) REFERENCES `dc_ordenes_details` (`id`),
  CONSTRAINT `dc_ov_remc_occ_dc_orden_id_foreign` FOREIGN KEY (`dc_orden_id`) REFERENCES `dc_ordenes` (`id`)
) ENGINE=InnoDB DEFAULT CHARSET=utf8mb4 COLLATE=utf8mb4_unicode_ci;

--
-- Dumping data for table `dc_ov_remc_occ`
--


--
-- Table structure for table `dc_ov_sol_facturacion`
--

CREATE TABLE `dc_ov_sol_facturacion` (
  `id` bigint(20) unsigned NOT NULL AUTO_INCREMENT,
  `user_id` int(10) unsigned DEFAULT NULL,
  `dc_orden_id` bigint(20) unsigned NOT NULL,
  `dc_sol_facturacion_id` bigint(20) unsigned NOT NULL,
  `created_at` timestamp NULL DEFAULT NULL,
  `updated_at` timestamp NULL DEFAULT NULL,
  `deleted_at` timestamp NULL DEFAULT NULL,
  PRIMARY KEY (`id`),
  KEY `dc_ov_sol_facturacion_dc_orden_id_foreign` (`dc_orden_id`),
  KEY `dc_ov_sol_facturacion_dc_sol_facturacion_id_foreign` (`dc_sol_facturacion_id`),
  CONSTRAINT `dc_ov_sol_facturacion_dc_orden_id_foreign` FOREIGN KEY (`dc_orden_id`) REFERENCES `dc_ordenes` (`id`),
  CONSTRAINT `dc_ov_sol_facturacion_dc_sol_facturacion_id_foreign` FOREIGN KEY (`dc_sol_facturacion_id`) REFERENCES `dc_ordenes` (`id`)
) ENGINE=InnoDB DEFAULT CHARSET=utf8mb4 COLLATE=utf8mb4_unicode_ci;

--
-- Dumping data for table `dc_ov_sol_facturacion`
--


--
-- Table structure for table `dc_ov_status_cobranza`
--

CREATE TABLE `dc_ov_status_cobranza` (
  `id` bigint(20) unsigned NOT NULL AUTO_INCREMENT,
  `user_id` int(10) unsigned DEFAULT NULL,
  `descripcion` varchar(191) COLLATE utf8mb4_unicode_ci NOT NULL,
  `habilitado` tinyint(1) NOT NULL DEFAULT '1',
  `created_at` timestamp NULL DEFAULT NULL,
  `updated_at` timestamp NULL DEFAULT NULL,
  `deleted_at` timestamp NULL DEFAULT NULL,
  PRIMARY KEY (`id`)
) ENGINE=InnoDB AUTO_INCREMENT=4 DEFAULT CHARSET=utf8mb4 COLLATE=utf8mb4_unicode_ci;

--
-- Dumping data for table `dc_ov_status_cobranza`
--

INSERT INTO `dc_ov_status_cobranza` VALUES (1,NULL,'Pendiente',1,NULL,NULL,NULL),(2,NULL,'Parcial',1,NULL,NULL,NULL),(3,NULL,'Completa',1,NULL,NULL,NULL);

--
-- Table structure for table `dc_ov_status_entrega`
--

CREATE TABLE `dc_ov_status_entrega` (
  `id` bigint(20) unsigned NOT NULL AUTO_INCREMENT,
  `user_id` int(10) unsigned DEFAULT NULL,
  `descripcion` varchar(191) COLLATE utf8mb4_unicode_ci NOT NULL,
  `habilitado` tinyint(1) NOT NULL DEFAULT '1',
  `created_at` timestamp NULL DEFAULT NULL,
  `updated_at` timestamp NULL DEFAULT NULL,
  `deleted_at` timestamp NULL DEFAULT NULL,
  PRIMARY KEY (`id`)
) ENGINE=InnoDB AUTO_INCREMENT=4 DEFAULT CHARSET=utf8mb4 COLLATE=utf8mb4_unicode_ci;

--
-- Dumping data for table `dc_ov_status_entrega`
--

INSERT INTO `dc_ov_status_entrega` VALUES (1,NULL,'Pendiente',1,NULL,NULL,NULL),(2,NULL,'Parcial',1,NULL,NULL,NULL),(3,NULL,'Completa',1,NULL,NULL,NULL);

--
-- Table structure for table `dc_ov_status_factura`
--

CREATE TABLE `dc_ov_status_factura` (
  `id` bigint(20) unsigned NOT NULL AUTO_INCREMENT,
  `user_id` int(10) unsigned DEFAULT NULL,
  `descripcion` varchar(191) COLLATE utf8mb4_unicode_ci NOT NULL,
  `habilitado` tinyint(1) NOT NULL DEFAULT '1',
  `created_at` timestamp NULL DEFAULT NULL,
  `updated_at` timestamp NULL DEFAULT NULL,
  `deleted_at` timestamp NULL DEFAULT NULL,
  PRIMARY KEY (`id`)
) ENGINE=InnoDB AUTO_INCREMENT=5 DEFAULT CHARSET=utf8mb4 COLLATE=utf8mb4_unicode_ci;

--
-- Dumping data for table `dc_ov_status_factura`
--

INSERT INTO `dc_ov_status_factura` VALUES (1,NULL,'Pendiente',1,NULL,NULL,NULL),(2,NULL,'Facturable',1,NULL,NULL,NULL),(3,NULL,'Facturado Parcialmente',1,NULL,NULL,NULL),(4,NULL,'Facturado Totalmente',1,NULL,NULL,NULL);

--
-- Table structure for table `dc_ov_status_venta`
--

CREATE TABLE `dc_ov_status_venta` (
  `id` bigint(20) unsigned NOT NULL AUTO_INCREMENT,
  `user_id` int(10) unsigned DEFAULT NULL,
  `descripcion` varchar(191) COLLATE utf8mb4_unicode_ci NOT NULL,
  `habilitado` tinyint(1) NOT NULL DEFAULT '1',
  `created_at` timestamp NULL DEFAULT NULL,
  `updated_at` timestamp NULL DEFAULT NULL,
  `deleted_at` timestamp NULL DEFAULT NULL,
  PRIMARY KEY (`id`)
) ENGINE=InnoDB AUTO_INCREMENT=5 DEFAULT CHARSET=utf8mb4 COLLATE=utf8mb4_unicode_ci;

--
-- Dumping data for table `dc_ov_status_venta`
--

INSERT INTO `dc_ov_status_venta` VALUES (1,NULL,'Pendiente',1,NULL,NULL,NULL),(2,NULL,'Presupuesto',1,NULL,NULL,NULL),(3,NULL,'Venta',1,NULL,NULL,NULL),(4,NULL,'Rechazada',1,NULL,NULL,NULL);

--
-- Table structure for table `dc_sol_fac_occ`
--

CREATE TABLE `dc_sol_fac_occ` (
  `id` bigint(20) unsigned NOT NULL AUTO_INCREMENT,
  `user_id` int(10) unsigned DEFAULT NULL,
  `dc_orden_id` bigint(20) unsigned NOT NULL COMMENT 'Solicitud Facturación (tipo 21)',
  `dc_orden_detail_id` bigint(20) unsigned NOT NULL COMMENT 'Detalle de SF',
  `dc_occ_id` bigint(20) unsigned NOT NULL COMMENT 'OC Cliente (tipo 20)',
  `dc_occ_detail_id` bigint(20) unsigned NOT NULL COMMENT 'Detalle de OCC',
  `created_at` timestamp NULL DEFAULT NULL,
  `updated_at` timestamp NULL DEFAULT NULL,
  `deleted_at` timestamp NULL DEFAULT NULL,
  PRIMARY KEY (`id`),
  KEY `idx_sf` (`dc_orden_id`),
  KEY `idx_occ` (`dc_occ_id`),
  KEY `dc_sol_fac_occ_dc_orden_detail_id_foreign` (`dc_orden_detail_id`),
  KEY `dc_sol_fac_occ_dc_occ_detail_id_foreign` (`dc_occ_detail_id`),
  CONSTRAINT `dc_sol_fac_occ_dc_occ_detail_id_foreign` FOREIGN KEY (`dc_occ_detail_id`) REFERENCES `dc_ordenes_details` (`id`),
  CONSTRAINT `dc_sol_fac_occ_dc_occ_id_foreign` FOREIGN KEY (`dc_occ_id`) REFERENCES `dc_ordenes` (`id`),
  CONSTRAINT `dc_sol_fac_occ_dc_orden_detail_id_foreign` FOREIGN KEY (`dc_orden_detail_id`) REFERENCES `dc_ordenes_details` (`id`),
  CONSTRAINT `dc_sol_fac_occ_dc_orden_id_foreign` FOREIGN KEY (`dc_orden_id`) REFERENCES `dc_ordenes` (`id`)
) ENGINE=InnoDB DEFAULT CHARSET=utf8mb4 COLLATE=utf8mb4_unicode_ci;

--
-- Dumping data for table `dc_sol_fac_occ`
--


--
-- Table structure for table `despachos`
--

CREATE TABLE `despachos` (
  `id` bigint(20) unsigned NOT NULL AUTO_INCREMENT,
  `user_id` int(10) unsigned DEFAULT NULL,
  `person_id` int(10) unsigned NOT NULL,
  `person_id_relationed` int(10) unsigned NOT NULL,
  `moneda_id` int(10) unsigned NOT NULL,
  `fecha` datetime NOT NULL DEFAULT '2025-04-28 16:10:36',
  `is_ponderacion_autom` tinyint(1) NOT NULL DEFAULT '1',
  `is_garantia` tinyint(1) NOT NULL DEFAULT '0',
  `numero` int(10) unsigned DEFAULT NULL,
  `comentario` longtext COLLATE utf8mb4_unicode_ci,
  `total` decimal(16,2) NOT NULL DEFAULT '0.00',
  `total_parte_1` decimal(16,2) NOT NULL DEFAULT '0.00',
  `total_parte_2` decimal(16,2) NOT NULL DEFAULT '0.00',
  `total_parte_3` decimal(16,2) NOT NULL DEFAULT '0.00',
  `cotizacion` decimal(16,2) NOT NULL DEFAULT '0.00',
  `created_at` timestamp NULL DEFAULT NULL,
  `updated_at` timestamp NULL DEFAULT NULL,
  `deleted_at` timestamp NULL DEFAULT NULL,
  PRIMARY KEY (`id`),
  KEY `despachos_person_id_foreign` (`person_id`),
  KEY `despachos_person_id_relationed_foreign` (`person_id_relationed`),
  KEY `despachos_moneda_id_foreign` (`moneda_id`),
  CONSTRAINT `despachos_moneda_id_foreign` FOREIGN KEY (`moneda_id`) REFERENCES `monedas` (`id`),
  CONSTRAINT `despachos_person_id_foreign` FOREIGN KEY (`person_id`) REFERENCES `persons` (`id`),
  CONSTRAINT `despachos_person_id_relationed_foreign` FOREIGN KEY (`person_id_relationed`) REFERENCES `persons` (`id`)
) ENGINE=InnoDB DEFAULT CHARSET=utf8mb4 COLLATE=utf8mb4_unicode_ci;

--
-- Dumping data for table `despachos`
--


--
-- Table structure for table `despachos_cierres`
--

CREATE TABLE `despachos_cierres` (
  `id` bigint(20) unsigned NOT NULL AUTO_INCREMENT,
  `user_id` int(10) unsigned DEFAULT NULL,
  `despacho_id` bigint(20) unsigned NOT NULL,
  `receipt_id` int(10) unsigned DEFAULT NULL,
  `dc_orden_id` bigint(20) unsigned NOT NULL,
  `dc_orden_detail_id` bigint(20) unsigned NOT NULL,
  `inv_producto_id` bigint(20) unsigned DEFAULT NULL,
  `costo_antes` decimal(16,2) NOT NULL DEFAULT '0.00',
  `cantidades` decimal(16,2) DEFAULT '0.00',
  `precio_x_cantidad` decimal(16,2) DEFAULT '0.00',
  `ratio` decimal(16,4) NOT NULL DEFAULT '0.0000',
  `incremento` decimal(16,2) NOT NULL DEFAULT '0.00',
  `incremento_x_cantidad` decimal(16,2) DEFAULT '0.00',
  `costo_despues` decimal(16,2) NOT NULL DEFAULT '0.00',
  `created_at` timestamp NULL DEFAULT NULL,
  `updated_at` timestamp NULL DEFAULT NULL,
  `deleted_at` timestamp NULL DEFAULT NULL,
  PRIMARY KEY (`id`),
  KEY `despachos_cierres_despacho_id_foreign` (`despacho_id`),
  KEY `despachos_cierres_receipt_id_foreign` (`receipt_id`),
  KEY `despachos_cierres_dc_orden_id_foreign` (`dc_orden_id`),
  KEY `despachos_cierres_dc_orden_detail_id_foreign` (`dc_orden_detail_id`),
  KEY `despachos_cierres_inv_producto_id_foreign` (`inv_producto_id`),
  CONSTRAINT `despachos_cierres_dc_orden_detail_id_foreign` FOREIGN KEY (`dc_orden_detail_id`) REFERENCES `dc_ordenes_details` (`id`),
  CONSTRAINT `despachos_cierres_dc_orden_id_foreign` FOREIGN KEY (`dc_orden_id`) REFERENCES `dc_ordenes` (`id`),
  CONSTRAINT `despachos_cierres_despacho_id_foreign` FOREIGN KEY (`despacho_id`) REFERENCES `despachos` (`id`),
  CONSTRAINT `despachos_cierres_inv_producto_id_foreign` FOREIGN KEY (`inv_producto_id`) REFERENCES `inv_productos` (`id`),
  CONSTRAINT `despachos_cierres_receipt_id_foreign` FOREIGN KEY (`receipt_id`) REFERENCES `receipts` (`id`)
) ENGINE=InnoDB DEFAULT CHARSET=utf8mb4 COLLATE=utf8mb4_unicode_ci;

--
-- Dumping data for table `despachos_cierres`
--


--
-- Table structure for table `despachos_details`
--

CREATE TABLE `despachos_details` (
  `id` bigint(20) unsigned NOT NULL AUTO_INCREMENT,
  `user_id` int(10) unsigned DEFAULT NULL,
  `despacho_id` bigint(20) unsigned NOT NULL,
  `despacho_parte_id` bigint(20) unsigned NOT NULL,
  `receipt_id` int(10) unsigned DEFAULT NULL,
  `porcentaje_ponderacion` decimal(8,2) NOT NULL DEFAULT '0.00',
  `created_at` timestamp NULL DEFAULT NULL,
  `updated_at` timestamp NULL DEFAULT NULL,
  `deleted_at` timestamp NULL DEFAULT NULL,
  PRIMARY KEY (`id`),
  KEY `despachos_details_despacho_id_foreign` (`despacho_id`),
  KEY `despachos_details_despacho_parte_id_foreign` (`despacho_parte_id`),
  KEY `despachos_details_receipt_id_foreign` (`receipt_id`),
  CONSTRAINT `despachos_details_despacho_id_foreign` FOREIGN KEY (`despacho_id`) REFERENCES `despachos` (`id`),
  CONSTRAINT `despachos_details_despacho_parte_id_foreign` FOREIGN KEY (`despacho_parte_id`) REFERENCES `despachos_partes` (`id`),
  CONSTRAINT `despachos_details_receipt_id_foreign` FOREIGN KEY (`receipt_id`) REFERENCES `receipts` (`id`)
) ENGINE=InnoDB DEFAULT CHARSET=utf8mb4 COLLATE=utf8mb4_unicode_ci;

--
-- Dumping data for table `despachos_details`
--


--
-- Table structure for table `despachos_files`
--

CREATE TABLE `despachos_files` (
  `id` bigint(20) unsigned NOT NULL AUTO_INCREMENT,
  `user_id` int(10) unsigned DEFAULT NULL,
  `despacho_id` bigint(20) unsigned NOT NULL,
  `descripcion` varchar(255) COLLATE utf8mb4_unicode_ci DEFAULT NULL,
  `path` varchar(191) COLLATE utf8mb4_unicode_ci DEFAULT NULL,
  `name_original` varchar(191) COLLATE utf8mb4_unicode_ci DEFAULT NULL,
  `created_at` timestamp NULL DEFAULT NULL,
  `updated_at` timestamp NULL DEFAULT NULL,
  `deleted_at` timestamp NULL DEFAULT NULL,
  PRIMARY KEY (`id`),
  KEY `despachos_files_despacho_id_foreign` (`despacho_id`),
  CONSTRAINT `despachos_files_despacho_id_foreign` FOREIGN KEY (`despacho_id`) REFERENCES `despachos` (`id`)
) ENGINE=InnoDB DEFAULT CHARSET=utf8mb4 COLLATE=utf8mb4_unicode_ci;

--
-- Dumping data for table `despachos_files`
--


--
-- Table structure for table `despachos_partes`
--

CREATE TABLE `despachos_partes` (
  `id` bigint(20) unsigned NOT NULL AUTO_INCREMENT,
  `user_id` int(10) unsigned DEFAULT NULL,
  `descripcion` varchar(255) COLLATE utf8mb4_unicode_ci DEFAULT NULL,
  `habilitado` tinyint(1) NOT NULL DEFAULT '1',
  `created_at` timestamp NULL DEFAULT NULL,
  `updated_at` timestamp NULL DEFAULT NULL,
  `deleted_at` timestamp NULL DEFAULT NULL,
  PRIMARY KEY (`id`)
) ENGINE=InnoDB AUTO_INCREMENT=4 DEFAULT CHARSET=utf8mb4 COLLATE=utf8mb4_unicode_ci;

--
-- Dumping data for table `despachos_partes`
--

INSERT INTO `despachos_partes` VALUES (1,NULL,'Facturas del Proveedor',1,NULL,NULL,NULL),(2,NULL,'Despachos de Importacion',1,NULL,NULL,NULL),(3,NULL,'Facturas de Logistica',1,NULL,NULL,NULL);

--
-- Table structure for table `deudas_impositivas`
--

CREATE TABLE `deudas_impositivas` (
  `id` int(10) unsigned NOT NULL AUTO_INCREMENT,
  `user_id` int(10) unsigned DEFAULT NULL,
  `person_id` int(10) unsigned NOT NULL,
  `vto_impuesto_id` int(10) unsigned NOT NULL,
  `periodo_deuda` varchar(191) COLLATE utf8mb4_unicode_ci DEFAULT NULL,
  `concepto` varchar(191) COLLATE utf8mb4_unicode_ci DEFAULT NULL,
  `importe` decimal(16,2) NOT NULL DEFAULT '0.00',
  `created_at` timestamp NULL DEFAULT NULL,
  `updated_at` timestamp NULL DEFAULT NULL,
  `deleted_at` timestamp NULL DEFAULT NULL,
  PRIMARY KEY (`id`),
  KEY `deudas_impositivas_vto_impuesto_id_foreign` (`vto_impuesto_id`),
  KEY `deudas_impositivas_person_id_foreign` (`person_id`),
  CONSTRAINT `deudas_impositivas_person_id_foreign` FOREIGN KEY (`person_id`) REFERENCES `persons` (`id`),
  CONSTRAINT `deudas_impositivas_vto_impuesto_id_foreign` FOREIGN KEY (`vto_impuesto_id`) REFERENCES `vto_impuestos` (`id`)
) ENGINE=InnoDB DEFAULT CHARSET=utf8mb4 COLLATE=utf8mb4_unicode_ci;

--
-- Dumping data for table `deudas_impositivas`
--


--
-- Table structure for table `ejer_anteriores`
--

CREATE TABLE `ejer_anteriores` (
  `id` int(10) unsigned NOT NULL AUTO_INCREMENT,
  `user_id` int(10) unsigned DEFAULT NULL,
  `person_id` int(10) unsigned NOT NULL,
  `anio` int(11) NOT NULL,
  `ventas` decimal(16,2) DEFAULT NULL,
  `compras` decimal(16,2) DEFAULT NULL,
  `sueldos` decimal(16,2) DEFAULT NULL,
  `impuesto` decimal(16,2) DEFAULT NULL,
  `apagar` decimal(16,2) DEFAULT NULL,
  `afavor` decimal(16,2) DEFAULT NULL,
  `comentario` varchar(255) COLLATE utf8mb4_unicode_ci DEFAULT NULL,
  `created_at` timestamp NULL DEFAULT NULL,
  `updated_at` timestamp NULL DEFAULT NULL,
  `deleted_at` timestamp NULL DEFAULT NULL,
  PRIMARY KEY (`id`),
  KEY `ejer_anteriores_person_id_foreign` (`person_id`),
  CONSTRAINT `ejer_anteriores_person_id_foreign` FOREIGN KEY (`person_id`) REFERENCES `persons` (`id`)
) ENGINE=InnoDB DEFAULT CHARSET=utf8mb4 COLLATE=utf8mb4_unicode_ci;

--
-- Dumping data for table `ejer_anteriores`
--


--
-- Table structure for table `estado_civil`
--

CREATE TABLE `estado_civil` (
  `id` int(10) unsigned NOT NULL AUTO_INCREMENT,
  `user_id` int(10) unsigned DEFAULT NULL,
  `descripcion` varchar(191) COLLATE utf8mb4_unicode_ci NOT NULL,
  `habilitado` tinyint(1) NOT NULL DEFAULT '1',
  `created_at` timestamp NULL DEFAULT NULL,
  `updated_at` timestamp NULL DEFAULT NULL,
  `deleted_at` timestamp NULL DEFAULT NULL,
  PRIMARY KEY (`id`),
  UNIQUE KEY `estado_civil_descripcion_unique` (`descripcion`)
) ENGINE=InnoDB AUTO_INCREMENT=8 DEFAULT CHARSET=utf8mb4 COLLATE=utf8mb4_unicode_ci;

--
-- Dumping data for table `estado_civil`
--

INSERT INTO `estado_civil` VALUES (1,NULL,'Separado Legal',1,'2020-05-28 20:55:23','2020-05-28 20:55:23',NULL),(2,NULL,'Separado de Hecho',1,'2020-05-28 20:55:23','2020-05-28 20:55:23',NULL),(3,NULL,'Divorciado',1,'2020-05-28 20:55:23','2020-05-28 20:55:23',NULL),(4,NULL,'Convivencia',1,'2020-05-28 20:55:23','2020-05-28 20:55:23',NULL),(5,NULL,'Soltero',1,'2020-05-28 20:55:23','2020-05-28 20:55:23',NULL),(6,NULL,'Casado',1,'2020-05-28 20:55:23','2020-05-28 20:55:23',NULL),(7,NULL,'Viudo',1,'2020-05-28 20:55:23','2020-05-28 20:55:23',NULL);

--
-- Table structure for table `fa_masiva`
--

CREATE TABLE `fa_masiva` (
  `id` int(10) unsigned NOT NULL AUTO_INCREMENT,
  `person_id` int(11) NOT NULL,
  `user_id` int(11) NOT NULL,
  `created_at` timestamp NULL DEFAULT NULL,
  `updated_at` timestamp NULL DEFAULT NULL,
  `deleted_at` timestamp NULL DEFAULT NULL,
  PRIMARY KEY (`id`)
) ENGINE=InnoDB DEFAULT CHARSET=utf8mb4 COLLATE=utf8mb4_unicode_ci;

--
-- Dumping data for table `fa_masiva`
--


--
-- Table structure for table `fa_masiva_detalle`
--

CREATE TABLE `fa_masiva_detalle` (
  `id` int(10) unsigned NOT NULL AUTO_INCREMENT,
  `user_id` int(10) unsigned DEFAULT NULL,
  `fa_masiva_id` int(11) NOT NULL,
  `cliente_id` int(11) NOT NULL,
  `tipo_comprobante_id` int(10) unsigned NOT NULL DEFAULT '1',
  `zone_id` int(10) unsigned NOT NULL DEFAULT '22',
  `activity_id` int(10) unsigned NOT NULL DEFAULT '1',
  `cond_frente_iva_id` int(10) unsigned NOT NULL DEFAULT '1',
  `system_tax_id` int(10) unsigned NOT NULL DEFAULT '1',
  `concepto_id` int(10) unsigned NOT NULL DEFAULT '1',
  `taxable_iibb` int(10) unsigned NOT NULL DEFAULT '2',
  `renglon1` varchar(180) COLLATE utf8mb4_unicode_ci DEFAULT NULL,
  `importe1` decimal(20,2) DEFAULT NULL,
  `renglon2` varchar(180) COLLATE utf8mb4_unicode_ci DEFAULT NULL,
  `importe2` decimal(20,2) DEFAULT NULL,
  `renglon3` varchar(180) COLLATE utf8mb4_unicode_ci DEFAULT NULL,
  `importe3` decimal(20,2) DEFAULT NULL,
  `punto_venta_id` int(11) DEFAULT NULL,
  `fecha_comprobante` date DEFAULT NULL,
  `fecha_facturado_desde` date DEFAULT NULL,
  `fecha_facturado_hasta` date DEFAULT NULL,
  `fecha_vencimiento_pago` date DEFAULT NULL,
  `created_at` timestamp NULL DEFAULT NULL,
  `updated_at` timestamp NULL DEFAULT NULL,
  `deleted_at` timestamp NULL DEFAULT NULL,
  PRIMARY KEY (`id`),
  KEY `fa_masiva_detalle_concepto_id_foreign` (`concepto_id`),
  KEY `fa_masiva_detalle_system_tax_id_foreign` (`system_tax_id`),
  KEY `fa_masiva_detalle_cond_frente_iva_id_foreign` (`cond_frente_iva_id`),
  KEY `fa_masiva_detalle_zone_id_foreign` (`zone_id`),
  KEY `fa_masiva_detalle_tipo_comprobante_id_foreign` (`tipo_comprobante_id`),
  KEY `fa_masiva_detalle_activity_id_foreign` (`activity_id`),
  CONSTRAINT `fa_masiva_detalle_activity_id_foreign` FOREIGN KEY (`activity_id`) REFERENCES `activities` (`id`),
  CONSTRAINT `fa_masiva_detalle_concepto_id_foreign` FOREIGN KEY (`concepto_id`) REFERENCES `fact_elec_conceptos_afip` (`id`),
  CONSTRAINT `fa_masiva_detalle_cond_frente_iva_id_foreign` FOREIGN KEY (`cond_frente_iva_id`) REFERENCES `fac_elec_cond_frente_iva` (`id`),
  CONSTRAINT `fa_masiva_detalle_system_tax_id_foreign` FOREIGN KEY (`system_tax_id`) REFERENCES `system_taxes` (`id`),
  CONSTRAINT `fa_masiva_detalle_tipo_comprobante_id_foreign` FOREIGN KEY (`tipo_comprobante_id`) REFERENCES `receipt_types` (`id`),
  CONSTRAINT `fa_masiva_detalle_zone_id_foreign` FOREIGN KEY (`zone_id`) REFERENCES `zones` (`id`)
) ENGINE=InnoDB DEFAULT CHARSET=utf8mb4 COLLATE=utf8mb4_unicode_ci;

--
-- Dumping data for table `fa_masiva_detalle`
--


--
-- Table structure for table `fa_masiva_stock`
--

CREATE TABLE `fa_masiva_stock` (
  `id` bigint(20) unsigned NOT NULL AUTO_INCREMENT,
  `user_id` int(10) unsigned DEFAULT NULL,
  `person_id` int(10) unsigned NOT NULL,
  `person_id_relationed` int(10) unsigned NOT NULL,
  `data` longtext COLLATE utf8mb4_unicode_ci,
  `created_at` timestamp NULL DEFAULT NULL,
  `updated_at` timestamp NULL DEFAULT NULL,
  `deleted_at` timestamp NULL DEFAULT NULL,
  PRIMARY KEY (`id`),
  KEY `fa_masiva_stock_person_id_foreign` (`person_id`),
  KEY `fa_masiva_stock_person_id_relationed_foreign` (`person_id_relationed`),
  CONSTRAINT `fa_masiva_stock_person_id_foreign` FOREIGN KEY (`person_id`) REFERENCES `persons` (`id`),
  CONSTRAINT `fa_masiva_stock_person_id_relationed_foreign` FOREIGN KEY (`person_id_relationed`) REFERENCES `persons` (`id`)
) ENGINE=InnoDB DEFAULT CHARSET=utf8mb4 COLLATE=utf8mb4_unicode_ci;

--
-- Dumping data for table `fa_masiva_stock`
--


--
-- Table structure for table `fac_elec_cond_frente_iva`
--

CREATE TABLE `fac_elec_cond_frente_iva` (
  `id` int(10) unsigned NOT NULL AUTO_INCREMENT,
  `name` varchar(191) COLLATE utf8mb4_unicode_ci NOT NULL,
  `created_at` timestamp NULL DEFAULT NULL,
  `updated_at` timestamp NULL DEFAULT NULL,
  `deleted_at` timestamp NULL DEFAULT NULL,
  PRIMARY KEY (`id`),
  UNIQUE KEY `fac_elec_cond_frente_iva_name_unique` (`name`)
) ENGINE=InnoDB AUTO_INCREMENT=11 DEFAULT CHARSET=utf8mb4 COLLATE=utf8mb4_unicode_ci;

--
-- Dumping data for table `fac_elec_cond_frente_iva`
--

INSERT INTO `fac_elec_cond_frente_iva` VALUES (1,'IVA Responsable Inscripto','2019-07-15 18:37:39','2019-07-15 18:37:39',NULL),(2,'IVA Sujeto Exento','2019-07-15 18:37:39','2019-07-15 18:37:39',NULL),(3,'Consumidor Final','2019-07-15 18:37:39','2019-07-15 18:37:39',NULL),(4,'Responsable Monotributo','2019-07-15 18:37:39','2019-07-15 18:37:39',NULL),(5,'Proveedor del Exterior','2019-07-15 18:37:39','2019-07-15 18:37:39',NULL),(6,'Cliente del Exterior','2019-07-15 18:37:39','2019-07-15 18:37:39',NULL),(7,'IVA Liberado - Ley Nº 19.640','2019-07-15 18:37:39','2019-07-15 18:37:39',NULL),(8,'IVA Responsable Inscripto - Agente de Percepción','2019-07-15 18:37:39','2019-07-15 18:37:39',NULL),(9,'Monotributista Social','2019-07-15 18:37:39','2019-07-15 18:37:39',NULL),(10,'IVA No Alcanzado','2019-07-15 18:37:39','2019-07-15 18:37:39',NULL);

--
-- Table structure for table `fac_elec_unidad_medidas`
--

CREATE TABLE `fac_elec_unidad_medidas` (
  `id` int(10) unsigned NOT NULL AUTO_INCREMENT,
  `name` varchar(191) COLLATE utf8mb4_unicode_ci NOT NULL,
  `created_at` timestamp NULL DEFAULT NULL,
  `updated_at` timestamp NULL DEFAULT NULL,
  `deleted_at` timestamp NULL DEFAULT NULL,
  PRIMARY KEY (`id`),
  UNIQUE KEY `fac_elec_unidad_medidas_name_unique` (`name`)
) ENGINE=InnoDB AUTO_INCREMENT=19 DEFAULT CHARSET=utf8mb4 COLLATE=utf8mb4_unicode_ci;

--
-- Dumping data for table `fac_elec_unidad_medidas`
--

INSERT INTO `fac_elec_unidad_medidas` VALUES (1,'Grs','2019-07-15 18:37:39','2019-07-15 18:37:39',NULL),(2,'Kg','2019-07-15 18:37:39','2019-07-15 18:37:39',NULL),(3,'Mts','2019-07-15 18:37:39','2019-07-15 18:37:39',NULL),(4,'Mts2','2019-07-15 18:37:39','2019-07-15 18:37:39',NULL),(5,'Mts3','2019-07-15 18:37:39','2019-07-15 18:37:39',NULL),(6,'Lts','2019-07-15 18:37:39','2019-07-15 18:37:39',NULL),(7,'1000 Kwh','2019-07-15 18:37:39','2019-07-15 18:37:39',NULL),(8,'Unidades','2019-07-15 18:37:39','2019-07-15 18:37:39',NULL),(9,'Pares','2019-07-15 18:37:39','2019-07-15 18:37:39',NULL),(10,'Doc','2019-07-15 18:37:39','2019-07-15 18:37:39',NULL),(11,'Quilates','2019-07-15 18:37:39','2019-07-15 18:37:39',NULL),(12,'Millares','2019-07-15 18:37:39','2019-07-15 18:37:39',NULL),(13,'Milimetros','2019-07-15 18:37:39','2019-07-15 18:37:39',NULL),(14,'Mm 3','2019-07-15 18:37:39','2019-07-15 18:37:39',NULL),(15,'Km','2019-07-15 18:37:39','2019-07-15 18:37:39',NULL),(16,'Hectolitros','2019-07-15 18:37:39','2019-07-15 18:37:39',NULL),(17,'Cm','2019-07-15 18:37:39','2019-07-15 18:37:39',NULL),(18,'Cm 3','2019-07-15 18:37:39','2019-07-15 18:37:39',NULL);

--
-- Table structure for table `fact_elec_conceptos_afip`
--

CREATE TABLE `fact_elec_conceptos_afip` (
  `id` int(10) unsigned NOT NULL AUTO_INCREMENT,
  `afip_comprobante_id` int(10) unsigned NOT NULL,
  `descripcion` varchar(180) COLLATE utf8mb4_unicode_ci NOT NULL,
  `created_at` timestamp NULL DEFAULT NULL,
  `updated_at` timestamp NULL DEFAULT NULL,
  PRIMARY KEY (`id`)
) ENGINE=InnoDB AUTO_INCREMENT=4 DEFAULT CHARSET=utf8mb4 COLLATE=utf8mb4_unicode_ci;

--
-- Dumping data for table `fact_elec_conceptos_afip`
--

INSERT INTO `fact_elec_conceptos_afip` VALUES (1,1,'Producto','2019-03-13 13:29:34','2019-03-13 13:29:34'),(2,2,'Servicios','2019-03-13 13:29:34','2019-03-13 13:29:34'),(3,3,'Productos y Servicios','2019-03-13 13:29:34','2019-03-13 13:29:34');

--
-- Table structure for table `fact_elec_perc_ret`
--

CREATE TABLE `fact_elec_perc_ret` (
  `id` int(10) unsigned NOT NULL AUTO_INCREMENT,
  `user_id` int(10) unsigned DEFAULT NULL,
  `descripcion` varchar(191) COLLATE utf8mb4_unicode_ci NOT NULL,
  `codigo_afip` int(10) unsigned NOT NULL,
  `other_tax_id` int(10) unsigned NOT NULL,
  `habilitado` tinyint(1) NOT NULL DEFAULT '1',
  `created_at` timestamp NULL DEFAULT NULL,
  `updated_at` timestamp NULL DEFAULT NULL,
  `deleted_at` timestamp NULL DEFAULT NULL,
  PRIMARY KEY (`id`),
  KEY `fact_elec_perc_ret_other_tax_id_foreign` (`other_tax_id`),
  CONSTRAINT `fact_elec_perc_ret_other_tax_id_foreign` FOREIGN KEY (`other_tax_id`) REFERENCES `other_taxes` (`id`)
) ENGINE=InnoDB AUTO_INCREMENT=6 DEFAULT CHARSET=utf8mb4 COLLATE=utf8mb4_unicode_ci;

--
-- Dumping data for table `fact_elec_perc_ret`
--

INSERT INTO `fact_elec_perc_ret` VALUES (1,NULL,'Per./Ret de Imp. a las Ganancias',1,1032,1,NULL,NULL,NULL),(2,NULL,'Per./Ret de IVA',1,1000,1,NULL,NULL,NULL),(3,NULL,'Per./Ret de IIBB',2,1006,1,NULL,NULL,NULL),(4,NULL,'Impuestos Internos',4,1001,1,NULL,NULL,NULL),(5,NULL,'Impuestos Municipales',3,1031,1,NULL,NULL,NULL);

--
-- Table structure for table `fact_elec_perc_ret_details`
--

CREATE TABLE `fact_elec_perc_ret_details` (
  `id` bigint(20) unsigned NOT NULL AUTO_INCREMENT,
  `user_id` int(10) unsigned DEFAULT NULL,
  `fact_elec_perc_ret_id` int(10) unsigned NOT NULL,
  `person_id` int(10) unsigned NOT NULL,
  `fact_elec_receipt_id` int(10) unsigned NOT NULL,
  `detalle` varchar(191) COLLATE utf8mb4_unicode_ci DEFAULT NULL,
  `zone_id` int(10) unsigned DEFAULT NULL,
  `base_imponible` decimal(16,2) DEFAULT NULL,
  `alicuota` decimal(16,2) DEFAULT NULL,
  `importe` decimal(16,2) DEFAULT NULL,
  `created_at` timestamp NULL DEFAULT NULL,
  `updated_at` timestamp NULL DEFAULT NULL,
  `deleted_at` timestamp NULL DEFAULT NULL,
  PRIMARY KEY (`id`),
  KEY `fact_elec_perc_ret_details_fact_elec_perc_ret_id_foreign` (`fact_elec_perc_ret_id`),
  KEY `fact_elec_perc_ret_details_person_id_foreign` (`person_id`),
  KEY `fact_elec_perc_ret_details_fact_elec_receipt_id_foreign` (`fact_elec_receipt_id`),
  KEY `fact_elec_perc_ret_details_zone_id_foreign` (`zone_id`),
  CONSTRAINT `fact_elec_perc_ret_details_fact_elec_perc_ret_id_foreign` FOREIGN KEY (`fact_elec_perc_ret_id`) REFERENCES `fact_elec_perc_ret` (`id`),
  CONSTRAINT `fact_elec_perc_ret_details_fact_elec_receipt_id_foreign` FOREIGN KEY (`fact_elec_receipt_id`) REFERENCES `fact_elec_receipts` (`id`),
  CONSTRAINT `fact_elec_perc_ret_details_person_id_foreign` FOREIGN KEY (`person_id`) REFERENCES `persons` (`id`),
  CONSTRAINT `fact_elec_perc_ret_details_zone_id_foreign` FOREIGN KEY (`zone_id`) REFERENCES `zones` (`id`)
) ENGINE=InnoDB DEFAULT CHARSET=utf8mb4 COLLATE=utf8mb4_unicode_ci;

--
-- Dumping data for table `fact_elec_perc_ret_details`
--


--
-- Table structure for table `fact_elec_puntos_venta`
--

CREATE TABLE `fact_elec_puntos_venta` (
  `id` int(10) unsigned NOT NULL AUTO_INCREMENT,
  `user_id` int(10) unsigned DEFAULT NULL,
  `direccion` varchar(180) COLLATE utf8mb4_unicode_ci NOT NULL,
  `created_at` timestamp NULL DEFAULT NULL,
  `updated_at` timestamp NULL DEFAULT NULL,
  `person_id` int(10) unsigned NOT NULL,
  `codigo` varchar(255) COLLATE utf8mb4_unicode_ci DEFAULT '0000',
  `codigo_postal` varchar(20) COLLATE utf8mb4_unicode_ci DEFAULT NULL,
  `zone_id` int(11) DEFAULT NULL,
  `logo` varchar(191) COLLATE utf8mb4_unicode_ci DEFAULT NULL,
  `habilitado` tinyint(1) NOT NULL DEFAULT '1',
  `deleted_at` timestamp NULL DEFAULT NULL,
  PRIMARY KEY (`id`),
  KEY `fact_elec_puntos_venta_person_id_foreign` (`person_id`),
  CONSTRAINT `fact_elec_puntos_venta_person_id_foreign` FOREIGN KEY (`person_id`) REFERENCES `persons` (`id`)
) ENGINE=InnoDB AUTO_INCREMENT=5 DEFAULT CHARSET=utf8mb4 COLLATE=utf8mb4_unicode_ci;

--
-- Dumping data for table `fact_elec_puntos_venta`
--

INSERT INTO `fact_elec_puntos_venta` VALUES (1,8522,'Lisandro de la Torre 277 5°B','2023-02-28 13:56:45','2023-02-28 14:01:39',40718,'1','1408',22,'img//20111111112/logo_punto_venta_0001.png',1,NULL),(3,9581,'Peron, Juan Tte. Gral 1678, CABA','2023-08-29 17:45:42','2023-08-29 17:46:36',40815,'4','1000 al 1465',22,NULL,1,NULL),(4,9581,'PERON, JUAN TTE.GRAL. 2233 Piso:1\r\n1040-CIUDAD AUTONOMA BUENOS AIRES','2024-08-06 14:04:29','2024-08-06 14:07:41',54790,'3','null',22,NULL,1,NULL);

--
-- Table structure for table `fact_elec_receipt_details`
--

CREATE TABLE `fact_elec_receipt_details` (
  `id` int(10) unsigned NOT NULL AUTO_INCREMENT,
  `user_id` int(10) unsigned DEFAULT NULL,
  `fact_elec_receipt_id` int(10) unsigned NOT NULL,
  `descripcion` text COLLATE utf8mb4_unicode_ci NOT NULL,
  `cantidad` decimal(20,2) NOT NULL,
  `unidad_medida` text COLLATE utf8mb4_unicode_ci,
  `precio_unitario` decimal(20,2) NOT NULL,
  `neto_gravado` decimal(20,2) NOT NULL,
  `bonificacion_porcentaje` decimal(20,2) DEFAULT NULL,
  `bonificacion_monto` decimal(20,2) DEFAULT NULL,
  `bonificacion_subtotal` decimal(20,2) DEFAULT NULL,
  `system_tax_id` int(10) unsigned NOT NULL DEFAULT '1',
  `iva_monto` decimal(20,2) DEFAULT NULL,
  `iva_subtotal` decimal(20,2) DEFAULT NULL,
  `created_at` timestamp NULL DEFAULT NULL,
  `updated_at` timestamp NULL DEFAULT NULL,
  `codigo` varchar(100) COLLATE utf8mb4_unicode_ci DEFAULT NULL,
  `deleted_at` timestamp NULL DEFAULT NULL,
  PRIMARY KEY (`id`),
  KEY `fact_elec_receipt_details_fact_elec_receipt_id_foreign` (`fact_elec_receipt_id`),
  KEY `fact_elec_receipt_details_system_tax_id_foreign` (`system_tax_id`),
  CONSTRAINT `fact_elec_receipt_details_fact_elec_receipt_id_foreign` FOREIGN KEY (`fact_elec_receipt_id`) REFERENCES `fact_elec_receipts` (`id`),
  CONSTRAINT `fact_elec_receipt_details_system_tax_id_foreign` FOREIGN KEY (`system_tax_id`) REFERENCES `system_taxes` (`id`)
) ENGINE=InnoDB AUTO_INCREMENT=6 DEFAULT CHARSET=utf8mb4 COLLATE=utf8mb4_unicode_ci;

--
-- Dumping data for table `fact_elec_receipt_details`
--

INSERT INTO `fact_elec_receipt_details` VALUES (3,9581,5,'Trusa Faja Enteriza S/costura Modeladora Media Pierna Mujer',1.00,'8',5690.36,5690.36,0.00,0.00,0.00,2,1194.98,6885.34,'2023-09-28 11:44:00','2023-09-28 11:44:00','234',NULL),(4,9581,5,'ENVIO',1.00,'8',3438.00,3438.00,0.00,0.00,0.00,2,721.98,4159.98,'2023-09-28 11:44:00','2023-09-28 11:44:00','234',NULL),(5,9581,6,'Venta de productos electrónicos varios, según detalle.',1.00,'8',335359.00,335359.00,0.00,0.00,0.00,2,70425.39,405784.39,'2024-08-06 17:38:54','2024-08-06 17:38:54','1',NULL);

--
-- Table structure for table `fact_elec_receipts`
--

CREATE TABLE `fact_elec_receipts` (
  `id` int(10) unsigned NOT NULL AUTO_INCREMENT,
  `user_id` int(11) DEFAULT NULL,
  `fecha_comprobante` date NOT NULL,
  `fecha_facturado_desde` date DEFAULT NULL,
  `fecha_facturado_hasta` date DEFAULT NULL,
  `fecha_vencimiento_pago` date DEFAULT NULL,
  `concepto_id` int(10) unsigned NOT NULL,
  `punto_venta_id` int(10) unsigned NOT NULL,
  `tipo_comprobante_id` int(10) unsigned NOT NULL,
  `condiciones_venta` varchar(180) COLLATE utf8mb4_unicode_ci NOT NULL,
  `comprobante_asoc` longtext COLLATE utf8mb4_unicode_ci,
  `created_at` timestamp NULL DEFAULT NULL,
  `updated_at` timestamp NULL DEFAULT NULL,
  `cae` varchar(180) COLLATE utf8mb4_unicode_ci DEFAULT NULL,
  `cae_vencimiento` date DEFAULT NULL,
  `nro_comprobante_afip` varchar(191) COLLATE utf8mb4_unicode_ci DEFAULT NULL,
  `fecha_proceso_afip` varchar(191) COLLATE utf8mb4_unicode_ci DEFAULT NULL,
  `person_id` int(10) unsigned NOT NULL,
  `person_id_receptor` int(10) unsigned NOT NULL,
  `condicion_venta_id` int(11) DEFAULT NULL,
  `cond_frente_iva_id` int(10) unsigned NOT NULL DEFAULT '1',
  `cbu` varchar(191) COLLATE utf8mb4_unicode_ci DEFAULT NULL,
  `opcion_transferencia` longtext COLLATE utf8mb4_unicode_ci,
  `referencia` text COLLATE utf8mb4_unicode_ci,
  `alias_cbu` varchar(191) COLLATE utf8mb4_unicode_ci DEFAULT NULL,
  `total_otros_tributos` decimal(16,2) DEFAULT '0.00',
  `total` decimal(16,2) NOT NULL DEFAULT '0.00',
  `moneda_id` int(10) unsigned NOT NULL DEFAULT '1',
  `cotizacion` decimal(9,2) NOT NULL DEFAULT '1.00',
  `deleted_at` timestamp NULL DEFAULT NULL,
  PRIMARY KEY (`id`),
  KEY `fact_elec_receipts_user_id_foreign` (`user_id`),
  KEY `fact_elec_receipts_punto_venta_id_foreign` (`punto_venta_id`),
  KEY `fact_elec_receipts_tipo_comprobante_id_foreign` (`tipo_comprobante_id`),
  KEY `fact_elec_receipts_person_id_foreign` (`person_id`),
  KEY `fact_elec_receipts_person_id_receptor_foreign` (`person_id_receptor`),
  KEY `fact_elec_receipts_cond_frente_iva_id_foreign` (`cond_frente_iva_id`),
  KEY `fact_elec_receipts_moneda_id_foreign` (`moneda_id`),
  CONSTRAINT `fact_elec_receipts_cond_frente_iva_id_foreign` FOREIGN KEY (`cond_frente_iva_id`) REFERENCES `condicion_frente_al_iva` (`id`),
  CONSTRAINT `fact_elec_receipts_moneda_id_foreign` FOREIGN KEY (`moneda_id`) REFERENCES `monedas` (`id`),
  CONSTRAINT `fact_elec_receipts_person_id_foreign` FOREIGN KEY (`person_id`) REFERENCES `persons` (`id`),
  CONSTRAINT `fact_elec_receipts_person_id_receptor_foreign` FOREIGN KEY (`person_id_receptor`) REFERENCES `persons` (`id`),
  CONSTRAINT `fact_elec_receipts_punto_venta_id_foreign` FOREIGN KEY (`punto_venta_id`) REFERENCES `fact_elec_puntos_venta` (`id`),
  CONSTRAINT `fact_elec_receipts_tipo_comprobante_id_foreign` FOREIGN KEY (`tipo_comprobante_id`) REFERENCES `receipt_types` (`id`)
) ENGINE=InnoDB AUTO_INCREMENT=7 DEFAULT CHARSET=utf8mb4 COLLATE=utf8mb4_unicode_ci;

--
-- Dumping data for table `fact_elec_receipts`
--

INSERT INTO `fact_elec_receipts` VALUES (1,9581,'2023-08-20','2023-08-20','2023-08-20','2023-08-20',3,3,34,'','{\"Tipo\":null,\"PtoVta\":null,\"Nro\":null,\"CbteFch\":\"08-29-2023\",\"anula_comp_rechazado\":\"N\"}','2023-08-29 17:50:10','2023-08-29 17:50:13',NULL,NULL,NULL,NULL,40815,40717,4,1,NULL,NULL,NULL,NULL,0.00,1.21,1,357.00,'2023-08-29 17:50:13'),(2,9581,'2023-08-20','2023-08-20','2023-08-20','2023-08-29',3,3,34,'','{\"Tipo\":null,\"PtoVta\":null,\"Nro\":null,\"CbteFch\":\"08-29-2023\",\"anula_comp_rechazado\":\"N\"}','2023-08-29 17:50:42','2023-08-29 17:50:44',NULL,NULL,NULL,NULL,40815,40717,4,1,NULL,NULL,NULL,NULL,0.00,1.21,1,357.00,'2023-08-29 17:50:44'),(3,9581,'2023-08-20','2023-08-20','2023-08-20','2023-08-20',3,3,1,'','{\"Tipo\":null,\"PtoVta\":null,\"Nro\":null,\"CbteFch\":\"08-29-2023\",\"anula_comp_rechazado\":\"N\"}','2023-08-29 17:51:10','2023-08-29 17:51:12',NULL,NULL,NULL,NULL,40815,40717,4,1,NULL,NULL,NULL,NULL,0.00,1.21,1,357.00,'2023-08-29 17:51:12'),(4,9581,'2023-09-13','2023-09-13','2023-09-13','2023-09-13',1,3,4,'',NULL,'2023-09-28 11:43:19','2023-09-28 11:43:22',NULL,NULL,NULL,NULL,40815,51686,1,5,NULL,NULL,NULL,NULL,0.00,11045.32,1,347.00,'2023-09-28 11:43:22'),(5,9581,'2023-09-27','2023-09-27','2023-09-27','2023-09-27',1,3,4,'',NULL,'2023-09-28 11:44:00','2023-09-28 11:44:02','73390666859158','2023-10-07','8312','2023-10-07',40815,51686,1,5,NULL,NULL,NULL,NULL,0.00,11045.32,1,347.00,NULL),(6,9581,'2024-08-06','2024-08-06','2024-08-06','2024-08-06',1,4,1,'','{\"Tipo\":null,\"PtoVta\":null,\"Nro\":null,\"CbteFch\":\"08-06-2024\",\"anula_comp_rechazado\":\"N\"}','2024-08-06 17:38:54','2024-08-06 17:38:54','74324538509005','2024-08-16','1','2024-08-16',54790,74278,1,1,NULL,NULL,NULL,NULL,0.00,405784.39,1,918.00,NULL);

--
-- Table structure for table `fact_elec_tipos_docs_afip`
--

CREATE TABLE `fact_elec_tipos_docs_afip` (
  `id` int(10) unsigned NOT NULL AUTO_INCREMENT,
  `afip_tipo_doc_id` int(10) unsigned NOT NULL,
  `descripcion` varchar(180) COLLATE utf8mb4_unicode_ci NOT NULL,
  `created_at` timestamp NULL DEFAULT NULL,
  `updated_at` timestamp NULL DEFAULT NULL,
  PRIMARY KEY (`id`)
) ENGINE=InnoDB AUTO_INCREMENT=100 DEFAULT CHARSET=utf8mb4 COLLATE=utf8mb4_unicode_ci;

--
-- Dumping data for table `fact_elec_tipos_docs_afip`
--

INSERT INTO `fact_elec_tipos_docs_afip` VALUES (1,1,'CI Buenos Aires','2019-03-13 13:29:34','2019-03-13 13:29:34'),(2,2,'CI Catamarca','2019-03-13 13:29:34','2019-03-13 13:29:34'),(3,3,'CI Córdoba','2019-03-13 13:29:34','2019-03-13 13:29:34'),(4,4,'CI Corrientes','2019-03-13 13:29:34','2019-03-13 13:29:34'),(5,5,'CI Entre Ríos','2019-03-13 13:29:34','2019-03-13 13:29:34'),(6,6,'CI Jujuy','2019-03-13 13:29:34','2019-03-13 13:29:34'),(7,7,'CI Mendoza','2019-03-13 13:29:34','2019-03-13 13:29:34'),(8,8,'CI La Rioja','2019-03-13 13:29:34','2019-03-13 13:29:34'),(9,9,'CI Salta','2019-03-13 13:29:34','2019-03-13 13:29:34'),(10,10,'CI San Juan','2019-03-13 13:29:34','2019-03-13 13:29:34'),(11,11,'CI San Luis','2019-03-13 13:29:34','2019-03-13 13:29:34'),(12,12,'CI Santa Fe','2019-03-13 13:29:34','2019-03-13 13:29:34'),(13,13,'CI Santiago del Estero','2019-03-13 13:29:34','2019-03-13 13:29:34'),(14,14,'CI Tucumán','2019-03-13 13:29:34','2019-03-13 13:29:34'),(16,16,'CI Chaco','2019-03-13 13:29:34','2019-03-13 13:29:34'),(17,17,'CI Chubut','2019-03-13 13:29:34','2019-03-13 13:29:34'),(18,18,'CI Formosa','2019-03-13 13:29:34','2019-03-13 13:29:34'),(19,19,'CI Misiones','2019-03-13 13:29:34','2019-03-13 13:29:34'),(20,20,'CI Neuquén','2019-03-13 13:29:34','2019-03-13 13:29:34'),(21,21,'CI La Pampa','2019-03-13 13:29:34','2019-03-13 13:29:34'),(22,22,'CI Río Negro','2019-03-13 13:29:34','2019-03-13 13:29:34'),(23,23,'CI Santa Cruz','2019-03-13 13:29:34','2019-03-13 13:29:34'),(24,24,'CI Tierra del Fuego','2019-03-13 13:29:34','2019-03-13 13:29:34'),(80,80,'CUIT','2019-03-13 13:29:34','2019-03-13 13:29:34'),(86,86,'CUIL','2019-03-13 13:29:34','2019-03-13 13:29:34'),(87,87,'CDI','2019-03-13 13:29:34','2019-03-13 13:29:34'),(89,89,'LE','2019-03-13 13:29:34','2019-03-13 13:29:34'),(90,90,'LC','2019-03-13 13:29:34','2019-03-13 13:29:34'),(91,91,'CI Extranjera','2019-03-13 13:29:34','2019-03-13 13:29:34'),(92,92,'en trámite','2019-03-13 13:29:34','2019-03-13 13:29:34'),(93,93,'Acta Nacimiento','2019-03-13 13:29:34','2019-03-13 13:29:34'),(94,94,'Pasaporte','2019-03-13 13:29:34','2019-03-13 13:29:34'),(95,95,'CI Bs. As. RNP','2019-03-13 13:29:34','2019-03-13 13:29:34'),(96,96,'DNI','2019-03-13 13:29:34','2019-03-13 13:29:34'),(97,0,'CI Policía Federal','2019-03-13 13:29:34','2019-03-13 13:29:34'),(99,99,'Doc. (Otro)','2019-03-13 13:29:34','2019-03-13 13:29:34');

--
-- Table structure for table `failed_jobs`
--

CREATE TABLE `failed_jobs` (
  `id` bigint(20) unsigned NOT NULL AUTO_INCREMENT,
  `user_id` int(10) unsigned DEFAULT NULL,
  `connection` text COLLATE utf8mb4_unicode_ci NOT NULL,
  `queue` text COLLATE utf8mb4_unicode_ci NOT NULL,
  `payload` longtext COLLATE utf8mb4_unicode_ci NOT NULL,
  `exception` longtext COLLATE utf8mb4_unicode_ci NOT NULL,
  `failed_at` timestamp NOT NULL DEFAULT CURRENT_TIMESTAMP,
  `deleted_at` timestamp NULL DEFAULT NULL,
  PRIMARY KEY (`id`)
) ENGINE=InnoDB AUTO_INCREMENT=4 DEFAULT CHARSET=utf8mb4 COLLATE=utf8mb4_unicode_ci;

--
-- Dumping data for table `failed_jobs`
--

INSERT INTO `failed_jobs` VALUES (1,NULL,'finance','finance','{\"uuid\":\"82d34492-bcf3-480a-8341-c12cd04cd5cf\",\"displayName\":\"App\\\\Jobs\\\\QueueGenerica\",\"job\":\"Illuminate\\\\Queue\\\\CallQueuedHandler@call\",\"maxTries\":null,\"maxExceptions\":null,\"delay\":null,\"timeout\":null,\"timeoutAt\":null,\"data\":{\"commandName\":\"App\\\\Jobs\\\\QueueGenerica\",\"command\":\"O:22:\\\"App\\\\Jobs\\\\QueueGenerica\\\":9:{s:28:\\\"\\u0000App\\\\Jobs\\\\QueueGenerica\\u0000data\\\";O:29:\\\"Illuminate\\\\Support\\\\Collection\\\":4:{s:8:\\\"\\u0000*\\u0000items\\\";a:0:{}s:11:\\\"controlador\\\";s:46:\\\"\\\\App\\\\Http\\\\Controllers\\\\Data\\\\PortalIVAController\\\";s:6:\\\"metodo\\\";s:27:\\\"execute_importar_portal_iva\\\";s:9:\\\"variables\\\";O:29:\\\"Illuminate\\\\Support\\\\Collection\\\":13:{s:8:\\\"\\u0000*\\u0000items\\\";a:0:{}s:3:\\\"row\\\";O:29:\\\"Illuminate\\\\Support\\\\Collection\\\":1:{s:8:\\\"\\u0000*\\u0000items\\\";a:1244:{i:1;O:29:\\\"Illuminate\\\\Support\\\\Collection\\\":1:{s:8:\\\"\\u0000*\\u0000items\\\";a:17:{i:0;s:10:\\\"2023-12-28\\\";i:1;i:1;i:2;i:4;i:3;i:3292;i:4;i:3292;i:5;i:73520174656783;i:6;i:80;i:7;i:27320746960;i:8;s:23:\\\"VILLALOBO NOELIA NATALI\\\";i:9;s:4:\\\"1,00\\\";i:10;s:3:\\\"PES\\\";i:11;s:8:\\\"18272,17\\\";i:12;s:4:\\\"0,00\\\";i:13;s:4:\\\"0,00\\\";i:14;s:4:\\\"0,00\\\";i:15;s:7:\\\"3837,15\\\";i:16;s:8:\\\"22109,32\\\";}}i:2;O:29:\\\"Illuminate\\\\Support\\\\Collection\\\":1:{s:8:\\\"\\u0000*\\u0000items\\\";a:17:{i:0;s:10:\\\"2023-12-28\\\";i:1;i:1;i:2;i:4;i:3;i:3293;i:4;i:3293;i:5;i:73520174784339;i:6;i:80;i:7;i:23271972954;i:8;s:21:\\\"RIVAS ROCIO MAGDALENA\\\";i:9;s:4:\\\"1,00\\\";i:10;s:3:\\\"PES\\\";i:11;s:8:\\\"16827,02\\\";i:12;s:4:\\\"0,00\\\";i:13;s:4:\\\"0,00\\\";i:14;s:4:\\\"0,00\\\";i:15;s:7:\\\"3533,68\\\";i:16;s:8:\\\"20360,70\\\";}}i:3;O:29:\\\"Illuminate\\\\Support\\\\Collection\\\":1:{s:8:\\\"\\u0000*\\u0000items\\\";a:17:{i:0;s:10:\\\"2023-12-28\\\";i:1;i:1;i:2;i:4;i:3;i:3294;i:4;i:3294;i:5;i:73520174844729;i:6;i:80;i:7;i:20379776117;i:8;s:22:\\\"ALVAREZ VALENTIN TADEO\\\";i:9;s:4:\\\"1,00\\\";i:10;s:3:\\\"PES\\\";i:11;s:7:\\\"8537,18\\\";i:12;s:4:\\\"0,00\\\";i:13;s:4:\\\"0,00\\\";i:14;s:4:\\\"0,00\\\";i:15;s:7:\\\"1792,81\\\";i:16;s:8:\\\"10329,99\\\";}}i:4;O:29:\\\"Illuminate\\\\Support\\\\Collection\\\":1:{s:8:\\\"\\u0000*\\u0000items\\\";a:17:{i:0;s:10:\\\"2023-12-28\\\";i:1;i:1;i:2;i:4;i:3;i:3295;i:4;i:3295;i:5;i:73520174907227;i:6;i:80;i:7;i:27255648921;i:8;s:21:\\\"BUSSI VIVIANA SOLEDAD\\\";i:9;s:4:\\\"1,00\\\";i:10;s:3:\\\"PES\\\";i:11;s:8:\\\"16942,15\\\";i:12;s:4:\\\"0,00\\\";i:13;s:4:\\\"0,00\\\";i:14;s:4:\\\"0,00\\\";i:15;s:7:\\\"3557,85\\\";i:16;s:8:\\\"20500,00\\\";}}i:5;O:29:\\\"Illuminate\\\\Support\\\\Collection\\\":1:{s:8:\\\"\\u0000*\\u0000items\\\";a:17:{i:0;s:10:\\\"2023-12-28\\\";i:1;i:1;i:2;i:4;i:3;i:3296;i:4;i:3296;i:5;i:73520174907298;i:6;i:80;i:7;i:27328089284;i:8;s:21:\\\"LUQUE LUCIANA ALBERTA\\\";i:9;s:4:\\\"1,00\\\";i:10;s:3:\\\"PES\\\";i:11;s:8:\\\"10620,82\\\";i:12;s:4:\\\"0,00\\\";i:13;s:4:\\\"0,00\\\";i:14;s:4:\\\"0,00\\\";i:15;s:7:\\\"2230,37\\\";i:16;s:8:\\\"12851,19\\\";}}i:6;O:29:\\\"Illuminate\\\\Support\\\\Collection\\\":1:{s:8:\\\"\\u0000*\\u0000items\\\";a:17:{i:0;s:10:\\\"2023-12-28\\\";i:1;i:1;i:2;i:4;i:3;i:3297;i:4;i:3297;i:5;i:73520174907463;i:6;i:80;i:7;i:27244697076;i:8;s:22:\\\"MAMONDE MARIA CRISTINA\\\";i:9;s:4:\\\"1,00\\\";i:10;s:3:\\\"PES\\\";i:11;s:8:\\\"61586,78\\\";i:12;s:4:\\\"0,00\\\";i:13;s:4:\\\"0,00\\\";i:14;s:4:\\\"0,00\\\";i:15;s:8:\\\"12933,22\\\";i:16;s:8:\\\"74520,00\\\";}}i:7;O:29:\\\"Illuminate\\\\Support\\\\Collection\\\":1:{s:8:\\\"\\u0000*\\u0000items\\\";a:17:{i:0;s:10:\\\"2023-12-28\\\";i:1;i:1;i:2;i:4;i:3;i:3298;i:4;i:3298;i:5;i:73520174973761;i:6;i:80;i:7;i:30717476790;i:8;s:26:\\\"CIRCUITO BUENOS AIRES S.A.\\\";i:9;s:4:\\\"1,00\\\";i:10;s:3:\\\"PES\\\";i:11;s:8:\\\"53595,04\\\";i:12;s:4:\\\"0,00\\\";i:13;s:4:\\\"0,00\\\";i:14;s:4:\\\"0,00\\\";i:15;s:8:\\\"11254,96\\\";i:16;s:8:\\\"64850,00\\\";}}i:8;O:29:\\\"Illuminate\\\\Support\\\\Collection\\\":1:{s:8:\\\"\\u0000*\\u0000items\\\";a:17:{i:0;s:10:\\\"2023-12-28\\\";i:1;i:1;i:2;i:4;i:3;i:3299;i:4;i:3299;i:5;i:73520174973834;i:6;i:80;i:7;i:20258988052;i:8;s:16:\\\"BIDART JUAN CRUZ\\\";i:9;s:4:\\\"1,00\\\";i:10;s:3:\\\"PES\\\";i:11;s:8:\\\"10236,36\\\";i:12;s:4:\\\"0,00\\\";i:13;s:4:\\\"0,00\\\";i:14;s:4:\\\"0,00\\\";i:15;s:7:\\\"2149,63\\\";i:16;s:8:\\\"12385,99\\\";}}i:9;O:29:\\\"Illuminate\\\\Support\\\\Collection\\\":1:{s:8:\\\"\\u0000*\\u0000items\\\";a:17:{i:0;s:10:\\\"2023-12-28\\\";i:1;i:1;i:2;i:4;i:3;i:3300;i:4;i:3300;i:5;i:73520175040945;i:6;i:80;i:7;i:27339448537;i:8;s:26:\\\"LEIBINSTEIN MARIANA LUCILA\\\";i:9;s:4:\\\"1,00\\\";i:10;s:3:\\\"PES\\\";i:11;s:7:\\\"9420,00\\\";i:12;s:4:\\\"0,00\\\";i:13;s:4:\\\"0,00\\\";i:14;s:4:\\\"0,00\\\";i:15;s:7:\\\"1978,20\\\";i:16;s:8:\\\"11398,20\\\";}}i:10;O:29:\\\"Illuminate\\\\Support\\\\Collection\\\":1:{s:8:\\\"\\u0000*\\u0000items\\\";a:17:{i:0;s:10:\\\"2023-12-28\\\";i:1;i:1;i:2;i:4;i:3;i:3301;i:4;i:3301;i:5;i:73520175096878;i:6;i:80;i:7;i:20215627935;i:8;s:19:\\\"GIRALT ANDRES JAIME\\\";i:9;s:4:\\\"1,00\\\";i:10;s:3:\\\"PES\\\";i:11;s:8:\\\"20247,11\\\";i:12;s:4:\\\"0,00\\\";i:13;s:4:\\\"0,00\\\";i:14;s:4:\\\"0,00\\\";i:15;s:7:\\\"4251,89\\\";i:16;s:8:\\\"24499,00\\\";}}i:11;O:29:\\\"Illuminate\\\\Support\\\\Collection\\\":1:{s:8:\\\"\\u0000*\\u0000items\\\";a:17:{i:0;s:10:\\\"2023-12-28\\\";i:1;i:1;i:2;i:4;i:3;i:3302;i:4;i:3302;i:5;i:73520175096938;i:6;i:80;i:7;i:20385019905;i:8;s:21:\\\"FERNANDEZ JUAN MANUEL\\\";i:9;s:4:\\\"1,00\\\";i:10;s:3:\\\"PES\\\";i:11;s:7:\\\"7395,28\\\";i:12;s:4:\\\"0,00\\\";i:13;s:4:\\\"0,00\\\";i:14;s:4:\\\"0,00\\\";i:15;s:7:\\\"1553,01\\\";i:16;s:7:\\\"8948,29\\\";}}i:12;O:29:\\\"Illuminate\\\\Support\\\\Collection\\\":1:{s:8:\\\"\\u0000*\\u0000items\\\";a:17:{i:0;s:10:\\\"2023-12-28\\\";i:1;i:1;i:2;i:4;i:3;i:3303;i:4;i:3303;i:5;i:73520175156608;i:6;i:80;i:7;i:27293175867;i:8;s:13:\\\"MASSRI DENISE\\\";i:9;s:4:\\\"1,00\\\";i:10;s:3:\\\"PES\\\";i:11;s:7:\\\"6125,86\\\";i:12;s:4:\\\"0,00\\\";i:13;s:4:\\\"0,00\\\";i:14;s:4:\\\"0,00\\\";i:15;s:7:\\\"1286,43\\\";i:16;s:7:\\\"7412,29\\\";}}i:13;O:29:\\\"Illuminate\\\\Support\\\\Collection\\\":1:{s:8:\\\"\\u0000*\\u0000items\\\";a:17:{i:0;s:10:\\\"2023-12-28\\\";i:1;i:1;i:2;i:4;i:3;i:3304;i:4;i:3304;i:5;i:73520175217528;i:6;i:80;i:7;i:30717849775;i:8;s:14:\\\"PRO GASTRO SRL\\\";i:9;s:4:\\\"1,00\\\";i:10;s:3:\\\"PES\\\";i:11;s:7:\\\"6529,90\\\";i:12;s:4:\\\"0,00\\\";i:13;s:4:\\\"0,00\\\";i:14;s:4:\\\"0,00\\\";i:15;s:7:\\\"1371,28\\\";i:16;s:7:\\\"7901,18\\\";}}i:14;O:29:\\\"Illuminate\\\\Support\\\\Collection\\\":1:{s:8:\\\"\\u0000*\\u0000items\\\";a:17:{i:0;s:10:\\\"2023-12-28\\\";i:1;i:1;i:2;i:4;i:3;i:3308;i:4;i:3308;i:5;i:73520201520981;i:6;i:80;i:7;i:20290758174;i:8;s:19:\\\"CONFORTI JUAN PAULO\\\";i:9;s:4:\\\"1,00\\\";i:10;s:3:\\\"PES\\\";i:11;s:7:\\\"9605,16\\\";i:12;s:4:\\\"0,00\\\";i:13;s:4:\\\"0,00\\\";i:14;s:4:\\\"0,00\\\";i:15;s:7:\\\"2017,08\\\";i:16;s:8:\\\"11622,24\\\";}}i:15;O:29:\\\"Illuminate\\\\Support\\\\Collection\\\":1:{s:8:\\\"\\u0000*\\u0000items\\\";a:17:{i:0;s:10:\\\"2023-12-28\\\";i:1;i:1;i:2;i:4;i:3;i:3309;i:4;i:3309;i:5;i:73520201521128;i:6;i:80;i:7;i:20285798087;i:8;s:21:\\\"RIVERO MARCOS GABRIEL\\\";i:9;s:4:\\\"1,00\\\";i:10;s:3:\\\"PES\\\";i:11;s:8:\\\"12823,55\\\";i:12;s:4:\\\"0,00\\\";i:13;s:4:\\\"0,00\\\";i:14;s:4:\\\"0,00\\\";i:15;s:7:\\\"2692,94\\\";i:16;s:8:\\\"15516,49\\\";}}i:16;O:29:\\\"Illuminate\\\\Support\\\\Collection\\\":1:{s:8:\\\"\\u0000*\\u0000items\\\";a:17:{i:0;s:10:\\\"2023-12-28\\\";i:1;i:1;i:2;i:4;i:3;i:3310;i:4;i:3310;i:5;i:73520201521246;i:6;i:80;i:7;i:27118398020;i:8;s:23:\\\"GUALTIERI NILDA CLAUDIA\\\";i:9;s:4:\\\"1,00\\\";i:10;s:3:\\\"PES\\\";i:11;s:7:\\\"5307,60\\\";i:12;s:4:\\\"0,00\\\";i:13;s:4:\\\"0,00\\\";i:14;s:4:\\\"0,00\\\";i:15;s:7:\\\"1114,60\\\";i:16;s:7:\\\"6422,20\\\";}}i:17;O:29:\\\"Illuminate\\\\Support\\\\Collection\\\":1:{s:8:\\\"\\u0000*\\u0000items\\\";a:17:{i:0;s:10:\\\"2023-12-28\\\";i:1;i:1;i:2;i:4;i:3;i:3311;i:4;i:3311;i:5;i:73520201592641;i:6;i:80;i:7;i:20286956069;i:8;s:25:\\\"FLOTTA FEDERICO GUILLERMO\\\";i:9;s:4:\\\"1,00\\\";i:10;s:3:\\\"PES\\\";i:11;s:7:\\\"6466,12\\\";i:12;s:4:\\\"0,00\\\";i:13;s:4:\\\"0,00\\\";i:14;s:4:\\\"0,00\\\";i:15;s:7:\\\"1357,88\\\";i:16;s:7:\\\"7824,00\\\";}}i:18;O:29:\\\"Illuminate\\\\Support\\\\Collection\\\":1:{s:8:\\\"\\u0000*\\u0000items\\\";a:17:{i:0;s:10:\\\"2023-12-28\\\";i:1;i:1;i:2;i:4;i:3;i:3312;i:4;i:3312;i:5;i:73520201655398;i:6;i:80;i:7;i:30717498611;i:8;s:16:\\\"GROUP NAM S.R.L.\\\";i:9;s:4:\\\"1,00\\\";i:10;s:3:\\\"PES\\\";i:11;s:8:\\\"14458,93\\\";i:12;s:4:\\\"0,00\\\";i:13;s:4:\\\"0,00\\\";i:14;s:4:\\\"0,00\\\";i:15;s:7:\\\"3036,37\\\";i:16;s:8:\\\"17495,30\\\";}}i:19;O:29:\\\"Illuminate\\\\Support\\\\Collection\\\":1:{s:8:\\\"\\u0000*\\u0000items\\\";a:17:{i:0;s:10:\\\"2023-12-28\\\";i:1;i:1;i:2;i:4;i:3;i:3346;i:4;i:3346;i:5;i:73520255128008;i:6;i:80;i:7;i:20251265152;i:8;s:19:\\\"JUNCO MATIAS RENATO\\\";i:9;s:4:\\\"1,00\\\";i:10;s:3:\\\"PES\\\";i:11;s:7:\\\"9057,36\\\";i:12;s:4:\\\"0,00\\\";i:13;s:4:\\\"0,00\\\";i:14;s:4:\\\"0,00\\\";i:15;s:7:\\\"1902,04\\\";i:16;s:8:\\\"10959,40\\\";}}i:20;O:29:\\\"Illuminate\\\\Support\\\\Collection\\\":1:{s:8:\\\"\\u0000*\\u0000items\\\";a:17:{i:0;s:10:\\\"2023-12-28\\\";i:1;i:1;i:2;i:4;i:3;i:3321;i:4;i:3321;i:5;i:73520204861289;i:6;i:80;i:7;i:20045585094;i:8;s:21:\\\"SZAJEWICZ MARIO ISAAC\\\";i:9;s:4:\\\"1,00\\\";i:10;s:3:\\\"PES\\\";i:11;s:7:\\\"6931,88\\\";i:12;s:4:\\\"0,00\\\";i:13;s:4:\\\"0,00\\\";i:14;s:4:\\\"0,00\\\";i:15;s:7:\\\"1455,69\\\";i:16;s:7:\\\"8387,57\\\";}}i:21;O:29:\\\"Illuminate\\\\Support\\\\Collection\\\":1:{s:8:\\\"\\u0000*\\u0000items\\\";a:17:{i:0;s:10:\\\"2023-12-28\\\";i:1;i:1;i:2;i:4;i:3;i:3347;i:4;i:3347;i:5;i:73520255322195;i:6;i:80;i:7;i:27271701506;i:8;s:20:\\\"SERIO GABRIELA EDITH\\\";i:9;s:4:\\\"1,00\\\";i:10;s:3:\\\"PES\\\";i:11;s:7:\\\"6926,43\\\";i:12;s:4:\\\"0,00\\\";i:13;s:4:\\\"0,00\\\";i:14;s:4:\\\"0,00\\\";i:15;s:7:\\\"1454,55\\\";i:16;s:7:\\\"8380,98\\\";}}i:22;O:29:\\\"Illuminate\\\\Support\\\\Collection\\\":1:{s:8:\\\"\\u0000*\\u0000items\\\";a:17:{i:0;s:10:\\\"2023-12-28\\\";i:1;i:1;i:2;i:4;i:3;i:3324;i:4;i:3324;i:5;i:73520210867197;i:6;i:80;i:7;i:20920348115;i:8;s:21:\\\"PERRONE WALTER EDWARD\\\";i:9;s:4:\\\"1,00\\\";i:10;s:3:\\\"PES\\\";i:11;s:7:\\\"8890,91\\\";i:12;s:4:\\\"0,00\\\";i:13;s:4:\\\"0,00\\\";i:14;s:4:\\\"0,00\\\";i:15;s:7:\\\"1867,09\\\";i:16;s:8:\\\"10758,00\\\";}}i:23;O:29:\\\"Illuminate\\\\Support\\\\Collection\\\":1:{s:8:\\\"\\u0000*\\u0000items\\\";a:17:{i:0;s:10:\\\"2023-12-28\\\";i:1;i:1;i:2;i:4;i:3;i:3325;i:4;i:3325;i:5;i:73520210867359;i:6;i:80;i:7;i:27263997412;i:8;s:20:\\\"PAEZ NORMA DEL VALLE\\\";i:9;s:4:\\\"1,00\\\";i:10;s:3:\\\"PES\\\";i:11;s:7:\\\"4851,24\\\";i:12;s:4:\\\"0,00\\\";i:13;s:4:\\\"0,00\\\";i:14;s:4:\\\"0,00\\\";i:15;s:7:\\\"1018,76\\\";i:16;s:7:\\\"5870,00\\\";}}i:24;O:29:\\\"Illuminate\\\\Support\\\\Collection\\\":1:{s:8:\\\"\\u0000*\\u0000items\\\";a:17:{i:0;s:10:\\\"2023-12-28\\\";i:1;i:1;i:2;i:4;i:3;i:3322;i:4;i:3322;i:5;i:73520204944958;i:6;i:80;i:7;i:20234938410;i:8;s:21:\\\"MORIS MARCELO GUSTAVO\\\";i:9;s:4:\\\"1,00\\\";i:10;s:3:\\\"PES\\\";i:11;s:7:\\\"5670,04\\\";i:12;s:4:\\\"0,00\\\";i:13;s:4:\\\"0,00\\\";i:14;s:4:\\\"0,00\\\";i:15;s:7:\\\"1190,71\\\";i:16;s:7:\\\"6860,75\\\";}}i:25;O:29:\\\"Illuminate\\\\Support\\\\Collection\\\":1:{s:8:\\\"\\u0000*\\u0000items\\\";a:17:{i:0;s:10:\\\"2023-12-28\\\";i:1;i:1;i:2;i:4;i:3;i:3370;i:4;i:3370;i:5;i:73520330281039;i:6;i:80;i:7;i:30717904040;i:8;s:13:\\\"AB ORT S.R.L.\\\";i:9;s:4:\\\"1,00\\\";i:10;s:3:\\\"PES\\\";i:11;s:7:\\\"5451,25\\\";i:12;s:4:\\\"0,00\\\";i:13;s:4:\\\"0,00\\\";i:14;s:4:\\\"0,00\\\";i:15;s:7:\\\"1144,76\\\";i:16;s:7:\\\"6596,01\\\";}}i:26;O:29:\\\"Illuminate\\\\Support\\\\Collection\\\":1:{s:8:\\\"\\u0000*\\u0000items\\\";a:17:{i:0;s:10:\\\"2023-12-28\\\";i:1;i:1;i:2;i:4;i:3;i:3326;i:4;i:3326;i:5;i:73520210984977;i:6;i:80;i:7;i:30715140167;i:8;s:13:\\\"ENEXAR S.R.L.\\\";i:9;s:4:\\\"1,00\\\";i:10;s:3:\\\"PES\\\";i:11;s:7:\\\"5179,64\\\";i:12;s:4:\\\"0,00\\\";i:13;s:4:\\\"0,00\\\";i:14;s:4:\\\"0,00\\\";i:15;s:7:\\\"1087,72\\\";i:16;s:7:\\\"6267,36\\\";}}i:27;O:29:\\\"Illuminate\\\\Support\\\\Collection\\\":1:{s:8:\\\"\\u0000*\\u0000items\\\";a:17:{i:0;s:10:\\\"2023-12-28\\\";i:1;i:1;i:2;i:4;i:3;i:3355;i:4;i:3355;i:5;i:73520327492657;i:6;i:80;i:7;i:27379482134;i:8;s:14:\\\"ZUMPANO CAMILA\\\";i:9;s:4:\\\"1,00\\\";i:10;s:3:\\\"PES\\\";i:11;s:7:\\\"9066,18\\\";i:12;s:4:\\\"0,00\\\";i:13;s:4:\\\"0,00\\\";i:14;s:4:\\\"0,00\\\";i:15;s:7:\\\"1903,90\\\";i:16;s:8:\\\"10970,08\\\";}}i:28;O:29:\\\"Illuminate\\\\Support\\\\Collection\\\":1:{s:8:\\\"\\u0000*\\u0000items\\\";a:17:{i:0;s:10:\\\"2023-12-28\\\";i:1;i:1;i:2;i:4;i:3;i:3371;i:4;i:3371;i:5;i:73520330371083;i:6;i:80;i:7;i:27261356010;i:8;s:31:\\\"MARTINEZ MOYA MARIANA ALEJANDRA\\\";i:9;s:4:\\\"1,00\\\";i:10;s:3:\\\"PES\\\";i:11;s:7:\\\"9917,36\\\";i:12;s:4:\\\"0,00\\\";i:13;s:4:\\\"0,00\\\";i:14;s:4:\\\"0,00\\\";i:15;s:7:\\\"2082,64\\\";i:16;s:8:\\\"12000,00\\\";}}i:29;O:29:\\\"Illuminate\\\\Support\\\\Collection\\\":1:{s:8:\\\"\\u0000*\\u0000items\\\";a:17:{i:0;s:10:\\\"2023-12-28\\\";i:1;i:1;i:2;i:4;i:3;i:3372;i:4;i:3372;i:5;i:73520330371169;i:6;i:80;i:7;i:27310827091;i:8;s:23:\\\"MALDONADO MAURA VALERIA\\\";i:9;s:4:\\\"1,00\\\";i:10;s:3:\\\"PES\\\";i:11;s:8:\\\"16528,93\\\";i:12;s:4:\\\"0,00\\\";i:13;s:4:\\\"0,00\\\";i:14;s:4:\\\"0,00\\\";i:15;s:7:\\\"3471,07\\\";i:16;s:8:\\\"20000,00\\\";}}i:30;O:29:\\\"Illuminate\\\\Support\\\\Collection\\\":1:{s:8:\\\"\\u0000*\\u0000items\\\";a:17:{i:0;s:10:\\\"2023-12-28\\\";i:1;i:1;i:2;i:4;i:3;i:3373;i:4;i:3373;i:5;i:73520330391869;i:6;i:80;i:7;i:27302251156;i:8;s:20:\\\"OBEID ROMINA CELESTE\\\";i:9;s:4:\\\"1,00\\\";i:10;s:3:\\\"PES\\\";i:11;s:8:\\\"43935,54\\\";i:12;s:4:\\\"0,00\\\";i:13;s:4:\\\"0,00\\\";i:14;s:4:\\\"0,00\\\";i:15;s:7:\\\"9226,46\\\";i:16;s:8:\\\"53162,00\\\";}}i:31;O:29:\\\"Illuminate\\\\Support\\\\Collection\\\":1:{s:8:\\\"\\u0000*\\u0000items\\\";a:17:{i:0;s:10:\\\"2023-12-28\\\";i:1;i:1;i:2;i:4;i:3;i:3356;i:4;i:3356;i:5;i:73520327529286;i:6;i:80;i:7;i:27260623929;i:8;s:25:\\\"ATTAGUILE CAROLINA MARIEL\\\";i:9;s:4:\\\"1,00\\\";i:10;s:3:\\\"PES\\\";i:11;s:7:\\\"7446,92\\\";i:12;s:4:\\\"0,00\\\";i:13;s:4:\\\"0,00\\\";i:14;s:4:\\\"0,00\\\";i:15;s:7:\\\"1563,85\\\";i:16;s:7:\\\"9010,77\\\";}}i:32;O:29:\\\"Illuminate\\\\Support\\\\Collection\\\":1:{s:8:\\\"\\u0000*\\u0000items\\\";a:17:{i:0;s:10:\\\"2023-12-28\\\";i:1;i:1;i:2;i:4;i:3;i:3327;i:4;i:3327;i:5;i:73520211056669;i:6;i:80;i:7;i:20043185552;i:8;s:15:\\\"TROMBINI ARTURO\\\";i:9;s:4:\\\"1,00\\\";i:10;s:3:\\\"PES\\\";i:11;s:8:\\\"23936,45\\\";i:12;s:4:\\\"0,00\\\";i:13;s:4:\\\"0,00\\\";i:14;s:4:\\\"0,00\\\";i:15;s:7:\\\"5026,65\\\";i:16;s:8:\\\"28963,10\\\";}}i:33;O:29:\\\"Illuminate\\\\Support\\\\Collection\\\":1:{s:8:\\\"\\u0000*\\u0000items\\\";a:17:{i:0;s:10:\\\"2023-12-28\\\";i:1;i:1;i:2;i:4;i:3;i:3374;i:4;i:3374;i:5;i:73520330441308;i:6;i:80;i:7;i:30711233071;i:8;s:30:\\\"GRUPO RESTO  COSTA HNOS S.R.L.\\\";i:9;s:4:\\\"1,00\\\";i:10;s:3:\\\"PES\\\";i:11;s:8:\\\"10963,16\\\";i:12;s:4:\\\"0,00\\\";i:13;s:4:\\\"0,00\\\";i:14;s:4:\\\"0,00\\\";i:15;s:7:\\\"2302,26\\\";i:16;s:8:\\\"13265,42\\\";}}i:34;O:29:\\\"Illuminate\\\\Support\\\\Collection\\\":1:{s:8:\\\"\\u0000*\\u0000items\\\";a:17:{i:0;s:10:\\\"2023-12-28\\\";i:1;i:1;i:2;i:4;i:3;i:3357;i:4;i:3357;i:5;i:73520327608464;i:6;i:80;i:7;i:20167641254;i:8;s:30:\\\"STIGLIANO PEDRO ERNESTO EFRAIN\\\";i:9;s:4:\\\"1,00\\\";i:10;s:3:\\\"PES\\\";i:11;s:7:\\\"2897,83\\\";i:12;s:4:\\\"0,00\\\";i:13;s:4:\\\"0,00\\\";i:14;s:4:\\\"0,00\\\";i:15;s:6:\\\"608,55\\\";i:16;s:7:\\\"3506,38\\\";}}i:35;O:29:\\\"Illuminate\\\\Support\\\\Collection\\\":1:{s:8:\\\"\\u0000*\\u0000items\\\";a:17:{i:0;s:10:\\\"2023-12-28\\\";i:1;i:1;i:2;i:4;i:3;i:3348;i:4;i:3348;i:5;i:73520255641971;i:6;i:80;i:7;i:30707592563;i:8;s:13:\\\"ADIGES S.R.L.\\\";i:9;s:4:\\\"1,00\\\";i:10;s:3:\\\"PES\\\";i:11;s:7:\\\"3119,10\\\";i:12;s:4:\\\"0,00\\\";i:13;s:4:\\\"0,00\\\";i:14;s:4:\\\"0,00\\\";i:15;s:6:\\\"655,01\\\";i:16;s:7:\\\"3774,11\\\";}}i:36;O:29:\\\"Illuminate\\\\Support\\\\Collection\\\":1:{s:8:\\\"\\u0000*\\u0000items\\\";a:17:{i:0;s:10:\\\"2023-12-28\\\";i:1;i:1;i:2;i:4;i:3;i:3358;i:4;i:3358;i:5;i:73520327643021;i:6;i:80;i:7;i:27355130601;i:8;s:22:\\\"VIDELA ALDANA GABRIELA\\\";i:9;s:4:\\\"1,00\\\";i:10;s:3:\\\"PES\\\";i:11;s:6:\\\"352,07\\\";i:12;s:4:\\\"0,00\\\";i:13;s:4:\\\"0,00\\\";i:14;s:4:\\\"0,00\\\";i:15;s:5:\\\"73,93\\\";i:16;s:6:\\\"426,00\\\";}}i:37;O:29:\\\"Illuminate\\\\Support\\\\Collection\\\":1:{s:8:\\\"\\u0000*\\u0000items\\\";a:17:{i:0;s:10:\\\"2023-12-28\\\";i:1;i:1;i:2;i:4;i:3;i:3323;i:4;i:3323;i:5;i:73520205219118;i:6;i:80;i:7;i:30707759514;i:8;s:16:\\\"PASTA FRANCA SRL\\\";i:9;s:4:\\\"1,00\\\";i:10;s:3:\\\"PES\\\";i:11;s:7:\\\"8944,26\\\";i:12;s:4:\\\"0,00\\\";i:13;s:4:\\\"0,00\\\";i:14;s:4:\\\"0,00\\\";i:15;s:7:\\\"1878,29\\\";i:16;s:8:\\\"10822,55\\\";}}i:38;O:29:\\\"Illuminate\\\\Support\\\\Collection\\\":1:{s:8:\\\"\\u0000*\\u0000items\\\";a:17:{i:0;s:10:\\\"2023-12-28\\\";i:1;i:1;i:2;i:4;i:3;i:3328;i:4;i:3328;i:5;i:73520211216954;i:6;i:80;i:7;i:20273161407;i:8;s:24:\\\"CANNIZZO FERNANDO MARTIN\\\";i:9;s:4:\\\"1,00\\\";i:10;s:3:\\\"PES\\\";i:11;s:7:\\\"4962,63\\\";i:12;s:4:\\\"0,00\\\";i:13;s:4:\\\"0,00\\\";i:14;s:4:\\\"0,00\\\";i:15;s:7:\\\"1042,15\\\";i:16;s:7:\\\"6004,78\\\";}}i:39;O:29:\\\"Illuminate\\\\Support\\\\Collection\\\":1:{s:8:\\\"\\u0000*\\u0000items\\\";a:17:{i:0;s:10:\\\"2023-12-28\\\";i:1;i:1;i:2;i:4;i:3;i:3359;i:4;i:3359;i:5;i:73520327714203;i:6;i:80;i:7;i:20123294743;i:8;s:24:\\\"NU\\u00d1EZ DE OLIVERA ALVINO\\\";i:9;s:4:\\\"1,00\\\";i:10;s:3:\\\"PES\\\";i:11;s:7:\\\"8597,24\\\";i:12;s:4:\\\"0,00\\\";i:13;s:4:\\\"0,00\\\";i:14;s:4:\\\"0,00\\\";i:15;s:7:\\\"1805,42\\\";i:16;s:8:\\\"10402,66\\\";}}i:40;O:29:\\\"Illuminate\\\\Support\\\\Collection\\\":1:{s:8:\\\"\\u0000*\\u0000items\\\";a:17:{i:0;s:10:\\\"2023-12-28\\\";i:1;i:1;i:2;i:4;i:3;i:3349;i:4;i:3349;i:5;i:73520255772499;i:6;i:80;i:7;i:30715227521;i:8;s:14:\\\"SAFECOLOR S.A.\\\";i:9;s:4:\\\"1,00\\\";i:10;s:3:\\\"PES\\\";i:11;s:7:\\\"2953,65\\\";i:12;s:4:\\\"0,00\\\";i:13;s:4:\\\"0,00\\\";i:14;s:4:\\\"0,00\\\";i:15;s:6:\\\"620,27\\\";i:16;s:7:\\\"3573,92\\\";}}i:41;O:29:\\\"Illuminate\\\\Support\\\\Collection\\\":1:{s:8:\\\"\\u0000*\\u0000items\\\";a:17:{i:0;s:10:\\\"2023-12-28\\\";i:1;i:1;i:2;i:4;i:3;i:3360;i:4;i:3360;i:5;i:73520327785344;i:6;i:80;i:7;i:20063308111;i:8;s:21:\\\"RAMSEYER OMAR OSWALDO\\\";i:9;s:4:\\\"1,00\\\";i:10;s:3:\\\"PES\\\";i:11;s:7:\\\"3205,22\\\";i:12;s:4:\\\"0,00\\\";i:13;s:4:\\\"0,00\\\";i:14;s:4:\\\"0,00\\\";i:15;s:6:\\\"673,10\\\";i:16;s:7:\\\"3878,32\\\";}}i:42;O:29:\\\"Illuminate\\\\Support\\\\Collection\\\":1:{s:8:\\\"\\u0000*\\u0000items\\\";a:17:{i:0;s:10:\\\"2023-12-28\\\";i:1;i:1;i:2;i:4;i:3;i:3361;i:4;i:3361;i:5;i:73520327785446;i:6;i:80;i:7;i:27286883686;i:8;s:29:\\\"MANCO LAVADO AMELIA ELIZABETH\\\";i:9;s:4:\\\"1,00\\\";i:10;s:3:\\\"PES\\\";i:11;s:8:\\\"11678,60\\\";i:12;s:4:\\\"0,00\\\";i:13;s:4:\\\"0,00\\\";i:14;s:4:\\\"0,00\\\";i:15;s:7:\\\"2452,51\\\";i:16;s:8:\\\"14131,11\\\";}}i:43;O:29:\\\"Illuminate\\\\Support\\\\Collection\\\":1:{s:8:\\\"\\u0000*\\u0000items\\\";a:17:{i:0;s:10:\\\"2023-12-28\\\";i:1;i:1;i:2;i:4;i:3;i:3329;i:4;i:3329;i:5;i:73520211317363;i:6;i:80;i:7;i:20162250583;i:8;s:19:\\\"LOPEZ SERGIO FABIAN\\\";i:9;s:4:\\\"1,00\\\";i:10;s:3:\\\"PES\\\";i:11;s:8:\\\"12461,97\\\";i:12;s:4:\\\"0,00\\\";i:13;s:4:\\\"0,00\\\";i:14;s:4:\\\"0,00\\\";i:15;s:7:\\\"2617,01\\\";i:16;s:8:\\\"15078,98\\\";}}i:44;O:29:\\\"Illuminate\\\\Support\\\\Collection\\\":1:{s:8:\\\"\\u0000*\\u0000items\\\";a:17:{i:0;s:10:\\\"2023-12-28\\\";i:1;i:1;i:2;i:4;i:3;i:3362;i:4;i:3362;i:5;i:73520327818584;i:6;i:80;i:7;i:27232022421;i:8;s:20:\\\"MIRANDA NOEMI RAMONA\\\";i:9;s:4:\\\"1,00\\\";i:10;s:3:\\\"PES\\\";i:11;s:7:\\\"4029,91\\\";i:12;s:4:\\\"0,00\\\";i:13;s:4:\\\"0,00\\\";i:14;s:4:\\\"0,00\\\";i:15;s:6:\\\"846,28\\\";i:16;s:7:\\\"4876,19\\\";}}i:45;O:29:\\\"Illuminate\\\\Support\\\\Collection\\\":1:{s:8:\\\"\\u0000*\\u0000items\\\";a:17:{i:0;s:10:\\\"2023-12-28\\\";i:1;i:1;i:2;i:4;i:3;i:3350;i:4;i:3350;i:5;i:73520255904693;i:6;i:80;i:7;i:20176053489;i:8;s:23:\\\"PERCOSSI ALEJANDRO LUIS\\\";i:9;s:4:\\\"1,00\\\";i:10;s:3:\\\"PES\\\";i:11;s:7:\\\"7603,07\\\";i:12;s:4:\\\"0,00\\\";i:13;s:4:\\\"0,00\\\";i:14;s:4:\\\"0,00\\\";i:15;s:7:\\\"1596,65\\\";i:16;s:7:\\\"9199,72\\\";}}i:46;O:29:\\\"Illuminate\\\\Support\\\\Collection\\\":1:{s:8:\\\"\\u0000*\\u0000items\\\";a:17:{i:0;s:10:\\\"2023-12-28\\\";i:1;i:1;i:2;i:4;i:3;i:3330;i:4;i:3330;i:5;i:73520211488621;i:6;i:80;i:7;i:20161237370;i:8;s:22:\\\"IANNUZZO CARLOS MIGUEL\\\";i:9;s:4:\\\"1,00\\\";i:10;s:3:\\\"PES\\\";i:11;s:8:\\\"31746,57\\\";i:12;s:4:\\\"0,00\\\";i:13;s:4:\\\"0,00\\\";i:14;s:4:\\\"0,00\\\";i:15;s:7:\\\"6666,78\\\";i:16;s:8:\\\"38413,35\\\";}}i:47;O:29:\\\"Illuminate\\\\Support\\\\Collection\\\":1:{s:8:\\\"\\u0000*\\u0000items\\\";a:17:{i:0;s:10:\\\"2023-12-28\\\";i:1;i:1;i:2;i:4;i:3;i:3313;i:4;i:3313;i:5;i:73520202624608;i:6;i:80;i:7;i:20141307690;i:8;s:18:\\\"BUSSO MIGUEL ANGEL\\\";i:9;s:4:\\\"1,00\\\";i:10;s:3:\\\"PES\\\";i:11;s:7:\\\"8890,91\\\";i:12;s:4:\\\"0,00\\\";i:13;s:4:\\\"0,00\\\";i:14;s:4:\\\"0,00\\\";i:15;s:7:\\\"1867,09\\\";i:16;s:8:\\\"10758,00\\\";}}i:48;O:29:\\\"Illuminate\\\\Support\\\\Collection\\\":1:{s:8:\\\"\\u0000*\\u0000items\\\";a:17:{i:0;s:10:\\\"2023-12-28\\\";i:1;i:1;i:2;i:4;i:3;i:3351;i:4;i:3351;i:5;i:73520256056567;i:6;i:80;i:7;i:27217869450;i:8;s:23:\\\"LOPEZ CANO MARIA TERESA\\\";i:9;s:4:\\\"1,00\\\";i:10;s:3:\\\"PES\\\";i:11;s:8:\\\"13811,78\\\";i:12;s:4:\\\"0,00\\\";i:13;s:4:\\\"0,00\\\";i:14;s:4:\\\"0,00\\\";i:15;s:7:\\\"2900,47\\\";i:16;s:8:\\\"16712,26\\\";}}i:49;O:29:\\\"Illuminate\\\\Support\\\\Collection\\\":1:{s:8:\\\"\\u0000*\\u0000items\\\";a:17:{i:0;s:10:\\\"2023-12-28\\\";i:1;i:1;i:2;i:4;i:3;i:3352;i:4;i:3352;i:5;i:73520256056698;i:6;i:80;i:7;i:27175727855;i:8;s:32:\\\"MENDEZ ZEBE EDITH MARINA DEL CAR\\\";i:9;s:4:\\\"1,00\\\";i:10;s:3:\\\"PES\\\";i:11;s:7:\\\"1868,50\\\";i:12;s:4:\\\"0,00\\\";i:13;s:4:\\\"0,00\\\";i:14;s:4:\\\"0,00\\\";i:15;s:6:\\\"392,39\\\";i:16;s:7:\\\"2260,89\\\";}}i:50;O:29:\\\"Illuminate\\\\Support\\\\Collection\\\":1:{s:8:\\\"\\u0000*\\u0000items\\\";a:17:{i:0;s:10:\\\"2023-12-28\\\";i:1;i:1;i:2;i:4;i:3;i:3353;i:4;i:3353;i:5;i:73520256121167;i:6;i:80;i:7;i:27331472838;i:8;s:25:\\\"ROSALES VALERIA ALEJANDRA\\\";i:9;s:4:\\\"1,00\\\";i:10;s:3:\\\"PES\\\";i:11;s:7:\\\"2479,34\\\";i:12;s:4:\\\"0,00\\\";i:13;s:4:\\\"0,00\\\";i:14;s:4:\\\"0,00\\\";i:15;s:6:\\\"520,66\\\";i:16;s:7:\\\"3000,00\\\";}}i:51;O:29:\\\"Illuminate\\\\Support\\\\Collection\\\":1:{s:8:\\\"\\u0000*\\u0000items\\\";a:17:{i:0;s:10:\\\"2023-12-28\\\";i:1;i:1;i:2;i:4;i:3;i:3354;i:4;i:3354;i:5;i:73520256121450;i:6;i:80;i:7;i:20052501696;i:8;s:24:\\\"RODRIGUEZ CARLOS ALBERTO\\\";i:9;s:4:\\\"1,00\\\";i:10;s:3:\\\"PES\\\";i:11;s:7:\\\"8621,31\\\";i:12;s:4:\\\"0,00\\\";i:13;s:4:\\\"0,00\\\";i:14;s:4:\\\"0,00\\\";i:15;s:7:\\\"1810,47\\\";i:16;s:8:\\\"10431,78\\\";}}i:52;O:29:\\\"Illuminate\\\\Support\\\\Collection\\\":1:{s:8:\\\"\\u0000*\\u0000items\\\";a:17:{i:0;s:10:\\\"2023-12-28\\\";i:1;i:1;i:2;i:4;i:3;i:3331;i:4;i:3331;i:5;i:73520211753092;i:6;i:80;i:7;i:27235899367;i:8;s:17:\\\"BASSI MARIA CARLA\\\";i:9;s:4:\\\"1,00\\\";i:10;s:3:\\\"PES\\\";i:11;s:7:\\\"4056,83\\\";i:12;s:4:\\\"0,00\\\";i:13;s:4:\\\"0,00\\\";i:14;s:4:\\\"0,00\\\";i:15;s:6:\\\"851,93\\\";i:16;s:7:\\\"4908,76\\\";}}i:53;O:29:\\\"Illuminate\\\\Support\\\\Collection\\\":1:{s:8:\\\"\\u0000*\\u0000items\\\";a:17:{i:0;s:10:\\\"2023-12-28\\\";i:1;i:1;i:2;i:4;i:3;i:3332;i:4;i:3332;i:5;i:73520211944426;i:6;i:80;i:7;i:20208933931;i:8;s:19:\\\"CINGOLANI JOSE LUIS\\\";i:9;s:4:\\\"1,00\\\";i:10;s:3:\\\"PES\\\";i:11;s:7:\\\"8008,94\\\";i:12;s:4:\\\"0,00\\\";i:13;s:4:\\\"0,00\\\";i:14;s:4:\\\"0,00\\\";i:15;s:7:\\\"1681,88\\\";i:16;s:7:\\\"9690,82\\\";}}i:54;O:29:\\\"Illuminate\\\\Support\\\\Collection\\\":1:{s:8:\\\"\\u0000*\\u0000items\\\";a:17:{i:0;s:10:\\\"2023-12-28\\\";i:1;i:1;i:2;i:4;i:3;i:3333;i:4;i:3333;i:5;i:73520211944722;i:6;i:80;i:7;i:27223237407;i:8;s:15:\\\"BRAVO ANA MARIA\\\";i:9;s:4:\\\"1,00\\\";i:10;s:3:\\\"PES\\\";i:11;s:7:\\\"5432,15\\\";i:12;s:4:\\\"0,00\\\";i:13;s:4:\\\"0,00\\\";i:14;s:4:\\\"0,00\\\";i:15;s:7:\\\"1140,75\\\";i:16;s:7:\\\"6572,90\\\";}}i:55;O:29:\\\"Illuminate\\\\Support\\\\Collection\\\":1:{s:8:\\\"\\u0000*\\u0000items\\\";a:17:{i:0;s:10:\\\"2023-12-28\\\";i:1;i:1;i:2;i:4;i:3;i:3314;i:4;i:3314;i:5;i:73520203060422;i:6;i:80;i:7;i:30717945138;i:8;s:19:\\\"SALGUERO SQUARE SRL\\\";i:9;s:4:\\\"1,00\\\";i:10;s:3:\\\"PES\\\";i:11;s:7:\\\"2527,88\\\";i:12;s:4:\\\"0,00\\\";i:13;s:4:\\\"0,00\\\";i:14;s:4:\\\"0,00\\\";i:15;s:6:\\\"530,85\\\";i:16;s:7:\\\"3058,73\\\";}}i:56;O:29:\\\"Illuminate\\\\Support\\\\Collection\\\":1:{s:8:\\\"\\u0000*\\u0000items\\\";a:17:{i:0;s:10:\\\"2023-12-28\\\";i:1;i:1;i:2;i:4;i:3;i:3334;i:4;i:3334;i:5;i:73520212044741;i:6;i:80;i:7;i:27257210192;i:8;s:21:\\\"VILLAGRA ANDREA NOEMI\\\";i:9;s:4:\\\"1,00\\\";i:10;s:3:\\\"PES\\\";i:11;s:7:\\\"5675,95\\\";i:12;s:4:\\\"0,00\\\";i:13;s:4:\\\"0,00\\\";i:14;s:4:\\\"0,00\\\";i:15;s:7:\\\"1191,95\\\";i:16;s:7:\\\"6867,90\\\";}}i:57;O:29:\\\"Illuminate\\\\Support\\\\Collection\\\":1:{s:8:\\\"\\u0000*\\u0000items\\\";a:17:{i:0;s:10:\\\"2023-12-28\\\";i:1;i:1;i:2;i:4;i:3;i:3315;i:4;i:3315;i:5;i:73520203139482;i:6;i:80;i:7;i:30708429518;i:8;s:18:\\\"ACTIVASALUD S.R.L.\\\";i:9;s:4:\\\"1,00\\\";i:10;s:3:\\\"PES\\\";i:11;s:7:\\\"1660,83\\\";i:12;s:4:\\\"0,00\\\";i:13;s:4:\\\"0,00\\\";i:14;s:4:\\\"0,00\\\";i:15;s:6:\\\"348,77\\\";i:16;s:7:\\\"2009,60\\\";}}i:58;O:29:\\\"Illuminate\\\\Support\\\\Collection\\\":1:{s:8:\\\"\\u0000*\\u0000items\\\";a:17:{i:0;s:10:\\\"2023-12-28\\\";i:1;i:1;i:2;i:4;i:3;i:3316;i:4;i:3316;i:5;i:73520203215214;i:6;i:80;i:7;i:20234669436;i:8;s:21:\\\"TEMPERINI WALTER HUGO\\\";i:9;s:4:\\\"1,00\\\";i:10;s:3:\\\"PES\\\";i:11;s:8:\\\"12402,93\\\";i:12;s:4:\\\"0,00\\\";i:13;s:4:\\\"0,00\\\";i:14;s:4:\\\"0,00\\\";i:15;s:7:\\\"2604,61\\\";i:16;s:8:\\\"15007,54\\\";}}i:59;O:29:\\\"Illuminate\\\\Support\\\\Collection\\\":1:{s:8:\\\"\\u0000*\\u0000items\\\";a:17:{i:0;s:10:\\\"2023-12-28\\\";i:1;i:1;i:2;i:4;i:3;i:3317;i:4;i:3317;i:5;i:73520203215269;i:6;i:80;i:7;i:20296256006;i:8;s:26:\\\"LIZARRAGA NELSON SEBASTIAN\\\";i:9;s:4:\\\"1,00\\\";i:10;s:3:\\\"PES\\\";i:11;s:7:\\\"2479,34\\\";i:12;s:4:\\\"0,00\\\";i:13;s:4:\\\"0,00\\\";i:14;s:4:\\\"0,00\\\";i:15;s:6:\\\"520,66\\\";i:16;s:7:\\\"3000,00\\\";}}i:60;O:29:\\\"Illuminate\\\\Support\\\\Collection\\\":1:{s:8:\\\"\\u0000*\\u0000items\\\";a:17:{i:0;s:10:\\\"2023-12-28\\\";i:1;i:1;i:2;i:4;i:3;i:3335;i:4;i:3335;i:5;i:73520253849617;i:6;i:80;i:7;i:27288453182;i:8;s:23:\\\"GONZALEZ NATALIA EMILIA\\\";i:9;s:4:\\\"1,00\\\";i:10;s:3:\\\"PES\\\";i:11;s:7:\\\"6646,21\\\";i:12;s:4:\\\"0,00\\\";i:13;s:4:\\\"0,00\\\";i:14;s:4:\\\"0,00\\\";i:15;s:7:\\\"1395,71\\\";i:16;s:7:\\\"8041,92\\\";}}i:61;O:29:\\\"Illuminate\\\\Support\\\\Collection\\\":1:{s:8:\\\"\\u0000*\\u0000items\\\";a:17:{i:0;s:10:\\\"2023-12-28\\\";i:1;i:1;i:2;i:4;i:3;i:3318;i:4;i:3318;i:5;i:73520203536063;i:6;i:80;i:7;i:27238783351;i:8;s:21:\\\"KALERGUIZ LAURA IRENE\\\";i:9;s:4:\\\"1,00\\\";i:10;s:3:\\\"PES\\\";i:11;s:7:\\\"4046,16\\\";i:12;s:4:\\\"0,00\\\";i:13;s:4:\\\"0,00\\\";i:14;s:4:\\\"0,00\\\";i:15;s:6:\\\"849,69\\\";i:16;s:7:\\\"4895,85\\\";}}i:62;O:29:\\\"Illuminate\\\\Support\\\\Collection\\\":1:{s:8:\\\"\\u0000*\\u0000items\\\";a:17:{i:0;s:10:\\\"2023-12-28\\\";i:1;i:1;i:2;i:4;i:3;i:3375;i:4;i:3375;i:5;i:73520332031008;i:6;i:80;i:7;i:23343297009;i:8;s:21:\\\"A\\u00d1EZ ENRIQUE ROLANDO\\\";i:9;s:4:\\\"1,00\\\";i:10;s:3:\\\"PES\\\";i:11;s:8:\\\"24793,39\\\";i:12;s:4:\\\"0,00\\\";i:13;s:4:\\\"0,00\\\";i:14;s:4:\\\"0,00\\\";i:15;s:7:\\\"5206,61\\\";i:16;s:8:\\\"30000,00\\\";}}i:63;O:29:\\\"Illuminate\\\\Support\\\\Collection\\\":1:{s:8:\\\"\\u0000*\\u0000items\\\";a:17:{i:0;s:10:\\\"2023-12-28\\\";i:1;i:1;i:2;i:4;i:3;i:3336;i:4;i:3336;i:5;i:73520254118842;i:6;i:80;i:7;i:27417435935;i:8;s:20:\\\"LELA GABRIELA AYELEN\\\";i:9;s:4:\\\"1,00\\\";i:10;s:3:\\\"PES\\\";i:11;s:7:\\\"7797,21\\\";i:12;s:4:\\\"0,00\\\";i:13;s:4:\\\"0,00\\\";i:14;s:4:\\\"0,00\\\";i:15;s:7:\\\"1637,41\\\";i:16;s:7:\\\"9434,62\\\";}}i:64;O:29:\\\"Illuminate\\\\Support\\\\Collection\\\":1:{s:8:\\\"\\u0000*\\u0000items\\\";a:17:{i:0;s:10:\\\"2023-12-28\\\";i:1;i:1;i:2;i:4;i:3;i:3376;i:4;i:3376;i:5;i:73520332145727;i:6;i:80;i:7;i:23204036829;i:8;s:16:\\\"SASTRE GUILLERMO\\\";i:9;s:4:\\\"1,00\\\";i:10;s:3:\\\"PES\\\";i:11;s:8:\\\"20661,16\\\";i:12;s:4:\\\"0,00\\\";i:13;s:4:\\\"0,00\\\";i:14;s:4:\\\"0,00\\\";i:15;s:7:\\\"4338,84\\\";i:16;s:8:\\\"25000,00\\\";}}i:65;O:29:\\\"Illuminate\\\\Support\\\\Collection\\\":1:{s:8:\\\"\\u0000*\\u0000items\\\";a:17:{i:0;s:10:\\\"2023-12-28\\\";i:1;i:1;i:2;i:4;i:3;i:3377;i:4;i:3377;i:5;i:73520332145785;i:6;i:80;i:7;i:20366362178;i:8;s:22:\\\"KODJAIAN EMANUEL DARIO\\\";i:9;s:4:\\\"1,00\\\";i:10;s:3:\\\"PES\\\";i:11;s:8:\\\"10469,55\\\";i:12;s:4:\\\"0,00\\\";i:13;s:4:\\\"0,00\\\";i:14;s:4:\\\"0,00\\\";i:15;s:7:\\\"2198,60\\\";i:16;s:8:\\\"12668,15\\\";}}i:66;O:29:\\\"Illuminate\\\\Support\\\\Collection\\\":1:{s:8:\\\"\\u0000*\\u0000items\\\";a:17:{i:0;s:10:\\\"2023-12-28\\\";i:1;i:1;i:2;i:4;i:3;i:3378;i:4;i:3378;i:5;i:73520332145832;i:6;i:80;i:7;i:30709163759;i:8;s:12:\\\"KASSALTA S.A\\\";i:9;s:4:\\\"1,00\\\";i:10;s:3:\\\"PES\\\";i:11;s:8:\\\"14265,06\\\";i:12;s:4:\\\"0,00\\\";i:13;s:4:\\\"0,00\\\";i:14;s:4:\\\"0,00\\\";i:15;s:7:\\\"2995,66\\\";i:16;s:8:\\\"17260,72\\\";}}i:67;O:29:\\\"Illuminate\\\\Support\\\\Collection\\\":1:{s:8:\\\"\\u0000*\\u0000items\\\";a:17:{i:0;s:10:\\\"2023-12-28\\\";i:1;i:1;i:2;i:4;i:3;i:3379;i:4;i:3379;i:5;i:73520332180180;i:6;i:80;i:7;i:27263997412;i:8;s:20:\\\"PAEZ NORMA DEL VALLE\\\";i:9;s:4:\\\"1,00\\\";i:10;s:3:\\\"PES\\\";i:11;s:8:\\\"24793,39\\\";i:12;s:4:\\\"0,00\\\";i:13;s:4:\\\"0,00\\\";i:14;s:4:\\\"0,00\\\";i:15;s:7:\\\"5206,61\\\";i:16;s:8:\\\"30000,00\\\";}}i:68;O:29:\\\"Illuminate\\\\Support\\\\Collection\\\":1:{s:8:\\\"\\u0000*\\u0000items\\\";a:17:{i:0;s:10:\\\"2023-12-28\\\";i:1;i:1;i:2;i:4;i:3;i:3380;i:4;i:3380;i:5;i:73520332199658;i:6;i:80;i:7;i:20449125895;i:8;s:27:\\\"GOMEZ ZERDA TOMAS VALENTINO\\\";i:9;s:4:\\\"1,00\\\";i:10;s:3:\\\"PES\\\";i:11;s:8:\\\"20661,16\\\";i:12;s:4:\\\"0,00\\\";i:13;s:4:\\\"0,00\\\";i:14;s:4:\\\"0,00\\\";i:15;s:7:\\\"4338,84\\\";i:16;s:8:\\\"25000,00\\\";}}i:69;O:29:\\\"Illuminate\\\\Support\\\\Collection\\\":1:{s:8:\\\"\\u0000*\\u0000items\\\";a:17:{i:0;s:10:\\\"2023-12-28\\\";i:1;i:1;i:2;i:4;i:3;i:3381;i:4;i:3381;i:5;i:73520332231971;i:6;i:80;i:7;i:27278030097;i:8;s:32:\\\"TORRES MARINA DANIELA EVANGELINA\\\";i:9;s:4:\\\"1,00\\\";i:10;s:3:\\\"PES\\\";i:11;s:7:\\\"5732,38\\\";i:12;s:4:\\\"0,00\\\";i:13;s:4:\\\"0,00\\\";i:14;s:4:\\\"0,00\\\";i:15;s:7:\\\"1203,80\\\";i:16;s:7:\\\"6936,18\\\";}}i:70;O:29:\\\"Illuminate\\\\Support\\\\Collection\\\":1:{s:8:\\\"\\u0000*\\u0000items\\\";a:17:{i:0;s:10:\\\"2023-12-28\\\";i:1;i:1;i:2;i:4;i:3;i:3382;i:4;i:3382;i:5;i:73520332232016;i:6;i:80;i:7;i:30710139691;i:8;s:48:\\\"COMP ENERGY SOCIEDAD DE RESPONSABILIDAD LIMITADA\\\";i:9;s:4:\\\"1,00\\\";i:10;s:3:\\\"PES\\\";i:11;s:8:\\\"22200,93\\\";i:12;s:4:\\\"0,00\\\";i:13;s:4:\\\"0,00\\\";i:14;s:4:\\\"0,00\\\";i:15;s:7:\\\"4662,19\\\";i:16;s:8:\\\"26863,12\\\";}}i:71;O:29:\\\"Illuminate\\\\Support\\\\Collection\\\":1:{s:8:\\\"\\u0000*\\u0000items\\\";a:17:{i:0;s:10:\\\"2023-12-28\\\";i:1;i:1;i:2;i:4;i:3;i:3337;i:4;i:3337;i:5;i:73520254348955;i:6;i:80;i:7;i:27958658295;i:8;s:23:\\\"NAVA DIAZ SARA GABRIELA\\\";i:9;s:4:\\\"1,00\\\";i:10;s:3:\\\"PES\\\";i:11;s:7:\\\"5021,40\\\";i:12;s:4:\\\"0,00\\\";i:13;s:4:\\\"0,00\\\";i:14;s:4:\\\"0,00\\\";i:15;s:7:\\\"1054,49\\\";i:16;s:7:\\\"6075,90\\\";}}i:72;O:29:\\\"Illuminate\\\\Support\\\\Collection\\\":1:{s:8:\\\"\\u0000*\\u0000items\\\";a:17:{i:0;s:10:\\\"2023-12-28\\\";i:1;i:1;i:2;i:4;i:3;i:3383;i:4;i:3383;i:5;i:73520332254747;i:6;i:80;i:7;i:27409031396;i:8;s:20:\\\"BARRAGAN DAIANA INES\\\";i:9;s:4:\\\"1,00\\\";i:10;s:3:\\\"PES\\\";i:11;s:8:\\\"45902,48\\\";i:12;s:4:\\\"0,00\\\";i:13;s:4:\\\"0,00\\\";i:14;s:4:\\\"0,00\\\";i:15;s:7:\\\"9639,52\\\";i:16;s:8:\\\"55542,00\\\";}}i:73;O:29:\\\"Illuminate\\\\Support\\\\Collection\\\":1:{s:8:\\\"\\u0000*\\u0000items\\\";a:17:{i:0;s:10:\\\"2023-12-28\\\";i:1;i:1;i:2;i:4;i:3;i:3305;i:4;i:3305;i:5;i:73520201307271;i:6;i:80;i:7;i:20256112567;i:8;s:22:\\\"GUTIERREZ DARIO ADRIAN\\\";i:9;s:4:\\\"1,00\\\";i:10;s:3:\\\"PES\\\";i:11;s:8:\\\"78852,89\\\";i:12;s:4:\\\"0,00\\\";i:13;s:4:\\\"0,00\\\";i:14;s:4:\\\"0,00\\\";i:15;s:8:\\\"16559,11\\\";i:16;s:8:\\\"95412,00\\\";}}i:74;O:29:\\\"Illuminate\\\\Support\\\\Collection\\\":1:{s:8:\\\"\\u0000*\\u0000items\\\";a:17:{i:0;s:10:\\\"2023-12-28\\\";i:1;i:1;i:2;i:4;i:3;i:3319;i:4;i:3319;i:5;i:73520204063581;i:6;i:80;i:7;i:27329417803;i:8;s:26:\\\"PALMERINI NOELIA ALEJANDRA\\\";i:9;s:4:\\\"1,00\\\";i:10;s:3:\\\"PES\\\";i:11;s:7:\\\"4547,75\\\";i:12;s:4:\\\"0,00\\\";i:13;s:4:\\\"0,00\\\";i:14;s:4:\\\"0,00\\\";i:15;s:6:\\\"955,03\\\";i:16;s:7:\\\"5502,78\\\";}}i:75;O:29:\\\"Illuminate\\\\Support\\\\Collection\\\":1:{s:8:\\\"\\u0000*\\u0000items\\\";a:17:{i:0;s:10:\\\"2023-12-28\\\";i:1;i:1;i:2;i:4;i:3;i:3338;i:4;i:3338;i:5;i:73520254415044;i:6;i:80;i:7;i:20310459756;i:8;s:19:\\\"PERNA NICOLAS PABLO\\\";i:9;s:4:\\\"1,00\\\";i:10;s:3:\\\"PES\\\";i:11;s:7:\\\"9261,68\\\";i:12;s:4:\\\"0,00\\\";i:13;s:4:\\\"0,00\\\";i:14;s:4:\\\"0,00\\\";i:15;s:7:\\\"1944,95\\\";i:16;s:8:\\\"11206,63\\\";}}i:76;O:29:\\\"Illuminate\\\\Support\\\\Collection\\\":1:{s:8:\\\"\\u0000*\\u0000items\\\";a:17:{i:0;s:10:\\\"2023-12-28\\\";i:1;i:1;i:2;i:4;i:3;i:3320;i:4;i:3320;i:5;i:73520204144305;i:6;i:80;i:7;i:20274733927;i:8;s:24:\\\"GIARDINA ALFREDO EDGARDO\\\";i:9;s:4:\\\"1,00\\\";i:10;s:3:\\\"PES\\\";i:11;s:7:\\\"9970,69\\\";i:12;s:4:\\\"0,00\\\";i:13;s:4:\\\"0,00\\\";i:14;s:4:\\\"0,00\\\";i:15;s:7:\\\"2093,85\\\";i:16;s:8:\\\"12064,54\\\";}}i:77;O:29:\\\"Illuminate\\\\Support\\\\Collection\\\":1:{s:8:\\\"\\u0000*\\u0000items\\\";a:17:{i:0;s:10:\\\"2023-12-28\\\";i:1;i:1;i:2;i:4;i:3;i:3306;i:4;i:3306;i:5;i:73520201379973;i:6;i:80;i:7;i:27259963244;i:8;s:23:\\\"FIORITA ANDREA PATRICIA\\\";i:9;s:4:\\\"1,00\\\";i:10;s:3:\\\"PES\\\";i:11;s:7:\\\"4690,74\\\";i:12;s:4:\\\"0,00\\\";i:13;s:4:\\\"0,00\\\";i:14;s:4:\\\"0,00\\\";i:15;s:6:\\\"985,05\\\";i:16;s:7:\\\"5675,79\\\";}}i:78;O:29:\\\"Illuminate\\\\Support\\\\Collection\\\":1:{s:8:\\\"\\u0000*\\u0000items\\\";a:17:{i:0;s:10:\\\"2023-12-28\\\";i:1;i:1;i:2;i:4;i:3;i:3307;i:4;i:3307;i:5;i:73520201380061;i:6;i:80;i:7;i:27327922608;i:8;s:19:\\\"MOLINA MARIA JIMENA\\\";i:9;s:4:\\\"1,00\\\";i:10;s:3:\\\"PES\\\";i:11;s:7:\\\"6026,02\\\";i:12;s:4:\\\"0,00\\\";i:13;s:4:\\\"0,00\\\";i:14;s:4:\\\"0,00\\\";i:15;s:7:\\\"1265,47\\\";i:16;s:7:\\\"7291,49\\\";}}i:79;O:29:\\\"Illuminate\\\\Support\\\\Collection\\\":1:{s:8:\\\"\\u0000*\\u0000items\\\";a:17:{i:0;s:10:\\\"2023-12-28\\\";i:1;i:1;i:2;i:4;i:3;i:3339;i:4;i:3339;i:5;i:73520254581690;i:6;i:80;i:7;i:30632946046;i:8;s:11:\\\"CELSO S R L\\\";i:9;s:4:\\\"1,00\\\";i:10;s:3:\\\"PES\\\";i:11;s:8:\\\"41259,26\\\";i:12;s:4:\\\"0,00\\\";i:13;s:4:\\\"0,00\\\";i:14;s:4:\\\"0,00\\\";i:15;s:7:\\\"8664,44\\\";i:16;s:8:\\\"49923,70\\\";}}i:80;O:29:\\\"Illuminate\\\\Support\\\\Collection\\\":1:{s:8:\\\"\\u0000*\\u0000items\\\";a:17:{i:0;s:10:\\\"2023-12-28\\\";i:1;i:1;i:2;i:4;i:3;i:3340;i:4;i:3340;i:5;i:73520254673617;i:6;i:80;i:7;i:23330323469;i:8;s:18:\\\"YABES MARTIN ARIEL\\\";i:9;s:4:\\\"1,00\\\";i:10;s:3:\\\"PES\\\";i:11;s:7:\\\"4855,37\\\";i:12;s:4:\\\"0,00\\\";i:13;s:4:\\\"0,00\\\";i:14;s:4:\\\"0,00\\\";i:15;s:7:\\\"1019,63\\\";i:16;s:7:\\\"5875,00\\\";}}i:81;O:29:\\\"Illuminate\\\\Support\\\\Collection\\\":1:{s:8:\\\"\\u0000*\\u0000items\\\";a:17:{i:0;s:10:\\\"2023-12-28\\\";i:1;i:1;i:2;i:4;i:3;i:3341;i:4;i:3341;i:5;i:73520254731929;i:6;i:80;i:7;i:33696286189;i:8;s:13:\\\"CHEMISA S R L\\\";i:9;s:4:\\\"1,00\\\";i:10;s:3:\\\"PES\\\";i:11;s:7:\\\"3031,41\\\";i:12;s:4:\\\"0,00\\\";i:13;s:4:\\\"0,00\\\";i:14;s:4:\\\"0,00\\\";i:15;s:6:\\\"636,60\\\";i:16;s:7:\\\"3668,01\\\";}}i:82;O:29:\\\"Illuminate\\\\Support\\\\Collection\\\":1:{s:8:\\\"\\u0000*\\u0000items\\\";a:17:{i:0;s:10:\\\"2023-12-28\\\";i:1;i:1;i:2;i:4;i:3;i:3363;i:4;i:3363;i:5;i:73520329916272;i:6;i:80;i:7;i:20946761274;i:8;s:12:\\\"CHEN SAIPING\\\";i:9;s:4:\\\"1,00\\\";i:10;s:3:\\\"PES\\\";i:11;s:8:\\\"55855,39\\\";i:12;s:4:\\\"0,00\\\";i:13;s:4:\\\"0,00\\\";i:14;s:4:\\\"0,00\\\";i:15;s:8:\\\"11729,63\\\";i:16;s:8:\\\"67585,02\\\";}}i:83;O:29:\\\"Illuminate\\\\Support\\\\Collection\\\":1:{s:8:\\\"\\u0000*\\u0000items\\\";a:17:{i:0;s:10:\\\"2023-12-28\\\";i:1;i:1;i:2;i:4;i:3;i:3342;i:4;i:3342;i:5;i:73520254800345;i:6;i:80;i:7;i:30715284347;i:8;s:48:\\\"TALLER DE PINTURA Y CARROCERIA EL PAISANO S.R.L.\\\";i:9;s:4:\\\"1,00\\\";i:10;s:3:\\\"PES\\\";i:11;s:8:\\\"12378,08\\\";i:12;s:4:\\\"0,00\\\";i:13;s:4:\\\"0,00\\\";i:14;s:4:\\\"0,00\\\";i:15;s:7:\\\"2599,40\\\";i:16;s:8:\\\"14977,48\\\";}}i:84;O:29:\\\"Illuminate\\\\Support\\\\Collection\\\":1:{s:8:\\\"\\u0000*\\u0000items\\\";a:17:{i:0;s:10:\\\"2023-12-28\\\";i:1;i:1;i:2;i:4;i:3;i:3364;i:4;i:3364;i:5;i:73520329977344;i:6;i:80;i:7;i:20962427740;i:8;s:33:\\\"DAMIANO RODRIGUEZ DAHIANA MICAELA\\\";i:9;s:4:\\\"1,00\\\";i:10;s:3:\\\"PES\\\";i:11;s:7:\\\"7554,02\\\";i:12;s:4:\\\"0,00\\\";i:13;s:4:\\\"0,00\\\";i:14;s:4:\\\"0,00\\\";i:15;s:7:\\\"1586,34\\\";i:16;s:7:\\\"9140,36\\\";}}i:85;O:29:\\\"Illuminate\\\\Support\\\\Collection\\\":1:{s:8:\\\"\\u0000*\\u0000items\\\";a:17:{i:0;s:10:\\\"2023-12-28\\\";i:1;i:1;i:2;i:4;i:3;i:3365;i:4;i:3365;i:5;i:73520330003237;i:6;i:80;i:7;i:23265806929;i:8;s:23:\\\"OCHOA GOMEZ DIEGO ANGEL\\\";i:9;s:4:\\\"1,00\\\";i:10;s:3:\\\"PES\\\";i:11;s:8:\\\"11787,97\\\";i:12;s:4:\\\"0,00\\\";i:13;s:4:\\\"0,00\\\";i:14;s:4:\\\"0,00\\\";i:15;s:7:\\\"2475,47\\\";i:16;s:8:\\\"14263,45\\\";}}i:86;O:29:\\\"Illuminate\\\\Support\\\\Collection\\\":1:{s:8:\\\"\\u0000*\\u0000items\\\";a:17:{i:0;s:10:\\\"2023-12-28\\\";i:1;i:1;i:2;i:4;i:3;i:3343;i:4;i:3343;i:5;i:73520254860416;i:6;i:80;i:7;i:20293864919;i:8;s:25:\\\"GIOACCHINI MAURICIO JESUS\\\";i:9;s:4:\\\"1,00\\\";i:10;s:3:\\\"PES\\\";i:11;s:7:\\\"3299,55\\\";i:12;s:4:\\\"0,00\\\";i:13;s:4:\\\"0,00\\\";i:14;s:4:\\\"0,00\\\";i:15;s:6:\\\"692,91\\\";i:16;s:7:\\\"3992,46\\\";}}i:87;O:29:\\\"Illuminate\\\\Support\\\\Collection\\\":1:{s:8:\\\"\\u0000*\\u0000items\\\";a:17:{i:0;s:10:\\\"2023-12-28\\\";i:1;i:1;i:2;i:4;i:3;i:3366;i:4;i:3366;i:5;i:73520330115483;i:6;i:80;i:7;i:20221210787;i:8;s:21:\\\"BIAGETTI WALTER ARIEL\\\";i:9;s:4:\\\"1,00\\\";i:10;s:3:\\\"PES\\\";i:11;s:8:\\\"27375,67\\\";i:12;s:4:\\\"0,00\\\";i:13;s:4:\\\"0,00\\\";i:14;s:4:\\\"0,00\\\";i:15;s:7:\\\"5748,89\\\";i:16;s:8:\\\"33124,56\\\";}}i:88;O:29:\\\"Illuminate\\\\Support\\\\Collection\\\":1:{s:8:\\\"\\u0000*\\u0000items\\\";a:17:{i:0;s:10:\\\"2023-12-28\\\";i:1;i:1;i:2;i:4;i:3;i:3367;i:4;i:3367;i:5;i:73520330137614;i:6;i:80;i:7;i:27235150765;i:8;s:20:\\\"LEMA ILEANA ELIZABET\\\";i:9;s:4:\\\"1,00\\\";i:10;s:3:\\\"PES\\\";i:11;s:7:\\\"2534,89\\\";i:12;s:4:\\\"0,00\\\";i:13;s:4:\\\"0,00\\\";i:14;s:4:\\\"0,00\\\";i:15;s:6:\\\"532,33\\\";i:16;s:7:\\\"3067,22\\\";}}i:89;O:29:\\\"Illuminate\\\\Support\\\\Collection\\\":1:{s:8:\\\"\\u0000*\\u0000items\\\";a:17:{i:0;s:10:\\\"2023-12-28\\\";i:1;i:1;i:2;i:4;i:3;i:3368;i:4;i:3368;i:5;i:73520330162668;i:6;i:80;i:7;i:30707760946;i:8;s:8:\\\"SULI SRL\\\";i:9;s:4:\\\"1,00\\\";i:10;s:3:\\\"PES\\\";i:11;s:7:\\\"2924,74\\\";i:12;s:4:\\\"0,00\\\";i:13;s:4:\\\"0,00\\\";i:14;s:4:\\\"0,00\\\";i:15;s:6:\\\"614,20\\\";i:16;s:7:\\\"3538,94\\\";}}i:90;O:29:\\\"Illuminate\\\\Support\\\\Collection\\\":1:{s:8:\\\"\\u0000*\\u0000items\\\";a:17:{i:0;s:10:\\\"2023-12-28\\\";i:1;i:1;i:2;i:4;i:3;i:3369;i:4;i:3369;i:5;i:73520330234969;i:6;i:80;i:7;i:30709309311;i:8;s:19:\\\"SOLUCIONES MSG S.A.\\\";i:9;s:4:\\\"1,00\\\";i:10;s:3:\\\"PES\\\";i:11;s:7:\\\"3088,73\\\";i:12;s:4:\\\"0,00\\\";i:13;s:4:\\\"0,00\\\";i:14;s:4:\\\"0,00\\\";i:15;s:6:\\\"648,63\\\";i:16;s:7:\\\"3737,36\\\";}}i:91;O:29:\\\"Illuminate\\\\Support\\\\Collection\\\":1:{s:8:\\\"\\u0000*\\u0000items\\\";a:17:{i:0;s:10:\\\"2023-12-28\\\";i:1;i:1;i:2;i:4;i:3;i:3344;i:4;i:3344;i:5;i:73520255069520;i:6;i:80;i:7;i:27129278329;i:8;s:25:\\\"SAN MARTIN VIVIAN BEATRIZ\\\";i:9;s:4:\\\"1,00\\\";i:10;s:3:\\\"PES\\\";i:11;s:8:\\\"12006,20\\\";i:12;s:4:\\\"0,00\\\";i:13;s:4:\\\"0,00\\\";i:14;s:4:\\\"0,00\\\";i:15;s:7:\\\"2521,30\\\";i:16;s:8:\\\"14527,50\\\";}}i:92;O:29:\\\"Illuminate\\\\Support\\\\Collection\\\":1:{s:8:\\\"\\u0000*\\u0000items\\\";a:17:{i:0;s:10:\\\"2023-12-28\\\";i:1;i:1;i:2;i:4;i:3;i:3345;i:4;i:3345;i:5;i:73520255069622;i:6;i:80;i:7;i:23256666294;i:8;s:36:\\\"PE\\u00d1AFORT COLOMBI GRACIANA IRMA RUTH\\\";i:9;s:4:\\\"1,00\\\";i:10;s:3:\\\"PES\\\";i:11;s:7:\\\"7341,98\\\";i:12;s:4:\\\"0,00\\\";i:13;s:4:\\\"0,00\\\";i:14;s:4:\\\"0,00\\\";i:15;s:7:\\\"1541,82\\\";i:16;s:7:\\\"8883,80\\\";}}i:93;O:29:\\\"Illuminate\\\\Support\\\\Collection\\\":1:{s:8:\\\"\\u0000*\\u0000items\\\";a:17:{i:0;s:10:\\\"2023-12-28\\\";i:1;i:1;i:2;i:4;i:3;i:3384;i:4;i:3384;i:5;i:73520333875315;i:6;i:80;i:7;i:33716253479;i:8;s:19:\\\"GRUPO PASTELLAN SAS\\\";i:9;s:4:\\\"1,00\\\";i:10;s:3:\\\"PES\\\";i:11;s:7:\\\"2445,60\\\";i:12;s:4:\\\"0,00\\\";i:13;s:4:\\\"0,00\\\";i:14;s:4:\\\"0,00\\\";i:15;s:6:\\\"513,58\\\";i:16;s:7:\\\"2959,18\\\";}}i:94;O:29:\\\"Illuminate\\\\Support\\\\Collection\\\":1:{s:8:\\\"\\u0000*\\u0000items\\\";a:17:{i:0;s:10:\\\"2023-12-28\\\";i:1;i:1;i:2;i:4;i:3;i:3385;i:4;i:3385;i:5;i:73520333875360;i:6;i:80;i:7;i:30649087667;i:8;s:21:\\\"BUENOS AIRES HILO SRL\\\";i:9;s:4:\\\"1,00\\\";i:10;s:3:\\\"PES\\\";i:11;s:7:\\\"1881,64\\\";i:12;s:4:\\\"0,00\\\";i:13;s:4:\\\"0,00\\\";i:14;s:4:\\\"0,00\\\";i:15;s:6:\\\"395,14\\\";i:16;s:7:\\\"2276,78\\\";}}i:95;O:29:\\\"Illuminate\\\\Support\\\\Collection\\\":1:{s:8:\\\"\\u0000*\\u0000items\\\";a:17:{i:0;s:10:\\\"2023-12-28\\\";i:1;i:1;i:2;i:4;i:3;i:3386;i:4;i:3386;i:5;i:73520333875399;i:6;i:80;i:7;i:30604075269;i:8;s:22:\\\"DROGUERIA DISVAL S R L\\\";i:9;s:4:\\\"1,00\\\";i:10;s:3:\\\"PES\\\";i:11;s:7:\\\"2443,78\\\";i:12;s:4:\\\"0,00\\\";i:13;s:4:\\\"0,00\\\";i:14;s:4:\\\"0,00\\\";i:15;s:6:\\\"513,19\\\";i:16;s:7:\\\"2956,98\\\";}}i:96;O:29:\\\"Illuminate\\\\Support\\\\Collection\\\":1:{s:8:\\\"\\u0000*\\u0000items\\\";a:17:{i:0;s:10:\\\"2023-12-28\\\";i:1;i:1;i:2;i:4;i:3;i:3387;i:4;i:3387;i:5;i:73520333899064;i:6;i:80;i:7;i:23328403684;i:8;s:30:\\\"CAMINOS ANABELLA MARIAM GISELE\\\";i:9;s:4:\\\"1,00\\\";i:10;s:3:\\\"PES\\\";i:11;s:8:\\\"33057,85\\\";i:12;s:4:\\\"0,00\\\";i:13;s:4:\\\"0,00\\\";i:14;s:4:\\\"0,00\\\";i:15;s:7:\\\"6942,15\\\";i:16;s:8:\\\"40000,00\\\";}}i:97;O:29:\\\"Illuminate\\\\Support\\\\Collection\\\":1:{s:8:\\\"\\u0000*\\u0000items\\\";a:17:{i:0;s:10:\\\"2023-12-28\\\";i:1;i:1;i:2;i:4;i:3;i:3388;i:4;i:3388;i:5;i:73520333985412;i:6;i:80;i:7;i:23188880649;i:8;s:10:\\\"YANG LIHUA\\\";i:9;s:4:\\\"1,00\\\";i:10;s:3:\\\"PES\\\";i:11;s:8:\\\"44272,51\\\";i:12;s:4:\\\"0,00\\\";i:13;s:4:\\\"0,00\\\";i:14;s:4:\\\"0,00\\\";i:15;s:7:\\\"9297,23\\\";i:16;s:8:\\\"53569,74\\\";}}i:98;O:29:\\\"Illuminate\\\\Support\\\\Collection\\\":1:{s:8:\\\"\\u0000*\\u0000items\\\";a:17:{i:0;s:10:\\\"2023-12-28\\\";i:1;i:3;i:2;i:4;i:3;i:141;i:4;i:141;i:5;i:73520330570719;i:6;i:80;i:7;i:27129278329;i:8;s:25:\\\"SAN MARTIN VIVIAN BEATRIZ\\\";i:9;s:4:\\\"1,00\\\";i:10;s:3:\\\"PES\\\";i:11;s:8:\\\"12006,20\\\";i:12;s:4:\\\"0,00\\\";i:13;s:4:\\\"0,00\\\";i:14;s:4:\\\"0,00\\\";i:15;s:7:\\\"2521,30\\\";i:16;s:8:\\\"14527,50\\\";}}i:99;O:29:\\\"Illuminate\\\\Support\\\\Collection\\\":1:{s:8:\\\"\\u0000*\\u0000items\\\";a:17:{i:0;s:10:\\\"2023-12-28\\\";i:1;i:3;i:2;i:4;i:3;i:142;i:4;i:142;i:5;i:73520330592539;i:6;i:80;i:7;i:27235150765;i:8;s:20:\\\"LEMA ILEANA ELIZABET\\\";i:9;s:4:\\\"1,00\\\";i:10;s:3:\\\"PES\\\";i:11;s:7:\\\"2534,89\\\";i:12;s:4:\\\"0,00\\\";i:13;s:4:\\\"0,00\\\";i:14;s:4:\\\"0,00\\\";i:15;s:6:\\\"532,33\\\";i:16;s:7:\\\"3067,22\\\";}}i:100;O:29:\\\"Illuminate\\\\Support\\\\Collection\\\":1:{s:8:\\\"\\u0000*\\u0000items\\\";a:17:{i:0;s:10:\\\"2023-12-28\\\";i:1;i:3;i:2;i:4;i:3;i:143;i:4;i:143;i:5;i:73520330620305;i:6;i:80;i:7;i:30714377759;i:8;s:27:\\\"ESPACIOS DESARROLLOS S.R.L.\\\";i:9;s:4:\\\"1,00\\\";i:10;s:3:\\\"PES\\\";i:11;s:8:\\\"20156,55\\\";i:12;s:4:\\\"0,00\\\";i:13;s:4:\\\"0,00\\\";i:14;s:4:\\\"0,00\\\";i:15;s:7:\\\"4232,87\\\";i:16;s:8:\\\"24389,42\\\";}}i:101;O:29:\\\"Illuminate\\\\Support\\\\Collection\\\":1:{s:8:\\\"\\u0000*\\u0000items\\\";a:17:{i:0;s:10:\\\"2023-12-28\\\";i:1;i:3;i:2;i:4;i:3;i:144;i:4;i:144;i:5;i:73520330675224;i:6;i:80;i:7;i:30716090813;i:8;s:14:\\\"WANTACH S.R.L.\\\";i:9;s:4:\\\"1,00\\\";i:10;s:3:\\\"PES\\\";i:11;s:7:\\\"7578,78\\\";i:12;s:4:\\\"0,00\\\";i:13;s:4:\\\"0,00\\\";i:14;s:4:\\\"0,00\\\";i:15;s:7:\\\"1591,54\\\";i:16;s:7:\\\"9170,32\\\";}}i:102;O:29:\\\"Illuminate\\\\Support\\\\Collection\\\":1:{s:8:\\\"\\u0000*\\u0000items\\\";a:17:{i:0;s:10:\\\"2023-12-28\\\";i:1;i:3;i:2;i:4;i:3;i:145;i:4;i:145;i:5;i:73520330675282;i:6;i:80;i:7;i:23242550579;i:8;s:23:\\\"VINALES ROBERTO HORACIO\\\";i:9;s:4:\\\"1,00\\\";i:10;s:3:\\\"PES\\\";i:11;s:7:\\\"5515,69\\\";i:12;s:4:\\\"0,00\\\";i:13;s:4:\\\"0,00\\\";i:14;s:4:\\\"0,00\\\";i:15;s:7:\\\"1158,30\\\";i:16;s:7:\\\"6673,99\\\";}}i:103;O:29:\\\"Illuminate\\\\Support\\\\Collection\\\":1:{s:8:\\\"\\u0000*\\u0000items\\\";a:17:{i:0;s:10:\\\"2023-12-28\\\";i:1;i:3;i:2;i:4;i:3;i:146;i:4;i:146;i:5;i:73520330722951;i:6;i:80;i:7;i:20292046449;i:8;s:23:\\\"COLELLA RODRIGO NICOLAS\\\";i:9;s:4:\\\"1,00\\\";i:10;s:3:\\\"PES\\\";i:11;s:8:\\\"13077,83\\\";i:12;s:4:\\\"0,00\\\";i:13;s:4:\\\"0,00\\\";i:14;s:4:\\\"0,00\\\";i:15;s:7:\\\"2746,35\\\";i:16;s:8:\\\"15824,18\\\";}}i:104;O:29:\\\"Illuminate\\\\Support\\\\Collection\\\":1:{s:8:\\\"\\u0000*\\u0000items\\\";a:17:{i:0;s:10:\\\"2023-12-28\\\";i:1;i:3;i:2;i:4;i:3;i:147;i:4;i:147;i:5;i:73520330773876;i:6;i:80;i:7;i:20238677816;i:8;s:22:\\\"CARDOZO LISANDRO PEDRO\\\";i:9;s:4:\\\"1,00\\\";i:10;s:3:\\\"PES\\\";i:11;s:7:\\\"5766,46\\\";i:12;s:4:\\\"0,00\\\";i:13;s:4:\\\"0,00\\\";i:14;s:4:\\\"0,00\\\";i:15;s:7:\\\"1210,96\\\";i:16;s:7:\\\"6977,42\\\";}}i:105;O:29:\\\"Illuminate\\\\Support\\\\Collection\\\":1:{s:8:\\\"\\u0000*\\u0000items\\\";a:17:{i:0;s:10:\\\"2023-12-28\\\";i:1;i:3;i:2;i:4;i:3;i:148;i:4;i:148;i:5;i:73520330773892;i:6;i:80;i:7;i:30714748080;i:8;s:30:\\\"INTERACTIVE MOBILE MEDIA S. A.\\\";i:9;s:4:\\\"1,00\\\";i:10;s:3:\\\"PES\\\";i:11;s:7:\\\"4141,36\\\";i:12;s:4:\\\"0,00\\\";i:13;s:4:\\\"0,00\\\";i:14;s:4:\\\"0,00\\\";i:15;s:6:\\\"869,68\\\";i:16;s:7:\\\"5011,04\\\";}}i:106;O:29:\\\"Illuminate\\\\Support\\\\Collection\\\":1:{s:8:\\\"\\u0000*\\u0000items\\\";a:17:{i:0;s:10:\\\"2023-12-28\\\";i:1;i:3;i:2;i:4;i:3;i:149;i:4;i:149;i:5;i:73520330795358;i:6;i:80;i:7;i:30715284347;i:8;s:48:\\\"TALLER DE PINTURA Y CARROCERIA EL PAISANO S.R.L.\\\";i:9;s:4:\\\"1,00\\\";i:10;s:3:\\\"PES\\\";i:11;s:8:\\\"12378,08\\\";i:12;s:4:\\\"0,00\\\";i:13;s:4:\\\"0,00\\\";i:14;s:4:\\\"0,00\\\";i:15;s:7:\\\"2599,40\\\";i:16;s:8:\\\"14977,48\\\";}}i:107;O:29:\\\"Illuminate\\\\Support\\\\Collection\\\":1:{s:8:\\\"\\u0000*\\u0000items\\\";a:17:{i:0;s:10:\\\"2023-12-28\\\";i:1;i:6;i:2;i:4;i:3;i:19650;i:4;i:19650;i:5;i:73520174659464;i:6;i:96;i:7;i:1;i:8;N;i:9;s:4:\\\"1,00\\\";i:10;s:3:\\\"PES\\\";i:11;s:6:\\\"689,88\\\";i:12;s:4:\\\"0,00\\\";i:13;s:4:\\\"0,00\\\";i:14;s:4:\\\"0,00\\\";i:15;s:6:\\\"144,87\\\";i:16;s:6:\\\"834,75\\\";}}i:108;O:29:\\\"Illuminate\\\\Support\\\\Collection\\\":1:{s:8:\\\"\\u0000*\\u0000items\\\";a:17:{i:0;s:10:\\\"2023-12-28\\\";i:1;i:6;i:2;i:4;i:3;i:19651;i:4;i:19651;i:5;i:73520174659508;i:6;i:96;i:7;i:1;i:8;N;i:9;s:4:\\\"1,00\\\";i:10;s:3:\\\"PES\\\";i:11;s:6:\\\"743,80\\\";i:12;s:4:\\\"0,00\\\";i:13;s:4:\\\"0,00\\\";i:14;s:4:\\\"0,00\\\";i:15;s:6:\\\"156,20\\\";i:16;s:6:\\\"900,00\\\";}}i:109;O:29:\\\"Illuminate\\\\Support\\\\Collection\\\":1:{s:8:\\\"\\u0000*\\u0000items\\\";a:17:{i:0;s:10:\\\"2023-12-28\\\";i:1;i:6;i:2;i:4;i:3;i:19652;i:4;i:19652;i:5;i:73520174659511;i:6;i:96;i:7;i:28166844;i:8;s:21:\\\"GROSSO LORENA SABRINA\\\";i:9;s:4:\\\"1,00\\\";i:10;s:3:\\\"PES\\\";i:11;s:7:\\\"6203,01\\\";i:12;s:4:\\\"0,00\\\";i:13;s:4:\\\"0,00\\\";i:14;s:4:\\\"0,00\\\";i:15;s:7:\\\"1302,63\\\";i:16;s:7:\\\"7505,64\\\";}}i:110;O:29:\\\"Illuminate\\\\Support\\\\Collection\\\":1:{s:8:\\\"\\u0000*\\u0000items\\\";a:17:{i:0;s:10:\\\"2023-12-28\\\";i:1;i:6;i:2;i:4;i:3;i:19653;i:4;i:19653;i:5;i:73520174659553;i:6;i:96;i:7;i:13078145;i:8;s:22:\\\"PI\\u00d1EIRO BEATRIZ MARIA\\\";i:9;s:4:\\\"1,00\\\";i:10;s:3:\\\"PES\\\";i:11;s:8:\\\"15433,38\\\";i:12;s:4:\\\"0,00\\\";i:13;s:4:\\\"0,00\\\";i:14;s:4:\\\"0,00\\\";i:15;s:7:\\\"3241,01\\\";i:16;s:8:\\\"18674,39\\\";}}i:111;O:29:\\\"Illuminate\\\\Support\\\\Collection\\\":1:{s:8:\\\"\\u0000*\\u0000items\\\";a:17:{i:0;s:10:\\\"2023-12-28\\\";i:1;i:6;i:2;i:4;i:3;i:19654;i:4;i:19654;i:5;i:73520174731310;i:6;i:96;i:7;i:37817020;i:8;s:27:\\\"LUCERO AMADO VANESA RAQUEL \\\";i:9;s:4:\\\"1,00\\\";i:10;s:3:\\\"PES\\\";i:11;s:8:\\\"16513,39\\\";i:12;s:4:\\\"0,00\\\";i:13;s:4:\\\"0,00\\\";i:14;s:4:\\\"0,00\\\";i:15;s:7:\\\"3467,81\\\";i:16;s:8:\\\"19981,20\\\";}}i:112;O:29:\\\"Illuminate\\\\Support\\\\Collection\\\":1:{s:8:\\\"\\u0000*\\u0000items\\\";a:17:{i:0;s:10:\\\"2023-12-28\\\";i:1;i:6;i:2;i:4;i:3;i:19655;i:4;i:19655;i:5;i:73520174731394;i:6;i:96;i:7;i:1;i:8;N;i:9;s:4:\\\"1,00\\\";i:10;s:3:\\\"PES\\\";i:11;s:6:\\\"689,88\\\";i:12;s:4:\\\"0,00\\\";i:13;s:4:\\\"0,00\\\";i:14;s:4:\\\"0,00\\\";i:15;s:6:\\\"144,87\\\";i:16;s:6:\\\"834,75\\\";}}i:113;O:29:\\\"Illuminate\\\\Support\\\\Collection\\\":1:{s:8:\\\"\\u0000*\\u0000items\\\";a:17:{i:0;s:10:\\\"2023-12-28\\\";i:1;i:6;i:2;i:4;i:3;i:19656;i:4;i:19656;i:5;i:73520174731496;i:6;i:96;i:7;i:14432676;i:8;s:19:\\\"PISANI OMAR ALBERTO\\\";i:9;s:4:\\\"1,00\\\";i:10;s:3:\\\"PES\\\";i:11;s:7:\\\"7334,08\\\";i:12;s:4:\\\"0,00\\\";i:13;s:4:\\\"0,00\\\";i:14;s:4:\\\"0,00\\\";i:15;s:7:\\\"1540,16\\\";i:16;s:7:\\\"8874,24\\\";}}i:114;O:29:\\\"Illuminate\\\\Support\\\\Collection\\\":1:{s:8:\\\"\\u0000*\\u0000items\\\";a:17:{i:0;s:10:\\\"2023-12-28\\\";i:1;i:6;i:2;i:4;i:3;i:19657;i:4;i:19657;i:5;i:73520174731543;i:6;i:96;i:7;i:1;i:8;N;i:9;s:4:\\\"1,00\\\";i:10;s:3:\\\"PES\\\";i:11;s:7:\\\"1082,43\\\";i:12;s:4:\\\"0,00\\\";i:13;s:4:\\\"0,00\\\";i:14;s:4:\\\"0,00\\\";i:15;s:6:\\\"227,31\\\";i:16;s:7:\\\"1309,74\\\";}}i:115;O:29:\\\"Illuminate\\\\Support\\\\Collection\\\":1:{s:8:\\\"\\u0000*\\u0000items\\\";a:17:{i:0;s:10:\\\"2023-12-28\\\";i:1;i:6;i:2;i:4;i:3;i:19658;i:4;i:19658;i:5;i:73520174731585;i:6;i:96;i:7;i:46472992;i:8;s:27:\\\"BIONDO LASTRE SASHA ABIGAIL\\\";i:9;s:4:\\\"1,00\\\";i:10;s:3:\\\"PES\\\";i:11;s:8:\\\"15401,65\\\";i:12;s:4:\\\"0,00\\\";i:13;s:4:\\\"0,00\\\";i:14;s:4:\\\"0,00\\\";i:15;s:7:\\\"3234,35\\\";i:16;s:8:\\\"18636,00\\\";}}i:116;O:29:\\\"Illuminate\\\\Support\\\\Collection\\\":1:{s:8:\\\"\\u0000*\\u0000items\\\";a:17:{i:0;s:10:\\\"2023-12-28\\\";i:1;i:6;i:2;i:4;i:3;i:19659;i:4;i:19659;i:5;i:73520174731629;i:6;i:96;i:7;i:36591117;i:8;s:20:\\\"QUISPE ADRIANA BELEN\\\";i:9;s:4:\\\"1,00\\\";i:10;s:3:\\\"PES\\\";i:11;s:8:\\\"18687,80\\\";i:12;s:4:\\\"0,00\\\";i:13;s:4:\\\"0,00\\\";i:14;s:4:\\\"0,00\\\";i:15;s:7:\\\"3924,44\\\";i:16;s:8:\\\"22612,24\\\";}}i:117;O:29:\\\"Illuminate\\\\Support\\\\Collection\\\":1:{s:8:\\\"\\u0000*\\u0000items\\\";a:17:{i:0;s:10:\\\"2023-12-28\\\";i:1;i:6;i:2;i:4;i:3;i:19660;i:4;i:19660;i:5;i:73520174731674;i:6;i:96;i:7;i:1;i:8;N;i:9;s:4:\\\"1,00\\\";i:10;s:3:\\\"PES\\\";i:11;s:6:\\\"306,61\\\";i:12;s:4:\\\"0,00\\\";i:13;s:4:\\\"0,00\\\";i:14;s:4:\\\"0,00\\\";i:15;s:5:\\\"64,39\\\";i:16;s:6:\\\"371,00\\\";}}i:118;O:29:\\\"Illuminate\\\\Support\\\\Collection\\\":1:{s:8:\\\"\\u0000*\\u0000items\\\";a:17:{i:0;s:10:\\\"2023-12-28\\\";i:1;i:6;i:2;i:4;i:3;i:19661;i:4;i:19661;i:5;i:73520174731705;i:6;i:96;i:7;i:1;i:8;N;i:9;s:4:\\\"1,00\\\";i:10;s:3:\\\"PES\\\";i:11;s:7:\\\"1226,44\\\";i:12;s:4:\\\"0,00\\\";i:13;s:4:\\\"0,00\\\";i:14;s:4:\\\"0,00\\\";i:15;s:6:\\\"257,55\\\";i:16;s:7:\\\"1483,99\\\";}}i:119;O:29:\\\"Illuminate\\\\Support\\\\Collection\\\":1:{s:8:\\\"\\u0000*\\u0000items\\\";a:17:{i:0;s:10:\\\"2023-12-28\\\";i:1;i:6;i:2;i:4;i:3;i:19662;i:4;i:19662;i:5;i:73520174731776;i:6;i:96;i:7;i:95839204;i:8;s:24:\\\"MARANTE GENESIS MICHELLE\\\";i:9;s:4:\\\"1,00\\\";i:10;s:3:\\\"PES\\\";i:11;s:7:\\\"5346,48\\\";i:12;s:4:\\\"0,00\\\";i:13;s:4:\\\"0,00\\\";i:14;s:4:\\\"0,00\\\";i:15;s:7:\\\"1122,76\\\";i:16;s:7:\\\"6469,24\\\";}}i:120;O:29:\\\"Illuminate\\\\Support\\\\Collection\\\":1:{s:8:\\\"\\u0000*\\u0000items\\\";a:17:{i:0;s:10:\\\"2023-12-28\\\";i:1;i:6;i:2;i:4;i:3;i:19663;i:4;i:19663;i:5;i:73520174731810;i:6;i:96;i:7;i:35019513;i:8;s:23:\\\"AVILES VIRGINIA NATALIA\\\";i:9;s:4:\\\"1,00\\\";i:10;s:3:\\\"PES\\\";i:11;s:8:\\\"10662,81\\\";i:12;s:4:\\\"0,00\\\";i:13;s:4:\\\"0,00\\\";i:14;s:4:\\\"0,00\\\";i:15;s:7:\\\"2239,19\\\";i:16;s:8:\\\"12902,00\\\";}}i:121;O:29:\\\"Illuminate\\\\Support\\\\Collection\\\":1:{s:8:\\\"\\u0000*\\u0000items\\\";a:17:{i:0;s:10:\\\"2023-12-28\\\";i:1;i:6;i:2;i:4;i:3;i:19664;i:4;i:19664;i:5;i:73520174799989;i:6;i:96;i:7;i:47047046;i:8;s:24:\\\"RODRIGUEZ CLAUDIO NAHUEL\\\";i:9;s:4:\\\"1,00\\\";i:10;s:3:\\\"PES\\\";i:11;s:7:\\\"6817,35\\\";i:12;s:4:\\\"0,00\\\";i:13;s:4:\\\"0,00\\\";i:14;s:4:\\\"0,00\\\";i:15;s:7:\\\"1431,64\\\";i:16;s:7:\\\"8248,99\\\";}}i:122;O:29:\\\"Illuminate\\\\Support\\\\Collection\\\":1:{s:8:\\\"\\u0000*\\u0000items\\\";a:17:{i:0;s:10:\\\"2023-12-28\\\";i:1;i:6;i:2;i:4;i:3;i:19665;i:4;i:19665;i:5;i:73520174800032;i:6;i:96;i:7;i:27255293;i:8;s:26:\\\"ALVARADO GUERRERO VALERIA \\\";i:9;s:4:\\\"1,00\\\";i:10;s:3:\\\"PES\\\";i:11;s:7:\\\"7914,70\\\";i:12;s:4:\\\"0,00\\\";i:13;s:4:\\\"0,00\\\";i:14;s:4:\\\"0,00\\\";i:15;s:7:\\\"1662,09\\\";i:16;s:7:\\\"9576,79\\\";}}i:123;O:29:\\\"Illuminate\\\\Support\\\\Collection\\\":1:{s:8:\\\"\\u0000*\\u0000items\\\";a:17:{i:0;s:10:\\\"2023-12-28\\\";i:1;i:6;i:2;i:4;i:3;i:19666;i:4;i:19666;i:5;i:73520174800105;i:6;i:96;i:7;i:27337440;i:8;s:26:\\\"CORNALO ALEJANDRA DANIELA \\\";i:9;s:4:\\\"1,00\\\";i:10;s:3:\\\"PES\\\";i:11;s:8:\\\"13814,88\\\";i:12;s:4:\\\"0,00\\\";i:13;s:4:\\\"0,00\\\";i:14;s:4:\\\"0,00\\\";i:15;s:7:\\\"2901,12\\\";i:16;s:8:\\\"16716,00\\\";}}i:124;O:29:\\\"Illuminate\\\\Support\\\\Collection\\\":1:{s:8:\\\"\\u0000*\\u0000items\\\";a:17:{i:0;s:10:\\\"2023-12-28\\\";i:1;i:6;i:2;i:4;i:3;i:19667;i:4;i:19667;i:5;i:73520174800176;i:6;i:96;i:7;i:20080015;i:8;s:27:\\\"CASTILLO MARCELA ALEJANDRA \\\";i:9;s:4:\\\"1,00\\\";i:10;s:3:\\\"PES\\\";i:11;s:7:\\\"9279,33\\\";i:12;s:4:\\\"0,00\\\";i:13;s:4:\\\"0,00\\\";i:14;s:4:\\\"0,00\\\";i:15;s:7:\\\"1948,66\\\";i:16;s:8:\\\"11227,99\\\";}}i:125;O:29:\\\"Illuminate\\\\Support\\\\Collection\\\":1:{s:8:\\\"\\u0000*\\u0000items\\\";a:17:{i:0;s:10:\\\"2023-12-28\\\";i:1;i:6;i:2;i:4;i:3;i:19668;i:4;i:19668;i:5;i:73520174800207;i:6;i:96;i:7;i:1;i:8;N;i:9;s:4:\\\"1,00\\\";i:10;s:3:\\\"PES\\\";i:11;s:6:\\\"153,31\\\";i:12;s:4:\\\"0,00\\\";i:13;s:4:\\\"0,00\\\";i:14;s:4:\\\"0,00\\\";i:15;s:5:\\\"32,19\\\";i:16;s:6:\\\"185,50\\\";}}i:126;O:29:\\\"Illuminate\\\\Support\\\\Collection\\\":1:{s:8:\\\"\\u0000*\\u0000items\\\";a:17:{i:0;s:10:\\\"2023-12-28\\\";i:1;i:6;i:2;i:4;i:3;i:19669;i:4;i:19669;i:5;i:73520174800278;i:6;i:96;i:7;i:29414619;i:8;s:23:\\\"COLOMBO FLAVIA ANABELLA\\\";i:9;s:4:\\\"1,00\\\";i:10;s:3:\\\"PES\\\";i:11;s:7:\\\"4892,65\\\";i:12;s:4:\\\"0,00\\\";i:13;s:4:\\\"0,00\\\";i:14;s:4:\\\"0,00\\\";i:15;s:7:\\\"1027,46\\\";i:16;s:7:\\\"5920,11\\\";}}i:127;O:29:\\\"Illuminate\\\\Support\\\\Collection\\\":1:{s:8:\\\"\\u0000*\\u0000items\\\";a:17:{i:0;s:10:\\\"2023-12-28\\\";i:1;i:6;i:2;i:4;i:3;i:19670;i:4;i:19670;i:5;i:73520174800325;i:6;i:96;i:7;i:22302140;i:8;s:24:\\\"GARCIA RUIZ AIXA DANIELA\\\";i:9;s:4:\\\"1,00\\\";i:10;s:3:\\\"PES\\\";i:11;s:7:\\\"5395,54\\\";i:12;s:4:\\\"0,00\\\";i:13;s:4:\\\"0,00\\\";i:14;s:4:\\\"0,00\\\";i:15;s:7:\\\"1133,06\\\";i:16;s:7:\\\"6528,60\\\";}}i:128;O:29:\\\"Illuminate\\\\Support\\\\Collection\\\":1:{s:8:\\\"\\u0000*\\u0000items\\\";a:17:{i:0;s:10:\\\"2023-12-28\\\";i:1;i:6;i:2;i:4;i:3;i:19671;i:4;i:19671;i:5;i:73520174800396;i:6;i:96;i:7;i:1;i:8;N;i:9;s:4:\\\"1,00\\\";i:10;s:3:\\\"PES\\\";i:11;s:7:\\\"3305,78\\\";i:12;s:4:\\\"0,00\\\";i:13;s:4:\\\"0,00\\\";i:14;s:4:\\\"0,00\\\";i:15;s:6:\\\"694,21\\\";i:16;s:7:\\\"3999,99\\\";}}i:129;O:29:\\\"Illuminate\\\\Support\\\\Collection\\\":1:{s:8:\\\"\\u0000*\\u0000items\\\";a:17:{i:0;s:10:\\\"2023-12-28\\\";i:1;i:6;i:2;i:4;i:3;i:19672;i:4;i:19672;i:5;i:73520174924026;i:6;i:96;i:7;i:30305125;i:8;N;i:9;s:4:\\\"1,00\\\";i:10;s:3:\\\"PES\\\";i:11;s:8:\\\"14086,26\\\";i:12;s:4:\\\"0,00\\\";i:13;s:4:\\\"0,00\\\";i:14;s:4:\\\"0,00\\\";i:15;s:7:\\\"2958,11\\\";i:16;s:8:\\\"17044,37\\\";}}i:130;O:29:\\\"Illuminate\\\\Support\\\\Collection\\\":1:{s:8:\\\"\\u0000*\\u0000items\\\";a:17:{i:0;s:10:\\\"2023-12-28\\\";i:1;i:6;i:2;i:4;i:3;i:19673;i:4;i:19673;i:5;i:73520174924160;i:6;i:96;i:7;i:1;i:8;N;i:9;s:4:\\\"1,00\\\";i:10;s:3:\\\"PES\\\";i:11;s:6:\\\"743,80\\\";i:12;s:4:\\\"0,00\\\";i:13;s:4:\\\"0,00\\\";i:14;s:4:\\\"0,00\\\";i:15;s:6:\\\"156,20\\\";i:16;s:6:\\\"900,00\\\";}}i:131;O:29:\\\"Illuminate\\\\Support\\\\Collection\\\":1:{s:8:\\\"\\u0000*\\u0000items\\\";a:17:{i:0;s:10:\\\"2023-12-28\\\";i:1;i:6;i:2;i:4;i:3;i:19674;i:4;i:19674;i:5;i:73520174924220;i:6;i:96;i:7;i:37807034;i:8;s:21:\\\"RIVERO HECTOR EDUARDO\\\";i:9;s:4:\\\"1,00\\\";i:10;s:3:\\\"PES\\\";i:11;s:7:\\\"5966,93\\\";i:12;s:4:\\\"0,00\\\";i:13;s:4:\\\"0,00\\\";i:14;s:4:\\\"0,00\\\";i:15;s:7:\\\"1253,06\\\";i:16;s:7:\\\"7219,99\\\";}}i:132;O:29:\\\"Illuminate\\\\Support\\\\Collection\\\":1:{s:8:\\\"\\u0000*\\u0000items\\\";a:17:{i:0;s:10:\\\"2023-12-28\\\";i:1;i:6;i:2;i:4;i:3;i:19675;i:4;i:19675;i:5;i:73520174924322;i:6;i:96;i:7;i:1;i:8;N;i:9;s:4:\\\"1,00\\\";i:10;s:3:\\\"PES\\\";i:11;s:7:\\\"1487,60\\\";i:12;s:4:\\\"0,00\\\";i:13;s:4:\\\"0,00\\\";i:14;s:4:\\\"0,00\\\";i:15;s:6:\\\"312,40\\\";i:16;s:7:\\\"1800,00\\\";}}i:133;O:29:\\\"Illuminate\\\\Support\\\\Collection\\\":1:{s:8:\\\"\\u0000*\\u0000items\\\";a:17:{i:0;s:10:\\\"2023-12-28\\\";i:1;i:6;i:2;i:4;i:3;i:19676;i:4;i:19676;i:5;i:73520174924466;i:6;i:96;i:7;i:1;i:8;N;i:9;s:4:\\\"1,00\\\";i:10;s:3:\\\"PES\\\";i:11;s:7:\\\"1818,17\\\";i:12;s:4:\\\"0,00\\\";i:13;s:4:\\\"0,00\\\";i:14;s:4:\\\"0,00\\\";i:15;s:6:\\\"381,82\\\";i:16;s:7:\\\"2199,99\\\";}}i:134;O:29:\\\"Illuminate\\\\Support\\\\Collection\\\":1:{s:8:\\\"\\u0000*\\u0000items\\\";a:17:{i:0;s:10:\\\"2023-12-28\\\";i:1;i:6;i:2;i:4;i:3;i:19677;i:4;i:19677;i:5;i:73520174924555;i:6;i:96;i:7;i:36407953;i:8;s:29:\\\"D ALESSANDRO AGUSTINA FIORELA\\\";i:9;s:4:\\\"1,00\\\";i:10;s:3:\\\"PES\\\";i:11;s:7:\\\"7657,02\\\";i:12;s:4:\\\"0,00\\\";i:13;s:4:\\\"0,00\\\";i:14;s:4:\\\"0,00\\\";i:15;s:7:\\\"1607,97\\\";i:16;s:7:\\\"9264,99\\\";}}i:135;O:29:\\\"Illuminate\\\\Support\\\\Collection\\\":1:{s:8:\\\"\\u0000*\\u0000items\\\";a:17:{i:0;s:10:\\\"2023-12-28\\\";i:1;i:6;i:2;i:4;i:3;i:19678;i:4;i:19678;i:5;i:73520174924644;i:6;i:96;i:7;i:42596503;i:8;s:22:\\\"BZEZANSKI GONZALO IVAN\\\";i:9;s:4:\\\"1,00\\\";i:10;s:3:\\\"PES\\\";i:11;s:7:\\\"6092,55\\\";i:12;s:4:\\\"0,00\\\";i:13;s:4:\\\"0,00\\\";i:14;s:4:\\\"0,00\\\";i:15;s:7:\\\"1279,44\\\";i:16;s:7:\\\"7371,99\\\";}}i:136;O:29:\\\"Illuminate\\\\Support\\\\Collection\\\":1:{s:8:\\\"\\u0000*\\u0000items\\\";a:17:{i:0;s:10:\\\"2023-12-28\\\";i:1;i:6;i:2;i:4;i:3;i:19679;i:4;i:19679;i:5;i:73520174924822;i:6;i:96;i:7;i:32010840;i:8;s:22:\\\"CABRERA CECILIA CORINA\\\";i:9;s:4:\\\"1,00\\\";i:10;s:3:\\\"PES\\\";i:11;s:7:\\\"7123,96\\\";i:12;s:4:\\\"0,00\\\";i:13;s:4:\\\"0,00\\\";i:14;s:4:\\\"0,00\\\";i:15;s:7:\\\"1496,03\\\";i:16;s:7:\\\"8619,99\\\";}}i:137;O:29:\\\"Illuminate\\\\Support\\\\Collection\\\":1:{s:8:\\\"\\u0000*\\u0000items\\\";a:17:{i:0;s:10:\\\"2023-12-28\\\";i:1;i:6;i:2;i:4;i:3;i:19680;i:4;i:19680;i:5;i:73520174924979;i:6;i:96;i:7;i:1;i:8;N;i:9;s:4:\\\"1,00\\\";i:10;s:3:\\\"PES\\\";i:11;s:7:\\\"1438,01\\\";i:12;s:4:\\\"0,00\\\";i:13;s:4:\\\"0,00\\\";i:14;s:4:\\\"0,00\\\";i:15;s:6:\\\"301,98\\\";i:16;s:7:\\\"1739,99\\\";}}i:138;O:29:\\\"Illuminate\\\\Support\\\\Collection\\\":1:{s:8:\\\"\\u0000*\\u0000items\\\";a:17:{i:0;s:10:\\\"2023-12-28\\\";i:1;i:6;i:2;i:4;i:3;i:19681;i:4;i:19681;i:5;i:73520174925056;i:6;i:96;i:7;i:30515193;i:8;s:24:\\\"CAMARGO MAXIMILIANO JOSE\\\";i:9;s:4:\\\"1,00\\\";i:10;s:3:\\\"PES\\\";i:11;s:7:\\\"9866,93\\\";i:12;s:4:\\\"0,00\\\";i:13;s:4:\\\"0,00\\\";i:14;s:4:\\\"0,00\\\";i:15;s:7:\\\"2072,06\\\";i:16;s:8:\\\"11938,99\\\";}}i:139;O:29:\\\"Illuminate\\\\Support\\\\Collection\\\":1:{s:8:\\\"\\u0000*\\u0000items\\\";a:17:{i:0;s:10:\\\"2023-12-28\\\";i:1;i:6;i:2;i:4;i:3;i:19682;i:4;i:19682;i:5;i:73520174925161;i:6;i:96;i:7;i:40736106;i:8;s:21:\\\"LUZARDO JUAN FABRICIO\\\";i:9;s:4:\\\"1,00\\\";i:10;s:3:\\\"PES\\\";i:11;s:8:\\\"31935,41\\\";i:12;s:4:\\\"0,00\\\";i:13;s:4:\\\"0,00\\\";i:14;s:4:\\\"0,00\\\";i:15;s:7:\\\"6706,44\\\";i:16;s:8:\\\"38641,85\\\";}}i:140;O:29:\\\"Illuminate\\\\Support\\\\Collection\\\":1:{s:8:\\\"\\u0000*\\u0000items\\\";a:17:{i:0;s:10:\\\"2023-12-28\\\";i:1;i:6;i:2;i:4;i:3;i:19683;i:4;i:19683;i:5;i:73520174925307;i:6;i:96;i:7;i:1;i:8;N;i:9;s:4:\\\"1,00\\\";i:10;s:3:\\\"PES\\\";i:11;s:6:\\\"306,61\\\";i:12;s:4:\\\"0,00\\\";i:13;s:4:\\\"0,00\\\";i:14;s:4:\\\"0,00\\\";i:15;s:5:\\\"64,39\\\";i:16;s:6:\\\"371,00\\\";}}i:141;O:29:\\\"Illuminate\\\\Support\\\\Collection\\\":1:{s:8:\\\"\\u0000*\\u0000items\\\";a:17:{i:0;s:10:\\\"2023-12-28\\\";i:1;i:6;i:2;i:4;i:3;i:19684;i:4;i:19684;i:5;i:73520174925425;i:6;i:96;i:7;i:30742580;i:8;s:22:\\\"SALGUEIRO IGNACIO JOSE\\\";i:9;s:4:\\\"1,00\\\";i:10;s:3:\\\"PES\\\";i:11;s:8:\\\"29009,92\\\";i:12;s:4:\\\"0,00\\\";i:13;s:4:\\\"0,00\\\";i:14;s:4:\\\"0,00\\\";i:15;s:7:\\\"6092,08\\\";i:16;s:8:\\\"35102,00\\\";}}i:142;O:29:\\\"Illuminate\\\\Support\\\\Collection\\\":1:{s:8:\\\"\\u0000*\\u0000items\\\";a:17:{i:0;s:10:\\\"2023-12-28\\\";i:1;i:6;i:2;i:4;i:3;i:19685;i:4;i:19685;i:5;i:73520174925569;i:6;i:96;i:7;i:1;i:8;N;i:9;s:4:\\\"1,00\\\";i:10;s:3:\\\"PES\\\";i:11;s:7:\\\"2421,48\\\";i:12;s:4:\\\"0,00\\\";i:13;s:4:\\\"0,00\\\";i:14;s:4:\\\"0,00\\\";i:15;s:6:\\\"508,51\\\";i:16;s:7:\\\"2929,99\\\";}}i:143;O:29:\\\"Illuminate\\\\Support\\\\Collection\\\":1:{s:8:\\\"\\u0000*\\u0000items\\\";a:17:{i:0;s:10:\\\"2023-12-28\\\";i:1;i:6;i:2;i:4;i:3;i:19686;i:4;i:19686;i:5;i:73520175054905;i:6;i:96;i:7;i:1;i:8;N;i:9;s:4:\\\"1,00\\\";i:10;s:3:\\\"PES\\\";i:11;s:6:\\\"306,61\\\";i:12;s:4:\\\"0,00\\\";i:13;s:4:\\\"0,00\\\";i:14;s:4:\\\"0,00\\\";i:15;s:5:\\\"64,39\\\";i:16;s:6:\\\"371,00\\\";}}i:144;O:29:\\\"Illuminate\\\\Support\\\\Collection\\\":1:{s:8:\\\"\\u0000*\\u0000items\\\";a:17:{i:0;s:10:\\\"2023-12-28\\\";i:1;i:6;i:2;i:4;i:3;i:19687;i:4;i:19687;i:5;i:73520175054950;i:6;i:80;i:7;i:20359010126;i:8;s:26:\\\"GASPARI SEBASTIAN EZEQUIEL\\\";i:9;s:4:\\\"1,00\\\";i:10;s:3:\\\"PES\\\";i:11;s:8:\\\"21567,77\\\";i:12;s:4:\\\"0,00\\\";i:13;s:4:\\\"0,00\\\";i:14;s:4:\\\"0,00\\\";i:15;s:7:\\\"4529,23\\\";i:16;s:8:\\\"26097,00\\\";}}i:145;O:29:\\\"Illuminate\\\\Support\\\\Collection\\\":1:{s:8:\\\"\\u0000*\\u0000items\\\";a:17:{i:0;s:10:\\\"2023-12-28\\\";i:1;i:6;i:2;i:4;i:3;i:19688;i:4;i:19688;i:5;i:73520175054992;i:6;i:80;i:7;i:27140654642;i:8;s:24:\\\"LAGIGLIA EVELYN CONSUELO\\\";i:9;s:4:\\\"1,00\\\";i:10;s:3:\\\"PES\\\";i:11;s:8:\\\"20247,11\\\";i:12;s:4:\\\"0,00\\\";i:13;s:4:\\\"0,00\\\";i:14;s:4:\\\"0,00\\\";i:15;s:7:\\\"4251,89\\\";i:16;s:8:\\\"24499,00\\\";}}i:146;O:29:\\\"Illuminate\\\\Support\\\\Collection\\\":1:{s:8:\\\"\\u0000*\\u0000items\\\";a:17:{i:0;s:10:\\\"2023-12-28\\\";i:1;i:6;i:2;i:4;i:3;i:19689;i:4;i:19689;i:5;i:73520175055008;i:6;i:96;i:7;i:1;i:8;N;i:9;s:4:\\\"1,00\\\";i:10;s:3:\\\"PES\\\";i:11;s:6:\\\"438,02\\\";i:12;s:4:\\\"0,00\\\";i:13;s:4:\\\"0,00\\\";i:14;s:4:\\\"0,00\\\";i:15;s:5:\\\"91,98\\\";i:16;s:6:\\\"530,00\\\";}}i:147;O:29:\\\"Illuminate\\\\Support\\\\Collection\\\":1:{s:8:\\\"\\u0000*\\u0000items\\\";a:17:{i:0;s:10:\\\"2023-12-28\\\";i:1;i:6;i:2;i:4;i:3;i:19690;i:4;i:19690;i:5;i:73520175055053;i:6;i:96;i:7;i:45175798;i:8;s:18:\\\"RADDI ELIAN NAHUEL\\\";i:9;s:4:\\\"1,00\\\";i:10;s:3:\\\"PES\\\";i:11;s:7:\\\"6822,31\\\";i:12;s:4:\\\"0,00\\\";i:13;s:4:\\\"0,00\\\";i:14;s:4:\\\"0,00\\\";i:15;s:7:\\\"1432,68\\\";i:16;s:7:\\\"8254,99\\\";}}i:148;O:29:\\\"Illuminate\\\\Support\\\\Collection\\\":1:{s:8:\\\"\\u0000*\\u0000items\\\";a:17:{i:0;s:10:\\\"2023-12-28\\\";i:1;i:6;i:2;i:4;i:3;i:19691;i:4;i:19691;i:5;i:73520175055066;i:6;i:96;i:7;i:1;i:8;N;i:9;s:4:\\\"1,00\\\";i:10;s:3:\\\"PES\\\";i:11;s:7:\\\"1973,55\\\";i:12;s:4:\\\"0,00\\\";i:13;s:4:\\\"0,00\\\";i:14;s:4:\\\"0,00\\\";i:15;s:6:\\\"414,44\\\";i:16;s:7:\\\"2387,99\\\";}}i:149;O:29:\\\"Illuminate\\\\Support\\\\Collection\\\":1:{s:8:\\\"\\u0000*\\u0000items\\\";a:17:{i:0;s:10:\\\"2023-12-28\\\";i:1;i:6;i:2;i:4;i:3;i:19692;i:4;i:19692;i:5;i:73520175055126;i:6;i:96;i:7;i:1;i:8;N;i:9;s:4:\\\"1,00\\\";i:10;s:3:\\\"PES\\\";i:11;s:6:\\\"743,80\\\";i:12;s:4:\\\"0,00\\\";i:13;s:4:\\\"0,00\\\";i:14;s:4:\\\"0,00\\\";i:15;s:6:\\\"156,20\\\";i:16;s:6:\\\"900,00\\\";}}i:150;O:29:\\\"Illuminate\\\\Support\\\\Collection\\\":1:{s:8:\\\"\\u0000*\\u0000items\\\";a:17:{i:0;s:10:\\\"2023-12-28\\\";i:1;i:6;i:2;i:4;i:3;i:19693;i:4;i:19693;i:5;i:73520175055168;i:6;i:96;i:7;i:43032396;i:8;s:28:\\\"PATRON QUIROGA MARIANELA LUZ\\\";i:9;s:4:\\\"1,00\\\";i:10;s:3:\\\"PES\\\";i:11;s:7:\\\"5299,17\\\";i:12;s:4:\\\"0,00\\\";i:13;s:4:\\\"0,00\\\";i:14;s:4:\\\"0,00\\\";i:15;s:7:\\\"1112,82\\\";i:16;s:7:\\\"6411,99\\\";}}i:151;O:29:\\\"Illuminate\\\\Support\\\\Collection\\\":1:{s:8:\\\"\\u0000*\\u0000items\\\";a:17:{i:0;s:10:\\\"2023-12-28\\\";i:1;i:6;i:2;i:4;i:3;i:19694;i:4;i:19694;i:5;i:73520175055202;i:6;i:96;i:7;i:35060927;i:8;s:23:\\\"ARABIAN GUSTAVO GABRIEL\\\";i:9;s:4:\\\"1,00\\\";i:10;s:3:\\\"PES\\\";i:11;s:7:\\\"9054,55\\\";i:12;s:4:\\\"0,00\\\";i:13;s:4:\\\"0,00\\\";i:14;s:4:\\\"0,00\\\";i:15;s:7:\\\"1901,45\\\";i:16;s:8:\\\"10956,00\\\";}}i:152;O:29:\\\"Illuminate\\\\Support\\\\Collection\\\":1:{s:8:\\\"\\u0000*\\u0000items\\\";a:17:{i:0;s:10:\\\"2023-12-28\\\";i:1;i:6;i:2;i:4;i:3;i:19695;i:4;i:19695;i:5;i:73520175055273;i:6;i:96;i:7;i:29616884;i:8;s:25:\\\"VERGARA ANALIA DEL CARMEN\\\";i:9;s:4:\\\"1,00\\\";i:10;s:3:\\\"PES\\\";i:11;s:8:\\\"45584,64\\\";i:12;s:4:\\\"0,00\\\";i:13;s:4:\\\"0,00\\\";i:14;s:4:\\\"0,00\\\";i:15;s:7:\\\"9572,77\\\";i:16;s:8:\\\"55157,41\\\";}}i:153;O:29:\\\"Illuminate\\\\Support\\\\Collection\\\":1:{s:8:\\\"\\u0000*\\u0000items\\\";a:17:{i:0;s:10:\\\"2023-12-28\\\";i:1;i:6;i:2;i:4;i:3;i:19696;i:4;i:19696;i:5;i:73520175055333;i:6;i:96;i:7;i:1;i:8;N;i:9;s:4:\\\"1,00\\\";i:10;s:3:\\\"PES\\\";i:11;s:6:\\\"484,30\\\";i:12;s:4:\\\"0,00\\\";i:13;s:4:\\\"0,00\\\";i:14;s:4:\\\"0,00\\\";i:15;s:6:\\\"101,70\\\";i:16;s:6:\\\"586,00\\\";}}i:154;O:29:\\\"Illuminate\\\\Support\\\\Collection\\\":1:{s:8:\\\"\\u0000*\\u0000items\\\";a:17:{i:0;s:10:\\\"2023-12-28\\\";i:1;i:6;i:2;i:4;i:3;i:19697;i:4;i:19697;i:5;i:73520175055375;i:6;i:96;i:7;i:1;i:8;N;i:9;s:4:\\\"1,00\\\";i:10;s:3:\\\"PES\\\";i:11;s:7:\\\"1937,18\\\";i:12;s:4:\\\"0,00\\\";i:13;s:4:\\\"0,00\\\";i:14;s:4:\\\"0,00\\\";i:15;s:6:\\\"406,81\\\";i:16;s:7:\\\"2343,99\\\";}}i:155;O:29:\\\"Illuminate\\\\Support\\\\Collection\\\":1:{s:8:\\\"\\u0000*\\u0000items\\\";a:17:{i:0;s:10:\\\"2023-12-28\\\";i:1;i:6;i:2;i:4;i:3;i:19698;i:4;i:19698;i:5;i:73520175055422;i:6;i:96;i:7;i:1;i:8;N;i:9;s:4:\\\"1,00\\\";i:10;s:3:\\\"PES\\\";i:11;s:6:\\\"484,30\\\";i:12;s:4:\\\"0,00\\\";i:13;s:4:\\\"0,00\\\";i:14;s:4:\\\"0,00\\\";i:15;s:6:\\\"101,70\\\";i:16;s:6:\\\"586,00\\\";}}i:156;O:29:\\\"Illuminate\\\\Support\\\\Collection\\\":1:{s:8:\\\"\\u0000*\\u0000items\\\";a:17:{i:0;s:10:\\\"2023-12-28\\\";i:1;i:6;i:2;i:4;i:3;i:19699;i:4;i:19699;i:5;i:73520175175378;i:6;i:96;i:7;i:1;i:8;N;i:9;s:4:\\\"1,00\\\";i:10;s:3:\\\"PES\\\";i:11;s:6:\\\"231,40\\\";i:12;s:4:\\\"0,00\\\";i:13;s:4:\\\"0,00\\\";i:14;s:4:\\\"0,00\\\";i:15;s:5:\\\"48,60\\\";i:16;s:6:\\\"280,00\\\";}}i:157;O:29:\\\"Illuminate\\\\Support\\\\Collection\\\":1:{s:8:\\\"\\u0000*\\u0000items\\\";a:17:{i:0;s:10:\\\"2023-12-28\\\";i:1;i:6;i:2;i:4;i:3;i:19700;i:4;i:19700;i:5;i:73520175175483;i:6;i:96;i:7;i:33399990;i:8;s:20:\\\"CAMPOS FLAVIA TAMARA\\\";i:9;s:4:\\\"1,00\\\";i:10;s:3:\\\"PES\\\";i:11;s:7:\\\"7028,92\\\";i:12;s:4:\\\"0,00\\\";i:13;s:4:\\\"0,00\\\";i:14;s:4:\\\"0,00\\\";i:15;s:7:\\\"1476,07\\\";i:16;s:7:\\\"8504,99\\\";}}i:158;O:29:\\\"Illuminate\\\\Support\\\\Collection\\\":1:{s:8:\\\"\\u0000*\\u0000items\\\";a:17:{i:0;s:10:\\\"2023-12-28\\\";i:1;i:6;i:2;i:4;i:3;i:19701;i:4;i:19701;i:5;i:73520175175616;i:6;i:96;i:7;i:1;i:8;N;i:9;s:4:\\\"1,00\\\";i:10;s:3:\\\"PES\\\";i:11;s:6:\\\"231,40\\\";i:12;s:4:\\\"0,00\\\";i:13;s:4:\\\"0,00\\\";i:14;s:4:\\\"0,00\\\";i:15;s:5:\\\"48,60\\\";i:16;s:6:\\\"280,00\\\";}}i:159;O:29:\\\"Illuminate\\\\Support\\\\Collection\\\":1:{s:8:\\\"\\u0000*\\u0000items\\\";a:17:{i:0;s:10:\\\"2023-12-28\\\";i:1;i:6;i:2;i:4;i:3;i:19702;i:4;i:19702;i:5;i:73520175175792;i:6;i:80;i:7;i:30626825385;i:8;s:45:\\\"ASOCIACION MUTUALISTA EVANGELICA DE RIO NEGRO\\\";i:9;s:4:\\\"1,00\\\";i:10;s:3:\\\"PES\\\";i:11;s:9:\\\"140152,07\\\";i:12;s:4:\\\"0,00\\\";i:13;s:4:\\\"0,00\\\";i:14;s:4:\\\"0,00\\\";i:15;s:8:\\\"29431,93\\\";i:16;s:9:\\\"169584,00\\\";}}i:160;O:29:\\\"Illuminate\\\\Support\\\\Collection\\\":1:{s:8:\\\"\\u0000*\\u0000items\\\";a:17:{i:0;s:10:\\\"2023-12-28\\\";i:1;i:6;i:2;i:4;i:3;i:19703;i:4;i:19703;i:5;i:73520175175865;i:6;i:96;i:7;i:34263986;i:8;s:19:\\\"VERON MARIA BEATRIZ\\\";i:9;s:4:\\\"1,00\\\";i:10;s:3:\\\"PES\\\";i:11;s:7:\\\"7028,92\\\";i:12;s:4:\\\"0,00\\\";i:13;s:4:\\\"0,00\\\";i:14;s:4:\\\"0,00\\\";i:15;s:7:\\\"1476,07\\\";i:16;s:7:\\\"8504,99\\\";}}i:161;O:29:\\\"Illuminate\\\\Support\\\\Collection\\\":1:{s:8:\\\"\\u0000*\\u0000items\\\";a:17:{i:0;s:10:\\\"2023-12-28\\\";i:1;i:6;i:2;i:4;i:3;i:19704;i:4;i:19704;i:5;i:73520175175996;i:6;i:96;i:7;i:1;i:8;N;i:9;s:4:\\\"1,00\\\";i:10;s:3:\\\"PES\\\";i:11;s:6:\\\"153,31\\\";i:12;s:4:\\\"0,00\\\";i:13;s:4:\\\"0,00\\\";i:14;s:4:\\\"0,00\\\";i:15;s:5:\\\"32,19\\\";i:16;s:6:\\\"185,50\\\";}}i:162;O:29:\\\"Illuminate\\\\Support\\\\Collection\\\":1:{s:8:\\\"\\u0000*\\u0000items\\\";a:17:{i:0;s:10:\\\"2023-12-28\\\";i:1;i:6;i:2;i:4;i:3;i:19705;i:4;i:19705;i:5;i:73520175176159;i:6;i:96;i:7;i:39645132;i:8;s:24:\\\"ESPINDOLA SELENE ISABEL \\\";i:9;s:4:\\\"1,00\\\";i:10;s:3:\\\"PES\\\";i:11;s:8:\\\"11454,12\\\";i:12;s:4:\\\"0,00\\\";i:13;s:4:\\\"0,00\\\";i:14;s:4:\\\"0,00\\\";i:15;s:7:\\\"2405,37\\\";i:16;s:8:\\\"13859,49\\\";}}i:163;O:29:\\\"Illuminate\\\\Support\\\\Collection\\\":1:{s:8:\\\"\\u0000*\\u0000items\\\";a:17:{i:0;s:10:\\\"2023-12-28\\\";i:1;i:6;i:2;i:4;i:3;i:19706;i:4;i:19706;i:5;i:73520175176308;i:6;i:96;i:7;i:1;i:8;N;i:9;s:4:\\\"1,00\\\";i:10;s:3:\\\"PES\\\";i:11;s:6:\\\"306,61\\\";i:12;s:4:\\\"0,00\\\";i:13;s:4:\\\"0,00\\\";i:14;s:4:\\\"0,00\\\";i:15;s:5:\\\"64,39\\\";i:16;s:6:\\\"371,00\\\";}}i:164;O:29:\\\"Illuminate\\\\Support\\\\Collection\\\":1:{s:8:\\\"\\u0000*\\u0000items\\\";a:17:{i:0;s:10:\\\"2023-12-28\\\";i:1;i:6;i:2;i:4;i:3;i:19707;i:4;i:19707;i:5;i:73520175176382;i:6;i:96;i:7;i:94307429;i:8;s:32:\\\"GONZALEZ CUENCA NORMA ELIZABETH \\\";i:9;s:4:\\\"1,00\\\";i:10;s:3:\\\"PES\\\";i:11;s:8:\\\"10336,41\\\";i:12;s:4:\\\"0,00\\\";i:13;s:4:\\\"0,00\\\";i:14;s:4:\\\"0,00\\\";i:15;s:7:\\\"2170,65\\\";i:16;s:8:\\\"12507,06\\\";}}i:165;O:29:\\\"Illuminate\\\\Support\\\\Collection\\\":1:{s:8:\\\"\\u0000*\\u0000items\\\";a:17:{i:0;s:10:\\\"2023-12-28\\\";i:1;i:6;i:2;i:4;i:3;i:19708;i:4;i:19708;i:5;i:73520175176484;i:6;i:96;i:7;i:1;i:8;N;i:9;s:4:\\\"1,00\\\";i:10;s:3:\\\"PES\\\";i:11;s:6:\\\"438,02\\\";i:12;s:4:\\\"0,00\\\";i:13;s:4:\\\"0,00\\\";i:14;s:4:\\\"0,00\\\";i:15;s:5:\\\"91,98\\\";i:16;s:6:\\\"530,00\\\";}}i:166;O:29:\\\"Illuminate\\\\Support\\\\Collection\\\":1:{s:8:\\\"\\u0000*\\u0000items\\\";a:17:{i:0;s:10:\\\"2023-12-28\\\";i:1;i:6;i:2;i:4;i:3;i:19709;i:4;i:19709;i:5;i:73520175176557;i:6;i:96;i:7;i:21432136;i:8;s:22:\\\"FERRERO PATRICIA LAURA\\\";i:9;s:4:\\\"1,00\\\";i:10;s:3:\\\"PES\\\";i:11;s:7:\\\"4324,07\\\";i:12;s:4:\\\"0,00\\\";i:13;s:4:\\\"0,00\\\";i:14;s:4:\\\"0,00\\\";i:15;s:6:\\\"908,05\\\";i:16;s:7:\\\"5232,12\\\";}}i:167;O:29:\\\"Illuminate\\\\Support\\\\Collection\\\":1:{s:8:\\\"\\u0000*\\u0000items\\\";a:17:{i:0;s:10:\\\"2023-12-28\\\";i:1;i:6;i:2;i:4;i:3;i:19710;i:4;i:19710;i:5;i:73520175176617;i:6;i:96;i:7;i:29860065;i:8;s:17:\\\"MINOR MARIA LAURA\\\";i:9;s:4:\\\"1,00\\\";i:10;s:3:\\\"PES\\\";i:11;s:7:\\\"7681,81\\\";i:12;s:4:\\\"0,00\\\";i:13;s:4:\\\"0,00\\\";i:14;s:4:\\\"0,00\\\";i:15;s:7:\\\"1613,18\\\";i:16;s:7:\\\"9294,99\\\";}}i:168;O:29:\\\"Illuminate\\\\Support\\\\Collection\\\":1:{s:8:\\\"\\u0000*\\u0000items\\\";a:17:{i:0;s:10:\\\"2023-12-28\\\";i:1;i:6;i:2;i:4;i:3;i:19711;i:4;i:19711;i:5;i:73520175176777;i:6;i:96;i:7;i:5882357;i:8;N;i:9;s:4:\\\"1,00\\\";i:10;s:3:\\\"PES\\\";i:11;s:7:\\\"8957,84\\\";i:12;s:4:\\\"0,00\\\";i:13;s:4:\\\"0,00\\\";i:14;s:4:\\\"0,00\\\";i:15;s:7:\\\"1881,15\\\";i:16;s:8:\\\"10838,99\\\";}}i:169;O:29:\\\"Illuminate\\\\Support\\\\Collection\\\":1:{s:8:\\\"\\u0000*\\u0000items\\\";a:17:{i:0;s:10:\\\"2023-12-28\\\";i:1;i:6;i:2;i:4;i:3;i:19712;i:4;i:19712;i:5;i:73520175176895;i:6;i:96;i:7;i:41453050;i:8;s:24:\\\"MENDOZA MATIAS ALEJANDRO\\\";i:9;s:4:\\\"1,00\\\";i:10;s:3:\\\"PES\\\";i:11;s:7:\\\"4962,80\\\";i:12;s:4:\\\"0,00\\\";i:13;s:4:\\\"0,00\\\";i:14;s:4:\\\"0,00\\\";i:15;s:7:\\\"1042,19\\\";i:16;s:7:\\\"6004,99\\\";}}i:170;O:29:\\\"Illuminate\\\\Support\\\\Collection\\\":1:{s:8:\\\"\\u0000*\\u0000items\\\";a:17:{i:0;s:10:\\\"2023-12-28\\\";i:1;i:6;i:2;i:4;i:3;i:19713;i:4;i:19713;i:5;i:73520175296178;i:6;i:96;i:7;i:32992225;i:8;s:25:\\\"FERREYRA ANALIA DEL VALLE\\\";i:9;s:4:\\\"1,00\\\";i:10;s:3:\\\"PES\\\";i:11;s:7:\\\"2193,50\\\";i:12;s:4:\\\"0,00\\\";i:13;s:4:\\\"0,00\\\";i:14;s:4:\\\"0,00\\\";i:15;s:6:\\\"460,64\\\";i:16;s:7:\\\"2654,14\\\";}}i:171;O:29:\\\"Illuminate\\\\Support\\\\Collection\\\":1:{s:8:\\\"\\u0000*\\u0000items\\\";a:17:{i:0;s:10:\\\"2023-12-28\\\";i:1;i:6;i:2;i:4;i:3;i:19714;i:4;i:19714;i:5;i:73520175296314;i:6;i:96;i:7;i:1;i:8;N;i:9;s:4:\\\"1,00\\\";i:10;s:3:\\\"PES\\\";i:11;s:6:\\\"306,61\\\";i:12;s:4:\\\"0,00\\\";i:13;s:4:\\\"0,00\\\";i:14;s:4:\\\"0,00\\\";i:15;s:5:\\\"64,39\\\";i:16;s:6:\\\"371,00\\\";}}i:172;O:29:\\\"Illuminate\\\\Support\\\\Collection\\\":1:{s:8:\\\"\\u0000*\\u0000items\\\";a:17:{i:0;s:10:\\\"2023-12-28\\\";i:1;i:6;i:2;i:4;i:3;i:19715;i:4;i:19715;i:5;i:73520175296372;i:6;i:96;i:7;i:95979829;i:8;s:31:\\\"SILOMBRIA REQUENA LIGIA TERESA \\\";i:9;s:4:\\\"1,00\\\";i:10;s:3:\\\"PES\\\";i:11;s:7:\\\"3531,40\\\";i:12;s:4:\\\"0,00\\\";i:13;s:4:\\\"0,00\\\";i:14;s:4:\\\"0,00\\\";i:15;s:6:\\\"741,59\\\";i:16;s:7:\\\"4272,99\\\";}}i:173;O:29:\\\"Illuminate\\\\Support\\\\Collection\\\":1:{s:8:\\\"\\u0000*\\u0000items\\\";a:17:{i:0;s:10:\\\"2023-12-28\\\";i:1;i:6;i:2;i:4;i:3;i:19716;i:4;i:19716;i:5;i:73520175296461;i:6;i:96;i:7;i:1;i:8;N;i:9;s:4:\\\"1,00\\\";i:10;s:3:\\\"PES\\\";i:11;s:7:\\\"2466,93\\\";i:12;s:4:\\\"0,00\\\";i:13;s:4:\\\"0,00\\\";i:14;s:4:\\\"0,00\\\";i:15;s:6:\\\"518,06\\\";i:16;s:7:\\\"2984,99\\\";}}i:174;O:29:\\\"Illuminate\\\\Support\\\\Collection\\\":1:{s:8:\\\"\\u0000*\\u0000items\\\";a:17:{i:0;s:10:\\\"2023-12-28\\\";i:1;i:6;i:2;i:4;i:3;i:19717;i:4;i:19717;i:5;i:73520175296563;i:6;i:96;i:7;i:31536382;i:8;s:21:\\\"GALIANO TATIANA EDITH\\\";i:9;s:4:\\\"1,00\\\";i:10;s:3:\\\"PES\\\";i:11;s:7:\\\"5049,58\\\";i:12;s:4:\\\"0,00\\\";i:13;s:4:\\\"0,00\\\";i:14;s:4:\\\"0,00\\\";i:15;s:7:\\\"1060,41\\\";i:16;s:7:\\\"6109,99\\\";}}i:175;O:29:\\\"Illuminate\\\\Support\\\\Collection\\\":1:{s:8:\\\"\\u0000*\\u0000items\\\";a:17:{i:0;s:10:\\\"2023-12-28\\\";i:1;i:6;i:2;i:4;i:3;i:19718;i:4;i:19718;i:5;i:73520175296678;i:6;i:96;i:7;i:1;i:8;N;i:9;s:4:\\\"1,00\\\";i:10;s:3:\\\"PES\\\";i:11;s:6:\\\"689,88\\\";i:12;s:4:\\\"0,00\\\";i:13;s:4:\\\"0,00\\\";i:14;s:4:\\\"0,00\\\";i:15;s:6:\\\"144,87\\\";i:16;s:6:\\\"834,75\\\";}}i:176;O:29:\\\"Illuminate\\\\Support\\\\Collection\\\":1:{s:8:\\\"\\u0000*\\u0000items\\\";a:17:{i:0;s:10:\\\"2023-12-28\\\";i:1;i:6;i:2;i:4;i:3;i:19719;i:4;i:19719;i:5;i:73520175296741;i:6;i:96;i:7;i:1;i:8;N;i:9;s:4:\\\"1,00\\\";i:10;s:3:\\\"PES\\\";i:11;s:6:\\\"689,88\\\";i:12;s:4:\\\"0,00\\\";i:13;s:4:\\\"0,00\\\";i:14;s:4:\\\"0,00\\\";i:15;s:6:\\\"144,87\\\";i:16;s:6:\\\"834,75\\\";}}i:177;O:29:\\\"Illuminate\\\\Support\\\\Collection\\\":1:{s:8:\\\"\\u0000*\\u0000items\\\";a:17:{i:0;s:10:\\\"2023-12-28\\\";i:1;i:6;i:2;i:4;i:3;i:19720;i:4;i:19720;i:5;i:73520175296856;i:6;i:96;i:7;i:26951496;i:8;s:23:\\\"DEPORTE ANALIA VERONICA\\\";i:9;s:4:\\\"1,00\\\";i:10;s:3:\\\"PES\\\";i:11;s:7:\\\"4797,72\\\";i:12;s:4:\\\"0,00\\\";i:13;s:4:\\\"0,00\\\";i:14;s:4:\\\"0,00\\\";i:15;s:7:\\\"1007,52\\\";i:16;s:7:\\\"5805,24\\\";}}i:178;O:29:\\\"Illuminate\\\\Support\\\\Collection\\\":1:{s:8:\\\"\\u0000*\\u0000items\\\";a:17:{i:0;s:10:\\\"2023-12-28\\\";i:1;i:6;i:2;i:4;i:3;i:19721;i:4;i:19721;i:5;i:73520175296958;i:6;i:96;i:7;i:1;i:8;N;i:9;s:4:\\\"1,00\\\";i:10;s:3:\\\"PES\\\";i:11;s:6:\\\"689,88\\\";i:12;s:4:\\\"0,00\\\";i:13;s:4:\\\"0,00\\\";i:14;s:4:\\\"0,00\\\";i:15;s:6:\\\"144,87\\\";i:16;s:6:\\\"834,75\\\";}}i:179;O:29:\\\"Illuminate\\\\Support\\\\Collection\\\":1:{s:8:\\\"\\u0000*\\u0000items\\\";a:17:{i:0;s:10:\\\"2023-12-28\\\";i:1;i:6;i:2;i:4;i:3;i:19722;i:4;i:19722;i:5;i:73520175297051;i:6;i:96;i:7;i:1;i:8;N;i:9;s:4:\\\"1,00\\\";i:10;s:3:\\\"PES\\\";i:11;s:6:\\\"843,17\\\";i:12;s:4:\\\"0,00\\\";i:13;s:4:\\\"0,00\\\";i:14;s:4:\\\"0,00\\\";i:15;s:6:\\\"177,07\\\";i:16;s:7:\\\"1020,24\\\";}}i:180;O:29:\\\"Illuminate\\\\Support\\\\Collection\\\":1:{s:8:\\\"\\u0000*\\u0000items\\\";a:17:{i:0;s:10:\\\"2023-12-28\\\";i:1;i:6;i:2;i:4;i:3;i:19723;i:4;i:19723;i:5;i:73520175297111;i:6;i:96;i:7;i:96028415;i:8;s:24:\\\"AVILA FERRER JULIO PAUL \\\";i:9;s:4:\\\"1,00\\\";i:10;s:3:\\\"PES\\\";i:11;s:7:\\\"2711,86\\\";i:12;s:4:\\\"0,00\\\";i:13;s:4:\\\"0,00\\\";i:14;s:4:\\\"0,00\\\";i:15;s:6:\\\"569,49\\\";i:16;s:7:\\\"3281,35\\\";}}i:181;O:29:\\\"Illuminate\\\\Support\\\\Collection\\\":1:{s:8:\\\"\\u0000*\\u0000items\\\";a:17:{i:0;s:10:\\\"2023-12-28\\\";i:1;i:6;i:2;i:4;i:3;i:19724;i:4;i:19724;i:5;i:73520175297239;i:6;i:96;i:7;i:23576432;i:8;s:20:\\\"ASTORGA PABLO ANDRES\\\";i:9;s:4:\\\"1,00\\\";i:10;s:3:\\\"PES\\\";i:11;s:8:\\\"26609,92\\\";i:12;s:4:\\\"0,00\\\";i:13;s:4:\\\"0,00\\\";i:14;s:4:\\\"0,00\\\";i:15;s:7:\\\"5588,08\\\";i:16;s:8:\\\"32198,00\\\";}}i:182;O:29:\\\"Illuminate\\\\Support\\\\Collection\\\":1:{s:8:\\\"\\u0000*\\u0000items\\\";a:17:{i:0;s:10:\\\"2023-12-28\\\";i:1;i:6;i:2;i:4;i:3;i:19725;i:4;i:19725;i:5;i:73520175297344;i:6;i:96;i:7;i:1;i:8;N;i:9;s:4:\\\"1,00\\\";i:10;s:3:\\\"PES\\\";i:11;s:7:\\\"3305,78\\\";i:12;s:4:\\\"0,00\\\";i:13;s:4:\\\"0,00\\\";i:14;s:4:\\\"0,00\\\";i:15;s:6:\\\"694,21\\\";i:16;s:7:\\\"3999,99\\\";}}i:183;O:29:\\\"Illuminate\\\\Support\\\\Collection\\\":1:{s:8:\\\"\\u0000*\\u0000items\\\";a:17:{i:0;s:10:\\\"2023-12-28\\\";i:1;i:6;i:2;i:4;i:3;i:19726;i:4;i:19726;i:5;i:73520175297417;i:6;i:96;i:7;i:36941564;i:8;s:18:\\\"CEJAS MIGUEL ANGEL\\\";i:9;s:4:\\\"1,00\\\";i:10;s:3:\\\"PES\\\";i:11;s:8:\\\"15529,13\\\";i:12;s:4:\\\"0,00\\\";i:13;s:4:\\\"0,00\\\";i:14;s:4:\\\"0,00\\\";i:15;s:7:\\\"3261,12\\\";i:16;s:8:\\\"18790,25\\\";}}i:184;O:29:\\\"Illuminate\\\\Support\\\\Collection\\\":1:{s:8:\\\"\\u0000*\\u0000items\\\";a:17:{i:0;s:10:\\\"2023-12-28\\\";i:1;i:6;i:2;i:4;i:3;i:19734;i:4;i:19734;i:5;i:73520201466699;i:6;i:96;i:7;i:1;i:8;N;i:9;s:4:\\\"1,00\\\";i:10;s:3:\\\"PES\\\";i:11;s:6:\\\"484,30\\\";i:12;s:4:\\\"0,00\\\";i:13;s:4:\\\"0,00\\\";i:14;s:4:\\\"0,00\\\";i:15;s:6:\\\"101,70\\\";i:16;s:6:\\\"586,00\\\";}}i:185;O:29:\\\"Illuminate\\\\Support\\\\Collection\\\":1:{s:8:\\\"\\u0000*\\u0000items\\\";a:17:{i:0;s:10:\\\"2023-12-28\\\";i:1;i:6;i:2;i:4;i:3;i:19735;i:4;i:19735;i:5;i:73520201466880;i:6;i:96;i:7;i:1;i:8;N;i:9;s:4:\\\"1,00\\\";i:10;s:3:\\\"PES\\\";i:11;s:7:\\\"1937,18\\\";i:12;s:4:\\\"0,00\\\";i:13;s:4:\\\"0,00\\\";i:14;s:4:\\\"0,00\\\";i:15;s:6:\\\"406,81\\\";i:16;s:7:\\\"2343,99\\\";}}i:186;O:29:\\\"Illuminate\\\\Support\\\\Collection\\\":1:{s:8:\\\"\\u0000*\\u0000items\\\";a:17:{i:0;s:10:\\\"2023-12-28\\\";i:1;i:6;i:2;i:4;i:3;i:19736;i:4;i:19736;i:5;i:73520201467056;i:6;i:96;i:7;i:34521385;i:8;s:21:\\\"REY MATIAS ALEJANDRO \\\";i:9;s:4:\\\"1,00\\\";i:10;s:3:\\\"PES\\\";i:11;s:8:\\\"10940,53\\\";i:12;s:4:\\\"0,00\\\";i:13;s:4:\\\"0,00\\\";i:14;s:4:\\\"0,00\\\";i:15;s:7:\\\"2297,51\\\";i:16;s:8:\\\"13238,04\\\";}}i:187;O:29:\\\"Illuminate\\\\Support\\\\Collection\\\":1:{s:8:\\\"\\u0000*\\u0000items\\\";a:17:{i:0;s:10:\\\"2023-12-28\\\";i:1;i:6;i:2;i:4;i:3;i:19737;i:4;i:19737;i:5;i:73520201467221;i:6;i:96;i:7;i:36988441;i:8;s:20:\\\"GOMEZ GISELLE ALDANA\\\";i:9;s:4:\\\"1,00\\\";i:10;s:3:\\\"PES\\\";i:11;s:8:\\\"16541,69\\\";i:12;s:4:\\\"0,00\\\";i:13;s:4:\\\"0,00\\\";i:14;s:4:\\\"0,00\\\";i:15;s:7:\\\"3473,76\\\";i:16;s:8:\\\"20015,45\\\";}}i:188;O:29:\\\"Illuminate\\\\Support\\\\Collection\\\":1:{s:8:\\\"\\u0000*\\u0000items\\\";a:17:{i:0;s:10:\\\"2023-12-28\\\";i:1;i:6;i:2;i:4;i:3;i:19738;i:4;i:19738;i:5;i:73520201467394;i:6;i:96;i:7;i:1;i:8;N;i:9;s:4:\\\"1,00\\\";i:10;s:3:\\\"PES\\\";i:11;s:6:\\\"743,80\\\";i:12;s:4:\\\"0,00\\\";i:13;s:4:\\\"0,00\\\";i:14;s:4:\\\"0,00\\\";i:15;s:6:\\\"156,20\\\";i:16;s:6:\\\"900,00\\\";}}i:189;O:29:\\\"Illuminate\\\\Support\\\\Collection\\\":1:{s:8:\\\"\\u0000*\\u0000items\\\";a:17:{i:0;s:10:\\\"2023-12-28\\\";i:1;i:6;i:2;i:4;i:3;i:19739;i:4;i:19739;i:5;i:73520201467467;i:6;i:96;i:7;i:29624417;i:8;s:17:\\\"BENVENUTI DANIELA\\\";i:9;s:4:\\\"1,00\\\";i:10;s:3:\\\"PES\\\";i:11;s:7:\\\"5336,97\\\";i:12;s:4:\\\"0,00\\\";i:13;s:4:\\\"0,00\\\";i:14;s:4:\\\"0,00\\\";i:15;s:7:\\\"1120,76\\\";i:16;s:7:\\\"6457,74\\\";}}i:190;O:29:\\\"Illuminate\\\\Support\\\\Collection\\\":1:{s:8:\\\"\\u0000*\\u0000items\\\";a:17:{i:0;s:10:\\\"2023-12-28\\\";i:1;i:6;i:2;i:4;i:3;i:19740;i:4;i:19740;i:5;i:73520201467616;i:6;i:96;i:7;i:1;i:8;N;i:9;s:4:\\\"1,00\\\";i:10;s:3:\\\"PES\\\";i:11;s:6:\\\"743,80\\\";i:12;s:4:\\\"0,00\\\";i:13;s:4:\\\"0,00\\\";i:14;s:4:\\\"0,00\\\";i:15;s:6:\\\"156,20\\\";i:16;s:6:\\\"900,00\\\";}}i:191;O:29:\\\"Illuminate\\\\Support\\\\Collection\\\":1:{s:8:\\\"\\u0000*\\u0000items\\\";a:17:{i:0;s:10:\\\"2023-12-28\\\";i:1;i:6;i:2;i:4;i:3;i:19871;i:4;i:19871;i:5;i:73520204492579;i:6;i:96;i:7;i:25974518;i:8;s:20:\\\"CABRERA LUCIANA IRIS\\\";i:9;s:4:\\\"1,00\\\";i:10;s:3:\\\"PES\\\";i:11;s:7:\\\"7334,82\\\";i:12;s:4:\\\"0,00\\\";i:13;s:4:\\\"0,00\\\";i:14;s:4:\\\"0,00\\\";i:15;s:7:\\\"1540,31\\\";i:16;s:7:\\\"8875,13\\\";}}i:192;O:29:\\\"Illuminate\\\\Support\\\\Collection\\\":1:{s:8:\\\"\\u0000*\\u0000items\\\";a:17:{i:0;s:10:\\\"2023-12-28\\\";i:1;i:6;i:2;i:4;i:3;i:19872;i:4;i:19872;i:5;i:73520204492731;i:6;i:96;i:7;i:34018013;i:8;s:22:\\\"BALBUENA VALERIA NOEMI\\\";i:9;s:4:\\\"1,00\\\";i:10;s:3:\\\"PES\\\";i:11;s:8:\\\"49631,31\\\";i:12;s:4:\\\"0,00\\\";i:13;s:4:\\\"0,00\\\";i:14;s:4:\\\"0,00\\\";i:15;s:8:\\\"10422,58\\\";i:16;s:8:\\\"60053,89\\\";}}i:193;O:29:\\\"Illuminate\\\\Support\\\\Collection\\\":1:{s:8:\\\"\\u0000*\\u0000items\\\";a:17:{i:0;s:10:\\\"2023-12-28\\\";i:1;i:6;i:2;i:4;i:3;i:19873;i:4;i:19873;i:5;i:73520204492804;i:6;i:96;i:7;i:23805528;i:8;s:25:\\\"RUSTICUCCI MARIA VIRGINIA\\\";i:9;s:4:\\\"1,00\\\";i:10;s:3:\\\"PES\\\";i:11;s:7:\\\"5432,15\\\";i:12;s:4:\\\"0,00\\\";i:13;s:4:\\\"0,00\\\";i:14;s:4:\\\"0,00\\\";i:15;s:7:\\\"1140,75\\\";i:16;s:7:\\\"6572,90\\\";}}i:194;O:29:\\\"Illuminate\\\\Support\\\\Collection\\\":1:{s:8:\\\"\\u0000*\\u0000items\\\";a:17:{i:0;s:10:\\\"2023-12-28\\\";i:1;i:6;i:2;i:4;i:3;i:19874;i:4;i:19874;i:5;i:73520204492948;i:6;i:96;i:7;i:23901923;i:8;s:19:\\\"ROLON BERTHA ALICIA\\\";i:9;s:4:\\\"1,00\\\";i:10;s:3:\\\"PES\\\";i:11;s:7:\\\"8890,91\\\";i:12;s:4:\\\"0,00\\\";i:13;s:4:\\\"0,00\\\";i:14;s:4:\\\"0,00\\\";i:15;s:7:\\\"1867,09\\\";i:16;s:8:\\\"10758,00\\\";}}i:195;O:29:\\\"Illuminate\\\\Support\\\\Collection\\\":1:{s:8:\\\"\\u0000*\\u0000items\\\";a:17:{i:0;s:10:\\\"2023-12-28\\\";i:1;i:6;i:2;i:4;i:3;i:19875;i:4;i:19875;i:5;i:73520204493012;i:6;i:96;i:7;i:30314959;i:8;s:22:\\\"MATULA ANALIA PATRICIA\\\";i:9;s:4:\\\"1,00\\\";i:10;s:3:\\\"PES\\\";i:11;s:7:\\\"4252,25\\\";i:12;s:4:\\\"0,00\\\";i:13;s:4:\\\"0,00\\\";i:14;s:4:\\\"0,00\\\";i:15;s:6:\\\"892,97\\\";i:16;s:7:\\\"5145,22\\\";}}i:196;O:29:\\\"Illuminate\\\\Support\\\\Collection\\\":1:{s:8:\\\"\\u0000*\\u0000items\\\";a:17:{i:0;s:10:\\\"2023-12-28\\\";i:1;i:6;i:2;i:4;i:3;i:19876;i:4;i:19876;i:5;i:73520204493169;i:6;i:96;i:7;i:22048143;i:8;s:28:\\\"GALIZZI MARIA DE LOS ANGELES\\\";i:9;s:4:\\\"1,00\\\";i:10;s:3:\\\"PES\\\";i:11;s:7:\\\"5653,51\\\";i:12;s:4:\\\"0,00\\\";i:13;s:4:\\\"0,00\\\";i:14;s:4:\\\"0,00\\\";i:15;s:7:\\\"1187,24\\\";i:16;s:7:\\\"6840,75\\\";}}i:197;O:29:\\\"Illuminate\\\\Support\\\\Collection\\\":1:{s:8:\\\"\\u0000*\\u0000items\\\";a:17:{i:0;s:10:\\\"2023-12-28\\\";i:1;i:6;i:2;i:4;i:3;i:19877;i:4;i:19877;i:5;i:73520204493258;i:6;i:96;i:7;i:1;i:8;N;i:9;s:4:\\\"1,00\\\";i:10;s:3:\\\"PES\\\";i:11;s:6:\\\"413,22\\\";i:12;s:4:\\\"0,00\\\";i:13;s:4:\\\"0,00\\\";i:14;s:4:\\\"0,00\\\";i:15;s:5:\\\"86,78\\\";i:16;s:6:\\\"500,00\\\";}}i:198;O:29:\\\"Illuminate\\\\Support\\\\Collection\\\":1:{s:8:\\\"\\u0000*\\u0000items\\\";a:17:{i:0;s:10:\\\"2023-12-28\\\";i:1;i:6;i:2;i:4;i:3;i:19878;i:4;i:19878;i:5;i:73520204493347;i:6;i:96;i:7;i:36951146;i:8;s:19:\\\"BOGOLLA RUBEN ANGEL\\\";i:9;s:4:\\\"1,00\\\";i:10;s:3:\\\"PES\\\";i:11;s:7:\\\"4160,23\\\";i:12;s:4:\\\"0,00\\\";i:13;s:4:\\\"0,00\\\";i:14;s:4:\\\"0,00\\\";i:15;s:6:\\\"873,65\\\";i:16;s:7:\\\"5033,88\\\";}}i:199;O:29:\\\"Illuminate\\\\Support\\\\Collection\\\":1:{s:8:\\\"\\u0000*\\u0000items\\\";a:17:{i:0;s:10:\\\"2023-12-28\\\";i:1;i:6;i:2;i:4;i:3;i:19879;i:4;i:19879;i:5;i:73520204493509;i:6;i:96;i:7;i:35395926;i:8;s:21:\\\"MADRID GISELA VALERIA\\\";i:9;s:4:\\\"1,00\\\";i:10;s:3:\\\"PES\\\";i:11;s:7:\\\"7386,14\\\";i:12;s:4:\\\"0,00\\\";i:13;s:4:\\\"0,00\\\";i:14;s:4:\\\"0,00\\\";i:15;s:7:\\\"1551,09\\\";i:16;s:7:\\\"8937,23\\\";}}i:200;O:29:\\\"Illuminate\\\\Support\\\\Collection\\\":1:{s:8:\\\"\\u0000*\\u0000items\\\";a:17:{i:0;s:10:\\\"2023-12-28\\\";i:1;i:6;i:2;i:4;i:3;i:19880;i:4;i:19880;i:5;i:73520204493570;i:6;i:96;i:7;i:1;i:8;N;i:9;s:4:\\\"1,00\\\";i:10;s:3:\\\"PES\\\";i:11;s:5:\\\"99,17\\\";i:12;s:4:\\\"0,00\\\";i:13;s:4:\\\"0,00\\\";i:14;s:4:\\\"0,00\\\";i:15;s:5:\\\"20,83\\\";i:16;s:6:\\\"120,00\\\";}}i:201;O:29:\\\"Illuminate\\\\Support\\\\Collection\\\":1:{s:8:\\\"\\u0000*\\u0000items\\\";a:17:{i:0;s:10:\\\"2023-12-28\\\";i:1;i:6;i:2;i:4;i:3;i:19881;i:4;i:19881;i:5;i:73520204493656;i:6;i:96;i:7;i:46745573;i:8;s:24:\\\"SOSA LAUTARO DANILO LEON\\\";i:9;s:4:\\\"1,00\\\";i:10;s:3:\\\"PES\\\";i:11;s:7:\\\"4868,93\\\";i:12;s:4:\\\"0,00\\\";i:13;s:4:\\\"0,00\\\";i:14;s:4:\\\"0,00\\\";i:15;s:7:\\\"1022,47\\\";i:16;s:7:\\\"5891,40\\\";}}i:202;O:29:\\\"Illuminate\\\\Support\\\\Collection\\\":1:{s:8:\\\"\\u0000*\\u0000items\\\";a:17:{i:0;s:10:\\\"2023-12-28\\\";i:1;i:6;i:2;i:4;i:3;i:19882;i:4;i:19882;i:5;i:73520204493787;i:6;i:96;i:7;i:27912278;i:8;s:20:\\\"FARIAS MARIA NATALIA\\\";i:9;s:4:\\\"1,00\\\";i:10;s:3:\\\"PES\\\";i:11;s:7:\\\"7812,32\\\";i:12;s:4:\\\"0,00\\\";i:13;s:4:\\\"0,00\\\";i:14;s:4:\\\"0,00\\\";i:15;s:7:\\\"1640,59\\\";i:16;s:7:\\\"9452,91\\\";}}i:203;O:29:\\\"Illuminate\\\\Support\\\\Collection\\\":1:{s:8:\\\"\\u0000*\\u0000items\\\";a:17:{i:0;s:10:\\\"2023-12-28\\\";i:1;i:6;i:2;i:4;i:3;i:19883;i:4;i:19883;i:5;i:73520204493907;i:6;i:96;i:7;i:27647308;i:8;s:29:\\\"SORIA ALTAMIRA NATALIA ANALIA\\\";i:9;s:4:\\\"1,00\\\";i:10;s:3:\\\"PES\\\";i:11;s:7:\\\"5585,98\\\";i:12;s:4:\\\"0,00\\\";i:13;s:4:\\\"0,00\\\";i:14;s:4:\\\"0,00\\\";i:15;s:7:\\\"1173,06\\\";i:16;s:7:\\\"6759,04\\\";}}i:204;O:29:\\\"Illuminate\\\\Support\\\\Collection\\\":1:{s:8:\\\"\\u0000*\\u0000items\\\";a:17:{i:0;s:10:\\\"2023-12-28\\\";i:1;i:6;i:2;i:4;i:3;i:19884;i:4;i:19884;i:5;i:73520204580474;i:6;i:96;i:7;i:1;i:8;N;i:9;s:4:\\\"1,00\\\";i:10;s:3:\\\"PES\\\";i:11;s:6:\\\"772,72\\\";i:12;s:4:\\\"0,00\\\";i:13;s:4:\\\"0,00\\\";i:14;s:4:\\\"0,00\\\";i:15;s:6:\\\"162,27\\\";i:16;s:6:\\\"934,99\\\";}}i:205;O:29:\\\"Illuminate\\\\Support\\\\Collection\\\":1:{s:8:\\\"\\u0000*\\u0000items\\\";a:17:{i:0;s:10:\\\"2023-12-28\\\";i:1;i:6;i:2;i:4;i:3;i:19885;i:4;i:19885;i:5;i:73520204580607;i:6;i:96;i:7;i:35990927;i:8;s:21:\\\"CONTRERAS ERIKA MABEL\\\";i:9;s:4:\\\"1,00\\\";i:10;s:3:\\\"PES\\\";i:11;s:7:\\\"7060,52\\\";i:12;s:4:\\\"0,00\\\";i:13;s:4:\\\"0,00\\\";i:14;s:4:\\\"0,00\\\";i:15;s:7:\\\"1482,71\\\";i:16;s:7:\\\"8543,23\\\";}}i:206;O:29:\\\"Illuminate\\\\Support\\\\Collection\\\":1:{s:8:\\\"\\u0000*\\u0000items\\\";a:17:{i:0;s:10:\\\"2023-12-28\\\";i:1;i:6;i:2;i:4;i:3;i:19886;i:4;i:19886;i:5;i:73520204580958;i:6;i:96;i:7;i:33805735;i:8;s:20:\\\"AMAYA LUCIANO GASTON\\\";i:9;s:4:\\\"1,00\\\";i:10;s:3:\\\"PES\\\";i:11;s:7:\\\"5832,82\\\";i:12;s:4:\\\"0,00\\\";i:13;s:4:\\\"0,00\\\";i:14;s:4:\\\"0,00\\\";i:15;s:7:\\\"1224,89\\\";i:16;s:7:\\\"7057,71\\\";}}i:207;O:29:\\\"Illuminate\\\\Support\\\\Collection\\\":1:{s:8:\\\"\\u0000*\\u0000items\\\";a:17:{i:0;s:10:\\\"2023-12-28\\\";i:1;i:6;i:2;i:4;i:3;i:19887;i:4;i:19887;i:5;i:73520204581153;i:6;i:96;i:7;i:39105647;i:8;s:21:\\\"GATTELLI ABRIL ORIANA\\\";i:9;s:4:\\\"1,00\\\";i:10;s:3:\\\"PES\\\";i:11;s:7:\\\"4430,38\\\";i:12;s:4:\\\"0,00\\\";i:13;s:4:\\\"0,00\\\";i:14;s:4:\\\"0,00\\\";i:15;s:6:\\\"930,38\\\";i:16;s:7:\\\"5360,76\\\";}}i:208;O:29:\\\"Illuminate\\\\Support\\\\Collection\\\":1:{s:8:\\\"\\u0000*\\u0000items\\\";a:17:{i:0;s:10:\\\"2023-12-28\\\";i:1;i:6;i:2;i:4;i:3;i:19888;i:4;i:19888;i:5;i:73520204581268;i:6;i:96;i:7;i:29889870;i:8;s:23:\\\"TOLEDO ERCILIA CAROLINA\\\";i:9;s:4:\\\"1,00\\\";i:10;s:3:\\\"PES\\\";i:11;s:7:\\\"7606,88\\\";i:12;s:4:\\\"0,00\\\";i:13;s:4:\\\"0,00\\\";i:14;s:4:\\\"0,00\\\";i:15;s:7:\\\"1597,44\\\";i:16;s:7:\\\"9204,32\\\";}}i:209;O:29:\\\"Illuminate\\\\Support\\\\Collection\\\":1:{s:8:\\\"\\u0000*\\u0000items\\\";a:17:{i:0;s:10:\\\"2023-12-28\\\";i:1;i:6;i:2;i:4;i:3;i:19889;i:4;i:19889;i:5;i:73520204581399;i:6;i:96;i:7;i:1;i:8;N;i:9;s:4:\\\"1,00\\\";i:10;s:3:\\\"PES\\\";i:11;s:6:\\\"115,91\\\";i:12;s:4:\\\"0,00\\\";i:13;s:4:\\\"0,00\\\";i:14;s:4:\\\"0,00\\\";i:15;s:5:\\\"24,34\\\";i:16;s:6:\\\"140,25\\\";}}i:210;O:29:\\\"Illuminate\\\\Support\\\\Collection\\\":1:{s:8:\\\"\\u0000*\\u0000items\\\";a:17:{i:0;s:10:\\\"2023-12-28\\\";i:1;i:6;i:2;i:4;i:3;i:19890;i:4;i:19890;i:5;i:73520204581580;i:6;i:96;i:7;i:94676424;i:8;s:29:\\\"MORALES SERVIN MARIA GRACIELA\\\";i:9;s:4:\\\"1,00\\\";i:10;s:3:\\\"PES\\\";i:11;s:7:\\\"5060,04\\\";i:12;s:4:\\\"0,00\\\";i:13;s:4:\\\"0,00\\\";i:14;s:4:\\\"0,00\\\";i:15;s:7:\\\"1062,61\\\";i:16;s:7:\\\"6122,65\\\";}}i:211;O:29:\\\"Illuminate\\\\Support\\\\Collection\\\":1:{s:8:\\\"\\u0000*\\u0000items\\\";a:17:{i:0;s:10:\\\"2023-12-28\\\";i:1;i:6;i:2;i:4;i:3;i:19891;i:4;i:19891;i:5;i:73520204581739;i:6;i:96;i:7;i:1;i:8;N;i:9;s:4:\\\"1,00\\\";i:10;s:3:\\\"PES\\\";i:11;s:6:\\\"347,73\\\";i:12;s:4:\\\"0,00\\\";i:13;s:4:\\\"0,00\\\";i:14;s:4:\\\"0,00\\\";i:15;s:5:\\\"73,02\\\";i:16;s:6:\\\"420,75\\\";}}i:212;O:29:\\\"Illuminate\\\\Support\\\\Collection\\\":1:{s:8:\\\"\\u0000*\\u0000items\\\";a:17:{i:0;s:10:\\\"2023-12-28\\\";i:1;i:6;i:2;i:4;i:3;i:19892;i:4;i:19892;i:5;i:73520204581831;i:6;i:96;i:7;i:14495894;i:8;s:23:\\\"ANTOGNONI MONICA GLADYS\\\";i:9;s:4:\\\"1,00\\\";i:10;s:3:\\\"PES\\\";i:11;s:7:\\\"2138,98\\\";i:12;s:4:\\\"0,00\\\";i:13;s:4:\\\"0,00\\\";i:14;s:4:\\\"0,00\\\";i:15;s:6:\\\"449,19\\\";i:16;s:7:\\\"2588,17\\\";}}i:213;O:29:\\\"Illuminate\\\\Support\\\\Collection\\\":1:{s:8:\\\"\\u0000*\\u0000items\\\";a:17:{i:0;s:10:\\\"2023-12-28\\\";i:1;i:6;i:2;i:4;i:3;i:19741;i:4;i:19741;i:5;i:73520201611703;i:6;i:96;i:7;i:25905452;i:8;s:23:\\\"GUEVARA NORMA ELIZABETH\\\";i:9;s:4:\\\"1,00\\\";i:10;s:3:\\\"PES\\\";i:11;s:7:\\\"5236,77\\\";i:12;s:4:\\\"0,00\\\";i:13;s:4:\\\"0,00\\\";i:14;s:4:\\\"0,00\\\";i:15;s:7:\\\"1099,72\\\";i:16;s:7:\\\"6336,49\\\";}}i:214;O:29:\\\"Illuminate\\\\Support\\\\Collection\\\":1:{s:8:\\\"\\u0000*\\u0000items\\\";a:17:{i:0;s:10:\\\"2023-12-28\\\";i:1;i:6;i:2;i:4;i:3;i:19742;i:4;i:19742;i:5;i:73520201611889;i:6;i:96;i:7;i:1;i:8;N;i:9;s:4:\\\"1,00\\\";i:10;s:3:\\\"PES\\\";i:11;s:6:\\\"843,17\\\";i:12;s:4:\\\"0,00\\\";i:13;s:4:\\\"0,00\\\";i:14;s:4:\\\"0,00\\\";i:15;s:6:\\\"177,07\\\";i:16;s:7:\\\"1020,24\\\";}}i:215;O:29:\\\"Illuminate\\\\Support\\\\Collection\\\":1:{s:8:\\\"\\u0000*\\u0000items\\\";a:17:{i:0;s:10:\\\"2023-12-28\\\";i:1;i:6;i:2;i:4;i:3;i:19743;i:4;i:19743;i:5;i:73520201612055;i:6;i:96;i:7;i:1;i:8;N;i:9;s:4:\\\"1,00\\\";i:10;s:3:\\\"PES\\\";i:11;s:6:\\\"689,88\\\";i:12;s:4:\\\"0,00\\\";i:13;s:4:\\\"0,00\\\";i:14;s:4:\\\"0,00\\\";i:15;s:6:\\\"144,87\\\";i:16;s:6:\\\"834,75\\\";}}i:216;O:29:\\\"Illuminate\\\\Support\\\\Collection\\\":1:{s:8:\\\"\\u0000*\\u0000items\\\";a:17:{i:0;s:10:\\\"2023-12-28\\\";i:1;i:6;i:2;i:4;i:3;i:19744;i:4;i:19744;i:5;i:73520201612217;i:6;i:96;i:7;i:1;i:8;N;i:9;s:4:\\\"1,00\\\";i:10;s:3:\\\"PES\\\";i:11;s:6:\\\"231,40\\\";i:12;s:4:\\\"0,00\\\";i:13;s:4:\\\"0,00\\\";i:14;s:4:\\\"0,00\\\";i:15;s:5:\\\"48,60\\\";i:16;s:6:\\\"280,00\\\";}}i:217;O:29:\\\"Illuminate\\\\Support\\\\Collection\\\":1:{s:8:\\\"\\u0000*\\u0000items\\\";a:17:{i:0;s:10:\\\"2023-12-28\\\";i:1;i:6;i:2;i:4;i:3;i:19745;i:4;i:19745;i:5;i:73520201612377;i:6;i:96;i:7;i:39588135;i:8;s:19:\\\"ALONSO ERICA NOELIA\\\";i:9;s:4:\\\"1,00\\\";i:10;s:3:\\\"PES\\\";i:11;s:7:\\\"6101,15\\\";i:12;s:4:\\\"0,00\\\";i:13;s:4:\\\"0,00\\\";i:14;s:4:\\\"0,00\\\";i:15;s:7:\\\"1281,24\\\";i:16;s:7:\\\"7382,39\\\";}}i:218;O:29:\\\"Illuminate\\\\Support\\\\Collection\\\":1:{s:8:\\\"\\u0000*\\u0000items\\\";a:17:{i:0;s:10:\\\"2023-12-28\\\";i:1;i:6;i:2;i:4;i:3;i:19746;i:4;i:19746;i:5;i:73520201612568;i:6;i:96;i:7;i:27102853;i:8;s:17:\\\"MOREL FRANCO IVAN\\\";i:9;s:4:\\\"1,00\\\";i:10;s:3:\\\"PES\\\";i:11;s:7:\\\"9123,95\\\";i:12;s:4:\\\"0,00\\\";i:13;s:4:\\\"0,00\\\";i:14;s:4:\\\"0,00\\\";i:15;s:7:\\\"1916,03\\\";i:16;s:8:\\\"11039,98\\\";}}i:219;O:29:\\\"Illuminate\\\\Support\\\\Collection\\\":1:{s:8:\\\"\\u0000*\\u0000items\\\";a:17:{i:0;s:10:\\\"2023-12-28\\\";i:1;i:6;i:2;i:4;i:3;i:19747;i:4;i:19747;i:5;i:73520201612864;i:6;i:96;i:7;i:31279058;i:8;s:27:\\\"DOMINGUEZ ROBERTO ALEJANDRO\\\";i:9;s:4:\\\"1,00\\\";i:10;s:3:\\\"PES\\\";i:11;s:7:\\\"9107,84\\\";i:12;s:4:\\\"0,00\\\";i:13;s:4:\\\"0,00\\\";i:14;s:4:\\\"0,00\\\";i:15;s:7:\\\"1912,65\\\";i:16;s:8:\\\"11020,49\\\";}}i:220;O:29:\\\"Illuminate\\\\Support\\\\Collection\\\":1:{s:8:\\\"\\u0000*\\u0000items\\\";a:17:{i:0;s:10:\\\"2023-12-28\\\";i:1;i:6;i:2;i:4;i:3;i:19748;i:4;i:19748;i:5;i:73520201613027;i:6;i:96;i:7;i:31601413;i:8;s:19:\\\"PASSINI HUGO HECTOR\\\";i:9;s:4:\\\"1,00\\\";i:10;s:3:\\\"PES\\\";i:11;s:8:\\\"11635,12\\\";i:12;s:4:\\\"0,00\\\";i:13;s:4:\\\"0,00\\\";i:14;s:4:\\\"0,00\\\";i:15;s:7:\\\"2443,37\\\";i:16;s:8:\\\"14078,49\\\";}}i:221;O:29:\\\"Illuminate\\\\Support\\\\Collection\\\":1:{s:8:\\\"\\u0000*\\u0000items\\\";a:17:{i:0;s:10:\\\"2023-12-28\\\";i:1;i:6;i:2;i:4;i:3;i:19749;i:4;i:19749;i:5;i:73520201613132;i:6;i:96;i:7;i:1;i:8;N;i:9;s:4:\\\"1,00\\\";i:10;s:3:\\\"PES\\\";i:11;s:6:\\\"229,96\\\";i:12;s:4:\\\"0,00\\\";i:13;s:4:\\\"0,00\\\";i:14;s:4:\\\"0,00\\\";i:15;s:5:\\\"48,29\\\";i:16;s:6:\\\"278,25\\\";}}i:222;O:29:\\\"Illuminate\\\\Support\\\\Collection\\\":1:{s:8:\\\"\\u0000*\\u0000items\\\";a:17:{i:0;s:10:\\\"2023-12-28\\\";i:1;i:6;i:2;i:4;i:3;i:19750;i:4;i:19750;i:5;i:73520201613247;i:6;i:96;i:7;i:1;i:8;N;i:9;s:4:\\\"1,00\\\";i:10;s:3:\\\"PES\\\";i:11;s:7:\\\"1303,09\\\";i:12;s:4:\\\"0,00\\\";i:13;s:4:\\\"0,00\\\";i:14;s:4:\\\"0,00\\\";i:15;s:6:\\\"273,65\\\";i:16;s:7:\\\"1576,74\\\";}}i:223;O:29:\\\"Illuminate\\\\Support\\\\Collection\\\":1:{s:8:\\\"\\u0000*\\u0000items\\\";a:17:{i:0;s:10:\\\"2023-12-28\\\";i:1;i:6;i:2;i:4;i:3;i:19751;i:4;i:19751;i:5;i:73520201613336;i:6;i:96;i:7;i:35261720;i:8;s:24:\\\"RUEDA CRISTINA ANA LAURA\\\";i:9;s:4:\\\"1,00\\\";i:10;s:3:\\\"PES\\\";i:11;s:7:\\\"4126,96\\\";i:12;s:4:\\\"0,00\\\";i:13;s:4:\\\"0,00\\\";i:14;s:4:\\\"0,00\\\";i:15;s:6:\\\"866,66\\\";i:16;s:7:\\\"4993,62\\\";}}i:224;O:29:\\\"Illuminate\\\\Support\\\\Collection\\\":1:{s:8:\\\"\\u0000*\\u0000items\\\";a:17:{i:0;s:10:\\\"2023-12-28\\\";i:1;i:6;i:2;i:4;i:3;i:19752;i:4;i:19752;i:5;i:73520201613438;i:6;i:96;i:7;i:1;i:8;N;i:9;s:4:\\\"1,00\\\";i:10;s:3:\\\"PES\\\";i:11;s:7:\\\"3305,78\\\";i:12;s:4:\\\"0,00\\\";i:13;s:4:\\\"0,00\\\";i:14;s:4:\\\"0,00\\\";i:15;s:6:\\\"694,21\\\";i:16;s:7:\\\"3999,99\\\";}}i:225;O:29:\\\"Illuminate\\\\Support\\\\Collection\\\":1:{s:8:\\\"\\u0000*\\u0000items\\\";a:17:{i:0;s:10:\\\"2023-12-28\\\";i:1;i:6;i:2;i:4;i:3;i:20124;i:4;i:20124;i:5;i:73520255152577;i:6;i:96;i:7;i:23040258;i:8;s:20:\\\"ILARI EDGARDO MARTIN\\\";i:9;s:4:\\\"1,00\\\";i:10;s:3:\\\"PES\\\";i:11;s:7:\\\"3141,46\\\";i:12;s:4:\\\"0,00\\\";i:13;s:4:\\\"0,00\\\";i:14;s:4:\\\"0,00\\\";i:15;s:6:\\\"659,71\\\";i:16;s:7:\\\"3801,17\\\";}}i:226;O:29:\\\"Illuminate\\\\Support\\\\Collection\\\":1:{s:8:\\\"\\u0000*\\u0000items\\\";a:17:{i:0;s:10:\\\"2023-12-28\\\";i:1;i:6;i:2;i:4;i:3;i:20125;i:4;i:20125;i:5;i:73520255152666;i:6;i:96;i:7;i:35618883;i:8;N;i:9;s:4:\\\"1,00\\\";i:10;s:3:\\\"PES\\\";i:11;s:7:\\\"5432,15\\\";i:12;s:4:\\\"0,00\\\";i:13;s:4:\\\"0,00\\\";i:14;s:4:\\\"0,00\\\";i:15;s:7:\\\"1140,75\\\";i:16;s:7:\\\"6572,90\\\";}}i:227;O:29:\\\"Illuminate\\\\Support\\\\Collection\\\":1:{s:8:\\\"\\u0000*\\u0000items\\\";a:17:{i:0;s:10:\\\"2023-12-28\\\";i:1;i:6;i:2;i:4;i:3;i:20126;i:4;i:20126;i:5;i:73520255152713;i:6;i:96;i:7;i:1;i:8;N;i:9;s:4:\\\"1,00\\\";i:10;s:3:\\\"PES\\\";i:11;s:6:\\\"154,55\\\";i:12;s:4:\\\"0,00\\\";i:13;s:4:\\\"0,00\\\";i:14;s:4:\\\"0,00\\\";i:15;s:5:\\\"32,45\\\";i:16;s:6:\\\"187,00\\\";}}i:228;O:29:\\\"Illuminate\\\\Support\\\\Collection\\\":1:{s:8:\\\"\\u0000*\\u0000items\\\";a:17:{i:0;s:10:\\\"2023-12-28\\\";i:1;i:6;i:2;i:4;i:3;i:20127;i:4;i:20127;i:5;i:73520255152815;i:6;i:96;i:7;i:94465159;i:8;s:38:\\\"RECALDE ORTIZ DE LAS NIEVES EVANGELINA\\\";i:9;s:4:\\\"1,00\\\";i:10;s:3:\\\"PES\\\";i:11;s:7:\\\"3870,18\\\";i:12;s:4:\\\"0,00\\\";i:13;s:4:\\\"0,00\\\";i:14;s:4:\\\"0,00\\\";i:15;s:6:\\\"812,74\\\";i:16;s:7:\\\"4682,92\\\";}}i:229;O:29:\\\"Illuminate\\\\Support\\\\Collection\\\":1:{s:8:\\\"\\u0000*\\u0000items\\\";a:17:{i:0;s:10:\\\"2023-12-28\\\";i:1;i:6;i:2;i:4;i:3;i:20128;i:4;i:20128;i:5;i:73520255152917;i:6;i:86;i:7;i:27427368845;i:8;s:16:\\\"JARA DILMA ANAHI\\\";i:9;s:4:\\\"1,00\\\";i:10;s:3:\\\"PES\\\";i:11;s:8:\\\"38270,25\\\";i:12;s:4:\\\"0,00\\\";i:13;s:4:\\\"0,00\\\";i:14;s:4:\\\"0,00\\\";i:15;s:7:\\\"8036,75\\\";i:16;s:8:\\\"46307,00\\\";}}i:230;O:29:\\\"Illuminate\\\\Support\\\\Collection\\\":1:{s:8:\\\"\\u0000*\\u0000items\\\";a:17:{i:0;s:10:\\\"2023-12-28\\\";i:1;i:6;i:2;i:4;i:3;i:20129;i:4;i:20129;i:5;i:73520255152975;i:6;i:96;i:7;i:18469462;i:8;s:17:\\\"RUSSOVICH CYNTHIA\\\";i:9;s:4:\\\"1,00\\\";i:10;s:3:\\\"PES\\\";i:11;s:7:\\\"1889,19\\\";i:12;s:4:\\\"0,00\\\";i:13;s:4:\\\"0,00\\\";i:14;s:4:\\\"0,00\\\";i:15;s:6:\\\"396,73\\\";i:16;s:7:\\\"2285,92\\\";}}i:231;O:29:\\\"Illuminate\\\\Support\\\\Collection\\\":1:{s:8:\\\"\\u0000*\\u0000items\\\";a:17:{i:0;s:10:\\\"2023-12-28\\\";i:1;i:6;i:2;i:4;i:3;i:19893;i:4;i:19893;i:5;i:73520204734914;i:6;i:96;i:7;i:47152940;i:8;s:21:\\\"DELGADO SOFIA LOURDES\\\";i:9;s:4:\\\"1,00\\\";i:10;s:3:\\\"PES\\\";i:11;s:7:\\\"5928,96\\\";i:12;s:4:\\\"0,00\\\";i:13;s:4:\\\"0,00\\\";i:14;s:4:\\\"0,00\\\";i:15;s:7:\\\"1245,08\\\";i:16;s:7:\\\"7174,04\\\";}}i:232;O:29:\\\"Illuminate\\\\Support\\\\Collection\\\":1:{s:8:\\\"\\u0000*\\u0000items\\\";a:17:{i:0;s:10:\\\"2023-12-28\\\";i:1;i:6;i:2;i:4;i:3;i:19894;i:4;i:19894;i:5;i:73520204735033;i:6;i:96;i:7;i:17592391;i:8;s:34:\\\"VAZQUEZ MONICA GRACIELA DEL CARMEN\\\";i:9;s:4:\\\"1,00\\\";i:10;s:3:\\\"PES\\\";i:11;s:7:\\\"8806,46\\\";i:12;s:4:\\\"0,00\\\";i:13;s:4:\\\"0,00\\\";i:14;s:4:\\\"0,00\\\";i:15;s:7:\\\"1849,36\\\";i:16;s:8:\\\"10655,82\\\";}}i:233;O:29:\\\"Illuminate\\\\Support\\\\Collection\\\":1:{s:8:\\\"\\u0000*\\u0000items\\\";a:17:{i:0;s:10:\\\"2023-12-28\\\";i:1;i:6;i:2;i:4;i:3;i:19895;i:4;i:19895;i:5;i:73520204735091;i:6;i:96;i:7;i:1;i:8;N;i:9;s:4:\\\"1,00\\\";i:10;s:3:\\\"PES\\\";i:11;s:6:\\\"772,72\\\";i:12;s:4:\\\"0,00\\\";i:13;s:4:\\\"0,00\\\";i:14;s:4:\\\"0,00\\\";i:15;s:6:\\\"162,27\\\";i:16;s:6:\\\"934,99\\\";}}i:234;O:29:\\\"Illuminate\\\\Support\\\\Collection\\\":1:{s:8:\\\"\\u0000*\\u0000items\\\";a:17:{i:0;s:10:\\\"2023-12-28\\\";i:1;i:6;i:2;i:4;i:3;i:19896;i:4;i:19896;i:5;i:73520204735208;i:6;i:96;i:7;i:29654486;i:8;s:23:\\\"DA RUOS CAROLINA DENISE\\\";i:9;s:4:\\\"1,00\\\";i:10;s:3:\\\"PES\\\";i:11;s:7:\\\"9175,40\\\";i:12;s:4:\\\"0,00\\\";i:13;s:4:\\\"0,00\\\";i:14;s:4:\\\"0,00\\\";i:15;s:7:\\\"1926,84\\\";i:16;s:8:\\\"11102,24\\\";}}i:235;O:29:\\\"Illuminate\\\\Support\\\\Collection\\\":1:{s:8:\\\"\\u0000*\\u0000items\\\";a:17:{i:0;s:10:\\\"2023-12-28\\\";i:1;i:6;i:2;i:4;i:3;i:19897;i:4;i:19897;i:5;i:73520204735295;i:6;i:96;i:7;i:32555412;i:8;s:26:\\\"ITUARTE ANA DANIELA VANESA\\\";i:9;s:4:\\\"1,00\\\";i:10;s:3:\\\"PES\\\";i:11;s:7:\\\"1961,29\\\";i:12;s:4:\\\"0,00\\\";i:13;s:4:\\\"0,00\\\";i:14;s:4:\\\"0,00\\\";i:15;s:6:\\\"411,87\\\";i:16;s:7:\\\"2373,16\\\";}}i:236;O:29:\\\"Illuminate\\\\Support\\\\Collection\\\":1:{s:8:\\\"\\u0000*\\u0000items\\\";a:17:{i:0;s:10:\\\"2023-12-28\\\";i:1;i:6;i:2;i:4;i:3;i:19898;i:4;i:19898;i:5;i:73520204735339;i:6;i:96;i:7;i:30473219;i:8;s:18:\\\"LOPEZ ERICA VANESA\\\";i:9;s:4:\\\"1,00\\\";i:10;s:3:\\\"PES\\\";i:11;s:7:\\\"5609,83\\\";i:12;s:4:\\\"0,00\\\";i:13;s:4:\\\"0,00\\\";i:14;s:4:\\\"0,00\\\";i:15;s:7:\\\"1178,07\\\";i:16;s:7:\\\"6787,90\\\";}}i:237;O:29:\\\"Illuminate\\\\Support\\\\Collection\\\":1:{s:8:\\\"\\u0000*\\u0000items\\\";a:17:{i:0;s:10:\\\"2023-12-28\\\";i:1;i:6;i:2;i:4;i:3;i:19899;i:4;i:19899;i:5;i:73520204735384;i:6;i:96;i:7;i:37325868;i:8;s:19:\\\"AZARI NATALIA BELEN\\\";i:9;s:4:\\\"1,00\\\";i:10;s:3:\\\"PES\\\";i:11;s:7:\\\"7603,91\\\";i:12;s:4:\\\"0,00\\\";i:13;s:4:\\\"0,00\\\";i:14;s:4:\\\"0,00\\\";i:15;s:7:\\\"1596,82\\\";i:16;s:7:\\\"9200,73\\\";}}i:238;O:29:\\\"Illuminate\\\\Support\\\\Collection\\\":1:{s:8:\\\"\\u0000*\\u0000items\\\";a:17:{i:0;s:10:\\\"2023-12-28\\\";i:1;i:6;i:2;i:4;i:3;i:19900;i:4;i:19900;i:5;i:73520204735486;i:6;i:96;i:7;i:29343458;i:8;s:23:\\\"LAZCANO MALVINA SOLEDAD\\\";i:9;s:4:\\\"1,00\\\";i:10;s:3:\\\"PES\\\";i:11;s:8:\\\"18523,36\\\";i:12;s:4:\\\"0,00\\\";i:13;s:4:\\\"0,00\\\";i:14;s:4:\\\"0,00\\\";i:15;s:7:\\\"3889,90\\\";i:16;s:8:\\\"22413,26\\\";}}i:239;O:29:\\\"Illuminate\\\\Support\\\\Collection\\\":1:{s:8:\\\"\\u0000*\\u0000items\\\";a:17:{i:0;s:10:\\\"2023-12-28\\\";i:1;i:6;i:2;i:4;i:3;i:19901;i:4;i:19901;i:5;i:73520204735575;i:6;i:96;i:7;i:31341984;i:8;s:27:\\\"PERALTA LIENDO ROMINA PAULA\\\";i:9;s:4:\\\"1,00\\\";i:10;s:3:\\\"PES\\\";i:11;s:7:\\\"4403,23\\\";i:12;s:4:\\\"0,00\\\";i:13;s:4:\\\"0,00\\\";i:14;s:4:\\\"0,00\\\";i:15;s:6:\\\"924,68\\\";i:16;s:7:\\\"5327,91\\\";}}i:240;O:29:\\\"Illuminate\\\\Support\\\\Collection\\\":1:{s:8:\\\"\\u0000*\\u0000items\\\";a:17:{i:0;s:10:\\\"2023-12-28\\\";i:1;i:6;i:2;i:4;i:3;i:19902;i:4;i:19902;i:5;i:73520204735651;i:6;i:96;i:7;i:1;i:8;N;i:9;s:4:\\\"1,00\\\";i:10;s:3:\\\"PES\\\";i:11;s:6:\\\"244,63\\\";i:12;s:4:\\\"0,00\\\";i:13;s:4:\\\"0,00\\\";i:14;s:4:\\\"0,00\\\";i:15;s:5:\\\"51,37\\\";i:16;s:6:\\\"296,00\\\";}}i:241;O:29:\\\"Illuminate\\\\Support\\\\Collection\\\":1:{s:8:\\\"\\u0000*\\u0000items\\\";a:17:{i:0;s:10:\\\"2023-12-28\\\";i:1;i:6;i:2;i:4;i:3;i:19903;i:4;i:19903;i:5;i:73520204735753;i:6;i:96;i:7;i:13417942;i:8;s:31:\\\"AGUIRRE SARAVIA SANTIAGO ANIBAL\\\";i:9;s:4:\\\"1,00\\\";i:10;s:3:\\\"PES\\\";i:11;s:7:\\\"7489,26\\\";i:12;s:4:\\\"0,00\\\";i:13;s:4:\\\"0,00\\\";i:14;s:4:\\\"0,00\\\";i:15;s:7:\\\"1572,75\\\";i:16;s:7:\\\"9062,01\\\";}}i:242;O:29:\\\"Illuminate\\\\Support\\\\Collection\\\":1:{s:8:\\\"\\u0000*\\u0000items\\\";a:17:{i:0;s:10:\\\"2023-12-28\\\";i:1;i:6;i:2;i:4;i:3;i:19904;i:4;i:19904;i:5;i:73520204735813;i:6;i:96;i:7;i:25373535;i:8;N;i:9;s:4:\\\"1,00\\\";i:10;s:3:\\\"PES\\\";i:11;s:7:\\\"1852,41\\\";i:12;s:4:\\\"0,00\\\";i:13;s:4:\\\"0,00\\\";i:14;s:4:\\\"0,00\\\";i:15;s:6:\\\"389,01\\\";i:16;s:7:\\\"2241,42\\\";}}i:243;O:29:\\\"Illuminate\\\\Support\\\\Collection\\\":1:{s:8:\\\"\\u0000*\\u0000items\\\";a:17:{i:0;s:10:\\\"2023-12-28\\\";i:1;i:6;i:2;i:4;i:3;i:19905;i:4;i:19905;i:5;i:73520204735931;i:6;i:96;i:7;i:25671656;i:8;s:17:\\\"ALEGRE ROSA ITATI\\\";i:9;s:4:\\\"1,00\\\";i:10;s:3:\\\"PES\\\";i:11;s:7:\\\"4403,23\\\";i:12;s:4:\\\"0,00\\\";i:13;s:4:\\\"0,00\\\";i:14;s:4:\\\"0,00\\\";i:15;s:6:\\\"924,68\\\";i:16;s:7:\\\"5327,91\\\";}}i:244;O:29:\\\"Illuminate\\\\Support\\\\Collection\\\":1:{s:8:\\\"\\u0000*\\u0000items\\\";a:17:{i:0;s:10:\\\"2023-12-28\\\";i:1;i:6;i:2;i:4;i:3;i:19906;i:4;i:19906;i:5;i:73520204879361;i:6;i:96;i:7;i:1;i:8;N;i:9;s:4:\\\"1,00\\\";i:10;s:3:\\\"PES\\\";i:11;s:5:\\\"99,17\\\";i:12;s:4:\\\"0,00\\\";i:13;s:4:\\\"0,00\\\";i:14;s:4:\\\"0,00\\\";i:15;s:5:\\\"20,83\\\";i:16;s:6:\\\"120,00\\\";}}i:245;O:29:\\\"Illuminate\\\\Support\\\\Collection\\\":1:{s:8:\\\"\\u0000*\\u0000items\\\";a:17:{i:0;s:10:\\\"2023-12-28\\\";i:1;i:6;i:2;i:4;i:3;i:19907;i:4;i:19907;i:5;i:73520204879447;i:6;i:96;i:7;i:29042120;i:8;s:24:\\\"GIACOMETTI SILVINA MARIA\\\";i:9;s:4:\\\"1,00\\\";i:10;s:3:\\\"PES\\\";i:11;s:7:\\\"4580,40\\\";i:12;s:4:\\\"0,00\\\";i:13;s:4:\\\"0,00\\\";i:14;s:4:\\\"0,00\\\";i:15;s:6:\\\"961,88\\\";i:16;s:7:\\\"5542,29\\\";}}i:246;O:29:\\\"Illuminate\\\\Support\\\\Collection\\\":1:{s:8:\\\"\\u0000*\\u0000items\\\";a:17:{i:0;s:10:\\\"2023-12-28\\\";i:1;i:6;i:2;i:4;i:3;i:19908;i:4;i:19908;i:5;i:73520204879507;i:6;i:96;i:7;i:11271334;i:8;s:17:\\\"BITAR DANIEL JOSE\\\";i:9;s:4:\\\"1,00\\\";i:10;s:3:\\\"PES\\\";i:11;s:7:\\\"8561,98\\\";i:12;s:4:\\\"0,00\\\";i:13;s:4:\\\"0,00\\\";i:14;s:4:\\\"0,00\\\";i:15;s:7:\\\"1798,02\\\";i:16;s:8:\\\"10360,00\\\";}}i:247;O:29:\\\"Illuminate\\\\Support\\\\Collection\\\":1:{s:8:\\\"\\u0000*\\u0000items\\\";a:17:{i:0;s:10:\\\"2023-12-28\\\";i:1;i:6;i:2;i:4;i:3;i:19909;i:4;i:19909;i:5;i:73520204879609;i:6;i:96;i:7;i:1;i:8;N;i:9;s:4:\\\"1,00\\\";i:10;s:3:\\\"PES\\\";i:11;s:6:\\\"183,47\\\";i:12;s:4:\\\"0,00\\\";i:13;s:4:\\\"0,00\\\";i:14;s:4:\\\"0,00\\\";i:15;s:5:\\\"38,53\\\";i:16;s:6:\\\"222,00\\\";}}i:248;O:29:\\\"Illuminate\\\\Support\\\\Collection\\\":1:{s:8:\\\"\\u0000*\\u0000items\\\";a:17:{i:0;s:10:\\\"2023-12-28\\\";i:1;i:6;i:2;i:4;i:3;i:19910;i:4;i:19910;i:5;i:73520204879730;i:6;i:96;i:7;i:92472665;i:8;s:22:\\\"MARINS MIRIAM  JANETTE\\\";i:9;s:4:\\\"1,00\\\";i:10;s:3:\\\"PES\\\";i:11;s:7:\\\"5446,06\\\";i:12;s:4:\\\"0,00\\\";i:13;s:4:\\\"0,00\\\";i:14;s:4:\\\"0,00\\\";i:15;s:7:\\\"1143,67\\\";i:16;s:7:\\\"6589,73\\\";}}i:249;O:29:\\\"Illuminate\\\\Support\\\\Collection\\\":1:{s:8:\\\"\\u0000*\\u0000items\\\";a:17:{i:0;s:10:\\\"2023-12-28\\\";i:1;i:6;i:2;i:4;i:3;i:19911;i:4;i:19911;i:5;i:73520204879832;i:6;i:96;i:7;i:1;i:8;N;i:9;s:4:\\\"1,00\\\";i:10;s:3:\\\"PES\\\";i:11;s:5:\\\"77,27\\\";i:12;s:4:\\\"0,00\\\";i:13;s:4:\\\"0,00\\\";i:14;s:4:\\\"0,00\\\";i:15;s:5:\\\"16,23\\\";i:16;s:5:\\\"93,50\\\";}}i:250;O:29:\\\"Illuminate\\\\Support\\\\Collection\\\":1:{s:8:\\\"\\u0000*\\u0000items\\\";a:17:{i:0;s:10:\\\"2023-12-28\\\";i:1;i:6;i:2;i:4;i:3;i:19912;i:4;i:19912;i:5;i:73520204879905;i:6;i:96;i:7;i:1;i:8;N;i:9;s:4:\\\"1,00\\\";i:10;s:3:\\\"PES\\\";i:11;s:6:\\\"154,55\\\";i:12;s:4:\\\"0,00\\\";i:13;s:4:\\\"0,00\\\";i:14;s:4:\\\"0,00\\\";i:15;s:5:\\\"32,45\\\";i:16;s:6:\\\"187,00\\\";}}i:251;O:29:\\\"Illuminate\\\\Support\\\\Collection\\\":1:{s:8:\\\"\\u0000*\\u0000items\\\";a:17:{i:0;s:10:\\\"2023-12-28\\\";i:1;i:6;i:2;i:4;i:3;i:19913;i:4;i:19913;i:5;i:73520204879992;i:6;i:96;i:7;i:96064387;i:8;s:31:\\\"MOTA BARBOZA GERARDINE CAROLINA\\\";i:9;s:4:\\\"1,00\\\";i:10;s:3:\\\"PES\\\";i:11;s:7:\\\"5008,85\\\";i:12;s:4:\\\"0,00\\\";i:13;s:4:\\\"0,00\\\";i:14;s:4:\\\"0,00\\\";i:15;s:7:\\\"1051,86\\\";i:16;s:7:\\\"6060,71\\\";}}i:252;O:29:\\\"Illuminate\\\\Support\\\\Collection\\\":1:{s:8:\\\"\\u0000*\\u0000items\\\";a:17:{i:0;s:10:\\\"2023-12-28\\\";i:1;i:6;i:2;i:4;i:3;i:19914;i:4;i:19914;i:5;i:73520204880124;i:6;i:96;i:7;i:23889690;i:8;s:22:\\\"GONZALEZ CLAUDIA ELISA\\\";i:9;s:4:\\\"1,00\\\";i:10;s:3:\\\"PES\\\";i:11;s:7:\\\"4109,74\\\";i:12;s:4:\\\"0,00\\\";i:13;s:4:\\\"0,00\\\";i:14;s:4:\\\"0,00\\\";i:15;s:6:\\\"863,04\\\";i:16;s:7:\\\"4972,78\\\";}}i:253;O:29:\\\"Illuminate\\\\Support\\\\Collection\\\":1:{s:8:\\\"\\u0000*\\u0000items\\\";a:17:{i:0;s:10:\\\"2023-12-28\\\";i:1;i:6;i:2;i:4;i:3;i:19915;i:4;i:19915;i:5;i:73520204880195;i:6;i:96;i:7;i:93861006;i:8;s:30:\\\"CONTRERAS RIVEROS CELIA TERESA\\\";i:9;s:4:\\\"1,00\\\";i:10;s:3:\\\"PES\\\";i:11;s:7:\\\"1188,57\\\";i:12;s:4:\\\"0,00\\\";i:13;s:4:\\\"0,00\\\";i:14;s:4:\\\"0,00\\\";i:15;s:6:\\\"249,60\\\";i:16;s:7:\\\"1438,17\\\";}}i:254;O:29:\\\"Illuminate\\\\Support\\\\Collection\\\":1:{s:8:\\\"\\u0000*\\u0000items\\\";a:17:{i:0;s:10:\\\"2023-12-28\\\";i:1;i:6;i:2;i:4;i:3;i:20130;i:4;i:20130;i:5;i:73520255359934;i:6;i:96;i:7;i:1;i:8;N;i:9;s:4:\\\"1,00\\\";i:10;s:3:\\\"PES\\\";i:11;s:6:\\\"347,73\\\";i:12;s:4:\\\"0,00\\\";i:13;s:4:\\\"0,00\\\";i:14;s:4:\\\"0,00\\\";i:15;s:5:\\\"73,02\\\";i:16;s:6:\\\"420,75\\\";}}i:255;O:29:\\\"Illuminate\\\\Support\\\\Collection\\\":1:{s:8:\\\"\\u0000*\\u0000items\\\";a:17:{i:0;s:10:\\\"2023-12-28\\\";i:1;i:6;i:2;i:4;i:3;i:20131;i:4;i:20131;i:5;i:73520255360035;i:6;i:96;i:7;i:26181054;i:8;s:35:\\\"VILLARREAL CLAUDIA LORENA DEL VALLE\\\";i:9;s:4:\\\"1,00\\\";i:10;s:3:\\\"PES\\\";i:11;s:7:\\\"6445,49\\\";i:12;s:4:\\\"0,00\\\";i:13;s:4:\\\"0,00\\\";i:14;s:4:\\\"0,00\\\";i:15;s:7:\\\"1353,55\\\";i:16;s:7:\\\"7799,04\\\";}}i:256;O:29:\\\"Illuminate\\\\Support\\\\Collection\\\":1:{s:8:\\\"\\u0000*\\u0000items\\\";a:17:{i:0;s:10:\\\"2023-12-28\\\";i:1;i:6;i:2;i:4;i:3;i:20132;i:4;i:20132;i:5;i:73520255360111;i:6;i:96;i:7;i:33287830;i:8;s:26:\\\"CARABAJAL YANINA DEL VALLE\\\";i:9;s:4:\\\"1,00\\\";i:10;s:3:\\\"PES\\\";i:11;s:7:\\\"5851,86\\\";i:12;s:4:\\\"0,00\\\";i:13;s:4:\\\"0,00\\\";i:14;s:4:\\\"0,00\\\";i:15;s:7:\\\"1228,89\\\";i:16;s:7:\\\"7080,75\\\";}}i:257;O:29:\\\"Illuminate\\\\Support\\\\Collection\\\":1:{s:8:\\\"\\u0000*\\u0000items\\\";a:17:{i:0;s:10:\\\"2023-12-28\\\";i:1;i:6;i:2;i:4;i:3;i:20133;i:4;i:20133;i:5;i:73520255360255;i:6;i:96;i:7;i:24170952;i:8;s:23:\\\"NU\\u00d1EZ VERONICA MARIELA\\\";i:9;s:4:\\\"1,00\\\";i:10;s:3:\\\"PES\\\";i:11;s:7:\\\"3185,06\\\";i:12;s:4:\\\"0,00\\\";i:13;s:4:\\\"0,00\\\";i:14;s:4:\\\"0,00\\\";i:15;s:6:\\\"668,86\\\";i:16;s:7:\\\"3853,92\\\";}}i:258;O:29:\\\"Illuminate\\\\Support\\\\Collection\\\":1:{s:8:\\\"\\u0000*\\u0000items\\\";a:17:{i:0;s:10:\\\"2023-12-28\\\";i:1;i:6;i:2;i:4;i:3;i:20134;i:4;i:20134;i:5;i:73520255360302;i:6;i:96;i:7;i:10954399;i:8;s:25:\\\"PETIGNAT MARTA CONCEPCION\\\";i:9;s:4:\\\"1,00\\\";i:10;s:3:\\\"PES\\\";i:11;s:7:\\\"2734,33\\\";i:12;s:4:\\\"0,00\\\";i:13;s:4:\\\"0,00\\\";i:14;s:4:\\\"0,00\\\";i:15;s:6:\\\"574,21\\\";i:16;s:7:\\\"3308,54\\\";}}i:259;O:29:\\\"Illuminate\\\\Support\\\\Collection\\\":1:{s:8:\\\"\\u0000*\\u0000items\\\";a:17:{i:0;s:10:\\\"2023-12-28\\\";i:1;i:6;i:2;i:4;i:3;i:20135;i:4;i:20135;i:5;i:73520255360360;i:6;i:96;i:7;i:28577283;i:8;s:22:\\\"POSSETTO ROXANA LORETA\\\";i:9;s:4:\\\"1,00\\\";i:10;s:3:\\\"PES\\\";i:11;s:7:\\\"7853,90\\\";i:12;s:4:\\\"0,00\\\";i:13;s:4:\\\"0,00\\\";i:14;s:4:\\\"0,00\\\";i:15;s:7:\\\"1649,32\\\";i:16;s:7:\\\"9503,22\\\";}}i:260;O:29:\\\"Illuminate\\\\Support\\\\Collection\\\":1:{s:8:\\\"\\u0000*\\u0000items\\\";a:17:{i:0;s:10:\\\"2023-12-28\\\";i:1;i:6;i:2;i:4;i:3;i:20136;i:4;i:20136;i:5;i:73520255360475;i:6;i:96;i:7;i:1;i:8;N;i:9;s:4:\\\"1,00\\\";i:10;s:3:\\\"PES\\\";i:11;s:7:\\\"1669,41\\\";i:12;s:4:\\\"0,00\\\";i:13;s:4:\\\"0,00\\\";i:14;s:4:\\\"0,00\\\";i:15;s:6:\\\"350,58\\\";i:16;s:7:\\\"2019,99\\\";}}i:261;O:29:\\\"Illuminate\\\\Support\\\\Collection\\\":1:{s:8:\\\"\\u0000*\\u0000items\\\";a:17:{i:0;s:10:\\\"2023-12-28\\\";i:1;i:6;i:2;i:4;i:3;i:20137;i:4;i:20137;i:5;i:73520255360564;i:6;i:96;i:7;i:34154751;i:8;s:22:\\\"BURGOS CARLA ESTEFANIA\\\";i:9;s:4:\\\"1,00\\\";i:10;s:3:\\\"PES\\\";i:11;s:7:\\\"7025,19\\\";i:12;s:4:\\\"0,00\\\";i:13;s:4:\\\"0,00\\\";i:14;s:4:\\\"0,00\\\";i:15;s:7:\\\"1475,29\\\";i:16;s:7:\\\"8500,48\\\";}}i:262;O:29:\\\"Illuminate\\\\Support\\\\Collection\\\":1:{s:8:\\\"\\u0000*\\u0000items\\\";a:17:{i:0;s:10:\\\"2023-12-28\\\";i:1;i:6;i:2;i:4;i:3;i:20138;i:4;i:20138;i:5;i:73520255360713;i:6;i:96;i:7;i:31176327;i:8;s:20:\\\"SORIA GRACIELA JUDIT\\\";i:9;s:4:\\\"1,00\\\";i:10;s:3:\\\"PES\\\";i:11;s:7:\\\"4677,76\\\";i:12;s:4:\\\"0,00\\\";i:13;s:4:\\\"0,00\\\";i:14;s:4:\\\"0,00\\\";i:15;s:6:\\\"982,33\\\";i:16;s:7:\\\"5660,09\\\";}}i:263;O:29:\\\"Illuminate\\\\Support\\\\Collection\\\":1:{s:8:\\\"\\u0000*\\u0000items\\\";a:17:{i:0;s:10:\\\"2023-12-28\\\";i:1;i:6;i:2;i:4;i:3;i:20139;i:4;i:20139;i:5;i:73520255360784;i:6;i:96;i:7;i:30862952;i:8;s:22:\\\"FIGLIOLO VANESA CARINA\\\";i:9;s:4:\\\"1,00\\\";i:10;s:3:\\\"PES\\\";i:11;s:7:\\\"2708,48\\\";i:12;s:4:\\\"0,00\\\";i:13;s:4:\\\"0,00\\\";i:14;s:4:\\\"0,00\\\";i:15;s:6:\\\"568,78\\\";i:16;s:7:\\\"3277,26\\\";}}i:264;O:29:\\\"Illuminate\\\\Support\\\\Collection\\\":1:{s:8:\\\"\\u0000*\\u0000items\\\";a:17:{i:0;s:10:\\\"2023-12-28\\\";i:1;i:6;i:2;i:4;i:3;i:20140;i:4;i:20140;i:5;i:73520255360959;i:6;i:96;i:7;i:35575510;i:8;s:23:\\\"CIMADAMORE IRIS DANIELA\\\";i:9;s:4:\\\"1,00\\\";i:10;s:3:\\\"PES\\\";i:11;s:8:\\\"10265,87\\\";i:12;s:4:\\\"0,00\\\";i:13;s:4:\\\"0,00\\\";i:14;s:4:\\\"0,00\\\";i:15;s:7:\\\"2155,83\\\";i:16;s:8:\\\"12421,70\\\";}}i:265;O:29:\\\"Illuminate\\\\Support\\\\Collection\\\":1:{s:8:\\\"\\u0000*\\u0000items\\\";a:17:{i:0;s:10:\\\"2023-12-28\\\";i:1;i:6;i:2;i:4;i:3;i:20141;i:4;i:20141;i:5;i:73520255361065;i:6;i:96;i:7;i:35128786;i:8;s:27:\\\"COLMAN PALMA MARIA AGOSTINA\\\";i:9;s:4:\\\"1,00\\\";i:10;s:3:\\\"PES\\\";i:11;s:7:\\\"2850,56\\\";i:12;s:4:\\\"0,00\\\";i:13;s:4:\\\"0,00\\\";i:14;s:4:\\\"0,00\\\";i:15;s:6:\\\"598,62\\\";i:16;s:7:\\\"3449,18\\\";}}i:266;O:29:\\\"Illuminate\\\\Support\\\\Collection\\\":1:{s:8:\\\"\\u0000*\\u0000items\\\";a:17:{i:0;s:10:\\\"2023-12-28\\\";i:1;i:6;i:2;i:4;i:3;i:20142;i:4;i:20142;i:5;i:73520255361167;i:6;i:96;i:7;i:1;i:8;N;i:9;s:4:\\\"1,00\\\";i:10;s:3:\\\"PES\\\";i:11;s:5:\\\"77,27\\\";i:12;s:4:\\\"0,00\\\";i:13;s:4:\\\"0,00\\\";i:14;s:4:\\\"0,00\\\";i:15;s:5:\\\"16,23\\\";i:16;s:5:\\\"93,50\\\";}}i:267;O:29:\\\"Illuminate\\\\Support\\\\Collection\\\":1:{s:8:\\\"\\u0000*\\u0000items\\\";a:17:{i:0;s:10:\\\"2023-12-28\\\";i:1;i:6;i:2;i:4;i:3;i:20143;i:4;i:20143;i:5;i:73520255361201;i:6;i:96;i:7;i:1;i:8;N;i:9;s:4:\\\"1,00\\\";i:10;s:3:\\\"PES\\\";i:11;s:6:\\\"169,42\\\";i:12;s:4:\\\"0,00\\\";i:13;s:4:\\\"0,00\\\";i:14;s:4:\\\"0,00\\\";i:15;s:5:\\\"35,58\\\";i:16;s:6:\\\"205,00\\\";}}i:268;O:29:\\\"Illuminate\\\\Support\\\\Collection\\\":1:{s:8:\\\"\\u0000*\\u0000items\\\";a:17:{i:0;s:10:\\\"2023-12-28\\\";i:1;i:6;i:2;i:4;i:3;i:20144;i:4;i:20144;i:5;i:73520255361256;i:6;i:96;i:7;i:17978224;i:8;s:26:\\\"CONTRERAS MARCELA BEATRIZ \\\";i:9;s:4:\\\"1,00\\\";i:10;s:3:\\\"PES\\\";i:11;s:7:\\\"3461,92\\\";i:12;s:4:\\\"0,00\\\";i:13;s:4:\\\"0,00\\\";i:14;s:4:\\\"0,00\\\";i:15;s:6:\\\"727,00\\\";i:16;s:7:\\\"4188,92\\\";}}i:269;O:29:\\\"Illuminate\\\\Support\\\\Collection\\\":1:{s:8:\\\"\\u0000*\\u0000items\\\";a:17:{i:0;s:10:\\\"2023-12-28\\\";i:1;i:6;i:2;i:4;i:3;i:20145;i:4;i:20145;i:5;i:73520255361316;i:6;i:96;i:7;i:1;i:8;N;i:9;s:4:\\\"1,00\\\";i:10;s:3:\\\"PES\\\";i:11;s:6:\\\"244,63\\\";i:12;s:4:\\\"0,00\\\";i:13;s:4:\\\"0,00\\\";i:14;s:4:\\\"0,00\\\";i:15;s:5:\\\"51,37\\\";i:16;s:6:\\\"296,00\\\";}}i:270;O:29:\\\"Illuminate\\\\Support\\\\Collection\\\":1:{s:8:\\\"\\u0000*\\u0000items\\\";a:17:{i:0;s:10:\\\"2023-12-28\\\";i:1;i:6;i:2;i:4;i:3;i:19942;i:4;i:19942;i:5;i:73520210876725;i:6;i:96;i:7;i:92390142;i:8;s:39:\\\"CONTRERAS GONZALEZ MARIA SOLEDAD PAULIN\\\";i:9;s:4:\\\"1,00\\\";i:10;s:3:\\\"PES\\\";i:11;s:7:\\\"5506,68\\\";i:12;s:4:\\\"0,00\\\";i:13;s:4:\\\"0,00\\\";i:14;s:4:\\\"0,00\\\";i:15;s:7:\\\"1156,40\\\";i:16;s:7:\\\"6663,08\\\";}}i:271;O:29:\\\"Illuminate\\\\Support\\\\Collection\\\":1:{s:8:\\\"\\u0000*\\u0000items\\\";a:17:{i:0;s:10:\\\"2023-12-28\\\";i:1;i:6;i:2;i:4;i:3;i:19943;i:4;i:19943;i:5;i:73520210876827;i:6;i:96;i:7;i:23149939;i:8;s:20:\\\"CORREA ESTHER EVELIA\\\";i:9;s:4:\\\"1,00\\\";i:10;s:3:\\\"PES\\\";i:11;s:8:\\\"11327,31\\\";i:12;s:4:\\\"0,00\\\";i:13;s:4:\\\"0,00\\\";i:14;s:4:\\\"0,00\\\";i:15;s:7:\\\"2378,73\\\";i:16;s:8:\\\"13706,04\\\";}}i:272;O:29:\\\"Illuminate\\\\Support\\\\Collection\\\":1:{s:8:\\\"\\u0000*\\u0000items\\\";a:17:{i:0;s:10:\\\"2023-12-28\\\";i:1;i:6;i:2;i:4;i:3;i:19944;i:4;i:19944;i:5;i:73520210876916;i:6;i:96;i:7;i:1;i:8;N;i:9;s:4:\\\"1,00\\\";i:10;s:3:\\\"PES\\\";i:11;s:5:\\\"77,27\\\";i:12;s:4:\\\"0,00\\\";i:13;s:4:\\\"0,00\\\";i:14;s:4:\\\"0,00\\\";i:15;s:5:\\\"16,23\\\";i:16;s:5:\\\"93,50\\\";}}i:273;O:29:\\\"Illuminate\\\\Support\\\\Collection\\\":1:{s:8:\\\"\\u0000*\\u0000items\\\";a:17:{i:0;s:10:\\\"2023-12-28\\\";i:1;i:6;i:2;i:4;i:3;i:19945;i:4;i:19945;i:5;i:73520210876974;i:6;i:96;i:7;i:5121721;i:8;N;i:9;s:4:\\\"1,00\\\";i:10;s:3:\\\"PES\\\";i:11;s:7:\\\"3673,00\\\";i:12;s:4:\\\"0,00\\\";i:13;s:4:\\\"0,00\\\";i:14;s:4:\\\"0,00\\\";i:15;s:6:\\\"771,33\\\";i:16;s:7:\\\"4444,33\\\";}}i:274;O:29:\\\"Illuminate\\\\Support\\\\Collection\\\":1:{s:8:\\\"\\u0000*\\u0000items\\\";a:17:{i:0;s:10:\\\"2023-12-28\\\";i:1;i:6;i:2;i:4;i:3;i:19946;i:4;i:19946;i:5;i:73520210877077;i:6;i:96;i:7;i:96107968;i:8;s:31:\\\"MAYOR APONTE JONATHAN ALEXANDER\\\";i:9;s:4:\\\"1,00\\\";i:10;s:3:\\\"PES\\\";i:11;s:7:\\\"2824,50\\\";i:12;s:4:\\\"0,00\\\";i:13;s:4:\\\"0,00\\\";i:14;s:4:\\\"0,00\\\";i:15;s:6:\\\"593,14\\\";i:16;s:7:\\\"3417,64\\\";}}i:275;O:29:\\\"Illuminate\\\\Support\\\\Collection\\\":1:{s:8:\\\"\\u0000*\\u0000items\\\";a:17:{i:0;s:10:\\\"2023-12-28\\\";i:1;i:6;i:2;i:4;i:3;i:19947;i:4;i:19947;i:5;i:73520210877166;i:6;i:96;i:7;i:1;i:8;N;i:9;s:4:\\\"1,00\\\";i:10;s:3:\\\"PES\\\";i:11;s:5:\\\"99,17\\\";i:12;s:4:\\\"0,00\\\";i:13;s:4:\\\"0,00\\\";i:14;s:4:\\\"0,00\\\";i:15;s:5:\\\"20,83\\\";i:16;s:6:\\\"120,00\\\";}}i:276;O:29:\\\"Illuminate\\\\Support\\\\Collection\\\":1:{s:8:\\\"\\u0000*\\u0000items\\\";a:17:{i:0;s:10:\\\"2023-12-28\\\";i:1;i:6;i:2;i:4;i:3;i:20389;i:4;i:20389;i:5;i:73520330285999;i:6;i:96;i:7;i:1;i:8;N;i:9;s:4:\\\"1,00\\\";i:10;s:3:\\\"PES\\\";i:11;s:5:\\\"77,27\\\";i:12;s:4:\\\"0,00\\\";i:13;s:4:\\\"0,00\\\";i:14;s:4:\\\"0,00\\\";i:15;s:5:\\\"16,23\\\";i:16;s:5:\\\"93,50\\\";}}i:277;O:29:\\\"Illuminate\\\\Support\\\\Collection\\\":1:{s:8:\\\"\\u0000*\\u0000items\\\";a:17:{i:0;s:10:\\\"2023-12-28\\\";i:1;i:6;i:2;i:4;i:3;i:20390;i:4;i:20390;i:5;i:73520330286034;i:6;i:96;i:7;i:93771776;i:8;s:23:\\\"STURMER RAMOS CRISTIANO\\\";i:9;s:4:\\\"1,00\\\";i:10;s:3:\\\"PES\\\";i:11;s:7:\\\"4309,61\\\";i:12;s:4:\\\"0,00\\\";i:13;s:4:\\\"0,00\\\";i:14;s:4:\\\"0,00\\\";i:15;s:6:\\\"905,02\\\";i:16;s:7:\\\"5214,63\\\";}}i:278;O:29:\\\"Illuminate\\\\Support\\\\Collection\\\":1:{s:8:\\\"\\u0000*\\u0000items\\\";a:17:{i:0;s:10:\\\"2023-12-28\\\";i:1;i:6;i:2;i:4;i:3;i:20391;i:4;i:20391;i:5;i:73520330286076;i:6;i:96;i:7;i:42345204;i:8;s:19:\\\"ROMERO BRIAN NAHUEL\\\";i:9;s:4:\\\"1,00\\\";i:10;s:3:\\\"PES\\\";i:11;s:7:\\\"4288,93\\\";i:12;s:4:\\\"0,00\\\";i:13;s:4:\\\"0,00\\\";i:14;s:4:\\\"0,00\\\";i:15;s:6:\\\"900,68\\\";i:16;s:7:\\\"5189,61\\\";}}i:279;O:29:\\\"Illuminate\\\\Support\\\\Collection\\\":1:{s:8:\\\"\\u0000*\\u0000items\\\";a:17:{i:0;s:10:\\\"2023-12-28\\\";i:1;i:6;i:2;i:4;i:3;i:20392;i:4;i:20392;i:5;i:73520330286152;i:6;i:96;i:7;i:1;i:8;N;i:9;s:4:\\\"1,00\\\";i:10;s:3:\\\"PES\\\";i:11;s:6:\\\"347,73\\\";i:12;s:4:\\\"0,00\\\";i:13;s:4:\\\"0,00\\\";i:14;s:4:\\\"0,00\\\";i:15;s:5:\\\"73,02\\\";i:16;s:6:\\\"420,75\\\";}}i:280;O:29:\\\"Illuminate\\\\Support\\\\Collection\\\":1:{s:8:\\\"\\u0000*\\u0000items\\\";a:17:{i:0;s:10:\\\"2023-12-28\\\";i:1;i:6;i:2;i:4;i:3;i:20393;i:4;i:20393;i:5;i:73520330286238;i:6;i:80;i:7;i:30715118560;i:8;s:20:\\\"PROYECTO ABIERTO SRL\\\";i:9;s:4:\\\"1,00\\\";i:10;s:3:\\\"PES\\\";i:11;s:7:\\\"2293,50\\\";i:12;s:4:\\\"0,00\\\";i:13;s:4:\\\"0,00\\\";i:14;s:4:\\\"0,00\\\";i:15;s:6:\\\"481,63\\\";i:16;s:7:\\\"2775,13\\\";}}i:281;O:29:\\\"Illuminate\\\\Support\\\\Collection\\\":1:{s:8:\\\"\\u0000*\\u0000items\\\";a:17:{i:0;s:10:\\\"2023-12-28\\\";i:1;i:6;i:2;i:4;i:3;i:20394;i:4;i:20394;i:5;i:73520330286372;i:6;i:96;i:7;i:1;i:8;N;i:9;s:4:\\\"1,00\\\";i:10;s:3:\\\"PES\\\";i:11;s:6:\\\"154,55\\\";i:12;s:4:\\\"0,00\\\";i:13;s:4:\\\"0,00\\\";i:14;s:4:\\\"0,00\\\";i:15;s:5:\\\"32,45\\\";i:16;s:6:\\\"187,00\\\";}}i:282;O:29:\\\"Illuminate\\\\Support\\\\Collection\\\":1:{s:8:\\\"\\u0000*\\u0000items\\\";a:17:{i:0;s:10:\\\"2023-12-28\\\";i:1;i:6;i:2;i:4;i:3;i:20395;i:4;i:20395;i:5;i:73520330286429;i:6;i:96;i:7;i:25765790;i:8;s:25:\\\"BELBUZZI SEBASTIAN ANDRES\\\";i:9;s:4:\\\"1,00\\\";i:10;s:3:\\\"PES\\\";i:11;s:7:\\\"6662,55\\\";i:12;s:4:\\\"0,00\\\";i:13;s:4:\\\"0,00\\\";i:14;s:4:\\\"0,00\\\";i:15;s:7:\\\"1399,13\\\";i:16;s:7:\\\"8061,68\\\";}}i:283;O:29:\\\"Illuminate\\\\Support\\\\Collection\\\":1:{s:8:\\\"\\u0000*\\u0000items\\\";a:17:{i:0;s:10:\\\"2023-12-28\\\";i:1;i:6;i:2;i:4;i:3;i:20396;i:4;i:20396;i:5;i:73520330286490;i:6;i:96;i:7;i:13310316;i:8;s:24:\\\"ENCINA GRACIELA EDELMIRA\\\";i:9;s:4:\\\"1,00\\\";i:10;s:3:\\\"PES\\\";i:11;s:7:\\\"6220,31\\\";i:12;s:4:\\\"0,00\\\";i:13;s:4:\\\"0,00\\\";i:14;s:4:\\\"0,00\\\";i:15;s:7:\\\"1306,26\\\";i:16;s:7:\\\"7526,57\\\";}}i:284;O:29:\\\"Illuminate\\\\Support\\\\Collection\\\":1:{s:8:\\\"\\u0000*\\u0000items\\\";a:17:{i:0;s:10:\\\"2023-12-28\\\";i:1;i:6;i:2;i:4;i:3;i:20397;i:4;i:20397;i:5;i:73520330286550;i:6;i:96;i:7;i:43987175;i:8;s:21:\\\"HERRERA MELANY YASMIN\\\";i:9;s:4:\\\"1,00\\\";i:10;s:3:\\\"PES\\\";i:11;s:7:\\\"5556,44\\\";i:12;s:4:\\\"0,00\\\";i:13;s:4:\\\"0,00\\\";i:14;s:4:\\\"0,00\\\";i:15;s:7:\\\"1166,85\\\";i:16;s:7:\\\"6723,29\\\";}}i:285;O:29:\\\"Illuminate\\\\Support\\\\Collection\\\":1:{s:8:\\\"\\u0000*\\u0000items\\\";a:17:{i:0;s:10:\\\"2023-12-28\\\";i:1;i:6;i:2;i:4;i:3;i:20146;i:4;i:20146;i:5;i:73520255446883;i:6;i:96;i:7;i:38259558;i:8;s:21:\\\"SAY MARIANELA MARLENE\\\";i:9;s:4:\\\"1,00\\\";i:10;s:3:\\\"PES\\\";i:11;s:7:\\\"6781,93\\\";i:12;s:4:\\\"0,00\\\";i:13;s:4:\\\"0,00\\\";i:14;s:4:\\\"0,00\\\";i:15;s:7:\\\"1424,21\\\";i:16;s:7:\\\"8206,14\\\";}}i:286;O:29:\\\"Illuminate\\\\Support\\\\Collection\\\":1:{s:8:\\\"\\u0000*\\u0000items\\\";a:17:{i:0;s:10:\\\"2023-12-28\\\";i:1;i:6;i:2;i:4;i:3;i:20147;i:4;i:20147;i:5;i:73520255446943;i:6;i:96;i:7;i:21885453;i:8;s:19:\\\"GONZALEZ JUAN PABLO\\\";i:9;s:4:\\\"1,00\\\";i:10;s:3:\\\"PES\\\";i:11;s:7:\\\"5181,97\\\";i:12;s:4:\\\"0,00\\\";i:13;s:4:\\\"0,00\\\";i:14;s:4:\\\"0,00\\\";i:15;s:7:\\\"1088,21\\\";i:16;s:7:\\\"6270,19\\\";}}i:287;O:29:\\\"Illuminate\\\\Support\\\\Collection\\\":1:{s:8:\\\"\\u0000*\\u0000items\\\";a:17:{i:0;s:10:\\\"2023-12-28\\\";i:1;i:6;i:2;i:4;i:3;i:20148;i:4;i:20148;i:5;i:73520255447059;i:6;i:96;i:7;i:14596249;i:8;s:24:\\\"MONTERO ALEJANDRO CARLOS\\\";i:9;s:4:\\\"1,00\\\";i:10;s:3:\\\"PES\\\";i:11;s:6:\\\"889,31\\\";i:12;s:4:\\\"0,00\\\";i:13;s:4:\\\"0,00\\\";i:14;s:4:\\\"0,00\\\";i:15;s:6:\\\"186,76\\\";i:16;s:7:\\\"1076,07\\\";}}i:288;O:29:\\\"Illuminate\\\\Support\\\\Collection\\\":1:{s:8:\\\"\\u0000*\\u0000items\\\";a:17:{i:0;s:10:\\\"2023-12-28\\\";i:1;i:6;i:2;i:4;i:3;i:20149;i:4;i:20149;i:5;i:73520255447180;i:6;i:96;i:7;i:22912393;i:8;s:18:\\\"MAZA ESTELA MIRIAM\\\";i:9;s:4:\\\"1,00\\\";i:10;s:3:\\\"PES\\\";i:11;s:7:\\\"8623,76\\\";i:12;s:4:\\\"0,00\\\";i:13;s:4:\\\"0,00\\\";i:14;s:4:\\\"0,00\\\";i:15;s:7:\\\"1810,99\\\";i:16;s:8:\\\"10434,75\\\";}}i:289;O:29:\\\"Illuminate\\\\Support\\\\Collection\\\":1:{s:8:\\\"\\u0000*\\u0000items\\\";a:17:{i:0;s:10:\\\"2023-12-28\\\";i:1;i:6;i:2;i:4;i:3;i:20150;i:4;i:20150;i:5;i:73520255447282;i:6;i:96;i:7;i:1;i:8;N;i:9;s:4:\\\"1,00\\\";i:10;s:3:\\\"PES\\\";i:11;s:6:\\\"115,91\\\";i:12;s:4:\\\"0,00\\\";i:13;s:4:\\\"0,00\\\";i:14;s:4:\\\"0,00\\\";i:15;s:5:\\\"24,34\\\";i:16;s:6:\\\"140,25\\\";}}i:290;O:29:\\\"Illuminate\\\\Support\\\\Collection\\\":1:{s:8:\\\"\\u0000*\\u0000items\\\";a:17:{i:0;s:10:\\\"2023-12-28\\\";i:1;i:6;i:2;i:4;i:3;i:20151;i:4;i:20151;i:5;i:73520255447431;i:6;i:86;i:7;i:27445638035;i:8;s:13:\\\"KRITTIAN LARA\\\";i:9;s:4:\\\"1,00\\\";i:10;s:3:\\\"PES\\\";i:11;s:6:\\\"975,21\\\";i:12;s:4:\\\"0,00\\\";i:13;s:4:\\\"0,00\\\";i:14;s:4:\\\"0,00\\\";i:15;s:6:\\\"204,79\\\";i:16;s:7:\\\"1180,00\\\";}}i:291;O:29:\\\"Illuminate\\\\Support\\\\Collection\\\":1:{s:8:\\\"\\u0000*\\u0000items\\\";a:17:{i:0;s:10:\\\"2023-12-28\\\";i:1;i:6;i:2;i:4;i:3;i:20152;i:4;i:20152;i:5;i:73520255447562;i:6;i:96;i:7;i:26211954;i:8;s:17:\\\"PE\\u00d1A ANALIA INES\\\";i:9;s:4:\\\"1,00\\\";i:10;s:3:\\\"PES\\\";i:11;s:7:\\\"2618,74\\\";i:12;s:4:\\\"0,00\\\";i:13;s:4:\\\"0,00\\\";i:14;s:4:\\\"0,00\\\";i:15;s:6:\\\"549,93\\\";i:16;s:7:\\\"3168,67\\\";}}i:292;O:29:\\\"Illuminate\\\\Support\\\\Collection\\\":1:{s:8:\\\"\\u0000*\\u0000items\\\";a:17:{i:0;s:10:\\\"2023-12-28\\\";i:1;i:6;i:2;i:4;i:3;i:20153;i:4;i:20153;i:5;i:73520255447724;i:6;i:96;i:7;i:40327821;i:8;s:22:\\\"ROSALES LUCIANA CAMILA\\\";i:9;s:4:\\\"1,00\\\";i:10;s:3:\\\"PES\\\";i:11;s:7:\\\"6343,59\\\";i:12;s:4:\\\"0,00\\\";i:13;s:4:\\\"0,00\\\";i:14;s:4:\\\"0,00\\\";i:15;s:7:\\\"1332,15\\\";i:16;s:7:\\\"7675,75\\\";}}i:293;O:29:\\\"Illuminate\\\\Support\\\\Collection\\\":1:{s:8:\\\"\\u0000*\\u0000items\\\";a:17:{i:0;s:10:\\\"2023-12-28\\\";i:1;i:6;i:2;i:4;i:3;i:20407;i:4;i:20407;i:5;i:73520330330182;i:6;i:86;i:7;i:27371105420;i:8;s:19:\\\"KNASS ANA ELIZABETH\\\";i:9;s:4:\\\"1,00\\\";i:10;s:3:\\\"PES\\\";i:11;s:6:\\\"331,40\\\";i:12;s:4:\\\"0,00\\\";i:13;s:4:\\\"0,00\\\";i:14;s:4:\\\"0,00\\\";i:15;s:5:\\\"69,60\\\";i:16;s:6:\\\"401,00\\\";}}i:294;O:29:\\\"Illuminate\\\\Support\\\\Collection\\\":1:{s:8:\\\"\\u0000*\\u0000items\\\";a:17:{i:0;s:10:\\\"2023-12-28\\\";i:1;i:6;i:2;i:4;i:3;i:20154;i:4;i:20154;i:5;i:73520255447826;i:6;i:96;i:7;i:1;i:8;N;i:9;s:4:\\\"1,00\\\";i:10;s:3:\\\"PES\\\";i:11;s:6:\\\"154,55\\\";i:12;s:4:\\\"0,00\\\";i:13;s:4:\\\"0,00\\\";i:14;s:4:\\\"0,00\\\";i:15;s:5:\\\"32,45\\\";i:16;s:6:\\\"187,00\\\";}}i:295;O:29:\\\"Illuminate\\\\Support\\\\Collection\\\":1:{s:8:\\\"\\u0000*\\u0000items\\\";a:17:{i:0;s:10:\\\"2023-12-28\\\";i:1;i:6;i:2;i:4;i:3;i:20155;i:4;i:20155;i:5;i:73520255447999;i:6;i:96;i:7;i:36594288;i:8;s:17:\\\"PENA JOSE JOAQUIN\\\";i:9;s:4:\\\"1,00\\\";i:10;s:3:\\\"PES\\\";i:11;s:7:\\\"9519,49\\\";i:12;s:4:\\\"0,00\\\";i:13;s:4:\\\"0,00\\\";i:14;s:4:\\\"0,00\\\";i:15;s:7:\\\"1999,09\\\";i:16;s:8:\\\"11518,58\\\";}}i:296;O:29:\\\"Illuminate\\\\Support\\\\Collection\\\":1:{s:8:\\\"\\u0000*\\u0000items\\\";a:17:{i:0;s:10:\\\"2023-12-28\\\";i:1;i:6;i:2;i:4;i:3;i:20398;i:4;i:20398;i:5;i:73520330329549;i:6;i:96;i:7;i:24785327;i:8;s:20:\\\"CARDOZO DORA LILIANA\\\";i:9;s:4:\\\"1,00\\\";i:10;s:3:\\\"PES\\\";i:11;s:7:\\\"6191,38\\\";i:12;s:4:\\\"0,00\\\";i:13;s:4:\\\"0,00\\\";i:14;s:4:\\\"0,00\\\";i:15;s:7:\\\"1300,19\\\";i:16;s:7:\\\"7491,57\\\";}}i:297;O:29:\\\"Illuminate\\\\Support\\\\Collection\\\":1:{s:8:\\\"\\u0000*\\u0000items\\\";a:17:{i:0;s:10:\\\"2023-12-28\\\";i:1;i:6;i:2;i:4;i:3;i:20399;i:4;i:20399;i:5;i:73520330329625;i:6;i:80;i:7;i:27349360743;i:8;s:26:\\\"MONTENEGRO SOLANGE MAILLEN\\\";i:9;s:4:\\\"1,00\\\";i:10;s:3:\\\"PES\\\";i:11;s:6:\\\"859,50\\\";i:12;s:4:\\\"0,00\\\";i:13;s:4:\\\"0,00\\\";i:14;s:4:\\\"0,00\\\";i:15;s:6:\\\"180,50\\\";i:16;s:7:\\\"1040,00\\\";}}i:298;O:29:\\\"Illuminate\\\\Support\\\\Collection\\\":1:{s:8:\\\"\\u0000*\\u0000items\\\";a:17:{i:0;s:10:\\\"2023-12-28\\\";i:1;i:6;i:2;i:4;i:3;i:20400;i:4;i:20400;i:5;i:73520330329641;i:6;i:80;i:7;i:27349360743;i:8;s:26:\\\"MONTENEGRO SOLANGE MAILLEN\\\";i:9;s:4:\\\"1,00\\\";i:10;s:3:\\\"PES\\\";i:11;s:7:\\\"2066,12\\\";i:12;s:4:\\\"0,00\\\";i:13;s:4:\\\"0,00\\\";i:14;s:4:\\\"0,00\\\";i:15;s:6:\\\"433,88\\\";i:16;s:7:\\\"2500,00\\\";}}i:299;O:29:\\\"Illuminate\\\\Support\\\\Collection\\\":1:{s:8:\\\"\\u0000*\\u0000items\\\";a:17:{i:0;s:10:\\\"2023-12-28\\\";i:1;i:6;i:2;i:4;i:3;i:20401;i:4;i:20401;i:5;i:73520330329714;i:6;i:80;i:7;i:20303781367;i:8;s:23:\\\"MARTINEZ JAVIER HORACIO\\\";i:9;s:4:\\\"1,00\\\";i:10;s:3:\\\"PES\\\";i:11;s:8:\\\"33467,77\\\";i:12;s:4:\\\"0,00\\\";i:13;s:4:\\\"0,00\\\";i:14;s:4:\\\"0,00\\\";i:15;s:7:\\\"7028,23\\\";i:16;s:8:\\\"40496,00\\\";}}i:300;O:29:\\\"Illuminate\\\\Support\\\\Collection\\\":1:{s:8:\\\"\\u0000*\\u0000items\\\";a:17:{i:0;s:10:\\\"2023-12-28\\\";i:1;i:6;i:2;i:4;i:3;i:20402;i:4;i:20402;i:5;i:73520330329798;i:6;i:86;i:7;i:27359353664;i:8;s:23:\\\"NU\\u00d1EZ FATIMA ELIZABETH\\\";i:9;s:4:\\\"1,00\\\";i:10;s:3:\\\"PES\\\";i:11;s:8:\\\"32628,10\\\";i:12;s:4:\\\"0,00\\\";i:13;s:4:\\\"0,00\\\";i:14;s:4:\\\"0,00\\\";i:15;s:7:\\\"6851,90\\\";i:16;s:8:\\\"39480,00\\\";}}i:301;O:29:\\\"Illuminate\\\\Support\\\\Collection\\\":1:{s:8:\\\"\\u0000*\\u0000items\\\";a:17:{i:0;s:10:\\\"2023-12-28\\\";i:1;i:6;i:2;i:4;i:3;i:20403;i:4;i:20403;i:5;i:73520330329887;i:6;i:86;i:7;i:27341253387;i:8;s:29:\\\"ORTELLADO ESTEFANIA ELIZABETH\\\";i:9;s:4:\\\"1,00\\\";i:10;s:3:\\\"PES\\\";i:11;s:8:\\\"46826,45\\\";i:12;s:4:\\\"0,00\\\";i:13;s:4:\\\"0,00\\\";i:14;s:4:\\\"0,00\\\";i:15;s:7:\\\"9833,55\\\";i:16;s:8:\\\"56660,00\\\";}}i:302;O:29:\\\"Illuminate\\\\Support\\\\Collection\\\":1:{s:8:\\\"\\u0000*\\u0000items\\\";a:17:{i:0;s:10:\\\"2023-12-28\\\";i:1;i:6;i:2;i:4;i:3;i:20404;i:4;i:20404;i:5;i:73520330329947;i:6;i:80;i:7;i:27185408723;i:8;s:20:\\\"DELGADO NANCY ESTHER\\\";i:9;s:4:\\\"1,00\\\";i:10;s:3:\\\"PES\\\";i:11;s:7:\\\"8264,46\\\";i:12;s:4:\\\"0,00\\\";i:13;s:4:\\\"0,00\\\";i:14;s:4:\\\"0,00\\\";i:15;s:7:\\\"1735,54\\\";i:16;s:8:\\\"10000,00\\\";}}i:303;O:29:\\\"Illuminate\\\\Support\\\\Collection\\\":1:{s:8:\\\"\\u0000*\\u0000items\\\";a:17:{i:0;s:10:\\\"2023-12-28\\\";i:1;i:6;i:2;i:4;i:3;i:20405;i:4;i:20405;i:5;i:73520330329989;i:6;i:80;i:7;i:27245994376;i:8;s:22:\\\"ACOSTA TELMA MARGARITA\\\";i:9;s:4:\\\"1,00\\\";i:10;s:3:\\\"PES\\\";i:11;s:8:\\\"44868,59\\\";i:12;s:4:\\\"0,00\\\";i:13;s:4:\\\"0,00\\\";i:14;s:4:\\\"0,00\\\";i:15;s:7:\\\"9422,40\\\";i:16;s:8:\\\"54291,00\\\";}}i:304;O:29:\\\"Illuminate\\\\Support\\\\Collection\\\":1:{s:8:\\\"\\u0000*\\u0000items\\\";a:17:{i:0;s:10:\\\"2023-12-28\\\";i:1;i:6;i:2;i:4;i:3;i:20406;i:4;i:20406;i:5;i:73520330330124;i:6;i:86;i:7;i:20325010453;i:8;s:18:\\\"LEIVA WALTER DARIO\\\";i:9;s:4:\\\"1,00\\\";i:10;s:3:\\\"PES\\\";i:11;s:8:\\\"34889,26\\\";i:12;s:4:\\\"0,00\\\";i:13;s:4:\\\"0,00\\\";i:14;s:4:\\\"0,00\\\";i:15;s:7:\\\"7326,74\\\";i:16;s:8:\\\"42216,00\\\";}}i:305;O:29:\\\"Illuminate\\\\Support\\\\Collection\\\":1:{s:8:\\\"\\u0000*\\u0000items\\\";a:17:{i:0;s:10:\\\"2023-12-28\\\";i:1;i:6;i:2;i:4;i:3;i:20214;i:4;i:20214;i:5;i:73520327462166;i:6;i:96;i:7;i:25572831;i:8;s:22:\\\"CUERDO VERONICA SANDRA\\\";i:9;s:4:\\\"1,00\\\";i:10;s:3:\\\"PES\\\";i:11;s:7:\\\"6706,33\\\";i:12;s:4:\\\"0,00\\\";i:13;s:4:\\\"0,00\\\";i:14;s:4:\\\"0,00\\\";i:15;s:7:\\\"1408,33\\\";i:16;s:7:\\\"8114,66\\\";}}i:306;O:29:\\\"Illuminate\\\\Support\\\\Collection\\\":1:{s:8:\\\"\\u0000*\\u0000items\\\";a:17:{i:0;s:10:\\\"2023-12-28\\\";i:1;i:6;i:2;i:4;i:3;i:20215;i:4;i:20215;i:5;i:73520327462239;i:6;i:96;i:7;i:36327651;i:8;s:15:\\\"PETRINI MARIANO\\\";i:9;s:4:\\\"1,00\\\";i:10;s:3:\\\"PES\\\";i:11;s:7:\\\"7469,13\\\";i:12;s:4:\\\"0,00\\\";i:13;s:4:\\\"0,00\\\";i:14;s:4:\\\"0,00\\\";i:15;s:7:\\\"1568,52\\\";i:16;s:7:\\\"9037,65\\\";}}i:307;O:29:\\\"Illuminate\\\\Support\\\\Collection\\\":1:{s:8:\\\"\\u0000*\\u0000items\\\";a:17:{i:0;s:10:\\\"2023-12-28\\\";i:1;i:6;i:2;i:4;i:3;i:19920;i:4;i:19920;i:5;i:73520205061056;i:6;i:96;i:7;i:1;i:8;N;i:9;s:4:\\\"1,00\\\";i:10;s:3:\\\"PES\\\";i:11;s:6:\\\"115,91\\\";i:12;s:4:\\\"0,00\\\";i:13;s:4:\\\"0,00\\\";i:14;s:4:\\\"0,00\\\";i:15;s:5:\\\"24,34\\\";i:16;s:6:\\\"140,25\\\";}}i:308;O:29:\\\"Illuminate\\\\Support\\\\Collection\\\":1:{s:8:\\\"\\u0000*\\u0000items\\\";a:17:{i:0;s:10:\\\"2023-12-28\\\";i:1;i:6;i:2;i:4;i:3;i:20211;i:4;i:20211;i:5;i:73520327461929;i:6;i:96;i:7;i:34163851;i:8;s:19:\\\"VIOLA DESIREE GISEL\\\";i:9;s:4:\\\"1,00\\\";i:10;s:3:\\\"PES\\\";i:11;s:8:\\\"11034,57\\\";i:12;s:4:\\\"0,00\\\";i:13;s:4:\\\"0,00\\\";i:14;s:4:\\\"0,00\\\";i:15;s:7:\\\"2317,26\\\";i:16;s:8:\\\"13351,83\\\";}}i:309;O:29:\\\"Illuminate\\\\Support\\\\Collection\\\":1:{s:8:\\\"\\u0000*\\u0000items\\\";a:17:{i:0;s:10:\\\"2023-12-28\\\";i:1;i:6;i:2;i:4;i:3;i:20212;i:4;i:20212;i:5;i:73520327462019;i:6;i:96;i:7;i:26372575;i:8;s:23:\\\"SARAVIA MARIANO ALFREDO\\\";i:9;s:4:\\\"1,00\\\";i:10;s:3:\\\"PES\\\";i:11;s:8:\\\"23575,95\\\";i:12;s:4:\\\"0,00\\\";i:13;s:4:\\\"0,00\\\";i:14;s:4:\\\"0,00\\\";i:15;s:7:\\\"4950,95\\\";i:16;s:8:\\\"28526,90\\\";}}i:310;O:29:\\\"Illuminate\\\\Support\\\\Collection\\\":1:{s:8:\\\"\\u0000*\\u0000items\\\";a:17:{i:0;s:10:\\\"2023-12-28\\\";i:1;i:6;i:2;i:4;i:3;i:20213;i:4;i:20213;i:5;i:73520327462064;i:6;i:96;i:7;i:29879304;i:8;s:24:\\\"TORRES NOELIA DEL CARMEN\\\";i:9;s:4:\\\"1,00\\\";i:10;s:3:\\\"PES\\\";i:11;s:7:\\\"7414,11\\\";i:12;s:4:\\\"0,00\\\";i:13;s:4:\\\"0,00\\\";i:14;s:4:\\\"0,00\\\";i:15;s:7:\\\"1556,96\\\";i:16;s:7:\\\"8971,07\\\";}}i:311;O:29:\\\"Illuminate\\\\Support\\\\Collection\\\":1:{s:8:\\\"\\u0000*\\u0000items\\\";a:17:{i:0;s:10:\\\"2023-12-28\\\";i:1;i:6;i:2;i:4;i:3;i:20216;i:4;i:20216;i:5;i:73520327462328;i:6;i:96;i:7;i:34965291;i:8;s:26:\\\"PASSANANTE SILVINA SOLEDAD\\\";i:9;s:4:\\\"1,00\\\";i:10;s:3:\\\"PES\\\";i:11;s:8:\\\"13079,53\\\";i:12;s:4:\\\"0,00\\\";i:13;s:4:\\\"0,00\\\";i:14;s:4:\\\"0,00\\\";i:15;s:7:\\\"2746,70\\\";i:16;s:8:\\\"15826,23\\\";}}i:312;O:29:\\\"Illuminate\\\\Support\\\\Collection\\\":1:{s:8:\\\"\\u0000*\\u0000items\\\";a:17:{i:0;s:10:\\\"2023-12-28\\\";i:1;i:6;i:2;i:4;i:3;i:20217;i:4;i:20217;i:5;i:73520327462404;i:6;i:96;i:7;i:25967061;i:8;s:23:\\\"FILIPPONI VALERIA NORMA\\\";i:9;s:4:\\\"1,00\\\";i:10;s:3:\\\"PES\\\";i:11;s:7:\\\"4549,13\\\";i:12;s:4:\\\"0,00\\\";i:13;s:4:\\\"0,00\\\";i:14;s:4:\\\"0,00\\\";i:15;s:6:\\\"955,32\\\";i:16;s:7:\\\"5504,45\\\";}}i:313;O:29:\\\"Illuminate\\\\Support\\\\Collection\\\":1:{s:8:\\\"\\u0000*\\u0000items\\\";a:17:{i:0;s:10:\\\"2023-12-28\\\";i:1;i:6;i:2;i:4;i:3;i:19916;i:4;i:19916;i:5;i:73520205060791;i:6;i:96;i:7;i:16697062;i:8;s:22:\\\"PEREYRA ROSA ARGENTINA\\\";i:9;s:4:\\\"1,00\\\";i:10;s:3:\\\"PES\\\";i:11;s:7:\\\"6189,27\\\";i:12;s:4:\\\"0,00\\\";i:13;s:4:\\\"0,00\\\";i:14;s:4:\\\"0,00\\\";i:15;s:7:\\\"1299,75\\\";i:16;s:7:\\\"7489,02\\\";}}i:314;O:29:\\\"Illuminate\\\\Support\\\\Collection\\\":1:{s:8:\\\"\\u0000*\\u0000items\\\";a:17:{i:0;s:10:\\\"2023-12-28\\\";i:1;i:6;i:2;i:4;i:3;i:19917;i:4;i:19917;i:5;i:73520205060908;i:6;i:96;i:7;i:22283306;i:8;s:18:\\\"CAVESTRI GUILLERMO\\\";i:9;s:4:\\\"1,00\\\";i:10;s:3:\\\"PES\\\";i:11;s:7:\\\"9731,55\\\";i:12;s:4:\\\"0,00\\\";i:13;s:4:\\\"0,00\\\";i:14;s:4:\\\"0,00\\\";i:15;s:7:\\\"2043,63\\\";i:16;s:8:\\\"11775,18\\\";}}i:315;O:29:\\\"Illuminate\\\\Support\\\\Collection\\\":1:{s:8:\\\"\\u0000*\\u0000items\\\";a:17:{i:0;s:10:\\\"2023-12-28\\\";i:1;i:6;i:2;i:4;i:3;i:19918;i:4;i:19918;i:5;i:73520205060979;i:6;i:96;i:7;i:20211865;i:8;s:21:\\\"DIRANI ESTELA FABIANA\\\";i:9;s:4:\\\"1,00\\\";i:10;s:3:\\\"PES\\\";i:11;s:7:\\\"6523,06\\\";i:12;s:4:\\\"0,00\\\";i:13;s:4:\\\"0,00\\\";i:14;s:4:\\\"0,00\\\";i:15;s:7:\\\"1369,84\\\";i:16;s:7:\\\"7892,90\\\";}}i:316;O:29:\\\"Illuminate\\\\Support\\\\Collection\\\":1:{s:8:\\\"\\u0000*\\u0000items\\\";a:17:{i:0;s:10:\\\"2023-12-28\\\";i:1;i:6;i:2;i:4;i:3;i:19919;i:4;i:19919;i:5;i:73520205061014;i:6;i:96;i:7;i:25394615;i:8;s:18:\\\"AVALO MARIA REBECA\\\";i:9;s:4:\\\"1,00\\\";i:10;s:3:\\\"PES\\\";i:11;s:7:\\\"5675,95\\\";i:12;s:4:\\\"0,00\\\";i:13;s:4:\\\"0,00\\\";i:14;s:4:\\\"0,00\\\";i:15;s:7:\\\"1191,95\\\";i:16;s:7:\\\"6867,90\\\";}}i:317;O:29:\\\"Illuminate\\\\Support\\\\Collection\\\":1:{s:8:\\\"\\u0000*\\u0000items\\\";a:17:{i:0;s:10:\\\"2023-12-28\\\";i:1;i:6;i:2;i:4;i:3;i:19921;i:4;i:19921;i:5;i:73520205061103;i:6;i:96;i:7;i:22228914;i:8;s:19:\\\"ERES CLAUDIA MONICA\\\";i:9;s:4:\\\"1,00\\\";i:10;s:3:\\\"PES\\\";i:11;s:7:\\\"4109,77\\\";i:12;s:4:\\\"0,00\\\";i:13;s:4:\\\"0,00\\\";i:14;s:4:\\\"0,00\\\";i:15;s:6:\\\"863,05\\\";i:16;s:7:\\\"4972,82\\\";}}i:318;O:29:\\\"Illuminate\\\\Support\\\\Collection\\\":1:{s:8:\\\"\\u0000*\\u0000items\\\";a:17:{i:0;s:10:\\\"2023-12-28\\\";i:1;i:6;i:2;i:4;i:3;i:19922;i:4;i:19922;i:5;i:73520205061161;i:6;i:96;i:7;i:1;i:8;N;i:9;s:4:\\\"1,00\\\";i:10;s:3:\\\"PES\\\";i:11;s:6:\\\"169,42\\\";i:12;s:4:\\\"0,00\\\";i:13;s:4:\\\"0,00\\\";i:14;s:4:\\\"0,00\\\";i:15;s:5:\\\"35,58\\\";i:16;s:6:\\\"205,00\\\";}}i:319;O:29:\\\"Illuminate\\\\Support\\\\Collection\\\":1:{s:8:\\\"\\u0000*\\u0000items\\\";a:17:{i:0;s:10:\\\"2023-12-28\\\";i:1;i:6;i:2;i:4;i:3;i:19948;i:4;i:19948;i:5;i:73520211011793;i:6;i:96;i:7;i:39673041;i:8;s:25:\\\"MELAGINI JACQUELINE NICOL\\\";i:9;s:4:\\\"1,00\\\";i:10;s:3:\\\"PES\\\";i:11;s:7:\\\"7115,81\\\";i:12;s:4:\\\"0,00\\\";i:13;s:4:\\\"0,00\\\";i:14;s:4:\\\"0,00\\\";i:15;s:7:\\\"1494,32\\\";i:16;s:7:\\\"8610,13\\\";}}i:320;O:29:\\\"Illuminate\\\\Support\\\\Collection\\\":1:{s:8:\\\"\\u0000*\\u0000items\\\";a:17:{i:0;s:10:\\\"2023-12-28\\\";i:1;i:6;i:2;i:4;i:3;i:19923;i:4;i:19923;i:5;i:73520205061218;i:6;i:96;i:7;i:36296624;i:8;s:27:\\\"TOLEDO MARIA DE LOS ANGELES\\\";i:9;s:4:\\\"1,00\\\";i:10;s:3:\\\"PES\\\";i:11;s:7:\\\"4554,51\\\";i:12;s:4:\\\"0,00\\\";i:13;s:4:\\\"0,00\\\";i:14;s:4:\\\"0,00\\\";i:15;s:6:\\\"956,45\\\";i:16;s:7:\\\"5510,96\\\";}}i:321;O:29:\\\"Illuminate\\\\Support\\\\Collection\\\":1:{s:8:\\\"\\u0000*\\u0000items\\\";a:17:{i:0;s:10:\\\"2023-12-28\\\";i:1;i:6;i:2;i:4;i:3;i:19924;i:4;i:19924;i:5;i:73520205061292;i:6;i:96;i:7;i:1;i:8;N;i:9;s:4:\\\"1,00\\\";i:10;s:3:\\\"PES\\\";i:11;s:5:\\\"77,27\\\";i:12;s:4:\\\"0,00\\\";i:13;s:4:\\\"0,00\\\";i:14;s:4:\\\"0,00\\\";i:15;s:5:\\\"16,23\\\";i:16;s:5:\\\"93,50\\\";}}i:322;O:29:\\\"Illuminate\\\\Support\\\\Collection\\\":1:{s:8:\\\"\\u0000*\\u0000items\\\";a:17:{i:0;s:10:\\\"2023-12-28\\\";i:1;i:6;i:2;i:4;i:3;i:19925;i:4;i:19925;i:5;i:73520205061378;i:6;i:96;i:7;i:45825819;i:8;s:21:\\\"MANGINI JULIETA BELEN\\\";i:9;s:4:\\\"1,00\\\";i:10;s:3:\\\"PES\\\";i:11;s:7:\\\"2742,36\\\";i:12;s:4:\\\"0,00\\\";i:13;s:4:\\\"0,00\\\";i:14;s:4:\\\"0,00\\\";i:15;s:6:\\\"575,89\\\";i:16;s:7:\\\"3318,25\\\";}}i:323;O:29:\\\"Illuminate\\\\Support\\\\Collection\\\":1:{s:8:\\\"\\u0000*\\u0000items\\\";a:17:{i:0;s:10:\\\"2023-12-28\\\";i:1;i:6;i:2;i:4;i:3;i:19926;i:4;i:19926;i:5;i:73520205061438;i:6;i:96;i:7;i:1;i:8;N;i:9;s:4:\\\"1,00\\\";i:10;s:3:\\\"PES\\\";i:11;s:6:\\\"413,22\\\";i:12;s:4:\\\"0,00\\\";i:13;s:4:\\\"0,00\\\";i:14;s:4:\\\"0,00\\\";i:15;s:5:\\\"86,78\\\";i:16;s:6:\\\"500,00\\\";}}i:324;O:29:\\\"Illuminate\\\\Support\\\\Collection\\\":1:{s:8:\\\"\\u0000*\\u0000items\\\";a:17:{i:0;s:10:\\\"2023-12-28\\\";i:1;i:6;i:2;i:4;i:3;i:19949;i:4;i:19949;i:5;i:73520211011900;i:6;i:96;i:7;i:13427152;i:8;s:19:\\\"CORREA MARIA ESTELA\\\";i:9;s:4:\\\"1,00\\\";i:10;s:3:\\\"PES\\\";i:11;s:7:\\\"4403,23\\\";i:12;s:4:\\\"0,00\\\";i:13;s:4:\\\"0,00\\\";i:14;s:4:\\\"0,00\\\";i:15;s:6:\\\"924,68\\\";i:16;s:7:\\\"5327,91\\\";}}i:325;O:29:\\\"Illuminate\\\\Support\\\\Collection\\\":1:{s:8:\\\"\\u0000*\\u0000items\\\";a:17:{i:0;s:10:\\\"2023-12-28\\\";i:1;i:6;i:2;i:4;i:3;i:19950;i:4;i:19950;i:5;i:73520211012032;i:6;i:96;i:7;i:96223078;i:8;s:25:\\\"URBINA ARBULU ANGIE EDITH\\\";i:9;s:4:\\\"1,00\\\";i:10;s:3:\\\"PES\\\";i:11;s:7:\\\"1961,29\\\";i:12;s:4:\\\"0,00\\\";i:13;s:4:\\\"0,00\\\";i:14;s:4:\\\"0,00\\\";i:15;s:6:\\\"411,87\\\";i:16;s:7:\\\"2373,16\\\";}}i:326;O:29:\\\"Illuminate\\\\Support\\\\Collection\\\":1:{s:8:\\\"\\u0000*\\u0000items\\\";a:17:{i:0;s:10:\\\"2023-12-28\\\";i:1;i:6;i:2;i:4;i:3;i:20226;i:4;i:20226;i:5;i:73520327497063;i:6;i:96;i:7;i:23256610;i:8;s:23:\\\"LEPORE FERNANDO ALBERTO\\\";i:9;s:4:\\\"1,00\\\";i:10;s:3:\\\"PES\\\";i:11;s:7:\\\"1028,95\\\";i:12;s:4:\\\"0,00\\\";i:13;s:4:\\\"0,00\\\";i:14;s:4:\\\"0,00\\\";i:15;s:6:\\\"216,08\\\";i:16;s:7:\\\"1245,03\\\";}}i:327;O:29:\\\"Illuminate\\\\Support\\\\Collection\\\":1:{s:8:\\\"\\u0000*\\u0000items\\\";a:17:{i:0;s:10:\\\"2023-12-28\\\";i:1;i:6;i:2;i:4;i:3;i:19951;i:4;i:19951;i:5;i:73520211012223;i:6;i:96;i:7;i:1;i:8;N;i:9;s:4:\\\"1,00\\\";i:10;s:3:\\\"PES\\\";i:11;s:6:\\\"115,91\\\";i:12;s:4:\\\"0,00\\\";i:13;s:4:\\\"0,00\\\";i:14;s:4:\\\"0,00\\\";i:15;s:5:\\\"24,34\\\";i:16;s:6:\\\"140,25\\\";}}i:328;O:29:\\\"Illuminate\\\\Support\\\\Collection\\\":1:{s:8:\\\"\\u0000*\\u0000items\\\";a:17:{i:0;s:10:\\\"2023-12-28\\\";i:1;i:6;i:2;i:4;i:3;i:19952;i:4;i:19952;i:5;i:73520211012443;i:6;i:96;i:7;i:38992982;i:8;s:16:\\\"LOPEANDIA ALEJO \\\";i:9;s:4:\\\"1,00\\\";i:10;s:3:\\\"PES\\\";i:11;s:7:\\\"4782,74\\\";i:12;s:4:\\\"0,00\\\";i:13;s:4:\\\"0,00\\\";i:14;s:4:\\\"0,00\\\";i:15;s:7:\\\"1004,37\\\";i:16;s:7:\\\"5787,11\\\";}}i:329;O:29:\\\"Illuminate\\\\Support\\\\Collection\\\":1:{s:8:\\\"\\u0000*\\u0000items\\\";a:17:{i:0;s:10:\\\"2023-12-28\\\";i:1;i:6;i:2;i:4;i:3;i:19953;i:4;i:19953;i:5;i:73520211012605;i:6;i:96;i:7;i:1;i:8;N;i:9;s:4:\\\"1,00\\\";i:10;s:3:\\\"PES\\\";i:11;s:5:\\\"77,27\\\";i:12;s:4:\\\"0,00\\\";i:13;s:4:\\\"0,00\\\";i:14;s:4:\\\"0,00\\\";i:15;s:5:\\\"16,23\\\";i:16;s:5:\\\"93,50\\\";}}i:330;O:29:\\\"Illuminate\\\\Support\\\\Collection\\\":1:{s:8:\\\"\\u0000*\\u0000items\\\";a:17:{i:0;s:10:\\\"2023-12-28\\\";i:1;i:6;i:2;i:4;i:3;i:19954;i:4;i:19954;i:5;i:73520211012765;i:6;i:96;i:7;i:94847247;i:8;s:24:\\\"TORRES TORRES ESTANILAA \\\";i:9;s:4:\\\"1,00\\\";i:10;s:3:\\\"PES\\\";i:11;s:7:\\\"5098,68\\\";i:12;s:4:\\\"0,00\\\";i:13;s:4:\\\"0,00\\\";i:14;s:4:\\\"0,00\\\";i:15;s:7:\\\"1070,72\\\";i:16;s:7:\\\"6169,40\\\";}}i:331;O:29:\\\"Illuminate\\\\Support\\\\Collection\\\":1:{s:8:\\\"\\u0000*\\u0000items\\\";a:17:{i:0;s:10:\\\"2023-12-28\\\";i:1;i:6;i:2;i:4;i:3;i:19955;i:4;i:19955;i:5;i:73520211012969;i:6;i:96;i:7;i:1;i:8;N;i:9;s:4:\\\"1,00\\\";i:10;s:3:\\\"PES\\\";i:11;s:6:\\\"169,42\\\";i:12;s:4:\\\"0,00\\\";i:13;s:4:\\\"0,00\\\";i:14;s:4:\\\"0,00\\\";i:15;s:5:\\\"35,58\\\";i:16;s:6:\\\"205,00\\\";}}i:332;O:29:\\\"Illuminate\\\\Support\\\\Collection\\\":1:{s:8:\\\"\\u0000*\\u0000items\\\";a:17:{i:0;s:10:\\\"2023-12-28\\\";i:1;i:6;i:2;i:4;i:3;i:19956;i:4;i:19956;i:5;i:73520211013180;i:6;i:96;i:7;i:1;i:8;N;i:9;s:4:\\\"1,00\\\";i:10;s:3:\\\"PES\\\";i:11;s:6:\\\"550,41\\\";i:12;s:4:\\\"0,00\\\";i:13;s:4:\\\"0,00\\\";i:14;s:4:\\\"0,00\\\";i:15;s:6:\\\"115,59\\\";i:16;s:6:\\\"666,00\\\";}}i:333;O:29:\\\"Illuminate\\\\Support\\\\Collection\\\":1:{s:8:\\\"\\u0000*\\u0000items\\\";a:17:{i:0;s:10:\\\"2023-12-28\\\";i:1;i:6;i:2;i:4;i:3;i:19957;i:4;i:19957;i:5;i:73520211013546;i:6;i:96;i:7;i:34630783;i:8;s:20:\\\"MALDONADO ALAN DAVID\\\";i:9;s:4:\\\"1,00\\\";i:10;s:3:\\\"PES\\\";i:11;s:7:\\\"5779,74\\\";i:12;s:4:\\\"0,00\\\";i:13;s:4:\\\"0,00\\\";i:14;s:4:\\\"0,00\\\";i:15;s:7:\\\"1213,75\\\";i:16;s:7:\\\"6993,49\\\";}}i:334;O:29:\\\"Illuminate\\\\Support\\\\Collection\\\":1:{s:8:\\\"\\u0000*\\u0000items\\\";a:17:{i:0;s:10:\\\"2023-12-28\\\";i:1;i:6;i:2;i:4;i:3;i:20218;i:4;i:20218;i:5;i:73520327496339;i:6;i:96;i:7;i:1;i:8;N;i:9;s:4:\\\"1,00\\\";i:10;s:3:\\\"PES\\\";i:11;s:6:\\\"154,55\\\";i:12;s:4:\\\"0,00\\\";i:13;s:4:\\\"0,00\\\";i:14;s:4:\\\"0,00\\\";i:15;s:5:\\\"32,45\\\";i:16;s:6:\\\"187,00\\\";}}i:335;O:29:\\\"Illuminate\\\\Support\\\\Collection\\\":1:{s:8:\\\"\\u0000*\\u0000items\\\";a:17:{i:0;s:10:\\\"2023-12-28\\\";i:1;i:6;i:2;i:4;i:3;i:20219;i:4;i:20219;i:5;i:73520327496415;i:6;i:96;i:7;i:34370457;i:8;s:26:\\\"PRADO ROXANA LUCIANA BELEN\\\";i:9;s:4:\\\"1,00\\\";i:10;s:3:\\\"PES\\\";i:11;s:7:\\\"5591,31\\\";i:12;s:4:\\\"0,00\\\";i:13;s:4:\\\"0,00\\\";i:14;s:4:\\\"0,00\\\";i:15;s:7:\\\"1174,17\\\";i:16;s:7:\\\"6765,48\\\";}}i:336;O:29:\\\"Illuminate\\\\Support\\\\Collection\\\":1:{s:8:\\\"\\u0000*\\u0000items\\\";a:17:{i:0;s:10:\\\"2023-12-28\\\";i:1;i:6;i:2;i:4;i:3;i:20220;i:4;i:20220;i:5;i:73520327496504;i:6;i:96;i:7;i:92599047;i:8;s:23:\\\"FRANCHINI MARCO ANTONIO\\\";i:9;s:4:\\\"1,00\\\";i:10;s:3:\\\"PES\\\";i:11;s:7:\\\"1896,21\\\";i:12;s:4:\\\"0,00\\\";i:13;s:4:\\\"0,00\\\";i:14;s:4:\\\"0,00\\\";i:15;s:6:\\\"398,21\\\";i:16;s:7:\\\"2294,42\\\";}}i:337;O:29:\\\"Illuminate\\\\Support\\\\Collection\\\":1:{s:8:\\\"\\u0000*\\u0000items\\\";a:17:{i:0;s:10:\\\"2023-12-28\\\";i:1;i:6;i:2;i:4;i:3;i:20221;i:4;i:20221;i:5;i:73520327496588;i:6;i:96;i:7;i:41214873;i:8;s:22:\\\"TROTTA SOLANGE DANIELA\\\";i:9;s:4:\\\"1,00\\\";i:10;s:3:\\\"PES\\\";i:11;s:7:\\\"3385,59\\\";i:12;s:4:\\\"0,00\\\";i:13;s:4:\\\"0,00\\\";i:14;s:4:\\\"0,00\\\";i:15;s:6:\\\"710,97\\\";i:16;s:7:\\\"4096,57\\\";}}i:338;O:29:\\\"Illuminate\\\\Support\\\\Collection\\\":1:{s:8:\\\"\\u0000*\\u0000items\\\";a:17:{i:0;s:10:\\\"2023-12-28\\\";i:1;i:6;i:2;i:4;i:3;i:20222;i:4;i:20222;i:5;i:73520327496740;i:6;i:96;i:7;i:33231555;i:8;s:22:\\\"PANISSIDI GISELA IRUPE\\\";i:9;s:4:\\\"1,00\\\";i:10;s:3:\\\"PES\\\";i:11;s:7:\\\"4096,21\\\";i:12;s:4:\\\"0,00\\\";i:13;s:4:\\\"0,00\\\";i:14;s:4:\\\"0,00\\\";i:15;s:6:\\\"860,21\\\";i:16;s:7:\\\"4956,42\\\";}}i:339;O:29:\\\"Illuminate\\\\Support\\\\Collection\\\":1:{s:8:\\\"\\u0000*\\u0000items\\\";a:17:{i:0;s:10:\\\"2023-12-28\\\";i:1;i:6;i:2;i:4;i:3;i:20223;i:4;i:20223;i:5;i:73520327496813;i:6;i:96;i:7;i:40440418;i:8;s:20:\\\"TORRES ILEANA GISSEL\\\";i:9;s:4:\\\"1,00\\\";i:10;s:3:\\\"PES\\\";i:11;s:8:\\\"17598,64\\\";i:12;s:4:\\\"0,00\\\";i:13;s:4:\\\"0,00\\\";i:14;s:4:\\\"0,00\\\";i:15;s:7:\\\"3695,72\\\";i:16;s:8:\\\"21294,36\\\";}}i:340;O:29:\\\"Illuminate\\\\Support\\\\Collection\\\":1:{s:8:\\\"\\u0000*\\u0000items\\\";a:17:{i:0;s:10:\\\"2023-12-28\\\";i:1;i:6;i:2;i:4;i:3;i:20224;i:4;i:20224;i:5;i:73520327496902;i:6;i:96;i:7;i:1;i:8;N;i:9;s:4:\\\"1,00\\\";i:10;s:3:\\\"PES\\\";i:11;s:6:\\\"347,73\\\";i:12;s:4:\\\"0,00\\\";i:13;s:4:\\\"0,00\\\";i:14;s:4:\\\"0,00\\\";i:15;s:5:\\\"73,02\\\";i:16;s:6:\\\"420,75\\\";}}i:341;O:29:\\\"Illuminate\\\\Support\\\\Collection\\\":1:{s:8:\\\"\\u0000*\\u0000items\\\";a:17:{i:0;s:10:\\\"2023-12-28\\\";i:1;i:6;i:2;i:4;i:3;i:20225;i:4;i:20225;i:5;i:73520327496957;i:6;i:96;i:7;i:32385655;i:8;s:19:\\\"SCUDERI MARIA BELEN\\\";i:9;s:4:\\\"1,00\\\";i:10;s:3:\\\"PES\\\";i:11;s:7:\\\"4162,00\\\";i:12;s:4:\\\"0,00\\\";i:13;s:4:\\\"0,00\\\";i:14;s:4:\\\"0,00\\\";i:15;s:6:\\\"874,02\\\";i:16;s:7:\\\"5036,02\\\";}}i:342;O:29:\\\"Illuminate\\\\Support\\\\Collection\\\":1:{s:8:\\\"\\u0000*\\u0000items\\\";a:17:{i:0;s:10:\\\"2023-12-28\\\";i:1;i:6;i:2;i:4;i:3;i:20409;i:4;i:20409;i:5;i:73520330372571;i:6;i:96;i:7;i:31269785;i:8;s:21:\\\"OZUNA CINTIA LUCRECIA\\\";i:9;s:4:\\\"1,00\\\";i:10;s:3:\\\"PES\\\";i:11;s:7:\\\"3537,24\\\";i:12;s:4:\\\"0,00\\\";i:13;s:4:\\\"0,00\\\";i:14;s:4:\\\"0,00\\\";i:15;s:6:\\\"742,82\\\";i:16;s:7:\\\"4280,06\\\";}}i:343;O:29:\\\"Illuminate\\\\Support\\\\Collection\\\":1:{s:8:\\\"\\u0000*\\u0000items\\\";a:17:{i:0;s:10:\\\"2023-12-28\\\";i:1;i:6;i:2;i:4;i:3;i:20410;i:4;i:20410;i:5;i:73520330372686;i:6;i:96;i:7;i:1;i:8;N;i:9;s:4:\\\"1,00\\\";i:10;s:3:\\\"PES\\\";i:11;s:5:\\\"77,27\\\";i:12;s:4:\\\"0,00\\\";i:13;s:4:\\\"0,00\\\";i:14;s:4:\\\"0,00\\\";i:15;s:5:\\\"16,23\\\";i:16;s:5:\\\"93,50\\\";}}i:344;O:29:\\\"Illuminate\\\\Support\\\\Collection\\\":1:{s:8:\\\"\\u0000*\\u0000items\\\";a:17:{i:0;s:10:\\\"2023-12-28\\\";i:1;i:6;i:2;i:4;i:3;i:20411;i:4;i:20411;i:5;i:73520330372806;i:6;i:96;i:7;i:10479999;i:8;s:19:\\\"ALONSO ALICIA MARIA\\\";i:9;s:4:\\\"1,00\\\";i:10;s:3:\\\"PES\\\";i:11;s:7:\\\"3423,45\\\";i:12;s:4:\\\"0,00\\\";i:13;s:4:\\\"0,00\\\";i:14;s:4:\\\"0,00\\\";i:15;s:6:\\\"718,92\\\";i:16;s:7:\\\"4142,37\\\";}}i:345;O:29:\\\"Illuminate\\\\Support\\\\Collection\\\":1:{s:8:\\\"\\u0000*\\u0000items\\\";a:17:{i:0;s:10:\\\"2023-12-28\\\";i:1;i:6;i:2;i:4;i:3;i:20412;i:4;i:20412;i:5;i:73520330372851;i:6;i:96;i:7;i:96056061;i:8;s:25:\\\"CASTILLO ROSARIO CRISTINA\\\";i:9;s:4:\\\"1,00\\\";i:10;s:3:\\\"PES\\\";i:11;s:7:\\\"3781,37\\\";i:12;s:4:\\\"0,00\\\";i:13;s:4:\\\"0,00\\\";i:14;s:4:\\\"0,00\\\";i:15;s:6:\\\"794,09\\\";i:16;s:7:\\\"4575,46\\\";}}i:346;O:29:\\\"Illuminate\\\\Support\\\\Collection\\\":1:{s:8:\\\"\\u0000*\\u0000items\\\";a:17:{i:0;s:10:\\\"2023-12-28\\\";i:1;i:6;i:2;i:4;i:3;i:20419;i:4;i:20419;i:5;i:73520330427162;i:6;i:96;i:7;i:42202894;i:8;s:22:\\\"CAZETTI DEBORA MARISOL\\\";i:9;s:4:\\\"1,00\\\";i:10;s:3:\\\"PES\\\";i:11;s:7:\\\"5767,56\\\";i:12;s:4:\\\"0,00\\\";i:13;s:4:\\\"0,00\\\";i:14;s:4:\\\"0,00\\\";i:15;s:7:\\\"1211,19\\\";i:16;s:7:\\\"6978,75\\\";}}i:347;O:29:\\\"Illuminate\\\\Support\\\\Collection\\\":1:{s:8:\\\"\\u0000*\\u0000items\\\";a:17:{i:0;s:10:\\\"2023-12-28\\\";i:1;i:6;i:2;i:4;i:3;i:20408;i:4;i:20408;i:5;i:73520330372453;i:6;i:86;i:7;i:20961416095;i:8;s:31:\\\"SIFONTES MARCANO ALAN ABEL JOSE\\\";i:9;s:4:\\\"1,00\\\";i:10;s:3:\\\"PES\\\";i:11;s:7:\\\"4132,23\\\";i:12;s:4:\\\"0,00\\\";i:13;s:4:\\\"0,00\\\";i:14;s:4:\\\"0,00\\\";i:15;s:6:\\\"867,77\\\";i:16;s:7:\\\"5000,00\\\";}}i:348;O:29:\\\"Illuminate\\\\Support\\\\Collection\\\":1:{s:8:\\\"\\u0000*\\u0000items\\\";a:17:{i:0;s:10:\\\"2023-12-28\\\";i:1;i:6;i:2;i:4;i:3;i:20413;i:4;i:20413;i:5;i:73520330372937;i:6;i:96;i:7;i:14925844;i:8;s:19:\\\"MILLAN SUSANA MABEL\\\";i:9;s:4:\\\"1,00\\\";i:10;s:3:\\\"PES\\\";i:11;s:7:\\\"4936,41\\\";i:12;s:4:\\\"0,00\\\";i:13;s:4:\\\"0,00\\\";i:14;s:4:\\\"0,00\\\";i:15;s:7:\\\"1036,65\\\";i:16;s:7:\\\"5973,06\\\";}}i:349;O:29:\\\"Illuminate\\\\Support\\\\Collection\\\":1:{s:8:\\\"\\u0000*\\u0000items\\\";a:17:{i:0;s:10:\\\"2023-12-28\\\";i:1;i:6;i:2;i:4;i:3;i:20414;i:4;i:20414;i:5;i:73520330372979;i:6;i:96;i:7;i:1;i:8;N;i:9;s:4:\\\"1,00\\\";i:10;s:3:\\\"PES\\\";i:11;s:5:\\\"99,17\\\";i:12;s:4:\\\"0,00\\\";i:13;s:4:\\\"0,00\\\";i:14;s:4:\\\"0,00\\\";i:15;s:5:\\\"20,83\\\";i:16;s:6:\\\"120,00\\\";}}i:350;O:29:\\\"Illuminate\\\\Support\\\\Collection\\\":1:{s:8:\\\"\\u0000*\\u0000items\\\";a:17:{i:0;s:10:\\\"2023-12-28\\\";i:1;i:6;i:2;i:4;i:3;i:20415;i:4;i:20415;i:5;i:73520330373014;i:6;i:96;i:7;i:27662965;i:8;s:24:\\\"FIGUEREDO SILVIO ORLANDO\\\";i:9;s:4:\\\"1,00\\\";i:10;s:3:\\\"PES\\\";i:11;s:7:\\\"5828,50\\\";i:12;s:4:\\\"0,00\\\";i:13;s:4:\\\"0,00\\\";i:14;s:4:\\\"0,00\\\";i:15;s:7:\\\"1223,99\\\";i:16;s:7:\\\"7052,49\\\";}}i:351;O:29:\\\"Illuminate\\\\Support\\\\Collection\\\":1:{s:8:\\\"\\u0000*\\u0000items\\\";a:17:{i:0;s:10:\\\"2023-12-28\\\";i:1;i:6;i:2;i:4;i:3;i:20416;i:4;i:20416;i:5;i:73520330373085;i:6;i:96;i:7;i:23186872;i:8;s:13:\\\"GALVAN SERGIO\\\";i:9;s:4:\\\"1,00\\\";i:10;s:3:\\\"PES\\\";i:11;s:7:\\\"5150,82\\\";i:12;s:4:\\\"0,00\\\";i:13;s:4:\\\"0,00\\\";i:14;s:4:\\\"0,00\\\";i:15;s:7:\\\"1081,67\\\";i:16;s:7:\\\"6232,49\\\";}}i:352;O:29:\\\"Illuminate\\\\Support\\\\Collection\\\":1:{s:8:\\\"\\u0000*\\u0000items\\\";a:17:{i:0;s:10:\\\"2023-12-28\\\";i:1;i:6;i:2;i:4;i:3;i:20227;i:4;i:20227;i:5;i:73520327535735;i:6;i:96;i:7;i:1;i:8;N;i:9;s:4:\\\"1,00\\\";i:10;s:3:\\\"PES\\\";i:11;s:6:\\\"115,91\\\";i:12;s:4:\\\"0,00\\\";i:13;s:4:\\\"0,00\\\";i:14;s:4:\\\"0,00\\\";i:15;s:5:\\\"24,34\\\";i:16;s:6:\\\"140,25\\\";}}i:353;O:29:\\\"Illuminate\\\\Support\\\\Collection\\\":1:{s:8:\\\"\\u0000*\\u0000items\\\";a:17:{i:0;s:10:\\\"2023-12-28\\\";i:1;i:6;i:2;i:4;i:3;i:20228;i:4;i:20228;i:5;i:73520327535866;i:6;i:96;i:7;i:12632011;i:8;s:24:\\\"RODRIGUEZ MARIA CRISTINA\\\";i:9;s:4:\\\"1,00\\\";i:10;s:3:\\\"PES\\\";i:11;s:7:\\\"2525,31\\\";i:12;s:4:\\\"0,00\\\";i:13;s:4:\\\"0,00\\\";i:14;s:4:\\\"0,00\\\";i:15;s:6:\\\"530,32\\\";i:16;s:7:\\\"3055,63\\\";}}i:354;O:29:\\\"Illuminate\\\\Support\\\\Collection\\\":1:{s:8:\\\"\\u0000*\\u0000items\\\";a:17:{i:0;s:10:\\\"2023-12-28\\\";i:1;i:6;i:2;i:4;i:3;i:20229;i:4;i:20229;i:5;i:73520327536032;i:6;i:96;i:7;i:94913778;i:8;s:27:\\\"GONZALEZ TORALES MARIA ROSA\\\";i:9;s:4:\\\"1,00\\\";i:10;s:3:\\\"PES\\\";i:11;s:7:\\\"4632,93\\\";i:12;s:4:\\\"0,00\\\";i:13;s:4:\\\"0,00\\\";i:14;s:4:\\\"0,00\\\";i:15;s:6:\\\"972,91\\\";i:16;s:7:\\\"5605,84\\\";}}i:355;O:29:\\\"Illuminate\\\\Support\\\\Collection\\\":1:{s:8:\\\"\\u0000*\\u0000items\\\";a:17:{i:0;s:10:\\\"2023-12-28\\\";i:1;i:6;i:2;i:4;i:3;i:20230;i:4;i:20230;i:5;i:73520327536118;i:6;i:96;i:7;i:44563803;i:8;s:13:\\\"KRITTIAN LARA\\\";i:9;s:4:\\\"1,00\\\";i:10;s:3:\\\"PES\\\";i:11;s:7:\\\"3172,57\\\";i:12;s:4:\\\"0,00\\\";i:13;s:4:\\\"0,00\\\";i:14;s:4:\\\"0,00\\\";i:15;s:6:\\\"666,24\\\";i:16;s:7:\\\"3838,81\\\";}}i:356;O:29:\\\"Illuminate\\\\Support\\\\Collection\\\":1:{s:8:\\\"\\u0000*\\u0000items\\\";a:17:{i:0;s:10:\\\"2023-12-28\\\";i:1;i:6;i:2;i:4;i:3;i:20231;i:4;i:20231;i:5;i:73520327536176;i:6;i:96;i:7;i:95195670;i:8;s:31:\\\"DE LA CRUZ MARTINEZ FIOR DALIZA\\\";i:9;s:4:\\\"1,00\\\";i:10;s:3:\\\"PES\\\";i:11;s:7:\\\"6256,03\\\";i:12;s:4:\\\"0,00\\\";i:13;s:4:\\\"0,00\\\";i:14;s:4:\\\"0,00\\\";i:15;s:7:\\\"1313,77\\\";i:16;s:7:\\\"7569,80\\\";}}i:357;O:29:\\\"Illuminate\\\\Support\\\\Collection\\\":1:{s:8:\\\"\\u0000*\\u0000items\\\";a:17:{i:0;s:10:\\\"2023-12-28\\\";i:1;i:6;i:2;i:4;i:3;i:20232;i:4;i:20232;i:5;i:73520327536223;i:6;i:96;i:7;i:35923249;i:8;s:30:\\\"HEREDIA VARGAS FEDERICO DANIEL\\\";i:9;s:4:\\\"1,00\\\";i:10;s:3:\\\"PES\\\";i:11;s:8:\\\"18167,63\\\";i:12;s:4:\\\"0,00\\\";i:13;s:4:\\\"0,00\\\";i:14;s:4:\\\"0,00\\\";i:15;s:7:\\\"3815,20\\\";i:16;s:8:\\\"21982,83\\\";}}i:358;O:29:\\\"Illuminate\\\\Support\\\\Collection\\\":1:{s:8:\\\"\\u0000*\\u0000items\\\";a:17:{i:0;s:10:\\\"2023-12-28\\\";i:1;i:6;i:2;i:4;i:3;i:20233;i:4;i:20233;i:5;i:73520327536281;i:6;i:96;i:7;i:1;i:8;N;i:9;s:4:\\\"1,00\\\";i:10;s:3:\\\"PES\\\";i:11;s:6:\\\"154,55\\\";i:12;s:4:\\\"0,00\\\";i:13;s:4:\\\"0,00\\\";i:14;s:4:\\\"0,00\\\";i:15;s:5:\\\"32,45\\\";i:16;s:6:\\\"187,00\\\";}}i:359;O:29:\\\"Illuminate\\\\Support\\\\Collection\\\":1:{s:8:\\\"\\u0000*\\u0000items\\\";a:17:{i:0;s:10:\\\"2023-12-28\\\";i:1;i:6;i:2;i:4;i:3;i:20234;i:4;i:20234;i:5;i:73520327536401;i:6;i:96;i:7;i:34873697;i:8;s:18:\\\"STIVALA JUAN PABLO\\\";i:9;s:4:\\\"1,00\\\";i:10;s:3:\\\"PES\\\";i:11;s:7:\\\"2229,20\\\";i:12;s:4:\\\"0,00\\\";i:13;s:4:\\\"0,00\\\";i:14;s:4:\\\"0,00\\\";i:15;s:6:\\\"468,13\\\";i:16;s:7:\\\"2697,33\\\";}}i:360;O:29:\\\"Illuminate\\\\Support\\\\Collection\\\":1:{s:8:\\\"\\u0000*\\u0000items\\\";a:17:{i:0;s:10:\\\"2023-12-28\\\";i:1;i:6;i:2;i:4;i:3;i:20417;i:4;i:20417;i:5;i:73520330427104;i:6;i:96;i:7;i:92625093;i:8;s:23:\\\"DIAZ LARENAS ROSA MARIA\\\";i:9;s:4:\\\"1,00\\\";i:10;s:3:\\\"PES\\\";i:11;s:8:\\\"10963,16\\\";i:12;s:4:\\\"0,00\\\";i:13;s:4:\\\"0,00\\\";i:14;s:4:\\\"0,00\\\";i:15;s:7:\\\"2302,26\\\";i:16;s:8:\\\"13265,42\\\";}}i:361;O:29:\\\"Illuminate\\\\Support\\\\Collection\\\":1:{s:8:\\\"\\u0000*\\u0000items\\\";a:17:{i:0;s:10:\\\"2023-12-28\\\";i:1;i:6;i:2;i:4;i:3;i:20418;i:4;i:20418;i:5;i:73520330427133;i:6;i:96;i:7;i:21387683;i:8;N;i:9;s:4:\\\"1,00\\\";i:10;s:3:\\\"PES\\\";i:11;s:7:\\\"5758,26\\\";i:12;s:4:\\\"0,00\\\";i:13;s:4:\\\"0,00\\\";i:14;s:4:\\\"0,00\\\";i:15;s:7:\\\"1209,23\\\";i:16;s:7:\\\"6967,49\\\";}}i:362;O:29:\\\"Illuminate\\\\Support\\\\Collection\\\":1:{s:8:\\\"\\u0000*\\u0000items\\\";a:17:{i:0;s:10:\\\"2023-12-28\\\";i:1;i:6;i:2;i:4;i:3;i:20420;i:4;i:20420;i:5;i:73520330427219;i:6;i:96;i:7;i:1;i:8;N;i:9;s:4:\\\"1,00\\\";i:10;s:3:\\\"PES\\\";i:11;s:5:\\\"99,17\\\";i:12;s:4:\\\"0,00\\\";i:13;s:4:\\\"0,00\\\";i:14;s:4:\\\"0,00\\\";i:15;s:5:\\\"20,83\\\";i:16;s:6:\\\"120,00\\\";}}i:363;O:29:\\\"Illuminate\\\\Support\\\\Collection\\\":1:{s:8:\\\"\\u0000*\\u0000items\\\";a:17:{i:0;s:10:\\\"2023-12-28\\\";i:1;i:6;i:2;i:4;i:3;i:20421;i:4;i:20421;i:5;i:73520330427277;i:6;i:96;i:7;i:38464380;i:8;s:15:\\\"BERARDI JULIETA\\\";i:9;s:4:\\\"1,00\\\";i:10;s:3:\\\"PES\\\";i:11;s:7:\\\"3072,97\\\";i:12;s:4:\\\"0,00\\\";i:13;s:4:\\\"0,00\\\";i:14;s:4:\\\"0,00\\\";i:15;s:6:\\\"645,32\\\";i:16;s:7:\\\"3718,30\\\";}}i:364;O:29:\\\"Illuminate\\\\Support\\\\Collection\\\":1:{s:8:\\\"\\u0000*\\u0000items\\\";a:17:{i:0;s:10:\\\"2023-12-28\\\";i:1;i:6;i:2;i:4;i:3;i:20422;i:4;i:20422;i:5;i:73520330427308;i:6;i:96;i:7;i:1;i:8;N;i:9;s:4:\\\"1,00\\\";i:10;s:3:\\\"PES\\\";i:11;s:5:\\\"77,27\\\";i:12;s:4:\\\"0,00\\\";i:13;s:4:\\\"0,00\\\";i:14;s:4:\\\"0,00\\\";i:15;s:5:\\\"16,23\\\";i:16;s:5:\\\"93,50\\\";}}i:365;O:29:\\\"Illuminate\\\\Support\\\\Collection\\\":1:{s:8:\\\"\\u0000*\\u0000items\\\";a:17:{i:0;s:10:\\\"2023-12-28\\\";i:1;i:6;i:2;i:4;i:3;i:20423;i:4;i:20423;i:5;i:73520330427340;i:6;i:96;i:7;i:96252066;i:8;s:25:\\\"ROMAN PENA HILLARY ANDREA\\\";i:9;s:4:\\\"1,00\\\";i:10;s:3:\\\"PES\\\";i:11;s:7:\\\"3334,60\\\";i:12;s:4:\\\"0,00\\\";i:13;s:4:\\\"0,00\\\";i:14;s:4:\\\"0,00\\\";i:15;s:6:\\\"700,27\\\";i:16;s:7:\\\"4034,87\\\";}}i:366;O:29:\\\"Illuminate\\\\Support\\\\Collection\\\":1:{s:8:\\\"\\u0000*\\u0000items\\\";a:17:{i:0;s:10:\\\"2023-12-28\\\";i:1;i:6;i:2;i:4;i:3;i:20424;i:4;i:20424;i:5;i:73520330427395;i:6;i:96;i:7;i:11425465;i:8;s:25:\\\"LA ROSA ROBERTO FRANCISCO\\\";i:9;s:4:\\\"1,00\\\";i:10;s:3:\\\"PES\\\";i:11;s:7:\\\"5530,98\\\";i:12;s:4:\\\"0,00\\\";i:13;s:4:\\\"0,00\\\";i:14;s:4:\\\"0,00\\\";i:15;s:7:\\\"1161,51\\\";i:16;s:7:\\\"6692,49\\\";}}i:367;O:29:\\\"Illuminate\\\\Support\\\\Collection\\\":1:{s:8:\\\"\\u0000*\\u0000items\\\";a:17:{i:0;s:10:\\\"2023-12-28\\\";i:1;i:6;i:2;i:4;i:3;i:20425;i:4;i:20425;i:5;i:73520330427413;i:6;i:96;i:7;i:24243841;i:8;s:23:\\\"MONTENEGRO ROSAURA NAIR\\\";i:9;s:4:\\\"1,00\\\";i:10;s:3:\\\"PES\\\";i:11;s:7:\\\"3353,55\\\";i:12;s:4:\\\"0,00\\\";i:13;s:4:\\\"0,00\\\";i:14;s:4:\\\"0,00\\\";i:15;s:6:\\\"704,24\\\";i:16;s:7:\\\"4057,79\\\";}}i:368;O:29:\\\"Illuminate\\\\Support\\\\Collection\\\":1:{s:8:\\\"\\u0000*\\u0000items\\\";a:17:{i:0;s:10:\\\"2023-12-28\\\";i:1;i:6;i:2;i:4;i:3;i:20429;i:4;i:20429;i:5;i:73520330427531;i:6;i:96;i:7;i:36573398;i:8;s:21:\\\"TEJERO JULIETA NATALI\\\";i:9;s:4:\\\"1,00\\\";i:10;s:3:\\\"PES\\\";i:11;s:7:\\\"7878,66\\\";i:12;s:4:\\\"0,00\\\";i:13;s:4:\\\"0,00\\\";i:14;s:4:\\\"0,00\\\";i:15;s:7:\\\"1654,52\\\";i:16;s:7:\\\"9533,18\\\";}}i:369;O:29:\\\"Illuminate\\\\Support\\\\Collection\\\":1:{s:8:\\\"\\u0000*\\u0000items\\\";a:17:{i:0;s:10:\\\"2023-12-28\\\";i:1;i:6;i:2;i:4;i:3;i:20426;i:4;i:20426;i:5;i:73520330427442;i:6;i:96;i:7;i:41437689;i:8;s:20:\\\"BECCARIA AILIN DAIRA\\\";i:9;s:4:\\\"1,00\\\";i:10;s:3:\\\"PES\\\";i:11;s:7:\\\"6295,06\\\";i:12;s:4:\\\"0,00\\\";i:13;s:4:\\\"0,00\\\";i:14;s:4:\\\"0,00\\\";i:15;s:7:\\\"1321,96\\\";i:16;s:7:\\\"7617,02\\\";}}i:370;O:29:\\\"Illuminate\\\\Support\\\\Collection\\\":1:{s:8:\\\"\\u0000*\\u0000items\\\";a:17:{i:0;s:10:\\\"2023-12-28\\\";i:1;i:6;i:2;i:4;i:3;i:20427;i:4;i:20427;i:5;i:73520330427471;i:6;i:96;i:7;i:48810117;i:8;s:15:\\\"ROLDAN ANA LUNA\\\";i:9;s:4:\\\"1,00\\\";i:10;s:3:\\\"PES\\\";i:11;s:7:\\\"3389,22\\\";i:12;s:4:\\\"0,00\\\";i:13;s:4:\\\"0,00\\\";i:14;s:4:\\\"0,00\\\";i:15;s:6:\\\"711,74\\\";i:16;s:7:\\\"4100,96\\\";}}i:371;O:29:\\\"Illuminate\\\\Support\\\\Collection\\\":1:{s:8:\\\"\\u0000*\\u0000items\\\";a:17:{i:0;s:10:\\\"2023-12-28\\\";i:1;i:6;i:2;i:4;i:3;i:20428;i:4;i:20428;i:5;i:73520330427497;i:6;i:96;i:7;i:43199223;i:8;s:19:\\\"MORENO KAREN CAMILA\\\";i:9;s:4:\\\"1,00\\\";i:10;s:3:\\\"PES\\\";i:11;s:6:\\\"995,97\\\";i:12;s:4:\\\"0,00\\\";i:13;s:4:\\\"0,00\\\";i:14;s:4:\\\"0,00\\\";i:15;s:6:\\\"209,15\\\";i:16;s:7:\\\"1205,13\\\";}}i:372;O:29:\\\"Illuminate\\\\Support\\\\Collection\\\":1:{s:8:\\\"\\u0000*\\u0000items\\\";a:17:{i:0;s:10:\\\"2023-12-28\\\";i:1;i:6;i:2;i:4;i:3;i:20430;i:4;i:20430;i:5;i:73520330427617;i:6;i:96;i:7;i:1;i:8;N;i:9;s:4:\\\"1,00\\\";i:10;s:3:\\\"PES\\\";i:11;s:5:\\\"77,27\\\";i:12;s:4:\\\"0,00\\\";i:13;s:4:\\\"0,00\\\";i:14;s:4:\\\"0,00\\\";i:15;s:5:\\\"16,23\\\";i:16;s:5:\\\"93,50\\\";}}i:373;O:29:\\\"Illuminate\\\\Support\\\\Collection\\\":1:{s:8:\\\"\\u0000*\\u0000items\\\";a:17:{i:0;s:10:\\\"2023-12-28\\\";i:1;i:6;i:2;i:4;i:3;i:20431;i:4;i:20431;i:5;i:73520330427688;i:6;i:96;i:7;i:26882144;i:8;s:17:\\\"ADAN JORGE HERNAN\\\";i:9;s:4:\\\"1,00\\\";i:10;s:3:\\\"PES\\\";i:11;s:7:\\\"4959,80\\\";i:12;s:4:\\\"0,00\\\";i:13;s:4:\\\"0,00\\\";i:14;s:4:\\\"0,00\\\";i:15;s:7:\\\"1041,56\\\";i:16;s:7:\\\"6001,36\\\";}}i:374;O:29:\\\"Illuminate\\\\Support\\\\Collection\\\":1:{s:8:\\\"\\u0000*\\u0000items\\\";a:17:{i:0;s:10:\\\"2023-12-28\\\";i:1;i:6;i:2;i:4;i:3;i:20432;i:4;i:20432;i:5;i:73520330427748;i:6;i:96;i:7;i:31148968;i:8;s:15:\\\"PASUTTI ORNELLA\\\";i:9;s:4:\\\"1,00\\\";i:10;s:3:\\\"PES\\\";i:11;s:7:\\\"5522,19\\\";i:12;s:4:\\\"0,00\\\";i:13;s:4:\\\"0,00\\\";i:14;s:4:\\\"0,00\\\";i:15;s:7:\\\"1159,66\\\";i:16;s:7:\\\"6681,85\\\";}}i:375;O:29:\\\"Illuminate\\\\Support\\\\Collection\\\":1:{s:8:\\\"\\u0000*\\u0000items\\\";a:17:{i:0;s:10:\\\"2023-12-28\\\";i:1;i:6;i:2;i:4;i:3;i:20436;i:4;i:20436;i:5;i:73520330427968;i:6;i:96;i:7;i:28566398;i:8;s:25:\\\"GONZALEZ DANIELA VERONICA\\\";i:9;s:4:\\\"1,00\\\";i:10;s:3:\\\"PES\\\";i:11;s:7:\\\"5522,19\\\";i:12;s:4:\\\"0,00\\\";i:13;s:4:\\\"0,00\\\";i:14;s:4:\\\"0,00\\\";i:15;s:7:\\\"1159,66\\\";i:16;s:7:\\\"6681,85\\\";}}i:376;O:29:\\\"Illuminate\\\\Support\\\\Collection\\\":1:{s:8:\\\"\\u0000*\\u0000items\\\";a:17:{i:0;s:10:\\\"2023-12-28\\\";i:1;i:6;i:2;i:4;i:3;i:20433;i:4;i:20433;i:5;i:73520330427780;i:6;i:86;i:7;i:27422068134;i:8;s:19:\\\"UZIN LIBIA GRAZIANA\\\";i:9;s:4:\\\"1,00\\\";i:10;s:3:\\\"PES\\\";i:11;s:8:\\\"23115,70\\\";i:12;s:4:\\\"0,00\\\";i:13;s:4:\\\"0,00\\\";i:14;s:4:\\\"0,00\\\";i:15;s:7:\\\"4854,30\\\";i:16;s:8:\\\"27970,00\\\";}}i:377;O:29:\\\"Illuminate\\\\Support\\\\Collection\\\":1:{s:8:\\\"\\u0000*\\u0000items\\\";a:17:{i:0;s:10:\\\"2023-12-28\\\";i:1;i:6;i:2;i:4;i:3;i:20434;i:4;i:20434;i:5;i:73520330427824;i:6;i:96;i:7;i:23786012;i:8;s:19:\\\"SOTELO JOSE ALFREDO\\\";i:9;s:4:\\\"1,00\\\";i:10;s:3:\\\"PES\\\";i:11;s:8:\\\"11342,88\\\";i:12;s:4:\\\"0,00\\\";i:13;s:4:\\\"0,00\\\";i:14;s:4:\\\"0,00\\\";i:15;s:7:\\\"2382,01\\\";i:16;s:8:\\\"13724,89\\\";}}i:378;O:29:\\\"Illuminate\\\\Support\\\\Collection\\\":1:{s:8:\\\"\\u0000*\\u0000items\\\";a:17:{i:0;s:10:\\\"2023-12-28\\\";i:1;i:6;i:2;i:4;i:3;i:20435;i:4;i:20435;i:5;i:73520330427895;i:6;i:96;i:7;i:28671625;i:8;s:21:\\\"CASARICO MELINA ERICA\\\";i:9;s:4:\\\"1,00\\\";i:10;s:3:\\\"PES\\\";i:11;s:7:\\\"3416,11\\\";i:12;s:4:\\\"0,00\\\";i:13;s:4:\\\"0,00\\\";i:14;s:4:\\\"0,00\\\";i:15;s:6:\\\"717,38\\\";i:16;s:7:\\\"4133,49\\\";}}i:379;O:29:\\\"Illuminate\\\\Support\\\\Collection\\\":1:{s:8:\\\"\\u0000*\\u0000items\\\";a:17:{i:0;s:10:\\\"2023-12-28\\\";i:1;i:6;i:2;i:4;i:3;i:20437;i:4;i:20437;i:5;i:73520330428058;i:6;i:80;i:7;i:27355026499;i:8;s:26:\\\"RUIZ FRANCES BRENDA YAMILA\\\";i:9;s:4:\\\"1,00\\\";i:10;s:3:\\\"PES\\\";i:11;s:8:\\\"28871,90\\\";i:12;s:4:\\\"0,00\\\";i:13;s:4:\\\"0,00\\\";i:14;s:4:\\\"0,00\\\";i:15;s:7:\\\"6063,10\\\";i:16;s:8:\\\"34935,00\\\";}}i:380;O:29:\\\"Illuminate\\\\Support\\\\Collection\\\":1:{s:8:\\\"\\u0000*\\u0000items\\\";a:17:{i:0;s:10:\\\"2023-12-28\\\";i:1;i:6;i:2;i:4;i:3;i:20270;i:4;i:20270;i:5;i:73520327762756;i:6;i:96;i:7;i:29364409;i:8;s:25:\\\"EYZAGUIRRE OMAR ALEJANDRO\\\";i:9;s:4:\\\"1,00\\\";i:10;s:3:\\\"PES\\\";i:11;s:7:\\\"7228,33\\\";i:12;s:4:\\\"0,00\\\";i:13;s:4:\\\"0,00\\\";i:14;s:4:\\\"0,00\\\";i:15;s:7:\\\"1517,95\\\";i:16;s:7:\\\"8746,28\\\";}}i:381;O:29:\\\"Illuminate\\\\Support\\\\Collection\\\":1:{s:8:\\\"\\u0000*\\u0000items\\\";a:17:{i:0;s:10:\\\"2023-12-28\\\";i:1;i:6;i:2;i:4;i:3;i:20438;i:4;i:20438;i:5;i:73520330428134;i:6;i:96;i:7;i:92793245;i:8;s:32:\\\"MIGUELES MAGNA RICARDO ALEJANDRO\\\";i:9;s:4:\\\"1,00\\\";i:10;s:3:\\\"PES\\\";i:11;s:7:\\\"2021,11\\\";i:12;s:4:\\\"0,00\\\";i:13;s:4:\\\"0,00\\\";i:14;s:4:\\\"0,00\\\";i:15;s:6:\\\"424,43\\\";i:16;s:7:\\\"2445,54\\\";}}i:382;O:29:\\\"Illuminate\\\\Support\\\\Collection\\\":1:{s:8:\\\"\\u0000*\\u0000items\\\";a:17:{i:0;s:10:\\\"2023-12-28\\\";i:1;i:6;i:2;i:4;i:3;i:20156;i:4;i:20156;i:5;i:73520255578666;i:6;i:96;i:7;i:1;i:8;N;i:9;s:4:\\\"1,00\\\";i:10;s:3:\\\"PES\\\";i:11;s:6:\\\"231,40\\\";i:12;s:4:\\\"0,00\\\";i:13;s:4:\\\"0,00\\\";i:14;s:4:\\\"0,00\\\";i:15;s:5:\\\"48,60\\\";i:16;s:6:\\\"280,00\\\";}}i:383;O:29:\\\"Illuminate\\\\Support\\\\Collection\\\":1:{s:8:\\\"\\u0000*\\u0000items\\\";a:17:{i:0;s:10:\\\"2023-12-28\\\";i:1;i:6;i:2;i:4;i:3;i:20157;i:4;i:20157;i:5;i:73520255578797;i:6;i:96;i:7;i:25983781;i:8;N;i:9;s:4:\\\"1,00\\\";i:10;s:3:\\\"PES\\\";i:11;s:7:\\\"8663,99\\\";i:12;s:4:\\\"0,00\\\";i:13;s:4:\\\"0,00\\\";i:14;s:4:\\\"0,00\\\";i:15;s:7:\\\"1819,44\\\";i:16;s:8:\\\"10483,43\\\";}}i:384;O:29:\\\"Illuminate\\\\Support\\\\Collection\\\":1:{s:8:\\\"\\u0000*\\u0000items\\\";a:17:{i:0;s:10:\\\"2023-12-28\\\";i:1;i:6;i:2;i:4;i:3;i:20158;i:4;i:20158;i:5;i:73520255578899;i:6;i:96;i:7;i:32048818;i:8;s:19:\\\"OLMEDO SARA BEATRIZ\\\";i:9;s:4:\\\"1,00\\\";i:10;s:3:\\\"PES\\\";i:11;s:7:\\\"9333,56\\\";i:12;s:4:\\\"0,00\\\";i:13;s:4:\\\"0,00\\\";i:14;s:4:\\\"0,00\\\";i:15;s:7:\\\"1960,05\\\";i:16;s:8:\\\"11293,61\\\";}}i:385;O:29:\\\"Illuminate\\\\Support\\\\Collection\\\":1:{s:8:\\\"\\u0000*\\u0000items\\\";a:17:{i:0;s:10:\\\"2023-12-28\\\";i:1;i:6;i:2;i:4;i:3;i:20159;i:4;i:20159;i:5;i:73520255579010;i:6;i:96;i:7;i:1;i:8;N;i:9;s:4:\\\"1,00\\\";i:10;s:3:\\\"PES\\\";i:11;s:6:\\\"169,42\\\";i:12;s:4:\\\"0,00\\\";i:13;s:4:\\\"0,00\\\";i:14;s:4:\\\"0,00\\\";i:15;s:5:\\\"35,58\\\";i:16;s:6:\\\"205,00\\\";}}i:386;O:29:\\\"Illuminate\\\\Support\\\\Collection\\\":1:{s:8:\\\"\\u0000*\\u0000items\\\";a:17:{i:0;s:10:\\\"2023-12-28\\\";i:1;i:6;i:2;i:4;i:3;i:20160;i:4;i:20160;i:5;i:73520255579138;i:6;i:96;i:7;i:29262295;i:8;s:28:\\\"COLUCCI JUAN FRANCO ATALIVAR\\\";i:9;s:4:\\\"1,00\\\";i:10;s:3:\\\"PES\\\";i:11;s:7:\\\"4848,59\\\";i:12;s:4:\\\"0,00\\\";i:13;s:4:\\\"0,00\\\";i:14;s:4:\\\"0,00\\\";i:15;s:7:\\\"1018,20\\\";i:16;s:7:\\\"5866,79\\\";}}i:387;O:29:\\\"Illuminate\\\\Support\\\\Collection\\\":1:{s:8:\\\"\\u0000*\\u0000items\\\";a:17:{i:0;s:10:\\\"2023-12-28\\\";i:1;i:6;i:2;i:4;i:3;i:20161;i:4;i:20161;i:5;i:73520255579303;i:6;i:96;i:7;i:23263612;i:8;s:18:\\\"LEDESMA NORMA ROSA\\\";i:9;s:4:\\\"1,00\\\";i:10;s:3:\\\"PES\\\";i:11;s:7:\\\"8860,76\\\";i:12;s:4:\\\"0,00\\\";i:13;s:4:\\\"0,00\\\";i:14;s:4:\\\"0,00\\\";i:15;s:7:\\\"1860,76\\\";i:16;s:8:\\\"10721,52\\\";}}i:388;O:29:\\\"Illuminate\\\\Support\\\\Collection\\\":1:{s:8:\\\"\\u0000*\\u0000items\\\";a:17:{i:0;s:10:\\\"2023-12-28\\\";i:1;i:6;i:2;i:4;i:3;i:20162;i:4;i:20162;i:5;i:73520255579387;i:6;i:96;i:7;i:26783467;i:8;s:18:\\\"ASTORGA ANA MARIA \\\";i:9;s:4:\\\"1,00\\\";i:10;s:3:\\\"PES\\\";i:11;s:7:\\\"6845,37\\\";i:12;s:4:\\\"0,00\\\";i:13;s:4:\\\"0,00\\\";i:14;s:4:\\\"0,00\\\";i:15;s:7:\\\"1437,53\\\";i:16;s:7:\\\"8282,90\\\";}}i:389;O:29:\\\"Illuminate\\\\Support\\\\Collection\\\":1:{s:8:\\\"\\u0000*\\u0000items\\\";a:17:{i:0;s:10:\\\"2023-12-28\\\";i:1;i:6;i:2;i:4;i:3;i:20163;i:4;i:20163;i:5;i:73520255579552;i:6;i:96;i:7;i:41270169;i:8;s:21:\\\"MOLINA LAILA TRINIDAD\\\";i:9;s:4:\\\"1,00\\\";i:10;s:3:\\\"PES\\\";i:11;s:7:\\\"9581,50\\\";i:12;s:4:\\\"0,00\\\";i:13;s:4:\\\"0,00\\\";i:14;s:4:\\\"0,00\\\";i:15;s:7:\\\"2012,11\\\";i:16;s:8:\\\"11593,61\\\";}}i:390;O:29:\\\"Illuminate\\\\Support\\\\Collection\\\":1:{s:8:\\\"\\u0000*\\u0000items\\\";a:17:{i:0;s:10:\\\"2023-12-28\\\";i:1;i:6;i:2;i:4;i:3;i:20164;i:4;i:20164;i:5;i:73520255579609;i:6;i:96;i:7;i:1;i:8;N;i:9;s:4:\\\"1,00\\\";i:10;s:3:\\\"PES\\\";i:11;s:6:\\\"154,55\\\";i:12;s:4:\\\"0,00\\\";i:13;s:4:\\\"0,00\\\";i:14;s:4:\\\"0,00\\\";i:15;s:5:\\\"32,45\\\";i:16;s:6:\\\"187,00\\\";}}i:391;O:29:\\\"Illuminate\\\\Support\\\\Collection\\\":1:{s:8:\\\"\\u0000*\\u0000items\\\";a:17:{i:0;s:10:\\\"2023-12-28\\\";i:1;i:6;i:2;i:4;i:3;i:20165;i:4;i:20165;i:5;i:73520255579714;i:6;i:96;i:7;i:29654486;i:8;s:23:\\\"DA RUOS CAROLINA DENISE\\\";i:9;s:4:\\\"1,00\\\";i:10;s:3:\\\"PES\\\";i:11;s:7:\\\"5205,88\\\";i:12;s:4:\\\"0,00\\\";i:13;s:4:\\\"0,00\\\";i:14;s:4:\\\"0,00\\\";i:15;s:7:\\\"1093,23\\\";i:16;s:7:\\\"6299,11\\\";}}i:392;O:29:\\\"Illuminate\\\\Support\\\\Collection\\\":1:{s:8:\\\"\\u0000*\\u0000items\\\";a:17:{i:0;s:10:\\\"2023-12-28\\\";i:1;i:6;i:2;i:4;i:3;i:20166;i:4;i:20166;i:5;i:73520255579772;i:6;i:96;i:7;i:1;i:8;N;i:9;s:4:\\\"1,00\\\";i:10;s:3:\\\"PES\\\";i:11;s:6:\\\"413,22\\\";i:12;s:4:\\\"0,00\\\";i:13;s:4:\\\"0,00\\\";i:14;s:4:\\\"0,00\\\";i:15;s:5:\\\"86,78\\\";i:16;s:6:\\\"500,00\\\";}}i:393;O:29:\\\"Illuminate\\\\Support\\\\Collection\\\":1:{s:8:\\\"\\u0000*\\u0000items\\\";a:17:{i:0;s:10:\\\"2023-12-28\\\";i:1;i:6;i:2;i:4;i:3;i:20167;i:4;i:20167;i:5;i:73520255579874;i:6;i:96;i:7;i:24136818;i:8;s:19:\\\"RIOS ANALIA SOLANGE\\\";i:9;s:4:\\\"1,00\\\";i:10;s:3:\\\"PES\\\";i:11;s:7:\\\"5229,68\\\";i:12;s:4:\\\"0,00\\\";i:13;s:4:\\\"0,00\\\";i:14;s:4:\\\"0,00\\\";i:15;s:7:\\\"1098,23\\\";i:16;s:7:\\\"6327,91\\\";}}i:394;O:29:\\\"Illuminate\\\\Support\\\\Collection\\\":1:{s:8:\\\"\\u0000*\\u0000items\\\";a:17:{i:0;s:10:\\\"2023-12-28\\\";i:1;i:6;i:2;i:4;i:3;i:20168;i:4;i:20168;i:5;i:73520255579950;i:6;i:96;i:7;i:37661297;i:8;s:22:\\\"ORTEGA MILTON EZEQUIEL\\\";i:9;s:4:\\\"1,00\\\";i:10;s:3:\\\"PES\\\";i:11;s:7:\\\"5200,59\\\";i:12;s:4:\\\"0,00\\\";i:13;s:4:\\\"0,00\\\";i:14;s:4:\\\"0,00\\\";i:15;s:7:\\\"1092,12\\\";i:16;s:7:\\\"6292,71\\\";}}i:395;O:29:\\\"Illuminate\\\\Support\\\\Collection\\\":1:{s:8:\\\"\\u0000*\\u0000items\\\";a:17:{i:0;s:10:\\\"2023-12-28\\\";i:1;i:6;i:2;i:4;i:3;i:20235;i:4;i:20235;i:5;i:73520327614633;i:6;i:96;i:7;i:1;i:8;N;i:9;s:4:\\\"1,00\\\";i:10;s:3:\\\"PES\\\";i:11;s:6:\\\"347,73\\\";i:12;s:4:\\\"0,00\\\";i:13;s:4:\\\"0,00\\\";i:14;s:4:\\\"0,00\\\";i:15;s:5:\\\"73,02\\\";i:16;s:6:\\\"420,75\\\";}}i:396;O:29:\\\"Illuminate\\\\Support\\\\Collection\\\":1:{s:8:\\\"\\u0000*\\u0000items\\\";a:17:{i:0;s:10:\\\"2023-12-28\\\";i:1;i:6;i:2;i:4;i:3;i:20236;i:4;i:20236;i:5;i:73520327614764;i:6;i:96;i:7;i:17906966;i:8;s:21:\\\"FLORES HERNAN GONZALO\\\";i:9;s:4:\\\"1,00\\\";i:10;s:3:\\\"PES\\\";i:11;s:7:\\\"3638,07\\\";i:12;s:4:\\\"0,00\\\";i:13;s:4:\\\"0,00\\\";i:14;s:4:\\\"0,00\\\";i:15;s:6:\\\"764,00\\\";i:16;s:7:\\\"4402,07\\\";}}i:397;O:29:\\\"Illuminate\\\\Support\\\\Collection\\\":1:{s:8:\\\"\\u0000*\\u0000items\\\";a:17:{i:0;s:10:\\\"2023-12-28\\\";i:1;i:6;i:2;i:4;i:3;i:20237;i:4;i:20237;i:5;i:73520327614837;i:6;i:96;i:7;i:1;i:8;N;i:9;s:4:\\\"1,00\\\";i:10;s:3:\\\"PES\\\";i:11;s:6:\\\"772,72\\\";i:12;s:4:\\\"0,00\\\";i:13;s:4:\\\"0,00\\\";i:14;s:4:\\\"0,00\\\";i:15;s:6:\\\"162,27\\\";i:16;s:6:\\\"934,99\\\";}}i:398;O:29:\\\"Illuminate\\\\Support\\\\Collection\\\":1:{s:8:\\\"\\u0000*\\u0000items\\\";a:17:{i:0;s:10:\\\"2023-12-28\\\";i:1;i:6;i:2;i:4;i:3;i:20238;i:4;i:20238;i:5;i:73520327614900;i:6;i:96;i:7;i:38528630;i:8;s:22:\\\"SCATURRO EVELYN MARIA \\\";i:9;s:4:\\\"1,00\\\";i:10;s:3:\\\"PES\\\";i:11;s:8:\\\"10954,82\\\";i:12;s:4:\\\"0,00\\\";i:13;s:4:\\\"0,00\\\";i:14;s:4:\\\"0,00\\\";i:15;s:7:\\\"2300,51\\\";i:16;s:8:\\\"13255,33\\\";}}i:399;O:29:\\\"Illuminate\\\\Support\\\\Collection\\\":1:{s:8:\\\"\\u0000*\\u0000items\\\";a:17:{i:0;s:10:\\\"2023-12-28\\\";i:1;i:6;i:2;i:4;i:3;i:20239;i:4;i:20239;i:5;i:73520327614984;i:6;i:96;i:7;i:28951544;i:8;s:17:\\\"GODOY ENZO HERNAN\\\";i:9;s:4:\\\"1,00\\\";i:10;s:3:\\\"PES\\\";i:11;s:7:\\\"7342,74\\\";i:12;s:4:\\\"0,00\\\";i:13;s:4:\\\"0,00\\\";i:14;s:4:\\\"0,00\\\";i:15;s:7:\\\"1541,98\\\";i:16;s:7:\\\"8884,72\\\";}}i:400;O:29:\\\"Illuminate\\\\Support\\\\Collection\\\":1:{s:8:\\\"\\u0000*\\u0000items\\\";a:17:{i:0;s:10:\\\"2023-12-28\\\";i:1;i:6;i:2;i:4;i:3;i:20240;i:4;i:20240;i:5;i:73520327615061;i:6;i:96;i:7;i:1;i:8;N;i:9;s:4:\\\"1,00\\\";i:10;s:3:\\\"PES\\\";i:11;s:6:\\\"115,91\\\";i:12;s:4:\\\"0,00\\\";i:13;s:4:\\\"0,00\\\";i:14;s:4:\\\"0,00\\\";i:15;s:5:\\\"24,34\\\";i:16;s:6:\\\"140,25\\\";}}i:401;O:29:\\\"Illuminate\\\\Support\\\\Collection\\\":1:{s:8:\\\"\\u0000*\\u0000items\\\";a:17:{i:0;s:10:\\\"2023-12-28\\\";i:1;i:6;i:2;i:4;i:3;i:20241;i:4;i:20241;i:5;i:73520327615134;i:6;i:96;i:7;i:29673043;i:8;s:20:\\\"REINA ELISABET NOEMI\\\";i:9;s:4:\\\"1,00\\\";i:10;s:3:\\\"PES\\\";i:11;s:7:\\\"5661,55\\\";i:12;s:4:\\\"0,00\\\";i:13;s:4:\\\"0,00\\\";i:14;s:4:\\\"0,00\\\";i:15;s:7:\\\"1188,93\\\";i:16;s:7:\\\"6850,48\\\";}}i:402;O:29:\\\"Illuminate\\\\Support\\\\Collection\\\":1:{s:8:\\\"\\u0000*\\u0000items\\\";a:17:{i:0;s:10:\\\"2023-12-28\\\";i:1;i:6;i:2;i:4;i:3;i:20242;i:4;i:20242;i:5;i:73520327615265;i:6;i:96;i:7;i:30879147;i:8;s:37:\\\"PANNUCIO PERATO DEVORA FELICIA VANESA\\\";i:9;s:4:\\\"1,00\\\";i:10;s:3:\\\"PES\\\";i:11;s:7:\\\"7116,97\\\";i:12;s:4:\\\"0,00\\\";i:13;s:4:\\\"0,00\\\";i:14;s:4:\\\"0,00\\\";i:15;s:7:\\\"1494,56\\\";i:16;s:7:\\\"8611,53\\\";}}i:403;O:29:\\\"Illuminate\\\\Support\\\\Collection\\\":1:{s:8:\\\"\\u0000*\\u0000items\\\";a:17:{i:0;s:10:\\\"2023-12-28\\\";i:1;i:6;i:2;i:4;i:3;i:20243;i:4;i:20243;i:5;i:73520327615338;i:6;i:96;i:7;i:1;i:8;N;i:9;s:4:\\\"1,00\\\";i:10;s:3:\\\"PES\\\";i:11;s:6:\\\"154,55\\\";i:12;s:4:\\\"0,00\\\";i:13;s:4:\\\"0,00\\\";i:14;s:4:\\\"0,00\\\";i:15;s:5:\\\"32,45\\\";i:16;s:6:\\\"187,00\\\";}}i:404;O:29:\\\"Illuminate\\\\Support\\\\Collection\\\":1:{s:8:\\\"\\u0000*\\u0000items\\\";a:17:{i:0;s:10:\\\"2023-12-28\\\";i:1;i:6;i:2;i:4;i:3;i:20244;i:4;i:20244;i:5;i:73520327615401;i:6;i:96;i:7;i:1;i:8;N;i:9;s:4:\\\"1,00\\\";i:10;s:3:\\\"PES\\\";i:11;s:6:\\\"169,42\\\";i:12;s:4:\\\"0,00\\\";i:13;s:4:\\\"0,00\\\";i:14;s:4:\\\"0,00\\\";i:15;s:5:\\\"35,58\\\";i:16;s:6:\\\"205,00\\\";}}i:405;O:29:\\\"Illuminate\\\\Support\\\\Collection\\\":1:{s:8:\\\"\\u0000*\\u0000items\\\";a:17:{i:0;s:10:\\\"2023-12-28\\\";i:1;i:6;i:2;i:4;i:3;i:20245;i:4;i:20245;i:5;i:73520327615443;i:6;i:96;i:7;i:95285565;i:8;s:16:\\\"BENDADDA HANANE \\\";i:9;s:4:\\\"1,00\\\";i:10;s:3:\\\"PES\\\";i:11;s:7:\\\"3074,96\\\";i:12;s:4:\\\"0,00\\\";i:13;s:4:\\\"0,00\\\";i:14;s:4:\\\"0,00\\\";i:15;s:6:\\\"645,74\\\";i:16;s:7:\\\"3720,70\\\";}}i:406;O:29:\\\"Illuminate\\\\Support\\\\Collection\\\":1:{s:8:\\\"\\u0000*\\u0000items\\\";a:17:{i:0;s:10:\\\"2023-12-28\\\";i:1;i:6;i:2;i:4;i:3;i:20246;i:4;i:20246;i:5;i:73520327615529;i:6;i:96;i:7;i:11424005;i:8;s:26:\\\"BALLESTER ALBERTO FAUSTINO\\\";i:9;s:4:\\\"1,00\\\";i:10;s:3:\\\"PES\\\";i:11;s:7:\\\"1932,69\\\";i:12;s:4:\\\"0,00\\\";i:13;s:4:\\\"0,00\\\";i:14;s:4:\\\"0,00\\\";i:15;s:6:\\\"405,87\\\";i:16;s:7:\\\"2338,56\\\";}}i:407;O:29:\\\"Illuminate\\\\Support\\\\Collection\\\":1:{s:8:\\\"\\u0000*\\u0000items\\\";a:17:{i:0;s:10:\\\"2023-12-28\\\";i:1;i:6;i:2;i:4;i:3;i:20247;i:4;i:20247;i:5;i:73520327615558;i:6;i:96;i:7;i:1;i:8;N;i:9;s:4:\\\"1,00\\\";i:10;s:3:\\\"PES\\\";i:11;s:6:\\\"244,63\\\";i:12;s:4:\\\"0,00\\\";i:13;s:4:\\\"0,00\\\";i:14;s:4:\\\"0,00\\\";i:15;s:5:\\\"51,37\\\";i:16;s:6:\\\"296,00\\\";}}i:408;O:29:\\\"Illuminate\\\\Support\\\\Collection\\\":1:{s:8:\\\"\\u0000*\\u0000items\\\";a:17:{i:0;s:10:\\\"2023-12-28\\\";i:1;i:6;i:2;i:4;i:3;i:19958;i:4;i:19958;i:5;i:73520211157112;i:6;i:96;i:7;i:1;i:8;N;i:9;s:4:\\\"1,00\\\";i:10;s:3:\\\"PES\\\";i:11;s:6:\\\"413,22\\\";i:12;s:4:\\\"0,00\\\";i:13;s:4:\\\"0,00\\\";i:14;s:4:\\\"0,00\\\";i:15;s:5:\\\"86,78\\\";i:16;s:6:\\\"500,00\\\";}}i:409;O:29:\\\"Illuminate\\\\Support\\\\Collection\\\":1:{s:8:\\\"\\u0000*\\u0000items\\\";a:17:{i:0;s:10:\\\"2023-12-28\\\";i:1;i:6;i:2;i:4;i:3;i:19959;i:4;i:19959;i:5;i:73520211157230;i:6;i:96;i:7;i:93965352;i:8;s:22:\\\"CA\\u00d1ETE CANDIA CECILIA\\\";i:9;s:4:\\\"1,00\\\";i:10;s:3:\\\"PES\\\";i:11;s:7:\\\"4953,75\\\";i:12;s:4:\\\"0,00\\\";i:13;s:4:\\\"0,00\\\";i:14;s:4:\\\"0,00\\\";i:15;s:7:\\\"1040,29\\\";i:16;s:7:\\\"5994,04\\\";}}i:410;O:29:\\\"Illuminate\\\\Support\\\\Collection\\\":1:{s:8:\\\"\\u0000*\\u0000items\\\";a:17:{i:0;s:10:\\\"2023-12-28\\\";i:1;i:6;i:2;i:4;i:3;i:19960;i:4;i:19960;i:5;i:73520211157549;i:6;i:96;i:7;i:1;i:8;N;i:9;s:4:\\\"1,00\\\";i:10;s:3:\\\"PES\\\";i:11;s:6:\\\"115,91\\\";i:12;s:4:\\\"0,00\\\";i:13;s:4:\\\"0,00\\\";i:14;s:4:\\\"0,00\\\";i:15;s:5:\\\"24,34\\\";i:16;s:6:\\\"140,25\\\";}}i:411;O:29:\\\"Illuminate\\\\Support\\\\Collection\\\":1:{s:8:\\\"\\u0000*\\u0000items\\\";a:17:{i:0;s:10:\\\"2023-12-28\\\";i:1;i:6;i:2;i:4;i:3;i:19961;i:4;i:19961;i:5;i:73520211157832;i:6;i:96;i:7;i:18550684;i:8;s:22:\\\"TOGNOLINI MARIA ANDREA\\\";i:9;s:4:\\\"1,00\\\";i:10;s:3:\\\"PES\\\";i:11;s:7:\\\"2407,73\\\";i:12;s:4:\\\"0,00\\\";i:13;s:4:\\\"0,00\\\";i:14;s:4:\\\"0,00\\\";i:15;s:6:\\\"505,62\\\";i:16;s:7:\\\"2913,35\\\";}}i:412;O:29:\\\"Illuminate\\\\Support\\\\Collection\\\":1:{s:8:\\\"\\u0000*\\u0000items\\\";a:17:{i:0;s:10:\\\"2023-12-28\\\";i:1;i:6;i:2;i:4;i:3;i:19962;i:4;i:19962;i:5;i:73520211158095;i:6;i:96;i:7;i:22132715;i:8;N;i:9;s:4:\\\"1,00\\\";i:10;s:3:\\\"PES\\\";i:11;s:7:\\\"6342,33\\\";i:12;s:4:\\\"0,00\\\";i:13;s:4:\\\"0,00\\\";i:14;s:4:\\\"0,00\\\";i:15;s:7:\\\"1331,89\\\";i:16;s:7:\\\"7674,22\\\";}}i:413;O:29:\\\"Illuminate\\\\Support\\\\Collection\\\":1:{s:8:\\\"\\u0000*\\u0000items\\\";a:17:{i:0;s:10:\\\"2023-12-28\\\";i:1;i:6;i:2;i:4;i:3;i:19963;i:4;i:19963;i:5;i:73520211158317;i:6;i:96;i:7;i:33709388;i:8;s:28:\\\"SANGUINETTI MICAELA PRISCILA\\\";i:9;s:4:\\\"1,00\\\";i:10;s:3:\\\"PES\\\";i:11;s:7:\\\"5392,55\\\";i:12;s:4:\\\"0,00\\\";i:13;s:4:\\\"0,00\\\";i:14;s:4:\\\"0,00\\\";i:15;s:7:\\\"1132,44\\\";i:16;s:7:\\\"6524,99\\\";}}i:414;O:29:\\\"Illuminate\\\\Support\\\\Collection\\\":1:{s:8:\\\"\\u0000*\\u0000items\\\";a:17:{i:0;s:10:\\\"2023-12-28\\\";i:1;i:6;i:2;i:4;i:3;i:19964;i:4;i:19964;i:5;i:73520211158511;i:6;i:86;i:7;i:27035458668;i:8;s:22:\\\"VESPA MARIA DEL CARMEN\\\";i:9;s:4:\\\"1,00\\\";i:10;s:3:\\\"PES\\\";i:11;s:8:\\\"57442,15\\\";i:12;s:4:\\\"0,00\\\";i:13;s:4:\\\"0,00\\\";i:14;s:4:\\\"0,00\\\";i:15;s:8:\\\"12062,85\\\";i:16;s:8:\\\"69505,00\\\";}}i:415;O:29:\\\"Illuminate\\\\Support\\\\Collection\\\":1:{s:8:\\\"\\u0000*\\u0000items\\\";a:17:{i:0;s:10:\\\"2023-12-28\\\";i:1;i:6;i:2;i:4;i:3;i:19965;i:4;i:19965;i:5;i:73520211158642;i:6;i:96;i:7;i:1;i:8;N;i:9;s:4:\\\"1,00\\\";i:10;s:3:\\\"PES\\\";i:11;s:5:\\\"77,27\\\";i:12;s:4:\\\"0,00\\\";i:13;s:4:\\\"0,00\\\";i:14;s:4:\\\"0,00\\\";i:15;s:5:\\\"16,23\\\";i:16;s:5:\\\"93,50\\\";}}i:416;O:29:\\\"Illuminate\\\\Support\\\\Collection\\\":1:{s:8:\\\"\\u0000*\\u0000items\\\";a:17:{i:0;s:10:\\\"2023-12-28\\\";i:1;i:6;i:2;i:4;i:3;i:19966;i:4;i:19966;i:5;i:73520211158799;i:6;i:96;i:7;i:96154181;i:8;s:28:\\\"VARGAS ARANEDA NATALIA PAOLA\\\";i:9;s:4:\\\"1,00\\\";i:10;s:3:\\\"PES\\\";i:11;s:7:\\\"1464,93\\\";i:12;s:4:\\\"0,00\\\";i:13;s:4:\\\"0,00\\\";i:14;s:4:\\\"0,00\\\";i:15;s:6:\\\"307,63\\\";i:16;s:7:\\\"1772,56\\\";}}i:417;O:29:\\\"Illuminate\\\\Support\\\\Collection\\\":1:{s:8:\\\"\\u0000*\\u0000items\\\";a:17:{i:0;s:10:\\\"2023-12-28\\\";i:1;i:6;i:2;i:4;i:3;i:19967;i:4;i:19967;i:5;i:73520211159038;i:6;i:96;i:7;i:34131338;i:8;s:20:\\\"CODEIRO ROMINA ERIKA\\\";i:9;s:4:\\\"1,00\\\";i:10;s:3:\\\"PES\\\";i:11;s:7:\\\"8854,79\\\";i:12;s:4:\\\"0,00\\\";i:13;s:4:\\\"0,00\\\";i:14;s:4:\\\"0,00\\\";i:15;s:7:\\\"1859,51\\\";i:16;s:8:\\\"10714,30\\\";}}i:418;O:29:\\\"Illuminate\\\\Support\\\\Collection\\\":1:{s:8:\\\"\\u0000*\\u0000items\\\";a:17:{i:0;s:10:\\\"2023-12-28\\\";i:1;i:6;i:2;i:4;i:3;i:20439;i:4;i:20439;i:5;i:73520330490069;i:6;i:96;i:7;i:1;i:8;N;i:9;s:4:\\\"1,00\\\";i:10;s:3:\\\"PES\\\";i:11;s:5:\\\"77,27\\\";i:12;s:4:\\\"0,00\\\";i:13;s:4:\\\"0,00\\\";i:14;s:4:\\\"0,00\\\";i:15;s:5:\\\"16,23\\\";i:16;s:5:\\\"93,50\\\";}}i:419;O:29:\\\"Illuminate\\\\Support\\\\Collection\\\":1:{s:8:\\\"\\u0000*\\u0000items\\\";a:17:{i:0;s:10:\\\"2023-12-28\\\";i:1;i:6;i:2;i:4;i:3;i:20440;i:4;i:20440;i:5;i:73520330490187;i:6;i:96;i:7;i:28962952;i:8;s:19:\\\"GOMEZ JESICA ROMINA\\\";i:9;s:4:\\\"1,00\\\";i:10;s:3:\\\"PES\\\";i:11;s:7:\\\"3502,86\\\";i:12;s:4:\\\"0,00\\\";i:13;s:4:\\\"0,00\\\";i:14;s:4:\\\"0,00\\\";i:15;s:6:\\\"735,60\\\";i:16;s:7:\\\"4238,46\\\";}}i:420;O:29:\\\"Illuminate\\\\Support\\\\Collection\\\":1:{s:8:\\\"\\u0000*\\u0000items\\\";a:17:{i:0;s:10:\\\"2023-12-28\\\";i:1;i:6;i:2;i:4;i:3;i:19927;i:4;i:19927;i:5;i:73520205235089;i:6;i:96;i:7;i:16736727;i:8;s:20:\\\"PONCE ANGEL HUMBERTO\\\";i:9;s:4:\\\"1,00\\\";i:10;s:3:\\\"PES\\\";i:11;s:7:\\\"4160,23\\\";i:12;s:4:\\\"0,00\\\";i:13;s:4:\\\"0,00\\\";i:14;s:4:\\\"0,00\\\";i:15;s:6:\\\"873,65\\\";i:16;s:7:\\\"5033,88\\\";}}i:421;O:29:\\\"Illuminate\\\\Support\\\\Collection\\\":1:{s:8:\\\"\\u0000*\\u0000items\\\";a:17:{i:0;s:10:\\\"2023-12-28\\\";i:1;i:6;i:2;i:4;i:3;i:19928;i:4;i:19928;i:5;i:73520205235178;i:6;i:96;i:7;i:29139168;i:8;s:20:\\\"FALCON GISELA MARINA\\\";i:9;s:4:\\\"1,00\\\";i:10;s:3:\\\"PES\\\";i:11;s:7:\\\"5557,24\\\";i:12;s:4:\\\"0,00\\\";i:13;s:4:\\\"0,00\\\";i:14;s:4:\\\"0,00\\\";i:15;s:7:\\\"1167,02\\\";i:16;s:7:\\\"6724,26\\\";}}i:422;O:29:\\\"Illuminate\\\\Support\\\\Collection\\\":1:{s:8:\\\"\\u0000*\\u0000items\\\";a:17:{i:0;s:10:\\\"2023-12-28\\\";i:1;i:6;i:2;i:4;i:3;i:19929;i:4;i:19929;i:5;i:73520205235267;i:6;i:96;i:7;i:29945850;i:8;N;i:9;s:4:\\\"1,00\\\";i:10;s:3:\\\"PES\\\";i:11;s:7:\\\"2753,34\\\";i:12;s:4:\\\"0,00\\\";i:13;s:4:\\\"0,00\\\";i:14;s:4:\\\"0,00\\\";i:15;s:6:\\\"578,20\\\";i:16;s:7:\\\"3331,54\\\";}}i:423;O:29:\\\"Illuminate\\\\Support\\\\Collection\\\":1:{s:8:\\\"\\u0000*\\u0000items\\\";a:17:{i:0;s:10:\\\"2023-12-28\\\";i:1;i:6;i:2;i:4;i:3;i:19930;i:4;i:19930;i:5;i:73520205235429;i:6;i:96;i:7;i:42968670;i:8;s:20:\\\"BASUALDO ALDANA NOEL\\\";i:9;s:4:\\\"1,00\\\";i:10;s:3:\\\"PES\\\";i:11;s:8:\\\"15356,03\\\";i:12;s:4:\\\"0,00\\\";i:13;s:4:\\\"0,00\\\";i:14;s:4:\\\"0,00\\\";i:15;s:7:\\\"3224,77\\\";i:16;s:8:\\\"18580,80\\\";}}i:424;O:29:\\\"Illuminate\\\\Support\\\\Collection\\\":1:{s:8:\\\"\\u0000*\\u0000items\\\";a:17:{i:0;s:10:\\\"2023-12-28\\\";i:1;i:6;i:2;i:4;i:3;i:19931;i:4;i:19931;i:5;i:73520205235534;i:6;i:96;i:7;i:1;i:8;N;i:9;s:4:\\\"1,00\\\";i:10;s:3:\\\"PES\\\";i:11;s:5:\\\"77,27\\\";i:12;s:4:\\\"0,00\\\";i:13;s:4:\\\"0,00\\\";i:14;s:4:\\\"0,00\\\";i:15;s:5:\\\"16,23\\\";i:16;s:5:\\\"93,50\\\";}}i:425;O:29:\\\"Illuminate\\\\Support\\\\Collection\\\":1:{s:8:\\\"\\u0000*\\u0000items\\\";a:17:{i:0;s:10:\\\"2023-12-28\\\";i:1;i:6;i:2;i:4;i:3;i:19932;i:4;i:19932;i:5;i:73520205235665;i:6;i:96;i:7;i:93155145;i:8;s:21:\\\"VELASQUEZ VILLCA IVAN\\\";i:9;s:4:\\\"1,00\\\";i:10;s:3:\\\"PES\\\";i:11;s:7:\\\"2512,80\\\";i:12;s:4:\\\"0,00\\\";i:13;s:4:\\\"0,00\\\";i:14;s:4:\\\"0,00\\\";i:15;s:6:\\\"527,69\\\";i:16;s:7:\\\"3040,49\\\";}}i:426;O:29:\\\"Illuminate\\\\Support\\\\Collection\\\":1:{s:8:\\\"\\u0000*\\u0000items\\\";a:17:{i:0;s:10:\\\"2023-12-28\\\";i:1;i:6;i:2;i:4;i:3;i:19933;i:4;i:19933;i:5;i:73520205235814;i:6;i:96;i:7;i:46738333;i:8;s:16:\\\"CASTAGNI MARTINA\\\";i:9;s:4:\\\"1,00\\\";i:10;s:3:\\\"PES\\\";i:11;s:7:\\\"5528,80\\\";i:12;s:4:\\\"0,00\\\";i:13;s:4:\\\"0,00\\\";i:14;s:4:\\\"0,00\\\";i:15;s:7:\\\"1161,05\\\";i:16;s:7:\\\"6689,85\\\";}}i:427;O:29:\\\"Illuminate\\\\Support\\\\Collection\\\":1:{s:8:\\\"\\u0000*\\u0000items\\\";a:17:{i:0;s:10:\\\"2023-12-28\\\";i:1;i:6;i:2;i:4;i:3;i:19934;i:4;i:19934;i:5;i:73520205235929;i:6;i:96;i:7;i:95724389;i:8;s:33:\\\"ALTUVE MORILLO GABRIELA ALEJANDRA\\\";i:9;s:4:\\\"1,00\\\";i:10;s:3:\\\"PES\\\";i:11;s:7:\\\"5641,12\\\";i:12;s:4:\\\"0,00\\\";i:13;s:4:\\\"0,00\\\";i:14;s:4:\\\"0,00\\\";i:15;s:7:\\\"1184,63\\\";i:16;s:7:\\\"6825,75\\\";}}i:428;O:29:\\\"Illuminate\\\\Support\\\\Collection\\\":1:{s:8:\\\"\\u0000*\\u0000items\\\";a:17:{i:0;s:10:\\\"2023-12-28\\\";i:1;i:6;i:2;i:4;i:3;i:19935;i:4;i:19935;i:5;i:73520205236019;i:6;i:96;i:7;i:36873677;i:8;s:22:\\\"QUI\\u00d1ONES MARIA JAZMIN\\\";i:9;s:4:\\\"1,00\\\";i:10;s:3:\\\"PES\\\";i:11;s:6:\\\"763,92\\\";i:12;s:4:\\\"0,00\\\";i:13;s:4:\\\"0,00\\\";i:14;s:4:\\\"0,00\\\";i:15;s:6:\\\"160,42\\\";i:16;s:6:\\\"924,34\\\";}}i:429;O:29:\\\"Illuminate\\\\Support\\\\Collection\\\":1:{s:8:\\\"\\u0000*\\u0000items\\\";a:17:{i:0;s:10:\\\"2023-12-28\\\";i:1;i:6;i:2;i:4;i:3;i:19936;i:4;i:19936;i:5;i:73520205236077;i:6;i:96;i:7;i:28065692;i:8;s:21:\\\"COLELLA ANA ELIZABETH\\\";i:9;s:4:\\\"1,00\\\";i:10;s:3:\\\"PES\\\";i:11;s:7:\\\"3652,92\\\";i:12;s:4:\\\"0,00\\\";i:13;s:4:\\\"0,00\\\";i:14;s:4:\\\"0,00\\\";i:15;s:6:\\\"767,11\\\";i:16;s:7:\\\"4420,03\\\";}}i:430;O:29:\\\"Illuminate\\\\Support\\\\Collection\\\":1:{s:8:\\\"\\u0000*\\u0000items\\\";a:17:{i:0;s:10:\\\"2023-12-28\\\";i:1;i:6;i:2;i:4;i:3;i:19937;i:4;i:19937;i:5;i:73520205236195;i:6;i:96;i:7;i:36873677;i:8;s:22:\\\"QUI\\u00d1ONES MARIA JAZMIN\\\";i:9;s:4:\\\"1,00\\\";i:10;s:3:\\\"PES\\\";i:11;s:6:\\\"763,92\\\";i:12;s:4:\\\"0,00\\\";i:13;s:4:\\\"0,00\\\";i:14;s:4:\\\"0,00\\\";i:15;s:6:\\\"160,42\\\";i:16;s:6:\\\"924,34\\\";}}i:431;O:29:\\\"Illuminate\\\\Support\\\\Collection\\\":1:{s:8:\\\"\\u0000*\\u0000items\\\";a:17:{i:0;s:10:\\\"2023-12-28\\\";i:1;i:6;i:2;i:4;i:3;i:19938;i:4;i:19938;i:5;i:73520205236255;i:6;i:96;i:7;i:22364897;i:8;s:22:\\\"CERBINO VICTOR DANIEL \\\";i:9;s:4:\\\"1,00\\\";i:10;s:3:\\\"PES\\\";i:11;s:7:\\\"3311,86\\\";i:12;s:4:\\\"0,00\\\";i:13;s:4:\\\"0,00\\\";i:14;s:4:\\\"0,00\\\";i:15;s:6:\\\"695,49\\\";i:16;s:7:\\\"4007,35\\\";}}i:432;O:29:\\\"Illuminate\\\\Support\\\\Collection\\\":1:{s:8:\\\"\\u0000*\\u0000items\\\";a:17:{i:0;s:10:\\\"2023-12-28\\\";i:1;i:6;i:2;i:4;i:3;i:20248;i:4;i:20248;i:5;i:73520327689689;i:6;i:96;i:7;i:30859391;i:8;s:18:\\\"AVILA LAURA RAQUEL\\\";i:9;s:4:\\\"1,00\\\";i:10;s:3:\\\"PES\\\";i:11;s:7:\\\"9066,18\\\";i:12;s:4:\\\"0,00\\\";i:13;s:4:\\\"0,00\\\";i:14;s:4:\\\"0,00\\\";i:15;s:7:\\\"1903,90\\\";i:16;s:8:\\\"10970,08\\\";}}i:433;O:29:\\\"Illuminate\\\\Support\\\\Collection\\\":1:{s:8:\\\"\\u0000*\\u0000items\\\";a:17:{i:0;s:10:\\\"2023-12-28\\\";i:1;i:6;i:2;i:4;i:3;i:20249;i:4;i:20249;i:5;i:73520327689765;i:6;i:96;i:7;i:1;i:8;N;i:9;s:4:\\\"1,00\\\";i:10;s:3:\\\"PES\\\";i:11;s:6:\\\"413,22\\\";i:12;s:4:\\\"0,00\\\";i:13;s:4:\\\"0,00\\\";i:14;s:4:\\\"0,00\\\";i:15;s:5:\\\"86,78\\\";i:16;s:6:\\\"500,00\\\";}}i:434;O:29:\\\"Illuminate\\\\Support\\\\Collection\\\":1:{s:8:\\\"\\u0000*\\u0000items\\\";a:17:{i:0;s:10:\\\"2023-12-28\\\";i:1;i:6;i:2;i:4;i:3;i:20250;i:4;i:20250;i:5;i:73520327689854;i:6;i:96;i:7;i:22525109;i:8;s:27:\\\"NASIMIENTO MIRIAN GRACIELA \\\";i:9;s:4:\\\"1,00\\\";i:10;s:3:\\\"PES\\\";i:11;s:7:\\\"5475,60\\\";i:12;s:4:\\\"0,00\\\";i:13;s:4:\\\"0,00\\\";i:14;s:4:\\\"0,00\\\";i:15;s:7:\\\"1149,88\\\";i:16;s:7:\\\"6625,48\\\";}}i:435;O:29:\\\"Illuminate\\\\Support\\\\Collection\\\":1:{s:8:\\\"\\u0000*\\u0000items\\\";a:17:{i:0;s:10:\\\"2023-12-28\\\";i:1;i:6;i:2;i:4;i:3;i:20251;i:4;i:20251;i:5;i:73520327689930;i:6;i:96;i:7;i:1;i:8;N;i:9;s:4:\\\"1,00\\\";i:10;s:3:\\\"PES\\\";i:11;s:6:\\\"413,22\\\";i:12;s:4:\\\"0,00\\\";i:13;s:4:\\\"0,00\\\";i:14;s:4:\\\"0,00\\\";i:15;s:5:\\\"86,78\\\";i:16;s:6:\\\"500,00\\\";}}i:436;O:29:\\\"Illuminate\\\\Support\\\\Collection\\\":1:{s:8:\\\"\\u0000*\\u0000items\\\";a:17:{i:0;s:10:\\\"2023-12-28\\\";i:1;i:6;i:2;i:4;i:3;i:20252;i:4;i:20252;i:5;i:73520327690031;i:6;i:96;i:7;i:1;i:8;N;i:9;s:4:\\\"1,00\\\";i:10;s:3:\\\"PES\\\";i:11;s:6:\\\"154,55\\\";i:12;s:4:\\\"0,00\\\";i:13;s:4:\\\"0,00\\\";i:14;s:4:\\\"0,00\\\";i:15;s:5:\\\"32,45\\\";i:16;s:6:\\\"187,00\\\";}}i:437;O:29:\\\"Illuminate\\\\Support\\\\Collection\\\":1:{s:8:\\\"\\u0000*\\u0000items\\\";a:17:{i:0;s:10:\\\"2023-12-28\\\";i:1;i:6;i:2;i:4;i:3;i:20253;i:4;i:20253;i:5;i:73520327690099;i:6;i:96;i:7;i:35461101;i:8;s:21:\\\"ANGELINI GUIDO HERNAN\\\";i:9;s:4:\\\"1,00\\\";i:10;s:3:\\\"PES\\\";i:11;s:7:\\\"7268,89\\\";i:12;s:4:\\\"0,00\\\";i:13;s:4:\\\"0,00\\\";i:14;s:4:\\\"0,00\\\";i:15;s:7:\\\"1526,47\\\";i:16;s:7:\\\"8795,36\\\";}}i:438;O:29:\\\"Illuminate\\\\Support\\\\Collection\\\":1:{s:8:\\\"\\u0000*\\u0000items\\\";a:17:{i:0;s:10:\\\"2023-12-28\\\";i:1;i:6;i:2;i:4;i:3;i:20254;i:4;i:20254;i:5;i:73520327690206;i:6;i:96;i:7;i:24365562;i:8;s:24:\\\"RODRIGUEZ CLAUDIA LILIAN\\\";i:9;s:4:\\\"1,00\\\";i:10;s:3:\\\"PES\\\";i:11;s:7:\\\"5582,78\\\";i:12;s:4:\\\"0,00\\\";i:13;s:4:\\\"0,00\\\";i:14;s:4:\\\"0,00\\\";i:15;s:7:\\\"1172,38\\\";i:16;s:7:\\\"6755,17\\\";}}i:439;O:29:\\\"Illuminate\\\\Support\\\\Collection\\\":1:{s:8:\\\"\\u0000*\\u0000items\\\";a:17:{i:0;s:10:\\\"2023-12-28\\\";i:1;i:6;i:2;i:4;i:3;i:20255;i:4;i:20255;i:5;i:73520327690311;i:6;i:96;i:7;i:17500147;i:8;s:20:\\\"PECORA SILVIA ZULEMA\\\";i:9;s:4:\\\"1,00\\\";i:10;s:3:\\\"PES\\\";i:11;s:7:\\\"4818,74\\\";i:12;s:4:\\\"0,00\\\";i:13;s:4:\\\"0,00\\\";i:14;s:4:\\\"0,00\\\";i:15;s:7:\\\"1011,93\\\";i:16;s:7:\\\"5830,67\\\";}}i:440;O:29:\\\"Illuminate\\\\Support\\\\Collection\\\":1:{s:8:\\\"\\u0000*\\u0000items\\\";a:17:{i:0;s:10:\\\"2023-12-28\\\";i:1;i:6;i:2;i:4;i:3;i:20256;i:4;i:20256;i:5;i:73520327690366;i:6;i:96;i:7;i:1;i:8;N;i:9;s:4:\\\"1,00\\\";i:10;s:3:\\\"PES\\\";i:11;s:6:\\\"413,22\\\";i:12;s:4:\\\"0,00\\\";i:13;s:4:\\\"0,00\\\";i:14;s:4:\\\"0,00\\\";i:15;s:5:\\\"86,78\\\";i:16;s:6:\\\"500,00\\\";}}i:441;O:29:\\\"Illuminate\\\\Support\\\\Collection\\\":1:{s:8:\\\"\\u0000*\\u0000items\\\";a:17:{i:0;s:10:\\\"2023-12-28\\\";i:1;i:6;i:2;i:4;i:3;i:20257;i:4;i:20257;i:5;i:73520327690413;i:6;i:96;i:7;i:31034562;i:8;s:21:\\\"NAVARRO DIEGO GABRIEL\\\";i:9;s:4:\\\"1,00\\\";i:10;s:3:\\\"PES\\\";i:11;s:7:\\\"5991,68\\\";i:12;s:4:\\\"0,00\\\";i:13;s:4:\\\"0,00\\\";i:14;s:4:\\\"0,00\\\";i:15;s:7:\\\"1258,25\\\";i:16;s:7:\\\"7249,93\\\";}}i:442;O:29:\\\"Illuminate\\\\Support\\\\Collection\\\":1:{s:8:\\\"\\u0000*\\u0000items\\\";a:17:{i:0;s:10:\\\"2023-12-28\\\";i:1;i:6;i:2;i:4;i:3;i:20258;i:4;i:20258;i:5;i:73520327690515;i:6;i:96;i:7;i:17281330;i:8;s:19:\\\"BENITEZ DORA MABEL \\\";i:9;s:4:\\\"1,00\\\";i:10;s:3:\\\"PES\\\";i:11;s:7:\\\"8180,83\\\";i:12;s:4:\\\"0,00\\\";i:13;s:4:\\\"0,00\\\";i:14;s:4:\\\"0,00\\\";i:15;s:7:\\\"1717,97\\\";i:16;s:7:\\\"9898,80\\\";}}i:443;O:29:\\\"Illuminate\\\\Support\\\\Collection\\\":1:{s:8:\\\"\\u0000*\\u0000items\\\";a:17:{i:0;s:10:\\\"2023-12-28\\\";i:1;i:6;i:2;i:4;i:3;i:19968;i:4;i:19968;i:5;i:73520211239071;i:6;i:96;i:7;i:1;i:8;N;i:9;s:4:\\\"1,00\\\";i:10;s:3:\\\"PES\\\";i:11;s:6:\\\"413,22\\\";i:12;s:4:\\\"0,00\\\";i:13;s:4:\\\"0,00\\\";i:14;s:4:\\\"0,00\\\";i:15;s:5:\\\"86,78\\\";i:16;s:6:\\\"500,00\\\";}}i:444;O:29:\\\"Illuminate\\\\Support\\\\Collection\\\":1:{s:8:\\\"\\u0000*\\u0000items\\\";a:17:{i:0;s:10:\\\"2023-12-28\\\";i:1;i:6;i:2;i:4;i:3;i:19969;i:4;i:19969;i:5;i:73520211239319;i:6;i:96;i:7;i:93679090;i:8;s:21:\\\"MAMAZZA JOSE EMILIANO\\\";i:9;s:4:\\\"1,00\\\";i:10;s:3:\\\"PES\\\";i:11;s:7:\\\"3704,86\\\";i:12;s:4:\\\"0,00\\\";i:13;s:4:\\\"0,00\\\";i:14;s:4:\\\"0,00\\\";i:15;s:6:\\\"778,02\\\";i:16;s:7:\\\"4482,88\\\";}}i:445;O:29:\\\"Illuminate\\\\Support\\\\Collection\\\":1:{s:8:\\\"\\u0000*\\u0000items\\\";a:17:{i:0;s:10:\\\"2023-12-28\\\";i:1;i:6;i:2;i:4;i:3;i:19970;i:4;i:19970;i:5;i:73520211239424;i:6;i:96;i:7;i:1;i:8;N;i:9;s:4:\\\"1,00\\\";i:10;s:3:\\\"PES\\\";i:11;s:6:\\\"169,42\\\";i:12;s:4:\\\"0,00\\\";i:13;s:4:\\\"0,00\\\";i:14;s:4:\\\"0,00\\\";i:15;s:5:\\\"35,58\\\";i:16;s:6:\\\"205,00\\\";}}i:446;O:29:\\\"Illuminate\\\\Support\\\\Collection\\\":1:{s:8:\\\"\\u0000*\\u0000items\\\";a:17:{i:0;s:10:\\\"2023-12-28\\\";i:1;i:6;i:2;i:4;i:3;i:19971;i:4;i:19971;i:5;i:73520211239555;i:6;i:96;i:7;i:43249941;i:8;s:14:\\\"MORENO EUGENIA\\\";i:9;s:4:\\\"1,00\\\";i:10;s:3:\\\"PES\\\";i:11;s:7:\\\"5403,22\\\";i:12;s:4:\\\"0,00\\\";i:13;s:4:\\\"0,00\\\";i:14;s:4:\\\"0,00\\\";i:15;s:7:\\\"1134,68\\\";i:16;s:7:\\\"6537,90\\\";}}i:447;O:29:\\\"Illuminate\\\\Support\\\\Collection\\\":1:{s:8:\\\"\\u0000*\\u0000items\\\";a:17:{i:0;s:10:\\\"2023-12-28\\\";i:1;i:6;i:2;i:4;i:3;i:19972;i:4;i:19972;i:5;i:73520211239699;i:6;i:96;i:7;i:1;i:8;N;i:9;s:4:\\\"1,00\\\";i:10;s:3:\\\"PES\\\";i:11;s:6:\\\"772,72\\\";i:12;s:4:\\\"0,00\\\";i:13;s:4:\\\"0,00\\\";i:14;s:4:\\\"0,00\\\";i:15;s:6:\\\"162,27\\\";i:16;s:6:\\\"934,99\\\";}}i:448;O:29:\\\"Illuminate\\\\Support\\\\Collection\\\":1:{s:8:\\\"\\u0000*\\u0000items\\\";a:17:{i:0;s:10:\\\"2023-12-28\\\";i:1;i:6;i:2;i:4;i:3;i:19973;i:4;i:19973;i:5;i:73520211239775;i:6;i:96;i:7;i:42904627;i:8;s:12:\\\"SUAREZ LOANA\\\";i:9;s:4:\\\"1,00\\\";i:10;s:3:\\\"PES\\\";i:11;s:7:\\\"9007,05\\\";i:12;s:4:\\\"0,00\\\";i:13;s:4:\\\"0,00\\\";i:14;s:4:\\\"0,00\\\";i:15;s:7:\\\"1891,48\\\";i:16;s:8:\\\"10898,53\\\";}}i:449;O:29:\\\"Illuminate\\\\Support\\\\Collection\\\":1:{s:8:\\\"\\u0000*\\u0000items\\\";a:17:{i:0;s:10:\\\"2023-12-28\\\";i:1;i:6;i:2;i:4;i:3;i:20169;i:4;i:20169;i:5;i:73520255724624;i:6;i:96;i:7;i:1;i:8;N;i:9;s:4:\\\"1,00\\\";i:10;s:3:\\\"PES\\\";i:11;s:6:\\\"333,88\\\";i:12;s:4:\\\"0,00\\\";i:13;s:4:\\\"0,00\\\";i:14;s:4:\\\"0,00\\\";i:15;s:5:\\\"70,12\\\";i:16;s:6:\\\"404,00\\\";}}i:450;O:29:\\\"Illuminate\\\\Support\\\\Collection\\\":1:{s:8:\\\"\\u0000*\\u0000items\\\";a:17:{i:0;s:10:\\\"2023-12-28\\\";i:1;i:6;i:2;i:4;i:3;i:20170;i:4;i:20170;i:5;i:73520255724815;i:6;i:96;i:7;i:30251448;i:8;s:18:\\\"RAMOS ROXANA ESTER\\\";i:9;s:4:\\\"1,00\\\";i:10;s:3:\\\"PES\\\";i:11;s:7:\\\"8812,45\\\";i:12;s:4:\\\"0,00\\\";i:13;s:4:\\\"0,00\\\";i:14;s:4:\\\"0,00\\\";i:15;s:7:\\\"1850,61\\\";i:16;s:8:\\\"10663,06\\\";}}i:451;O:29:\\\"Illuminate\\\\Support\\\\Collection\\\":1:{s:8:\\\"\\u0000*\\u0000items\\\";a:17:{i:0;s:10:\\\"2023-12-28\\\";i:1;i:6;i:2;i:4;i:3;i:20171;i:4;i:20171;i:5;i:73520255724933;i:6;i:96;i:7;i:38018067;i:8;s:23:\\\"MARASCHI VALERIA MAGALI\\\";i:9;s:4:\\\"1,00\\\";i:10;s:3:\\\"PES\\\";i:11;s:7:\\\"6671,82\\\";i:12;s:4:\\\"0,00\\\";i:13;s:4:\\\"0,00\\\";i:14;s:4:\\\"0,00\\\";i:15;s:7:\\\"1401,08\\\";i:16;s:7:\\\"8072,90\\\";}}i:452;O:29:\\\"Illuminate\\\\Support\\\\Collection\\\":1:{s:8:\\\"\\u0000*\\u0000items\\\";a:17:{i:0;s:10:\\\"2023-12-28\\\";i:1;i:6;i:2;i:4;i:3;i:20172;i:4;i:20172;i:5;i:73520255725052;i:6;i:96;i:7;i:1;i:8;N;i:9;s:4:\\\"1,00\\\";i:10;s:3:\\\"PES\\\";i:11;s:6:\\\"550,41\\\";i:12;s:4:\\\"0,00\\\";i:13;s:4:\\\"0,00\\\";i:14;s:4:\\\"0,00\\\";i:15;s:6:\\\"115,59\\\";i:16;s:6:\\\"666,00\\\";}}i:453;O:29:\\\"Illuminate\\\\Support\\\\Collection\\\":1:{s:8:\\\"\\u0000*\\u0000items\\\";a:17:{i:0;s:10:\\\"2023-12-28\\\";i:1;i:6;i:2;i:4;i:3;i:20173;i:4;i:20173;i:5;i:73520255725170;i:6;i:96;i:7;i:1;i:8;N;i:9;s:4:\\\"1,00\\\";i:10;s:3:\\\"PES\\\";i:11;s:5:\\\"77,27\\\";i:12;s:4:\\\"0,00\\\";i:13;s:4:\\\"0,00\\\";i:14;s:4:\\\"0,00\\\";i:15;s:5:\\\"16,23\\\";i:16;s:5:\\\"93,50\\\";}}i:454;O:29:\\\"Illuminate\\\\Support\\\\Collection\\\":1:{s:8:\\\"\\u0000*\\u0000items\\\";a:17:{i:0;s:10:\\\"2023-12-28\\\";i:1;i:6;i:2;i:4;i:3;i:20174;i:4;i:20174;i:5;i:73520255725374;i:6;i:96;i:7;i:43036129;i:8;s:19:\\\"KRUCZKOWSKI DOLORES\\\";i:9;s:4:\\\"1,00\\\";i:10;s:3:\\\"PES\\\";i:11;s:7:\\\"5925,12\\\";i:12;s:4:\\\"0,00\\\";i:13;s:4:\\\"0,00\\\";i:14;s:4:\\\"0,00\\\";i:15;s:7:\\\"1244,28\\\";i:16;s:7:\\\"7169,40\\\";}}i:455;O:29:\\\"Illuminate\\\\Support\\\\Collection\\\":1:{s:8:\\\"\\u0000*\\u0000items\\\";a:17:{i:0;s:10:\\\"2023-12-28\\\";i:1;i:6;i:2;i:4;i:3;i:20175;i:4;i:20175;i:5;i:73520255725536;i:6;i:96;i:7;i:27140843;i:8;s:20:\\\"PETIT MARCELO JAVIER\\\";i:9;s:4:\\\"1,00\\\";i:10;s:3:\\\"PES\\\";i:11;s:7:\\\"6258,59\\\";i:12;s:4:\\\"0,00\\\";i:13;s:4:\\\"0,00\\\";i:14;s:4:\\\"0,00\\\";i:15;s:7:\\\"1314,30\\\";i:16;s:7:\\\"7572,90\\\";}}i:456;O:29:\\\"Illuminate\\\\Support\\\\Collection\\\":1:{s:8:\\\"\\u0000*\\u0000items\\\";a:17:{i:0;s:10:\\\"2023-12-28\\\";i:1;i:6;i:2;i:4;i:3;i:20176;i:4;i:20176;i:5;i:73520255725667;i:6;i:96;i:7;i:1;i:8;N;i:9;s:4:\\\"1,00\\\";i:10;s:3:\\\"PES\\\";i:11;s:6:\\\"166,94\\\";i:12;s:4:\\\"0,00\\\";i:13;s:4:\\\"0,00\\\";i:14;s:4:\\\"0,00\\\";i:15;s:5:\\\"35,06\\\";i:16;s:6:\\\"202,00\\\";}}i:457;O:29:\\\"Illuminate\\\\Support\\\\Collection\\\":1:{s:8:\\\"\\u0000*\\u0000items\\\";a:17:{i:0;s:10:\\\"2023-12-28\\\";i:1;i:6;i:2;i:4;i:3;i:20177;i:4;i:20177;i:5;i:73520255725816;i:6;i:96;i:7;i:13512510;i:8;s:19:\\\"GIANANTONIO JOAQUIN\\\";i:9;s:4:\\\"1,00\\\";i:10;s:3:\\\"PES\\\";i:11;s:7:\\\"6936,17\\\";i:12;s:4:\\\"0,00\\\";i:13;s:4:\\\"0,00\\\";i:14;s:4:\\\"0,00\\\";i:15;s:7:\\\"1456,59\\\";i:16;s:7:\\\"8392,76\\\";}}i:458;O:29:\\\"Illuminate\\\\Support\\\\Collection\\\":1:{s:8:\\\"\\u0000*\\u0000items\\\";a:17:{i:0;s:10:\\\"2023-12-28\\\";i:1;i:6;i:2;i:4;i:3;i:20178;i:4;i:20178;i:5;i:73520255725934;i:6;i:96;i:7;i:1;i:8;N;i:9;s:4:\\\"1,00\\\";i:10;s:3:\\\"PES\\\";i:11;s:6:\\\"231,40\\\";i:12;s:4:\\\"0,00\\\";i:13;s:4:\\\"0,00\\\";i:14;s:4:\\\"0,00\\\";i:15;s:5:\\\"48,60\\\";i:16;s:6:\\\"280,00\\\";}}i:459;O:29:\\\"Illuminate\\\\Support\\\\Collection\\\":1:{s:8:\\\"\\u0000*\\u0000items\\\";a:17:{i:0;s:10:\\\"2023-12-28\\\";i:1;i:6;i:2;i:4;i:3;i:20179;i:4;i:20179;i:5;i:73520255726053;i:6;i:96;i:7;i:29796054;i:8;s:29:\\\"MAYDANA CLAUDIA SILVIA LORENA\\\";i:9;s:4:\\\"1,00\\\";i:10;s:3:\\\"PES\\\";i:11;s:7:\\\"5387,94\\\";i:12;s:4:\\\"0,00\\\";i:13;s:4:\\\"0,00\\\";i:14;s:4:\\\"0,00\\\";i:15;s:7:\\\"1131,47\\\";i:16;s:7:\\\"6519,41\\\";}}i:460;O:29:\\\"Illuminate\\\\Support\\\\Collection\\\":1:{s:8:\\\"\\u0000*\\u0000items\\\";a:17:{i:0;s:10:\\\"2023-12-28\\\";i:1;i:6;i:2;i:4;i:3;i:20180;i:4;i:20180;i:5;i:73520255726171;i:6;i:96;i:7;i:1;i:8;N;i:9;s:4:\\\"1,00\\\";i:10;s:3:\\\"PES\\\";i:11;s:6:\\\"772,72\\\";i:12;s:4:\\\"0,00\\\";i:13;s:4:\\\"0,00\\\";i:14;s:4:\\\"0,00\\\";i:15;s:6:\\\"162,27\\\";i:16;s:6:\\\"934,99\\\";}}i:461;O:29:\\\"Illuminate\\\\Support\\\\Collection\\\":1:{s:8:\\\"\\u0000*\\u0000items\\\";a:17:{i:0;s:10:\\\"2023-12-28\\\";i:1;i:6;i:2;i:4;i:3;i:20259;i:4;i:20259;i:5;i:73520327761962;i:6;i:96;i:7;i:14453869;i:8;s:18:\\\"BARRIO HAYDEE OLGA\\\";i:9;s:4:\\\"1,00\\\";i:10;s:3:\\\"PES\\\";i:11;s:7:\\\"6458,98\\\";i:12;s:4:\\\"0,00\\\";i:13;s:4:\\\"0,00\\\";i:14;s:4:\\\"0,00\\\";i:15;s:7:\\\"1356,39\\\";i:16;s:7:\\\"7815,37\\\";}}i:462;O:29:\\\"Illuminate\\\\Support\\\\Collection\\\":1:{s:8:\\\"\\u0000*\\u0000items\\\";a:17:{i:0;s:10:\\\"2023-12-28\\\";i:1;i:6;i:2;i:4;i:3;i:20260;i:4;i:20260;i:5;i:73520327762036;i:6;i:96;i:7;i:1;i:8;N;i:9;s:4:\\\"1,00\\\";i:10;s:3:\\\"PES\\\";i:11;s:6:\\\"154,55\\\";i:12;s:4:\\\"0,00\\\";i:13;s:4:\\\"0,00\\\";i:14;s:4:\\\"0,00\\\";i:15;s:5:\\\"32,45\\\";i:16;s:6:\\\"187,00\\\";}}i:463;O:29:\\\"Illuminate\\\\Support\\\\Collection\\\":1:{s:8:\\\"\\u0000*\\u0000items\\\";a:17:{i:0;s:10:\\\"2023-12-28\\\";i:1;i:6;i:2;i:4;i:3;i:20261;i:4;i:20261;i:5;i:73520327762081;i:6;i:96;i:7;i:33409021;i:8;s:23:\\\"PUGLIESE SOLEDAD MAGALI\\\";i:9;s:4:\\\"1,00\\\";i:10;s:3:\\\"PES\\\";i:11;s:7:\\\"1955,40\\\";i:12;s:4:\\\"0,00\\\";i:13;s:4:\\\"0,00\\\";i:14;s:4:\\\"0,00\\\";i:15;s:6:\\\"410,64\\\";i:16;s:7:\\\"2366,04\\\";}}i:464;O:29:\\\"Illuminate\\\\Support\\\\Collection\\\":1:{s:8:\\\"\\u0000*\\u0000items\\\";a:17:{i:0;s:10:\\\"2023-12-28\\\";i:1;i:6;i:2;i:4;i:3;i:20262;i:4;i:20262;i:5;i:73520327762227;i:6;i:96;i:7;i:17712177;i:8;s:25:\\\"ATAMANCZUK ROSA PATRICIA \\\";i:9;s:4:\\\"1,00\\\";i:10;s:3:\\\"PES\\\";i:11;s:7:\\\"9043,59\\\";i:12;s:4:\\\"0,00\\\";i:13;s:4:\\\"0,00\\\";i:14;s:4:\\\"0,00\\\";i:15;s:7:\\\"1899,15\\\";i:16;s:8:\\\"10942,74\\\";}}i:465;O:29:\\\"Illuminate\\\\Support\\\\Collection\\\":1:{s:8:\\\"\\u0000*\\u0000items\\\";a:17:{i:0;s:10:\\\"2023-12-28\\\";i:1;i:6;i:2;i:4;i:3;i:20263;i:4;i:20263;i:5;i:73520327762272;i:6;i:96;i:7;i:96221764;i:8;s:16:\\\"SHABALKINA SOFYA\\\";i:9;s:4:\\\"1,00\\\";i:10;s:3:\\\"PES\\\";i:11;s:7:\\\"2162,47\\\";i:12;s:4:\\\"0,00\\\";i:13;s:4:\\\"0,00\\\";i:14;s:4:\\\"0,00\\\";i:15;s:6:\\\"454,12\\\";i:16;s:7:\\\"2616,59\\\";}}i:466;O:29:\\\"Illuminate\\\\Support\\\\Collection\\\":1:{s:8:\\\"\\u0000*\\u0000items\\\";a:17:{i:0;s:10:\\\"2023-12-28\\\";i:1;i:6;i:2;i:4;i:3;i:20264;i:4;i:20264;i:5;i:73520327762329;i:6;i:96;i:7;i:33961807;i:8;s:24:\\\"FRACALOSSI VALERIA ITATI\\\";i:9;s:4:\\\"1,00\\\";i:10;s:3:\\\"PES\\\";i:11;s:7:\\\"7290,65\\\";i:12;s:4:\\\"0,00\\\";i:13;s:4:\\\"0,00\\\";i:14;s:4:\\\"0,00\\\";i:15;s:7:\\\"1531,04\\\";i:16;s:7:\\\"8821,69\\\";}}i:467;O:29:\\\"Illuminate\\\\Support\\\\Collection\\\":1:{s:8:\\\"\\u0000*\\u0000items\\\";a:17:{i:0;s:10:\\\"2023-12-28\\\";i:1;i:6;i:2;i:4;i:3;i:20265;i:4;i:20265;i:5;i:73520327762361;i:6;i:96;i:7;i:1;i:8;N;i:9;s:4:\\\"1,00\\\";i:10;s:3:\\\"PES\\\";i:11;s:6:\\\"413,22\\\";i:12;s:4:\\\"0,00\\\";i:13;s:4:\\\"0,00\\\";i:14;s:4:\\\"0,00\\\";i:15;s:5:\\\"86,78\\\";i:16;s:6:\\\"500,00\\\";}}i:468;O:29:\\\"Illuminate\\\\Support\\\\Collection\\\":1:{s:8:\\\"\\u0000*\\u0000items\\\";a:17:{i:0;s:10:\\\"2023-12-28\\\";i:1;i:6;i:2;i:4;i:3;i:20266;i:4;i:20266;i:5;i:73520327762489;i:6;i:96;i:7;i:23326250;i:8;s:21:\\\"MICHEFF SERGIO GASTON\\\";i:9;s:4:\\\"1,00\\\";i:10;s:3:\\\"PES\\\";i:11;s:7:\\\"2678,41\\\";i:12;s:4:\\\"0,00\\\";i:13;s:4:\\\"0,00\\\";i:14;s:4:\\\"0,00\\\";i:15;s:6:\\\"562,47\\\";i:16;s:7:\\\"3240,88\\\";}}i:469;O:29:\\\"Illuminate\\\\Support\\\\Collection\\\":1:{s:8:\\\"\\u0000*\\u0000items\\\";a:17:{i:0;s:10:\\\"2023-12-28\\\";i:1;i:6;i:2;i:4;i:3;i:20267;i:4;i:20267;i:5;i:73520327762549;i:6;i:96;i:7;i:96221764;i:8;s:16:\\\"SHABALKINA SOFYA\\\";i:9;s:4:\\\"1,00\\\";i:10;s:3:\\\"PES\\\";i:11;s:7:\\\"2162,47\\\";i:12;s:4:\\\"0,00\\\";i:13;s:4:\\\"0,00\\\";i:14;s:4:\\\"0,00\\\";i:15;s:6:\\\"454,12\\\";i:16;s:7:\\\"2616,59\\\";}}i:470;O:29:\\\"Illuminate\\\\Support\\\\Collection\\\":1:{s:8:\\\"\\u0000*\\u0000items\\\";a:17:{i:0;s:10:\\\"2023-12-28\\\";i:1;i:6;i:2;i:4;i:3;i:20268;i:4;i:20268;i:5;i:73520327762625;i:6;i:96;i:7;i:29095499;i:8;s:19:\\\"OVEJERO OLGA ROXANA\\\";i:9;s:4:\\\"1,00\\\";i:10;s:3:\\\"PES\\\";i:11;s:7:\\\"6727,11\\\";i:12;s:4:\\\"0,00\\\";i:13;s:4:\\\"0,00\\\";i:14;s:4:\\\"0,00\\\";i:15;s:7:\\\"1412,69\\\";i:16;s:7:\\\"8139,80\\\";}}i:471;O:29:\\\"Illuminate\\\\Support\\\\Collection\\\":1:{s:8:\\\"\\u0000*\\u0000items\\\";a:17:{i:0;s:10:\\\"2023-12-28\\\";i:1;i:6;i:2;i:4;i:3;i:20269;i:4;i:20269;i:5;i:73520327762696;i:6;i:96;i:7;i:40826982;i:8;s:25:\\\"SALVATIERRA LUIS FERNANDO\\\";i:9;s:4:\\\"1,00\\\";i:10;s:3:\\\"PES\\\";i:11;s:7:\\\"6413,62\\\";i:12;s:4:\\\"0,00\\\";i:13;s:4:\\\"0,00\\\";i:14;s:4:\\\"0,00\\\";i:15;s:7:\\\"1346,86\\\";i:16;s:7:\\\"7760,48\\\";}}i:472;O:29:\\\"Illuminate\\\\Support\\\\Collection\\\":1:{s:8:\\\"\\u0000*\\u0000items\\\";a:17:{i:0;s:10:\\\"2023-12-28\\\";i:1;i:6;i:2;i:4;i:3;i:20281;i:4;i:20281;i:5;i:73520327827829;i:6;i:96;i:7;i:1;i:8;N;i:9;s:4:\\\"1,00\\\";i:10;s:3:\\\"PES\\\";i:11;s:5:\\\"77,27\\\";i:12;s:4:\\\"0,00\\\";i:13;s:4:\\\"0,00\\\";i:14;s:4:\\\"0,00\\\";i:15;s:5:\\\"16,23\\\";i:16;s:5:\\\"93,50\\\";}}i:473;O:29:\\\"Illuminate\\\\Support\\\\Collection\\\":1:{s:8:\\\"\\u0000*\\u0000items\\\";a:17:{i:0;s:10:\\\"2023-12-28\\\";i:1;i:6;i:2;i:4;i:3;i:20271;i:4;i:20271;i:5;i:73520327762803;i:6;i:96;i:7;i:12900886;i:8;s:25:\\\"VENOSA LUIS ALBERTO MARIO\\\";i:9;s:4:\\\"1,00\\\";i:10;s:3:\\\"PES\\\";i:11;s:7:\\\"2858,36\\\";i:12;s:4:\\\"0,00\\\";i:13;s:4:\\\"0,00\\\";i:14;s:4:\\\"0,00\\\";i:15;s:6:\\\"600,25\\\";i:16;s:7:\\\"3458,61\\\";}}i:474;O:29:\\\"Illuminate\\\\Support\\\\Collection\\\":1:{s:8:\\\"\\u0000*\\u0000items\\\";a:17:{i:0;s:10:\\\"2023-12-28\\\";i:1;i:6;i:2;i:4;i:3;i:19939;i:4;i:19939;i:5;i:73520205359751;i:6;i:96;i:7;i:22364897;i:8;s:22:\\\"CERBINO VICTOR DANIEL \\\";i:9;s:4:\\\"1,00\\\";i:10;s:3:\\\"PES\\\";i:11;s:7:\\\"2753,34\\\";i:12;s:4:\\\"0,00\\\";i:13;s:4:\\\"0,00\\\";i:14;s:4:\\\"0,00\\\";i:15;s:6:\\\"578,20\\\";i:16;s:7:\\\"3331,54\\\";}}i:475;O:29:\\\"Illuminate\\\\Support\\\\Collection\\\":1:{s:8:\\\"\\u0000*\\u0000items\\\";a:17:{i:0;s:10:\\\"2023-12-28\\\";i:1;i:6;i:2;i:4;i:3;i:19940;i:4;i:19940;i:5;i:73520205359939;i:6;i:96;i:7;i:25570063;i:8;s:21:\\\"VAZQUEZ JAIME ALBERTO\\\";i:9;s:4:\\\"1,00\\\";i:10;s:3:\\\"PES\\\";i:11;s:8:\\\"11805,98\\\";i:12;s:4:\\\"0,00\\\";i:13;s:4:\\\"0,00\\\";i:14;s:4:\\\"0,00\\\";i:15;s:7:\\\"2479,26\\\";i:16;s:8:\\\"14285,24\\\";}}i:476;O:29:\\\"Illuminate\\\\Support\\\\Collection\\\":1:{s:8:\\\"\\u0000*\\u0000items\\\";a:17:{i:0;s:10:\\\"2023-12-28\\\";i:1;i:6;i:2;i:4;i:3;i:19941;i:4;i:19941;i:5;i:73520205360103;i:6;i:96;i:7;i:1;i:8;N;i:9;s:4:\\\"1,00\\\";i:10;s:3:\\\"PES\\\";i:11;s:6:\\\"244,63\\\";i:12;s:4:\\\"0,00\\\";i:13;s:4:\\\"0,00\\\";i:14;s:4:\\\"0,00\\\";i:15;s:5:\\\"51,37\\\";i:16;s:6:\\\"296,00\\\";}}i:477;O:29:\\\"Illuminate\\\\Support\\\\Collection\\\":1:{s:8:\\\"\\u0000*\\u0000items\\\";a:17:{i:0;s:10:\\\"2023-12-28\\\";i:1;i:6;i:2;i:4;i:3;i:20272;i:4;i:20272;i:5;i:73520327827141;i:6;i:96;i:7;i:1;i:8;N;i:9;s:4:\\\"1,00\\\";i:10;s:3:\\\"PES\\\";i:11;s:6:\\\"115,91\\\";i:12;s:4:\\\"0,00\\\";i:13;s:4:\\\"0,00\\\";i:14;s:4:\\\"0,00\\\";i:15;s:5:\\\"24,34\\\";i:16;s:6:\\\"140,25\\\";}}i:478;O:29:\\\"Illuminate\\\\Support\\\\Collection\\\":1:{s:8:\\\"\\u0000*\\u0000items\\\";a:17:{i:0;s:10:\\\"2023-12-28\\\";i:1;i:6;i:2;i:4;i:3;i:20273;i:4;i:20273;i:5;i:73520327827269;i:6;i:96;i:7;i:39773480;i:8;N;i:9;s:4:\\\"1,00\\\";i:10;s:3:\\\"PES\\\";i:11;s:7:\\\"3451,88\\\";i:12;s:4:\\\"0,00\\\";i:13;s:4:\\\"0,00\\\";i:14;s:4:\\\"0,00\\\";i:15;s:6:\\\"724,90\\\";i:16;s:7:\\\"4176,78\\\";}}i:479;O:29:\\\"Illuminate\\\\Support\\\\Collection\\\":1:{s:8:\\\"\\u0000*\\u0000items\\\";a:17:{i:0;s:10:\\\"2023-12-28\\\";i:1;i:6;i:2;i:4;i:3;i:20274;i:4;i:20274;i:5;i:73520327827329;i:6;i:96;i:7;i:40109491;i:8;s:13:\\\"ROJO AGUSTINA\\\";i:9;s:4:\\\"1,00\\\";i:10;s:3:\\\"PES\\\";i:11;s:8:\\\"23575,95\\\";i:12;s:4:\\\"0,00\\\";i:13;s:4:\\\"0,00\\\";i:14;s:4:\\\"0,00\\\";i:15;s:7:\\\"4950,95\\\";i:16;s:8:\\\"28526,90\\\";}}i:480;O:29:\\\"Illuminate\\\\Support\\\\Collection\\\":1:{s:8:\\\"\\u0000*\\u0000items\\\";a:17:{i:0;s:10:\\\"2023-12-28\\\";i:1;i:6;i:2;i:4;i:3;i:20275;i:4;i:20275;i:5;i:73520327827374;i:6;i:96;i:7;i:95616502;i:8;s:27:\\\"LLAZA GARRAFA YAMILHE AILYN\\\";i:9;s:4:\\\"1,00\\\";i:10;s:3:\\\"PES\\\";i:11;s:7:\\\"6458,98\\\";i:12;s:4:\\\"0,00\\\";i:13;s:4:\\\"0,00\\\";i:14;s:4:\\\"0,00\\\";i:15;s:7:\\\"1356,39\\\";i:16;s:7:\\\"7815,37\\\";}}i:481;O:29:\\\"Illuminate\\\\Support\\\\Collection\\\":1:{s:8:\\\"\\u0000*\\u0000items\\\";a:17:{i:0;s:10:\\\"2023-12-28\\\";i:1;i:6;i:2;i:4;i:3;i:20276;i:4;i:20276;i:5;i:73520327827447;i:6;i:96;i:7;i:1;i:8;N;i:9;s:4:\\\"1,00\\\";i:10;s:3:\\\"PES\\\";i:11;s:6:\\\"347,73\\\";i:12;s:4:\\\"0,00\\\";i:13;s:4:\\\"0,00\\\";i:14;s:4:\\\"0,00\\\";i:15;s:5:\\\"73,02\\\";i:16;s:6:\\\"420,75\\\";}}i:482;O:29:\\\"Illuminate\\\\Support\\\\Collection\\\":1:{s:8:\\\"\\u0000*\\u0000items\\\";a:17:{i:0;s:10:\\\"2023-12-28\\\";i:1;i:6;i:2;i:4;i:3;i:20277;i:4;i:20277;i:5;i:73520327827536;i:6;i:96;i:7;i:34283757;i:8;s:23:\\\"NAVARRO SERGIO FERNANDO\\\";i:9;s:4:\\\"1,00\\\";i:10;s:3:\\\"PES\\\";i:11;s:7:\\\"2293,50\\\";i:12;s:4:\\\"0,00\\\";i:13;s:4:\\\"0,00\\\";i:14;s:4:\\\"0,00\\\";i:15;s:6:\\\"481,63\\\";i:16;s:7:\\\"2775,13\\\";}}i:483;O:29:\\\"Illuminate\\\\Support\\\\Collection\\\":1:{s:8:\\\"\\u0000*\\u0000items\\\";a:17:{i:0;s:10:\\\"2023-12-28\\\";i:1;i:6;i:2;i:4;i:3;i:20278;i:4;i:20278;i:5;i:73520327827609;i:6;i:96;i:7;i:28585247;i:8;s:23:\\\"FERRARO NATALIA SOLEDAD\\\";i:9;s:4:\\\"1,00\\\";i:10;s:3:\\\"PES\\\";i:11;s:7:\\\"1159,97\\\";i:12;s:4:\\\"0,00\\\";i:13;s:4:\\\"0,00\\\";i:14;s:4:\\\"0,00\\\";i:15;s:6:\\\"243,59\\\";i:16;s:7:\\\"1403,57\\\";}}i:484;O:29:\\\"Illuminate\\\\Support\\\\Collection\\\":1:{s:8:\\\"\\u0000*\\u0000items\\\";a:17:{i:0;s:10:\\\"2023-12-28\\\";i:1;i:6;i:2;i:4;i:3;i:20279;i:4;i:20279;i:5;i:73520327827696;i:6;i:96;i:7;i:30935544;i:8;s:21:\\\"ACOSTA VERONICA PAOLA\\\";i:9;s:4:\\\"1,00\\\";i:10;s:3:\\\"PES\\\";i:11;s:7:\\\"2600,72\\\";i:12;s:4:\\\"0,00\\\";i:13;s:4:\\\"0,00\\\";i:14;s:4:\\\"0,00\\\";i:15;s:6:\\\"546,15\\\";i:16;s:7:\\\"3146,87\\\";}}i:485;O:29:\\\"Illuminate\\\\Support\\\\Collection\\\":1:{s:8:\\\"\\u0000*\\u0000items\\\";a:17:{i:0;s:10:\\\"2023-12-28\\\";i:1;i:6;i:2;i:4;i:3;i:20280;i:4;i:20280;i:5;i:73520327827772;i:6;i:96;i:7;i:35645475;i:8;s:23:\\\"SANCHEZ FABRICIO SAMUEL\\\";i:9;s:4:\\\"1,00\\\";i:10;s:3:\\\"PES\\\";i:11;s:7:\\\"2563,95\\\";i:12;s:4:\\\"0,00\\\";i:13;s:4:\\\"0,00\\\";i:14;s:4:\\\"0,00\\\";i:15;s:6:\\\"538,43\\\";i:16;s:7:\\\"3102,38\\\";}}i:486;O:29:\\\"Illuminate\\\\Support\\\\Collection\\\":1:{s:8:\\\"\\u0000*\\u0000items\\\";a:17:{i:0;s:10:\\\"2023-12-28\\\";i:1;i:6;i:2;i:4;i:3;i:20288;i:4;i:20288;i:5;i:73520327855949;i:6;i:96;i:7;i:32190874;i:8;s:23:\\\"RUFFINO LEANDRO NICOLAS\\\";i:9;s:4:\\\"1,00\\\";i:10;s:3:\\\"PES\\\";i:11;s:7:\\\"2925,76\\\";i:12;s:4:\\\"0,00\\\";i:13;s:4:\\\"0,00\\\";i:14;s:4:\\\"0,00\\\";i:15;s:6:\\\"614,41\\\";i:16;s:7:\\\"3540,17\\\";}}i:487;O:29:\\\"Illuminate\\\\Support\\\\Collection\\\":1:{s:8:\\\"\\u0000*\\u0000items\\\";a:17:{i:0;s:10:\\\"2023-12-28\\\";i:1;i:6;i:2;i:4;i:3;i:19974;i:4;i:19974;i:5;i:73520211350622;i:6;i:96;i:7;i:23616393;i:8;s:23:\\\"TOLEDO MYRIAN ELIZABETH\\\";i:9;s:4:\\\"1,00\\\";i:10;s:3:\\\"PES\\\";i:11;s:7:\\\"6498,26\\\";i:12;s:4:\\\"0,00\\\";i:13;s:4:\\\"0,00\\\";i:14;s:4:\\\"0,00\\\";i:15;s:7:\\\"1364,64\\\";i:16;s:7:\\\"7862,90\\\";}}i:488;O:29:\\\"Illuminate\\\\Support\\\\Collection\\\":1:{s:8:\\\"\\u0000*\\u0000items\\\";a:17:{i:0;s:10:\\\"2023-12-28\\\";i:1;i:6;i:2;i:4;i:3;i:19975;i:4;i:19975;i:5;i:73520211350693;i:6;i:96;i:7;i:1;i:8;N;i:9;s:4:\\\"1,00\\\";i:10;s:3:\\\"PES\\\";i:11;s:6:\\\"169,42\\\";i:12;s:4:\\\"0,00\\\";i:13;s:4:\\\"0,00\\\";i:14;s:4:\\\"0,00\\\";i:15;s:5:\\\"35,58\\\";i:16;s:6:\\\"205,00\\\";}}i:489;O:29:\\\"Illuminate\\\\Support\\\\Collection\\\":1:{s:8:\\\"\\u0000*\\u0000items\\\";a:17:{i:0;s:10:\\\"2023-12-28\\\";i:1;i:6;i:2;i:4;i:3;i:19976;i:4;i:19976;i:5;i:73520211350897;i:6;i:96;i:7;i:27354267;i:8;s:23:\\\"GALVAN GABRIEL LEONARDO\\\";i:9;s:4:\\\"1,00\\\";i:10;s:3:\\\"PES\\\";i:11;s:7:\\\"3317,35\\\";i:12;s:4:\\\"0,00\\\";i:13;s:4:\\\"0,00\\\";i:14;s:4:\\\"0,00\\\";i:15;s:6:\\\"696,64\\\";i:16;s:7:\\\"4013,99\\\";}}i:490;O:29:\\\"Illuminate\\\\Support\\\\Collection\\\":1:{s:8:\\\"\\u0000*\\u0000items\\\";a:17:{i:0;s:10:\\\"2023-12-28\\\";i:1;i:6;i:2;i:4;i:3;i:19977;i:4;i:19977;i:5;i:73520211351063;i:6;i:96;i:7;i:31881247;i:8;s:22:\\\"HEREDIA ERICA FERNANDA\\\";i:9;s:4:\\\"1,00\\\";i:10;s:3:\\\"PES\\\";i:11;s:7:\\\"7590,59\\\";i:12;s:4:\\\"0,00\\\";i:13;s:4:\\\"0,00\\\";i:14;s:4:\\\"0,00\\\";i:15;s:7:\\\"1594,02\\\";i:16;s:7:\\\"9184,62\\\";}}i:491;O:29:\\\"Illuminate\\\\Support\\\\Collection\\\":1:{s:8:\\\"\\u0000*\\u0000items\\\";a:17:{i:0;s:10:\\\"2023-12-28\\\";i:1;i:6;i:2;i:4;i:3;i:19978;i:4;i:19978;i:5;i:73520211351209;i:6;i:96;i:7;i:1;i:8;N;i:9;s:4:\\\"1,00\\\";i:10;s:3:\\\"PES\\\";i:11;s:6:\\\"115,91\\\";i:12;s:4:\\\"0,00\\\";i:13;s:4:\\\"0,00\\\";i:14;s:4:\\\"0,00\\\";i:15;s:5:\\\"24,34\\\";i:16;s:6:\\\"140,25\\\";}}i:492;O:29:\\\"Illuminate\\\\Support\\\\Collection\\\":1:{s:8:\\\"\\u0000*\\u0000items\\\";a:17:{i:0;s:10:\\\"2023-12-28\\\";i:1;i:6;i:2;i:4;i:3;i:19979;i:4;i:19979;i:5;i:73520211351385;i:6;i:96;i:7;i:36597473;i:8;s:21:\\\"GOMEZ MICAELA MELINA \\\";i:9;s:4:\\\"1,00\\\";i:10;s:3:\\\"PES\\\";i:11;s:7:\\\"2124,22\\\";i:12;s:4:\\\"0,00\\\";i:13;s:4:\\\"0,00\\\";i:14;s:4:\\\"0,00\\\";i:15;s:6:\\\"446,09\\\";i:16;s:7:\\\"2570,31\\\";}}i:493;O:29:\\\"Illuminate\\\\Support\\\\Collection\\\":1:{s:8:\\\"\\u0000*\\u0000items\\\";a:17:{i:0;s:10:\\\"2023-12-28\\\";i:1;i:6;i:2;i:4;i:3;i:19980;i:4;i:19980;i:5;i:73520211351490;i:6;i:96;i:7;i:7727500;i:8;N;i:9;s:4:\\\"1,00\\\";i:10;s:3:\\\"PES\\\";i:11;s:7:\\\"4390,68\\\";i:12;s:4:\\\"0,00\\\";i:13;s:4:\\\"0,00\\\";i:14;s:4:\\\"0,00\\\";i:15;s:6:\\\"922,04\\\";i:16;s:7:\\\"5312,72\\\";}}i:494;O:29:\\\"Illuminate\\\\Support\\\\Collection\\\":1:{s:8:\\\"\\u0000*\\u0000items\\\";a:17:{i:0;s:10:\\\"2023-12-28\\\";i:1;i:6;i:2;i:4;i:3;i:20282;i:4;i:20282;i:5;i:73520327855321;i:6;i:96;i:7;i:1;i:8;N;i:9;s:4:\\\"1,00\\\";i:10;s:3:\\\"PES\\\";i:11;s:6:\\\"231,40\\\";i:12;s:4:\\\"0,00\\\";i:13;s:4:\\\"0,00\\\";i:14;s:4:\\\"0,00\\\";i:15;s:5:\\\"48,60\\\";i:16;s:6:\\\"280,00\\\";}}i:495;O:29:\\\"Illuminate\\\\Support\\\\Collection\\\":1:{s:8:\\\"\\u0000*\\u0000items\\\";a:17:{i:0;s:10:\\\"2023-12-28\\\";i:1;i:6;i:2;i:4;i:3;i:20283;i:4;i:20283;i:5;i:73520327855449;i:6;i:96;i:7;i:30466743;i:8;s:21:\\\"FERNANDEZ LUCIA BELEN\\\";i:9;s:4:\\\"1,00\\\";i:10;s:3:\\\"PES\\\";i:11;s:7:\\\"5211,14\\\";i:12;s:4:\\\"0,00\\\";i:13;s:4:\\\"0,00\\\";i:14;s:4:\\\"0,00\\\";i:15;s:7:\\\"1094,34\\\";i:16;s:7:\\\"6305,48\\\";}}i:496;O:29:\\\"Illuminate\\\\Support\\\\Collection\\\":1:{s:8:\\\"\\u0000*\\u0000items\\\";a:17:{i:0;s:10:\\\"2023-12-28\\\";i:1;i:6;i:2;i:4;i:3;i:20284;i:4;i:20284;i:5;i:73520327855494;i:6;i:96;i:7;i:24951083;i:8;s:17:\\\"AYALA MARIA ESTER\\\";i:9;s:4:\\\"1,00\\\";i:10;s:3:\\\"PES\\\";i:11;s:7:\\\"4219,41\\\";i:12;s:4:\\\"0,00\\\";i:13;s:4:\\\"0,00\\\";i:14;s:4:\\\"0,00\\\";i:15;s:6:\\\"886,08\\\";i:16;s:7:\\\"5105,49\\\";}}i:497;O:29:\\\"Illuminate\\\\Support\\\\Collection\\\":1:{s:8:\\\"\\u0000*\\u0000items\\\";a:17:{i:0;s:10:\\\"2023-12-28\\\";i:1;i:6;i:2;i:4;i:3;i:20285;i:4;i:20285;i:5;i:73520327855627;i:6;i:96;i:7;i:1;i:8;N;i:9;s:4:\\\"1,00\\\";i:10;s:3:\\\"PES\\\";i:11;s:6:\\\"347,73\\\";i:12;s:4:\\\"0,00\\\";i:13;s:4:\\\"0,00\\\";i:14;s:4:\\\"0,00\\\";i:15;s:5:\\\"73,02\\\";i:16;s:6:\\\"420,75\\\";}}i:498;O:29:\\\"Illuminate\\\\Support\\\\Collection\\\":1:{s:8:\\\"\\u0000*\\u0000items\\\";a:17:{i:0;s:10:\\\"2023-12-28\\\";i:1;i:6;i:2;i:4;i:3;i:20286;i:4;i:20286;i:5;i:73520327855716;i:6;i:96;i:7;i:7609891;i:8;N;i:9;s:4:\\\"1,00\\\";i:10;s:3:\\\"PES\\\";i:11;s:7:\\\"1862,26\\\";i:12;s:4:\\\"0,00\\\";i:13;s:4:\\\"0,00\\\";i:14;s:4:\\\"0,00\\\";i:15;s:6:\\\"391,07\\\";i:16;s:7:\\\"2253,33\\\";}}i:499;O:29:\\\"Illuminate\\\\Support\\\\Collection\\\":1:{s:8:\\\"\\u0000*\\u0000items\\\";a:17:{i:0;s:10:\\\"2023-12-28\\\";i:1;i:6;i:2;i:4;i:3;i:20287;i:4;i:20287;i:5;i:73520327855821;i:6;i:96;i:7;i:36696489;i:8;s:16:\\\"CAMPAGNA NICOLAS\\\";i:9;s:4:\\\"1,00\\\";i:10;s:3:\\\"PES\\\";i:11;s:7:\\\"4041,64\\\";i:12;s:4:\\\"0,00\\\";i:13;s:4:\\\"0,00\\\";i:14;s:4:\\\"0,00\\\";i:15;s:6:\\\"848,74\\\";i:16;s:7:\\\"4890,38\\\";}}i:500;O:29:\\\"Illuminate\\\\Support\\\\Collection\\\":1:{s:8:\\\"\\u0000*\\u0000items\\\";a:17:{i:0;s:10:\\\"2023-12-28\\\";i:1;i:6;i:2;i:4;i:3;i:20297;i:4;i:20297;i:5;i:73520327899432;i:6;i:96;i:7;i:26471131;i:8;s:20:\\\"BARDELLI MARIA LAURA\\\";i:9;s:4:\\\"1,00\\\";i:10;s:3:\\\"PES\\\";i:11;s:7:\\\"2678,41\\\";i:12;s:4:\\\"0,00\\\";i:13;s:4:\\\"0,00\\\";i:14;s:4:\\\"0,00\\\";i:15;s:6:\\\"562,47\\\";i:16;s:7:\\\"3240,88\\\";}}i:501;O:29:\\\"Illuminate\\\\Support\\\\Collection\\\":1:{s:8:\\\"\\u0000*\\u0000items\\\";a:17:{i:0;s:10:\\\"2023-12-28\\\";i:1;i:6;i:2;i:4;i:3;i:20289;i:4;i:20289;i:5;i:73520327856055;i:6;i:96;i:7;i:1;i:8;N;i:9;s:4:\\\"1,00\\\";i:10;s:3:\\\"PES\\\";i:11;s:5:\\\"77,27\\\";i:12;s:4:\\\"0,00\\\";i:13;s:4:\\\"0,00\\\";i:14;s:4:\\\"0,00\\\";i:15;s:5:\\\"16,23\\\";i:16;s:5:\\\"93,50\\\";}}i:502;O:29:\\\"Illuminate\\\\Support\\\\Collection\\\":1:{s:8:\\\"\\u0000*\\u0000items\\\";a:17:{i:0;s:10:\\\"2023-12-28\\\";i:1;i:6;i:2;i:4;i:3;i:20290;i:4;i:20290;i:5;i:73520327856157;i:6;i:96;i:7;i:95971675;i:8;s:28:\\\"ZEMZEN YOUSSEF YAMILET ZURAP\\\";i:9;s:4:\\\"1,00\\\";i:10;s:3:\\\"PES\\\";i:11;s:7:\\\"2139,21\\\";i:12;s:4:\\\"0,00\\\";i:13;s:4:\\\"0,00\\\";i:14;s:4:\\\"0,00\\\";i:15;s:6:\\\"449,23\\\";i:16;s:7:\\\"2588,44\\\";}}i:503;O:29:\\\"Illuminate\\\\Support\\\\Collection\\\":1:{s:8:\\\"\\u0000*\\u0000items\\\";a:17:{i:0;s:10:\\\"2023-12-28\\\";i:1;i:6;i:2;i:4;i:3;i:20181;i:4;i:20181;i:5;i:73520255863737;i:6;i:96;i:7;i:33257739;i:8;s:20:\\\"CONDE MARIA VICTORIA\\\";i:9;s:4:\\\"1,00\\\";i:10;s:3:\\\"PES\\\";i:11;s:7:\\\"9572,59\\\";i:12;s:4:\\\"0,00\\\";i:13;s:4:\\\"0,00\\\";i:14;s:4:\\\"0,00\\\";i:15;s:7:\\\"2010,24\\\";i:16;s:8:\\\"11582,84\\\";}}i:504;O:29:\\\"Illuminate\\\\Support\\\\Collection\\\":1:{s:8:\\\"\\u0000*\\u0000items\\\";a:17:{i:0;s:10:\\\"2023-12-28\\\";i:1;i:6;i:2;i:4;i:3;i:20182;i:4;i:20182;i:5;i:73520255863842;i:6;i:96;i:7;i:1;i:8;N;i:9;s:4:\\\"1,00\\\";i:10;s:3:\\\"PES\\\";i:11;s:6:\\\"347,73\\\";i:12;s:4:\\\"0,00\\\";i:13;s:4:\\\"0,00\\\";i:14;s:4:\\\"0,00\\\";i:15;s:5:\\\"73,02\\\";i:16;s:6:\\\"420,75\\\";}}i:505;O:29:\\\"Illuminate\\\\Support\\\\Collection\\\":1:{s:8:\\\"\\u0000*\\u0000items\\\";a:17:{i:0;s:10:\\\"2023-12-28\\\";i:1;i:6;i:2;i:4;i:3;i:20183;i:4;i:20183;i:5;i:73520255864018;i:6;i:96;i:7;i:18282303;i:8;s:21:\\\"GARCIA CARLOS ALBERTO\\\";i:9;s:4:\\\"1,00\\\";i:10;s:3:\\\"PES\\\";i:11;s:7:\\\"6661,42\\\";i:12;s:4:\\\"0,00\\\";i:13;s:4:\\\"0,00\\\";i:14;s:4:\\\"0,00\\\";i:15;s:7:\\\"1398,90\\\";i:16;s:7:\\\"8060,32\\\";}}i:506;O:29:\\\"Illuminate\\\\Support\\\\Collection\\\":1:{s:8:\\\"\\u0000*\\u0000items\\\";a:17:{i:0;s:10:\\\"2023-12-28\\\";i:1;i:6;i:2;i:4;i:3;i:20184;i:4;i:20184;i:5;i:73520255864178;i:6;i:96;i:7;i:1;i:8;N;i:9;s:4:\\\"1,00\\\";i:10;s:3:\\\"PES\\\";i:11;s:6:\\\"231,40\\\";i:12;s:4:\\\"0,00\\\";i:13;s:4:\\\"0,00\\\";i:14;s:4:\\\"0,00\\\";i:15;s:5:\\\"48,60\\\";i:16;s:6:\\\"280,00\\\";}}i:507;O:29:\\\"Illuminate\\\\Support\\\\Collection\\\":1:{s:8:\\\"\\u0000*\\u0000items\\\";a:17:{i:0;s:10:\\\"2023-12-28\\\";i:1;i:6;i:2;i:4;i:3;i:20185;i:4;i:20185;i:5;i:73520255864296;i:6;i:96;i:7;i:43410881;i:8;s:20:\\\"CONTI JIMENA SOLEDAD\\\";i:9;s:4:\\\"1,00\\\";i:10;s:3:\\\"PES\\\";i:11;s:7:\\\"4051,45\\\";i:12;s:4:\\\"0,00\\\";i:13;s:4:\\\"0,00\\\";i:14;s:4:\\\"0,00\\\";i:15;s:6:\\\"850,80\\\";i:16;s:7:\\\"4902,25\\\";}}i:508;O:29:\\\"Illuminate\\\\Support\\\\Collection\\\":1:{s:8:\\\"\\u0000*\\u0000items\\\";a:17:{i:0;s:10:\\\"2023-12-28\\\";i:1;i:6;i:2;i:4;i:3;i:20186;i:4;i:20186;i:5;i:73520255864416;i:6;i:96;i:7;i:1;i:8;N;i:9;s:4:\\\"1,00\\\";i:10;s:3:\\\"PES\\\";i:11;s:7:\\\"1669,41\\\";i:12;s:4:\\\"0,00\\\";i:13;s:4:\\\"0,00\\\";i:14;s:4:\\\"0,00\\\";i:15;s:6:\\\"350,58\\\";i:16;s:7:\\\"2019,99\\\";}}i:509;O:29:\\\"Illuminate\\\\Support\\\\Collection\\\":1:{s:8:\\\"\\u0000*\\u0000items\\\";a:17:{i:0;s:10:\\\"2023-12-28\\\";i:1;i:6;i:2;i:4;i:3;i:20187;i:4;i:20187;i:5;i:73520255864490;i:6;i:96;i:7;i:33104079;i:8;s:22:\\\"MORALES TOMAS FERNANDO\\\";i:9;s:4:\\\"1,00\\\";i:10;s:3:\\\"PES\\\";i:11;s:7:\\\"7374,53\\\";i:12;s:4:\\\"0,00\\\";i:13;s:4:\\\"0,00\\\";i:14;s:4:\\\"0,00\\\";i:15;s:7:\\\"1548,65\\\";i:16;s:7:\\\"8923,18\\\";}}i:510;O:29:\\\"Illuminate\\\\Support\\\\Collection\\\":1:{s:8:\\\"\\u0000*\\u0000items\\\";a:17:{i:0;s:10:\\\"2023-12-28\\\";i:1;i:6;i:2;i:4;i:3;i:20188;i:4;i:20188;i:5;i:73520255864610;i:6;i:86;i:7;i:27269194400;i:8;s:20:\\\"CACERES NATALIA INES\\\";i:9;s:4:\\\"1,00\\\";i:10;s:3:\\\"PES\\\";i:11;s:7:\\\"4330,78\\\";i:12;s:4:\\\"0,00\\\";i:13;s:4:\\\"0,00\\\";i:14;s:4:\\\"0,00\\\";i:15;s:6:\\\"909,46\\\";i:16;s:7:\\\"5240,24\\\";}}i:511;O:29:\\\"Illuminate\\\\Support\\\\Collection\\\":1:{s:8:\\\"\\u0000*\\u0000items\\\";a:17:{i:0;s:10:\\\"2023-12-28\\\";i:1;i:6;i:2;i:4;i:3;i:20189;i:4;i:20189;i:5;i:73520255864767;i:6;i:96;i:7;i:42058775;i:8;s:20:\\\"CARRIZO BRISA MAILEN\\\";i:9;s:4:\\\"1,00\\\";i:10;s:3:\\\"PES\\\";i:11;s:7:\\\"6781,93\\\";i:12;s:4:\\\"0,00\\\";i:13;s:4:\\\"0,00\\\";i:14;s:4:\\\"0,00\\\";i:15;s:7:\\\"1424,21\\\";i:16;s:7:\\\"8206,14\\\";}}i:512;O:29:\\\"Illuminate\\\\Support\\\\Collection\\\":1:{s:8:\\\"\\u0000*\\u0000items\\\";a:17:{i:0;s:10:\\\"2023-12-28\\\";i:1;i:6;i:2;i:4;i:3;i:20190;i:4;i:20190;i:5;i:73520255864885;i:6;i:96;i:7;i:22100362;i:8;s:26:\\\"ELIZALDE GUSTAVO ALEJANDRO\\\";i:9;s:4:\\\"1,00\\\";i:10;s:3:\\\"PES\\\";i:11;s:7:\\\"7598,78\\\";i:12;s:4:\\\"0,00\\\";i:13;s:4:\\\"0,00\\\";i:14;s:4:\\\"0,00\\\";i:15;s:7:\\\"1595,74\\\";i:16;s:7:\\\"9194,52\\\";}}i:513;O:29:\\\"Illuminate\\\\Support\\\\Collection\\\":1:{s:8:\\\"\\u0000*\\u0000items\\\";a:17:{i:0;s:10:\\\"2023-12-28\\\";i:1;i:6;i:2;i:4;i:3;i:20191;i:4;i:20191;i:5;i:73520255864961;i:6;i:96;i:7;i:47113372;i:8;s:22:\\\"OZUNA LEONARDO GABRIEL\\\";i:9;s:4:\\\"1,00\\\";i:10;s:3:\\\"PES\\\";i:11;s:7:\\\"6277,72\\\";i:12;s:4:\\\"0,00\\\";i:13;s:4:\\\"0,00\\\";i:14;s:4:\\\"0,00\\\";i:15;s:7:\\\"1318,32\\\";i:16;s:7:\\\"7596,04\\\";}}i:514;O:29:\\\"Illuminate\\\\Support\\\\Collection\\\":1:{s:8:\\\"\\u0000*\\u0000items\\\";a:17:{i:0;s:10:\\\"2023-12-28\\\";i:1;i:6;i:2;i:4;i:3;i:20291;i:4;i:20291;i:5;i:73520327898884;i:6;i:96;i:7;i:26166175;i:8;s:20:\\\"PAVESE CARLOS DANIEL\\\";i:9;s:4:\\\"1,00\\\";i:10;s:3:\\\"PES\\\";i:11;s:7:\\\"4792,24\\\";i:12;s:4:\\\"0,00\\\";i:13;s:4:\\\"0,00\\\";i:14;s:4:\\\"0,00\\\";i:15;s:7:\\\"1006,37\\\";i:16;s:7:\\\"5798,61\\\";}}i:515;O:29:\\\"Illuminate\\\\Support\\\\Collection\\\":1:{s:8:\\\"\\u0000*\\u0000items\\\";a:17:{i:0;s:10:\\\"2023-12-28\\\";i:1;i:6;i:2;i:4;i:3;i:20292;i:4;i:20292;i:5;i:73520327898931;i:6;i:96;i:7;i:30997044;i:8;s:22:\\\"AGUILAR MIRTA GRACIELA\\\";i:9;s:4:\\\"1,00\\\";i:10;s:3:\\\"PES\\\";i:11;s:7:\\\"6492,13\\\";i:12;s:4:\\\"0,00\\\";i:13;s:4:\\\"0,00\\\";i:14;s:4:\\\"0,00\\\";i:15;s:7:\\\"1363,35\\\";i:16;s:7:\\\"7855,48\\\";}}i:516;O:29:\\\"Illuminate\\\\Support\\\\Collection\\\":1:{s:8:\\\"\\u0000*\\u0000items\\\";a:17:{i:0;s:10:\\\"2023-12-28\\\";i:1;i:6;i:2;i:4;i:3;i:20293;i:4;i:20293;i:5;i:73520327898973;i:6;i:96;i:7;i:1;i:8;N;i:9;s:4:\\\"1,00\\\";i:10;s:3:\\\"PES\\\";i:11;s:5:\\\"99,17\\\";i:12;s:4:\\\"0,00\\\";i:13;s:4:\\\"0,00\\\";i:14;s:4:\\\"0,00\\\";i:15;s:5:\\\"20,83\\\";i:16;s:6:\\\"120,00\\\";}}i:517;O:29:\\\"Illuminate\\\\Support\\\\Collection\\\":1:{s:8:\\\"\\u0000*\\u0000items\\\";a:17:{i:0;s:10:\\\"2023-12-28\\\";i:1;i:6;i:2;i:4;i:3;i:20294;i:4;i:20294;i:5;i:73520327899123;i:6;i:96;i:7;i:36529708;i:8;s:16:\\\"CARDOZO MACARENA\\\";i:9;s:4:\\\"1,00\\\";i:10;s:3:\\\"PES\\\";i:11;s:7:\\\"2859,63\\\";i:12;s:4:\\\"0,00\\\";i:13;s:4:\\\"0,00\\\";i:14;s:4:\\\"0,00\\\";i:15;s:6:\\\"600,52\\\";i:16;s:7:\\\"3460,15\\\";}}i:518;O:29:\\\"Illuminate\\\\Support\\\\Collection\\\":1:{s:8:\\\"\\u0000*\\u0000items\\\";a:17:{i:0;s:10:\\\"2023-12-28\\\";i:1;i:6;i:2;i:4;i:3;i:20295;i:4;i:20295;i:5;i:73520327899225;i:6;i:96;i:7;i:28821068;i:8;N;i:9;s:4:\\\"1,00\\\";i:10;s:3:\\\"PES\\\";i:11;s:7:\\\"2609,38\\\";i:12;s:4:\\\"0,00\\\";i:13;s:4:\\\"0,00\\\";i:14;s:4:\\\"0,00\\\";i:15;s:6:\\\"547,97\\\";i:16;s:7:\\\"3157,35\\\";}}i:519;O:29:\\\"Illuminate\\\\Support\\\\Collection\\\":1:{s:8:\\\"\\u0000*\\u0000items\\\";a:17:{i:0;s:10:\\\"2023-12-28\\\";i:1;i:6;i:2;i:4;i:3;i:20296;i:4;i:20296;i:5;i:73520327899301;i:6;i:96;i:7;i:1;i:8;N;i:9;s:4:\\\"1,00\\\";i:10;s:3:\\\"PES\\\";i:11;s:6:\\\"413,22\\\";i:12;s:4:\\\"0,00\\\";i:13;s:4:\\\"0,00\\\";i:14;s:4:\\\"0,00\\\";i:15;s:5:\\\"86,78\\\";i:16;s:6:\\\"500,00\\\";}}i:520;O:29:\\\"Illuminate\\\\Support\\\\Collection\\\":1:{s:8:\\\"\\u0000*\\u0000items\\\";a:17:{i:0;s:10:\\\"2023-12-28\\\";i:1;i:6;i:2;i:4;i:3;i:19772;i:4;i:19772;i:5;i:73520202867796;i:6;i:96;i:7;i:31618769;i:8;s:26:\\\"FORNASARI FEDERICO IGNACIO\\\";i:9;s:4:\\\"1,00\\\";i:10;s:3:\\\"PES\\\";i:11;s:8:\\\"12044,43\\\";i:12;s:4:\\\"0,00\\\";i:13;s:4:\\\"0,00\\\";i:14;s:4:\\\"0,00\\\";i:15;s:7:\\\"2529,33\\\";i:16;s:8:\\\"14573,76\\\";}}i:521;O:29:\\\"Illuminate\\\\Support\\\\Collection\\\":1:{s:8:\\\"\\u0000*\\u0000items\\\";a:17:{i:0;s:10:\\\"2023-12-28\\\";i:1;i:6;i:2;i:4;i:3;i:19774;i:4;i:19774;i:5;i:73520202868019;i:6;i:96;i:7;i:31497053;i:8;s:28:\\\"AVIROVIC OJOPI MANUEL ARTURO\\\";i:9;s:4:\\\"1,00\\\";i:10;s:3:\\\"PES\\\";i:11;s:7:\\\"8057,71\\\";i:12;s:4:\\\"0,00\\\";i:13;s:4:\\\"0,00\\\";i:14;s:4:\\\"0,00\\\";i:15;s:7:\\\"1692,12\\\";i:16;s:7:\\\"9749,83\\\";}}i:522;O:29:\\\"Illuminate\\\\Support\\\\Collection\\\":1:{s:8:\\\"\\u0000*\\u0000items\\\";a:17:{i:0;s:10:\\\"2023-12-28\\\";i:1;i:6;i:2;i:4;i:3;i:19781;i:4;i:19781;i:5;i:73520202868886;i:6;i:96;i:7;i:1;i:8;N;i:9;s:4:\\\"1,00\\\";i:10;s:3:\\\"PES\\\";i:11;s:6:\\\"169,42\\\";i:12;s:4:\\\"0,00\\\";i:13;s:4:\\\"0,00\\\";i:14;s:4:\\\"0,00\\\";i:15;s:5:\\\"35,58\\\";i:16;s:6:\\\"205,00\\\";}}i:523;O:29:\\\"Illuminate\\\\Support\\\\Collection\\\":1:{s:8:\\\"\\u0000*\\u0000items\\\";a:17:{i:0;s:10:\\\"2023-12-28\\\";i:1;i:6;i:2;i:4;i:3;i:19782;i:4;i:19782;i:5;i:73520202869007;i:6;i:96;i:7;i:30553043;i:8;s:30:\\\"ALONSO MANCUSO ANDREA VERONICA\\\";i:9;s:4:\\\"1,00\\\";i:10;s:3:\\\"PES\\\";i:11;s:8:\\\"21323,93\\\";i:12;s:4:\\\"0,00\\\";i:13;s:4:\\\"0,00\\\";i:14;s:4:\\\"0,00\\\";i:15;s:7:\\\"4478,02\\\";i:16;s:8:\\\"25801,95\\\";}}i:524;O:29:\\\"Illuminate\\\\Support\\\\Collection\\\":1:{s:8:\\\"\\u0000*\\u0000items\\\";a:17:{i:0;s:10:\\\"2023-12-28\\\";i:1;i:6;i:2;i:4;i:3;i:20008;i:4;i:20008;i:5;i:73520211974328;i:6;i:96;i:7;i:1;i:8;N;i:9;s:4:\\\"1,00\\\";i:10;s:3:\\\"PES\\\";i:11;s:5:\\\"99,17\\\";i:12;s:4:\\\"0,00\\\";i:13;s:4:\\\"0,00\\\";i:14;s:4:\\\"0,00\\\";i:15;s:5:\\\"20,83\\\";i:16;s:6:\\\"120,00\\\";}}i:525;O:29:\\\"Illuminate\\\\Support\\\\Collection\\\":1:{s:8:\\\"\\u0000*\\u0000items\\\";a:17:{i:0;s:10:\\\"2023-12-28\\\";i:1;i:6;i:2;i:4;i:3;i:20009;i:4;i:20009;i:5;i:73520211974593;i:6;i:96;i:7;i:37380903;i:8;s:26:\\\"DOMINGUEZ ROMINA ELIZABETH\\\";i:9;s:4:\\\"1,00\\\";i:10;s:3:\\\"PES\\\";i:11;s:7:\\\"5527,19\\\";i:12;s:4:\\\"0,00\\\";i:13;s:4:\\\"0,00\\\";i:14;s:4:\\\"0,00\\\";i:15;s:7:\\\"1160,71\\\";i:16;s:7:\\\"6687,90\\\";}}i:526;O:29:\\\"Illuminate\\\\Support\\\\Collection\\\":1:{s:8:\\\"\\u0000*\\u0000items\\\";a:17:{i:0;s:10:\\\"2023-12-28\\\";i:1;i:6;i:2;i:4;i:3;i:20010;i:4;i:20010;i:5;i:73520211974857;i:6;i:96;i:7;i:1;i:8;N;i:9;s:4:\\\"1,00\\\";i:10;s:3:\\\"PES\\\";i:11;s:7:\\\"1669,41\\\";i:12;s:4:\\\"0,00\\\";i:13;s:4:\\\"0,00\\\";i:14;s:4:\\\"0,00\\\";i:15;s:6:\\\"350,58\\\";i:16;s:7:\\\"2019,99\\\";}}i:527;O:29:\\\"Illuminate\\\\Support\\\\Collection\\\":1:{s:8:\\\"\\u0000*\\u0000items\\\";a:17:{i:0;s:10:\\\"2023-12-28\\\";i:1;i:6;i:2;i:4;i:3;i:20012;i:4;i:20012;i:5;i:73520211975489;i:6;i:96;i:7;i:1;i:8;N;i:9;s:4:\\\"1,00\\\";i:10;s:3:\\\"PES\\\";i:11;s:7:\\\"1669,41\\\";i:12;s:4:\\\"0,00\\\";i:13;s:4:\\\"0,00\\\";i:14;s:4:\\\"0,00\\\";i:15;s:6:\\\"350,58\\\";i:16;s:7:\\\"2019,99\\\";}}i:528;O:29:\\\"Illuminate\\\\Support\\\\Collection\\\":1:{s:8:\\\"\\u0000*\\u0000items\\\";a:17:{i:0;s:10:\\\"2023-12-28\\\";i:1;i:6;i:2;i:4;i:3;i:20014;i:4;i:20014;i:5;i:73520211976244;i:6;i:96;i:7;i:36007964;i:8;s:15:\\\"VILLALBA SAMUEL\\\";i:9;s:4:\\\"1,00\\\";i:10;s:3:\\\"PES\\\";i:11;s:7:\\\"4894,75\\\";i:12;s:4:\\\"0,00\\\";i:13;s:4:\\\"0,00\\\";i:14;s:4:\\\"0,00\\\";i:15;s:7:\\\"1027,90\\\";i:16;s:7:\\\"5922,65\\\";}}i:529;O:29:\\\"Illuminate\\\\Support\\\\Collection\\\":1:{s:8:\\\"\\u0000*\\u0000items\\\";a:17:{i:0;s:10:\\\"2023-12-28\\\";i:1;i:6;i:2;i:4;i:3;i:20017;i:4;i:20017;i:5;i:73520211977216;i:6;i:96;i:7;i:35511900;i:8;s:29:\\\"SPADAVECCHIA RENZO LUIS OSCAR\\\";i:9;s:4:\\\"1,00\\\";i:10;s:3:\\\"PES\\\";i:11;s:7:\\\"9222,68\\\";i:12;s:4:\\\"0,00\\\";i:13;s:4:\\\"0,00\\\";i:14;s:4:\\\"0,00\\\";i:15;s:7:\\\"1936,76\\\";i:16;s:8:\\\"11159,44\\\";}}i:530;O:29:\\\"Illuminate\\\\Support\\\\Collection\\\":1:{s:8:\\\"\\u0000*\\u0000items\\\";a:17:{i:0;s:10:\\\"2023-12-28\\\";i:1;i:6;i:2;i:4;i:3;i:19834;i:4;i:19834;i:5;i:73520203407416;i:6;i:96;i:7;i:31164835;i:8;s:26:\\\"SIMONELLI FLORENCIA LILIAN\\\";i:9;s:4:\\\"1,00\\\";i:10;s:3:\\\"PES\\\";i:11;s:8:\\\"23936,45\\\";i:12;s:4:\\\"0,00\\\";i:13;s:4:\\\"0,00\\\";i:14;s:4:\\\"0,00\\\";i:15;s:7:\\\"5026,65\\\";i:16;s:8:\\\"28963,10\\\";}}i:531;O:29:\\\"Illuminate\\\\Support\\\\Collection\\\":1:{s:8:\\\"\\u0000*\\u0000items\\\";a:17:{i:0;s:10:\\\"2023-12-28\\\";i:1;i:6;i:2;i:4;i:3;i:20442;i:4;i:20442;i:5;i:73520332043639;i:6;i:96;i:7;i:1;i:8;N;i:9;s:4:\\\"1,00\\\";i:10;s:3:\\\"PES\\\";i:11;s:5:\\\"77,27\\\";i:12;s:4:\\\"0,00\\\";i:13;s:4:\\\"0,00\\\";i:14;s:4:\\\"0,00\\\";i:15;s:5:\\\"16,23\\\";i:16;s:5:\\\"93,50\\\";}}i:532;O:29:\\\"Illuminate\\\\Support\\\\Collection\\\":1:{s:8:\\\"\\u0000*\\u0000items\\\";a:17:{i:0;s:10:\\\"2023-12-28\\\";i:1;i:6;i:2;i:4;i:3;i:20443;i:4;i:20443;i:5;i:73520332043671;i:6;i:96;i:7;i:1;i:8;N;i:9;s:4:\\\"1,00\\\";i:10;s:3:\\\"PES\\\";i:11;s:6:\\\"154,55\\\";i:12;s:4:\\\"0,00\\\";i:13;s:4:\\\"0,00\\\";i:14;s:4:\\\"0,00\\\";i:15;s:5:\\\"32,45\\\";i:16;s:6:\\\"187,00\\\";}}i:533;O:29:\\\"Illuminate\\\\Support\\\\Collection\\\":1:{s:8:\\\"\\u0000*\\u0000items\\\";a:17:{i:0;s:10:\\\"2023-12-28\\\";i:1;i:6;i:2;i:4;i:3;i:20444;i:4;i:20444;i:5;i:73520332043744;i:6;i:96;i:7;i:1;i:8;N;i:9;s:4:\\\"1,00\\\";i:10;s:3:\\\"PES\\\";i:11;s:6:\\\"413,22\\\";i:12;s:4:\\\"0,00\\\";i:13;s:4:\\\"0,00\\\";i:14;s:4:\\\"0,00\\\";i:15;s:5:\\\"86,78\\\";i:16;s:6:\\\"500,00\\\";}}i:534;O:29:\\\"Illuminate\\\\Support\\\\Collection\\\":1:{s:8:\\\"\\u0000*\\u0000items\\\";a:17:{i:0;s:10:\\\"2023-12-28\\\";i:1;i:6;i:2;i:4;i:3;i:20445;i:4;i:20445;i:5;i:73520332043817;i:6;i:86;i:7;i:27382728292;i:8;s:28:\\\"GARCIA AGREDA NORMA DANIELA \\\";i:9;s:4:\\\"1,00\\\";i:10;s:3:\\\"PES\\\";i:11;s:8:\\\"39256,20\\\";i:12;s:4:\\\"0,00\\\";i:13;s:4:\\\"0,00\\\";i:14;s:4:\\\"0,00\\\";i:15;s:7:\\\"8243,80\\\";i:16;s:8:\\\"47500,00\\\";}}i:535;O:29:\\\"Illuminate\\\\Support\\\\Collection\\\":1:{s:8:\\\"\\u0000*\\u0000items\\\";a:17:{i:0;s:10:\\\"2023-12-28\\\";i:1;i:6;i:2;i:4;i:3;i:20446;i:4;i:20446;i:5;i:73520332043859;i:6;i:96;i:7;i:1;i:8;N;i:9;s:4:\\\"1,00\\\";i:10;s:3:\\\"PES\\\";i:11;s:6:\\\"413,22\\\";i:12;s:4:\\\"0,00\\\";i:13;s:4:\\\"0,00\\\";i:14;s:4:\\\"0,00\\\";i:15;s:5:\\\"86,78\\\";i:16;s:6:\\\"500,00\\\";}}i:536;O:29:\\\"Illuminate\\\\Support\\\\Collection\\\":1:{s:8:\\\"\\u0000*\\u0000items\\\";a:17:{i:0;s:10:\\\"2023-12-28\\\";i:1;i:6;i:2;i:4;i:3;i:20072;i:4;i:20072;i:5;i:73520254301163;i:6;i:96;i:7;i:16905580;i:8;s:28:\\\"TORRES MONTIVERO LUIS ADOLFO\\\";i:9;s:4:\\\"1,00\\\";i:10;s:3:\\\"PES\\\";i:11;s:7:\\\"7511,55\\\";i:12;s:4:\\\"0,00\\\";i:13;s:4:\\\"0,00\\\";i:14;s:4:\\\"0,00\\\";i:15;s:7:\\\"1577,43\\\";i:16;s:7:\\\"9088,98\\\";}}i:537;O:29:\\\"Illuminate\\\\Support\\\\Collection\\\":1:{s:8:\\\"\\u0000*\\u0000items\\\";a:17:{i:0;s:10:\\\"2023-12-28\\\";i:1;i:6;i:2;i:4;i:3;i:20073;i:4;i:20073;i:5;i:73520254301294;i:6;i:96;i:7;i:1;i:8;N;i:9;s:4:\\\"1,00\\\";i:10;s:3:\\\"PES\\\";i:11;s:6:\\\"347,73\\\";i:12;s:4:\\\"0,00\\\";i:13;s:4:\\\"0,00\\\";i:14;s:4:\\\"0,00\\\";i:15;s:5:\\\"73,02\\\";i:16;s:6:\\\"420,75\\\";}}i:538;O:29:\\\"Illuminate\\\\Support\\\\Collection\\\":1:{s:8:\\\"\\u0000*\\u0000items\\\";a:17:{i:0;s:10:\\\"2023-12-28\\\";i:1;i:6;i:2;i:4;i:3;i:20492;i:4;i:20492;i:5;i:73520332251757;i:6;i:96;i:7;i:44985026;i:8;s:31:\\\"ZU\\u00d1IGA MANCILLA ILEANA ABIGAIL\\\";i:9;s:4:\\\"1,00\\\";i:10;s:3:\\\"PES\\\";i:11;s:7:\\\"8025,96\\\";i:12;s:4:\\\"0,00\\\";i:13;s:4:\\\"0,00\\\";i:14;s:4:\\\"0,00\\\";i:15;s:7:\\\"1685,45\\\";i:16;s:7:\\\"9711,41\\\";}}i:539;O:29:\\\"Illuminate\\\\Support\\\\Collection\\\":1:{s:8:\\\"\\u0000*\\u0000items\\\";a:17:{i:0;s:10:\\\"2023-12-28\\\";i:1;i:6;i:2;i:4;i:3;i:20298;i:4;i:20298;i:5;i:73520327899592;i:6;i:96;i:7;i:30267823;i:8;s:20:\\\"POGGI ALBERTO MARTIN\\\";i:9;s:4:\\\"1,00\\\";i:10;s:3:\\\"PES\\\";i:11;s:7:\\\"3752,17\\\";i:12;s:4:\\\"0,00\\\";i:13;s:4:\\\"0,00\\\";i:14;s:4:\\\"0,00\\\";i:15;s:6:\\\"787,95\\\";i:16;s:7:\\\"4540,12\\\";}}i:540;O:29:\\\"Illuminate\\\\Support\\\\Collection\\\":1:{s:8:\\\"\\u0000*\\u0000items\\\";a:17:{i:0;s:10:\\\"2023-12-28\\\";i:1;i:6;i:2;i:4;i:3;i:20299;i:4;i:20299;i:5;i:73520327926210;i:6;i:96;i:7;i:1;i:8;N;i:9;s:4:\\\"1,00\\\";i:10;s:3:\\\"PES\\\";i:11;s:6:\\\"122,31\\\";i:12;s:4:\\\"0,00\\\";i:13;s:4:\\\"0,00\\\";i:14;s:4:\\\"0,00\\\";i:15;s:5:\\\"25,69\\\";i:16;s:6:\\\"148,00\\\";}}i:541;O:29:\\\"Illuminate\\\\Support\\\\Collection\\\":1:{s:8:\\\"\\u0000*\\u0000items\\\";a:17:{i:0;s:10:\\\"2023-12-28\\\";i:1;i:6;i:2;i:4;i:3;i:20300;i:4;i:20300;i:5;i:73520327926294;i:6;i:96;i:7;i:93925588;i:8;s:26:\\\"GALEANO CASTEL LIZ MARIELA\\\";i:9;s:4:\\\"1,00\\\";i:10;s:3:\\\"PES\\\";i:11;s:7:\\\"3324,12\\\";i:12;s:4:\\\"0,00\\\";i:13;s:4:\\\"0,00\\\";i:14;s:4:\\\"0,00\\\";i:15;s:6:\\\"698,07\\\";i:16;s:7:\\\"4022,19\\\";}}i:542;O:29:\\\"Illuminate\\\\Support\\\\Collection\\\":1:{s:8:\\\"\\u0000*\\u0000items\\\";a:17:{i:0;s:10:\\\"2023-12-28\\\";i:1;i:6;i:2;i:4;i:3;i:20301;i:4;i:20301;i:5;i:73520327926414;i:6;i:96;i:7;i:44397264;i:8;s:17:\\\"LUNA JIMENA BELEN\\\";i:9;s:4:\\\"1,00\\\";i:10;s:3:\\\"PES\\\";i:11;s:7:\\\"4326,32\\\";i:12;s:4:\\\"0,00\\\";i:13;s:4:\\\"0,00\\\";i:14;s:4:\\\"0,00\\\";i:15;s:6:\\\"908,53\\\";i:16;s:7:\\\"5234,85\\\";}}i:543;O:29:\\\"Illuminate\\\\Support\\\\Collection\\\":1:{s:8:\\\"\\u0000*\\u0000items\\\";a:17:{i:0;s:10:\\\"2023-12-28\\\";i:1;i:6;i:2;i:4;i:3;i:20302;i:4;i:20302;i:5;i:73520327926558;i:6;i:96;i:7;i:34119678;i:8;s:23:\\\"VERDUN PINTOS ELIZABETH\\\";i:9;s:4:\\\"1,00\\\";i:10;s:3:\\\"PES\\\";i:11;s:8:\\\"11592,17\\\";i:12;s:4:\\\"0,00\\\";i:13;s:4:\\\"0,00\\\";i:14;s:4:\\\"0,00\\\";i:15;s:7:\\\"2434,35\\\";i:16;s:8:\\\"14026,52\\\";}}i:544;O:29:\\\"Illuminate\\\\Support\\\\Collection\\\":1:{s:8:\\\"\\u0000*\\u0000items\\\";a:17:{i:0;s:10:\\\"2023-12-28\\\";i:1;i:6;i:2;i:4;i:3;i:20192;i:4;i:20192;i:5;i:73520255995594;i:6;i:96;i:7;i:34032609;i:8;s:22:\\\"ATAIRO NATALIA SOLEDAD\\\";i:9;s:4:\\\"1,00\\\";i:10;s:3:\\\"PES\\\";i:11;s:7:\\\"4561,06\\\";i:12;s:4:\\\"0,00\\\";i:13;s:4:\\\"0,00\\\";i:14;s:4:\\\"0,00\\\";i:15;s:6:\\\"957,82\\\";i:16;s:7:\\\"5518,88\\\";}}i:545;O:29:\\\"Illuminate\\\\Support\\\\Collection\\\":1:{s:8:\\\"\\u0000*\\u0000items\\\";a:17:{i:0;s:10:\\\"2023-12-28\\\";i:1;i:6;i:2;i:4;i:3;i:20193;i:4;i:20193;i:5;i:73520255995816;i:6;i:96;i:7;i:1;i:8;N;i:9;s:4:\\\"1,00\\\";i:10;s:3:\\\"PES\\\";i:11;s:6:\\\"154,55\\\";i:12;s:4:\\\"0,00\\\";i:13;s:4:\\\"0,00\\\";i:14;s:4:\\\"0,00\\\";i:15;s:5:\\\"32,45\\\";i:16;s:6:\\\"187,00\\\";}}i:546;O:29:\\\"Illuminate\\\\Support\\\\Collection\\\":1:{s:8:\\\"\\u0000*\\u0000items\\\";a:17:{i:0;s:10:\\\"2023-12-28\\\";i:1;i:6;i:2;i:4;i:3;i:20194;i:4;i:20194;i:5;i:73520255995976;i:6;i:96;i:7;i:38094702;i:8;s:21:\\\"PICCINI EVELYN VANINA\\\";i:9;s:4:\\\"1,00\\\";i:10;s:3:\\\"PES\\\";i:11;s:7:\\\"9997,84\\\";i:12;s:4:\\\"0,00\\\";i:13;s:4:\\\"0,00\\\";i:14;s:4:\\\"0,00\\\";i:15;s:7:\\\"2099,55\\\";i:16;s:8:\\\"12097,39\\\";}}i:547;O:29:\\\"Illuminate\\\\Support\\\\Collection\\\":1:{s:8:\\\"\\u0000*\\u0000items\\\";a:17:{i:0;s:10:\\\"2023-12-28\\\";i:1;i:6;i:2;i:4;i:3;i:20195;i:4;i:20195;i:5;i:73520255996168;i:6;i:96;i:7;i:39951549;i:8;s:19:\\\"FERNANDEZ ELIZABETH\\\";i:9;s:4:\\\"1,00\\\";i:10;s:3:\\\"PES\\\";i:11;s:7:\\\"6781,93\\\";i:12;s:4:\\\"0,00\\\";i:13;s:4:\\\"0,00\\\";i:14;s:4:\\\"0,00\\\";i:15;s:7:\\\"1424,21\\\";i:16;s:7:\\\"8206,14\\\";}}i:548;O:29:\\\"Illuminate\\\\Support\\\\Collection\\\":1:{s:8:\\\"\\u0000*\\u0000items\\\";a:17:{i:0;s:10:\\\"2023-12-28\\\";i:1;i:6;i:2;i:4;i:3;i:20196;i:4;i:20196;i:5;i:73520255996480;i:6;i:96;i:7;i:39919305;i:8;s:15:\\\"VEGA SOL ANABEL\\\";i:9;s:4:\\\"1,00\\\";i:10;s:3:\\\"PES\\\";i:11;s:7:\\\"2231,93\\\";i:12;s:4:\\\"0,00\\\";i:13;s:4:\\\"0,00\\\";i:14;s:4:\\\"0,00\\\";i:15;s:6:\\\"468,71\\\";i:16;s:7:\\\"2700,64\\\";}}i:549;O:29:\\\"Illuminate\\\\Support\\\\Collection\\\":1:{s:8:\\\"\\u0000*\\u0000items\\\";a:17:{i:0;s:10:\\\"2023-12-28\\\";i:1;i:6;i:2;i:4;i:3;i:20197;i:4;i:20197;i:5;i:73520255996642;i:6;i:96;i:7;i:33720341;i:8;s:15:\\\"RAMIREZ MARIELA\\\";i:9;s:4:\\\"1,00\\\";i:10;s:3:\\\"PES\\\";i:11;s:7:\\\"8347,13\\\";i:12;s:4:\\\"0,00\\\";i:13;s:4:\\\"0,00\\\";i:14;s:4:\\\"0,00\\\";i:15;s:7:\\\"1752,90\\\";i:16;s:8:\\\"10100,03\\\";}}i:550;O:29:\\\"Illuminate\\\\Support\\\\Collection\\\":1:{s:8:\\\"\\u0000*\\u0000items\\\";a:17:{i:0;s:10:\\\"2023-12-28\\\";i:1;i:6;i:2;i:4;i:3;i:20198;i:4;i:20198;i:5;i:73520255996799;i:6;i:96;i:7;i:34472358;i:8;s:26:\\\"TITO MARENGO EMILSE DAIANA\\\";i:9;s:4:\\\"1,00\\\";i:10;s:3:\\\"PES\\\";i:11;s:8:\\\"12346,43\\\";i:12;s:4:\\\"0,00\\\";i:13;s:4:\\\"0,00\\\";i:14;s:4:\\\"0,00\\\";i:15;s:7:\\\"2592,75\\\";i:16;s:8:\\\"14939,18\\\";}}i:551;O:29:\\\"Illuminate\\\\Support\\\\Collection\\\":1:{s:8:\\\"\\u0000*\\u0000items\\\";a:17:{i:0;s:10:\\\"2023-12-28\\\";i:1;i:6;i:2;i:4;i:3;i:20199;i:4;i:20199;i:5;i:73520255996922;i:6;i:96;i:7;i:31978022;i:8;s:21:\\\"GARCIA VANESA SOLEDAD\\\";i:9;s:4:\\\"1,00\\\";i:10;s:3:\\\"PES\\\";i:11;s:7:\\\"4925,55\\\";i:12;s:4:\\\"0,00\\\";i:13;s:4:\\\"0,00\\\";i:14;s:4:\\\"0,00\\\";i:15;s:7:\\\"1034,36\\\";i:16;s:7:\\\"5959,91\\\";}}i:552;O:29:\\\"Illuminate\\\\Support\\\\Collection\\\":1:{s:8:\\\"\\u0000*\\u0000items\\\";a:17:{i:0;s:10:\\\"2023-12-28\\\";i:1;i:6;i:2;i:4;i:3;i:20200;i:4;i:20200;i:5;i:73520255997130;i:6;i:96;i:7;i:4270244;i:8;N;i:9;s:4:\\\"1,00\\\";i:10;s:3:\\\"PES\\\";i:11;s:7:\\\"8621,31\\\";i:12;s:4:\\\"0,00\\\";i:13;s:4:\\\"0,00\\\";i:14;s:4:\\\"0,00\\\";i:15;s:7:\\\"1810,47\\\";i:16;s:8:\\\"10431,78\\\";}}i:553;O:29:\\\"Illuminate\\\\Support\\\\Collection\\\":1:{s:8:\\\"\\u0000*\\u0000items\\\";a:17:{i:0;s:10:\\\"2023-12-28\\\";i:1;i:6;i:2;i:4;i:3;i:20201;i:4;i:20201;i:5;i:73520255997376;i:6;i:96;i:7;i:40066358;i:8;s:29:\\\"KOHLER MONTA\\u00d1A MARTIN JAVIER\\\";i:9;s:4:\\\"1,00\\\";i:10;s:3:\\\"PES\\\";i:11;s:7:\\\"3642,65\\\";i:12;s:4:\\\"0,00\\\";i:13;s:4:\\\"0,00\\\";i:14;s:4:\\\"0,00\\\";i:15;s:6:\\\"764,96\\\";i:16;s:7:\\\"4407,61\\\";}}i:554;O:29:\\\"Illuminate\\\\Support\\\\Collection\\\":1:{s:8:\\\"\\u0000*\\u0000items\\\";a:17:{i:0;s:10:\\\"2023-12-28\\\";i:1;i:6;i:2;i:4;i:3;i:19981;i:4;i:19981;i:5;i:73520211504117;i:6;i:96;i:7;i:40869953;i:8;s:25:\\\"PEREZ ELIZABETH ALEJANDRA\\\";i:9;s:4:\\\"1,00\\\";i:10;s:3:\\\"PES\\\";i:11;s:7:\\\"7005,38\\\";i:12;s:4:\\\"0,00\\\";i:13;s:4:\\\"0,00\\\";i:14;s:4:\\\"0,00\\\";i:15;s:7:\\\"1471,13\\\";i:16;s:7:\\\"8476,51\\\";}}i:555;O:29:\\\"Illuminate\\\\Support\\\\Collection\\\":1:{s:8:\\\"\\u0000*\\u0000items\\\";a:17:{i:0;s:10:\\\"2023-12-28\\\";i:1;i:6;i:2;i:4;i:3;i:19982;i:4;i:19982;i:5;i:73520211504308;i:6;i:96;i:7;i:35792423;i:8;s:23:\\\"GARCIA NICOLAS EMILIANO\\\";i:9;s:4:\\\"1,00\\\";i:10;s:3:\\\"PES\\\";i:11;s:8:\\\"22608,86\\\";i:12;s:4:\\\"0,00\\\";i:13;s:4:\\\"0,00\\\";i:14;s:4:\\\"0,00\\\";i:15;s:7:\\\"4747,86\\\";i:16;s:8:\\\"27356,72\\\";}}i:556;O:29:\\\"Illuminate\\\\Support\\\\Collection\\\":1:{s:8:\\\"\\u0000*\\u0000items\\\";a:17:{i:0;s:10:\\\"2023-12-28\\\";i:1;i:6;i:2;i:4;i:3;i:19983;i:4;i:19983;i:5;i:73520211504439;i:6;i:96;i:7;i:23959026;i:8;s:20:\\\"ROJAS ROSANA MARIELA\\\";i:9;s:4:\\\"1,00\\\";i:10;s:3:\\\"PES\\\";i:11;s:7:\\\"6783,17\\\";i:12;s:4:\\\"0,00\\\";i:13;s:4:\\\"0,00\\\";i:14;s:4:\\\"0,00\\\";i:15;s:7:\\\"1424,46\\\";i:16;s:7:\\\"8207,63\\\";}}i:557;O:29:\\\"Illuminate\\\\Support\\\\Collection\\\":1:{s:8:\\\"\\u0000*\\u0000items\\\";a:17:{i:0;s:10:\\\"2023-12-28\\\";i:1;i:6;i:2;i:4;i:3;i:19984;i:4;i:19984;i:5;i:73520211504544;i:6;i:96;i:7;i:1;i:8;N;i:9;s:4:\\\"1,00\\\";i:10;s:3:\\\"PES\\\";i:11;s:6:\\\"154,55\\\";i:12;s:4:\\\"0,00\\\";i:13;s:4:\\\"0,00\\\";i:14;s:4:\\\"0,00\\\";i:15;s:5:\\\"32,45\\\";i:16;s:6:\\\"187,00\\\";}}i:558;O:29:\\\"Illuminate\\\\Support\\\\Collection\\\":1:{s:8:\\\"\\u0000*\\u0000items\\\";a:17:{i:0;s:10:\\\"2023-12-28\\\";i:1;i:6;i:2;i:4;i:3;i:19985;i:4;i:19985;i:5;i:73520211504719;i:6;i:96;i:7;i:24564763;i:8;N;i:9;s:4:\\\"1,00\\\";i:10;s:3:\\\"PES\\\";i:11;s:7:\\\"7603,07\\\";i:12;s:4:\\\"0,00\\\";i:13;s:4:\\\"0,00\\\";i:14;s:4:\\\"0,00\\\";i:15;s:7:\\\"1596,65\\\";i:16;s:7:\\\"9199,72\\\";}}i:559;O:29:\\\"Illuminate\\\\Support\\\\Collection\\\":1:{s:8:\\\"\\u0000*\\u0000items\\\";a:17:{i:0;s:10:\\\"2023-12-28\\\";i:1;i:6;i:2;i:4;i:3;i:19986;i:4;i:19986;i:5;i:73520211505105;i:6;i:96;i:7;i:1;i:8;N;i:9;s:4:\\\"1,00\\\";i:10;s:3:\\\"PES\\\";i:11;s:6:\\\"347,73\\\";i:12;s:4:\\\"0,00\\\";i:13;s:4:\\\"0,00\\\";i:14;s:4:\\\"0,00\\\";i:15;s:5:\\\"73,02\\\";i:16;s:6:\\\"420,75\\\";}}i:560;O:29:\\\"Illuminate\\\\Support\\\\Collection\\\":1:{s:8:\\\"\\u0000*\\u0000items\\\";a:17:{i:0;s:10:\\\"2023-12-28\\\";i:1;i:6;i:2;i:4;i:3;i:19987;i:4;i:19987;i:5;i:73520211505281;i:6;i:96;i:7;i:28901589;i:8;s:33:\\\"PARDO CASCARDO CAROLINA ALEJANDRA\\\";i:9;s:4:\\\"1,00\\\";i:10;s:3:\\\"PES\\\";i:11;s:7:\\\"3870,18\\\";i:12;s:4:\\\"0,00\\\";i:13;s:4:\\\"0,00\\\";i:14;s:4:\\\"0,00\\\";i:15;s:6:\\\"812,74\\\";i:16;s:7:\\\"4682,92\\\";}}i:561;O:29:\\\"Illuminate\\\\Support\\\\Collection\\\":1:{s:8:\\\"\\u0000*\\u0000items\\\";a:17:{i:0;s:10:\\\"2023-12-28\\\";i:1;i:6;i:2;i:4;i:3;i:19988;i:4;i:19988;i:5;i:73520211505401;i:6;i:96;i:7;i:36784542;i:8;s:21:\\\"BELMONTE PAULA VANESA\\\";i:9;s:4:\\\"1,00\\\";i:10;s:3:\\\"PES\\\";i:11;s:7:\\\"2452,45\\\";i:12;s:4:\\\"0,00\\\";i:13;s:4:\\\"0,00\\\";i:14;s:4:\\\"0,00\\\";i:15;s:6:\\\"515,02\\\";i:16;s:7:\\\"2967,47\\\";}}i:562;O:29:\\\"Illuminate\\\\Support\\\\Collection\\\":1:{s:8:\\\"\\u0000*\\u0000items\\\";a:17:{i:0;s:10:\\\"2023-12-28\\\";i:1;i:6;i:2;i:4;i:3;i:19989;i:4;i:19989;i:5;i:73520211505558;i:6;i:96;i:7;i:6447202;i:8;N;i:9;s:4:\\\"1,00\\\";i:10;s:3:\\\"PES\\\";i:11;s:7:\\\"5432,15\\\";i:12;s:4:\\\"0,00\\\";i:13;s:4:\\\"0,00\\\";i:14;s:4:\\\"0,00\\\";i:15;s:7:\\\"1140,75\\\";i:16;s:7:\\\"6572,90\\\";}}i:563;O:29:\\\"Illuminate\\\\Support\\\\Collection\\\":1:{s:8:\\\"\\u0000*\\u0000items\\\";a:17:{i:0;s:10:\\\"2023-12-28\\\";i:1;i:6;i:2;i:4;i:3;i:19753;i:4;i:19753;i:5;i:73520202638595;i:6;i:96;i:7;i:31829164;i:8;s:22:\\\"MARTINEZ MIRIAM RAQUEL\\\";i:9;s:4:\\\"1,00\\\";i:10;s:3:\\\"PES\\\";i:11;s:7:\\\"5309,71\\\";i:12;s:4:\\\"0,00\\\";i:13;s:4:\\\"0,00\\\";i:14;s:4:\\\"0,00\\\";i:15;s:7:\\\"1115,04\\\";i:16;s:7:\\\"6424,75\\\";}}i:564;O:29:\\\"Illuminate\\\\Support\\\\Collection\\\":1:{s:8:\\\"\\u0000*\\u0000items\\\";a:17:{i:0;s:10:\\\"2023-12-28\\\";i:1;i:6;i:2;i:4;i:3;i:19754;i:4;i:19754;i:5;i:73520202638715;i:6;i:96;i:7;i:1;i:8;N;i:9;s:4:\\\"1,00\\\";i:10;s:3:\\\"PES\\\";i:11;s:5:\\\"77,27\\\";i:12;s:4:\\\"0,00\\\";i:13;s:4:\\\"0,00\\\";i:14;s:4:\\\"0,00\\\";i:15;s:5:\\\"16,23\\\";i:16;s:5:\\\"93,50\\\";}}i:565;O:29:\\\"Illuminate\\\\Support\\\\Collection\\\":1:{s:8:\\\"\\u0000*\\u0000items\\\";a:17:{i:0;s:10:\\\"2023-12-28\\\";i:1;i:6;i:2;i:4;i:3;i:19755;i:4;i:19755;i:5;i:73520202638875;i:6;i:96;i:7;i:38358064;i:8;s:32:\\\"FLORES PANIAGUA MICHELLE SOLANGE\\\";i:9;s:4:\\\"1,00\\\";i:10;s:3:\\\"PES\\\";i:11;s:7:\\\"4839,29\\\";i:12;s:4:\\\"0,00\\\";i:13;s:4:\\\"0,00\\\";i:14;s:4:\\\"0,00\\\";i:15;s:7:\\\"1016,25\\\";i:16;s:7:\\\"5855,54\\\";}}i:566;O:29:\\\"Illuminate\\\\Support\\\\Collection\\\":1:{s:8:\\\"\\u0000*\\u0000items\\\";a:17:{i:0;s:10:\\\"2023-12-28\\\";i:1;i:6;i:2;i:4;i:3;i:19756;i:4;i:19756;i:5;i:73520202638977;i:6;i:96;i:7;i:35905714;i:8;s:20:\\\"MUSSI MAIDA PATRICIA\\\";i:9;s:4:\\\"1,00\\\";i:10;s:3:\\\"PES\\\";i:11;s:7:\\\"3870,18\\\";i:12;s:4:\\\"0,00\\\";i:13;s:4:\\\"0,00\\\";i:14;s:4:\\\"0,00\\\";i:15;s:6:\\\"812,74\\\";i:16;s:7:\\\"4682,92\\\";}}i:567;O:29:\\\"Illuminate\\\\Support\\\\Collection\\\":1:{s:8:\\\"\\u0000*\\u0000items\\\";a:17:{i:0;s:10:\\\"2023-12-28\\\";i:1;i:6;i:2;i:4;i:3;i:19757;i:4;i:19757;i:5;i:73520202639070;i:6;i:96;i:7;i:1;i:8;N;i:9;s:4:\\\"1,00\\\";i:10;s:3:\\\"PES\\\";i:11;s:6:\\\"169,42\\\";i:12;s:4:\\\"0,00\\\";i:13;s:4:\\\"0,00\\\";i:14;s:4:\\\"0,00\\\";i:15;s:5:\\\"35,58\\\";i:16;s:6:\\\"205,00\\\";}}i:568;O:29:\\\"Illuminate\\\\Support\\\\Collection\\\":1:{s:8:\\\"\\u0000*\\u0000items\\\";a:17:{i:0;s:10:\\\"2023-12-28\\\";i:1;i:6;i:2;i:4;i:3;i:19758;i:4;i:19758;i:5;i:73520202639172;i:6;i:96;i:7;i:38345080;i:8;s:17:\\\"ARANCIAGA MICAELA\\\";i:9;s:4:\\\"1,00\\\";i:10;s:3:\\\"PES\\\";i:11;s:7:\\\"7689,00\\\";i:12;s:4:\\\"0,00\\\";i:13;s:4:\\\"0,00\\\";i:14;s:4:\\\"0,00\\\";i:15;s:7:\\\"1614,69\\\";i:16;s:7:\\\"9303,69\\\";}}i:569;O:29:\\\"Illuminate\\\\Support\\\\Collection\\\":1:{s:8:\\\"\\u0000*\\u0000items\\\";a:17:{i:0;s:10:\\\"2023-12-28\\\";i:1;i:6;i:2;i:4;i:3;i:19759;i:4;i:19759;i:5;i:73520202639287;i:6;i:96;i:7;i:33625785;i:8;s:23:\\\"SEGOVIA VANESA ELISABET\\\";i:9;s:4:\\\"1,00\\\";i:10;s:3:\\\"PES\\\";i:11;s:7:\\\"7339,28\\\";i:12;s:4:\\\"0,00\\\";i:13;s:4:\\\"0,00\\\";i:14;s:4:\\\"0,00\\\";i:15;s:7:\\\"1541,25\\\";i:16;s:7:\\\"8880,53\\\";}}i:570;O:29:\\\"Illuminate\\\\Support\\\\Collection\\\":1:{s:8:\\\"\\u0000*\\u0000items\\\";a:17:{i:0;s:10:\\\"2023-12-28\\\";i:1;i:6;i:2;i:4;i:3;i:19760;i:4;i:19760;i:5;i:73520202639407;i:6;i:96;i:7;i:33358948;i:8;s:20:\\\"GARAY ROMINA ANYELEN\\\";i:9;s:4:\\\"1,00\\\";i:10;s:3:\\\"PES\\\";i:11;s:7:\\\"5574,91\\\";i:12;s:4:\\\"0,00\\\";i:13;s:4:\\\"0,00\\\";i:14;s:4:\\\"0,00\\\";i:15;s:7:\\\"1170,73\\\";i:16;s:7:\\\"6745,64\\\";}}i:571;O:29:\\\"Illuminate\\\\Support\\\\Collection\\\":1:{s:8:\\\"\\u0000*\\u0000items\\\";a:17:{i:0;s:10:\\\"2023-12-28\\\";i:1;i:6;i:2;i:4;i:3;i:19761;i:4;i:19761;i:5;i:73520202639525;i:6;i:96;i:7;i:1;i:8;N;i:9;s:4:\\\"1,00\\\";i:10;s:3:\\\"PES\\\";i:11;s:6:\\\"333,88\\\";i:12;s:4:\\\"0,00\\\";i:13;s:4:\\\"0,00\\\";i:14;s:4:\\\"0,00\\\";i:15;s:5:\\\"70,12\\\";i:16;s:6:\\\"404,00\\\";}}i:572;O:29:\\\"Illuminate\\\\Support\\\\Collection\\\":1:{s:8:\\\"\\u0000*\\u0000items\\\";a:17:{i:0;s:10:\\\"2023-12-28\\\";i:1;i:6;i:2;i:4;i:3;i:19762;i:4;i:19762;i:5;i:73520202711188;i:6;i:96;i:7;i:33027071;i:8;s:20:\\\"LEIVA HECTOR ALFREDO\\\";i:9;s:4:\\\"1,00\\\";i:10;s:3:\\\"PES\\\";i:11;s:7:\\\"8890,91\\\";i:12;s:4:\\\"0,00\\\";i:13;s:4:\\\"0,00\\\";i:14;s:4:\\\"0,00\\\";i:15;s:7:\\\"1867,09\\\";i:16;s:8:\\\"10758,00\\\";}}i:573;O:29:\\\"Illuminate\\\\Support\\\\Collection\\\":1:{s:8:\\\"\\u0000*\\u0000items\\\";a:17:{i:0;s:10:\\\"2023-12-28\\\";i:1;i:6;i:2;i:4;i:3;i:19763;i:4;i:19763;i:5;i:73520202711280;i:6;i:96;i:7;i:23146921;i:8;s:20:\\\"BUSTOS ILEANA MARIEL\\\";i:9;s:4:\\\"1,00\\\";i:10;s:3:\\\"PES\\\";i:11;s:7:\\\"7583,85\\\";i:12;s:4:\\\"0,00\\\";i:13;s:4:\\\"0,00\\\";i:14;s:4:\\\"0,00\\\";i:15;s:7:\\\"1592,61\\\";i:16;s:7:\\\"9176,46\\\";}}i:574;O:29:\\\"Illuminate\\\\Support\\\\Collection\\\":1:{s:8:\\\"\\u0000*\\u0000items\\\";a:17:{i:0;s:10:\\\"2023-12-28\\\";i:1;i:6;i:2;i:4;i:3;i:19764;i:4;i:19764;i:5;i:73520202711382;i:6;i:96;i:7;i:43603542;i:8;s:20:\\\"ROMERO ROCIO ALUMINE\\\";i:9;s:4:\\\"1,00\\\";i:10;s:3:\\\"PES\\\";i:11;s:7:\\\"5459,30\\\";i:12;s:4:\\\"0,00\\\";i:13;s:4:\\\"0,00\\\";i:14;s:4:\\\"0,00\\\";i:15;s:7:\\\"1146,45\\\";i:16;s:7:\\\"6605,75\\\";}}i:575;O:29:\\\"Illuminate\\\\Support\\\\Collection\\\":1:{s:8:\\\"\\u0000*\\u0000items\\\";a:17:{i:0;s:10:\\\"2023-12-28\\\";i:1;i:6;i:2;i:4;i:3;i:19765;i:4;i:19765;i:5;i:73520202711515;i:6;i:96;i:7;i:31603845;i:8;s:24:\\\"VILLANUEVA CARLOS JAVIER\\\";i:9;s:4:\\\"1,00\\\";i:10;s:3:\\\"PES\\\";i:11;s:7:\\\"4569,62\\\";i:12;s:4:\\\"0,00\\\";i:13;s:4:\\\"0,00\\\";i:14;s:4:\\\"0,00\\\";i:15;s:6:\\\"959,62\\\";i:16;s:7:\\\"5529,24\\\";}}i:576;O:29:\\\"Illuminate\\\\Support\\\\Collection\\\":1:{s:8:\\\"\\u0000*\\u0000items\\\";a:17:{i:0;s:10:\\\"2023-12-28\\\";i:1;i:6;i:2;i:4;i:3;i:19766;i:4;i:19766;i:5;i:73520202711777;i:6;i:96;i:7;i:1;i:8;N;i:9;s:4:\\\"1,00\\\";i:10;s:3:\\\"PES\\\";i:11;s:6:\\\"347,73\\\";i:12;s:4:\\\"0,00\\\";i:13;s:4:\\\"0,00\\\";i:14;s:4:\\\"0,00\\\";i:15;s:5:\\\"73,02\\\";i:16;s:6:\\\"420,75\\\";}}i:577;O:29:\\\"Illuminate\\\\Support\\\\Collection\\\":1:{s:8:\\\"\\u0000*\\u0000items\\\";a:17:{i:0;s:10:\\\"2023-12-28\\\";i:1;i:6;i:2;i:4;i:3;i:19767;i:4;i:19767;i:5;i:73520202711968;i:6;i:96;i:7;i:28033536;i:8;s:24:\\\"REY QUINTANA JUAN MARTIN\\\";i:9;s:4:\\\"1,00\\\";i:10;s:3:\\\"PES\\\";i:11;s:7:\\\"2258,55\\\";i:12;s:4:\\\"0,00\\\";i:13;s:4:\\\"0,00\\\";i:14;s:4:\\\"0,00\\\";i:15;s:6:\\\"474,30\\\";i:16;s:7:\\\"2732,85\\\";}}i:578;O:29:\\\"Illuminate\\\\Support\\\\Collection\\\":1:{s:8:\\\"\\u0000*\\u0000items\\\";a:17:{i:0;s:10:\\\"2023-12-28\\\";i:1;i:6;i:2;i:4;i:3;i:20202;i:4;i:20202;i:5;i:73520256140722;i:6;i:96;i:7;i:1;i:8;N;i:9;s:4:\\\"1,00\\\";i:10;s:3:\\\"PES\\\";i:11;s:6:\\\"772,72\\\";i:12;s:4:\\\"0,00\\\";i:13;s:4:\\\"0,00\\\";i:14;s:4:\\\"0,00\\\";i:15;s:6:\\\"162,27\\\";i:16;s:6:\\\"934,99\\\";}}i:579;O:29:\\\"Illuminate\\\\Support\\\\Collection\\\":1:{s:8:\\\"\\u0000*\\u0000items\\\";a:17:{i:0;s:10:\\\"2023-12-28\\\";i:1;i:6;i:2;i:4;i:3;i:20203;i:4;i:20203;i:5;i:73520256140780;i:6;i:96;i:7;i:45746894;i:8;s:30:\\\"ZARATE CHAMORRO ESTRELLA ANAHI\\\";i:9;s:4:\\\"1,00\\\";i:10;s:3:\\\"PES\\\";i:11;s:7:\\\"5499,83\\\";i:12;s:4:\\\"0,00\\\";i:13;s:4:\\\"0,00\\\";i:14;s:4:\\\"0,00\\\";i:15;s:7:\\\"1154,97\\\";i:16;s:7:\\\"6654,80\\\";}}i:580;O:29:\\\"Illuminate\\\\Support\\\\Collection\\\":1:{s:8:\\\"\\u0000*\\u0000items\\\";a:17:{i:0;s:10:\\\"2023-12-28\\\";i:1;i:6;i:2;i:4;i:3;i:20204;i:4;i:20204;i:5;i:73520256140879;i:6;i:96;i:7;i:1;i:8;N;i:9;s:4:\\\"1,00\\\";i:10;s:3:\\\"PES\\\";i:11;s:6:\\\"122,31\\\";i:12;s:4:\\\"0,00\\\";i:13;s:4:\\\"0,00\\\";i:14;s:4:\\\"0,00\\\";i:15;s:5:\\\"25,69\\\";i:16;s:6:\\\"148,00\\\";}}i:581;O:29:\\\"Illuminate\\\\Support\\\\Collection\\\":1:{s:8:\\\"\\u0000*\\u0000items\\\";a:17:{i:0;s:10:\\\"2023-12-28\\\";i:1;i:6;i:2;i:4;i:3;i:20205;i:4;i:20205;i:5;i:73520256140913;i:6;i:96;i:7;i:34689057;i:8;s:22:\\\"PONCHIONE BRENDA ANAHI\\\";i:9;s:4:\\\"1,00\\\";i:10;s:3:\\\"PES\\\";i:11;s:7:\\\"3852,22\\\";i:12;s:4:\\\"0,00\\\";i:13;s:4:\\\"0,00\\\";i:14;s:4:\\\"0,00\\\";i:15;s:6:\\\"808,97\\\";i:16;s:7:\\\"4661,19\\\";}}i:582;O:29:\\\"Illuminate\\\\Support\\\\Collection\\\":1:{s:8:\\\"\\u0000*\\u0000items\\\";a:17:{i:0;s:10:\\\"2023-12-28\\\";i:1;i:6;i:2;i:4;i:3;i:19768;i:4;i:19768;i:5;i:73520202712090;i:6;i:96;i:7;i:43854110;i:8;s:30:\\\"RAMIREZ JAVIER ANDRES BENJAMIN\\\";i:9;s:4:\\\"1,00\\\";i:10;s:3:\\\"PES\\\";i:11;s:7:\\\"5773,35\\\";i:12;s:4:\\\"0,00\\\";i:13;s:4:\\\"0,00\\\";i:14;s:4:\\\"0,00\\\";i:15;s:7:\\\"1212,40\\\";i:16;s:7:\\\"6985,75\\\";}}i:583;O:29:\\\"Illuminate\\\\Support\\\\Collection\\\":1:{s:8:\\\"\\u0000*\\u0000items\\\";a:17:{i:0;s:10:\\\"2023-12-28\\\";i:1;i:6;i:2;i:4;i:3;i:19769;i:4;i:19769;i:5;i:73520202712192;i:6;i:96;i:7;i:37490362;i:8;s:22:\\\"MORALES YAMILA MICAELA\\\";i:9;s:4:\\\"1,00\\\";i:10;s:3:\\\"PES\\\";i:11;s:7:\\\"8100,74\\\";i:12;s:4:\\\"0,00\\\";i:13;s:4:\\\"0,00\\\";i:14;s:4:\\\"0,00\\\";i:15;s:7:\\\"1701,16\\\";i:16;s:7:\\\"9801,90\\\";}}i:584;O:29:\\\"Illuminate\\\\Support\\\\Collection\\\":1:{s:8:\\\"\\u0000*\\u0000items\\\";a:17:{i:0;s:10:\\\"2023-12-28\\\";i:1;i:6;i:2;i:4;i:3;i:20206;i:4;i:20206;i:5;i:73520256141058;i:6;i:96;i:7;i:34873799;i:8;s:30:\\\"GONZALEZ MAYRA AGOSTINA DENISE\\\";i:9;s:4:\\\"1,00\\\";i:10;s:3:\\\"PES\\\";i:11;s:7:\\\"1366,06\\\";i:12;s:4:\\\"0,00\\\";i:13;s:4:\\\"0,00\\\";i:14;s:4:\\\"0,00\\\";i:15;s:6:\\\"286,87\\\";i:16;s:7:\\\"1652,93\\\";}}i:585;O:29:\\\"Illuminate\\\\Support\\\\Collection\\\":1:{s:8:\\\"\\u0000*\\u0000items\\\";a:17:{i:0;s:10:\\\"2023-12-28\\\";i:1;i:6;i:2;i:4;i:3;i:20207;i:4;i:20207;i:5;i:73520256141150;i:6;i:96;i:7;i:1;i:8;N;i:9;s:4:\\\"1,00\\\";i:10;s:3:\\\"PES\\\";i:11;s:6:\\\"347,73\\\";i:12;s:4:\\\"0,00\\\";i:13;s:4:\\\"0,00\\\";i:14;s:4:\\\"0,00\\\";i:15;s:5:\\\"73,02\\\";i:16;s:6:\\\"420,75\\\";}}i:586;O:29:\\\"Illuminate\\\\Support\\\\Collection\\\":1:{s:8:\\\"\\u0000*\\u0000items\\\";a:17:{i:0;s:10:\\\"2023-12-28\\\";i:1;i:6;i:2;i:4;i:3;i:20208;i:4;i:20208;i:5;i:73520256141278;i:6;i:96;i:7;i:1;i:8;N;i:9;s:4:\\\"1,00\\\";i:10;s:3:\\\"PES\\\";i:11;s:6:\\\"244,63\\\";i:12;s:4:\\\"0,00\\\";i:13;s:4:\\\"0,00\\\";i:14;s:4:\\\"0,00\\\";i:15;s:5:\\\"51,37\\\";i:16;s:6:\\\"296,00\\\";}}i:587;O:29:\\\"Illuminate\\\\Support\\\\Collection\\\":1:{s:8:\\\"\\u0000*\\u0000items\\\";a:17:{i:0;s:10:\\\"2023-12-28\\\";i:1;i:6;i:2;i:4;i:3;i:20209;i:4;i:20209;i:5;i:73520256141414;i:6;i:96;i:7;i:34873799;i:8;s:30:\\\"GONZALEZ MAYRA AGOSTINA DENISE\\\";i:9;s:4:\\\"1,00\\\";i:10;s:3:\\\"PES\\\";i:11;s:7:\\\"2016,66\\\";i:12;s:4:\\\"0,00\\\";i:13;s:4:\\\"0,00\\\";i:14;s:4:\\\"0,00\\\";i:15;s:6:\\\"423,50\\\";i:16;s:7:\\\"2440,16\\\";}}i:588;O:29:\\\"Illuminate\\\\Support\\\\Collection\\\":1:{s:8:\\\"\\u0000*\\u0000items\\\";a:17:{i:0;s:10:\\\"2023-12-28\\\";i:1;i:6;i:2;i:4;i:3;i:20210;i:4;i:20210;i:5;i:73520256141618;i:6;i:96;i:7;i:27118198;i:8;s:24:\\\"DONIZZETTI SABRINA PAOLA\\\";i:9;s:4:\\\"1,00\\\";i:10;s:3:\\\"PES\\\";i:11;s:8:\\\"11787,97\\\";i:12;s:4:\\\"0,00\\\";i:13;s:4:\\\"0,00\\\";i:14;s:4:\\\"0,00\\\";i:15;s:7:\\\"2475,47\\\";i:16;s:8:\\\"14263,45\\\";}}i:589;O:29:\\\"Illuminate\\\\Support\\\\Collection\\\":1:{s:8:\\\"\\u0000*\\u0000items\\\";a:17:{i:0;s:10:\\\"2023-12-28\\\";i:1;i:6;i:2;i:4;i:3;i:19990;i:4;i:19990;i:5;i:73520211701443;i:6;i:96;i:7;i:1;i:8;N;i:9;s:4:\\\"1,00\\\";i:10;s:3:\\\"PES\\\";i:11;s:5:\\\"99,17\\\";i:12;s:4:\\\"0,00\\\";i:13;s:4:\\\"0,00\\\";i:14;s:4:\\\"0,00\\\";i:15;s:5:\\\"20,83\\\";i:16;s:6:\\\"120,00\\\";}}i:590;O:29:\\\"Illuminate\\\\Support\\\\Collection\\\":1:{s:8:\\\"\\u0000*\\u0000items\\\";a:17:{i:0;s:10:\\\"2023-12-28\\\";i:1;i:6;i:2;i:4;i:3;i:19991;i:4;i:19991;i:5;i:73520211701778;i:6;i:96;i:7;i:40073441;i:8;s:19:\\\"MANDEL MELINA BELEN\\\";i:9;s:4:\\\"1,00\\\";i:10;s:3:\\\"PES\\\";i:11;s:7:\\\"7562,09\\\";i:12;s:4:\\\"0,00\\\";i:13;s:4:\\\"0,00\\\";i:14;s:4:\\\"0,00\\\";i:15;s:7:\\\"1588,04\\\";i:16;s:7:\\\"9150,13\\\";}}i:591;O:29:\\\"Illuminate\\\\Support\\\\Collection\\\":1:{s:8:\\\"\\u0000*\\u0000items\\\";a:17:{i:0;s:10:\\\"2023-12-28\\\";i:1;i:6;i:2;i:4;i:3;i:19992;i:4;i:19992;i:5;i:73520211702033;i:6;i:96;i:7;i:28201396;i:8;s:27:\\\"MONTI MORENO MARIA VERONICA\\\";i:9;s:4:\\\"1,00\\\";i:10;s:3:\\\"PES\\\";i:11;s:7:\\\"5961,07\\\";i:12;s:4:\\\"0,00\\\";i:13;s:4:\\\"0,00\\\";i:14;s:4:\\\"0,00\\\";i:15;s:7:\\\"1251,83\\\";i:16;s:7:\\\"7212,90\\\";}}i:592;O:29:\\\"Illuminate\\\\Support\\\\Collection\\\":1:{s:8:\\\"\\u0000*\\u0000items\\\";a:17:{i:0;s:10:\\\"2023-12-28\\\";i:1;i:6;i:2;i:4;i:3;i:19993;i:4;i:19993;i:5;i:73520211702295;i:6;i:96;i:7;i:1;i:8;N;i:9;s:4:\\\"1,00\\\";i:10;s:3:\\\"PES\\\";i:11;s:6:\\\"751,24\\\";i:12;s:4:\\\"0,00\\\";i:13;s:4:\\\"0,00\\\";i:14;s:4:\\\"0,00\\\";i:15;s:6:\\\"157,76\\\";i:16;s:6:\\\"909,00\\\";}}i:593;O:29:\\\"Illuminate\\\\Support\\\\Collection\\\":1:{s:8:\\\"\\u0000*\\u0000items\\\";a:17:{i:0;s:10:\\\"2023-12-28\\\";i:1;i:6;i:2;i:4;i:3;i:19994;i:4;i:19994;i:5;i:73520211702517;i:6;i:96;i:7;i:37377757;i:8;s:21:\\\"SANABRIA LUIS GABRIEL\\\";i:9;s:4:\\\"1,00\\\";i:10;s:3:\\\"PES\\\";i:11;s:7:\\\"3149,79\\\";i:12;s:4:\\\"0,00\\\";i:13;s:4:\\\"0,00\\\";i:14;s:4:\\\"0,00\\\";i:15;s:6:\\\"661,46\\\";i:16;s:7:\\\"3811,25\\\";}}i:594;O:29:\\\"Illuminate\\\\Support\\\\Collection\\\":1:{s:8:\\\"\\u0000*\\u0000items\\\";a:17:{i:0;s:10:\\\"2023-12-28\\\";i:1;i:6;i:2;i:4;i:3;i:19995;i:4;i:19995;i:5;i:73520211702753;i:6;i:96;i:7;i:1;i:8;N;i:9;s:4:\\\"1,00\\\";i:10;s:3:\\\"PES\\\";i:11;s:7:\\\"1223,13\\\";i:12;s:4:\\\"0,00\\\";i:13;s:4:\\\"0,00\\\";i:14;s:4:\\\"0,00\\\";i:15;s:6:\\\"256,86\\\";i:16;s:7:\\\"1479,99\\\";}}i:595;O:29:\\\"Illuminate\\\\Support\\\\Collection\\\":1:{s:8:\\\"\\u0000*\\u0000items\\\";a:17:{i:0;s:10:\\\"2023-12-28\\\";i:1;i:6;i:2;i:4;i:3;i:19996;i:4;i:19996;i:5;i:73520211703018;i:6;i:96;i:7;i:22769149;i:8;s:19:\\\"LOSER MARCELA MARTA\\\";i:9;s:4:\\\"1,00\\\";i:10;s:3:\\\"PES\\\";i:11;s:7:\\\"7020,77\\\";i:12;s:4:\\\"0,00\\\";i:13;s:4:\\\"0,00\\\";i:14;s:4:\\\"0,00\\\";i:15;s:7:\\\"1474,36\\\";i:16;s:7:\\\"8495,13\\\";}}i:596;O:29:\\\"Illuminate\\\\Support\\\\Collection\\\":1:{s:8:\\\"\\u0000*\\u0000items\\\";a:17:{i:0;s:10:\\\"2023-12-28\\\";i:1;i:6;i:2;i:4;i:3;i:19997;i:4;i:19997;i:5;i:73520211703385;i:6;i:96;i:7;i:23377107;i:8;s:20:\\\"BIANCHI LUCIANO ALDO\\\";i:9;s:4:\\\"1,00\\\";i:10;s:3:\\\"PES\\\";i:11;s:7:\\\"8251,85\\\";i:12;s:4:\\\"0,00\\\";i:13;s:4:\\\"0,00\\\";i:14;s:4:\\\"0,00\\\";i:15;s:7:\\\"1732,89\\\";i:16;s:7:\\\"9984,74\\\";}}i:597;O:29:\\\"Illuminate\\\\Support\\\\Collection\\\":1:{s:8:\\\"\\u0000*\\u0000items\\\";a:17:{i:0;s:10:\\\"2023-12-28\\\";i:1;i:6;i:2;i:4;i:3;i:19998;i:4;i:19998;i:5;i:73520211703709;i:6;i:96;i:7;i:1;i:8;N;i:9;s:4:\\\"1,00\\\";i:10;s:3:\\\"PES\\\";i:11;s:7:\\\"1669,41\\\";i:12;s:4:\\\"0,00\\\";i:13;s:4:\\\"0,00\\\";i:14;s:4:\\\"0,00\\\";i:15;s:6:\\\"350,58\\\";i:16;s:7:\\\"2019,99\\\";}}i:598;O:29:\\\"Illuminate\\\\Support\\\\Collection\\\":1:{s:8:\\\"\\u0000*\\u0000items\\\";a:17:{i:0;s:10:\\\"2023-12-28\\\";i:1;i:6;i:2;i:4;i:3;i:19999;i:4;i:19999;i:5;i:73520211703987;i:6;i:96;i:7;i:23589936;i:8;s:17:\\\"BASSI MARIA CARLA\\\";i:9;s:4:\\\"1,00\\\";i:10;s:3:\\\"PES\\\";i:11;s:8:\\\"13032,11\\\";i:12;s:4:\\\"0,00\\\";i:13;s:4:\\\"0,00\\\";i:14;s:4:\\\"0,00\\\";i:15;s:7:\\\"2736,74\\\";i:16;s:8:\\\"15768,85\\\";}}i:599;O:29:\\\"Illuminate\\\\Support\\\\Collection\\\":1:{s:8:\\\"\\u0000*\\u0000items\\\";a:17:{i:0;s:10:\\\"2023-12-28\\\";i:1;i:6;i:2;i:4;i:3;i:20000;i:4;i:20000;i:5;i:73520211704200;i:6;i:96;i:7;i:18057064;i:8;s:22:\\\"GRILLI MONICA BEATRIZ \\\";i:9;s:4:\\\"1,00\\\";i:10;s:3:\\\"PES\\\";i:11;s:7:\\\"7410,91\\\";i:12;s:4:\\\"0,00\\\";i:13;s:4:\\\"0,00\\\";i:14;s:4:\\\"0,00\\\";i:15;s:7:\\\"1556,29\\\";i:16;s:7:\\\"8967,20\\\";}}i:600;O:29:\\\"Illuminate\\\\Support\\\\Collection\\\":1:{s:8:\\\"\\u0000*\\u0000items\\\";a:17:{i:0;s:10:\\\"2023-12-28\\\";i:1;i:6;i:2;i:4;i:3;i:20001;i:4;i:20001;i:5;i:73520211704404;i:6;i:96;i:7;i:1;i:8;N;i:9;s:4:\\\"1,00\\\";i:10;s:3:\\\"PES\\\";i:11;s:6:\\\"413,22\\\";i:12;s:4:\\\"0,00\\\";i:13;s:4:\\\"0,00\\\";i:14;s:4:\\\"0,00\\\";i:15;s:5:\\\"86,78\\\";i:16;s:6:\\\"500,00\\\";}}i:601;O:29:\\\"Illuminate\\\\Support\\\\Collection\\\":1:{s:8:\\\"\\u0000*\\u0000items\\\";a:17:{i:0;s:10:\\\"2023-12-28\\\";i:1;i:6;i:2;i:4;i:3;i:20002;i:4;i:20002;i:5;i:73520211704713;i:6;i:96;i:7;i:17862643;i:8;s:21:\\\"VILLALBA LUIS ANTONIO\\\";i:9;s:4:\\\"1,00\\\";i:10;s:3:\\\"PES\\\";i:11;s:7:\\\"7248,04\\\";i:12;s:4:\\\"0,00\\\";i:13;s:4:\\\"0,00\\\";i:14;s:4:\\\"0,00\\\";i:15;s:7:\\\"1522,09\\\";i:16;s:7:\\\"8770,13\\\";}}i:602;O:29:\\\"Illuminate\\\\Support\\\\Collection\\\":1:{s:8:\\\"\\u0000*\\u0000items\\\";a:17:{i:0;s:10:\\\"2023-12-28\\\";i:1;i:6;i:2;i:4;i:3;i:19770;i:4;i:19770;i:5;i:73520202867563;i:6;i:96;i:7;i:22742329;i:8;s:22:\\\"PEREYRA GUSTAVO DANIEL\\\";i:9;s:4:\\\"1,00\\\";i:10;s:3:\\\"PES\\\";i:11;s:7:\\\"3794,88\\\";i:12;s:4:\\\"0,00\\\";i:13;s:4:\\\"0,00\\\";i:14;s:4:\\\"0,00\\\";i:15;s:6:\\\"796,92\\\";i:16;s:7:\\\"4591,80\\\";}}i:603;O:29:\\\"Illuminate\\\\Support\\\\Collection\\\":1:{s:8:\\\"\\u0000*\\u0000items\\\";a:17:{i:0;s:10:\\\"2023-12-28\\\";i:1;i:6;i:2;i:4;i:3;i:19771;i:4;i:19771;i:5;i:73520202867649;i:6;i:96;i:7;i:1;i:8;N;i:9;s:4:\\\"1,00\\\";i:10;s:3:\\\"PES\\\";i:11;s:6:\\\"154,55\\\";i:12;s:4:\\\"0,00\\\";i:13;s:4:\\\"0,00\\\";i:14;s:4:\\\"0,00\\\";i:15;s:5:\\\"32,45\\\";i:16;s:6:\\\"187,00\\\";}}i:604;O:29:\\\"Illuminate\\\\Support\\\\Collection\\\":1:{s:8:\\\"\\u0000*\\u0000items\\\";a:17:{i:0;s:10:\\\"2023-12-28\\\";i:1;i:6;i:2;i:4;i:3;i:19773;i:4;i:19773;i:5;i:73520202867885;i:6;i:96;i:7;i:43410255;i:8;s:12:\\\"VIVES MARTIN\\\";i:9;s:4:\\\"1,00\\\";i:10;s:3:\\\"PES\\\";i:11;s:7:\\\"5095,06\\\";i:12;s:4:\\\"0,00\\\";i:13;s:4:\\\"0,00\\\";i:14;s:4:\\\"0,00\\\";i:15;s:7:\\\"1069,96\\\";i:16;s:7:\\\"6165,02\\\";}}i:605;O:29:\\\"Illuminate\\\\Support\\\\Collection\\\":1:{s:8:\\\"\\u0000*\\u0000items\\\";a:17:{i:0;s:10:\\\"2023-12-28\\\";i:1;i:6;i:2;i:4;i:3;i:19775;i:4;i:19775;i:5;i:73520202868140;i:6;i:96;i:7;i:29611528;i:8;s:19:\\\"AVILES ROSANA ESTER\\\";i:9;s:4:\\\"1,00\\\";i:10;s:3:\\\"PES\\\";i:11;s:7:\\\"6031,32\\\";i:12;s:4:\\\"0,00\\\";i:13;s:4:\\\"0,00\\\";i:14;s:4:\\\"0,00\\\";i:15;s:7:\\\"1266,58\\\";i:16;s:7:\\\"7297,90\\\";}}i:606;O:29:\\\"Illuminate\\\\Support\\\\Collection\\\":1:{s:8:\\\"\\u0000*\\u0000items\\\";a:17:{i:0;s:10:\\\"2023-12-28\\\";i:1;i:6;i:2;i:4;i:3;i:19776;i:4;i:19776;i:5;i:73520202868315;i:6;i:96;i:7;i:1;i:8;N;i:9;s:4:\\\"1,00\\\";i:10;s:3:\\\"PES\\\";i:11;s:5:\\\"77,27\\\";i:12;s:4:\\\"0,00\\\";i:13;s:4:\\\"0,00\\\";i:14;s:4:\\\"0,00\\\";i:15;s:5:\\\"16,23\\\";i:16;s:5:\\\"93,50\\\";}}i:607;O:29:\\\"Illuminate\\\\Support\\\\Collection\\\":1:{s:8:\\\"\\u0000*\\u0000items\\\";a:17:{i:0;s:10:\\\"2023-12-28\\\";i:1;i:6;i:2;i:4;i:3;i:19777;i:4;i:19777;i:5;i:73520202868373;i:6;i:96;i:7;i:22675647;i:8;s:28:\\\"LAMORTE RODOLFO VICTOR MIGUE\\\";i:9;s:4:\\\"1,00\\\";i:10;s:3:\\\"PES\\\";i:11;s:7:\\\"4078,59\\\";i:12;s:4:\\\"0,00\\\";i:13;s:4:\\\"0,00\\\";i:14;s:4:\\\"0,00\\\";i:15;s:6:\\\"856,50\\\";i:16;s:7:\\\"4935,09\\\";}}i:608;O:29:\\\"Illuminate\\\\Support\\\\Collection\\\":1:{s:8:\\\"\\u0000*\\u0000items\\\";a:17:{i:0;s:10:\\\"2023-12-28\\\";i:1;i:6;i:2;i:4;i:3;i:19778;i:4;i:19778;i:5;i:73520202868522;i:6;i:96;i:7;i:38081705;i:8;s:19:\\\"ACOSTA HUGO RICARDO\\\";i:9;s:4:\\\"1,00\\\";i:10;s:3:\\\"PES\\\";i:11;s:7:\\\"8019,31\\\";i:12;s:4:\\\"0,00\\\";i:13;s:4:\\\"0,00\\\";i:14;s:4:\\\"0,00\\\";i:15;s:7:\\\"1684,06\\\";i:16;s:7:\\\"9703,37\\\";}}i:609;O:29:\\\"Illuminate\\\\Support\\\\Collection\\\":1:{s:8:\\\"\\u0000*\\u0000items\\\";a:17:{i:0;s:10:\\\"2023-12-28\\\";i:1;i:6;i:2;i:4;i:3;i:19779;i:4;i:19779;i:5;i:73520202868653;i:6;i:96;i:7;i:17191605;i:8;s:23:\\\"CANTERO MARTA MARGARITA\\\";i:9;s:4:\\\"1,00\\\";i:10;s:3:\\\"PES\\\";i:11;s:7:\\\"4403,23\\\";i:12;s:4:\\\"0,00\\\";i:13;s:4:\\\"0,00\\\";i:14;s:4:\\\"0,00\\\";i:15;s:6:\\\"924,68\\\";i:16;s:7:\\\"5327,91\\\";}}i:610;O:29:\\\"Illuminate\\\\Support\\\\Collection\\\":1:{s:8:\\\"\\u0000*\\u0000items\\\";a:17:{i:0;s:10:\\\"2023-12-28\\\";i:1;i:6;i:2;i:4;i:3;i:19780;i:4;i:19780;i:5;i:73520202868771;i:6;i:96;i:7;i:42610661;i:8;s:22:\\\"DEMARTIN PAULA CELESTE\\\";i:9;s:4:\\\"1,00\\\";i:10;s:3:\\\"PES\\\";i:11;s:8:\\\"10370,84\\\";i:12;s:4:\\\"0,00\\\";i:13;s:4:\\\"0,00\\\";i:14;s:4:\\\"0,00\\\";i:15;s:7:\\\"2177,88\\\";i:16;s:8:\\\"12548,72\\\";}}i:611;O:29:\\\"Illuminate\\\\Support\\\\Collection\\\":1:{s:8:\\\"\\u0000*\\u0000items\\\";a:17:{i:0;s:10:\\\"2023-12-28\\\";i:1;i:6;i:2;i:4;i:3;i:19783;i:4;i:19783;i:5;i:73520202869167;i:6;i:96;i:7;i:45779085;i:8;s:22:\\\"CIUCCIO RENZO VALENTIN\\\";i:9;s:4:\\\"1,00\\\";i:10;s:3:\\\"PES\\\";i:11;s:7:\\\"3643,66\\\";i:12;s:4:\\\"0,00\\\";i:13;s:4:\\\"0,00\\\";i:14;s:4:\\\"0,00\\\";i:15;s:6:\\\"765,17\\\";i:16;s:7:\\\"4408,83\\\";}}i:612;O:29:\\\"Illuminate\\\\Support\\\\Collection\\\":1:{s:8:\\\"\\u0000*\\u0000items\\\";a:17:{i:0;s:10:\\\"2023-12-28\\\";i:1;i:6;i:2;i:4;i:3;i:19784;i:4;i:19784;i:5;i:73520202869269;i:6;i:96;i:7;i:28560840;i:8;s:27:\\\"MINABERRIGARAY NICOLAS ALDO\\\";i:9;s:4:\\\"1,00\\\";i:10;s:3:\\\"PES\\\";i:11;s:7:\\\"2753,34\\\";i:12;s:4:\\\"0,00\\\";i:13;s:4:\\\"0,00\\\";i:14;s:4:\\\"0,00\\\";i:15;s:6:\\\"578,20\\\";i:16;s:7:\\\"3331,54\\\";}}i:613;O:29:\\\"Illuminate\\\\Support\\\\Collection\\\":1:{s:8:\\\"\\u0000*\\u0000items\\\";a:17:{i:0;s:10:\\\"2023-12-28\\\";i:1;i:6;i:2;i:4;i:3;i:19785;i:4;i:19785;i:5;i:73520202869332;i:6;i:96;i:7;i:21826399;i:8;s:22:\\\"ACEVEDO CARLOS ALBERTO\\\";i:9;s:4:\\\"1,00\\\";i:10;s:3:\\\"PES\\\";i:11;s:7:\\\"5067,59\\\";i:12;s:4:\\\"0,00\\\";i:13;s:4:\\\"0,00\\\";i:14;s:4:\\\"0,00\\\";i:15;s:7:\\\"1064,19\\\";i:16;s:7:\\\"6131,79\\\";}}i:614;O:29:\\\"Illuminate\\\\Support\\\\Collection\\\":1:{s:8:\\\"\\u0000*\\u0000items\\\";a:17:{i:0;s:10:\\\"2023-12-28\\\";i:1;i:6;i:2;i:4;i:3;i:20003;i:4;i:20003;i:5;i:73520211972266;i:6;i:96;i:7;i:28029731;i:8;s:16:\\\"NOLAZCO MICAELA \\\";i:9;s:4:\\\"1,00\\\";i:10;s:3:\\\"PES\\\";i:11;s:7:\\\"4201,55\\\";i:12;s:4:\\\"0,00\\\";i:13;s:4:\\\"0,00\\\";i:14;s:4:\\\"0,00\\\";i:15;s:6:\\\"882,33\\\";i:16;s:7:\\\"5083,88\\\";}}i:615;O:29:\\\"Illuminate\\\\Support\\\\Collection\\\":1:{s:8:\\\"\\u0000*\\u0000items\\\";a:17:{i:0;s:10:\\\"2023-12-28\\\";i:1;i:6;i:2;i:4;i:3;i:20004;i:4;i:20004;i:5;i:73520211972622;i:6;i:96;i:7;i:1;i:8;N;i:9;s:4:\\\"1,00\\\";i:10;s:3:\\\"PES\\\";i:11;s:6:\\\"413,22\\\";i:12;s:4:\\\"0,00\\\";i:13;s:4:\\\"0,00\\\";i:14;s:4:\\\"0,00\\\";i:15;s:5:\\\"86,78\\\";i:16;s:6:\\\"500,00\\\";}}i:616;O:29:\\\"Illuminate\\\\Support\\\\Collection\\\":1:{s:8:\\\"\\u0000*\\u0000items\\\";a:17:{i:0;s:10:\\\"2023-12-28\\\";i:1;i:6;i:2;i:4;i:3;i:20005;i:4;i:20005;i:5;i:73520211973021;i:6;i:96;i:7;i:32944730;i:8;s:19:\\\"PAVON NOELIA JAZMIN\\\";i:9;s:4:\\\"1,00\\\";i:10;s:3:\\\"PES\\\";i:11;s:7:\\\"3303,51\\\";i:12;s:4:\\\"0,00\\\";i:13;s:4:\\\"0,00\\\";i:14;s:4:\\\"0,00\\\";i:15;s:6:\\\"693,74\\\";i:16;s:7:\\\"3997,25\\\";}}i:617;O:29:\\\"Illuminate\\\\Support\\\\Collection\\\":1:{s:8:\\\"\\u0000*\\u0000items\\\";a:17:{i:0;s:10:\\\"2023-12-28\\\";i:1;i:6;i:2;i:4;i:3;i:20006;i:4;i:20006;i:5;i:73520211973576;i:6;i:96;i:7;i:1;i:8;N;i:9;s:4:\\\"1,00\\\";i:10;s:3:\\\"PES\\\";i:11;s:6:\\\"169,42\\\";i:12;s:4:\\\"0,00\\\";i:13;s:4:\\\"0,00\\\";i:14;s:4:\\\"0,00\\\";i:15;s:5:\\\"35,58\\\";i:16;s:6:\\\"205,00\\\";}}i:618;O:29:\\\"Illuminate\\\\Support\\\\Collection\\\":1:{s:8:\\\"\\u0000*\\u0000items\\\";a:17:{i:0;s:10:\\\"2023-12-28\\\";i:1;i:6;i:2;i:4;i:3;i:20007;i:4;i:20007;i:5;i:73520211973827;i:6;i:96;i:7;i:27285375;i:8;s:25:\\\"CAVAL GUADALUPE HORTENCIA\\\";i:9;s:4:\\\"1,00\\\";i:10;s:3:\\\"PES\\\";i:11;s:7:\\\"2814,84\\\";i:12;s:4:\\\"0,00\\\";i:13;s:4:\\\"0,00\\\";i:14;s:4:\\\"0,00\\\";i:15;s:6:\\\"591,12\\\";i:16;s:7:\\\"3405,96\\\";}}i:619;O:29:\\\"Illuminate\\\\Support\\\\Collection\\\":1:{s:8:\\\"\\u0000*\\u0000items\\\";a:17:{i:0;s:10:\\\"2023-12-28\\\";i:1;i:6;i:2;i:4;i:3;i:20011;i:4;i:20011;i:5;i:73520211975112;i:6;i:96;i:7;i:28417659;i:8;s:21:\\\"HABERKON PAULA ROMINA\\\";i:9;s:4:\\\"1,00\\\";i:10;s:3:\\\"PES\\\";i:11;s:8:\\\"11218,70\\\";i:12;s:4:\\\"0,00\\\";i:13;s:4:\\\"0,00\\\";i:14;s:4:\\\"0,00\\\";i:15;s:7:\\\"2355,93\\\";i:16;s:8:\\\"13574,63\\\";}}i:620;O:29:\\\"Illuminate\\\\Support\\\\Collection\\\":1:{s:8:\\\"\\u0000*\\u0000items\\\";a:17:{i:0;s:10:\\\"2023-12-28\\\";i:1;i:6;i:2;i:4;i:3;i:20013;i:4;i:20013;i:5;i:73520211975918;i:6;i:96;i:7;i:18417518;i:8;s:25:\\\"GRISOTTO GUILLERMO DANIEL\\\";i:9;s:4:\\\"1,00\\\";i:10;s:3:\\\"PES\\\";i:11;s:7:\\\"7160,93\\\";i:12;s:4:\\\"0,00\\\";i:13;s:4:\\\"0,00\\\";i:14;s:4:\\\"0,00\\\";i:15;s:7:\\\"1503,79\\\";i:16;s:7:\\\"8664,72\\\";}}i:621;O:29:\\\"Illuminate\\\\Support\\\\Collection\\\":1:{s:8:\\\"\\u0000*\\u0000items\\\";a:17:{i:0;s:10:\\\"2023-12-28\\\";i:1;i:6;i:2;i:4;i:3;i:20015;i:4;i:20015;i:5;i:73520211976524;i:6;i:96;i:7;i:1;i:8;N;i:9;s:4:\\\"1,00\\\";i:10;s:3:\\\"PES\\\";i:11;s:6:\\\"115,91\\\";i:12;s:4:\\\"0,00\\\";i:13;s:4:\\\"0,00\\\";i:14;s:4:\\\"0,00\\\";i:15;s:5:\\\"24,34\\\";i:16;s:6:\\\"140,25\\\";}}i:622;O:29:\\\"Illuminate\\\\Support\\\\Collection\\\":1:{s:8:\\\"\\u0000*\\u0000items\\\";a:17:{i:0;s:10:\\\"2023-12-28\\\";i:1;i:6;i:2;i:4;i:3;i:20016;i:4;i:20016;i:5;i:73520211976820;i:6;i:96;i:7;i:96178101;i:8;s:27:\\\"SILVA DE ARAUJO ALVES RIZIA\\\";i:9;s:4:\\\"1,00\\\";i:10;s:3:\\\"PES\\\";i:11;s:7:\\\"3109,26\\\";i:12;s:4:\\\"0,00\\\";i:13;s:4:\\\"0,00\\\";i:14;s:4:\\\"0,00\\\";i:15;s:6:\\\"652,95\\\";i:16;s:7:\\\"3762,21\\\";}}i:623;O:29:\\\"Illuminate\\\\Support\\\\Collection\\\":1:{s:8:\\\"\\u0000*\\u0000items\\\";a:17:{i:0;s:10:\\\"2023-12-28\\\";i:1;i:6;i:2;i:4;i:3;i:20018;i:4;i:20018;i:5;i:73520211977509;i:6;i:96;i:7;i:32830424;i:8;s:28:\\\"GUASCH CIALZETA ROMINA LUCIA\\\";i:9;s:4:\\\"1,00\\\";i:10;s:3:\\\"PES\\\";i:11;s:7:\\\"6000,62\\\";i:12;s:4:\\\"0,00\\\";i:13;s:4:\\\"0,00\\\";i:14;s:4:\\\"0,00\\\";i:15;s:7:\\\"1260,13\\\";i:16;s:7:\\\"7260,75\\\";}}i:624;O:29:\\\"Illuminate\\\\Support\\\\Collection\\\":1:{s:8:\\\"\\u0000*\\u0000items\\\";a:17:{i:0;s:10:\\\"2023-12-28\\\";i:1;i:6;i:2;i:4;i:3;i:20019;i:4;i:20019;i:5;i:73520211977818;i:6;i:96;i:7;i:1;i:8;N;i:9;s:4:\\\"1,00\\\";i:10;s:3:\\\"PES\\\";i:11;s:5:\\\"99,17\\\";i:12;s:4:\\\"0,00\\\";i:13;s:4:\\\"0,00\\\";i:14;s:4:\\\"0,00\\\";i:15;s:5:\\\"20,83\\\";i:16;s:6:\\\"120,00\\\";}}i:625;O:29:\\\"Illuminate\\\\Support\\\\Collection\\\":1:{s:8:\\\"\\u0000*\\u0000items\\\";a:17:{i:0;s:10:\\\"2023-12-28\\\";i:1;i:6;i:2;i:4;i:3;i:20020;i:4;i:20020;i:5;i:73520211978157;i:6;i:96;i:7;i:20609516;i:8;s:17:\\\"GAUNA ROSA ISABEL\\\";i:9;s:4:\\\"1,00\\\";i:10;s:3:\\\"PES\\\";i:11;s:8:\\\"24987,68\\\";i:12;s:4:\\\"0,00\\\";i:13;s:4:\\\"0,00\\\";i:14;s:4:\\\"0,00\\\";i:15;s:7:\\\"5247,41\\\";i:16;s:8:\\\"30235,09\\\";}}i:626;O:29:\\\"Illuminate\\\\Support\\\\Collection\\\":1:{s:8:\\\"\\u0000*\\u0000items\\\";a:17:{i:0;s:10:\\\"2023-12-28\\\";i:1;i:6;i:2;i:4;i:3;i:20021;i:4;i:20021;i:5;i:73520211978479;i:6;i:96;i:7;i:29799564;i:8;s:23:\\\"EQUIZA NORBERTO MARIANO\\\";i:9;s:4:\\\"1,00\\\";i:10;s:3:\\\"PES\\\";i:11;s:7:\\\"2753,34\\\";i:12;s:4:\\\"0,00\\\";i:13;s:4:\\\"0,00\\\";i:14;s:4:\\\"0,00\\\";i:15;s:6:\\\"578,20\\\";i:16;s:7:\\\"3331,54\\\";}}i:627;O:29:\\\"Illuminate\\\\Support\\\\Collection\\\":1:{s:8:\\\"\\u0000*\\u0000items\\\";a:17:{i:0;s:10:\\\"2023-12-28\\\";i:1;i:6;i:2;i:4;i:3;i:20022;i:4;i:20022;i:5;i:73520211978806;i:6;i:96;i:7;i:31337633;i:8;s:21:\\\"ZAPATA MARISEL REGINA\\\";i:9;s:4:\\\"1,00\\\";i:10;s:3:\\\"PES\\\";i:11;s:7:\\\"5539,59\\\";i:12;s:4:\\\"0,00\\\";i:13;s:4:\\\"0,00\\\";i:14;s:4:\\\"0,00\\\";i:15;s:7:\\\"1163,31\\\";i:16;s:7:\\\"6702,90\\\";}}i:628;O:29:\\\"Illuminate\\\\Support\\\\Collection\\\":1:{s:8:\\\"\\u0000*\\u0000items\\\";a:17:{i:0;s:10:\\\"2023-12-28\\\";i:1;i:6;i:2;i:4;i:3;i:20023;i:4;i:20023;i:5;i:73520211979085;i:6;i:96;i:7;i:1;i:8;N;i:9;s:4:\\\"1,00\\\";i:10;s:3:\\\"PES\\\";i:11;s:6:\\\"333,88\\\";i:12;s:4:\\\"0,00\\\";i:13;s:4:\\\"0,00\\\";i:14;s:4:\\\"0,00\\\";i:15;s:5:\\\"70,12\\\";i:16;s:6:\\\"404,00\\\";}}i:629;O:29:\\\"Illuminate\\\\Support\\\\Collection\\\":1:{s:8:\\\"\\u0000*\\u0000items\\\";a:17:{i:0;s:10:\\\"2023-12-28\\\";i:1;i:6;i:2;i:4;i:3;i:20024;i:4;i:20024;i:5;i:73520211979527;i:6;i:96;i:7;i:23087600;i:8;s:22:\\\"ESPIGA PABLO SEBASTIAN\\\";i:9;s:4:\\\"1,00\\\";i:10;s:3:\\\"PES\\\";i:11;s:7:\\\"7603,07\\\";i:12;s:4:\\\"0,00\\\";i:13;s:4:\\\"0,00\\\";i:14;s:4:\\\"0,00\\\";i:15;s:7:\\\"1596,65\\\";i:16;s:7:\\\"9199,72\\\";}}i:630;O:29:\\\"Illuminate\\\\Support\\\\Collection\\\":1:{s:8:\\\"\\u0000*\\u0000items\\\";a:17:{i:0;s:10:\\\"2023-12-28\\\";i:1;i:6;i:2;i:4;i:3;i:19786;i:4;i:19786;i:5;i:73520203055830;i:6;i:96;i:7;i:1;i:8;N;i:9;s:4:\\\"1,00\\\";i:10;s:3:\\\"PES\\\";i:11;s:6:\\\"169,42\\\";i:12;s:4:\\\"0,00\\\";i:13;s:4:\\\"0,00\\\";i:14;s:4:\\\"0,00\\\";i:15;s:5:\\\"35,58\\\";i:16;s:6:\\\"205,00\\\";}}i:631;O:29:\\\"Illuminate\\\\Support\\\\Collection\\\":1:{s:8:\\\"\\u0000*\\u0000items\\\";a:17:{i:0;s:10:\\\"2023-12-28\\\";i:1;i:6;i:2;i:4;i:3;i:19787;i:4;i:19787;i:5;i:73520203055945;i:6;i:96;i:7;i:35727894;i:8;s:18:\\\"CHICHMANIAN LUCILA\\\";i:9;s:4:\\\"1,00\\\";i:10;s:3:\\\"PES\\\";i:11;s:7:\\\"4923,89\\\";i:12;s:4:\\\"0,00\\\";i:13;s:4:\\\"0,00\\\";i:14;s:4:\\\"0,00\\\";i:15;s:7:\\\"1034,02\\\";i:16;s:7:\\\"5957,91\\\";}}i:632;O:29:\\\"Illuminate\\\\Support\\\\Collection\\\":1:{s:8:\\\"\\u0000*\\u0000items\\\";a:17:{i:0;s:10:\\\"2023-12-28\\\";i:1;i:6;i:2;i:4;i:3;i:19788;i:4;i:19788;i:5;i:73520203056064;i:6;i:96;i:7;i:92700944;i:8;s:22:\\\"PIMENTEL ZURITA KARINA\\\";i:9;s:4:\\\"1,00\\\";i:10;s:3:\\\"PES\\\";i:11;s:7:\\\"7776,97\\\";i:12;s:4:\\\"0,00\\\";i:13;s:4:\\\"0,00\\\";i:14;s:4:\\\"0,00\\\";i:15;s:7:\\\"1633,16\\\";i:16;s:7:\\\"9410,13\\\";}}i:633;O:29:\\\"Illuminate\\\\Support\\\\Collection\\\":1:{s:8:\\\"\\u0000*\\u0000items\\\";a:17:{i:0;s:10:\\\"2023-12-28\\\";i:1;i:6;i:2;i:4;i:3;i:19789;i:4;i:19789;i:5;i:73520203056213;i:6;i:96;i:7;i:1;i:8;N;i:9;s:4:\\\"1,00\\\";i:10;s:3:\\\"PES\\\";i:11;s:5:\\\"77,27\\\";i:12;s:4:\\\"0,00\\\";i:13;s:4:\\\"0,00\\\";i:14;s:4:\\\"0,00\\\";i:15;s:5:\\\"16,23\\\";i:16;s:5:\\\"93,50\\\";}}i:634;O:29:\\\"Illuminate\\\\Support\\\\Collection\\\":1:{s:8:\\\"\\u0000*\\u0000items\\\";a:17:{i:0;s:10:\\\"2023-12-28\\\";i:1;i:6;i:2;i:4;i:3;i:19790;i:4;i:19790;i:5;i:73520203056271;i:6;i:96;i:7;i:95925518;i:8;s:29:\\\"PEREIRA ZULETA DANIEL ENRIQUE\\\";i:9;s:4:\\\"1,00\\\";i:10;s:3:\\\"PES\\\";i:11;s:7:\\\"7122,46\\\";i:12;s:4:\\\"0,00\\\";i:13;s:4:\\\"0,00\\\";i:14;s:4:\\\"0,00\\\";i:15;s:7:\\\"1495,72\\\";i:16;s:7:\\\"8618,18\\\";}}i:635;O:29:\\\"Illuminate\\\\Support\\\\Collection\\\":1:{s:8:\\\"\\u0000*\\u0000items\\\";a:17:{i:0;s:10:\\\"2023-12-28\\\";i:1;i:6;i:2;i:4;i:3;i:19791;i:4;i:19791;i:5;i:73520203056433;i:6;i:96;i:7;i:42704461;i:8;s:25:\\\"BOTTO NAIARA ANAELI BELEN\\\";i:9;s:4:\\\"1,00\\\";i:10;s:3:\\\"PES\\\";i:11;s:7:\\\"4143,84\\\";i:12;s:4:\\\"0,00\\\";i:13;s:4:\\\"0,00\\\";i:14;s:4:\\\"0,00\\\";i:15;s:6:\\\"870,21\\\";i:16;s:7:\\\"5014,05\\\";}}i:636;O:29:\\\"Illuminate\\\\Support\\\\Collection\\\":1:{s:8:\\\"\\u0000*\\u0000items\\\";a:17:{i:0;s:10:\\\"2023-12-28\\\";i:1;i:6;i:2;i:4;i:3;i:19792;i:4;i:19792;i:5;i:73520203056577;i:6;i:96;i:7;i:26788102;i:8;s:23:\\\"ZAMPAR VIRGINIA SOLEDAD\\\";i:9;s:4:\\\"1,00\\\";i:10;s:3:\\\"PES\\\";i:11;s:7:\\\"4403,23\\\";i:12;s:4:\\\"0,00\\\";i:13;s:4:\\\"0,00\\\";i:14;s:4:\\\"0,00\\\";i:15;s:6:\\\"924,68\\\";i:16;s:7:\\\"5327,91\\\";}}i:637;O:29:\\\"Illuminate\\\\Support\\\\Collection\\\":1:{s:8:\\\"\\u0000*\\u0000items\\\";a:17:{i:0;s:10:\\\"2023-12-28\\\";i:1;i:6;i:2;i:4;i:3;i:19793;i:4;i:19793;i:5;i:73520203056637;i:6;i:96;i:7;i:38215482;i:8;s:20:\\\"JUNCO MELISA CELESTE\\\";i:9;s:4:\\\"1,00\\\";i:10;s:3:\\\"PES\\\";i:11;s:7:\\\"5991,85\\\";i:12;s:4:\\\"0,00\\\";i:13;s:4:\\\"0,00\\\";i:14;s:4:\\\"0,00\\\";i:15;s:7:\\\"1258,29\\\";i:16;s:7:\\\"7250,14\\\";}}i:638;O:29:\\\"Illuminate\\\\Support\\\\Collection\\\":1:{s:8:\\\"\\u0000*\\u0000items\\\";a:17:{i:0;s:10:\\\"2023-12-28\\\";i:1;i:6;i:2;i:4;i:3;i:19794;i:4;i:19794;i:5;i:73520203056797;i:6;i:96;i:7;i:34507182;i:8;s:20:\\\"MEDINA YAMILA NOELIA\\\";i:9;s:4:\\\"1,00\\\";i:10;s:3:\\\"PES\\\";i:11;s:7:\\\"6116,32\\\";i:12;s:4:\\\"0,00\\\";i:13;s:4:\\\"0,00\\\";i:14;s:4:\\\"0,00\\\";i:15;s:7:\\\"1284,43\\\";i:16;s:7:\\\"7400,75\\\";}}i:639;O:29:\\\"Illuminate\\\\Support\\\\Collection\\\":1:{s:8:\\\"\\u0000*\\u0000items\\\";a:17:{i:0;s:10:\\\"2023-12-28\\\";i:1;i:6;i:2;i:4;i:3;i:19795;i:4;i:19795;i:5;i:73520203056917;i:6;i:96;i:7;i:1;i:8;N;i:9;s:4:\\\"1,00\\\";i:10;s:3:\\\"PES\\\";i:11;s:7:\\\"1223,13\\\";i:12;s:4:\\\"0,00\\\";i:13;s:4:\\\"0,00\\\";i:14;s:4:\\\"0,00\\\";i:15;s:6:\\\"256,86\\\";i:16;s:7:\\\"1479,99\\\";}}i:640;O:29:\\\"Illuminate\\\\Support\\\\Collection\\\":1:{s:8:\\\"\\u0000*\\u0000items\\\";a:17:{i:0;s:10:\\\"2023-12-28\\\";i:1;i:6;i:2;i:4;i:3;i:19796;i:4;i:19796;i:5;i:73520203057052;i:6;i:96;i:7;i:40748173;i:8;s:14:\\\"MANCINI ALDANA\\\";i:9;s:4:\\\"1,00\\\";i:10;s:3:\\\"PES\\\";i:11;s:7:\\\"7819,26\\\";i:12;s:4:\\\"0,00\\\";i:13;s:4:\\\"0,00\\\";i:14;s:4:\\\"0,00\\\";i:15;s:7:\\\"1642,05\\\";i:16;s:7:\\\"9461,31\\\";}}i:641;O:29:\\\"Illuminate\\\\Support\\\\Collection\\\":1:{s:8:\\\"\\u0000*\\u0000items\\\";a:17:{i:0;s:10:\\\"2023-12-28\\\";i:1;i:6;i:2;i:4;i:3;i:19797;i:4;i:19797;i:5;i:73520203057138;i:6;i:96;i:7;i:33050470;i:8;s:20:\\\"MONTEROS RUBEN ELIAS\\\";i:9;s:4:\\\"1,00\\\";i:10;s:3:\\\"PES\\\";i:11;s:8:\\\"16575,37\\\";i:12;s:4:\\\"0,00\\\";i:13;s:4:\\\"0,00\\\";i:14;s:4:\\\"0,00\\\";i:15;s:7:\\\"3480,83\\\";i:16;s:8:\\\"20056,20\\\";}}i:642;O:29:\\\"Illuminate\\\\Support\\\\Collection\\\":1:{s:8:\\\"\\u0000*\\u0000items\\\";a:17:{i:0;s:10:\\\"2023-12-28\\\";i:1;i:6;i:2;i:4;i:3;i:19798;i:4;i:19798;i:5;i:73520203057196;i:6;i:96;i:7;i:36465777;i:8;s:22:\\\"GAMARRA AMELIA TATIANA\\\";i:9;s:4:\\\"1,00\\\";i:10;s:3:\\\"PES\\\";i:11;s:7:\\\"7226,14\\\";i:12;s:4:\\\"0,00\\\";i:13;s:4:\\\"0,00\\\";i:14;s:4:\\\"0,00\\\";i:15;s:7:\\\"1517,49\\\";i:16;s:7:\\\"8743,63\\\";}}i:643;O:29:\\\"Illuminate\\\\Support\\\\Collection\\\":1:{s:8:\\\"\\u0000*\\u0000items\\\";a:17:{i:0;s:10:\\\"2023-12-28\\\";i:1;i:6;i:2;i:4;i:3;i:19799;i:4;i:19799;i:5;i:73520203057272;i:6;i:96;i:7;i:35250768;i:8;s:18:\\\"SOLIS ANAHI TERESA\\\";i:9;s:4:\\\"1,00\\\";i:10;s:3:\\\"PES\\\";i:11;s:7:\\\"5991,85\\\";i:12;s:4:\\\"0,00\\\";i:13;s:4:\\\"0,00\\\";i:14;s:4:\\\"0,00\\\";i:15;s:7:\\\"1258,29\\\";i:16;s:7:\\\"7250,14\\\";}}i:644;O:29:\\\"Illuminate\\\\Support\\\\Collection\\\":1:{s:8:\\\"\\u0000*\\u0000items\\\";a:17:{i:0;s:10:\\\"2023-12-28\\\";i:1;i:6;i:2;i:4;i:3;i:19800;i:4;i:19800;i:5;i:73520203057361;i:6;i:96;i:7;i:20016428;i:8;s:21:\\\"MANZINI ARIEL ALBERTO\\\";i:9;s:4:\\\"1,00\\\";i:10;s:3:\\\"PES\\\";i:11;s:7:\\\"6362,85\\\";i:12;s:4:\\\"0,00\\\";i:13;s:4:\\\"0,00\\\";i:14;s:4:\\\"0,00\\\";i:15;s:7:\\\"1336,20\\\";i:16;s:7:\\\"7699,05\\\";}}i:645;O:29:\\\"Illuminate\\\\Support\\\\Collection\\\":1:{s:8:\\\"\\u0000*\\u0000items\\\";a:17:{i:0;s:10:\\\"2023-12-28\\\";i:1;i:6;i:2;i:4;i:3;i:19801;i:4;i:19801;i:5;i:73520203057463;i:6;i:96;i:7;i:1;i:8;N;i:9;s:4:\\\"1,00\\\";i:10;s:3:\\\"PES\\\";i:11;s:5:\\\"77,27\\\";i:12;s:4:\\\"0,00\\\";i:13;s:4:\\\"0,00\\\";i:14;s:4:\\\"0,00\\\";i:15;s:5:\\\"16,23\\\";i:16;s:5:\\\"93,50\\\";}}i:646;O:29:\\\"Illuminate\\\\Support\\\\Collection\\\":1:{s:8:\\\"\\u0000*\\u0000items\\\";a:17:{i:0;s:10:\\\"2023-12-28\\\";i:1;i:6;i:2;i:4;i:3;i:20025;i:4;i:20025;i:5;i:73520212129543;i:6;i:96;i:7;i:1;i:8;N;i:9;s:4:\\\"1,00\\\";i:10;s:3:\\\"PES\\\";i:11;s:6:\\\"347,73\\\";i:12;s:4:\\\"0,00\\\";i:13;s:4:\\\"0,00\\\";i:14;s:4:\\\"0,00\\\";i:15;s:5:\\\"73,02\\\";i:16;s:6:\\\"420,75\\\";}}i:647;O:29:\\\"Illuminate\\\\Support\\\\Collection\\\":1:{s:8:\\\"\\u0000*\\u0000items\\\";a:17:{i:0;s:10:\\\"2023-12-28\\\";i:1;i:6;i:2;i:4;i:3;i:20026;i:4;i:20026;i:5;i:73520212129776;i:6;i:96;i:7;i:37255481;i:8;s:20:\\\"ZARATE CINTIA ELIANA\\\";i:9;s:4:\\\"1,00\\\";i:10;s:3:\\\"PES\\\";i:11;s:7:\\\"5091,01\\\";i:12;s:4:\\\"0,00\\\";i:13;s:4:\\\"0,00\\\";i:14;s:4:\\\"0,00\\\";i:15;s:7:\\\"1069,11\\\";i:16;s:7:\\\"6160,12\\\";}}i:648;O:29:\\\"Illuminate\\\\Support\\\\Collection\\\":1:{s:8:\\\"\\u0000*\\u0000items\\\";a:17:{i:0;s:10:\\\"2023-12-28\\\";i:1;i:6;i:2;i:4;i:3;i:20027;i:4;i:20027;i:5;i:73520212130000;i:6;i:96;i:7;i:34501918;i:8;s:23:\\\"MONTRE JESICA JAQUELINA\\\";i:9;s:4:\\\"1,00\\\";i:10;s:3:\\\"PES\\\";i:11;s:7:\\\"4403,23\\\";i:12;s:4:\\\"0,00\\\";i:13;s:4:\\\"0,00\\\";i:14;s:4:\\\"0,00\\\";i:15;s:6:\\\"924,68\\\";i:16;s:7:\\\"5327,91\\\";}}i:649;O:29:\\\"Illuminate\\\\Support\\\\Collection\\\":1:{s:8:\\\"\\u0000*\\u0000items\\\";a:17:{i:0;s:10:\\\"2023-12-28\\\";i:1;i:6;i:2;i:4;i:3;i:20028;i:4;i:20028;i:5;i:73520212130322;i:6;i:96;i:7;i:1;i:8;N;i:9;s:4:\\\"1,00\\\";i:10;s:3:\\\"PES\\\";i:11;s:6:\\\"115,91\\\";i:12;s:4:\\\"0,00\\\";i:13;s:4:\\\"0,00\\\";i:14;s:4:\\\"0,00\\\";i:15;s:5:\\\"24,34\\\";i:16;s:6:\\\"140,25\\\";}}i:650;O:29:\\\"Illuminate\\\\Support\\\\Collection\\\":1:{s:8:\\\"\\u0000*\\u0000items\\\";a:17:{i:0;s:10:\\\"2023-12-28\\\";i:1;i:6;i:2;i:4;i:3;i:20029;i:4;i:20029;i:5;i:73520212130584;i:6;i:96;i:7;i:26421074;i:8;s:9:\\\"VIVOT PAZ\\\";i:9;s:4:\\\"1,00\\\";i:10;s:3:\\\"PES\\\";i:11;s:7:\\\"5087,19\\\";i:12;s:4:\\\"0,00\\\";i:13;s:4:\\\"0,00\\\";i:14;s:4:\\\"0,00\\\";i:15;s:7:\\\"1068,31\\\";i:16;s:7:\\\"6155,50\\\";}}i:651;O:29:\\\"Illuminate\\\\Support\\\\Collection\\\":1:{s:8:\\\"\\u0000*\\u0000items\\\";a:17:{i:0;s:10:\\\"2023-12-28\\\";i:1;i:6;i:2;i:4;i:3;i:20030;i:4;i:20030;i:5;i:73520212130908;i:6;i:96;i:7;i:1;i:8;N;i:9;s:4:\\\"1,00\\\";i:10;s:3:\\\"PES\\\";i:11;s:5:\\\"77,27\\\";i:12;s:4:\\\"0,00\\\";i:13;s:4:\\\"0,00\\\";i:14;s:4:\\\"0,00\\\";i:15;s:5:\\\"16,23\\\";i:16;s:5:\\\"93,50\\\";}}i:652;O:29:\\\"Illuminate\\\\Support\\\\Collection\\\":1:{s:8:\\\"\\u0000*\\u0000items\\\";a:17:{i:0;s:10:\\\"2023-12-28\\\";i:1;i:6;i:2;i:4;i:3;i:19802;i:4;i:19802;i:5;i:73520203234837;i:6;i:96;i:7;i:1;i:8;N;i:9;s:4:\\\"1,00\\\";i:10;s:3:\\\"PES\\\";i:11;s:6:\\\"413,22\\\";i:12;s:4:\\\"0,00\\\";i:13;s:4:\\\"0,00\\\";i:14;s:4:\\\"0,00\\\";i:15;s:5:\\\"86,78\\\";i:16;s:6:\\\"500,00\\\";}}i:653;O:29:\\\"Illuminate\\\\Support\\\\Collection\\\":1:{s:8:\\\"\\u0000*\\u0000items\\\";a:17:{i:0;s:10:\\\"2023-12-28\\\";i:1;i:6;i:2;i:4;i:3;i:19803;i:4;i:19803;i:5;i:73520203234882;i:6;i:96;i:7;i:32956180;i:8;s:14:\\\"RANNI CAROLINA\\\";i:9;s:4:\\\"1,00\\\";i:10;s:3:\\\"PES\\\";i:11;s:7:\\\"4680,09\\\";i:12;s:4:\\\"0,00\\\";i:13;s:4:\\\"0,00\\\";i:14;s:4:\\\"0,00\\\";i:15;s:6:\\\"982,82\\\";i:16;s:7:\\\"5662,91\\\";}}i:654;O:29:\\\"Illuminate\\\\Support\\\\Collection\\\":1:{s:8:\\\"\\u0000*\\u0000items\\\";a:17:{i:0;s:10:\\\"2023-12-28\\\";i:1;i:6;i:2;i:4;i:3;i:19804;i:4;i:19804;i:5;i:73520203234968;i:6;i:96;i:7;i:16245188;i:8;s:22:\\\"ROBLEDO CARLOS ENRIQUE\\\";i:9;s:4:\\\"1,00\\\";i:10;s:3:\\\"PES\\\";i:11;s:7:\\\"2643,47\\\";i:12;s:4:\\\"0,00\\\";i:13;s:4:\\\"0,00\\\";i:14;s:4:\\\"0,00\\\";i:15;s:6:\\\"555,13\\\";i:16;s:7:\\\"3198,60\\\";}}i:655;O:29:\\\"Illuminate\\\\Support\\\\Collection\\\":1:{s:8:\\\"\\u0000*\\u0000items\\\";a:17:{i:0;s:10:\\\"2023-12-28\\\";i:1;i:6;i:2;i:4;i:3;i:19805;i:4;i:19805;i:5;i:73520203235032;i:6;i:96;i:7;i:45316892;i:8;s:21:\\\"VALDEZ MAXIMO AGUSTIN\\\";i:9;s:4:\\\"1,00\\\";i:10;s:3:\\\"PES\\\";i:11;s:7:\\\"8103,99\\\";i:12;s:4:\\\"0,00\\\";i:13;s:4:\\\"0,00\\\";i:14;s:4:\\\"0,00\\\";i:15;s:7:\\\"1701,84\\\";i:16;s:7:\\\"9805,83\\\";}}i:656;O:29:\\\"Illuminate\\\\Support\\\\Collection\\\":1:{s:8:\\\"\\u0000*\\u0000items\\\";a:17:{i:0;s:10:\\\"2023-12-28\\\";i:1;i:6;i:2;i:4;i:3;i:19806;i:4;i:19806;i:5;i:73520203235163;i:6;i:96;i:7;i:11176439;i:8;s:20:\\\"MONTES JORGE ALBERTO\\\";i:9;s:4:\\\"1,00\\\";i:10;s:3:\\\"PES\\\";i:11;s:7:\\\"8890,91\\\";i:12;s:4:\\\"0,00\\\";i:13;s:4:\\\"0,00\\\";i:14;s:4:\\\"0,00\\\";i:15;s:7:\\\"1867,09\\\";i:16;s:8:\\\"10758,00\\\";}}i:657;O:29:\\\"Illuminate\\\\Support\\\\Collection\\\":1:{s:8:\\\"\\u0000*\\u0000items\\\";a:17:{i:0;s:10:\\\"2023-12-28\\\";i:1;i:6;i:2;i:4;i:3;i:19807;i:4;i:19807;i:5;i:73520203235207;i:6;i:96;i:7;i:20568453;i:8;s:19:\\\"ARAMBURO MARIA JOSE\\\";i:9;s:4:\\\"1,00\\\";i:10;s:3:\\\"PES\\\";i:11;s:7:\\\"2215,64\\\";i:12;s:4:\\\"0,00\\\";i:13;s:4:\\\"0,00\\\";i:14;s:4:\\\"0,00\\\";i:15;s:6:\\\"465,28\\\";i:16;s:7:\\\"2680,92\\\";}}i:658;O:29:\\\"Illuminate\\\\Support\\\\Collection\\\":1:{s:8:\\\"\\u0000*\\u0000items\\\";a:17:{i:0;s:10:\\\"2023-12-28\\\";i:1;i:6;i:2;i:4;i:3;i:19808;i:4;i:19808;i:5;i:73520203235278;i:6;i:96;i:7;i:92625093;i:8;s:23:\\\"DIAZ LARENAS ROSA MARIA\\\";i:9;s:4:\\\"1,00\\\";i:10;s:3:\\\"PES\\\";i:11;s:7:\\\"7621,27\\\";i:12;s:4:\\\"0,00\\\";i:13;s:4:\\\"0,00\\\";i:14;s:4:\\\"0,00\\\";i:15;s:7:\\\"1600,47\\\";i:16;s:7:\\\"9221,74\\\";}}i:659;O:29:\\\"Illuminate\\\\Support\\\\Collection\\\":1:{s:8:\\\"\\u0000*\\u0000items\\\";a:17:{i:0;s:10:\\\"2023-12-28\\\";i:1;i:6;i:2;i:4;i:3;i:19809;i:4;i:19809;i:5;i:73520203235338;i:6;i:96;i:7;i:1;i:8;N;i:9;s:4:\\\"1,00\\\";i:10;s:3:\\\"PES\\\";i:11;s:6:\\\"231,40\\\";i:12;s:4:\\\"0,00\\\";i:13;s:4:\\\"0,00\\\";i:14;s:4:\\\"0,00\\\";i:15;s:5:\\\"48,60\\\";i:16;s:6:\\\"280,00\\\";}}i:660;O:29:\\\"Illuminate\\\\Support\\\\Collection\\\":1:{s:8:\\\"\\u0000*\\u0000items\\\";a:17:{i:0;s:10:\\\"2023-12-28\\\";i:1;i:6;i:2;i:4;i:3;i:19810;i:4;i:19810;i:5;i:73520203235430;i:6;i:96;i:7;i:42878372;i:8;s:22:\\\"RODRIGUEZ NICOLE AYLEN\\\";i:9;s:4:\\\"1,00\\\";i:10;s:3:\\\"PES\\\";i:11;s:7:\\\"5308,19\\\";i:12;s:4:\\\"0,00\\\";i:13;s:4:\\\"0,00\\\";i:14;s:4:\\\"0,00\\\";i:15;s:7:\\\"1114,72\\\";i:16;s:7:\\\"6422,91\\\";}}i:661;O:29:\\\"Illuminate\\\\Support\\\\Collection\\\":1:{s:8:\\\"\\u0000*\\u0000items\\\";a:17:{i:0;s:10:\\\"2023-12-28\\\";i:1;i:6;i:2;i:4;i:3;i:19811;i:4;i:19811;i:5;i:73520203235532;i:6;i:96;i:7;i:31821684;i:8;s:22:\\\"CORREA DEBORA PATRICIA\\\";i:9;s:4:\\\"1,00\\\";i:10;s:3:\\\"PES\\\";i:11;s:7:\\\"3648,84\\\";i:12;s:4:\\\"0,00\\\";i:13;s:4:\\\"0,00\\\";i:14;s:4:\\\"0,00\\\";i:15;s:6:\\\"766,26\\\";i:16;s:7:\\\"4415,10\\\";}}i:662;O:29:\\\"Illuminate\\\\Support\\\\Collection\\\":1:{s:8:\\\"\\u0000*\\u0000items\\\";a:17:{i:0;s:10:\\\"2023-12-28\\\";i:1;i:6;i:2;i:4;i:3;i:19812;i:4;i:19812;i:5;i:73520203235621;i:6;i:96;i:7;i:35818420;i:8;s:24:\\\"PAREDES WALTER SEBASTIAN\\\";i:9;s:4:\\\"1,00\\\";i:10;s:3:\\\"PES\\\";i:11;s:7:\\\"6085,04\\\";i:12;s:4:\\\"0,00\\\";i:13;s:4:\\\"0,00\\\";i:14;s:4:\\\"0,00\\\";i:15;s:7:\\\"1277,86\\\";i:16;s:7:\\\"7362,90\\\";}}i:663;O:29:\\\"Illuminate\\\\Support\\\\Collection\\\":1:{s:8:\\\"\\u0000*\\u0000items\\\";a:17:{i:0;s:10:\\\"2023-12-28\\\";i:1;i:6;i:2;i:4;i:3;i:19813;i:4;i:19813;i:5;i:73520203235736;i:6;i:96;i:7;i:96248751;i:8;s:30:\\\"CARRASCO VALERA YERANIA LIYANI\\\";i:9;s:4:\\\"1,00\\\";i:10;s:3:\\\"PES\\\";i:11;s:7:\\\"5366,97\\\";i:12;s:4:\\\"0,00\\\";i:13;s:4:\\\"0,00\\\";i:14;s:4:\\\"0,00\\\";i:15;s:7:\\\"1127,06\\\";i:16;s:7:\\\"6494,04\\\";}}i:664;O:29:\\\"Illuminate\\\\Support\\\\Collection\\\":1:{s:8:\\\"\\u0000*\\u0000items\\\";a:17:{i:0;s:10:\\\"2023-12-28\\\";i:1;i:6;i:2;i:4;i:3;i:19814;i:4;i:19814;i:5;i:73520203235812;i:6;i:96;i:7;i:1;i:8;N;i:9;s:4:\\\"1,00\\\";i:10;s:3:\\\"PES\\\";i:11;s:6:\\\"154,55\\\";i:12;s:4:\\\"0,00\\\";i:13;s:4:\\\"0,00\\\";i:14;s:4:\\\"0,00\\\";i:15;s:5:\\\"32,45\\\";i:16;s:6:\\\"187,00\\\";}}i:665;O:29:\\\"Illuminate\\\\Support\\\\Collection\\\":1:{s:8:\\\"\\u0000*\\u0000items\\\";a:17:{i:0;s:10:\\\"2023-12-28\\\";i:1;i:6;i:2;i:4;i:3;i:19815;i:4;i:19815;i:5;i:73520203235956;i:6;i:96;i:7;i:30750911;i:8;s:27:\\\"GRU\\u00d1EIRO ROBERTO ALEJANDRO\\\";i:9;s:4:\\\"1,00\\\";i:10;s:3:\\\"PES\\\";i:11;s:7:\\\"1750,92\\\";i:12;s:4:\\\"0,00\\\";i:13;s:4:\\\"0,00\\\";i:14;s:4:\\\"0,00\\\";i:15;s:6:\\\"367,69\\\";i:16;s:7:\\\"2118,61\\\";}}i:666;O:29:\\\"Illuminate\\\\Support\\\\Collection\\\":1:{s:8:\\\"\\u0000*\\u0000items\\\";a:17:{i:0;s:10:\\\"2023-12-28\\\";i:1;i:6;i:2;i:4;i:3;i:20031;i:4;i:20031;i:5;i:73520253867268;i:6;i:96;i:7;i:43993276;i:8;s:23:\\\"RAMIREZ TORRES MILAGROS\\\";i:9;s:4:\\\"1,00\\\";i:10;s:3:\\\"PES\\\";i:11;s:7:\\\"5098,68\\\";i:12;s:4:\\\"0,00\\\";i:13;s:4:\\\"0,00\\\";i:14;s:4:\\\"0,00\\\";i:15;s:7:\\\"1070,72\\\";i:16;s:7:\\\"6169,40\\\";}}i:667;O:29:\\\"Illuminate\\\\Support\\\\Collection\\\":1:{s:8:\\\"\\u0000*\\u0000items\\\";a:17:{i:0;s:10:\\\"2023-12-28\\\";i:1;i:6;i:2;i:4;i:3;i:20032;i:4;i:20032;i:5;i:73520253867357;i:6;i:96;i:7;i:20872055;i:8;s:22:\\\"SANTANDER GUSTAVO JOSE\\\";i:9;s:4:\\\"1,00\\\";i:10;s:3:\\\"PES\\\";i:11;s:7:\\\"7297,63\\\";i:12;s:4:\\\"0,00\\\";i:13;s:4:\\\"0,00\\\";i:14;s:4:\\\"0,00\\\";i:15;s:7:\\\"1532,50\\\";i:16;s:7:\\\"8830,13\\\";}}i:668;O:29:\\\"Illuminate\\\\Support\\\\Collection\\\":1:{s:8:\\\"\\u0000*\\u0000items\\\";a:17:{i:0;s:10:\\\"2023-12-28\\\";i:1;i:6;i:2;i:4;i:3;i:20033;i:4;i:20033;i:5;i:73520253867491;i:6;i:96;i:7;i:42859052;i:8;s:25:\\\"DIAZ TACCA DANILO GERMAN \\\";i:9;s:4:\\\"1,00\\\";i:10;s:3:\\\"PES\\\";i:11;s:7:\\\"2567,64\\\";i:12;s:4:\\\"0,00\\\";i:13;s:4:\\\"0,00\\\";i:14;s:4:\\\"0,00\\\";i:15;s:6:\\\"539,20\\\";i:16;s:7:\\\"3106,84\\\";}}i:669;O:29:\\\"Illuminate\\\\Support\\\\Collection\\\":1:{s:8:\\\"\\u0000*\\u0000items\\\";a:17:{i:0;s:10:\\\"2023-12-28\\\";i:1;i:6;i:2;i:4;i:3;i:20034;i:4;i:20034;i:5;i:73520253867548;i:6;i:96;i:7;i:30005973;i:8;s:23:\\\"I\\u00d1IGUEZ LISANDRO DAVID\\\";i:9;s:4:\\\"1,00\\\";i:10;s:3:\\\"PES\\\";i:11;s:7:\\\"7900,83\\\";i:12;s:4:\\\"0,00\\\";i:13;s:4:\\\"0,00\\\";i:14;s:4:\\\"0,00\\\";i:15;s:7:\\\"1659,17\\\";i:16;s:7:\\\"9560,00\\\";}}i:670;O:29:\\\"Illuminate\\\\Support\\\\Collection\\\":1:{s:8:\\\"\\u0000*\\u0000items\\\";a:17:{i:0;s:10:\\\"2023-12-28\\\";i:1;i:6;i:2;i:4;i:3;i:20035;i:4;i:20035;i:5;i:73520253867637;i:6;i:96;i:7;i:1;i:8;N;i:9;s:4:\\\"1,00\\\";i:10;s:3:\\\"PES\\\";i:11;s:6:\\\"772,72\\\";i:12;s:4:\\\"0,00\\\";i:13;s:4:\\\"0,00\\\";i:14;s:4:\\\"0,00\\\";i:15;s:6:\\\"162,27\\\";i:16;s:6:\\\"934,99\\\";}}i:671;O:29:\\\"Illuminate\\\\Support\\\\Collection\\\":1:{s:8:\\\"\\u0000*\\u0000items\\\";a:17:{i:0;s:10:\\\"2023-12-28\\\";i:1;i:6;i:2;i:4;i:3;i:20036;i:4;i:20036;i:5;i:73520253867739;i:6;i:96;i:7;i:27711893;i:8;N;i:9;s:4:\\\"1,00\\\";i:10;s:3:\\\"PES\\\";i:11;s:8:\\\"15563,55\\\";i:12;s:4:\\\"0,00\\\";i:13;s:4:\\\"0,00\\\";i:14;s:4:\\\"0,00\\\";i:15;s:7:\\\"3268,35\\\";i:16;s:8:\\\"18831,90\\\";}}i:672;O:29:\\\"Illuminate\\\\Support\\\\Collection\\\":1:{s:8:\\\"\\u0000*\\u0000items\\\";a:17:{i:0;s:10:\\\"2023-12-28\\\";i:1;i:6;i:2;i:4;i:3;i:20037;i:4;i:20037;i:5;i:73520253867797;i:6;i:96;i:7;i:39888735;i:8;s:27:\\\"FLORES YUDIT DANIELA DAIANA\\\";i:9;s:4:\\\"1,00\\\";i:10;s:3:\\\"PES\\\";i:11;s:7:\\\"4508,02\\\";i:12;s:4:\\\"0,00\\\";i:13;s:4:\\\"0,00\\\";i:14;s:4:\\\"0,00\\\";i:15;s:6:\\\"946,69\\\";i:16;s:7:\\\"5454,71\\\";}}i:673;O:29:\\\"Illuminate\\\\Support\\\\Collection\\\":1:{s:8:\\\"\\u0000*\\u0000items\\\";a:17:{i:0;s:10:\\\"2023-12-28\\\";i:1;i:6;i:2;i:4;i:3;i:19816;i:4;i:19816;i:5;i:73520203404866;i:6;i:96;i:7;i:27725483;i:8;s:19:\\\"GUERRA OLGA BEATRIZ\\\";i:9;s:4:\\\"1,00\\\";i:10;s:3:\\\"PES\\\";i:11;s:7:\\\"2665,08\\\";i:12;s:4:\\\"0,00\\\";i:13;s:4:\\\"0,00\\\";i:14;s:4:\\\"0,00\\\";i:15;s:6:\\\"559,67\\\";i:16;s:7:\\\"3224,75\\\";}}i:674;O:29:\\\"Illuminate\\\\Support\\\\Collection\\\":1:{s:8:\\\"\\u0000*\\u0000items\\\";a:17:{i:0;s:10:\\\"2023-12-28\\\";i:1;i:6;i:2;i:4;i:3;i:19817;i:4;i:19817;i:5;i:73520203405003;i:6;i:96;i:7;i:1;i:8;N;i:9;s:4:\\\"1,00\\\";i:10;s:3:\\\"PES\\\";i:11;s:6:\\\"154,55\\\";i:12;s:4:\\\"0,00\\\";i:13;s:4:\\\"0,00\\\";i:14;s:4:\\\"0,00\\\";i:15;s:5:\\\"32,45\\\";i:16;s:6:\\\"187,00\\\";}}i:675;O:29:\\\"Illuminate\\\\Support\\\\Collection\\\":1:{s:8:\\\"\\u0000*\\u0000items\\\";a:17:{i:0;s:10:\\\"2023-12-28\\\";i:1;i:6;i:2;i:4;i:3;i:19818;i:4;i:19818;i:5;i:73520203405176;i:6;i:96;i:7;i:32437153;i:8;s:28:\\\"GARCIA VILLAR MILAGROS MARIA\\\";i:9;s:4:\\\"1,00\\\";i:10;s:3:\\\"PES\\\";i:11;s:7:\\\"3870,18\\\";i:12;s:4:\\\"0,00\\\";i:13;s:4:\\\"0,00\\\";i:14;s:4:\\\"0,00\\\";i:15;s:6:\\\"812,74\\\";i:16;s:7:\\\"4682,92\\\";}}i:676;O:29:\\\"Illuminate\\\\Support\\\\Collection\\\":1:{s:8:\\\"\\u0000*\\u0000items\\\";a:17:{i:0;s:10:\\\"2023-12-28\\\";i:1;i:6;i:2;i:4;i:3;i:19819;i:4;i:19819;i:5;i:73520203405312;i:6;i:96;i:7;i:1;i:8;N;i:9;s:4:\\\"1,00\\\";i:10;s:3:\\\"PES\\\";i:11;s:6:\\\"772,72\\\";i:12;s:4:\\\"0,00\\\";i:13;s:4:\\\"0,00\\\";i:14;s:4:\\\"0,00\\\";i:15;s:6:\\\"162,27\\\";i:16;s:6:\\\"934,99\\\";}}i:677;O:29:\\\"Illuminate\\\\Support\\\\Collection\\\":1:{s:8:\\\"\\u0000*\\u0000items\\\";a:17:{i:0;s:10:\\\"2023-12-28\\\";i:1;i:6;i:2;i:4;i:3;i:19820;i:4;i:19820;i:5;i:73520203405430;i:6;i:96;i:7;i:38522823;i:8;s:16:\\\"GONZALEZ MARIBEL\\\";i:9;s:4:\\\"1,00\\\";i:10;s:3:\\\"PES\\\";i:11;s:7:\\\"7223,78\\\";i:12;s:4:\\\"0,00\\\";i:13;s:4:\\\"0,00\\\";i:14;s:4:\\\"0,00\\\";i:15;s:7:\\\"1516,99\\\";i:16;s:7:\\\"8740,77\\\";}}i:678;O:29:\\\"Illuminate\\\\Support\\\\Collection\\\":1:{s:8:\\\"\\u0000*\\u0000items\\\";a:17:{i:0;s:10:\\\"2023-12-28\\\";i:1;i:6;i:2;i:4;i:3;i:19821;i:4;i:19821;i:5;i:73520203405545;i:6;i:96;i:7;i:1;i:8;N;i:9;s:4:\\\"1,00\\\";i:10;s:3:\\\"PES\\\";i:11;s:6:\\\"550,41\\\";i:12;s:4:\\\"0,00\\\";i:13;s:4:\\\"0,00\\\";i:14;s:4:\\\"0,00\\\";i:15;s:6:\\\"115,59\\\";i:16;s:6:\\\"666,00\\\";}}i:679;O:29:\\\"Illuminate\\\\Support\\\\Collection\\\":1:{s:8:\\\"\\u0000*\\u0000items\\\";a:17:{i:0;s:10:\\\"2023-12-28\\\";i:1;i:6;i:2;i:4;i:3;i:19822;i:4;i:19822;i:5;i:73520203405692;i:6;i:96;i:7;i:23839252;i:8;s:28:\\\"SALVATIERRA KARINA ELIZABETH\\\";i:9;s:4:\\\"1,00\\\";i:10;s:3:\\\"PES\\\";i:11;s:7:\\\"5814,69\\\";i:12;s:4:\\\"0,00\\\";i:13;s:4:\\\"0,00\\\";i:14;s:4:\\\"0,00\\\";i:15;s:7:\\\"1221,09\\\";i:16;s:7:\\\"7035,78\\\";}}i:680;O:29:\\\"Illuminate\\\\Support\\\\Collection\\\":1:{s:8:\\\"\\u0000*\\u0000items\\\";a:17:{i:0;s:10:\\\"2023-12-28\\\";i:1;i:6;i:2;i:4;i:3;i:19823;i:4;i:19823;i:5;i:73520203405883;i:6;i:96;i:7;i:24266638;i:8;s:22:\\\"UZCUDUN MARIANA RAQUEL\\\";i:9;s:4:\\\"1,00\\\";i:10;s:3:\\\"PES\\\";i:11;s:7:\\\"5432,15\\\";i:12;s:4:\\\"0,00\\\";i:13;s:4:\\\"0,00\\\";i:14;s:4:\\\"0,00\\\";i:15;s:7:\\\"1140,75\\\";i:16;s:7:\\\"6572,90\\\";}}i:681;O:29:\\\"Illuminate\\\\Support\\\\Collection\\\":1:{s:8:\\\"\\u0000*\\u0000items\\\";a:17:{i:0;s:10:\\\"2023-12-28\\\";i:1;i:6;i:2;i:4;i:3;i:19824;i:4;i:19824;i:5;i:73520203405998;i:6;i:96;i:7;i:32438150;i:8;s:17:\\\"GRELA MARIA BELEN\\\";i:9;s:4:\\\"1,00\\\";i:10;s:3:\\\"PES\\\";i:11;s:8:\\\"16322,17\\\";i:12;s:4:\\\"0,00\\\";i:13;s:4:\\\"0,00\\\";i:14;s:4:\\\"0,00\\\";i:15;s:7:\\\"3427,65\\\";i:16;s:8:\\\"19749,82\\\";}}i:682;O:29:\\\"Illuminate\\\\Support\\\\Collection\\\":1:{s:8:\\\"\\u0000*\\u0000items\\\";a:17:{i:0;s:10:\\\"2023-12-28\\\";i:1;i:6;i:2;i:4;i:3;i:19825;i:4;i:19825;i:5;i:73520203406088;i:6;i:96;i:7;i:19056078;i:8;s:25:\\\"ESPIRITUSANTO ANA MERLIN \\\";i:9;s:4:\\\"1,00\\\";i:10;s:3:\\\"PES\\\";i:11;s:7:\\\"4403,23\\\";i:12;s:4:\\\"0,00\\\";i:13;s:4:\\\"0,00\\\";i:14;s:4:\\\"0,00\\\";i:15;s:6:\\\"924,68\\\";i:16;s:7:\\\"5327,91\\\";}}i:683;O:29:\\\"Illuminate\\\\Support\\\\Collection\\\":1:{s:8:\\\"\\u0000*\\u0000items\\\";a:17:{i:0;s:10:\\\"2023-12-28\\\";i:1;i:6;i:2;i:4;i:3;i:19826;i:4;i:19826;i:5;i:73520203406180;i:6;i:96;i:7;i:1;i:8;N;i:9;s:4:\\\"1,00\\\";i:10;s:3:\\\"PES\\\";i:11;s:7:\\\"1669,41\\\";i:12;s:4:\\\"0,00\\\";i:13;s:4:\\\"0,00\\\";i:14;s:4:\\\"0,00\\\";i:15;s:6:\\\"350,58\\\";i:16;s:7:\\\"2019,99\\\";}}i:684;O:29:\\\"Illuminate\\\\Support\\\\Collection\\\":1:{s:8:\\\"\\u0000*\\u0000items\\\";a:17:{i:0;s:10:\\\"2023-12-28\\\";i:1;i:6;i:2;i:4;i:3;i:19827;i:4;i:19827;i:5;i:73520203406371;i:6;i:96;i:7;i:33200180;i:8;s:30:\\\"GARRETON SAMANTA VANESA ALICIA\\\";i:9;s:4:\\\"1,00\\\";i:10;s:3:\\\"PES\\\";i:11;s:7:\\\"8860,76\\\";i:12;s:4:\\\"0,00\\\";i:13;s:4:\\\"0,00\\\";i:14;s:4:\\\"0,00\\\";i:15;s:7:\\\"1860,76\\\";i:16;s:8:\\\"10721,52\\\";}}i:685;O:29:\\\"Illuminate\\\\Support\\\\Collection\\\":1:{s:8:\\\"\\u0000*\\u0000items\\\";a:17:{i:0;s:10:\\\"2023-12-28\\\";i:1;i:6;i:2;i:4;i:3;i:19828;i:4;i:19828;i:5;i:73520203406517;i:6;i:96;i:7;i:37868073;i:8;s:35:\\\"GUTIERREZ CORTADI GABRIELA MACARENA\\\";i:9;s:4:\\\"1,00\\\";i:10;s:3:\\\"PES\\\";i:11;s:7:\\\"5609,83\\\";i:12;s:4:\\\"0,00\\\";i:13;s:4:\\\"0,00\\\";i:14;s:4:\\\"0,00\\\";i:15;s:7:\\\"1178,07\\\";i:16;s:7:\\\"6787,90\\\";}}i:686;O:29:\\\"Illuminate\\\\Support\\\\Collection\\\":1:{s:8:\\\"\\u0000*\\u0000items\\\";a:17:{i:0;s:10:\\\"2023-12-28\\\";i:1;i:6;i:2;i:4;i:3;i:19829;i:4;i:19829;i:5;i:73520203406635;i:6;i:96;i:7;i:38548059;i:8;s:21:\\\"AREVALO MELINA VANESA\\\";i:9;s:4:\\\"1,00\\\";i:10;s:3:\\\"PES\\\";i:11;s:7:\\\"5903,22\\\";i:12;s:4:\\\"0,00\\\";i:13;s:4:\\\"0,00\\\";i:14;s:4:\\\"0,00\\\";i:15;s:7:\\\"1239,68\\\";i:16;s:7:\\\"7142,90\\\";}}i:687;O:29:\\\"Illuminate\\\\Support\\\\Collection\\\":1:{s:8:\\\"\\u0000*\\u0000items\\\";a:17:{i:0;s:10:\\\"2023-12-28\\\";i:1;i:6;i:2;i:4;i:3;i:19830;i:4;i:19830;i:5;i:73520203406779;i:6;i:96;i:7;i:45627527;i:8;s:19:\\\"ISSA RODRIGO MARTIN\\\";i:9;s:4:\\\"1,00\\\";i:10;s:3:\\\"PES\\\";i:11;s:7:\\\"7486,77\\\";i:12;s:4:\\\"0,00\\\";i:13;s:4:\\\"0,00\\\";i:14;s:4:\\\"0,00\\\";i:15;s:7:\\\"1572,22\\\";i:16;s:7:\\\"9058,99\\\";}}i:688;O:29:\\\"Illuminate\\\\Support\\\\Collection\\\":1:{s:8:\\\"\\u0000*\\u0000items\\\";a:17:{i:0;s:10:\\\"2023-12-28\\\";i:1;i:6;i:2;i:4;i:3;i:19831;i:4;i:19831;i:5;i:73520203406902;i:6;i:96;i:7;i:1;i:8;N;i:9;s:4:\\\"1,00\\\";i:10;s:3:\\\"PES\\\";i:11;s:7:\\\"1223,13\\\";i:12;s:4:\\\"0,00\\\";i:13;s:4:\\\"0,00\\\";i:14;s:4:\\\"0,00\\\";i:15;s:6:\\\"256,86\\\";i:16;s:7:\\\"1479,99\\\";}}i:689;O:29:\\\"Illuminate\\\\Support\\\\Collection\\\":1:{s:8:\\\"\\u0000*\\u0000items\\\";a:17:{i:0;s:10:\\\"2023-12-28\\\";i:1;i:6;i:2;i:4;i:3;i:19832;i:4;i:19832;i:5;i:73520203407047;i:6;i:96;i:7;i:1;i:8;N;i:9;s:4:\\\"1,00\\\";i:10;s:3:\\\"PES\\\";i:11;s:7:\\\"1669,41\\\";i:12;s:4:\\\"0,00\\\";i:13;s:4:\\\"0,00\\\";i:14;s:4:\\\"0,00\\\";i:15;s:6:\\\"350,58\\\";i:16;s:7:\\\"2019,99\\\";}}i:690;O:29:\\\"Illuminate\\\\Support\\\\Collection\\\":1:{s:8:\\\"\\u0000*\\u0000items\\\";a:17:{i:0;s:10:\\\"2023-12-28\\\";i:1;i:6;i:2;i:4;i:3;i:19833;i:4;i:19833;i:5;i:73520203407238;i:6;i:96;i:7;i:39982412;i:8;s:20:\\\"PEREZ JONATAN MATIAS\\\";i:9;s:4:\\\"1,00\\\";i:10;s:3:\\\"PES\\\";i:11;s:7:\\\"7427,49\\\";i:12;s:4:\\\"0,00\\\";i:13;s:4:\\\"0,00\\\";i:14;s:4:\\\"0,00\\\";i:15;s:7:\\\"1559,77\\\";i:16;s:7:\\\"8987,26\\\";}}i:691;O:29:\\\"Illuminate\\\\Support\\\\Collection\\\":1:{s:8:\\\"\\u0000*\\u0000items\\\";a:17:{i:0;s:10:\\\"2023-12-28\\\";i:1;i:6;i:2;i:4;i:3;i:20038;i:4;i:20038;i:5;i:73520253999745;i:6;i:96;i:7;i:1;i:8;N;i:9;s:4:\\\"1,00\\\";i:10;s:3:\\\"PES\\\";i:11;s:7:\\\"1223,13\\\";i:12;s:4:\\\"0,00\\\";i:13;s:4:\\\"0,00\\\";i:14;s:4:\\\"0,00\\\";i:15;s:6:\\\"256,86\\\";i:16;s:7:\\\"1479,99\\\";}}i:692;O:29:\\\"Illuminate\\\\Support\\\\Collection\\\":1:{s:8:\\\"\\u0000*\\u0000items\\\";a:17:{i:0;s:10:\\\"2023-12-28\\\";i:1;i:6;i:2;i:4;i:3;i:20039;i:4;i:20039;i:5;i:73520253999787;i:6;i:96;i:7;i:34163851;i:8;s:19:\\\"VIOLA DESIREE GISEL\\\";i:9;s:4:\\\"1,00\\\";i:10;s:3:\\\"PES\\\";i:11;s:8:\\\"11645,33\\\";i:12;s:4:\\\"0,00\\\";i:13;s:4:\\\"0,00\\\";i:14;s:4:\\\"0,00\\\";i:15;s:7:\\\"2445,52\\\";i:16;s:8:\\\"14090,85\\\";}}i:693;O:29:\\\"Illuminate\\\\Support\\\\Collection\\\":1:{s:8:\\\"\\u0000*\\u0000items\\\";a:17:{i:0;s:10:\\\"2023-12-28\\\";i:1;i:6;i:2;i:4;i:3;i:20040;i:4;i:20040;i:5;i:73520253999910;i:6;i:96;i:7;i:39726866;i:8;s:21:\\\"DIAZ JOHANA ALEJANDRA\\\";i:9;s:4:\\\"1,00\\\";i:10;s:3:\\\"PES\\\";i:11;s:7:\\\"5973,47\\\";i:12;s:4:\\\"0,00\\\";i:13;s:4:\\\"0,00\\\";i:14;s:4:\\\"0,00\\\";i:15;s:7:\\\"1254,43\\\";i:16;s:7:\\\"7227,90\\\";}}i:694;O:29:\\\"Illuminate\\\\Support\\\\Collection\\\":1:{s:8:\\\"\\u0000*\\u0000items\\\";a:17:{i:0;s:10:\\\"2023-12-28\\\";i:1;i:6;i:2;i:4;i:3;i:20041;i:4;i:20041;i:5;i:73520254000001;i:6;i:96;i:7;i:37470977;i:8;s:22:\\\"BERNINI LUCIANO ANDRES\\\";i:9;s:4:\\\"1,00\\\";i:10;s:3:\\\"PES\\\";i:11;s:7:\\\"7540,14\\\";i:12;s:4:\\\"0,00\\\";i:13;s:4:\\\"0,00\\\";i:14;s:4:\\\"0,00\\\";i:15;s:7:\\\"1583,43\\\";i:16;s:7:\\\"9123,57\\\";}}i:695;O:29:\\\"Illuminate\\\\Support\\\\Collection\\\":1:{s:8:\\\"\\u0000*\\u0000items\\\";a:17:{i:0;s:10:\\\"2023-12-28\\\";i:1;i:6;i:2;i:4;i:3;i:20042;i:4;i:20042;i:5;i:73520254000072;i:6;i:96;i:7;i:35063151;i:8;s:22:\\\"PELOSSO FRANCISCO LUIS\\\";i:9;s:4:\\\"1,00\\\";i:10;s:3:\\\"PES\\\";i:11;s:7:\\\"5432,15\\\";i:12;s:4:\\\"0,00\\\";i:13;s:4:\\\"0,00\\\";i:14;s:4:\\\"0,00\\\";i:15;s:7:\\\"1140,75\\\";i:16;s:7:\\\"6572,90\\\";}}i:696;O:29:\\\"Illuminate\\\\Support\\\\Collection\\\":1:{s:8:\\\"\\u0000*\\u0000items\\\";a:17:{i:0;s:10:\\\"2023-12-28\\\";i:1;i:6;i:2;i:4;i:3;i:20043;i:4;i:20043;i:5;i:73520254000263;i:6;i:96;i:7;i:33437030;i:8;s:22:\\\"DI PIAZZA CARLA DENISE\\\";i:9;s:4:\\\"1,00\\\";i:10;s:3:\\\"PES\\\";i:11;s:7:\\\"5817,36\\\";i:12;s:4:\\\"0,00\\\";i:13;s:4:\\\"0,00\\\";i:14;s:4:\\\"0,00\\\";i:15;s:7:\\\"1221,64\\\";i:16;s:7:\\\"7039,00\\\";}}i:697;O:29:\\\"Illuminate\\\\Support\\\\Collection\\\":1:{s:8:\\\"\\u0000*\\u0000items\\\";a:17:{i:0;s:10:\\\"2023-12-28\\\";i:1;i:6;i:2;i:4;i:3;i:20044;i:4;i:20044;i:5;i:73520254000323;i:6;i:96;i:7;i:27992520;i:8;s:22:\\\"BENITEZ BELKYS JULIETA\\\";i:9;s:4:\\\"1,00\\\";i:10;s:3:\\\"PES\\\";i:11;s:7:\\\"4403,23\\\";i:12;s:4:\\\"0,00\\\";i:13;s:4:\\\"0,00\\\";i:14;s:4:\\\"0,00\\\";i:15;s:6:\\\"924,68\\\";i:16;s:7:\\\"5327,91\\\";}}i:698;O:29:\\\"Illuminate\\\\Support\\\\Collection\\\":1:{s:8:\\\"\\u0000*\\u0000items\\\";a:17:{i:0;s:10:\\\"2023-12-28\\\";i:1;i:6;i:2;i:4;i:3;i:20045;i:4;i:20045;i:5;i:73520254000438;i:6;i:96;i:7;i:43811919;i:8;s:24:\\\"RODRIGUEZ MAYRA VICTORIA\\\";i:9;s:4:\\\"1,00\\\";i:10;s:3:\\\"PES\\\";i:11;s:7:\\\"5585,98\\\";i:12;s:4:\\\"0,00\\\";i:13;s:4:\\\"0,00\\\";i:14;s:4:\\\"0,00\\\";i:15;s:7:\\\"1173,06\\\";i:16;s:7:\\\"6759,04\\\";}}i:699;O:29:\\\"Illuminate\\\\Support\\\\Collection\\\":1:{s:8:\\\"\\u0000*\\u0000items\\\";a:17:{i:0;s:10:\\\"2023-12-28\\\";i:1;i:6;i:2;i:4;i:3;i:20046;i:4;i:20046;i:5;i:73520254000496;i:6;i:96;i:7;i:36632230;i:8;s:25:\\\"PAEZ MARIA DE LOS ANGELES\\\";i:9;s:4:\\\"1,00\\\";i:10;s:3:\\\"PES\\\";i:11;s:8:\\\"15638,53\\\";i:12;s:4:\\\"0,00\\\";i:13;s:4:\\\"0,00\\\";i:14;s:4:\\\"0,00\\\";i:15;s:7:\\\"3284,09\\\";i:16;s:8:\\\"18922,62\\\";}}i:700;O:29:\\\"Illuminate\\\\Support\\\\Collection\\\":1:{s:8:\\\"\\u0000*\\u0000items\\\";a:17:{i:0;s:10:\\\"2023-12-28\\\";i:1;i:6;i:2;i:4;i:3;i:20047;i:4;i:20047;i:5;i:73520254000572;i:6;i:96;i:7;i:1;i:8;N;i:9;s:4:\\\"1,00\\\";i:10;s:3:\\\"PES\\\";i:11;s:6:\\\"244,63\\\";i:12;s:4:\\\"0,00\\\";i:13;s:4:\\\"0,00\\\";i:14;s:4:\\\"0,00\\\";i:15;s:5:\\\"51,37\\\";i:16;s:6:\\\"296,00\\\";}}i:701;O:29:\\\"Illuminate\\\\Support\\\\Collection\\\":1:{s:8:\\\"\\u0000*\\u0000items\\\";a:17:{i:0;s:10:\\\"2023-12-28\\\";i:1;i:6;i:2;i:4;i:3;i:20048;i:4;i:20048;i:5;i:73520254000645;i:6;i:96;i:7;i:21762477;i:8;s:21:\\\"BLASS VALERIA JOSEFA \\\";i:9;s:4:\\\"1,00\\\";i:10;s:3:\\\"PES\\\";i:11;s:8:\\\"12052,69\\\";i:12;s:4:\\\"0,00\\\";i:13;s:4:\\\"0,00\\\";i:14;s:4:\\\"0,00\\\";i:15;s:7:\\\"2531,07\\\";i:16;s:8:\\\"14583,76\\\";}}i:702;O:29:\\\"Illuminate\\\\Support\\\\Collection\\\":1:{s:8:\\\"\\u0000*\\u0000items\\\";a:17:{i:0;s:10:\\\"2023-12-28\\\";i:1;i:6;i:2;i:4;i:3;i:19835;i:4;i:19835;i:5;i:73520203549564;i:6;i:96;i:7;i:35584532;i:8;s:19:\\\"GAUNA ANGIE MELANIE\\\";i:9;s:4:\\\"1,00\\\";i:10;s:3:\\\"PES\\\";i:11;s:7:\\\"5845,37\\\";i:12;s:4:\\\"0,00\\\";i:13;s:4:\\\"0,00\\\";i:14;s:4:\\\"0,00\\\";i:15;s:7:\\\"1227,53\\\";i:16;s:7:\\\"7072,90\\\";}}i:703;O:29:\\\"Illuminate\\\\Support\\\\Collection\\\":1:{s:8:\\\"\\u0000*\\u0000items\\\";a:17:{i:0;s:10:\\\"2023-12-28\\\";i:1;i:6;i:2;i:4;i:3;i:19836;i:4;i:19836;i:5;i:73520203549653;i:6;i:96;i:7;i:1;i:8;N;i:9;s:4:\\\"1,00\\\";i:10;s:3:\\\"PES\\\";i:11;s:5:\\\"99,17\\\";i:12;s:4:\\\"0,00\\\";i:13;s:4:\\\"0,00\\\";i:14;s:4:\\\"0,00\\\";i:15;s:5:\\\"20,83\\\";i:16;s:6:\\\"120,00\\\";}}i:704;O:29:\\\"Illuminate\\\\Support\\\\Collection\\\":1:{s:8:\\\"\\u0000*\\u0000items\\\";a:17:{i:0;s:10:\\\"2023-12-28\\\";i:1;i:6;i:2;i:4;i:3;i:19837;i:4;i:19837;i:5;i:73520203549771;i:6;i:96;i:7;i:33006694;i:8;s:30:\\\"PETRUCCI CINTIA SARA ELIZABETH\\\";i:9;s:4:\\\"1,00\\\";i:10;s:3:\\\"PES\\\";i:11;s:7:\\\"5727,02\\\";i:12;s:4:\\\"0,00\\\";i:13;s:4:\\\"0,00\\\";i:14;s:4:\\\"0,00\\\";i:15;s:7:\\\"1202,67\\\";i:16;s:7:\\\"6929,69\\\";}}i:705;O:29:\\\"Illuminate\\\\Support\\\\Collection\\\":1:{s:8:\\\"\\u0000*\\u0000items\\\";a:17:{i:0;s:10:\\\"2023-12-28\\\";i:1;i:6;i:2;i:4;i:3;i:19838;i:4;i:19838;i:5;i:73520203549844;i:6;i:96;i:7;i:43359299;i:8;s:26:\\\"BELLETTI GIULIANA ANABELLA\\\";i:9;s:4:\\\"1,00\\\";i:10;s:3:\\\"PES\\\";i:11;s:7:\\\"4119,19\\\";i:12;s:4:\\\"0,00\\\";i:13;s:4:\\\"0,00\\\";i:14;s:4:\\\"0,00\\\";i:15;s:6:\\\"865,03\\\";i:16;s:7:\\\"4984,22\\\";}}i:706;O:29:\\\"Illuminate\\\\Support\\\\Collection\\\":1:{s:8:\\\"\\u0000*\\u0000items\\\";a:17:{i:0;s:10:\\\"2023-12-28\\\";i:1;i:6;i:2;i:4;i:3;i:19839;i:4;i:19839;i:5;i:73520203549904;i:6;i:80;i:7;i:27323126203;i:8;s:22:\\\"MALUENDEZ KRAUSE SOFIA\\\";i:9;s:4:\\\"1,00\\\";i:10;s:3:\\\"PES\\\";i:11;s:7:\\\"8833,61\\\";i:12;s:4:\\\"0,00\\\";i:13;s:4:\\\"0,00\\\";i:14;s:4:\\\"0,00\\\";i:15;s:7:\\\"1855,06\\\";i:16;s:8:\\\"10688,67\\\";}}i:707;O:29:\\\"Illuminate\\\\Support\\\\Collection\\\":1:{s:8:\\\"\\u0000*\\u0000items\\\";a:17:{i:0;s:10:\\\"2023-12-28\\\";i:1;i:6;i:2;i:4;i:3;i:19840;i:4;i:19840;i:5;i:73520203550076;i:6;i:96;i:7;i:26043999;i:8;s:20:\\\"MIRANDA SILVIA EDITH\\\";i:9;s:4:\\\"1,00\\\";i:10;s:3:\\\"PES\\\";i:11;s:7:\\\"9421,49\\\";i:12;s:4:\\\"0,00\\\";i:13;s:4:\\\"0,00\\\";i:14;s:4:\\\"0,00\\\";i:15;s:7:\\\"1978,51\\\";i:16;s:8:\\\"11400,00\\\";}}i:708;O:29:\\\"Illuminate\\\\Support\\\\Collection\\\":1:{s:8:\\\"\\u0000*\\u0000items\\\";a:17:{i:0;s:10:\\\"2023-12-28\\\";i:1;i:6;i:2;i:4;i:3;i:19841;i:4;i:19841;i:5;i:73520203550165;i:6;i:96;i:7;i:27607429;i:8;s:18:\\\"ZATTERA JUAN PABLO\\\";i:9;s:4:\\\"1,00\\\";i:10;s:3:\\\"PES\\\";i:11;s:7:\\\"3451,49\\\";i:12;s:4:\\\"0,00\\\";i:13;s:4:\\\"0,00\\\";i:14;s:4:\\\"0,00\\\";i:15;s:6:\\\"724,81\\\";i:16;s:7:\\\"4176,30\\\";}}i:709;O:29:\\\"Illuminate\\\\Support\\\\Collection\\\":1:{s:8:\\\"\\u0000*\\u0000items\\\";a:17:{i:0;s:10:\\\"2023-12-28\\\";i:1;i:6;i:2;i:4;i:3;i:19842;i:4;i:19842;i:5;i:73520203550254;i:6;i:96;i:7;i:38282102;i:8;s:26:\\\"NARDIN MARIANELA DEL VALLE\\\";i:9;s:4:\\\"1,00\\\";i:10;s:3:\\\"PES\\\";i:11;s:8:\\\"10153,47\\\";i:12;s:4:\\\"0,00\\\";i:13;s:4:\\\"0,00\\\";i:14;s:4:\\\"0,00\\\";i:15;s:7:\\\"2132,23\\\";i:16;s:8:\\\"12285,70\\\";}}i:710;O:29:\\\"Illuminate\\\\Support\\\\Collection\\\":1:{s:8:\\\"\\u0000*\\u0000items\\\";a:17:{i:0;s:10:\\\"2023-12-28\\\";i:1;i:6;i:2;i:4;i:3;i:19843;i:4;i:19843;i:5;i:73520203550385;i:6;i:96;i:7;i:24211246;i:8;N;i:9;s:4:\\\"1,00\\\";i:10;s:3:\\\"PES\\\";i:11;s:7:\\\"4348,79\\\";i:12;s:4:\\\"0,00\\\";i:13;s:4:\\\"0,00\\\";i:14;s:4:\\\"0,00\\\";i:15;s:6:\\\"913,25\\\";i:16;s:7:\\\"5262,04\\\";}}i:711;O:29:\\\"Illuminate\\\\Support\\\\Collection\\\":1:{s:8:\\\"\\u0000*\\u0000items\\\";a:17:{i:0;s:10:\\\"2023-12-28\\\";i:1;i:6;i:2;i:4;i:3;i:19844;i:4;i:19844;i:5;i:73520203550445;i:6;i:96;i:7;i:30301443;i:8;s:19:\\\"\\u00d1A\\u00d1EZ MARIA LAURA\\\";i:9;s:4:\\\"1,00\\\";i:10;s:3:\\\"PES\\\";i:11;s:7:\\\"5116,74\\\";i:12;s:4:\\\"0,00\\\";i:13;s:4:\\\"0,00\\\";i:14;s:4:\\\"0,00\\\";i:15;s:7:\\\"1074,52\\\";i:16;s:7:\\\"6191,26\\\";}}i:712;O:29:\\\"Illuminate\\\\Support\\\\Collection\\\":1:{s:8:\\\"\\u0000*\\u0000items\\\";a:17:{i:0;s:10:\\\"2023-12-28\\\";i:1;i:6;i:2;i:4;i:3;i:19845;i:4;i:19845;i:5;i:73520203550649;i:6;i:96;i:7;i:1;i:8;N;i:9;s:4:\\\"1,00\\\";i:10;s:3:\\\"PES\\\";i:11;s:6:\\\"154,55\\\";i:12;s:4:\\\"0,00\\\";i:13;s:4:\\\"0,00\\\";i:14;s:4:\\\"0,00\\\";i:15;s:5:\\\"32,45\\\";i:16;s:6:\\\"187,00\\\";}}i:713;O:29:\\\"Illuminate\\\\Support\\\\Collection\\\":1:{s:8:\\\"\\u0000*\\u0000items\\\";a:17:{i:0;s:10:\\\"2023-12-28\\\";i:1;i:6;i:2;i:4;i:3;i:19846;i:4;i:19846;i:5;i:73520203550783;i:6;i:96;i:7;i:16553152;i:8;s:22:\\\"VALENTI GLADYS BEATRIZ\\\";i:9;s:4:\\\"1,00\\\";i:10;s:3:\\\"PES\\\";i:11;s:7:\\\"7459,56\\\";i:12;s:4:\\\"0,00\\\";i:13;s:4:\\\"0,00\\\";i:14;s:4:\\\"0,00\\\";i:15;s:7:\\\"1566,51\\\";i:16;s:7:\\\"9026,07\\\";}}i:714;O:29:\\\"Illuminate\\\\Support\\\\Collection\\\":1:{s:8:\\\"\\u0000*\\u0000items\\\";a:17:{i:0;s:10:\\\"2023-12-28\\\";i:1;i:6;i:2;i:4;i:3;i:20441;i:4;i:20441;i:5;i:73520332004154;i:6;i:96;i:7;i:1;i:8;N;i:9;s:4:\\\"1,00\\\";i:10;s:3:\\\"PES\\\";i:11;s:6:\\\"183,47\\\";i:12;s:4:\\\"0,00\\\";i:13;s:4:\\\"0,00\\\";i:14;s:4:\\\"0,00\\\";i:15;s:5:\\\"38,53\\\";i:16;s:6:\\\"222,00\\\";}}i:715;O:29:\\\"Illuminate\\\\Support\\\\Collection\\\":1:{s:8:\\\"\\u0000*\\u0000items\\\";a:17:{i:0;s:10:\\\"2023-12-28\\\";i:1;i:6;i:2;i:4;i:3;i:20447;i:4;i:20447;i:5;i:73520332043906;i:6;i:96;i:7;i:1;i:8;N;i:9;s:4:\\\"1,00\\\";i:10;s:3:\\\"PES\\\";i:11;s:6:\\\"413,22\\\";i:12;s:4:\\\"0,00\\\";i:13;s:4:\\\"0,00\\\";i:14;s:4:\\\"0,00\\\";i:15;s:5:\\\"86,78\\\";i:16;s:6:\\\"500,00\\\";}}i:716;O:29:\\\"Illuminate\\\\Support\\\\Collection\\\":1:{s:8:\\\"\\u0000*\\u0000items\\\";a:17:{i:0;s:10:\\\"2023-12-28\\\";i:1;i:6;i:2;i:4;i:3;i:20448;i:4;i:20448;i:5;i:73520332043948;i:6;i:86;i:7;i:27326395108;i:8;s:20:\\\"AYALA JOHANNA VANESA\\\";i:9;s:4:\\\"1,00\\\";i:10;s:3:\\\"PES\\\";i:11;s:8:\\\"19588,43\\\";i:12;s:4:\\\"0,00\\\";i:13;s:4:\\\"0,00\\\";i:14;s:4:\\\"0,00\\\";i:15;s:7:\\\"4113,57\\\";i:16;s:8:\\\"23702,00\\\";}}i:717;O:29:\\\"Illuminate\\\\Support\\\\Collection\\\":1:{s:8:\\\"\\u0000*\\u0000items\\\";a:17:{i:0;s:10:\\\"2023-12-28\\\";i:1;i:6;i:2;i:4;i:3;i:20449;i:4;i:20449;i:5;i:73520332044012;i:6;i:96;i:7;i:1;i:8;N;i:9;s:4:\\\"1,00\\\";i:10;s:3:\\\"PES\\\";i:11;s:6:\\\"347,73\\\";i:12;s:4:\\\"0,00\\\";i:13;s:4:\\\"0,00\\\";i:14;s:4:\\\"0,00\\\";i:15;s:5:\\\"73,02\\\";i:16;s:6:\\\"420,75\\\";}}i:718;O:29:\\\"Illuminate\\\\Support\\\\Collection\\\":1:{s:8:\\\"\\u0000*\\u0000items\\\";a:17:{i:0;s:10:\\\"2023-12-28\\\";i:1;i:6;i:2;i:4;i:3;i:20450;i:4;i:20450;i:5;i:73520332044067;i:6;i:86;i:7;i:20348371399;i:8;s:20:\\\"PEREZ CLAUDIO MANUEL\\\";i:9;s:4:\\\"1,00\\\";i:10;s:3:\\\"PES\\\";i:11;s:8:\\\"17355,37\\\";i:12;s:4:\\\"0,00\\\";i:13;s:4:\\\"0,00\\\";i:14;s:4:\\\"0,00\\\";i:15;s:7:\\\"3644,63\\\";i:16;s:8:\\\"21000,00\\\";}}i:719;O:29:\\\"Illuminate\\\\Support\\\\Collection\\\":1:{s:8:\\\"\\u0000*\\u0000items\\\";a:17:{i:0;s:10:\\\"2023-12-28\\\";i:1;i:6;i:2;i:4;i:3;i:20451;i:4;i:20451;i:5;i:73520332044096;i:6;i:96;i:7;i:1;i:8;N;i:9;s:4:\\\"1,00\\\";i:10;s:3:\\\"PES\\\";i:11;s:5:\\\"99,17\\\";i:12;s:4:\\\"0,00\\\";i:13;s:4:\\\"0,00\\\";i:14;s:4:\\\"0,00\\\";i:15;s:5:\\\"20,83\\\";i:16;s:6:\\\"120,00\\\";}}i:720;O:29:\\\"Illuminate\\\\Support\\\\Collection\\\":1:{s:8:\\\"\\u0000*\\u0000items\\\";a:17:{i:0;s:10:\\\"2023-12-28\\\";i:1;i:6;i:2;i:4;i:3;i:20452;i:4;i:20452;i:5;i:73520332099119;i:6;i:96;i:7;i:1;i:8;N;i:9;s:4:\\\"1,00\\\";i:10;s:3:\\\"PES\\\";i:11;s:6:\\\"347,73\\\";i:12;s:4:\\\"0,00\\\";i:13;s:4:\\\"0,00\\\";i:14;s:4:\\\"0,00\\\";i:15;s:5:\\\"73,02\\\";i:16;s:6:\\\"420,75\\\";}}i:721;O:29:\\\"Illuminate\\\\Support\\\\Collection\\\":1:{s:8:\\\"\\u0000*\\u0000items\\\";a:17:{i:0;s:10:\\\"2023-12-28\\\";i:1;i:6;i:2;i:4;i:3;i:20453;i:4;i:20453;i:5;i:73520332099148;i:6;i:96;i:7;i:1;i:8;N;i:9;s:4:\\\"1,00\\\";i:10;s:3:\\\"PES\\\";i:11;s:6:\\\"115,91\\\";i:12;s:4:\\\"0,00\\\";i:13;s:4:\\\"0,00\\\";i:14;s:4:\\\"0,00\\\";i:15;s:5:\\\"24,34\\\";i:16;s:6:\\\"140,25\\\";}}i:722;O:29:\\\"Illuminate\\\\Support\\\\Collection\\\":1:{s:8:\\\"\\u0000*\\u0000items\\\";a:17:{i:0;s:10:\\\"2023-12-28\\\";i:1;i:6;i:2;i:4;i:3;i:20454;i:4;i:20454;i:5;i:73520332099180;i:6;i:96;i:7;i:1;i:8;N;i:9;s:4:\\\"1,00\\\";i:10;s:3:\\\"PES\\\";i:11;s:6:\\\"231,40\\\";i:12;s:4:\\\"0,00\\\";i:13;s:4:\\\"0,00\\\";i:14;s:4:\\\"0,00\\\";i:15;s:5:\\\"48,60\\\";i:16;s:6:\\\"280,00\\\";}}i:723;O:29:\\\"Illuminate\\\\Support\\\\Collection\\\":1:{s:8:\\\"\\u0000*\\u0000items\\\";a:17:{i:0;s:10:\\\"2023-12-28\\\";i:1;i:6;i:2;i:4;i:3;i:20455;i:4;i:20455;i:5;i:73520332099224;i:6;i:96;i:7;i:1;i:8;N;i:9;s:4:\\\"1,00\\\";i:10;s:3:\\\"PES\\\";i:11;s:6:\\\"751,24\\\";i:12;s:4:\\\"0,00\\\";i:13;s:4:\\\"0,00\\\";i:14;s:4:\\\"0,00\\\";i:15;s:6:\\\"157,76\\\";i:16;s:6:\\\"909,00\\\";}}i:724;O:29:\\\"Illuminate\\\\Support\\\\Collection\\\":1:{s:8:\\\"\\u0000*\\u0000items\\\";a:17:{i:0;s:10:\\\"2023-12-28\\\";i:1;i:6;i:2;i:4;i:3;i:20456;i:4;i:20456;i:5;i:73520332099266;i:6;i:86;i:7;i:27360930691;i:8;s:24:\\\"FERNANDEZ NANCY PATRICIA\\\";i:9;s:4:\\\"1,00\\\";i:10;s:3:\\\"PES\\\";i:11;s:8:\\\"37190,08\\\";i:12;s:4:\\\"0,00\\\";i:13;s:4:\\\"0,00\\\";i:14;s:4:\\\"0,00\\\";i:15;s:7:\\\"7809,92\\\";i:16;s:8:\\\"45000,00\\\";}}i:725;O:29:\\\"Illuminate\\\\Support\\\\Collection\\\":1:{s:8:\\\"\\u0000*\\u0000items\\\";a:17:{i:0;s:10:\\\"2023-12-28\\\";i:1;i:6;i:2;i:4;i:3;i:20457;i:4;i:20457;i:5;i:73520332099295;i:6;i:86;i:7;i:27380315888;i:8;s:22:\\\"GIMENEZ JESSICA TAMARA\\\";i:9;s:4:\\\"1,00\\\";i:10;s:3:\\\"PES\\\";i:11;s:8:\\\"17429,75\\\";i:12;s:4:\\\"0,00\\\";i:13;s:4:\\\"0,00\\\";i:14;s:4:\\\"0,00\\\";i:15;s:7:\\\"3660,25\\\";i:16;s:8:\\\"21090,00\\\";}}i:726;O:29:\\\"Illuminate\\\\Support\\\\Collection\\\":1:{s:8:\\\"\\u0000*\\u0000items\\\";a:17:{i:0;s:10:\\\"2023-12-28\\\";i:1;i:6;i:2;i:4;i:3;i:20458;i:4;i:20458;i:5;i:73520332099300;i:6;i:96;i:7;i:1;i:8;N;i:9;s:4:\\\"1,00\\\";i:10;s:3:\\\"PES\\\";i:11;s:5:\\\"77,27\\\";i:12;s:4:\\\"0,00\\\";i:13;s:4:\\\"0,00\\\";i:14;s:4:\\\"0,00\\\";i:15;s:5:\\\"16,23\\\";i:16;s:5:\\\"93,50\\\";}}i:727;O:29:\\\"Illuminate\\\\Support\\\\Collection\\\":1:{s:8:\\\"\\u0000*\\u0000items\\\";a:17:{i:0;s:10:\\\"2023-12-28\\\";i:1;i:6;i:2;i:4;i:3;i:20459;i:4;i:20459;i:5;i:73520332099339;i:6;i:96;i:7;i:1;i:8;N;i:9;s:4:\\\"1,00\\\";i:10;s:3:\\\"PES\\\";i:11;s:7:\\\"1669,41\\\";i:12;s:4:\\\"0,00\\\";i:13;s:4:\\\"0,00\\\";i:14;s:4:\\\"0,00\\\";i:15;s:6:\\\"350,58\\\";i:16;s:7:\\\"2019,99\\\";}}i:728;O:29:\\\"Illuminate\\\\Support\\\\Collection\\\":1:{s:8:\\\"\\u0000*\\u0000items\\\";a:17:{i:0;s:10:\\\"2023-12-28\\\";i:1;i:6;i:2;i:4;i:3;i:20460;i:4;i:20460;i:5;i:73520332099371;i:6;i:80;i:7;i:20217216142;i:8;s:27:\\\"INSAURRALDE LISANDRO JAVIER\\\";i:9;s:4:\\\"1,00\\\";i:10;s:3:\\\"PES\\\";i:11;s:7:\\\"2132,23\\\";i:12;s:4:\\\"0,00\\\";i:13;s:4:\\\"0,00\\\";i:14;s:4:\\\"0,00\\\";i:15;s:6:\\\"447,77\\\";i:16;s:7:\\\"2580,00\\\";}}i:729;O:29:\\\"Illuminate\\\\Support\\\\Collection\\\":1:{s:8:\\\"\\u0000*\\u0000items\\\";a:17:{i:0;s:10:\\\"2023-12-28\\\";i:1;i:6;i:2;i:4;i:3;i:20461;i:4;i:20461;i:5;i:73520332099444;i:6;i:96;i:7;i:1;i:8;N;i:9;s:4:\\\"1,00\\\";i:10;s:3:\\\"PES\\\";i:11;s:6:\\\"154,55\\\";i:12;s:4:\\\"0,00\\\";i:13;s:4:\\\"0,00\\\";i:14;s:4:\\\"0,00\\\";i:15;s:5:\\\"32,45\\\";i:16;s:6:\\\"187,00\\\";}}i:730;O:29:\\\"Illuminate\\\\Support\\\\Collection\\\":1:{s:8:\\\"\\u0000*\\u0000items\\\";a:17:{i:0;s:10:\\\"2023-12-28\\\";i:1;i:6;i:2;i:4;i:3;i:20462;i:4;i:20462;i:5;i:73520332099473;i:6;i:96;i:7;i:1;i:8;N;i:9;s:4:\\\"1,00\\\";i:10;s:3:\\\"PES\\\";i:11;s:6:\\\"154,55\\\";i:12;s:4:\\\"0,00\\\";i:13;s:4:\\\"0,00\\\";i:14;s:4:\\\"0,00\\\";i:15;s:5:\\\"32,45\\\";i:16;s:6:\\\"187,00\\\";}}i:731;O:29:\\\"Illuminate\\\\Support\\\\Collection\\\":1:{s:8:\\\"\\u0000*\\u0000items\\\";a:17:{i:0;s:10:\\\"2023-12-28\\\";i:1;i:6;i:2;i:4;i:3;i:20463;i:4;i:20463;i:5;i:73520332099504;i:6;i:96;i:7;i:1;i:8;N;i:9;s:4:\\\"1,00\\\";i:10;s:3:\\\"PES\\\";i:11;s:6:\\\"347,73\\\";i:12;s:4:\\\"0,00\\\";i:13;s:4:\\\"0,00\\\";i:14;s:4:\\\"0,00\\\";i:15;s:5:\\\"73,02\\\";i:16;s:6:\\\"420,75\\\";}}i:732;O:29:\\\"Illuminate\\\\Support\\\\Collection\\\":1:{s:8:\\\"\\u0000*\\u0000items\\\";a:17:{i:0;s:10:\\\"2023-12-28\\\";i:1;i:6;i:2;i:4;i:3;i:20464;i:4;i:20464;i:5;i:73520332099559;i:6;i:96;i:7;i:1;i:8;N;i:9;s:4:\\\"1,00\\\";i:10;s:3:\\\"PES\\\";i:11;s:6:\\\"347,73\\\";i:12;s:4:\\\"0,00\\\";i:13;s:4:\\\"0,00\\\";i:14;s:4:\\\"0,00\\\";i:15;s:5:\\\"73,02\\\";i:16;s:6:\\\"420,75\\\";}}i:733;O:29:\\\"Illuminate\\\\Support\\\\Collection\\\":1:{s:8:\\\"\\u0000*\\u0000items\\\";a:17:{i:0;s:10:\\\"2023-12-28\\\";i:1;i:6;i:2;i:4;i:3;i:20465;i:4;i:20465;i:5;i:73520332099619;i:6;i:86;i:7;i:27410417486;i:8;s:23:\\\"GONZALEZ MARIANELA INES\\\";i:9;s:4:\\\"1,00\\\";i:10;s:3:\\\"PES\\\";i:11;s:8:\\\"16163,64\\\";i:12;s:4:\\\"0,00\\\";i:13;s:4:\\\"0,00\\\";i:14;s:4:\\\"0,00\\\";i:15;s:7:\\\"3394,36\\\";i:16;s:8:\\\"19558,00\\\";}}i:734;O:29:\\\"Illuminate\\\\Support\\\\Collection\\\":1:{s:8:\\\"\\u0000*\\u0000items\\\";a:17:{i:0;s:10:\\\"2023-12-28\\\";i:1;i:6;i:2;i:4;i:3;i:20466;i:4;i:20466;i:5;i:73520332099635;i:6;i:96;i:7;i:1;i:8;N;i:9;s:4:\\\"1,00\\\";i:10;s:3:\\\"PES\\\";i:11;s:6:\\\"413,22\\\";i:12;s:4:\\\"0,00\\\";i:13;s:4:\\\"0,00\\\";i:14;s:4:\\\"0,00\\\";i:15;s:5:\\\"86,78\\\";i:16;s:6:\\\"500,00\\\";}}i:735;O:29:\\\"Illuminate\\\\Support\\\\Collection\\\":1:{s:8:\\\"\\u0000*\\u0000items\\\";a:17:{i:0;s:10:\\\"2023-12-28\\\";i:1;i:6;i:2;i:4;i:3;i:20467;i:4;i:20467;i:5;i:73520332099677;i:6;i:80;i:7;i:27401599075;i:8;s:19:\\\"AGUET LILIANA MARIA\\\";i:9;s:4:\\\"1,00\\\";i:10;s:3:\\\"PES\\\";i:11;s:8:\\\"29994,21\\\";i:12;s:4:\\\"0,00\\\";i:13;s:4:\\\"0,00\\\";i:14;s:4:\\\"0,00\\\";i:15;s:7:\\\"6298,79\\\";i:16;s:8:\\\"36293,00\\\";}}i:736;O:29:\\\"Illuminate\\\\Support\\\\Collection\\\":1:{s:8:\\\"\\u0000*\\u0000items\\\";a:17:{i:0;s:10:\\\"2023-12-28\\\";i:1;i:6;i:2;i:4;i:3;i:20468;i:4;i:20468;i:5;i:73520332099708;i:6;i:96;i:7;i:1;i:8;N;i:9;s:4:\\\"1,00\\\";i:10;s:3:\\\"PES\\\";i:11;s:5:\\\"77,27\\\";i:12;s:4:\\\"0,00\\\";i:13;s:4:\\\"0,00\\\";i:14;s:4:\\\"0,00\\\";i:15;s:5:\\\"16,23\\\";i:16;s:5:\\\"93,50\\\";}}i:737;O:29:\\\"Illuminate\\\\Support\\\\Collection\\\":1:{s:8:\\\"\\u0000*\\u0000items\\\";a:17:{i:0;s:10:\\\"2023-12-28\\\";i:1;i:6;i:2;i:4;i:3;i:20469;i:4;i:20469;i:5;i:73520332099737;i:6;i:96;i:7;i:1;i:8;N;i:9;s:4:\\\"1,00\\\";i:10;s:3:\\\"PES\\\";i:11;s:6:\\\"413,22\\\";i:12;s:4:\\\"0,00\\\";i:13;s:4:\\\"0,00\\\";i:14;s:4:\\\"0,00\\\";i:15;s:5:\\\"86,78\\\";i:16;s:6:\\\"500,00\\\";}}i:738;O:29:\\\"Illuminate\\\\Support\\\\Collection\\\":1:{s:8:\\\"\\u0000*\\u0000items\\\";a:17:{i:0;s:10:\\\"2023-12-28\\\";i:1;i:6;i:2;i:4;i:3;i:20049;i:4;i:20049;i:5;i:73520254147609;i:6;i:96;i:7;i:35641494;i:8;s:24:\\\"CAMMARATA ULISES LAUTARO\\\";i:9;s:4:\\\"1,00\\\";i:10;s:3:\\\"PES\\\";i:11;s:7:\\\"2948,87\\\";i:12;s:4:\\\"0,00\\\";i:13;s:4:\\\"0,00\\\";i:14;s:4:\\\"0,00\\\";i:15;s:6:\\\"619,26\\\";i:16;s:7:\\\"3568,13\\\";}}i:739;O:29:\\\"Illuminate\\\\Support\\\\Collection\\\":1:{s:8:\\\"\\u0000*\\u0000items\\\";a:17:{i:0;s:10:\\\"2023-12-28\\\";i:1;i:6;i:2;i:4;i:3;i:20050;i:4;i:20050;i:5;i:73520254147701;i:6;i:96;i:7;i:41707001;i:8;s:28:\\\"SORIA RODRIGUEZ MILENA YAIN \\\";i:9;s:4:\\\"1,00\\\";i:10;s:3:\\\"PES\\\";i:11;s:7:\\\"6781,93\\\";i:12;s:4:\\\"0,00\\\";i:13;s:4:\\\"0,00\\\";i:14;s:4:\\\"0,00\\\";i:15;s:7:\\\"1424,21\\\";i:16;s:7:\\\"8206,14\\\";}}i:740;O:29:\\\"Illuminate\\\\Support\\\\Collection\\\":1:{s:8:\\\"\\u0000*\\u0000items\\\";a:17:{i:0;s:10:\\\"2023-12-28\\\";i:1;i:6;i:2;i:4;i:3;i:20051;i:4;i:20051;i:5;i:73520254147947;i:6;i:96;i:7;i:25833475;i:8;s:24:\\\"SUAREZ JACA JUAN IGNACIO\\\";i:9;s:4:\\\"1,00\\\";i:10;s:3:\\\"PES\\\";i:11;s:7:\\\"6691,67\\\";i:12;s:4:\\\"0,00\\\";i:13;s:4:\\\"0,00\\\";i:14;s:4:\\\"0,00\\\";i:15;s:7:\\\"1405,25\\\";i:16;s:7:\\\"8096,92\\\";}}i:741;O:29:\\\"Illuminate\\\\Support\\\\Collection\\\":1:{s:8:\\\"\\u0000*\\u0000items\\\";a:17:{i:0;s:10:\\\"2023-12-28\\\";i:1;i:6;i:2;i:4;i:3;i:20052;i:4;i:20052;i:5;i:73520254148066;i:6;i:96;i:7;i:1;i:8;N;i:9;s:4:\\\"1,00\\\";i:10;s:3:\\\"PES\\\";i:11;s:6:\\\"154,55\\\";i:12;s:4:\\\"0,00\\\";i:13;s:4:\\\"0,00\\\";i:14;s:4:\\\"0,00\\\";i:15;s:5:\\\"32,45\\\";i:16;s:6:\\\"187,00\\\";}}i:742;O:29:\\\"Illuminate\\\\Support\\\\Collection\\\":1:{s:8:\\\"\\u0000*\\u0000items\\\";a:17:{i:0;s:10:\\\"2023-12-28\\\";i:1;i:6;i:2;i:4;i:3;i:20053;i:4;i:20053;i:5;i:73520254148155;i:6;i:96;i:7;i:95732783;i:8;s:29:\\\"MAESTRE PEREZ CESAR GERONIMO \\\";i:9;s:4:\\\"1,00\\\";i:10;s:3:\\\"PES\\\";i:11;s:7:\\\"1907,70\\\";i:12;s:4:\\\"0,00\\\";i:13;s:4:\\\"0,00\\\";i:14;s:4:\\\"0,00\\\";i:15;s:6:\\\"400,62\\\";i:16;s:7:\\\"2308,32\\\";}}i:743;O:29:\\\"Illuminate\\\\Support\\\\Collection\\\":1:{s:8:\\\"\\u0000*\\u0000items\\\";a:17:{i:0;s:10:\\\"2023-12-28\\\";i:1;i:6;i:2;i:4;i:3;i:20054;i:4;i:20054;i:5;i:73520254148231;i:6;i:96;i:7;i:1;i:8;N;i:9;s:4:\\\"1,00\\\";i:10;s:3:\\\"PES\\\";i:11;s:6:\\\"169,42\\\";i:12;s:4:\\\"0,00\\\";i:13;s:4:\\\"0,00\\\";i:14;s:4:\\\"0,00\\\";i:15;s:5:\\\"35,58\\\";i:16;s:6:\\\"205,00\\\";}}i:744;O:29:\\\"Illuminate\\\\Support\\\\Collection\\\":1:{s:8:\\\"\\u0000*\\u0000items\\\";a:17:{i:0;s:10:\\\"2023-12-28\\\";i:1;i:6;i:2;i:4;i:3;i:20055;i:4;i:20055;i:5;i:73520254148448;i:6;i:96;i:7;i:23902739;i:8;s:22:\\\"MIRANDA MARCOS ANTONIO\\\";i:9;s:4:\\\"1,00\\\";i:10;s:3:\\\"PES\\\";i:11;s:7:\\\"5148,83\\\";i:12;s:4:\\\"0,00\\\";i:13;s:4:\\\"0,00\\\";i:14;s:4:\\\"0,00\\\";i:15;s:7:\\\"1081,26\\\";i:16;s:7:\\\"6230,09\\\";}}i:745;O:29:\\\"Illuminate\\\\Support\\\\Collection\\\":1:{s:8:\\\"\\u0000*\\u0000items\\\";a:17:{i:0;s:10:\\\"2023-12-28\\\";i:1;i:6;i:2;i:4;i:3;i:20056;i:4;i:20056;i:5;i:73520254148642;i:6;i:96;i:7;i:38170307;i:8;s:31:\\\"SALVADOR BEATRIZ ELVIRA DOLORES\\\";i:9;s:4:\\\"1,00\\\";i:10;s:3:\\\"PES\\\";i:11;s:7:\\\"7345,46\\\";i:12;s:4:\\\"0,00\\\";i:13;s:4:\\\"0,00\\\";i:14;s:4:\\\"0,00\\\";i:15;s:7:\\\"1542,55\\\";i:16;s:7:\\\"8888,01\\\";}}i:746;O:29:\\\"Illuminate\\\\Support\\\\Collection\\\":1:{s:8:\\\"\\u0000*\\u0000items\\\";a:17:{i:0;s:10:\\\"2023-12-28\\\";i:1;i:6;i:2;i:4;i:3;i:20057;i:4;i:20057;i:5;i:73520254148786;i:6;i:96;i:7;i:1;i:8;N;i:9;s:4:\\\"1,00\\\";i:10;s:3:\\\"PES\\\";i:11;s:5:\\\"99,17\\\";i:12;s:4:\\\"0,00\\\";i:13;s:4:\\\"0,00\\\";i:14;s:4:\\\"0,00\\\";i:15;s:5:\\\"20,83\\\";i:16;s:6:\\\"120,00\\\";}}i:747;O:29:\\\"Illuminate\\\\Support\\\\Collection\\\":1:{s:8:\\\"\\u0000*\\u0000items\\\";a:17:{i:0;s:10:\\\"2023-12-28\\\";i:1;i:6;i:2;i:4;i:3;i:20058;i:4;i:20058;i:5;i:73520254148891;i:6;i:96;i:7;i:44426754;i:8;s:24:\\\"SEQUEIRA IGNACIO NICOLAS\\\";i:9;s:4:\\\"1,00\\\";i:10;s:3:\\\"PES\\\";i:11;s:7:\\\"5432,15\\\";i:12;s:4:\\\"0,00\\\";i:13;s:4:\\\"0,00\\\";i:14;s:4:\\\"0,00\\\";i:15;s:7:\\\"1140,75\\\";i:16;s:7:\\\"6572,90\\\";}}i:748;O:29:\\\"Illuminate\\\\Support\\\\Collection\\\":1:{s:8:\\\"\\u0000*\\u0000items\\\";a:17:{i:0;s:10:\\\"2023-12-28\\\";i:1;i:6;i:2;i:4;i:3;i:20059;i:4;i:20059;i:5;i:73520254148977;i:6;i:96;i:7;i:49221022;i:8;s:27:\\\"LOPEZ FLORES IRUPE ABIGAIL \\\";i:9;s:4:\\\"1,00\\\";i:10;s:3:\\\"PES\\\";i:11;s:7:\\\"5746,20\\\";i:12;s:4:\\\"0,00\\\";i:13;s:4:\\\"0,00\\\";i:14;s:4:\\\"0,00\\\";i:15;s:7:\\\"1206,70\\\";i:16;s:7:\\\"6952,90\\\";}}i:749;O:29:\\\"Illuminate\\\\Support\\\\Collection\\\":1:{s:8:\\\"\\u0000*\\u0000items\\\";a:17:{i:0;s:10:\\\"2023-12-28\\\";i:1;i:6;i:2;i:4;i:3;i:20060;i:4;i:20060;i:5;i:73520254149185;i:6;i:96;i:7;i:93632109;i:8;N;i:9;s:4:\\\"1,00\\\";i:10;s:3:\\\"PES\\\";i:11;s:8:\\\"14978,53\\\";i:12;s:4:\\\"0,00\\\";i:13;s:4:\\\"0,00\\\";i:14;s:4:\\\"0,00\\\";i:15;s:7:\\\"3145,49\\\";i:16;s:8:\\\"18124,02\\\";}}i:750;O:29:\\\"Illuminate\\\\Support\\\\Collection\\\":1:{s:8:\\\"\\u0000*\\u0000items\\\";a:17:{i:0;s:10:\\\"2023-12-28\\\";i:1;i:6;i:2;i:4;i:3;i:20061;i:4;i:20061;i:5;i:73520254149318;i:6;i:96;i:7;i:21949548;i:8;s:36:\\\"FERNANDEZ GOLDENBERG GUSTAVO ALBERTO\\\";i:9;s:4:\\\"1,00\\\";i:10;s:3:\\\"PES\\\";i:11;s:7:\\\"5407,58\\\";i:12;s:4:\\\"0,00\\\";i:13;s:4:\\\"0,00\\\";i:14;s:4:\\\"0,00\\\";i:15;s:7:\\\"1135,59\\\";i:16;s:7:\\\"6543,17\\\";}}i:751;O:29:\\\"Illuminate\\\\Support\\\\Collection\\\":1:{s:8:\\\"\\u0000*\\u0000items\\\";a:17:{i:0;s:10:\\\"2023-12-28\\\";i:1;i:6;i:2;i:4;i:3;i:20062;i:4;i:20062;i:5;i:73520254149392;i:6;i:96;i:7;i:1;i:8;N;i:9;s:4:\\\"1,00\\\";i:10;s:3:\\\"PES\\\";i:11;s:6:\\\"154,55\\\";i:12;s:4:\\\"0,00\\\";i:13;s:4:\\\"0,00\\\";i:14;s:4:\\\"0,00\\\";i:15;s:5:\\\"32,45\\\";i:16;s:6:\\\"187,00\\\";}}i:752;O:29:\\\"Illuminate\\\\Support\\\\Collection\\\":1:{s:8:\\\"\\u0000*\\u0000items\\\";a:17:{i:0;s:10:\\\"2023-12-28\\\";i:1;i:6;i:2;i:4;i:3;i:20063;i:4;i:20063;i:5;i:73520254149494;i:6;i:96;i:7;i:1;i:8;N;i:9;s:4:\\\"1,00\\\";i:10;s:3:\\\"PES\\\";i:11;s:7:\\\"1669,41\\\";i:12;s:4:\\\"0,00\\\";i:13;s:4:\\\"0,00\\\";i:14;s:4:\\\"0,00\\\";i:15;s:6:\\\"350,58\\\";i:16;s:7:\\\"2019,99\\\";}}i:753;O:29:\\\"Illuminate\\\\Support\\\\Collection\\\":1:{s:8:\\\"\\u0000*\\u0000items\\\";a:17:{i:0;s:10:\\\"2023-12-28\\\";i:1;i:6;i:2;i:4;i:3;i:20064;i:4;i:20064;i:5;i:73520254149570;i:6;i:96;i:7;i:39463259;i:8;s:16:\\\"LAVALLEN GONZALO\\\";i:9;s:4:\\\"1,00\\\";i:10;s:3:\\\"PES\\\";i:11;s:7:\\\"2573,55\\\";i:12;s:4:\\\"0,00\\\";i:13;s:4:\\\"0,00\\\";i:14;s:4:\\\"0,00\\\";i:15;s:6:\\\"540,44\\\";i:16;s:7:\\\"3113,99\\\";}}i:754;O:29:\\\"Illuminate\\\\Support\\\\Collection\\\":1:{s:8:\\\"\\u0000*\\u0000items\\\";a:17:{i:0;s:10:\\\"2023-12-28\\\";i:1;i:6;i:2;i:4;i:3;i:20470;i:4;i:20470;i:5;i:73520332161732;i:6;i:96;i:7;i:1;i:8;N;i:9;s:4:\\\"1,00\\\";i:10;s:3:\\\"PES\\\";i:11;s:6:\\\"347,73\\\";i:12;s:4:\\\"0,00\\\";i:13;s:4:\\\"0,00\\\";i:14;s:4:\\\"0,00\\\";i:15;s:5:\\\"73,02\\\";i:16;s:6:\\\"420,75\\\";}}i:755;O:29:\\\"Illuminate\\\\Support\\\\Collection\\\":1:{s:8:\\\"\\u0000*\\u0000items\\\";a:17:{i:0;s:10:\\\"2023-12-28\\\";i:1;i:6;i:2;i:4;i:3;i:20471;i:4;i:20471;i:5;i:73520332161774;i:6;i:96;i:7;i:96165014;i:8;s:23:\\\"MUNIZ DA SILVA ANDREINA\\\";i:9;s:4:\\\"1,00\\\";i:10;s:3:\\\"PES\\\";i:11;s:7:\\\"2335,12\\\";i:12;s:4:\\\"0,00\\\";i:13;s:4:\\\"0,00\\\";i:14;s:4:\\\"0,00\\\";i:15;s:6:\\\"490,37\\\";i:16;s:7:\\\"2825,49\\\";}}i:756;O:29:\\\"Illuminate\\\\Support\\\\Collection\\\":1:{s:8:\\\"\\u0000*\\u0000items\\\";a:17:{i:0;s:10:\\\"2023-12-28\\\";i:1;i:6;i:2;i:4;i:3;i:20472;i:4;i:20472;i:5;i:73520332161834;i:6;i:86;i:7;i:27345267781;i:8;s:23:\\\"GAIARDO MARIA FLORENCIA\\\";i:9;s:4:\\\"1,00\\\";i:10;s:3:\\\"PES\\\";i:11;s:8:\\\"20177,69\\\";i:12;s:4:\\\"0,00\\\";i:13;s:4:\\\"0,00\\\";i:14;s:4:\\\"0,00\\\";i:15;s:7:\\\"4237,31\\\";i:16;s:8:\\\"24415,00\\\";}}i:757;O:29:\\\"Illuminate\\\\Support\\\\Collection\\\":1:{s:8:\\\"\\u0000*\\u0000items\\\";a:17:{i:0;s:10:\\\"2023-12-28\\\";i:1;i:6;i:2;i:4;i:3;i:20473;i:4;i:20473;i:5;i:73520332161923;i:6;i:96;i:7;i:41507199;i:8;s:25:\\\"GIMENEZ CATHERINE FABIANA\\\";i:9;s:4:\\\"1,00\\\";i:10;s:3:\\\"PES\\\";i:11;s:7:\\\"5281,45\\\";i:12;s:4:\\\"0,00\\\";i:13;s:4:\\\"0,00\\\";i:14;s:4:\\\"0,00\\\";i:15;s:7:\\\"1109,10\\\";i:16;s:7:\\\"6390,55\\\";}}i:758;O:29:\\\"Illuminate\\\\Support\\\\Collection\\\":1:{s:8:\\\"\\u0000*\\u0000items\\\";a:17:{i:0;s:10:\\\"2023-12-28\\\";i:1;i:6;i:2;i:4;i:3;i:20474;i:4;i:20474;i:5;i:73520332161994;i:6;i:86;i:7;i:27380315888;i:8;s:22:\\\"GIMENEZ JESSICA TAMARA\\\";i:9;s:4:\\\"1,00\\\";i:10;s:3:\\\"PES\\\";i:11;s:8:\\\"12396,69\\\";i:12;s:4:\\\"0,00\\\";i:13;s:4:\\\"0,00\\\";i:14;s:4:\\\"0,00\\\";i:15;s:7:\\\"2603,31\\\";i:16;s:8:\\\"15000,00\\\";}}i:759;O:29:\\\"Illuminate\\\\Support\\\\Collection\\\":1:{s:8:\\\"\\u0000*\\u0000items\\\";a:17:{i:0;s:10:\\\"2023-12-28\\\";i:1;i:6;i:2;i:4;i:3;i:20475;i:4;i:20475;i:5;i:73520332162039;i:6;i:96;i:7;i:32327641;i:8;s:22:\\\"DALMASSO LUCIA CLARISA\\\";i:9;s:4:\\\"1,00\\\";i:10;s:3:\\\"PES\\\";i:11;s:7:\\\"9462,20\\\";i:12;s:4:\\\"0,00\\\";i:13;s:4:\\\"0,00\\\";i:14;s:4:\\\"0,00\\\";i:15;s:7:\\\"1987,06\\\";i:16;s:8:\\\"11449,26\\\";}}i:760;O:29:\\\"Illuminate\\\\Support\\\\Collection\\\":1:{s:8:\\\"\\u0000*\\u0000items\\\";a:17:{i:0;s:10:\\\"2023-12-28\\\";i:1;i:6;i:2;i:4;i:3;i:20476;i:4;i:20476;i:5;i:73520332162084;i:6;i:96;i:7;i:1;i:8;N;i:9;s:4:\\\"1,00\\\";i:10;s:3:\\\"PES\\\";i:11;s:5:\\\"99,17\\\";i:12;s:4:\\\"0,00\\\";i:13;s:4:\\\"0,00\\\";i:14;s:4:\\\"0,00\\\";i:15;s:5:\\\"20,83\\\";i:16;s:6:\\\"120,00\\\";}}i:761;O:29:\\\"Illuminate\\\\Support\\\\Collection\\\":1:{s:8:\\\"\\u0000*\\u0000items\\\";a:17:{i:0;s:10:\\\"2023-12-28\\\";i:1;i:6;i:2;i:4;i:3;i:20477;i:4;i:20477;i:5;i:73520332162144;i:6;i:96;i:7;i:42565354;i:8;s:24:\\\"DE ALMEYDA SABRINA AYLEN\\\";i:9;s:4:\\\"1,00\\\";i:10;s:3:\\\"PES\\\";i:11;s:7:\\\"3180,82\\\";i:12;s:4:\\\"0,00\\\";i:13;s:4:\\\"0,00\\\";i:14;s:4:\\\"0,00\\\";i:15;s:6:\\\"667,97\\\";i:16;s:7:\\\"3848,79\\\";}}i:762;O:29:\\\"Illuminate\\\\Support\\\\Collection\\\":1:{s:8:\\\"\\u0000*\\u0000items\\\";a:17:{i:0;s:10:\\\"2023-12-28\\\";i:1;i:6;i:2;i:4;i:3;i:20478;i:4;i:20478;i:5;i:73520332162186;i:6;i:96;i:7;i:1;i:8;N;i:9;s:4:\\\"1,00\\\";i:10;s:3:\\\"PES\\\";i:11;s:7:\\\"1223,13\\\";i:12;s:4:\\\"0,00\\\";i:13;s:4:\\\"0,00\\\";i:14;s:4:\\\"0,00\\\";i:15;s:6:\\\"256,86\\\";i:16;s:7:\\\"1479,99\\\";}}i:763;O:29:\\\"Illuminate\\\\Support\\\\Collection\\\":1:{s:8:\\\"\\u0000*\\u0000items\\\";a:17:{i:0;s:10:\\\"2023-12-28\\\";i:1;i:6;i:2;i:4;i:3;i:20479;i:4;i:20479;i:5;i:73520332162233;i:6;i:96;i:7;i:35169654;i:8;s:19:\\\"AYBAR JESICA ROMINA\\\";i:9;s:4:\\\"1,00\\\";i:10;s:3:\\\"PES\\\";i:11;s:7:\\\"8790,58\\\";i:12;s:4:\\\"0,00\\\";i:13;s:4:\\\"0,00\\\";i:14;s:4:\\\"0,00\\\";i:15;s:7:\\\"1846,02\\\";i:16;s:8:\\\"10636,60\\\";}}i:764;O:29:\\\"Illuminate\\\\Support\\\\Collection\\\":1:{s:8:\\\"\\u0000*\\u0000items\\\";a:17:{i:0;s:10:\\\"2023-12-28\\\";i:1;i:6;i:2;i:4;i:3;i:20480;i:4;i:20480;i:5;i:73520332162275;i:6;i:96;i:7;i:1;i:8;N;i:9;s:4:\\\"1,00\\\";i:10;s:3:\\\"PES\\\";i:11;s:7:\\\"1223,13\\\";i:12;s:4:\\\"0,00\\\";i:13;s:4:\\\"0,00\\\";i:14;s:4:\\\"0,00\\\";i:15;s:6:\\\"256,86\\\";i:16;s:7:\\\"1479,99\\\";}}i:765;O:29:\\\"Illuminate\\\\Support\\\\Collection\\\":1:{s:8:\\\"\\u0000*\\u0000items\\\";a:17:{i:0;s:10:\\\"2023-12-28\\\";i:1;i:6;i:2;i:4;i:3;i:20481;i:4;i:20481;i:5;i:73520332162322;i:6;i:96;i:7;i:16453201;i:8;s:19:\\\"FEBRER OSCAR DANIEL\\\";i:9;s:4:\\\"1,00\\\";i:10;s:3:\\\"PES\\\";i:11;s:7:\\\"7373,97\\\";i:12;s:4:\\\"0,00\\\";i:13;s:4:\\\"0,00\\\";i:14;s:4:\\\"0,00\\\";i:15;s:7:\\\"1548,53\\\";i:16;s:7:\\\"8922,50\\\";}}i:766;O:29:\\\"Illuminate\\\\Support\\\\Collection\\\":1:{s:8:\\\"\\u0000*\\u0000items\\\";a:17:{i:0;s:10:\\\"2023-12-28\\\";i:1;i:6;i:2;i:4;i:3;i:20482;i:4;i:20482;i:5;i:73520332162380;i:6;i:96;i:7;i:1;i:8;N;i:9;s:4:\\\"1,00\\\";i:10;s:3:\\\"PES\\\";i:11;s:6:\\\"413,22\\\";i:12;s:4:\\\"0,00\\\";i:13;s:4:\\\"0,00\\\";i:14;s:4:\\\"0,00\\\";i:15;s:5:\\\"86,78\\\";i:16;s:6:\\\"500,00\\\";}}i:767;O:29:\\\"Illuminate\\\\Support\\\\Collection\\\":1:{s:8:\\\"\\u0000*\\u0000items\\\";a:17:{i:0;s:10:\\\"2023-12-28\\\";i:1;i:6;i:2;i:4;i:3;i:20483;i:4;i:20483;i:5;i:73520332162453;i:6;i:96;i:7;i:33984146;i:8;s:20:\\\"SCATTONE ROCIO BELEN\\\";i:9;s:4:\\\"1,00\\\";i:10;s:3:\\\"PES\\\";i:11;s:7:\\\"3269,64\\\";i:12;s:4:\\\"0,00\\\";i:13;s:4:\\\"0,00\\\";i:14;s:4:\\\"0,00\\\";i:15;s:6:\\\"686,63\\\";i:16;s:7:\\\"3956,27\\\";}}i:768;O:29:\\\"Illuminate\\\\Support\\\\Collection\\\":1:{s:8:\\\"\\u0000*\\u0000items\\\";a:17:{i:0;s:10:\\\"2023-12-28\\\";i:1;i:6;i:2;i:4;i:3;i:20484;i:4;i:20484;i:5;i:73520332162479;i:6;i:96;i:7;i:45530001;i:8;s:22:\\\"FERRADA TAMARA CECILIA\\\";i:9;s:4:\\\"1,00\\\";i:10;s:3:\\\"PES\\\";i:11;s:7:\\\"9808,93\\\";i:12;s:4:\\\"0,00\\\";i:13;s:4:\\\"0,00\\\";i:14;s:4:\\\"0,00\\\";i:15;s:7:\\\"2059,88\\\";i:16;s:8:\\\"11868,81\\\";}}i:769;O:29:\\\"Illuminate\\\\Support\\\\Collection\\\":1:{s:8:\\\"\\u0000*\\u0000items\\\";a:17:{i:0;s:10:\\\"2023-12-28\\\";i:1;i:6;i:2;i:4;i:3;i:20485;i:4;i:20485;i:5;i:73520332162526;i:6;i:96;i:7;i:24008835;i:8;s:24:\\\"CUELLO BEATRIZ ALEJANDRA\\\";i:9;s:4:\\\"1,00\\\";i:10;s:3:\\\"PES\\\";i:11;s:7:\\\"5536,77\\\";i:12;s:4:\\\"0,00\\\";i:13;s:4:\\\"0,00\\\";i:14;s:4:\\\"0,00\\\";i:15;s:7:\\\"1162,72\\\";i:16;s:7:\\\"6699,49\\\";}}i:770;O:29:\\\"Illuminate\\\\Support\\\\Collection\\\":1:{s:8:\\\"\\u0000*\\u0000items\\\";a:17:{i:0;s:10:\\\"2023-12-28\\\";i:1;i:6;i:2;i:4;i:3;i:20486;i:4;i:20486;i:5;i:73520332162555;i:6;i:96;i:7;i:1;i:8;N;i:9;s:4:\\\"1,00\\\";i:10;s:3:\\\"PES\\\";i:11;s:6:\\\"154,55\\\";i:12;s:4:\\\"0,00\\\";i:13;s:4:\\\"0,00\\\";i:14;s:4:\\\"0,00\\\";i:15;s:5:\\\"32,45\\\";i:16;s:6:\\\"187,00\\\";}}i:771;O:29:\\\"Illuminate\\\\Support\\\\Collection\\\":1:{s:8:\\\"\\u0000*\\u0000items\\\";a:17:{i:0;s:10:\\\"2023-12-28