-- Table structure for table `period_liquidations`
--

CREATE TABLE `period_liquidations` (
  `id` int(10) unsigned NOT NULL AUTO_INCREMENT,
  `user_id` int(10) unsigned DEFAULT NULL,
  `apply_to` varchar(100) COLLATE utf8mb4_unicode_ci NOT NULL,
  `period_id` int(10) unsigned NOT NULL,
  `person_id` int(10) unsigned DEFAULT NULL,
  `status` int(10) unsigned NOT NULL DEFAULT '1',
  `auxiliar_id` bigint(20) DEFAULT NULL,
  `created_at` timestamp NULL DEFAULT NULL,
  `updated_at` timestamp NULL DEFAULT NULL,
  `deleted_at` timestamp NULL DEFAULT NULL,
  PRIMARY KEY (`id`),
  KEY `period_liquidations_period_id_foreign` (`period_id`),
  KEY `period_liquidations_person_id_foreign` (`person_id`),
  CONSTRAINT `period_liquidations_period_id_foreign` FOREIGN KEY (`period_id`) REFERENCES `periods` (`id`),
  CONSTRAINT `period_liquidations_person_id_foreign` FOREIGN KEY (`person_id`) REFERENCES `persons` (`id`)
) ENGINE=InnoDB AUTO_INCREMENT=34 DEFAULT CHARSET=utf8mb4 COLLATE=utf8mb4_unicode_ci;

--
-- Dumping data for table `period_liquidations`
--

INSERT INTO `period_liquidations` VALUES (1,8522,'iva',1519,40718,1,NULL,'2023-02-24 15:05:35','2023-02-24 15:44:37','2023-02-24 15:44:37'),(2,8522,'iibb',1519,40718,1,NULL,'2023-02-24 15:05:36','2023-02-24 15:44:38','2023-02-24 15:44:38'),(3,8522,'iva',1519,40718,1,NULL,'2023-02-24 15:44:37','2023-02-24 16:17:38','2023-02-24 16:17:38'),(4,8522,'iibb',1519,40718,1,NULL,'2023-02-24 15:44:38','2023-02-24 16:17:39','2023-02-24 16:17:39'),(5,NULL,'iva',1521,40718,1,NULL,'2023-02-24 15:56:11','2023-02-24 16:16:45','2023-02-24 16:16:45'),(6,NULL,'iibb',1521,40718,1,NULL,'2023-02-24 15:56:12','2023-02-24 16:16:46','2023-02-24 16:16:46'),(7,8522,'iva',1521,40718,1,NULL,'2023-02-24 16:16:45','2023-02-27 11:33:17','2023-02-27 11:33:17'),(8,8522,'iibb',1521,40718,1,NULL,'2023-02-24 16:16:46','2023-02-27 11:33:19','2023-02-27 11:33:19'),(9,8522,'iva',1519,40718,1,NULL,'2023-02-24 16:17:38','2023-02-24 16:17:47','2023-02-24 16:17:47'),(10,8522,'iibb',1519,40718,1,NULL,'2023-02-24 16:17:39','2023-02-24 16:17:48','2023-02-24 16:17:48'),(11,8522,'iva',1519,40718,1,NULL,'2023-02-24 16:17:47','2023-02-24 16:19:13','2023-02-24 16:19:13'),(12,8522,'iibb',1519,40718,1,NULL,'2023-02-24 16:17:48','2023-02-24 16:19:14','2023-02-24 16:19:14'),(13,8522,'iva',1520,40718,1,NULL,'2023-02-24 16:17:58','2023-02-24 16:18:07','2023-02-24 16:18:07'),(14,8522,'iibb',1520,40718,1,NULL,'2023-02-24 16:17:58','2023-02-24 16:18:07','2023-02-24 16:18:07'),(15,8522,'iva',1520,40718,1,NULL,'2023-02-24 16:18:07','2023-02-24 16:19:34','2023-02-24 16:19:34'),(16,8522,'iibb',1520,40718,1,NULL,'2023-02-24 16:18:07','2023-02-24 16:19:34','2023-02-24 16:19:34'),(17,8522,'iva',1519,40718,1,NULL,'2023-02-24 16:19:13','2023-02-24 16:23:33','2023-02-24 16:23:33'),(18,8522,'iibb',1519,40718,1,NULL,'2023-02-24 16:19:14','2023-02-27 11:29:27','2023-02-27 11:29:27'),(19,8522,'iva',1520,40718,1,NULL,'2023-02-24 16:19:34','2023-02-27 11:34:27','2023-02-27 11:34:27'),(20,8522,'iibb',1520,40718,1,NULL,'2023-02-24 16:19:34','2023-02-27 11:34:17','2023-02-27 11:34:17'),(21,8522,'iva',1518,40718,2,NULL,'2023-02-24 16:21:51','2023-02-24 16:22:22',NULL),(22,8522,'iibb',1518,40718,2,NULL,'2023-02-24 16:22:31','2023-02-24 16:23:24',NULL),(23,8522,'iva',1519,40718,1,NULL,'2023-02-24 16:23:33','2023-02-27 11:29:26','2023-02-27 11:29:26'),(24,8522,'iva',1519,40718,1,NULL,'2023-02-27 11:29:26','2023-02-27 11:33:57','2023-02-27 11:33:57'),(25,8522,'iibb',1519,40718,1,NULL,'2023-02-27 11:29:27','2023-02-27 11:34:11','2023-02-27 11:34:11'),(26,8522,'iva',1521,40718,1,NULL,'2023-02-27 11:33:17','2023-02-27 11:34:50','2023-02-27 11:34:50'),(27,8522,'iibb',1521,40718,1,NULL,'2023-02-27 11:33:19','2023-02-27 11:34:35','2023-02-27 11:34:35'),(28,8522,'iva',1519,40718,1,NULL,'2023-02-27 11:33:57','2023-02-27 11:33:57',NULL),(29,8522,'iibb',1519,40718,1,NULL,'2023-02-27 11:34:11','2023-02-27 11:34:11',NULL),(30,8522,'iibb',1520,40718,1,NULL,'2023-02-27 11:34:17','2023-02-27 11:34:17',NULL),(31,8522,'iva',1520,40718,1,NULL,'2023-02-27 11:34:27','2023-02-27 11:34:27',NULL),(32,8522,'iibb',1521,40718,1,NULL,'2023-02-27 11:34:35','2023-02-27 11:34:35',NULL),(33,8522,'iva',1521,40718,1,NULL,'2023-02-27 11:34:50','2023-02-27 11:34:50',NULL);

--
-- Table structure for table `period_liquidations_files`
--

CREATE TABLE `period_liquidations_files` (
  `id` int(10) unsigned NOT NULL AUTO_INCREMENT,
  `user_id` int(11) DEFAULT NULL,
  `apply_to` varchar(191) COLLATE utf8mb4_unicode_ci NOT NULL,
  `period_id` int(10) unsigned NOT NULL,
  `person_id` int(10) unsigned NOT NULL,
  `descripcion` varchar(191) COLLATE utf8mb4_unicode_ci DEFAULT NULL,
  `file` varchar(191) COLLATE utf8mb4_unicode_ci DEFAULT NULL,
  `file_name_original` varchar(191) COLLATE utf8mb4_unicode_ci DEFAULT NULL,
  `file_extension` varchar(191) COLLATE utf8mb4_unicode_ci DEFAULT NULL,
  `created_at` timestamp NULL DEFAULT NULL,
  `updated_at` timestamp NULL DEFAULT NULL,
  `deleted_at` timestamp NULL DEFAULT NULL,
  PRIMARY KEY (`id`),
  KEY `period_liquidations_files_period_id_foreign` (`period_id`),
  KEY `period_liquidations_files_person_id_foreign` (`person_id`),
  CONSTRAINT `period_liquidations_files_period_id_foreign` FOREIGN KEY (`period_id`) REFERENCES `periods` (`id`),
  CONSTRAINT `period_liquidations_files_person_id_foreign` FOREIGN KEY (`person_id`) REFERENCES `persons` (`id`)
) ENGINE=InnoDB DEFAULT CHARSET=utf8mb4 COLLATE=utf8mb4_unicode_ci;

--
-- Dumping data for table `period_liquidations_files`
--


--
-- Table structure for table `periods`
--

CREATE TABLE `periods` (
  `id` int(10) unsigned NOT NULL AUTO_INCREMENT,
  `user_id` int(10) unsigned DEFAULT NULL,
  `code` varchar(20) COLLATE utf8mb4_unicode_ci NOT NULL,
  `year` int(10) unsigned NOT NULL,
  `period_number` int(10) unsigned NOT NULL,
  `date_from` date NOT NULL,
  `date_to` date NOT NULL,
  `created_at` timestamp NULL DEFAULT NULL,
  `updated_at` timestamp NULL DEFAULT NULL,
  `person_id` int(10) unsigned NOT NULL,
  `conta_status` int(10) unsigned NOT NULL DEFAULT '0',
  `deleted_at` timestamp NULL DEFAULT NULL,
  `syj_periods_status_id` int(10) unsigned NOT NULL DEFAULT '1',
  `syj_sin_asiento` tinyint(1) NOT NULL DEFAULT '0',
  `syj_asiento_modificado` tinyint(1) NOT NULL DEFAULT '0',
  `syj_periods_status_emp_dom_id` int(10) unsigned NOT NULL DEFAULT '1',
  PRIMARY KEY (`id`),
  KEY `periods_person_id_foreign` (`person_id`),
  KEY `idx_periods_year_month` (`year`,`period_number`) USING BTREE,
  KEY `idx_periods_code` (`code`) USING BTREE,
  KEY `periods_syj_periods_status_id_foreign` (`syj_periods_status_id`),
  KEY `periods_syj_periods_status_emp_dom_id_foreign` (`syj_periods_status_emp_dom_id`),
  CONSTRAINT `periods_person_id_foreign` FOREIGN KEY (`person_id`) REFERENCES `persons` (`id`),
  CONSTRAINT `periods_syj_periods_status_emp_dom_id_foreign` FOREIGN KEY (`syj_periods_status_emp_dom_id`) REFERENCES `syj_periods_status` (`id`),
  CONSTRAINT `periods_syj_periods_status_id_foreign` FOREIGN KEY (`syj_periods_status_id`) REFERENCES `syj_periods_status` (`id`)
) ENGINE=InnoDB AUTO_INCREMENT=4546 DEFAULT CHARSET=utf8mb4 COLLATE=utf8mb4_unicode_ci;

--
-- Dumping data for table `periods`
--

INSERT INTO `periods` VALUES (2,1,'2018-01',2018,1,'2018-01-01','2018-01-31',NULL,NULL,3,0,NULL,1,0,0,1),(1518,NULL,'2022-12',2022,12,'2022-12-01','2022-12-31',NULL,NULL,40718,0,NULL,1,0,0,1),(1519,8522,'2023-01',2023,1,'2023-01-01','2023-01-31',NULL,'2023-03-02 16:20:42',40718,0,NULL,3,1,0,1),(1520,8522,'2023-02',2023,2,'2023-02-01','2023-02-28',NULL,'2023-03-02 15:52:13',40718,0,NULL,2,0,0,1),(1521,8522,'2023-03',2023,3,'2023-03-01','2023-03-31',NULL,'2023-03-02 15:52:03',40718,0,NULL,1,0,0,1),(1522,NULL,'2023-04',2023,4,'2023-04-01','2023-04-30',NULL,NULL,40718,0,NULL,1,0,0,1),(1523,NULL,'2023-05',2023,5,'2023-05-01','2023-05-31',NULL,NULL,40718,0,NULL,1,0,0,1),(1524,NULL,'2023-06',2023,6,'2023-06-01','2023-06-30',NULL,NULL,40718,0,NULL,1,0,0,1),(1525,NULL,'2023-07',2023,7,'2023-07-01','2023-07-31',NULL,NULL,40718,0,NULL,1,0,0,1),(1526,NULL,'2023-08',2023,8,'2023-08-01','2023-08-31',NULL,NULL,40718,0,NULL,1,0,0,1),(1527,NULL,'2023-09',2023,9,'2023-09-01','2023-09-30',NULL,NULL,40718,0,NULL,1,0,0,1),(1528,NULL,'2023-10',2023,10,'2023-10-01','2023-10-31',NULL,NULL,40718,0,NULL,1,0,0,1),(1529,NULL,'2023-11',2023,11,'2023-11-01','2023-11-30',NULL,NULL,40718,0,NULL,1,0,0,1),(1530,NULL,'2023-12',2023,12,'2023-12-01','2023-12-31',NULL,NULL,40718,0,NULL,1,0,0,1),(1534,NULL,'2024-01',2024,1,'2024-01-01','2024-01-31',NULL,NULL,40718,0,NULL,1,0,0,1),(1535,NULL,'2024-02',2024,2,'2024-02-01','2024-02-29',NULL,'2024-02-29 08:50:25',40718,0,NULL,1,0,0,1),(1536,NULL,'2024-03',2024,3,'2024-03-01','2024-03-31',NULL,NULL,40718,0,NULL,1,0,0,1),(1537,NULL,'2024-04',2024,4,'2024-04-01','2024-04-30',NULL,NULL,40718,0,NULL,1,0,0,1),(1538,NULL,'2024-05',2024,5,'2024-05-01','2024-05-31',NULL,NULL,40718,0,NULL,1,0,0,1),(1539,NULL,'2024-06',2024,6,'2024-06-01','2024-06-30',NULL,NULL,40718,0,NULL,1,0,0,1),(1540,NULL,'2024-07',2024,7,'2024-07-01','2024-07-31',NULL,NULL,40718,0,NULL,1,0,0,1),(1541,NULL,'2024-08',2024,8,'2024-08-01','2024-08-31',NULL,NULL,40718,0,NULL,1,0,0,1),(1542,NULL,'2024-09',2024,9,'2024-09-01','2024-09-30',NULL,NULL,40718,0,NULL,1,0,0,1),(1543,NULL,'2024-10',2024,10,'2024-10-01','2024-10-31',NULL,NULL,40718,0,NULL,1,0,0,1),(1544,NULL,'2024-11',2024,11,'2024-11-01','2024-11-30',NULL,NULL,40718,0,NULL,1,0,0,1),(1545,NULL,'2024-12',2024,12,'2024-12-01','2024-12-31',NULL,NULL,40718,0,NULL,1,0,0,1),(1549,NULL,'2025-01',2025,1,'2025-01-01','2025-01-31',NULL,NULL,40718,0,NULL,1,0,0,1),(1550,NULL,'2025-02',2025,2,'2025-02-01','2025-02-28',NULL,NULL,40718,0,NULL,1,0,0,1),(1551,NULL,'2025-03',2025,3,'2025-03-01','2025-03-31',NULL,NULL,40718,0,NULL,1,0,0,1),(1552,NULL,'2025-04',2025,4,'2025-04-01','2025-04-30',NULL,NULL,40718,0,NULL,1,0,0,1),(1553,NULL,'2025-05',2025,5,'2025-05-01','2025-05-31',NULL,NULL,40718,0,NULL,1,0,0,1),(1554,NULL,'2025-06',2025,6,'2025-06-01','2025-06-30',NULL,NULL,40718,0,NULL,1,0,0,1),(1555,NULL,'2025-07',2025,7,'2025-07-01','2025-07-31',NULL,NULL,40718,0,NULL,1,0,0,1),(1556,NULL,'2025-08',2025,8,'2025-08-01','2025-08-31',NULL,NULL,40718,0,NULL,1,0,0,1),(1557,NULL,'2025-09',2025,9,'2025-09-01','2025-09-30',NULL,NULL,40718,0,NULL,1,0,0,1),(1558,NULL,'2025-10',2025,10,'2025-10-01','2025-10-31',NULL,NULL,40718,0,NULL,1,0,0,1),(1559,NULL,'2025-11',2025,11,'2025-11-01','2025-11-30',NULL,NULL,40718,0,NULL,1,0,0,1),(1560,NULL,'2025-12',2025,12,'2025-12-01','2025-12-31',NULL,NULL,40718,0,NULL,1,0,0,1),(1564,NULL,'2026-01',2026,1,'2026-01-01','2026-01-31',NULL,NULL,40718,0,NULL,1,0,0,1),(1565,NULL,'2026-02',2026,2,'2026-02-01','2026-02-28',NULL,NULL,40718,0,NULL,1,0,0,1),(1566,NULL,'2026-03',2026,3,'2026-03-01','2026-03-31',NULL,NULL,40718,0,NULL,1,0,0,1),(1567,NULL,'2026-04',2026,4,'2026-04-01','2026-04-30',NULL,NULL,40718,0,NULL,1,0,0,1),(1568,NULL,'2026-05',2026,5,'2026-05-01','2026-05-31',NULL,NULL,40718,0,NULL,1,0,0,1),(1569,NULL,'2026-06',2026,6,'2026-06-01','2026-06-30',NULL,NULL,40718,0,NULL,1,0,0,1),(1570,NULL,'2026-07',2026,7,'2026-07-01','2026-07-31',NULL,NULL,40718,0,NULL,1,0,0,1);
INSERT INTO `periods` VALUES (1571,NULL,'2026-08',2026,8,'2026-08-01','2026-08-31',NULL,NULL,40718,0,NULL,1,0,0,1),(1572,NULL,'2026-09',2026,9,'2026-09-01','2026-09-30',NULL,NULL,40718,0,NULL,1,0,0,1),(1573,NULL,'2026-10',2026,10,'2026-10-01','2026-10-31',NULL,NULL,40718,0,NULL,1,0,0,1),(1574,NULL,'2026-11',2026,11,'2026-11-01','2026-11-30',NULL,NULL,40718,0,NULL,1,0,0,1),(1575,NULL,'2026-12',2026,12,'2026-12-01','2026-12-31',NULL,NULL,40718,0,NULL,1,0,0,1),(1579,NULL,'2027-01',2027,1,'2027-01-01','2027-01-31',NULL,NULL,40718,0,NULL,1,0,0,1),(1580,NULL,'2027-02',2027,2,'2027-02-01','2027-02-28',NULL,NULL,40718,0,NULL,1,0,0,1),(1581,NULL,'2027-03',2027,3,'2027-03-01','2027-03-31',NULL,NULL,40718,0,NULL,1,0,0,1),(1582,NULL,'2027-04',2027,4,'2027-04-01','2027-04-30',NULL,NULL,40718,0,NULL,1,0,0,1),(1583,NULL,'2027-05',2027,5,'2027-05-01','2027-05-31',NULL,NULL,40718,0,NULL,1,0,0,1),(1584,NULL,'2027-06',2027,6,'2027-06-01','2027-06-30',NULL,NULL,40718,0,NULL,1,0,0,1),(1585,NULL,'2027-07',2027,7,'2027-07-01','2027-07-31',NULL,NULL,40718,0,NULL,1,0,0,1),(1586,NULL,'2027-08',2027,8,'2027-08-01','2027-08-31',NULL,NULL,40718,0,NULL,1,0,0,1),(1587,NULL,'2027-09',2027,9,'2027-09-01','2027-09-30',NULL,NULL,40718,0,NULL,1,0,0,1),(1588,NULL,'2027-10',2027,10,'2027-10-01','2027-10-31',NULL,NULL,40718,0,NULL,1,0,0,1),(1589,NULL,'2027-11',2027,11,'2027-11-01','2027-11-30',NULL,NULL,40718,0,NULL,1,0,0,1),(1590,NULL,'2027-12',2027,12,'2027-12-01','2027-12-31',NULL,NULL,40718,0,NULL,1,0,0,1),(1594,NULL,'2028-01',2028,1,'2028-01-01','2028-01-31',NULL,NULL,40718,0,NULL,1,0,0,1),(1595,NULL,'2028-02',2028,2,'2028-02-01','2028-02-28',NULL,NULL,40718,0,NULL,1,0,0,1),(1596,NULL,'2028-03',2028,3,'2028-03-01','2028-03-31',NULL,NULL,40718,0,NULL,1,0,0,1),(1597,NULL,'2028-04',2028,4,'2028-04-01','2028-04-30',NULL,NULL,40718,0,NULL,1,0,0,1),(1598,NULL,'2028-05',2028,5,'2028-05-01','2028-05-31',NULL,NULL,40718,0,NULL,1,0,0,1),(1599,NULL,'2028-06',2028,6,'2028-06-01','2028-06-30',NULL,NULL,40718,0,NULL,1,0,0,1),(1600,NULL,'2028-07',2028,7,'2028-07-01','2028-07-31',NULL,NULL,40718,0,NULL,1,0,0,1),(1601,NULL,'2028-08',2028,8,'2028-08-01','2028-08-31',NULL,NULL,40718,0,NULL,1,0,0,1),(1602,NULL,'2028-09',2028,9,'2028-09-01','2028-09-30',NULL,NULL,40718,0,NULL,1,0,0,1),(1603,NULL,'2028-10',2028,10,'2028-10-01','2028-10-31',NULL,NULL,40718,0,NULL,1,0,0,1),(1604,NULL,'2028-11',2028,11,'2028-11-01','2028-11-30',NULL,NULL,40718,0,NULL,1,0,0,1),(1605,NULL,'2028-12',2028,12,'2028-12-01','2028-12-31',NULL,NULL,40718,0,NULL,1,0,0,1),(1609,NULL,'2029-01',2029,1,'2029-01-01','2029-01-31',NULL,NULL,40718,0,NULL,1,0,0,1),(1610,NULL,'2029-02',2029,2,'2029-02-01','2029-02-28',NULL,NULL,40718,0,NULL,1,0,0,1),(1611,NULL,'2029-03',2029,3,'2029-03-01','2029-03-31',NULL,NULL,40718,0,NULL,1,0,0,1),(1612,NULL,'2029-04',2029,4,'2029-04-01','2029-04-30',NULL,NULL,40718,0,NULL,1,0,0,1),(1613,NULL,'2029-05',2029,5,'2029-05-01','2029-05-31',NULL,NULL,40718,0,NULL,1,0,0,1),(1614,NULL,'2029-06',2029,6,'2029-06-01','2029-06-30',NULL,NULL,40718,0,NULL,1,0,0,1),(1615,NULL,'2029-07',2029,7,'2029-07-01','2029-07-31',NULL,NULL,40718,0,NULL,1,0,0,1),(1616,NULL,'2029-08',2029,8,'2029-08-01','2029-08-31',NULL,NULL,40718,0,NULL,1,0,0,1),(1617,NULL,'2029-09',2029,9,'2029-09-01','2029-09-30',NULL,NULL,40718,0,NULL,1,0,0,1),(1618,NULL,'2029-10',2029,10,'2029-10-01','2029-10-31',NULL,NULL,40718,0,NULL,1,0,0,1),(1619,NULL,'2029-11',2029,11,'2029-11-01','2029-11-30',NULL,NULL,40718,0,NULL,1,0,0,1),(1620,NULL,'2029-12',2029,12,'2029-12-01','2029-12-31',NULL,NULL,40718,0,NULL,1,0,0,1),(1624,NULL,'2030-01',2030,1,'2030-01-01','2030-01-31',NULL,NULL,40718,0,NULL,1,0,0,1),(1625,NULL,'2030-02',2030,2,'2030-02-01','2030-02-28',NULL,NULL,40718,0,NULL,1,0,0,1),(1626,NULL,'2030-03',2030,3,'2030-03-01','2030-03-31',NULL,NULL,40718,0,NULL,1,0,0,1),(1627,NULL,'2030-04',2030,4,'2030-04-01','2030-04-30',NULL,NULL,40718,0,NULL,1,0,0,1),(1628,NULL,'2030-05',2030,5,'2030-05-01','2030-05-31',NULL,NULL,40718,0,NULL,1,0,0,1);
INSERT INTO `periods` VALUES (1629,NULL,'2030-06',2030,6,'2030-06-01','2030-06-30',NULL,NULL,40718,0,NULL,1,0,0,1),(1630,NULL,'2030-07',2030,7,'2030-07-01','2030-07-31',NULL,NULL,40718,0,NULL,1,0,0,1),(1631,NULL,'2030-08',2030,8,'2030-08-01','2030-08-31',NULL,NULL,40718,0,NULL,1,0,0,1),(1632,NULL,'2030-09',2030,9,'2030-09-01','2030-09-30',NULL,NULL,40718,0,NULL,1,0,0,1),(1633,NULL,'2030-10',2030,10,'2030-10-01','2030-10-31',NULL,NULL,40718,0,NULL,1,0,0,1),(1634,NULL,'2030-11',2030,11,'2030-11-01','2030-11-30',NULL,NULL,40718,0,NULL,1,0,0,1),(1635,NULL,'2030-12',2030,12,'2030-12-01','2030-12-31',NULL,NULL,40718,0,NULL,1,0,0,1),(1639,NULL,'2031-01',2031,1,'2031-01-01','2031-01-31',NULL,NULL,40718,0,NULL,1,0,0,1),(1640,NULL,'2031-02',2031,2,'2031-02-01','2031-02-28',NULL,NULL,40718,0,NULL,1,0,0,1),(1641,NULL,'2031-03',2031,3,'2031-03-01','2031-03-31',NULL,NULL,40718,0,NULL,1,0,0,1),(1642,NULL,'2031-04',2031,4,'2031-04-01','2031-04-30',NULL,NULL,40718,0,NULL,1,0,0,1),(1643,NULL,'2031-05',2031,5,'2031-05-01','2031-05-31',NULL,NULL,40718,0,NULL,1,0,0,1),(1644,NULL,'2031-06',2031,6,'2031-06-01','2031-06-30',NULL,NULL,40718,0,NULL,1,0,0,1),(1645,NULL,'2031-07',2031,7,'2031-07-01','2031-07-31',NULL,NULL,40718,0,NULL,1,0,0,1),(1646,NULL,'2031-08',2031,8,'2031-08-01','2031-08-31',NULL,NULL,40718,0,NULL,1,0,0,1),(1647,NULL,'2031-09',2031,9,'2031-09-01','2031-09-30',NULL,NULL,40718,0,NULL,1,0,0,1),(1648,NULL,'2031-10',2031,10,'2031-10-01','2031-10-31',NULL,NULL,40718,0,NULL,1,0,0,1),(1649,NULL,'2031-11',2031,11,'2031-11-01','2031-11-30',NULL,NULL,40718,0,NULL,1,0,0,1),(1650,NULL,'2031-12',2031,12,'2031-12-01','2031-12-31',NULL,NULL,40718,0,NULL,1,0,0,1),(1654,NULL,'2032-01',2032,1,'2032-01-01','2032-01-31',NULL,NULL,40718,0,NULL,1,0,0,1),(1655,NULL,'2032-02',2032,2,'2032-02-01','2032-02-28',NULL,NULL,40718,0,NULL,1,0,0,1),(1656,NULL,'2032-03',2032,3,'2032-03-01','2032-03-31',NULL,NULL,40718,0,NULL,1,0,0,1),(1657,NULL,'2032-04',2032,4,'2032-04-01','2032-04-30',NULL,NULL,40718,0,NULL,1,0,0,1),(1658,NULL,'2032-05',2032,5,'2032-05-01','2032-05-31',NULL,NULL,40718,0,NULL,1,0,0,1),(1659,NULL,'2032-06',2032,6,'2032-06-01','2032-06-30',NULL,NULL,40718,0,NULL,1,0,0,1),(1660,NULL,'2032-07',2032,7,'2032-07-01','2032-07-31',NULL,NULL,40718,0,NULL,1,0,0,1),(1661,NULL,'2032-08',2032,8,'2032-08-01','2032-08-31',NULL,NULL,40718,0,NULL,1,0,0,1),(1662,NULL,'2032-09',2032,9,'2032-09-01','2032-09-30',NULL,NULL,40718,0,NULL,1,0,0,1),(1663,NULL,'2032-10',2032,10,'2032-10-01','2032-10-31',NULL,NULL,40718,0,NULL,1,0,0,1),(1664,NULL,'2032-11',2032,11,'2032-11-01','2032-11-30',NULL,NULL,40718,0,NULL,1,0,0,1),(1665,NULL,'2032-12',2032,12,'2032-12-01','2032-12-31',NULL,NULL,40718,0,NULL,1,0,0,1),(1669,NULL,'2033-01',2033,1,'2033-01-01','2033-01-31',NULL,NULL,40718,0,NULL,1,0,0,1),(1670,NULL,'2033-02',2033,2,'2033-02-01','2033-02-28',NULL,NULL,40718,0,NULL,1,0,0,1),(1671,NULL,'2033-03',2033,3,'2033-03-01','2033-03-31',NULL,NULL,40718,0,NULL,1,0,0,1),(1672,NULL,'2033-04',2033,4,'2033-04-01','2033-04-30',NULL,NULL,40718,0,NULL,1,0,0,1),(1673,NULL,'2033-05',2033,5,'2033-05-01','2033-05-31',NULL,NULL,40718,0,NULL,1,0,0,1),(1674,NULL,'2033-06',2033,6,'2033-06-01','2033-06-30',NULL,NULL,40718,0,NULL,1,0,0,1),(1675,NULL,'2033-07',2033,7,'2033-07-01','2033-07-31',NULL,NULL,40718,0,NULL,1,0,0,1),(1676,NULL,'2033-08',2033,8,'2033-08-01','2033-08-31',NULL,NULL,40718,0,NULL,1,0,0,1),(1677,NULL,'2033-09',2033,9,'2033-09-01','2033-09-30',NULL,NULL,40718,0,NULL,1,0,0,1),(1678,NULL,'2033-10',2033,10,'2033-10-01','2033-10-31',NULL,NULL,40718,0,NULL,1,0,0,1),(1679,NULL,'2033-11',2033,11,'2033-11-01','2033-11-30',NULL,NULL,40718,0,NULL,1,0,0,1),(1680,NULL,'2033-12',2033,12,'2033-12-01','2033-12-31',NULL,NULL,40718,0,NULL,1,0,0,1),(1684,NULL,'2034-01',2034,1,'2034-01-01','2034-01-31',NULL,NULL,40718,0,NULL,1,0,0,1),(1685,NULL,'2034-02',2034,2,'2034-02-01','2034-02-28',NULL,NULL,40718,0,NULL,1,0,0,1),(1686,NULL,'2034-03',2034,3,'2034-03-01','2034-03-31',NULL,NULL,40718,0,NULL,1,0,0,1);
INSERT INTO `periods` VALUES (1687,NULL,'2034-04',2034,4,'2034-04-01','2034-04-30',NULL,NULL,40718,0,NULL,1,0,0,1),(1688,NULL,'2034-05',2034,5,'2034-05-01','2034-05-31',NULL,NULL,40718,0,NULL,1,0,0,1),(1689,NULL,'2034-06',2034,6,'2034-06-01','2034-06-30',NULL,NULL,40718,0,NULL,1,0,0,1),(1690,NULL,'2034-07',2034,7,'2034-07-01','2034-07-31',NULL,NULL,40718,0,NULL,1,0,0,1),(1691,NULL,'2034-08',2034,8,'2034-08-01','2034-08-31',NULL,NULL,40718,0,NULL,1,0,0,1),(1692,NULL,'2034-09',2034,9,'2034-09-01','2034-09-30',NULL,NULL,40718,0,NULL,1,0,0,1),(1693,NULL,'2034-10',2034,10,'2034-10-01','2034-10-31',NULL,NULL,40718,0,NULL,1,0,0,1),(1694,NULL,'2034-11',2034,11,'2034-11-01','2034-11-30',NULL,NULL,40718,0,NULL,1,0,0,1),(1695,NULL,'2034-12',2034,12,'2034-12-01','2034-12-31',NULL,NULL,40718,0,NULL,1,0,0,1),(1699,NULL,'2035-01',2035,1,'2035-01-01','2035-01-31',NULL,NULL,40718,0,NULL,1,0,0,1),(1700,NULL,'2035-02',2035,2,'2035-02-01','2035-02-28',NULL,NULL,40718,0,NULL,1,0,0,1),(1701,NULL,'2035-03',2035,3,'2035-03-01','2035-03-31',NULL,NULL,40718,0,NULL,1,0,0,1),(1702,NULL,'2035-04',2035,4,'2035-04-01','2035-04-30',NULL,NULL,40718,0,NULL,1,0,0,1),(1703,NULL,'2035-05',2035,5,'2035-05-01','2035-05-31',NULL,NULL,40718,0,NULL,1,0,0,1),(1704,NULL,'2035-06',2035,6,'2035-06-01','2035-06-30',NULL,NULL,40718,0,NULL,1,0,0,1),(1705,NULL,'2035-07',2035,7,'2035-07-01','2035-07-31',NULL,NULL,40718,0,NULL,1,0,0,1),(1706,NULL,'2035-08',2035,8,'2035-08-01','2035-08-31',NULL,NULL,40718,0,NULL,1,0,0,1),(1707,NULL,'2035-09',2035,9,'2035-09-01','2035-09-30',NULL,NULL,40718,0,NULL,1,0,0,1),(1708,NULL,'2035-10',2035,10,'2035-10-01','2035-10-31',NULL,NULL,40718,0,NULL,1,0,0,1),(1709,NULL,'2035-11',2035,11,'2035-11-01','2035-11-30',NULL,NULL,40718,0,NULL,1,0,0,1),(1710,NULL,'2035-12',2035,12,'2035-12-01','2035-12-31',NULL,NULL,40718,0,NULL,1,0,0,1),(1714,NULL,'2036-01',2036,1,'2036-01-01','2036-01-31',NULL,NULL,40718,0,NULL,1,0,0,1),(1715,NULL,'2036-02',2036,2,'2036-02-01','2036-02-28',NULL,NULL,40718,0,NULL,1,0,0,1),(1716,NULL,'2036-03',2036,3,'2036-03-01','2036-03-31',NULL,NULL,40718,0,NULL,1,0,0,1),(1717,NULL,'2036-04',2036,4,'2036-04-01','2036-04-30',NULL,NULL,40718,0,NULL,1,0,0,1),(1718,NULL,'2036-05',2036,5,'2036-05-01','2036-05-31',NULL,NULL,40718,0,NULL,1,0,0,1),(1719,NULL,'2036-06',2036,6,'2036-06-01','2036-06-30',NULL,NULL,40718,0,NULL,1,0,0,1),(1720,NULL,'2036-07',2036,7,'2036-07-01','2036-07-31',NULL,NULL,40718,0,NULL,1,0,0,1),(1721,NULL,'2036-08',2036,8,'2036-08-01','2036-08-31',NULL,NULL,40718,0,NULL,1,0,0,1),(1722,NULL,'2036-09',2036,9,'2036-09-01','2036-09-30',NULL,NULL,40718,0,NULL,1,0,0,1),(1723,NULL,'2036-10',2036,10,'2036-10-01','2036-10-31',NULL,NULL,40718,0,NULL,1,0,0,1),(1724,NULL,'2036-11',2036,11,'2036-11-01','2036-11-30',NULL,NULL,40718,0,NULL,1,0,0,1),(1725,NULL,'2036-12',2036,12,'2036-12-01','2036-12-31',NULL,NULL,40718,0,NULL,1,0,0,1),(1729,NULL,'2037-01',2037,1,'2037-01-01','2037-01-31',NULL,NULL,40718,0,NULL,1,0,0,1),(1730,NULL,'2037-02',2037,2,'2037-02-01','2037-02-28',NULL,NULL,40718,0,NULL,1,0,0,1),(1731,NULL,'2037-03',2037,3,'2037-03-01','2037-03-31',NULL,NULL,40718,0,NULL,1,0,0,1),(1732,NULL,'2037-04',2037,4,'2037-04-01','2037-04-30',NULL,NULL,40718,0,NULL,1,0,0,1),(1733,NULL,'2037-05',2037,5,'2037-05-01','2037-05-31',NULL,NULL,40718,0,NULL,1,0,0,1),(1734,NULL,'2037-06',2037,6,'2037-06-01','2037-06-30',NULL,NULL,40718,0,NULL,1,0,0,1),(1735,NULL,'2037-07',2037,7,'2037-07-01','2037-07-31',NULL,NULL,40718,0,NULL,1,0,0,1),(1736,NULL,'2037-08',2037,8,'2037-08-01','2037-08-31',NULL,NULL,40718,0,NULL,1,0,0,1),(1737,NULL,'2037-09',2037,9,'2037-09-01','2037-09-30',NULL,NULL,40718,0,NULL,1,0,0,1),(1738,NULL,'2037-10',2037,10,'2037-10-01','2037-10-31',NULL,NULL,40718,0,NULL,1,0,0,1),(1739,NULL,'2037-11',2037,11,'2037-11-01','2037-11-30',NULL,NULL,40718,0,NULL,1,0,0,1),(1740,NULL,'2037-12',2037,12,'2037-12-01','2037-12-31',NULL,NULL,40718,0,NULL,1,0,0,1),(1744,NULL,'2038-01',2038,1,'2038-01-01','2038-01-31',NULL,NULL,40718,0,NULL,1,0,0,1);
INSERT INTO `periods` VALUES (1745,NULL,'2038-02',2038,2,'2038-02-01','2038-02-28',NULL,NULL,40718,0,NULL,1,0,0,1),(1746,NULL,'2038-03',2038,3,'2038-03-01','2038-03-31',NULL,NULL,40718,0,NULL,1,0,0,1),(1747,NULL,'2038-04',2038,4,'2038-04-01','2038-04-30',NULL,NULL,40718,0,NULL,1,0,0,1),(1748,NULL,'2038-05',2038,5,'2038-05-01','2038-05-31',NULL,NULL,40718,0,NULL,1,0,0,1),(1749,NULL,'2038-06',2038,6,'2038-06-01','2038-06-30',NULL,NULL,40718,0,NULL,1,0,0,1),(1750,NULL,'2038-07',2038,7,'2038-07-01','2038-07-31',NULL,NULL,40718,0,NULL,1,0,0,1),(1751,NULL,'2038-08',2038,8,'2038-08-01','2038-08-31',NULL,NULL,40718,0,NULL,1,0,0,1),(1752,NULL,'2038-09',2038,9,'2038-09-01','2038-09-30',NULL,NULL,40718,0,NULL,1,0,0,1),(1753,NULL,'2038-10',2038,10,'2038-10-01','2038-10-31',NULL,NULL,40718,0,NULL,1,0,0,1),(1754,NULL,'2038-11',2038,11,'2038-11-01','2038-11-30',NULL,NULL,40718,0,NULL,1,0,0,1),(1755,NULL,'2038-12',2038,12,'2038-12-01','2038-12-31',NULL,NULL,40718,0,NULL,1,0,0,1),(1759,NULL,'2039-01',2039,1,'2039-01-01','2039-01-31',NULL,NULL,40718,0,NULL,1,0,0,1),(1760,NULL,'2039-02',2039,2,'2039-02-01','2039-02-28',NULL,NULL,40718,0,NULL,1,0,0,1),(1761,NULL,'2039-03',2039,3,'2039-03-01','2039-03-31',NULL,NULL,40718,0,NULL,1,0,0,1),(1762,NULL,'2039-04',2039,4,'2039-04-01','2039-04-30',NULL,NULL,40718,0,NULL,1,0,0,1),(1763,NULL,'2039-05',2039,5,'2039-05-01','2039-05-31',NULL,NULL,40718,0,NULL,1,0,0,1),(1764,NULL,'2039-06',2039,6,'2039-06-01','2039-06-30',NULL,NULL,40718,0,NULL,1,0,0,1),(1765,NULL,'2039-07',2039,7,'2039-07-01','2039-07-31',NULL,NULL,40718,0,NULL,1,0,0,1),(1766,NULL,'2039-08',2039,8,'2039-08-01','2039-08-31',NULL,NULL,40718,0,NULL,1,0,0,1),(1767,NULL,'2039-09',2039,9,'2039-09-01','2039-09-30',NULL,NULL,40718,0,NULL,1,0,0,1),(1768,NULL,'2039-10',2039,10,'2039-10-01','2039-10-31',NULL,NULL,40718,0,NULL,1,0,0,1),(1769,NULL,'2039-11',2039,11,'2039-11-01','2039-11-30',NULL,NULL,40718,0,NULL,1,0,0,1),(1770,NULL,'2039-12',2039,12,'2039-12-01','2039-12-31',NULL,NULL,40718,0,NULL,1,0,0,1),(1774,NULL,'2040-01',2040,1,'2040-01-01','2040-01-31',NULL,NULL,40718,0,NULL,1,0,0,1),(1775,NULL,'2040-02',2040,2,'2040-02-01','2040-02-28',NULL,NULL,40718,0,NULL,1,0,0,1),(1776,NULL,'2040-03',2040,3,'2040-03-01','2040-03-31',NULL,NULL,40718,0,NULL,1,0,0,1),(1777,NULL,'2040-04',2040,4,'2040-04-01','2040-04-30',NULL,NULL,40718,0,NULL,1,0,0,1),(1778,NULL,'2040-05',2040,5,'2040-05-01','2040-05-31',NULL,NULL,40718,0,NULL,1,0,0,1),(1779,NULL,'2040-06',2040,6,'2040-06-01','2040-06-30',NULL,NULL,40718,0,NULL,1,0,0,1),(1780,NULL,'2040-07',2040,7,'2040-07-01','2040-07-31',NULL,NULL,40718,0,NULL,1,0,0,1),(1781,NULL,'2040-08',2040,8,'2040-08-01','2040-08-31',NULL,NULL,40718,0,NULL,1,0,0,1),(1782,NULL,'2040-09',2040,9,'2040-09-01','2040-09-30',NULL,NULL,40718,0,NULL,1,0,0,1),(1783,NULL,'2040-10',2040,10,'2040-10-01','2040-10-31',NULL,NULL,40718,0,NULL,1,0,0,1),(1784,NULL,'2040-11',2040,11,'2040-11-01','2040-11-30',NULL,NULL,40718,0,NULL,1,0,0,1),(1785,NULL,'2040-12',2040,12,'2040-12-01','2040-12-31',NULL,NULL,40718,0,NULL,1,0,0,1),(1789,NULL,'2041-01',2041,1,'2041-01-01','2041-01-31',NULL,NULL,40718,0,NULL,1,0,0,1),(1790,NULL,'2041-02',2041,2,'2041-02-01','2041-02-28',NULL,NULL,40718,0,NULL,1,0,0,1),(1791,NULL,'2041-03',2041,3,'2041-03-01','2041-03-31',NULL,NULL,40718,0,NULL,1,0,0,1),(1792,NULL,'2041-04',2041,4,'2041-04-01','2041-04-30',NULL,NULL,40718,0,NULL,1,0,0,1),(1793,NULL,'2041-05',2041,5,'2041-05-01','2041-05-31',NULL,NULL,40718,0,NULL,1,0,0,1),(1794,NULL,'2041-06',2041,6,'2041-06-01','2041-06-30',NULL,NULL,40718,0,NULL,1,0,0,1),(1795,NULL,'2041-07',2041,7,'2041-07-01','2041-07-31',NULL,NULL,40718,0,NULL,1,0,0,1),(1796,NULL,'2041-08',2041,8,'2041-08-01','2041-08-31',NULL,NULL,40718,0,NULL,1,0,0,1),(1797,NULL,'2041-09',2041,9,'2041-09-01','2041-09-30',NULL,NULL,40718,0,NULL,1,0,0,1),(1798,NULL,'2041-10',2041,10,'2041-10-01','2041-10-31',NULL,NULL,40718,0,NULL,1,0,0,1),(1799,NULL,'2041-11',2041,11,'2041-11-01','2041-11-30',NULL,NULL,40718,0,NULL,1,0,0,1);
INSERT INTO `periods` VALUES (1800,NULL,'2041-12',2041,12,'2041-12-01','2041-12-31',NULL,NULL,40718,0,NULL,1,0,0,1),(1804,NULL,'2042-01',2042,1,'2042-01-01','2042-01-31',NULL,NULL,40718,0,NULL,1,0,0,1),(1805,NULL,'2042-02',2042,2,'2042-02-01','2042-02-28',NULL,NULL,40718,0,NULL,1,0,0,1),(1806,NULL,'2042-03',2042,3,'2042-03-01','2042-03-31',NULL,NULL,40718,0,NULL,1,0,0,1),(1807,NULL,'2042-04',2042,4,'2042-04-01','2042-04-30',NULL,NULL,40718,0,NULL,1,0,0,1),(1808,NULL,'2042-05',2042,5,'2042-05-01','2042-05-31',NULL,NULL,40718,0,NULL,1,0,0,1),(1809,NULL,'2042-06',2042,6,'2042-06-01','2042-06-30',NULL,NULL,40718,0,NULL,1,0,0,1),(1810,NULL,'2042-07',2042,7,'2042-07-01','2042-07-31',NULL,NULL,40718,0,NULL,1,0,0,1),(1811,NULL,'2042-08',2042,8,'2042-08-01','2042-08-31',NULL,NULL,40718,0,NULL,1,0,0,1),(1812,NULL,'2042-09',2042,9,'2042-09-01','2042-09-30',NULL,NULL,40718,0,NULL,1,0,0,1),(1813,NULL,'2042-10',2042,10,'2042-10-01','2042-10-31',NULL,NULL,40718,0,NULL,1,0,0,1),(1814,NULL,'2042-11',2042,11,'2042-11-01','2042-11-30',NULL,NULL,40718,0,NULL,1,0,0,1),(1815,NULL,'2042-12',2042,12,'2042-12-01','2042-12-31',NULL,NULL,40718,0,NULL,1,0,0,1),(1819,NULL,'2043-01',2043,1,'2043-01-01','2043-01-31',NULL,NULL,40718,0,NULL,1,0,0,1),(1820,NULL,'2043-02',2043,2,'2043-02-01','2043-02-28',NULL,NULL,40718,0,NULL,1,0,0,1),(1821,NULL,'2043-03',2043,3,'2043-03-01','2043-03-31',NULL,NULL,40718,0,NULL,1,0,0,1),(1822,NULL,'2043-04',2043,4,'2043-04-01','2043-04-30',NULL,NULL,40718,0,NULL,1,0,0,1),(1823,NULL,'2043-05',2043,5,'2043-05-01','2043-05-31',NULL,NULL,40718,0,NULL,1,0,0,1),(1824,NULL,'2043-06',2043,6,'2043-06-01','2043-06-30',NULL,NULL,40718,0,NULL,1,0,0,1),(1825,NULL,'2043-07',2043,7,'2043-07-01','2043-07-31',NULL,NULL,40718,0,NULL,1,0,0,1),(1826,NULL,'2043-08',2043,8,'2043-08-01','2043-08-31',NULL,NULL,40718,0,NULL,1,0,0,1),(1827,NULL,'2043-09',2043,9,'2043-09-01','2043-09-30',NULL,NULL,40718,0,NULL,1,0,0,1),(1828,NULL,'2043-10',2043,10,'2043-10-01','2043-10-31',NULL,NULL,40718,0,NULL,1,0,0,1),(1829,NULL,'2043-11',2043,11,'2043-11-01','2043-11-30',NULL,NULL,40718,0,NULL,1,0,0,1),(1830,NULL,'2043-12',2043,12,'2043-12-01','2043-12-31',NULL,NULL,40718,0,NULL,1,0,0,1),(1834,NULL,'2044-01',2044,1,'2044-01-01','2044-01-31',NULL,NULL,40718,0,NULL,1,0,0,1),(1835,NULL,'2044-02',2044,2,'2044-02-01','2044-02-28',NULL,NULL,40718,0,NULL,1,0,0,1),(1836,NULL,'2044-03',2044,3,'2044-03-01','2044-03-31',NULL,NULL,40718,0,NULL,1,0,0,1),(1837,NULL,'2044-04',2044,4,'2044-04-01','2044-04-30',NULL,NULL,40718,0,NULL,1,0,0,1),(1838,NULL,'2044-05',2044,5,'2044-05-01','2044-05-31',NULL,NULL,40718,0,NULL,1,0,0,1),(1839,NULL,'2044-06',2044,6,'2044-06-01','2044-06-30',NULL,NULL,40718,0,NULL,1,0,0,1),(1840,NULL,'2044-07',2044,7,'2044-07-01','2044-07-31',NULL,NULL,40718,0,NULL,1,0,0,1),(1841,NULL,'2044-08',2044,8,'2044-08-01','2044-08-31',NULL,NULL,40718,0,NULL,1,0,0,1),(1842,NULL,'2044-09',2044,9,'2044-09-01','2044-09-30',NULL,NULL,40718,0,NULL,1,0,0,1),(1843,NULL,'2044-10',2044,10,'2044-10-01','2044-10-31',NULL,NULL,40718,0,NULL,1,0,0,1),(1844,NULL,'2044-11',2044,11,'2044-11-01','2044-11-30',NULL,NULL,40718,0,NULL,1,0,0,1),(1845,NULL,'2044-12',2044,12,'2044-12-01','2044-12-31',NULL,NULL,40718,0,NULL,1,0,0,1),(1849,NULL,'2045-01',2045,1,'2045-01-01','2045-01-31',NULL,NULL,40718,0,NULL,1,0,0,1),(1850,NULL,'2045-02',2045,2,'2045-02-01','2045-02-28',NULL,NULL,40718,0,NULL,1,0,0,1),(1851,NULL,'2045-03',2045,3,'2045-03-01','2045-03-31',NULL,NULL,40718,0,NULL,1,0,0,1),(1852,NULL,'2045-04',2045,4,'2045-04-01','2045-04-30',NULL,NULL,40718,0,NULL,1,0,0,1),(1853,NULL,'2045-05',2045,5,'2045-05-01','2045-05-31',NULL,NULL,40718,0,NULL,1,0,0,1),(1854,NULL,'2045-06',2045,6,'2045-06-01','2045-06-30',NULL,NULL,40718,0,NULL,1,0,0,1),(1855,NULL,'2045-07',2045,7,'2045-07-01','2045-07-31',NULL,NULL,40718,0,NULL,1,0,0,1),(1856,NULL,'2045-08',2045,8,'2045-08-01','2045-08-31',NULL,NULL,40718,0,NULL,1,0,0,1),(1857,NULL,'2045-09',2045,9,'2045-09-01','2045-09-30',NULL,NULL,40718,0,NULL,1,0,0,1);
INSERT INTO `periods` VALUES (1858,NULL,'2045-10',2045,10,'2045-10-01','2045-10-31',NULL,NULL,40718,0,NULL,1,0,0,1),(1859,NULL,'2045-11',2045,11,'2045-11-01','2045-11-30',NULL,NULL,40718,0,NULL,1,0,0,1),(1860,NULL,'2045-12',2045,12,'2045-12-01','2045-12-31',NULL,NULL,40718,0,NULL,1,0,0,1),(1864,NULL,'2046-01',2046,1,'2046-01-01','2046-01-31',NULL,NULL,40718,0,NULL,1,0,0,1),(1865,NULL,'2046-02',2046,2,'2046-02-01','2046-02-28',NULL,NULL,40718,0,NULL,1,0,0,1),(1866,NULL,'2046-03',2046,3,'2046-03-01','2046-03-31',NULL,NULL,40718,0,NULL,1,0,0,1),(1867,NULL,'2046-04',2046,4,'2046-04-01','2046-04-30',NULL,NULL,40718,0,NULL,1,0,0,1),(1868,NULL,'2046-05',2046,5,'2046-05-01','2046-05-31',NULL,NULL,40718,0,NULL,1,0,0,1),(1869,NULL,'2046-06',2046,6,'2046-06-01','2046-06-30',NULL,NULL,40718,0,NULL,1,0,0,1),(1870,NULL,'2046-07',2046,7,'2046-07-01','2046-07-31',NULL,NULL,40718,0,NULL,1,0,0,1),(1871,NULL,'2046-08',2046,8,'2046-08-01','2046-08-31',NULL,NULL,40718,0,NULL,1,0,0,1),(1872,NULL,'2046-09',2046,9,'2046-09-01','2046-09-30',NULL,NULL,40718,0,NULL,1,0,0,1),(1873,NULL,'2046-10',2046,10,'2046-10-01','2046-10-31',NULL,NULL,40718,0,NULL,1,0,0,1),(1874,NULL,'2046-11',2046,11,'2046-11-01','2046-11-30',NULL,NULL,40718,0,NULL,1,0,0,1),(1875,NULL,'2046-12',2046,12,'2046-12-01','2046-12-31',NULL,NULL,40718,0,NULL,1,0,0,1),(1879,NULL,'2047-01',2047,1,'2047-01-01','2047-01-31',NULL,NULL,40718,0,NULL,1,0,0,1),(1880,NULL,'2047-02',2047,2,'2047-02-01','2047-02-28',NULL,NULL,40718,0,NULL,1,0,0,1),(1881,NULL,'2047-03',2047,3,'2047-03-01','2047-03-31',NULL,NULL,40718,0,NULL,1,0,0,1),(1882,NULL,'2047-04',2047,4,'2047-04-01','2047-04-30',NULL,NULL,40718,0,NULL,1,0,0,1),(1883,NULL,'2047-05',2047,5,'2047-05-01','2047-05-31',NULL,NULL,40718,0,NULL,1,0,0,1),(1884,NULL,'2047-06',2047,6,'2047-06-01','2047-06-30',NULL,NULL,40718,0,NULL,1,0,0,1),(1885,NULL,'2047-07',2047,7,'2047-07-01','2047-07-31',NULL,NULL,40718,0,NULL,1,0,0,1),(1886,NULL,'2047-08',2047,8,'2047-08-01','2047-08-31',NULL,NULL,40718,0,NULL,1,0,0,1),(1887,NULL,'2047-09',2047,9,'2047-09-01','2047-09-30',NULL,NULL,40718,0,NULL,1,0,0,1),(1888,NULL,'2047-10',2047,10,'2047-10-01','2047-10-31',NULL,NULL,40718,0,NULL,1,0,0,1),(1889,NULL,'2047-11',2047,11,'2047-11-01','2047-11-30',NULL,NULL,40718,0,NULL,1,0,0,1),(1890,NULL,'2047-12',2047,12,'2047-12-01','2047-12-31',NULL,NULL,40718,0,NULL,1,0,0,1),(1894,NULL,'2048-01',2048,1,'2048-01-01','2048-01-31',NULL,NULL,40718,0,NULL,1,0,0,1),(1895,NULL,'2048-02',2048,2,'2048-02-01','2048-02-28',NULL,NULL,40718,0,NULL,1,0,0,1),(1896,NULL,'2048-03',2048,3,'2048-03-01','2048-03-31',NULL,NULL,40718,0,NULL,1,0,0,1),(1897,NULL,'2048-04',2048,4,'2048-04-01','2048-04-30',NULL,NULL,40718,0,NULL,1,0,0,1),(1898,NULL,'2048-05',2048,5,'2048-05-01','2048-05-31',NULL,NULL,40718,0,NULL,1,0,0,1),(1899,NULL,'2048-06',2048,6,'2048-06-01','2048-06-30',NULL,NULL,40718,0,NULL,1,0,0,1),(1900,NULL,'2048-07',2048,7,'2048-07-01','2048-07-31',NULL,NULL,40718,0,NULL,1,0,0,1),(1901,NULL,'2048-08',2048,8,'2048-08-01','2048-08-31',NULL,NULL,40718,0,NULL,1,0,0,1),(1902,NULL,'2048-09',2048,9,'2048-09-01','2048-09-30',NULL,NULL,40718,0,NULL,1,0,0,1),(1903,NULL,'2048-10',2048,10,'2048-10-01','2048-10-31',NULL,NULL,40718,0,NULL,1,0,0,1),(1904,NULL,'2048-11',2048,11,'2048-11-01','2048-11-30',NULL,NULL,40718,0,NULL,1,0,0,1),(1905,NULL,'2048-12',2048,12,'2048-12-01','2048-12-31',NULL,NULL,40718,0,NULL,1,0,0,1),(1909,NULL,'2049-01',2049,1,'2049-01-01','2049-01-31',NULL,NULL,40718,0,NULL,1,0,0,1),(1910,NULL,'2049-02',2049,2,'2049-02-01','2049-02-28',NULL,NULL,40718,0,NULL,1,0,0,1),(1911,NULL,'2049-03',2049,3,'2049-03-01','2049-03-31',NULL,NULL,40718,0,NULL,1,0,0,1),(1912,NULL,'2049-04',2049,4,'2049-04-01','2049-04-30',NULL,NULL,40718,0,NULL,1,0,0,1),(1913,NULL,'2049-05',2049,5,'2049-05-01','2049-05-31',NULL,NULL,40718,0,NULL,1,0,0,1),(1914,NULL,'2049-06',2049,6,'2049-06-01','2049-06-30',NULL,NULL,40718,0,NULL,1,0,0,1),(1915,NULL,'2049-07',2049,7,'2049-07-01','2049-07-31',NULL,NULL,40718,0,NULL,1,0,0,1);
INSERT INTO `periods` VALUES (1916,NULL,'2049-08',2049,8,'2049-08-01','2049-08-31',NULL,NULL,40718,0,NULL,1,0,0,1),(1917,NULL,'2049-09',2049,9,'2049-09-01','2049-09-30',NULL,NULL,40718,0,NULL,1,0,0,1),(1918,NULL,'2049-10',2049,10,'2049-10-01','2049-10-31',NULL,NULL,40718,0,NULL,1,0,0,1),(1919,NULL,'2049-11',2049,11,'2049-11-01','2049-11-30',NULL,NULL,40718,0,NULL,1,0,0,1),(1920,NULL,'2049-12',2049,12,'2049-12-01','2049-12-31',NULL,NULL,40718,0,NULL,1,0,0,1),(1924,NULL,'2050-01',2050,1,'2050-01-01','2050-01-31',NULL,NULL,40718,0,NULL,1,0,0,1),(1925,NULL,'2050-02',2050,2,'2050-02-01','2050-02-28',NULL,NULL,40718,0,NULL,1,0,0,1),(1926,NULL,'2050-03',2050,3,'2050-03-01','2050-03-31',NULL,NULL,40718,0,NULL,1,0,0,1),(1927,NULL,'2050-04',2050,4,'2050-04-01','2050-04-30',NULL,NULL,40718,0,NULL,1,0,0,1),(1928,NULL,'2050-05',2050,5,'2050-05-01','2050-05-31',NULL,NULL,40718,0,NULL,1,0,0,1),(1929,NULL,'2050-06',2050,6,'2050-06-01','2050-06-30',NULL,NULL,40718,0,NULL,1,0,0,1),(1930,NULL,'2050-07',2050,7,'2050-07-01','2050-07-31',NULL,NULL,40718,0,NULL,1,0,0,1),(1931,NULL,'2050-08',2050,8,'2050-08-01','2050-08-31',NULL,NULL,40718,0,NULL,1,0,0,1),(1932,NULL,'2050-09',2050,9,'2050-09-01','2050-09-30',NULL,NULL,40718,0,NULL,1,0,0,1),(1933,NULL,'2050-10',2050,10,'2050-10-01','2050-10-31',NULL,NULL,40718,0,NULL,1,0,0,1),(1934,NULL,'2050-11',2050,11,'2050-11-01','2050-11-30',NULL,NULL,40718,0,NULL,1,0,0,1),(1935,NULL,'2050-12',2050,12,'2050-12-01','2050-12-31',NULL,NULL,40718,0,NULL,1,0,0,1),(1939,NULL,'2051-01',2051,1,'2051-01-01','2051-01-31',NULL,NULL,40718,0,NULL,1,0,0,1),(1940,NULL,'2051-02',2051,2,'2051-02-01','2051-02-28',NULL,NULL,40718,0,NULL,1,0,0,1),(1941,NULL,'2051-03',2051,3,'2051-03-01','2051-03-31',NULL,NULL,40718,0,NULL,1,0,0,1),(1942,NULL,'2051-04',2051,4,'2051-04-01','2051-04-30',NULL,NULL,40718,0,NULL,1,0,0,1),(1943,NULL,'2051-05',2051,5,'2051-05-01','2051-05-31',NULL,NULL,40718,0,NULL,1,0,0,1),(1944,NULL,'2051-06',2051,6,'2051-06-01','2051-06-30',NULL,NULL,40718,0,NULL,1,0,0,1),(1945,NULL,'2051-07',2051,7,'2051-07-01','2051-07-31',NULL,NULL,40718,0,NULL,1,0,0,1),(1946,NULL,'2051-08',2051,8,'2051-08-01','2051-08-31',NULL,NULL,40718,0,NULL,1,0,0,1),(1947,NULL,'2051-09',2051,9,'2051-09-01','2051-09-30',NULL,NULL,40718,0,NULL,1,0,0,1),(1948,NULL,'2051-10',2051,10,'2051-10-01','2051-10-31',NULL,NULL,40718,0,NULL,1,0,0,1),(1949,NULL,'2051-11',2051,11,'2051-11-01','2051-11-30',NULL,NULL,40718,0,NULL,1,0,0,1),(1950,NULL,'2051-12',2051,12,'2051-12-01','2051-12-31',NULL,NULL,40718,0,NULL,1,0,0,1),(1954,NULL,'2052-01',2052,1,'2052-01-01','2052-01-31',NULL,NULL,40718,0,NULL,1,0,0,1),(1955,NULL,'2052-02',2052,2,'2052-02-01','2052-02-28',NULL,NULL,40718,0,NULL,1,0,0,1),(1956,NULL,'2052-03',2052,3,'2052-03-01','2052-03-31',NULL,NULL,40718,0,NULL,1,0,0,1),(1957,NULL,'2052-04',2052,4,'2052-04-01','2052-04-30',NULL,NULL,40718,0,NULL,1,0,0,1),(1958,NULL,'2052-05',2052,5,'2052-05-01','2052-05-31',NULL,NULL,40718,0,NULL,1,0,0,1),(1959,NULL,'2052-06',2052,6,'2052-06-01','2052-06-30',NULL,NULL,40718,0,NULL,1,0,0,1),(1960,NULL,'2052-07',2052,7,'2052-07-01','2052-07-31',NULL,NULL,40718,0,NULL,1,0,0,1),(1961,NULL,'2052-08',2052,8,'2052-08-01','2052-08-31',NULL,NULL,40718,0,NULL,1,0,0,1),(1962,NULL,'2052-09',2052,9,'2052-09-01','2052-09-30',NULL,NULL,40718,0,NULL,1,0,0,1),(1963,NULL,'2052-10',2052,10,'2052-10-01','2052-10-31',NULL,NULL,40718,0,NULL,1,0,0,1),(1964,NULL,'2052-11',2052,11,'2052-11-01','2052-11-30',NULL,NULL,40718,0,NULL,1,0,0,1),(1965,NULL,'2052-12',2052,12,'2052-12-01','2052-12-31',NULL,NULL,40718,0,NULL,1,0,0,1),(1969,NULL,'2053-01',2053,1,'2053-01-01','2053-01-31',NULL,NULL,40718,0,NULL,1,0,0,1),(1970,NULL,'2053-02',2053,2,'2053-02-01','2053-02-28',NULL,NULL,40718,0,NULL,1,0,0,1),(1971,NULL,'2053-03',2053,3,'2053-03-01','2053-03-31',NULL,NULL,40718,0,NULL,1,0,0,1),(1972,NULL,'2053-04',2053,4,'2053-04-01','2053-04-30',NULL,NULL,40718,0,NULL,1,0,0,1),(1973,NULL,'2053-05',2053,5,'2053-05-01','2053-05-31',NULL,NULL,40718,0,NULL,1,0,0,1);
INSERT INTO `periods` VALUES (1974,NULL,'2053-06',2053,6,'2053-06-01','2053-06-30',NULL,NULL,40718,0,NULL,1,0,0,1),(1975,NULL,'2053-07',2053,7,'2053-07-01','2053-07-31',NULL,NULL,40718,0,NULL,1,0,0,1),(1976,NULL,'2053-08',2053,8,'2053-08-01','2053-08-31',NULL,NULL,40718,0,NULL,1,0,0,1),(1977,NULL,'2053-09',2053,9,'2053-09-01','2053-09-30',NULL,NULL,40718,0,NULL,1,0,0,1),(1978,NULL,'2053-10',2053,10,'2053-10-01','2053-10-31',NULL,NULL,40718,0,NULL,1,0,0,1),(1979,NULL,'2053-11',2053,11,'2053-11-01','2053-11-30',NULL,NULL,40718,0,NULL,1,0,0,1),(1980,NULL,'2053-12',2053,12,'2053-12-01','2053-12-31',NULL,NULL,40718,0,NULL,1,0,0,1),(1984,NULL,'2054-01',2054,1,'2054-01-01','2054-01-31',NULL,NULL,40718,0,NULL,1,0,0,1),(1985,NULL,'2054-02',2054,2,'2054-02-01','2054-02-28',NULL,NULL,40718,0,NULL,1,0,0,1),(1986,NULL,'2054-03',2054,3,'2054-03-01','2054-03-31',NULL,NULL,40718,0,NULL,1,0,0,1),(1987,NULL,'2054-04',2054,4,'2054-04-01','2054-04-30',NULL,NULL,40718,0,NULL,1,0,0,1),(1988,NULL,'2054-05',2054,5,'2054-05-01','2054-05-31',NULL,NULL,40718,0,NULL,1,0,0,1),(1989,NULL,'2054-06',2054,6,'2054-06-01','2054-06-30',NULL,NULL,40718,0,NULL,1,0,0,1),(1990,NULL,'2054-07',2054,7,'2054-07-01','2054-07-31',NULL,NULL,40718,0,NULL,1,0,0,1),(1991,NULL,'2054-08',2054,8,'2054-08-01','2054-08-31',NULL,NULL,40718,0,NULL,1,0,0,1),(1992,NULL,'2054-09',2054,9,'2054-09-01','2054-09-30',NULL,NULL,40718,0,NULL,1,0,0,1),(1993,NULL,'2054-10',2054,10,'2054-10-01','2054-10-31',NULL,NULL,40718,0,NULL,1,0,0,1),(1994,NULL,'2054-11',2054,11,'2054-11-01','2054-11-30',NULL,NULL,40718,0,NULL,1,0,0,1),(1995,NULL,'2054-12',2054,12,'2054-12-01','2054-12-31',NULL,NULL,40718,0,NULL,1,0,0,1),(1999,NULL,'2055-01',2055,1,'2055-01-01','2055-01-31',NULL,NULL,40718,0,NULL,1,0,0,1),(2000,NULL,'2055-02',2055,2,'2055-02-01','2055-02-28',NULL,NULL,40718,0,NULL,1,0,0,1),(2001,NULL,'2055-03',2055,3,'2055-03-01','2055-03-31',NULL,NULL,40718,0,NULL,1,0,0,1),(2002,NULL,'2055-04',2055,4,'2055-04-01','2055-04-30',NULL,NULL,40718,0,NULL,1,0,0,1),(2003,NULL,'2055-05',2055,5,'2055-05-01','2055-05-31',NULL,NULL,40718,0,NULL,1,0,0,1),(2004,NULL,'2055-06',2055,6,'2055-06-01','2055-06-30',NULL,NULL,40718,0,NULL,1,0,0,1),(2005,NULL,'2055-07',2055,7,'2055-07-01','2055-07-31',NULL,NULL,40718,0,NULL,1,0,0,1),(2006,NULL,'2055-08',2055,8,'2055-08-01','2055-08-31',NULL,NULL,40718,0,NULL,1,0,0,1),(2007,NULL,'2055-09',2055,9,'2055-09-01','2055-09-30',NULL,NULL,40718,0,NULL,1,0,0,1),(2008,NULL,'2055-10',2055,10,'2055-10-01','2055-10-31',NULL,NULL,40718,0,NULL,1,0,0,1),(2009,NULL,'2055-11',2055,11,'2055-11-01','2055-11-30',NULL,NULL,40718,0,NULL,1,0,0,1),(2010,NULL,'2055-12',2055,12,'2055-12-01','2055-12-31',NULL,NULL,40718,0,NULL,1,0,0,1),(2014,NULL,'2056-01',2056,1,'2056-01-01','2056-01-31',NULL,NULL,40718,0,NULL,1,0,0,1),(2015,NULL,'2056-02',2056,2,'2056-02-01','2056-02-28',NULL,NULL,40718,0,NULL,1,0,0,1),(2016,NULL,'2056-03',2056,3,'2056-03-01','2056-03-31',NULL,NULL,40718,0,NULL,1,0,0,1),(2017,NULL,'2056-04',2056,4,'2056-04-01','2056-04-30',NULL,NULL,40718,0,NULL,1,0,0,1),(2018,NULL,'2056-05',2056,5,'2056-05-01','2056-05-31',NULL,NULL,40718,0,NULL,1,0,0,1),(2019,NULL,'2056-06',2056,6,'2056-06-01','2056-06-30',NULL,NULL,40718,0,NULL,1,0,0,1),(2020,NULL,'2056-07',2056,7,'2056-07-01','2056-07-31',NULL,NULL,40718,0,NULL,1,0,0,1),(2021,NULL,'2056-08',2056,8,'2056-08-01','2056-08-31',NULL,NULL,40718,0,NULL,1,0,0,1),(2022,NULL,'2056-09',2056,9,'2056-09-01','2056-09-30',NULL,NULL,40718,0,NULL,1,0,0,1),(2023,NULL,'2056-10',2056,10,'2056-10-01','2056-10-31',NULL,NULL,40718,0,NULL,1,0,0,1),(2024,NULL,'2056-11',2056,11,'2056-11-01','2056-11-30',NULL,NULL,40718,0,NULL,1,0,0,1),(2025,NULL,'2056-12',2056,12,'2056-12-01','2056-12-31',NULL,NULL,40718,0,NULL,1,0,0,1),(2029,NULL,'2057-01',2057,1,'2057-01-01','2057-01-31',NULL,NULL,40718,0,NULL,1,0,0,1),(2030,NULL,'2057-02',2057,2,'2057-02-01','2057-02-28',NULL,NULL,40718,0,NULL,1,0,0,1),(2031,NULL,'2057-03',2057,3,'2057-03-01','2057-03-31',NULL,NULL,40718,0,NULL,1,0,0,1);
INSERT INTO `periods` VALUES (2032,NULL,'2057-04',2057,4,'2057-04-01','2057-04-30',NULL,NULL,40718,0,NULL,1,0,0,1),(2033,NULL,'2057-05',2057,5,'2057-05-01','2057-05-31',NULL,NULL,40718,0,NULL,1,0,0,1),(2034,NULL,'2057-06',2057,6,'2057-06-01','2057-06-30',NULL,NULL,40718,0,NULL,1,0,0,1),(2035,NULL,'2057-07',2057,7,'2057-07-01','2057-07-31',NULL,NULL,40718,0,NULL,1,0,0,1),(2036,NULL,'2057-08',2057,8,'2057-08-01','2057-08-31',NULL,NULL,40718,0,NULL,1,0,0,1),(2037,NULL,'2057-09',2057,9,'2057-09-01','2057-09-30',NULL,NULL,40718,0,NULL,1,0,0,1),(2038,NULL,'2057-10',2057,10,'2057-10-01','2057-10-31',NULL,NULL,40718,0,NULL,1,0,0,1),(2039,NULL,'2057-11',2057,11,'2057-11-01','2057-11-30',NULL,NULL,40718,0,NULL,1,0,0,1),(2040,NULL,'2057-12',2057,12,'2057-12-01','2057-12-31',NULL,NULL,40718,0,NULL,1,0,0,1),(2044,NULL,'2058-01',2058,1,'2058-01-01','2058-01-31',NULL,NULL,40718,0,NULL,1,0,0,1),(2045,NULL,'2058-02',2058,2,'2058-02-01','2058-02-28',NULL,NULL,40718,0,NULL,1,0,0,1),(2046,NULL,'2058-03',2058,3,'2058-03-01','2058-03-31',NULL,NULL,40718,0,NULL,1,0,0,1),(2047,NULL,'2058-04',2058,4,'2058-04-01','2058-04-30',NULL,NULL,40718,0,NULL,1,0,0,1),(2048,NULL,'2058-05',2058,5,'2058-05-01','2058-05-31',NULL,NULL,40718,0,NULL,1,0,0,1),(2049,NULL,'2058-06',2058,6,'2058-06-01','2058-06-30',NULL,NULL,40718,0,NULL,1,0,0,1),(2050,NULL,'2058-07',2058,7,'2058-07-01','2058-07-31',NULL,NULL,40718,0,NULL,1,0,0,1),(2051,NULL,'2058-08',2058,8,'2058-08-01','2058-08-31',NULL,NULL,40718,0,NULL,1,0,0,1),(2052,NULL,'2058-09',2058,9,'2058-09-01','2058-09-30',NULL,NULL,40718,0,NULL,1,0,0,1),(2053,NULL,'2058-10',2058,10,'2058-10-01','2058-10-31',NULL,NULL,40718,0,NULL,1,0,0,1),(2054,NULL,'2058-11',2058,11,'2058-11-01','2058-11-30',NULL,NULL,40718,0,NULL,1,0,0,1),(2055,NULL,'2058-12',2058,12,'2058-12-01','2058-12-31',NULL,NULL,40718,0,NULL,1,0,0,1),(2059,NULL,'2059-01',2059,1,'2059-01-01','2059-01-31',NULL,NULL,40718,0,NULL,1,0,0,1),(2060,NULL,'2059-02',2059,2,'2059-02-01','2059-02-28',NULL,NULL,40718,0,NULL,1,0,0,1),(2061,NULL,'2059-03',2059,3,'2059-03-01','2059-03-31',NULL,NULL,40718,0,NULL,1,0,0,1),(2062,NULL,'2059-04',2059,4,'2059-04-01','2059-04-30',NULL,NULL,40718,0,NULL,1,0,0,1),(2063,NULL,'2059-05',2059,5,'2059-05-01','2059-05-31',NULL,NULL,40718,0,NULL,1,0,0,1),(2064,NULL,'2059-06',2059,6,'2059-06-01','2059-06-30',NULL,NULL,40718,0,NULL,1,0,0,1),(2065,NULL,'2059-07',2059,7,'2059-07-01','2059-07-31',NULL,NULL,40718,0,NULL,1,0,0,1),(2066,NULL,'2059-08',2059,8,'2059-08-01','2059-08-31',NULL,NULL,40718,0,NULL,1,0,0,1),(2067,NULL,'2059-09',2059,9,'2059-09-01','2059-09-30',NULL,NULL,40718,0,NULL,1,0,0,1),(2068,NULL,'2059-10',2059,10,'2059-10-01','2059-10-31',NULL,NULL,40718,0,NULL,1,0,0,1),(2069,NULL,'2059-11',2059,11,'2059-11-01','2059-11-30',NULL,NULL,40718,0,NULL,1,0,0,1),(2070,NULL,'2059-12',2059,12,'2059-12-01','2059-12-31',NULL,NULL,40718,0,NULL,1,0,0,1),(2074,NULL,'2060-01',2060,1,'2060-01-01','2060-01-31',NULL,NULL,40718,0,NULL,1,0,0,1),(2075,NULL,'2060-02',2060,2,'2060-02-01','2060-02-28',NULL,NULL,40718,0,NULL,1,0,0,1),(2076,NULL,'2060-03',2060,3,'2060-03-01','2060-03-31',NULL,NULL,40718,0,NULL,1,0,0,1),(2077,NULL,'2060-04',2060,4,'2060-04-01','2060-04-30',NULL,NULL,40718,0,NULL,1,0,0,1),(2078,NULL,'2060-05',2060,5,'2060-05-01','2060-05-31',NULL,NULL,40718,0,NULL,1,0,0,1),(2079,NULL,'2060-06',2060,6,'2060-06-01','2060-06-30',NULL,NULL,40718,0,NULL,1,0,0,1),(2080,NULL,'2060-07',2060,7,'2060-07-01','2060-07-31',NULL,NULL,40718,0,NULL,1,0,0,1),(2081,NULL,'2060-08',2060,8,'2060-08-01','2060-08-31',NULL,NULL,40718,0,NULL,1,0,0,1),(2082,NULL,'2060-09',2060,9,'2060-09-01','2060-09-30',NULL,NULL,40718,0,NULL,1,0,0,1),(2083,NULL,'2060-10',2060,10,'2060-10-01','2060-10-31',NULL,NULL,40718,0,NULL,1,0,0,1),(2084,NULL,'2060-11',2060,11,'2060-11-01','2060-11-30',NULL,NULL,40718,0,NULL,1,0,0,1),(2085,NULL,'2060-12',2060,12,'2060-12-01','2060-12-31',NULL,NULL,40718,0,NULL,1,0,0,1),(2089,NULL,'2061-01',2061,1,'2061-01-01','2061-01-31',NULL,NULL,40718,0,NULL,1,0,0,1);
INSERT INTO `periods` VALUES (2090,NULL,'2061-02',2061,2,'2061-02-01','2061-02-28',NULL,NULL,40718,0,NULL,1,0,0,1),(2091,NULL,'2061-03',2061,3,'2061-03-01','2061-03-31',NULL,NULL,40718,0,NULL,1,0,0,1),(2092,NULL,'2061-04',2061,4,'2061-04-01','2061-04-30',NULL,NULL,40718,0,NULL,1,0,0,1),(2093,NULL,'2061-05',2061,5,'2061-05-01','2061-05-31',NULL,NULL,40718,0,NULL,1,0,0,1),(2094,NULL,'2061-06',2061,6,'2061-06-01','2061-06-30',NULL,NULL,40718,0,NULL,1,0,0,1),(2095,NULL,'2061-07',2061,7,'2061-07-01','2061-07-31',NULL,NULL,40718,0,NULL,1,0,0,1),(2096,NULL,'2061-08',2061,8,'2061-08-01','2061-08-31',NULL,NULL,40718,0,NULL,1,0,0,1),(2097,NULL,'2061-09',2061,9,'2061-09-01','2061-09-30',NULL,NULL,40718,0,NULL,1,0,0,1),(2098,NULL,'2061-10',2061,10,'2061-10-01','2061-10-31',NULL,NULL,40718,0,NULL,1,0,0,1),(2099,NULL,'2061-11',2061,11,'2061-11-01','2061-11-30',NULL,NULL,40718,0,NULL,1,0,0,1),(2100,NULL,'2061-12',2061,12,'2061-12-01','2061-12-31',NULL,NULL,40718,0,NULL,1,0,0,1),(2104,NULL,'2062-01',2062,1,'2062-01-01','2062-01-31',NULL,NULL,40718,0,NULL,1,0,0,1),(2105,NULL,'2062-02',2062,2,'2062-02-01','2062-02-28',NULL,NULL,40718,0,NULL,1,0,0,1),(2106,NULL,'2062-03',2062,3,'2062-03-01','2062-03-31',NULL,NULL,40718,0,NULL,1,0,0,1),(2107,NULL,'2062-04',2062,4,'2062-04-01','2062-04-30',NULL,NULL,40718,0,NULL,1,0,0,1),(2108,NULL,'2062-05',2062,5,'2062-05-01','2062-05-31',NULL,NULL,40718,0,NULL,1,0,0,1),(2109,NULL,'2062-06',2062,6,'2062-06-01','2062-06-30',NULL,NULL,40718,0,NULL,1,0,0,1),(2110,NULL,'2062-07',2062,7,'2062-07-01','2062-07-31',NULL,NULL,40718,0,NULL,1,0,0,1),(2111,NULL,'2062-08',2062,8,'2062-08-01','2062-08-31',NULL,NULL,40718,0,NULL,1,0,0,1),(2112,NULL,'2062-09',2062,9,'2062-09-01','2062-09-30',NULL,NULL,40718,0,NULL,1,0,0,1),(2113,NULL,'2062-10',2062,10,'2062-10-01','2062-10-31',NULL,NULL,40718,0,NULL,1,0,0,1),(2114,NULL,'2062-11',2062,11,'2062-11-01','2062-11-30',NULL,NULL,40718,0,NULL,1,0,0,1),(2115,NULL,'2062-12',2062,12,'2062-12-01','2062-12-31',NULL,NULL,40718,0,NULL,1,0,0,1),(2119,NULL,'2063-01',2063,1,'2063-01-01','2063-01-31',NULL,NULL,40718,0,NULL,1,0,0,1),(2120,NULL,'2063-02',2063,2,'2063-02-01','2063-02-28',NULL,NULL,40718,0,NULL,1,0,0,1),(2121,NULL,'2063-03',2063,3,'2063-03-01','2063-03-31',NULL,NULL,40718,0,NULL,1,0,0,1),(2122,NULL,'2063-04',2063,4,'2063-04-01','2063-04-30',NULL,NULL,40718,0,NULL,1,0,0,1),(2123,NULL,'2063-05',2063,5,'2063-05-01','2063-05-31',NULL,NULL,40718,0,NULL,1,0,0,1),(2124,NULL,'2063-06',2063,6,'2063-06-01','2063-06-30',NULL,NULL,40718,0,NULL,1,0,0,1),(2125,NULL,'2063-07',2063,7,'2063-07-01','2063-07-31',NULL,NULL,40718,0,NULL,1,0,0,1),(2126,NULL,'2063-08',2063,8,'2063-08-01','2063-08-31',NULL,NULL,40718,0,NULL,1,0,0,1),(2127,NULL,'2063-09',2063,9,'2063-09-01','2063-09-30',NULL,NULL,40718,0,NULL,1,0,0,1),(2128,NULL,'2063-10',2063,10,'2063-10-01','2063-10-31',NULL,NULL,40718,0,NULL,1,0,0,1),(2129,NULL,'2063-11',2063,11,'2063-11-01','2063-11-30',NULL,NULL,40718,0,NULL,1,0,0,1),(2130,NULL,'2063-12',2063,12,'2063-12-01','2063-12-31',NULL,NULL,40718,0,NULL,1,0,0,1),(2134,NULL,'2064-01',2064,1,'2064-01-01','2064-01-31',NULL,NULL,40718,0,NULL,1,0,0,1),(2135,NULL,'2064-02',2064,2,'2064-02-01','2064-02-28',NULL,NULL,40718,0,NULL,1,0,0,1),(2136,NULL,'2064-03',2064,3,'2064-03-01','2064-03-31',NULL,NULL,40718,0,NULL,1,0,0,1),(2137,NULL,'2064-04',2064,4,'2064-04-01','2064-04-30',NULL,NULL,40718,0,NULL,1,0,0,1),(2138,NULL,'2064-05',2064,5,'2064-05-01','2064-05-31',NULL,NULL,40718,0,NULL,1,0,0,1),(2139,NULL,'2064-06',2064,6,'2064-06-01','2064-06-30',NULL,NULL,40718,0,NULL,1,0,0,1),(2140,NULL,'2064-07',2064,7,'2064-07-01','2064-07-31',NULL,NULL,40718,0,NULL,1,0,0,1),(2141,NULL,'2064-08',2064,8,'2064-08-01','2064-08-31',NULL,NULL,40718,0,NULL,1,0,0,1),(2142,NULL,'2064-09',2064,9,'2064-09-01','2064-09-30',NULL,NULL,40718,0,NULL,1,0,0,1),(2143,NULL,'2064-10',2064,10,'2064-10-01','2064-10-31',NULL,NULL,40718,0,NULL,1,0,0,1),(2144,NULL,'2064-11',2064,11,'2064-11-01','2064-11-30',NULL,NULL,40718,0,NULL,1,0,0,1);
INSERT INTO `periods` VALUES (2145,NULL,'2064-12',2064,12,'2064-12-01','2064-12-31',NULL,NULL,40718,0,NULL,1,0,0,1),(2149,NULL,'2065-01',2065,1,'2065-01-01','2065-01-31',NULL,NULL,40718,0,NULL,1,0,0,1),(2150,NULL,'2065-02',2065,2,'2065-02-01','2065-02-28',NULL,NULL,40718,0,NULL,1,0,0,1),(2151,NULL,'2065-03',2065,3,'2065-03-01','2065-03-31',NULL,NULL,40718,0,NULL,1,0,0,1),(2152,NULL,'2065-04',2065,4,'2065-04-01','2065-04-30',NULL,NULL,40718,0,NULL,1,0,0,1),(2153,NULL,'2065-05',2065,5,'2065-05-01','2065-05-31',NULL,NULL,40718,0,NULL,1,0,0,1),(2154,NULL,'2065-06',2065,6,'2065-06-01','2065-06-30',NULL,NULL,40718,0,NULL,1,0,0,1),(2155,NULL,'2065-07',2065,7,'2065-07-01','2065-07-31',NULL,NULL,40718,0,NULL,1,0,0,1),(2156,NULL,'2065-08',2065,8,'2065-08-01','2065-08-31',NULL,NULL,40718,0,NULL,1,0,0,1),(2157,NULL,'2065-09',2065,9,'2065-09-01','2065-09-30',NULL,NULL,40718,0,NULL,1,0,0,1),(2158,NULL,'2065-10',2065,10,'2065-10-01','2065-10-31',NULL,NULL,40718,0,NULL,1,0,0,1),(2159,NULL,'2065-11',2065,11,'2065-11-01','2065-11-30',NULL,NULL,40718,0,NULL,1,0,0,1),(2160,NULL,'2065-12',2065,12,'2065-12-01','2065-12-31',NULL,NULL,40718,0,NULL,1,0,0,1),(2164,NULL,'2066-01',2066,1,'2066-01-01','2066-01-31',NULL,NULL,40718,0,NULL,1,0,0,1),(2165,NULL,'2066-02',2066,2,'2066-02-01','2066-02-28',NULL,NULL,40718,0,NULL,1,0,0,1),(2166,NULL,'2066-03',2066,3,'2066-03-01','2066-03-31',NULL,NULL,40718,0,NULL,1,0,0,1),(2167,NULL,'2066-04',2066,4,'2066-04-01','2066-04-30',NULL,NULL,40718,0,NULL,1,0,0,1),(2168,NULL,'2066-05',2066,5,'2066-05-01','2066-05-31',NULL,NULL,40718,0,NULL,1,0,0,1),(2169,NULL,'2066-06',2066,6,'2066-06-01','2066-06-30',NULL,NULL,40718,0,NULL,1,0,0,1),(2170,NULL,'2066-07',2066,7,'2066-07-01','2066-07-31',NULL,NULL,40718,0,NULL,1,0,0,1),(2171,NULL,'2066-08',2066,8,'2066-08-01','2066-08-31',NULL,NULL,40718,0,NULL,1,0,0,1),(2172,NULL,'2066-09',2066,9,'2066-09-01','2066-09-30',NULL,NULL,40718,0,NULL,1,0,0,1),(2173,NULL,'2066-10',2066,10,'2066-10-01','2066-10-31',NULL,NULL,40718,0,NULL,1,0,0,1),(2174,NULL,'2066-11',2066,11,'2066-11-01','2066-11-30',NULL,NULL,40718,0,NULL,1,0,0,1),(2175,NULL,'2066-12',2066,12,'2066-12-01','2066-12-31',NULL,NULL,40718,0,NULL,1,0,0,1),(2179,NULL,'2067-01',2067,1,'2067-01-01','2067-01-31',NULL,NULL,40718,0,NULL,1,0,0,1),(2180,NULL,'2067-02',2067,2,'2067-02-01','2067-02-28',NULL,NULL,40718,0,NULL,1,0,0,1),(2181,NULL,'2067-03',2067,3,'2067-03-01','2067-03-31',NULL,NULL,40718,0,NULL,1,0,0,1),(2182,NULL,'2067-04',2067,4,'2067-04-01','2067-04-30',NULL,NULL,40718,0,NULL,1,0,0,1),(2183,NULL,'2067-05',2067,5,'2067-05-01','2067-05-31',NULL,NULL,40718,0,NULL,1,0,0,1),(2184,NULL,'2067-06',2067,6,'2067-06-01','2067-06-30',NULL,NULL,40718,0,NULL,1,0,0,1),(2185,NULL,'2067-07',2067,7,'2067-07-01','2067-07-31',NULL,NULL,40718,0,NULL,1,0,0,1),(2186,NULL,'2067-08',2067,8,'2067-08-01','2067-08-31',NULL,NULL,40718,0,NULL,1,0,0,1),(2187,NULL,'2067-09',2067,9,'2067-09-01','2067-09-30',NULL,NULL,40718,0,NULL,1,0,0,1),(2188,NULL,'2067-10',2067,10,'2067-10-01','2067-10-31',NULL,NULL,40718,0,NULL,1,0,0,1),(2189,NULL,'2067-11',2067,11,'2067-11-01','2067-11-30',NULL,NULL,40718,0,NULL,1,0,0,1),(2190,NULL,'2067-12',2067,12,'2067-12-01','2067-12-31',NULL,NULL,40718,0,NULL,1,0,0,1),(2194,NULL,'2068-01',2068,1,'2068-01-01','2068-01-31',NULL,NULL,40718,0,NULL,1,0,0,1),(2195,NULL,'2068-02',2068,2,'2068-02-01','2068-02-28',NULL,NULL,40718,0,NULL,1,0,0,1),(2196,NULL,'2068-03',2068,3,'2068-03-01','2068-03-31',NULL,NULL,40718,0,NULL,1,0,0,1),(2197,NULL,'2068-04',2068,4,'2068-04-01','2068-04-30',NULL,NULL,40718,0,NULL,1,0,0,1),(2198,NULL,'2068-05',2068,5,'2068-05-01','2068-05-31',NULL,NULL,40718,0,NULL,1,0,0,1),(2199,NULL,'2068-06',2068,6,'2068-06-01','2068-06-30',NULL,NULL,40718,0,NULL,1,0,0,1),(2200,NULL,'2068-07',2068,7,'2068-07-01','2068-07-31',NULL,NULL,40718,0,NULL,1,0,0,1),(2201,NULL,'2068-08',2068,8,'2068-08-01','2068-08-31',NULL,NULL,40718,0,NULL,1,0,0,1),(2202,NULL,'2068-09',2068,9,'2068-09-01','2068-09-30',NULL,NULL,40718,0,NULL,1,0,0,1);
INSERT INTO `periods` VALUES (2203,NULL,'2068-10',2068,10,'2068-10-01','2068-10-31',NULL,NULL,40718,0,NULL,1,0,0,1),(2204,NULL,'2068-11',2068,11,'2068-11-01','2068-11-30',NULL,NULL,40718,0,NULL,1,0,0,1),(2205,NULL,'2068-12',2068,12,'2068-12-01','2068-12-31',NULL,NULL,40718,0,NULL,1,0,0,1),(2209,NULL,'2069-01',2069,1,'2069-01-01','2069-01-31',NULL,NULL,40718,0,NULL,1,0,0,1),(2210,NULL,'2069-02',2069,2,'2069-02-01','2069-02-28',NULL,NULL,40718,0,NULL,1,0,0,1),(2211,NULL,'2069-03',2069,3,'2069-03-01','2069-03-31',NULL,NULL,40718,0,NULL,1,0,0,1),(2212,NULL,'2069-04',2069,4,'2069-04-01','2069-04-30',NULL,NULL,40718,0,NULL,1,0,0,1),(2213,NULL,'2069-05',2069,5,'2069-05-01','2069-05-31',NULL,NULL,40718,0,NULL,1,0,0,1),(2214,NULL,'2069-06',2069,6,'2069-06-01','2069-06-30',NULL,NULL,40718,0,NULL,1,0,0,1),(2215,NULL,'2069-07',2069,7,'2069-07-01','2069-07-31',NULL,NULL,40718,0,NULL,1,0,0,1),(2216,NULL,'2069-08',2069,8,'2069-08-01','2069-08-31',NULL,NULL,40718,0,NULL,1,0,0,1),(2217,NULL,'2069-09',2069,9,'2069-09-01','2069-09-30',NULL,NULL,40718,0,NULL,1,0,0,1),(2218,NULL,'2069-10',2069,10,'2069-10-01','2069-10-31',NULL,NULL,40718,0,NULL,1,0,0,1),(2219,NULL,'2069-11',2069,11,'2069-11-01','2069-11-30',NULL,NULL,40718,0,NULL,1,0,0,1),(2220,NULL,'2069-12',2069,12,'2069-12-01','2069-12-31',NULL,NULL,40718,0,NULL,1,0,0,1),(2224,NULL,'2070-01',2070,1,'2070-01-01','2070-01-31',NULL,NULL,40718,0,NULL,1,0,0,1),(2225,NULL,'2070-02',2070,2,'2070-02-01','2070-02-28',NULL,NULL,40718,0,NULL,1,0,0,1),(2226,NULL,'2070-03',2070,3,'2070-03-01','2070-03-31',NULL,NULL,40718,0,NULL,1,0,0,1),(2227,NULL,'2070-04',2070,4,'2070-04-01','2070-04-30',NULL,NULL,40718,0,NULL,1,0,0,1),(2228,NULL,'2070-05',2070,5,'2070-05-01','2070-05-31',NULL,NULL,40718,0,NULL,1,0,0,1),(2229,NULL,'2070-06',2070,6,'2070-06-01','2070-06-30',NULL,NULL,40718,0,NULL,1,0,0,1),(2230,NULL,'2070-07',2070,7,'2070-07-01','2070-07-31',NULL,NULL,40718,0,NULL,1,0,0,1),(2231,NULL,'2070-08',2070,8,'2070-08-01','2070-08-31',NULL,NULL,40718,0,NULL,1,0,0,1),(2232,NULL,'2070-09',2070,9,'2070-09-01','2070-09-30',NULL,NULL,40718,0,NULL,1,0,0,1),(2233,NULL,'2070-10',2070,10,'2070-10-01','2070-10-31',NULL,NULL,40718,0,NULL,1,0,0,1),(2234,NULL,'2070-11',2070,11,'2070-11-01','2070-11-30',NULL,NULL,40718,0,NULL,1,0,0,1),(2235,NULL,'2070-12',2070,12,'2070-12-01','2070-12-31',NULL,NULL,40718,0,NULL,1,0,0,1),(2239,NULL,'2071-01',2071,1,'2071-01-01','2071-01-31',NULL,NULL,40718,0,NULL,1,0,0,1),(2240,NULL,'2071-02',2071,2,'2071-02-01','2071-02-28',NULL,NULL,40718,0,NULL,1,0,0,1),(2241,NULL,'2071-03',2071,3,'2071-03-01','2071-03-31',NULL,NULL,40718,0,NULL,1,0,0,1),(2242,NULL,'2071-04',2071,4,'2071-04-01','2071-04-30',NULL,NULL,40718,0,NULL,1,0,0,1),(2243,NULL,'2071-05',2071,5,'2071-05-01','2071-05-31',NULL,NULL,40718,0,NULL,1,0,0,1),(2244,NULL,'2071-06',2071,6,'2071-06-01','2071-06-30',NULL,NULL,40718,0,NULL,1,0,0,1),(2245,NULL,'2071-07',2071,7,'2071-07-01','2071-07-31',NULL,NULL,40718,0,NULL,1,0,0,1),(2246,NULL,'2071-08',2071,8,'2071-08-01','2071-08-31',NULL,NULL,40718,0,NULL,1,0,0,1),(2247,NULL,'2071-09',2071,9,'2071-09-01','2071-09-30',NULL,NULL,40718,0,NULL,1,0,0,1),(2248,NULL,'2071-10',2071,10,'2071-10-01','2071-10-31',NULL,NULL,40718,0,NULL,1,0,0,1),(2249,NULL,'2071-11',2071,11,'2071-11-01','2071-11-30',NULL,NULL,40718,0,NULL,1,0,0,1),(2250,NULL,'2071-12',2071,12,'2071-12-01','2071-12-31',NULL,NULL,40718,0,NULL,1,0,0,1),(2254,NULL,'2072-01',2072,1,'2072-01-01','2072-01-31',NULL,NULL,40718,0,NULL,1,0,0,1),(2255,NULL,'2072-02',2072,2,'2072-02-01','2072-02-28',NULL,NULL,40718,0,NULL,1,0,0,1),(2256,NULL,'2072-03',2072,3,'2072-03-01','2072-03-31',NULL,NULL,40718,0,NULL,1,0,0,1),(2257,NULL,'2072-04',2072,4,'2072-04-01','2072-04-30',NULL,NULL,40718,0,NULL,1,0,0,1),(2258,NULL,'2072-05',2072,5,'2072-05-01','2072-05-31',NULL,NULL,40718,0,NULL,1,0,0,1),(2259,NULL,'2072-06',2072,6,'2072-06-01','2072-06-30',NULL,NULL,40718,0,NULL,1,0,0,1),(2260,NULL,'2072-07',2072,7,'2072-07-01','2072-07-31',NULL,NULL,40718,0,NULL,1,0,0,1);
INSERT INTO `periods` VALUES (2261,NULL,'2072-08',2072,8,'2072-08-01','2072-08-31',NULL,NULL,40718,0,NULL,1,0,0,1),(2262,NULL,'2072-09',2072,9,'2072-09-01','2072-09-30',NULL,NULL,40718,0,NULL,1,0,0,1),(2263,NULL,'2072-10',2072,10,'2072-10-01','2072-10-31',NULL,NULL,40718,0,NULL,1,0,0,1),(2264,NULL,'2072-11',2072,11,'2072-11-01','2072-11-30',NULL,NULL,40718,0,NULL,1,0,0,1),(2265,NULL,'2072-12',2072,12,'2072-12-01','2072-12-31',NULL,NULL,40718,0,NULL,1,0,0,1),(2269,NULL,'2073-01',2073,1,'2073-01-01','2073-01-31',NULL,NULL,40718,0,NULL,1,0,0,1),(2270,NULL,'2073-02',2073,2,'2073-02-01','2073-02-28',NULL,NULL,40718,0,NULL,1,0,0,1),(2271,NULL,'2073-03',2073,3,'2073-03-01','2073-03-31',NULL,NULL,40718,0,NULL,1,0,0,1),(2272,NULL,'2073-04',2073,4,'2073-04-01','2073-04-30',NULL,NULL,40718,0,NULL,1,0,0,1),(2273,NULL,'2073-05',2073,5,'2073-05-01','2073-05-31',NULL,NULL,40718,0,NULL,1,0,0,1),(2274,NULL,'2073-06',2073,6,'2073-06-01','2073-06-30',NULL,NULL,40718,0,NULL,1,0,0,1),(2275,NULL,'2073-07',2073,7,'2073-07-01','2073-07-31',NULL,NULL,40718,0,NULL,1,0,0,1),(2276,NULL,'2073-08',2073,8,'2073-08-01','2073-08-31',NULL,NULL,40718,0,NULL,1,0,0,1),(2277,NULL,'2073-09',2073,9,'2073-09-01','2073-09-30',NULL,NULL,40718,0,NULL,1,0,0,1),(2278,NULL,'2073-10',2073,10,'2073-10-01','2073-10-31',NULL,NULL,40718,0,NULL,1,0,0,1),(2279,NULL,'2073-11',2073,11,'2073-11-01','2073-11-30',NULL,NULL,40718,0,NULL,1,0,0,1),(2280,NULL,'2073-12',2073,12,'2073-12-01','2073-12-31',NULL,NULL,40718,0,NULL,1,0,0,1),(2284,NULL,'2074-01',2074,1,'2074-01-01','2074-01-31',NULL,NULL,40718,0,NULL,1,0,0,1),(2285,NULL,'2074-02',2074,2,'2074-02-01','2074-02-28',NULL,NULL,40718,0,NULL,1,0,0,1),(2286,NULL,'2074-03',2074,3,'2074-03-01','2074-03-31',NULL,NULL,40718,0,NULL,1,0,0,1),(2287,NULL,'2074-04',2074,4,'2074-04-01','2074-04-30',NULL,NULL,40718,0,NULL,1,0,0,1),(2288,NULL,'2074-05',2074,5,'2074-05-01','2074-05-31',NULL,NULL,40718,0,NULL,1,0,0,1),(2289,NULL,'2074-06',2074,6,'2074-06-01','2074-06-30',NULL,NULL,40718,0,NULL,1,0,0,1),(2290,NULL,'2074-07',2074,7,'2074-07-01','2074-07-31',NULL,NULL,40718,0,NULL,1,0,0,1),(2291,NULL,'2074-08',2074,8,'2074-08-01','2074-08-31',NULL,NULL,40718,0,NULL,1,0,0,1),(2292,NULL,'2074-09',2074,9,'2074-09-01','2074-09-30',NULL,NULL,40718,0,NULL,1,0,0,1),(2293,NULL,'2074-10',2074,10,'2074-10-01','2074-10-31',NULL,NULL,40718,0,NULL,1,0,0,1),(2294,NULL,'2074-11',2074,11,'2074-11-01','2074-11-30',NULL,NULL,40718,0,NULL,1,0,0,1),(2295,NULL,'2074-12',2074,12,'2074-12-01','2074-12-31',NULL,NULL,40718,0,NULL,1,0,0,1),(2299,NULL,'2075-01',2075,1,'2075-01-01','2075-01-31',NULL,NULL,40718,0,NULL,1,0,0,1),(2300,NULL,'2075-02',2075,2,'2075-02-01','2075-02-28',NULL,NULL,40718,0,NULL,1,0,0,1),(2301,NULL,'2075-03',2075,3,'2075-03-01','2075-03-31',NULL,NULL,40718,0,NULL,1,0,0,1),(2302,NULL,'2075-04',2075,4,'2075-04-01','2075-04-30',NULL,NULL,40718,0,NULL,1,0,0,1),(2303,NULL,'2075-05',2075,5,'2075-05-01','2075-05-31',NULL,NULL,40718,0,NULL,1,0,0,1),(2304,NULL,'2075-06',2075,6,'2075-06-01','2075-06-30',NULL,NULL,40718,0,NULL,1,0,0,1),(2305,NULL,'2075-07',2075,7,'2075-07-01','2075-07-31',NULL,NULL,40718,0,NULL,1,0,0,1),(2306,NULL,'2075-08',2075,8,'2075-08-01','2075-08-31',NULL,NULL,40718,0,NULL,1,0,0,1),(2307,NULL,'2075-09',2075,9,'2075-09-01','2075-09-30',NULL,NULL,40718,0,NULL,1,0,0,1),(2308,NULL,'2075-10',2075,10,'2075-10-01','2075-10-31',NULL,NULL,40718,0,NULL,1,0,0,1),(2309,NULL,'2075-11',2075,11,'2075-11-01','2075-11-30',NULL,NULL,40718,0,NULL,1,0,0,1),(2310,NULL,'2075-12',2075,12,'2075-12-01','2075-12-31',NULL,NULL,40718,0,NULL,1,0,0,1),(2314,NULL,'2076-01',2076,1,'2076-01-01','2076-01-31',NULL,NULL,40718,0,NULL,1,0,0,1),(2315,NULL,'2076-02',2076,2,'2076-02-01','2076-02-28',NULL,NULL,40718,0,NULL,1,0,0,1),(2316,NULL,'2076-03',2076,3,'2076-03-01','2076-03-31',NULL,NULL,40718,0,NULL,1,0,0,1),(2317,NULL,'2076-04',2076,4,'2076-04-01','2076-04-30',NULL,NULL,40718,0,NULL,1,0,0,1),(2318,NULL,'2076-05',2076,5,'2076-05-01','2076-05-31',NULL,NULL,40718,0,NULL,1,0,0,1);
INSERT INTO `periods` VALUES (2319,NULL,'2076-06',2076,6,'2076-06-01','2076-06-30',NULL,NULL,40718,0,NULL,1,0,0,1),(2320,NULL,'2076-07',2076,7,'2076-07-01','2076-07-31',NULL,NULL,40718,0,NULL,1,0,0,1),(2321,NULL,'2076-08',2076,8,'2076-08-01','2076-08-31',NULL,NULL,40718,0,NULL,1,0,0,1),(2322,NULL,'2076-09',2076,9,'2076-09-01','2076-09-30',NULL,NULL,40718,0,NULL,1,0,0,1),(2323,NULL,'2076-10',2076,10,'2076-10-01','2076-10-31',NULL,NULL,40718,0,NULL,1,0,0,1),(2324,NULL,'2076-11',2076,11,'2076-11-01','2076-11-30',NULL,NULL,40718,0,NULL,1,0,0,1),(2325,NULL,'2076-12',2076,12,'2076-12-01','2076-12-31',NULL,NULL,40718,0,NULL,1,0,0,1),(2329,NULL,'2077-01',2077,1,'2077-01-01','2077-01-31',NULL,NULL,40718,0,NULL,1,0,0,1),(2330,NULL,'2077-02',2077,2,'2077-02-01','2077-02-28',NULL,NULL,40718,0,NULL,1,0,0,1),(2331,NULL,'2077-03',2077,3,'2077-03-01','2077-03-31',NULL,NULL,40718,0,NULL,1,0,0,1),(2332,NULL,'2077-04',2077,4,'2077-04-01','2077-04-30',NULL,NULL,40718,0,NULL,1,0,0,1),(2333,NULL,'2077-05',2077,5,'2077-05-01','2077-05-31',NULL,NULL,40718,0,NULL,1,0,0,1),(2334,NULL,'2077-06',2077,6,'2077-06-01','2077-06-30',NULL,NULL,40718,0,NULL,1,0,0,1),(2335,NULL,'2077-07',2077,7,'2077-07-01','2077-07-31',NULL,NULL,40718,0,NULL,1,0,0,1),(2336,NULL,'2077-08',2077,8,'2077-08-01','2077-08-31',NULL,NULL,40718,0,NULL,1,0,0,1),(2337,NULL,'2077-09',2077,9,'2077-09-01','2077-09-30',NULL,NULL,40718,0,NULL,1,0,0,1),(2338,NULL,'2077-10',2077,10,'2077-10-01','2077-10-31',NULL,NULL,40718,0,NULL,1,0,0,1),(2339,NULL,'2077-11',2077,11,'2077-11-01','2077-11-30',NULL,NULL,40718,0,NULL,1,0,0,1),(2340,NULL,'2077-12',2077,12,'2077-12-01','2077-12-31',NULL,NULL,40718,0,NULL,1,0,0,1),(2344,NULL,'2078-01',2078,1,'2078-01-01','2078-01-31',NULL,NULL,40718,0,NULL,1,0,0,1),(2345,NULL,'2078-02',2078,2,'2078-02-01','2078-02-28',NULL,NULL,40718,0,NULL,1,0,0,1),(2346,NULL,'2078-03',2078,3,'2078-03-01','2078-03-31',NULL,NULL,40718,0,NULL,1,0,0,1),(2347,NULL,'2078-04',2078,4,'2078-04-01','2078-04-30',NULL,NULL,40718,0,NULL,1,0,0,1),(2348,NULL,'2078-05',2078,5,'2078-05-01','2078-05-31',NULL,NULL,40718,0,NULL,1,0,0,1),(2349,NULL,'2078-06',2078,6,'2078-06-01','2078-06-30',NULL,NULL,40718,0,NULL,1,0,0,1),(2350,NULL,'2078-07',2078,7,'2078-07-01','2078-07-31',NULL,NULL,40718,0,NULL,1,0,0,1),(2351,NULL,'2078-08',2078,8,'2078-08-01','2078-08-31',NULL,NULL,40718,0,NULL,1,0,0,1),(2352,NULL,'2078-09',2078,9,'2078-09-01','2078-09-30',NULL,NULL,40718,0,NULL,1,0,0,1),(2353,NULL,'2078-10',2078,10,'2078-10-01','2078-10-31',NULL,NULL,40718,0,NULL,1,0,0,1),(2354,NULL,'2078-11',2078,11,'2078-11-01','2078-11-30',NULL,NULL,40718,0,NULL,1,0,0,1),(2355,NULL,'2078-12',2078,12,'2078-12-01','2078-12-31',NULL,NULL,40718,0,NULL,1,0,0,1),(2359,NULL,'2079-01',2079,1,'2079-01-01','2079-01-31',NULL,NULL,40718,0,NULL,1,0,0,1),(2360,NULL,'2079-02',2079,2,'2079-02-01','2079-02-28',NULL,NULL,40718,0,NULL,1,0,0,1),(2361,NULL,'2079-03',2079,3,'2079-03-01','2079-03-31',NULL,NULL,40718,0,NULL,1,0,0,1),(2362,NULL,'2079-04',2079,4,'2079-04-01','2079-04-30',NULL,NULL,40718,0,NULL,1,0,0,1),(2363,NULL,'2079-05',2079,5,'2079-05-01','2079-05-31',NULL,NULL,40718,0,NULL,1,0,0,1),(2364,NULL,'2079-06',2079,6,'2079-06-01','2079-06-30',NULL,NULL,40718,0,NULL,1,0,0,1),(2365,NULL,'2079-07',2079,7,'2079-07-01','2079-07-31',NULL,NULL,40718,0,NULL,1,0,0,1),(2366,NULL,'2079-08',2079,8,'2079-08-01','2079-08-31',NULL,NULL,40718,0,NULL,1,0,0,1),(2367,NULL,'2079-09',2079,9,'2079-09-01','2079-09-30',NULL,NULL,40718,0,NULL,1,0,0,1),(2368,NULL,'2079-10',2079,10,'2079-10-01','2079-10-31',NULL,NULL,40718,0,NULL,1,0,0,1),(2369,NULL,'2079-11',2079,11,'2079-11-01','2079-11-30',NULL,NULL,40718,0,NULL,1,0,0,1),(2370,NULL,'2079-12',2079,12,'2079-12-01','2079-12-31',NULL,NULL,40718,0,NULL,1,0,0,1),(2374,NULL,'2080-01',2080,1,'2080-01-01','2080-01-31',NULL,NULL,40718,0,NULL,1,0,0,1),(2375,NULL,'2080-02',2080,2,'2080-02-01','2080-02-28',NULL,NULL,40718,0,NULL,1,0,0,1),(2376,NULL,'2080-03',2080,3,'2080-03-01','2080-03-31',NULL,NULL,40718,0,NULL,1,0,0,1);
INSERT INTO `periods` VALUES (2377,NULL,'2080-04',2080,4,'2080-04-01','2080-04-30',NULL,NULL,40718,0,NULL,1,0,0,1),(2378,NULL,'2080-05',2080,5,'2080-05-01','2080-05-31',NULL,NULL,40718,0,NULL,1,0,0,1),(2379,NULL,'2080-06',2080,6,'2080-06-01','2080-06-30',NULL,NULL,40718,0,NULL,1,0,0,1),(2380,NULL,'2080-07',2080,7,'2080-07-01','2080-07-31',NULL,NULL,40718,0,NULL,1,0,0,1),(2381,NULL,'2080-08',2080,8,'2080-08-01','2080-08-31',NULL,NULL,40718,0,NULL,1,0,0,1),(2382,NULL,'2080-09',2080,9,'2080-09-01','2080-09-30',NULL,NULL,40718,0,NULL,1,0,0,1),(2383,NULL,'2080-10',2080,10,'2080-10-01','2080-10-31',NULL,NULL,40718,0,NULL,1,0,0,1),(2384,NULL,'2080-11',2080,11,'2080-11-01','2080-11-30',NULL,NULL,40718,0,NULL,1,0,0,1),(2385,NULL,'2080-12',2080,12,'2080-12-01','2080-12-31',NULL,NULL,40718,0,NULL,1,0,0,1),(2389,NULL,'2081-01',2081,1,'2081-01-01','2081-01-31',NULL,NULL,40718,0,NULL,1,0,0,1),(2390,NULL,'2081-02',2081,2,'2081-02-01','2081-02-28',NULL,NULL,40718,0,NULL,1,0,0,1),(2391,NULL,'2081-03',2081,3,'2081-03-01','2081-03-31',NULL,NULL,40718,0,NULL,1,0,0,1),(2392,NULL,'2081-04',2081,4,'2081-04-01','2081-04-30',NULL,NULL,40718,0,NULL,1,0,0,1),(2393,NULL,'2081-05',2081,5,'2081-05-01','2081-05-31',NULL,NULL,40718,0,NULL,1,0,0,1),(2394,NULL,'2081-06',2081,6,'2081-06-01','2081-06-30',NULL,NULL,40718,0,NULL,1,0,0,1),(2395,NULL,'2081-07',2081,7,'2081-07-01','2081-07-31',NULL,NULL,40718,0,NULL,1,0,0,1),(2396,NULL,'2081-08',2081,8,'2081-08-01','2081-08-31',NULL,NULL,40718,0,NULL,1,0,0,1),(2397,NULL,'2081-09',2081,9,'2081-09-01','2081-09-30',NULL,NULL,40718,0,NULL,1,0,0,1),(2398,NULL,'2081-10',2081,10,'2081-10-01','2081-10-31',NULL,NULL,40718,0,NULL,1,0,0,1),(2399,NULL,'2081-11',2081,11,'2081-11-01','2081-11-30',NULL,NULL,40718,0,NULL,1,0,0,1),(2400,NULL,'2081-12',2081,12,'2081-12-01','2081-12-31',NULL,NULL,40718,0,NULL,1,0,0,1),(2404,NULL,'2082-01',2082,1,'2082-01-01','2082-01-31',NULL,NULL,40718,0,NULL,1,0,0,1),(2405,NULL,'2082-02',2082,2,'2082-02-01','2082-02-28',NULL,NULL,40718,0,NULL,1,0,0,1),(2406,NULL,'2082-03',2082,3,'2082-03-01','2082-03-31',NULL,NULL,40718,0,NULL,1,0,0,1),(2407,NULL,'2082-04',2082,4,'2082-04-01','2082-04-30',NULL,NULL,40718,0,NULL,1,0,0,1),(2408,NULL,'2082-05',2082,5,'2082-05-01','2082-05-31',NULL,NULL,40718,0,NULL,1,0,0,1),(2409,NULL,'2082-06',2082,6,'2082-06-01','2082-06-30',NULL,NULL,40718,0,NULL,1,0,0,1),(2410,NULL,'2082-07',2082,7,'2082-07-01','2082-07-31',NULL,NULL,40718,0,NULL,1,0,0,1),(2411,NULL,'2082-08',2082,8,'2082-08-01','2082-08-31',NULL,NULL,40718,0,NULL,1,0,0,1),(2412,NULL,'2082-09',2082,9,'2082-09-01','2082-09-30',NULL,NULL,40718,0,NULL,1,0,0,1),(2413,NULL,'2082-10',2082,10,'2082-10-01','2082-10-31',NULL,NULL,40718,0,NULL,1,0,0,1),(2414,NULL,'2082-11',2082,11,'2082-11-01','2082-11-30',NULL,NULL,40718,0,NULL,1,0,0,1),(2415,NULL,'2082-12',2082,12,'2082-12-01','2082-12-31',NULL,NULL,40718,0,NULL,1,0,0,1),(2419,NULL,'2083-01',2083,1,'2083-01-01','2083-01-31',NULL,NULL,40718,0,NULL,1,0,0,1),(2420,NULL,'2083-02',2083,2,'2083-02-01','2083-02-28',NULL,NULL,40718,0,NULL,1,0,0,1),(2421,NULL,'2083-03',2083,3,'2083-03-01','2083-03-31',NULL,NULL,40718,0,NULL,1,0,0,1),(2422,NULL,'2083-04',2083,4,'2083-04-01','2083-04-30',NULL,NULL,40718,0,NULL,1,0,0,1),(2423,NULL,'2083-05',2083,5,'2083-05-01','2083-05-31',NULL,NULL,40718,0,NULL,1,0,0,1),(2424,NULL,'2083-06',2083,6,'2083-06-01','2083-06-30',NULL,NULL,40718,0,NULL,1,0,0,1),(2425,NULL,'2083-07',2083,7,'2083-07-01','2083-07-31',NULL,NULL,40718,0,NULL,1,0,0,1),(2426,NULL,'2083-08',2083,8,'2083-08-01','2083-08-31',NULL,NULL,40718,0,NULL,1,0,0,1),(2427,NULL,'2083-09',2083,9,'2083-09-01','2083-09-30',NULL,NULL,40718,0,NULL,1,0,0,1),(2428,NULL,'2083-10',2083,10,'2083-10-01','2083-10-31',NULL,NULL,40718,0,NULL,1,0,0,1),(2429,NULL,'2083-11',2083,11,'2083-11-01','2083-11-30',NULL,NULL,40718,0,NULL,1,0,0,1),(2430,NULL,'2083-12',2083,12,'2083-12-01','2083-12-31',NULL,NULL,40718,0,NULL,1,0,0,1),(2434,NULL,'2084-01',2084,1,'2084-01-01','2084-01-31',NULL,NULL,40718,0,NULL,1,0,0,1);
INSERT INTO `periods` VALUES (2435,NULL,'2084-02',2084,2,'2084-02-01','2084-02-28',NULL,NULL,40718,0,NULL,1,0,0,1),(2436,NULL,'2084-03',2084,3,'2084-03-01','2084-03-31',NULL,NULL,40718,0,NULL,1,0,0,1),(2437,NULL,'2084-04',2084,4,'2084-04-01','2084-04-30',NULL,NULL,40718,0,NULL,1,0,0,1),(2438,NULL,'2084-05',2084,5,'2084-05-01','2084-05-31',NULL,NULL,40718,0,NULL,1,0,0,1),(2439,NULL,'2084-06',2084,6,'2084-06-01','2084-06-30',NULL,NULL,40718,0,NULL,1,0,0,1),(2440,NULL,'2084-07',2084,7,'2084-07-01','2084-07-31',NULL,NULL,40718,0,NULL,1,0,0,1),(2441,NULL,'2084-08',2084,8,'2084-08-01','2084-08-31',NULL,NULL,40718,0,NULL,1,0,0,1),(2442,NULL,'2084-09',2084,9,'2084-09-01','2084-09-30',NULL,NULL,40718,0,NULL,1,0,0,1),(2443,NULL,'2084-10',2084,10,'2084-10-01','2084-10-31',NULL,NULL,40718,0,NULL,1,0,0,1),(2444,NULL,'2084-11',2084,11,'2084-11-01','2084-11-30',NULL,NULL,40718,0,NULL,1,0,0,1),(2445,NULL,'2084-12',2084,12,'2084-12-01','2084-12-31',NULL,NULL,40718,0,NULL,1,0,0,1),(2449,NULL,'2085-01',2085,1,'2085-01-01','2085-01-31',NULL,NULL,40718,0,NULL,1,0,0,1),(2450,NULL,'2085-02',2085,2,'2085-02-01','2085-02-28',NULL,NULL,40718,0,NULL,1,0,0,1),(2451,NULL,'2085-03',2085,3,'2085-03-01','2085-03-31',NULL,NULL,40718,0,NULL,1,0,0,1),(2452,NULL,'2085-04',2085,4,'2085-04-01','2085-04-30',NULL,NULL,40718,0,NULL,1,0,0,1),(2453,NULL,'2085-05',2085,5,'2085-05-01','2085-05-31',NULL,NULL,40718,0,NULL,1,0,0,1),(2454,NULL,'2085-06',2085,6,'2085-06-01','2085-06-30',NULL,NULL,40718,0,NULL,1,0,0,1),(2455,NULL,'2085-07',2085,7,'2085-07-01','2085-07-31',NULL,NULL,40718,0,NULL,1,0,0,1),(2456,NULL,'2085-08',2085,8,'2085-08-01','2085-08-31',NULL,NULL,40718,0,NULL,1,0,0,1),(2457,NULL,'2085-09',2085,9,'2085-09-01','2085-09-30',NULL,NULL,40718,0,NULL,1,0,0,1),(2458,NULL,'2085-10',2085,10,'2085-10-01','2085-10-31',NULL,NULL,40718,0,NULL,1,0,0,1),(2459,NULL,'2085-11',2085,11,'2085-11-01','2085-11-30',NULL,NULL,40718,0,NULL,1,0,0,1),(2460,NULL,'2085-12',2085,12,'2085-12-01','2085-12-31',NULL,NULL,40718,0,NULL,1,0,0,1),(2464,NULL,'2086-01',2086,1,'2086-01-01','2086-01-31',NULL,NULL,40718,0,NULL,1,0,0,1),(2465,NULL,'2086-02',2086,2,'2086-02-01','2086-02-28',NULL,NULL,40718,0,NULL,1,0,0,1),(2466,NULL,'2086-03',2086,3,'2086-03-01','2086-03-31',NULL,NULL,40718,0,NULL,1,0,0,1),(2467,NULL,'2086-04',2086,4,'2086-04-01','2086-04-30',NULL,NULL,40718,0,NULL,1,0,0,1),(2468,NULL,'2086-05',2086,5,'2086-05-01','2086-05-31',NULL,NULL,40718,0,NULL,1,0,0,1),(2469,NULL,'2086-06',2086,6,'2086-06-01','2086-06-30',NULL,NULL,40718,0,NULL,1,0,0,1),(2470,NULL,'2086-07',2086,7,'2086-07-01','2086-07-31',NULL,NULL,40718,0,NULL,1,0,0,1),(2471,NULL,'2086-08',2086,8,'2086-08-01','2086-08-31',NULL,NULL,40718,0,NULL,1,0,0,1),(2472,NULL,'2086-09',2086,9,'2086-09-01','2086-09-30',NULL,NULL,40718,0,NULL,1,0,0,1),(2473,NULL,'2086-10',2086,10,'2086-10-01','2086-10-31',NULL,NULL,40718,0,NULL,1,0,0,1),(2474,NULL,'2086-11',2086,11,'2086-11-01','2086-11-30',NULL,NULL,40718,0,NULL,1,0,0,1),(2475,NULL,'2086-12',2086,12,'2086-12-01','2086-12-31',NULL,NULL,40718,0,NULL,1,0,0,1),(2479,NULL,'2087-01',2087,1,'2087-01-01','2087-01-31',NULL,NULL,40718,0,NULL,1,0,0,1),(2480,NULL,'2087-02',2087,2,'2087-02-01','2087-02-28',NULL,NULL,40718,0,NULL,1,0,0,1),(2481,NULL,'2087-03',2087,3,'2087-03-01','2087-03-31',NULL,NULL,40718,0,NULL,1,0,0,1),(2482,NULL,'2087-04',2087,4,'2087-04-01','2087-04-30',NULL,NULL,40718,0,NULL,1,0,0,1),(2483,NULL,'2087-05',2087,5,'2087-05-01','2087-05-31',NULL,NULL,40718,0,NULL,1,0,0,1),(2484,NULL,'2087-06',2087,6,'2087-06-01','2087-06-30',NULL,NULL,40718,0,NULL,1,0,0,1),(2485,NULL,'2087-07',2087,7,'2087-07-01','2087-07-31',NULL,NULL,40718,0,NULL,1,0,0,1),(2486,NULL,'2087-08',2087,8,'2087-08-01','2087-08-31',NULL,NULL,40718,0,NULL,1,0,0,1),(2487,NULL,'2087-09',2087,9,'2087-09-01','2087-09-30',NULL,NULL,40718,0,NULL,1,0,0,1),(2488,NULL,'2087-10',2087,10,'2087-10-01','2087-10-31',NULL,NULL,40718,0,NULL,1,0,0,1),(2489,NULL,'2087-11',2087,11,'2087-11-01','2087-11-30',NULL,NULL,40718,0,NULL,1,0,0,1);
INSERT INTO `periods` VALUES (2490,NULL,'2087-12',2087,12,'2087-12-01','2087-12-31',NULL,NULL,40718,0,NULL,1,0,0,1),(2494,NULL,'2088-01',2088,1,'2088-01-01','2088-01-31',NULL,NULL,40718,0,NULL,1,0,0,1),(2495,NULL,'2088-02',2088,2,'2088-02-01','2088-02-28',NULL,NULL,40718,0,NULL,1,0,0,1),(2496,NULL,'2088-03',2088,3,'2088-03-01','2088-03-31',NULL,NULL,40718,0,NULL,1,0,0,1),(2497,NULL,'2088-04',2088,4,'2088-04-01','2088-04-30',NULL,NULL,40718,0,NULL,1,0,0,1),(2498,NULL,'2088-05',2088,5,'2088-05-01','2088-05-31',NULL,NULL,40718,0,NULL,1,0,0,1),(2499,NULL,'2088-06',2088,6,'2088-06-01','2088-06-30',NULL,NULL,40718,0,NULL,1,0,0,1),(2500,NULL,'2088-07',2088,7,'2088-07-01','2088-07-31',NULL,NULL,40718,0,NULL,1,0,0,1),(2501,NULL,'2088-08',2088,8,'2088-08-01','2088-08-31',NULL,NULL,40718,0,NULL,1,0,0,1),(2502,NULL,'2088-09',2088,9,'2088-09-01','2088-09-30',NULL,NULL,40718,0,NULL,1,0,0,1),(2503,NULL,'2088-10',2088,10,'2088-10-01','2088-10-31',NULL,NULL,40718,0,NULL,1,0,0,1),(2504,NULL,'2088-11',2088,11,'2088-11-01','2088-11-30',NULL,NULL,40718,0,NULL,1,0,0,1),(2505,NULL,'2088-12',2088,12,'2088-12-01','2088-12-31',NULL,NULL,40718,0,NULL,1,0,0,1),(2509,NULL,'2089-01',2089,1,'2089-01-01','2089-01-31',NULL,NULL,40718,0,NULL,1,0,0,1),(2510,NULL,'2089-02',2089,2,'2089-02-01','2089-02-28',NULL,NULL,40718,0,NULL,1,0,0,1),(2511,NULL,'2089-03',2089,3,'2089-03-01','2089-03-31',NULL,NULL,40718,0,NULL,1,0,0,1),(2512,NULL,'2089-04',2089,4,'2089-04-01','2089-04-30',NULL,NULL,40718,0,NULL,1,0,0,1),(2513,NULL,'2089-05',2089,5,'2089-05-01','2089-05-31',NULL,NULL,40718,0,NULL,1,0,0,1),(2514,NULL,'2089-06',2089,6,'2089-06-01','2089-06-30',NULL,NULL,40718,0,NULL,1,0,0,1),(2515,NULL,'2089-07',2089,7,'2089-07-01','2089-07-31',NULL,NULL,40718,0,NULL,1,0,0,1),(2516,NULL,'2089-08',2089,8,'2089-08-01','2089-08-31',NULL,NULL,40718,0,NULL,1,0,0,1),(2517,NULL,'2089-09',2089,9,'2089-09-01','2089-09-30',NULL,NULL,40718,0,NULL,1,0,0,1),(2518,NULL,'2089-10',2089,10,'2089-10-01','2089-10-31',NULL,NULL,40718,0,NULL,1,0,0,1),(2519,NULL,'2089-11',2089,11,'2089-11-01','2089-11-30',NULL,NULL,40718,0,NULL,1,0,0,1),(2520,NULL,'2089-12',2089,12,'2089-12-01','2089-12-31',NULL,NULL,40718,0,NULL,1,0,0,1),(2524,NULL,'2090-01',2090,1,'2090-01-01','2090-01-31',NULL,NULL,40718,0,NULL,1,0,0,1),(2525,NULL,'2090-02',2090,2,'2090-02-01','2090-02-28',NULL,NULL,40718,0,NULL,1,0,0,1),(2526,NULL,'2090-03',2090,3,'2090-03-01','2090-03-31',NULL,NULL,40718,0,NULL,1,0,0,1),(2527,NULL,'2090-04',2090,4,'2090-04-01','2090-04-30',NULL,NULL,40718,0,NULL,1,0,0,1),(2528,NULL,'2090-05',2090,5,'2090-05-01','2090-05-31',NULL,NULL,40718,0,NULL,1,0,0,1),(2529,NULL,'2090-06',2090,6,'2090-06-01','2090-06-30',NULL,NULL,40718,0,NULL,1,0,0,1),(2530,NULL,'2090-07',2090,7,'2090-07-01','2090-07-31',NULL,NULL,40718,0,NULL,1,0,0,1),(2531,NULL,'2090-08',2090,8,'2090-08-01','2090-08-31',NULL,NULL,40718,0,NULL,1,0,0,1),(2532,NULL,'2090-09',2090,9,'2090-09-01','2090-09-30',NULL,NULL,40718,0,NULL,1,0,0,1),(2533,NULL,'2090-10',2090,10,'2090-10-01','2090-10-31',NULL,NULL,40718,0,NULL,1,0,0,1),(2534,NULL,'2090-11',2090,11,'2090-11-01','2090-11-30',NULL,NULL,40718,0,NULL,1,0,0,1),(2535,NULL,'2090-12',2090,12,'2090-12-01','2090-12-31',NULL,NULL,40718,0,NULL,1,0,0,1),(2539,NULL,'2091-01',2091,1,'2091-01-01','2091-01-31',NULL,NULL,40718,0,NULL,1,0,0,1),(2540,NULL,'2091-02',2091,2,'2091-02-01','2091-02-28',NULL,NULL,40718,0,NULL,1,0,0,1),(2541,NULL,'2091-03',2091,3,'2091-03-01','2091-03-31',NULL,NULL,40718,0,NULL,1,0,0,1),(2542,NULL,'2091-04',2091,4,'2091-04-01','2091-04-30',NULL,NULL,40718,0,NULL,1,0,0,1),(2543,NULL,'2091-05',2091,5,'2091-05-01','2091-05-31',NULL,NULL,40718,0,NULL,1,0,0,1),(2544,NULL,'2091-06',2091,6,'2091-06-01','2091-06-30',NULL,NULL,40718,0,NULL,1,0,0,1),(2545,NULL,'2091-07',2091,7,'2091-07-01','2091-07-31',NULL,NULL,40718,0,NULL,1,0,0,1),(2546,NULL,'2091-08',2091,8,'2091-08-01','2091-08-31',NULL,NULL,40718,0,NULL,1,0,0,1),(2547,NULL,'2091-09',2091,9,'2091-09-01','2091-09-30',NULL,NULL,40718,0,NULL,1,0,0,1);
INSERT INTO `periods` VALUES (2548,NULL,'2091-10',2091,10,'2091-10-01','2091-10-31',NULL,NULL,40718,0,NULL,1,0,0,1),(2549,NULL,'2091-11',2091,11,'2091-11-01','2091-11-30',NULL,NULL,40718,0,NULL,1,0,0,1),(2550,NULL,'2091-12',2091,12,'2091-12-01','2091-12-31',NULL,NULL,40718,0,NULL,1,0,0,1),(2554,NULL,'2092-01',2092,1,'2092-01-01','2092-01-31',NULL,NULL,40718,0,NULL,1,0,0,1),(2555,NULL,'2092-02',2092,2,'2092-02-01','2092-02-28',NULL,NULL,40718,0,NULL,1,0,0,1),(2556,NULL,'2092-03',2092,3,'2092-03-01','2092-03-31',NULL,NULL,40718,0,NULL,1,0,0,1),(2557,NULL,'2092-04',2092,4,'2092-04-01','2092-04-30',NULL,NULL,40718,0,NULL,1,0,0,1),(2558,NULL,'2092-05',2092,5,'2092-05-01','2092-05-31',NULL,NULL,40718,0,NULL,1,0,0,1),(2559,NULL,'2092-06',2092,6,'2092-06-01','2092-06-30',NULL,NULL,40718,0,NULL,1,0,0,1),(2560,NULL,'2092-07',2092,7,'2092-07-01','2092-07-31',NULL,NULL,40718,0,NULL,1,0,0,1),(2561,NULL,'2092-08',2092,8,'2092-08-01','2092-08-31',NULL,NULL,40718,0,NULL,1,0,0,1),(2562,NULL,'2092-09',2092,9,'2092-09-01','2092-09-30',NULL,NULL,40718,0,NULL,1,0,0,1),(2563,NULL,'2092-10',2092,10,'2092-10-01','2092-10-31',NULL,NULL,40718,0,NULL,1,0,0,1),(2564,NULL,'2092-11',2092,11,'2092-11-01','2092-11-30',NULL,NULL,40718,0,NULL,1,0,0,1),(2565,NULL,'2092-12',2092,12,'2092-12-01','2092-12-31',NULL,NULL,40718,0,NULL,1,0,0,1),(2569,NULL,'2093-01',2093,1,'2093-01-01','2093-01-31',NULL,NULL,40718,0,NULL,1,0,0,1),(2570,NULL,'2093-02',2093,2,'2093-02-01','2093-02-28',NULL,NULL,40718,0,NULL,1,0,0,1),(2571,NULL,'2093-03',2093,3,'2093-03-01','2093-03-31',NULL,NULL,40718,0,NULL,1,0,0,1),(2572,NULL,'2093-04',2093,4,'2093-04-01','2093-04-30',NULL,NULL,40718,0,NULL,1,0,0,1),(2573,NULL,'2093-05',2093,5,'2093-05-01','2093-05-31',NULL,NULL,40718,0,NULL,1,0,0,1),(2574,NULL,'2093-06',2093,6,'2093-06-01','2093-06-30',NULL,NULL,40718,0,NULL,1,0,0,1),(2575,NULL,'2093-07',2093,7,'2093-07-01','2093-07-31',NULL,NULL,40718,0,NULL,1,0,0,1),(2576,NULL,'2093-08',2093,8,'2093-08-01','2093-08-31',NULL,NULL,40718,0,NULL,1,0,0,1),(2577,NULL,'2093-09',2093,9,'2093-09-01','2093-09-30',NULL,NULL,40718,0,NULL,1,0,0,1),(2578,NULL,'2093-10',2093,10,'2093-10-01','2093-10-31',NULL,NULL,40718,0,NULL,1,0,0,1),(2579,NULL,'2093-11',2093,11,'2093-11-01','2093-11-30',NULL,NULL,40718,0,NULL,1,0,0,1),(2580,NULL,'2093-12',2093,12,'2093-12-01','2093-12-31',NULL,NULL,40718,0,NULL,1,0,0,1),(2584,NULL,'2094-01',2094,1,'2094-01-01','2094-01-31',NULL,NULL,40718,0,NULL,1,0,0,1),(2585,NULL,'2094-02',2094,2,'2094-02-01','2094-02-28',NULL,NULL,40718,0,NULL,1,0,0,1),(2586,NULL,'2094-03',2094,3,'2094-03-01','2094-03-31',NULL,NULL,40718,0,NULL,1,0,0,1),(2587,NULL,'2094-04',2094,4,'2094-04-01','2094-04-30',NULL,NULL,40718,0,NULL,1,0,0,1),(2588,NULL,'2094-05',2094,5,'2094-05-01','2094-05-31',NULL,NULL,40718,0,NULL,1,0,0,1),(2589,NULL,'2094-06',2094,6,'2094-06-01','2094-06-30',NULL,NULL,40718,0,NULL,1,0,0,1),(2590,NULL,'2094-07',2094,7,'2094-07-01','2094-07-31',NULL,NULL,40718,0,NULL,1,0,0,1),(2591,NULL,'2094-08',2094,8,'2094-08-01','2094-08-31',NULL,NULL,40718,0,NULL,1,0,0,1),(2592,NULL,'2094-09',2094,9,'2094-09-01','2094-09-30',NULL,NULL,40718,0,NULL,1,0,0,1),(2593,NULL,'2094-10',2094,10,'2094-10-01','2094-10-31',NULL,NULL,40718,0,NULL,1,0,0,1),(2594,NULL,'2094-11',2094,11,'2094-11-01','2094-11-30',NULL,NULL,40718,0,NULL,1,0,0,1),(2595,NULL,'2094-12',2094,12,'2094-12-01','2094-12-31',NULL,NULL,40718,0,NULL,1,0,0,1),(2599,NULL,'2095-01',2095,1,'2095-01-01','2095-01-31',NULL,NULL,40718,0,NULL,1,0,0,1),(2600,NULL,'2095-02',2095,2,'2095-02-01','2095-02-28',NULL,NULL,40718,0,NULL,1,0,0,1),(2601,NULL,'2095-03',2095,3,'2095-03-01','2095-03-31',NULL,NULL,40718,0,NULL,1,0,0,1),(2602,NULL,'2095-04',2095,4,'2095-04-01','2095-04-30',NULL,NULL,40718,0,NULL,1,0,0,1),(2603,NULL,'2095-05',2095,5,'2095-05-01','2095-05-31',NULL,NULL,40718,0,NULL,1,0,0,1),(2604,NULL,'2095-06',2095,6,'2095-06-01','2095-06-30',NULL,NULL,40718,0,NULL,1,0,0,1),(2605,NULL,'2095-07',2095,7,'2095-07-01','2095-07-31',NULL,NULL,40718,0,NULL,1,0,0,1);
INSERT INTO `periods` VALUES (2606,NULL,'2095-08',2095,8,'2095-08-01','2095-08-31',NULL,NULL,40718,0,NULL,1,0,0,1),(2607,NULL,'2095-09',2095,9,'2095-09-01','2095-09-30',NULL,NULL,40718,0,NULL,1,0,0,1),(2608,NULL,'2095-10',2095,10,'2095-10-01','2095-10-31',NULL,NULL,40718,0,NULL,1,0,0,1),(2609,NULL,'2095-11',2095,11,'2095-11-01','2095-11-30',NULL,NULL,40718,0,NULL,1,0,0,1),(2610,NULL,'2095-12',2095,12,'2095-12-01','2095-12-31',NULL,NULL,40718,0,NULL,1,0,0,1),(2614,NULL,'2096-01',2096,1,'2096-01-01','2096-01-31',NULL,NULL,40718,0,NULL,1,0,0,1),(2615,NULL,'2096-02',2096,2,'2096-02-01','2096-02-28',NULL,NULL,40718,0,NULL,1,0,0,1),(2616,NULL,'2096-03',2096,3,'2096-03-01','2096-03-31',NULL,NULL,40718,0,NULL,1,0,0,1),(2617,NULL,'2096-04',2096,4,'2096-04-01','2096-04-30',NULL,NULL,40718,0,NULL,1,0,0,1),(2618,NULL,'2096-05',2096,5,'2096-05-01','2096-05-31',NULL,NULL,40718,0,NULL,1,0,0,1),(2619,NULL,'2096-06',2096,6,'2096-06-01','2096-06-30',NULL,NULL,40718,0,NULL,1,0,0,1),(2620,NULL,'2096-07',2096,7,'2096-07-01','2096-07-31',NULL,NULL,40718,0,NULL,1,0,0,1),(2621,NULL,'2096-08',2096,8,'2096-08-01','2096-08-31',NULL,NULL,40718,0,NULL,1,0,0,1),(2622,NULL,'2096-09',2096,9,'2096-09-01','2096-09-30',NULL,NULL,40718,0,NULL,1,0,0,1),(2623,NULL,'2096-10',2096,10,'2096-10-01','2096-10-31',NULL,NULL,40718,0,NULL,1,0,0,1),(2624,NULL,'2096-11',2096,11,'2096-11-01','2096-11-30',NULL,NULL,40718,0,NULL,1,0,0,1),(2625,NULL,'2096-12',2096,12,'2096-12-01','2096-12-31',NULL,NULL,40718,0,NULL,1,0,0,1),(2629,NULL,'2097-01',2097,1,'2097-01-01','2097-01-31',NULL,NULL,40718,0,NULL,1,0,0,1),(2630,NULL,'2097-02',2097,2,'2097-02-01','2097-02-28',NULL,NULL,40718,0,NULL,1,0,0,1),(2631,NULL,'2097-03',2097,3,'2097-03-01','2097-03-31',NULL,NULL,40718,0,NULL,1,0,0,1),(2632,NULL,'2097-04',2097,4,'2097-04-01','2097-04-30',NULL,NULL,40718,0,NULL,1,0,0,1),(2633,NULL,'2097-05',2097,5,'2097-05-01','2097-05-31',NULL,NULL,40718,0,NULL,1,0,0,1),(2634,NULL,'2097-06',2097,6,'2097-06-01','2097-06-30',NULL,NULL,40718,0,NULL,1,0,0,1),(2635,NULL,'2097-07',2097,7,'2097-07-01','2097-07-31',NULL,NULL,40718,0,NULL,1,0,0,1),(2636,NULL,'2097-08',2097,8,'2097-08-01','2097-08-31',NULL,NULL,40718,0,NULL,1,0,0,1),(2637,NULL,'2097-09',2097,9,'2097-09-01','2097-09-30',NULL,NULL,40718,0,NULL,1,0,0,1),(2638,NULL,'2097-10',2097,10,'2097-10-01','2097-10-31',NULL,NULL,40718,0,NULL,1,0,0,1),(2639,NULL,'2097-11',2097,11,'2097-11-01','2097-11-30',NULL,NULL,40718,0,NULL,1,0,0,1),(2640,NULL,'2097-12',2097,12,'2097-12-01','2097-12-31',NULL,NULL,40718,0,NULL,1,0,0,1),(2644,NULL,'2098-01',2098,1,'2098-01-01','2098-01-31',NULL,NULL,40718,0,NULL,1,0,0,1),(2645,NULL,'2098-02',2098,2,'2098-02-01','2098-02-28',NULL,NULL,40718,0,NULL,1,0,0,1),(2646,NULL,'2098-03',2098,3,'2098-03-01','2098-03-31',NULL,NULL,40718,0,NULL,1,0,0,1),(2647,NULL,'2098-04',2098,4,'2098-04-01','2098-04-30',NULL,NULL,40718,0,NULL,1,0,0,1),(2648,NULL,'2098-05',2098,5,'2098-05-01','2098-05-31',NULL,NULL,40718,0,NULL,1,0,0,1),(2649,NULL,'2098-06',2098,6,'2098-06-01','2098-06-30',NULL,NULL,40718,0,NULL,1,0,0,1),(2650,NULL,'2098-07',2098,7,'2098-07-01','2098-07-31',NULL,NULL,40718,0,NULL,1,0,0,1),(2651,NULL,'2098-08',2098,8,'2098-08-01','2098-08-31',NULL,NULL,40718,0,NULL,1,0,0,1),(2652,NULL,'2098-09',2098,9,'2098-09-01','2098-09-30',NULL,NULL,40718,0,NULL,1,0,0,1),(2653,NULL,'2098-10',2098,10,'2098-10-01','2098-10-31',NULL,NULL,40718,0,NULL,1,0,0,1),(2654,NULL,'2098-11',2098,11,'2098-11-01','2098-11-30',NULL,NULL,40718,0,NULL,1,0,0,1),(2655,NULL,'2098-12',2098,12,'2098-12-01','2098-12-31',NULL,NULL,40718,0,NULL,1,0,0,1),(2659,NULL,'2099-01',2099,1,'2099-01-01','2099-01-31',NULL,NULL,40718,0,NULL,1,0,0,1),(2660,NULL,'2099-02',2099,2,'2099-02-01','2099-02-28',NULL,NULL,40718,0,NULL,1,0,0,1),(2661,NULL,'2099-03',2099,3,'2099-03-01','2099-03-31',NULL,NULL,40718,0,NULL,1,0,0,1),(2662,NULL,'2099-04',2099,4,'2099-04-01','2099-04-30',NULL,NULL,40718,0,NULL,1,0,0,1),(2663,NULL,'2099-05',2099,5,'2099-05-01','2099-05-31',NULL,NULL,40718,0,NULL,1,0,0,1);
INSERT INTO `periods` VALUES (2664,NULL,'2099-06',2099,6,'2099-06-01','2099-06-30',NULL,NULL,40718,0,NULL,1,0,0,1),(2665,NULL,'2099-07',2099,7,'2099-07-01','2099-07-31',NULL,NULL,40718,0,NULL,1,0,0,1),(2666,NULL,'2099-08',2099,8,'2099-08-01','2099-08-31',NULL,NULL,40718,0,NULL,1,0,0,1),(2667,NULL,'2099-09',2099,9,'2099-09-01','2099-09-30',NULL,NULL,40718,0,NULL,1,0,0,1),(2668,NULL,'2099-10',2099,10,'2099-10-01','2099-10-31',NULL,NULL,40718,0,NULL,1,0,0,1),(2669,NULL,'2099-11',2099,11,'2099-11-01','2099-11-30',NULL,NULL,40718,0,NULL,1,0,0,1),(2670,NULL,'2099-12',2099,12,'2099-12-01','2099-12-31',NULL,NULL,40718,0,NULL,1,0,0,1),(2674,NULL,'2100-01',2100,1,'2100-01-01','2100-01-31',NULL,NULL,40718,0,NULL,1,0,0,1),(2675,NULL,'2100-02',2100,2,'2100-02-01','2100-02-28',NULL,NULL,40718,0,NULL,1,0,0,1),(2676,NULL,'2100-03',2100,3,'2100-03-01','2100-03-31',NULL,NULL,40718,0,NULL,1,0,0,1),(2677,NULL,'2100-04',2100,4,'2100-04-01','2100-04-30',NULL,NULL,40718,0,NULL,1,0,0,1),(2678,NULL,'2100-05',2100,5,'2100-05-01','2100-05-31',NULL,NULL,40718,0,NULL,1,0,0,1),(2679,NULL,'2100-06',2100,6,'2100-06-01','2100-06-30',NULL,NULL,40718,0,NULL,1,0,0,1),(2680,NULL,'2100-07',2100,7,'2100-07-01','2100-07-31',NULL,NULL,40718,0,NULL,1,0,0,1),(2681,NULL,'2100-08',2100,8,'2100-08-01','2100-08-31',NULL,NULL,40718,0,NULL,1,0,0,1),(2682,NULL,'2100-09',2100,9,'2100-09-01','2100-09-30',NULL,NULL,40718,0,NULL,1,0,0,1),(2683,NULL,'2100-10',2100,10,'2100-10-01','2100-10-31',NULL,NULL,40718,0,NULL,1,0,0,1),(2684,NULL,'2100-11',2100,11,'2100-11-01','2100-11-30',NULL,NULL,40718,0,NULL,1,0,0,1),(2685,NULL,'2100-12',2100,12,'2100-12-01','2100-12-31',NULL,NULL,40718,0,NULL,1,0,0,1),(2689,NULL,'2101-01',2101,1,'2101-01-01','2101-01-31',NULL,NULL,40718,0,NULL,1,0,0,1),(2690,NULL,'2101-02',2101,2,'2101-02-01','2101-02-28',NULL,NULL,40718,0,NULL,1,0,0,1),(2691,NULL,'2101-03',2101,3,'2101-03-01','2101-03-31',NULL,NULL,40718,0,NULL,1,0,0,1),(2692,NULL,'2101-04',2101,4,'2101-04-01','2101-04-30',NULL,NULL,40718,0,NULL,1,0,0,1),(2693,NULL,'2101-05',2101,5,'2101-05-01','2101-05-31',NULL,NULL,40718,0,NULL,1,0,0,1),(2694,NULL,'2101-06',2101,6,'2101-06-01','2101-06-30',NULL,NULL,40718,0,NULL,1,0,0,1),(2695,NULL,'2101-07',2101,7,'2101-07-01','2101-07-31',NULL,NULL,40718,0,NULL,1,0,0,1),(2696,NULL,'2101-08',2101,8,'2101-08-01','2101-08-31',NULL,NULL,40718,0,NULL,1,0,0,1),(2697,NULL,'2101-09',2101,9,'2101-09-01','2101-09-30',NULL,NULL,40718,0,NULL,1,0,0,1),(2698,NULL,'2101-10',2101,10,'2101-10-01','2101-10-31',NULL,NULL,40718,0,NULL,1,0,0,1),(2699,NULL,'2101-11',2101,11,'2101-11-01','2101-11-30',NULL,NULL,40718,0,NULL,1,0,0,1),(2700,NULL,'2101-12',2101,12,'2101-12-01','2101-12-31',NULL,NULL,40718,0,NULL,1,0,0,1),(2704,NULL,'2102-01',2102,1,'2102-01-01','2102-01-31',NULL,NULL,40718,0,NULL,1,0,0,1),(2705,NULL,'2102-02',2102,2,'2102-02-01','2102-02-28',NULL,NULL,40718,0,NULL,1,0,0,1),(2706,NULL,'2102-03',2102,3,'2102-03-01','2102-03-31',NULL,NULL,40718,0,NULL,1,0,0,1),(2707,NULL,'2102-04',2102,4,'2102-04-01','2102-04-30',NULL,NULL,40718,0,NULL,1,0,0,1),(2708,NULL,'2102-05',2102,5,'2102-05-01','2102-05-31',NULL,NULL,40718,0,NULL,1,0,0,1),(2709,NULL,'2102-06',2102,6,'2102-06-01','2102-06-30',NULL,NULL,40718,0,NULL,1,0,0,1),(2710,NULL,'2102-07',2102,7,'2102-07-01','2102-07-31',NULL,NULL,40718,0,NULL,1,0,0,1),(2711,NULL,'2102-08',2102,8,'2102-08-01','2102-08-31',NULL,NULL,40718,0,NULL,1,0,0,1),(2712,NULL,'2102-09',2102,9,'2102-09-01','2102-09-30',NULL,NULL,40718,0,NULL,1,0,0,1),(2713,NULL,'2102-10',2102,10,'2102-10-01','2102-10-31',NULL,NULL,40718,0,NULL,1,0,0,1),(2714,NULL,'2102-11',2102,11,'2102-11-01','2102-11-30',NULL,NULL,40718,0,NULL,1,0,0,1),(2715,NULL,'2102-12',2102,12,'2102-12-01','2102-12-31',NULL,NULL,40718,0,NULL,1,0,0,1),(2719,NULL,'2103-01',2103,1,'2103-01-01','2103-01-31',NULL,NULL,40718,0,NULL,1,0,0,1),(2720,NULL,'2103-02',2103,2,'2103-02-01','2103-02-28',NULL,NULL,40718,0,NULL,1,0,0,1),(2721,NULL,'2103-03',2103,3,'2103-03-01','2103-03-31',NULL,NULL,40718,0,NULL,1,0,0,1);
INSERT INTO `periods` VALUES (2722,NULL,'2103-04',2103,4,'2103-04-01','2103-04-30',NULL,NULL,40718,0,NULL,1,0,0,1),(2723,NULL,'2103-05',2103,5,'2103-05-01','2103-05-31',NULL,NULL,40718,0,NULL,1,0,0,1),(2724,NULL,'2103-06',2103,6,'2103-06-01','2103-06-30',NULL,NULL,40718,0,NULL,1,0,0,1),(2725,NULL,'2103-07',2103,7,'2103-07-01','2103-07-31',NULL,NULL,40718,0,NULL,1,0,0,1),(2726,NULL,'2103-08',2103,8,'2103-08-01','2103-08-31',NULL,NULL,40718,0,NULL,1,0,0,1),(2727,NULL,'2103-09',2103,9,'2103-09-01','2103-09-30',NULL,NULL,40718,0,NULL,1,0,0,1),(2728,NULL,'2103-10',2103,10,'2103-10-01','2103-10-31',NULL,NULL,40718,0,NULL,1,0,0,1),(2729,NULL,'2103-11',2103,11,'2103-11-01','2103-11-30',NULL,NULL,40718,0,NULL,1,0,0,1),(2730,NULL,'2103-12',2103,12,'2103-12-01','2103-12-31',NULL,NULL,40718,0,NULL,1,0,0,1),(2734,NULL,'2104-01',2104,1,'2104-01-01','2104-01-31',NULL,NULL,40718,0,NULL,1,0,0,1),(2735,NULL,'2104-02',2104,2,'2104-02-01','2104-02-28',NULL,NULL,40718,0,NULL,1,0,0,1),(2736,NULL,'2104-03',2104,3,'2104-03-01','2104-03-31',NULL,NULL,40718,0,NULL,1,0,0,1),(2737,NULL,'2104-04',2104,4,'2104-04-01','2104-04-30',NULL,NULL,40718,0,NULL,1,0,0,1),(2738,NULL,'2104-05',2104,5,'2104-05-01','2104-05-31',NULL,NULL,40718,0,NULL,1,0,0,1),(2739,NULL,'2104-06',2104,6,'2104-06-01','2104-06-30',NULL,NULL,40718,0,NULL,1,0,0,1),(2740,NULL,'2104-07',2104,7,'2104-07-01','2104-07-31',NULL,NULL,40718,0,NULL,1,0,0,1),(2741,NULL,'2104-08',2104,8,'2104-08-01','2104-08-31',NULL,NULL,40718,0,NULL,1,0,0,1),(2742,NULL,'2104-09',2104,9,'2104-09-01','2104-09-30',NULL,NULL,40718,0,NULL,1,0,0,1),(2743,NULL,'2104-10',2104,10,'2104-10-01','2104-10-31',NULL,NULL,40718,0,NULL,1,0,0,1),(2744,NULL,'2104-11',2104,11,'2104-11-01','2104-11-30',NULL,NULL,40718,0,NULL,1,0,0,1),(2745,NULL,'2104-12',2104,12,'2104-12-01','2104-12-31',NULL,NULL,40718,0,NULL,1,0,0,1),(2749,NULL,'2105-01',2105,1,'2105-01-01','2105-01-31',NULL,NULL,40718,0,NULL,1,0,0,1),(2750,NULL,'2105-02',2105,2,'2105-02-01','2105-02-28',NULL,NULL,40718,0,NULL,1,0,0,1),(2751,NULL,'2105-03',2105,3,'2105-03-01','2105-03-31',NULL,NULL,40718,0,NULL,1,0,0,1),(2752,NULL,'2105-04',2105,4,'2105-04-01','2105-04-30',NULL,NULL,40718,0,NULL,1,0,0,1),(2753,NULL,'2105-05',2105,5,'2105-05-01','2105-05-31',NULL,NULL,40718,0,NULL,1,0,0,1),(2754,NULL,'2105-06',2105,6,'2105-06-01','2105-06-30',NULL,NULL,40718,0,NULL,1,0,0,1),(2755,NULL,'2105-07',2105,7,'2105-07-01','2105-07-31',NULL,NULL,40718,0,NULL,1,0,0,1),(2756,NULL,'2105-08',2105,8,'2105-08-01','2105-08-31',NULL,NULL,40718,0,NULL,1,0,0,1),(2757,NULL,'2105-09',2105,9,'2105-09-01','2105-09-30',NULL,NULL,40718,0,NULL,1,0,0,1),(2758,NULL,'2105-10',2105,10,'2105-10-01','2105-10-31',NULL,NULL,40718,0,NULL,1,0,0,1),(2759,NULL,'2105-11',2105,11,'2105-11-01','2105-11-30',NULL,NULL,40718,0,NULL,1,0,0,1),(2760,NULL,'2105-12',2105,12,'2105-12-01','2105-12-31',NULL,NULL,40718,0,NULL,1,0,0,1),(2764,NULL,'2106-01',2106,1,'2106-01-01','2106-01-31',NULL,NULL,40718,0,NULL,1,0,0,1),(2765,NULL,'2106-02',2106,2,'2106-02-01','2106-02-28',NULL,NULL,40718,0,NULL,1,0,0,1),(2766,NULL,'2106-03',2106,3,'2106-03-01','2106-03-31',NULL,NULL,40718,0,NULL,1,0,0,1),(2767,NULL,'2106-04',2106,4,'2106-04-01','2106-04-30',NULL,NULL,40718,0,NULL,1,0,0,1),(2768,NULL,'2106-05',2106,5,'2106-05-01','2106-05-31',NULL,NULL,40718,0,NULL,1,0,0,1),(2769,NULL,'2106-06',2106,6,'2106-06-01','2106-06-30',NULL,NULL,40718,0,NULL,1,0,0,1),(2770,NULL,'2106-07',2106,7,'2106-07-01','2106-07-31',NULL,NULL,40718,0,NULL,1,0,0,1),(2771,NULL,'2106-08',2106,8,'2106-08-01','2106-08-31',NULL,NULL,40718,0,NULL,1,0,0,1),(2772,NULL,'2106-09',2106,9,'2106-09-01','2106-09-30',NULL,NULL,40718,0,NULL,1,0,0,1),(2773,NULL,'2106-10',2106,10,'2106-10-01','2106-10-31',NULL,NULL,40718,0,NULL,1,0,0,1),(2774,NULL,'2106-11',2106,11,'2106-11-01','2106-11-30',NULL,NULL,40718,0,NULL,1,0,0,1),(2775,NULL,'2106-12',2106,12,'2106-12-01','2106-12-31',NULL,NULL,40718,0,NULL,1,0,0,1),(2779,NULL,'2107-01',2107,1,'2107-01-01','2107-01-31',NULL,NULL,40718,0,NULL,1,0,0,1);
INSERT INTO `periods` VALUES (2780,NULL,'2107-02',2107,2,'2107-02-01','2107-02-28',NULL,NULL,40718,0,NULL,1,0,0,1),(2781,NULL,'2107-03',2107,3,'2107-03-01','2107-03-31',NULL,NULL,40718,0,NULL,1,0,0,1),(2782,NULL,'2107-04',2107,4,'2107-04-01','2107-04-30',NULL,NULL,40718,0,NULL,1,0,0,1),(2783,NULL,'2107-05',2107,5,'2107-05-01','2107-05-31',NULL,NULL,40718,0,NULL,1,0,0,1),(2784,NULL,'2107-06',2107,6,'2107-06-01','2107-06-30',NULL,NULL,40718,0,NULL,1,0,0,1),(2785,NULL,'2107-07',2107,7,'2107-07-01','2107-07-31',NULL,NULL,40718,0,NULL,1,0,0,1),(2786,NULL,'2107-08',2107,8,'2107-08-01','2107-08-31',NULL,NULL,40718,0,NULL,1,0,0,1),(2787,NULL,'2107-09',2107,9,'2107-09-01','2107-09-30',NULL,NULL,40718,0,NULL,1,0,0,1),(2788,NULL,'2107-10',2107,10,'2107-10-01','2107-10-31',NULL,NULL,40718,0,NULL,1,0,0,1),(2789,NULL,'2107-11',2107,11,'2107-11-01','2107-11-30',NULL,NULL,40718,0,NULL,1,0,0,1),(2790,NULL,'2107-12',2107,12,'2107-12-01','2107-12-31',NULL,NULL,40718,0,NULL,1,0,0,1),(2794,NULL,'2108-01',2108,1,'2108-01-01','2108-01-31',NULL,NULL,40718,0,NULL,1,0,0,1),(2795,NULL,'2108-02',2108,2,'2108-02-01','2108-02-28',NULL,NULL,40718,0,NULL,1,0,0,1),(2796,NULL,'2108-03',2108,3,'2108-03-01','2108-03-31',NULL,NULL,40718,0,NULL,1,0,0,1),(2797,NULL,'2108-04',2108,4,'2108-04-01','2108-04-30',NULL,NULL,40718,0,NULL,1,0,0,1),(2798,NULL,'2108-05',2108,5,'2108-05-01','2108-05-31',NULL,NULL,40718,0,NULL,1,0,0,1),(2799,NULL,'2108-06',2108,6,'2108-06-01','2108-06-30',NULL,NULL,40718,0,NULL,1,0,0,1),(2800,NULL,'2108-07',2108,7,'2108-07-01','2108-07-31',NULL,NULL,40718,0,NULL,1,0,0,1),(2801,NULL,'2108-08',2108,8,'2108-08-01','2108-08-31',NULL,NULL,40718,0,NULL,1,0,0,1),(2802,NULL,'2108-09',2108,9,'2108-09-01','2108-09-30',NULL,NULL,40718,0,NULL,1,0,0,1),(2803,NULL,'2108-10',2108,10,'2108-10-01','2108-10-31',NULL,NULL,40718,0,NULL,1,0,0,1),(2804,NULL,'2108-11',2108,11,'2108-11-01','2108-11-30',NULL,NULL,40718,0,NULL,1,0,0,1),(2805,NULL,'2108-12',2108,12,'2108-12-01','2108-12-31',NULL,NULL,40718,0,NULL,1,0,0,1),(2809,NULL,'2109-01',2109,1,'2109-01-01','2109-01-31',NULL,NULL,40718,0,NULL,1,0,0,1),(2810,NULL,'2109-02',2109,2,'2109-02-01','2109-02-28',NULL,NULL,40718,0,NULL,1,0,0,1),(2811,NULL,'2109-03',2109,3,'2109-03-01','2109-03-31',NULL,NULL,40718,0,NULL,1,0,0,1),(2812,NULL,'2109-04',2109,4,'2109-04-01','2109-04-30',NULL,NULL,40718,0,NULL,1,0,0,1),(2813,NULL,'2109-05',2109,5,'2109-05-01','2109-05-31',NULL,NULL,40718,0,NULL,1,0,0,1),(2814,NULL,'2109-06',2109,6,'2109-06-01','2109-06-30',NULL,NULL,40718,0,NULL,1,0,0,1),(2815,NULL,'2109-07',2109,7,'2109-07-01','2109-07-31',NULL,NULL,40718,0,NULL,1,0,0,1),(2816,NULL,'2109-08',2109,8,'2109-08-01','2109-08-31',NULL,NULL,40718,0,NULL,1,0,0,1),(2817,NULL,'2109-09',2109,9,'2109-09-01','2109-09-30',NULL,NULL,40718,0,NULL,1,0,0,1),(2818,NULL,'2109-10',2109,10,'2109-10-01','2109-10-31',NULL,NULL,40718,0,NULL,1,0,0,1),(2819,NULL,'2109-11',2109,11,'2109-11-01','2109-11-30',NULL,NULL,40718,0,NULL,1,0,0,1),(2820,NULL,'2109-12',2109,12,'2109-12-01','2109-12-31',NULL,NULL,40718,0,NULL,1,0,0,1),(2824,NULL,'2110-01',2110,1,'2110-01-01','2110-01-31',NULL,NULL,40718,0,NULL,1,0,0,1),(2825,NULL,'2110-02',2110,2,'2110-02-01','2110-02-28',NULL,NULL,40718,0,NULL,1,0,0,1),(2826,NULL,'2110-03',2110,3,'2110-03-01','2110-03-31',NULL,NULL,40718,0,NULL,1,0,0,1),(2827,NULL,'2110-04',2110,4,'2110-04-01','2110-04-30',NULL,NULL,40718,0,NULL,1,0,0,1),(2828,NULL,'2110-05',2110,5,'2110-05-01','2110-05-31',NULL,NULL,40718,0,NULL,1,0,0,1),(2829,NULL,'2110-06',2110,6,'2110-06-01','2110-06-30',NULL,NULL,40718,0,NULL,1,0,0,1),(2830,NULL,'2110-07',2110,7,'2110-07-01','2110-07-31',NULL,NULL,40718,0,NULL,1,0,0,1),(2831,NULL,'2110-08',2110,8,'2110-08-01','2110-08-31',NULL,NULL,40718,0,NULL,1,0,0,1),(2832,NULL,'2110-09',2110,9,'2110-09-01','2110-09-30',NULL,NULL,40718,0,NULL,1,0,0,1),(2833,NULL,'2110-10',2110,10,'2110-10-01','2110-10-31',NULL,NULL,40718,0,NULL,1,0,0,1),(2834,NULL,'2110-11',2110,11,'2110-11-01','2110-11-30',NULL,NULL,40718,0,NULL,1,0,0,1);
INSERT INTO `periods` VALUES (2835,NULL,'2110-12',2110,12,'2110-12-01','2110-12-31',NULL,NULL,40718,0,NULL,1,0,0,1),(2839,NULL,'2111-01',2111,1,'2111-01-01','2111-01-31',NULL,NULL,40718,0,NULL,1,0,0,1),(2840,NULL,'2111-02',2111,2,'2111-02-01','2111-02-28',NULL,NULL,40718,0,NULL,1,0,0,1),(2841,NULL,'2111-03',2111,3,'2111-03-01','2111-03-31',NULL,NULL,40718,0,NULL,1,0,0,1),(2842,NULL,'2111-04',2111,4,'2111-04-01','2111-04-30',NULL,NULL,40718,0,NULL,1,0,0,1),(2843,NULL,'2111-05',2111,5,'2111-05-01','2111-05-31',NULL,NULL,40718,0,NULL,1,0,0,1),(2844,NULL,'2111-06',2111,6,'2111-06-01','2111-06-30',NULL,NULL,40718,0,NULL,1,0,0,1),(2845,NULL,'2111-07',2111,7,'2111-07-01','2111-07-31',NULL,NULL,40718,0,NULL,1,0,0,1),(2846,NULL,'2111-08',2111,8,'2111-08-01','2111-08-31',NULL,NULL,40718,0,NULL,1,0,0,1),(2847,NULL,'2111-09',2111,9,'2111-09-01','2111-09-30',NULL,NULL,40718,0,NULL,1,0,0,1),(2848,NULL,'2111-10',2111,10,'2111-10-01','2111-10-31',NULL,NULL,40718,0,NULL,1,0,0,1),(2849,NULL,'2111-11',2111,11,'2111-11-01','2111-11-30',NULL,NULL,40718,0,NULL,1,0,0,1),(2850,NULL,'2111-12',2111,12,'2111-12-01','2111-12-31',NULL,NULL,40718,0,NULL,1,0,0,1),(2854,NULL,'2112-01',2112,1,'2112-01-01','2112-01-31',NULL,NULL,40718,0,NULL,1,0,0,1),(2855,NULL,'2112-02',2112,2,'2112-02-01','2112-02-28',NULL,NULL,40718,0,NULL,1,0,0,1),(2856,NULL,'2112-03',2112,3,'2112-03-01','2112-03-31',NULL,NULL,40718,0,NULL,1,0,0,1),(2857,NULL,'2112-04',2112,4,'2112-04-01','2112-04-30',NULL,NULL,40718,0,NULL,1,0,0,1),(2858,NULL,'2112-05',2112,5,'2112-05-01','2112-05-31',NULL,NULL,40718,0,NULL,1,0,0,1),(2859,NULL,'2112-06',2112,6,'2112-06-01','2112-06-30',NULL,NULL,40718,0,NULL,1,0,0,1),(2860,NULL,'2112-07',2112,7,'2112-07-01','2112-07-31',NULL,NULL,40718,0,NULL,1,0,0,1),(2861,NULL,'2112-08',2112,8,'2112-08-01','2112-08-31',NULL,NULL,40718,0,NULL,1,0,0,1),(2862,NULL,'2112-09',2112,9,'2112-09-01','2112-09-30',NULL,NULL,40718,0,NULL,1,0,0,1),(2863,NULL,'2112-10',2112,10,'2112-10-01','2112-10-31',NULL,NULL,40718,0,NULL,1,0,0,1),(2864,NULL,'2112-11',2112,11,'2112-11-01','2112-11-30',NULL,NULL,40718,0,NULL,1,0,0,1),(2865,NULL,'2112-12',2112,12,'2112-12-01','2112-12-31',NULL,NULL,40718,0,NULL,1,0,0,1),(2869,NULL,'2113-01',2113,1,'2113-01-01','2113-01-31',NULL,NULL,40718,0,NULL,1,0,0,1),(2870,NULL,'2113-02',2113,2,'2113-02-01','2113-02-28',NULL,NULL,40718,0,NULL,1,0,0,1),(2871,NULL,'2113-03',2113,3,'2113-03-01','2113-03-31',NULL,NULL,40718,0,NULL,1,0,0,1),(2872,NULL,'2113-04',2113,4,'2113-04-01','2113-04-30',NULL,NULL,40718,0,NULL,1,0,0,1),(2873,NULL,'2113-05',2113,5,'2113-05-01','2113-05-31',NULL,NULL,40718,0,NULL,1,0,0,1),(2874,NULL,'2113-06',2113,6,'2113-06-01','2113-06-30',NULL,NULL,40718,0,NULL,1,0,0,1),(2875,NULL,'2113-07',2113,7,'2113-07-01','2113-07-31',NULL,NULL,40718,0,NULL,1,0,0,1),(2876,NULL,'2113-08',2113,8,'2113-08-01','2113-08-31',NULL,NULL,40718,0,NULL,1,0,0,1),(2877,NULL,'2113-09',2113,9,'2113-09-01','2113-09-30',NULL,NULL,40718,0,NULL,1,0,0,1),(2878,NULL,'2113-10',2113,10,'2113-10-01','2113-10-31',NULL,NULL,40718,0,NULL,1,0,0,1),(2879,NULL,'2113-11',2113,11,'2113-11-01','2113-11-30',NULL,NULL,40718,0,NULL,1,0,0,1),(2880,NULL,'2113-12',2113,12,'2113-12-01','2113-12-31',NULL,NULL,40718,0,NULL,1,0,0,1),(2884,NULL,'2114-01',2114,1,'2114-01-01','2114-01-31',NULL,NULL,40718,0,NULL,1,0,0,1),(2885,NULL,'2114-02',2114,2,'2114-02-01','2114-02-28',NULL,NULL,40718,0,NULL,1,0,0,1),(2886,NULL,'2114-03',2114,3,'2114-03-01','2114-03-31',NULL,NULL,40718,0,NULL,1,0,0,1),(2887,NULL,'2114-04',2114,4,'2114-04-01','2114-04-30',NULL,NULL,40718,0,NULL,1,0,0,1),(2888,NULL,'2114-05',2114,5,'2114-05-01','2114-05-31',NULL,NULL,40718,0,NULL,1,0,0,1),(2889,NULL,'2114-06',2114,6,'2114-06-01','2114-06-30',NULL,NULL,40718,0,NULL,1,0,0,1),(2890,NULL,'2114-07',2114,7,'2114-07-01','2114-07-31',NULL,NULL,40718,0,NULL,1,0,0,1),(2891,NULL,'2114-08',2114,8,'2114-08-01','2114-08-31',NULL,NULL,40718,0,NULL,1,0,0,1),(2892,NULL,'2114-09',2114,9,'2114-09-01','2114-09-30',NULL,NULL,40718,0,NULL,1,0,0,1);
INSERT INTO `periods` VALUES (2893,NULL,'2114-10',2114,10,'2114-10-01','2114-10-31',NULL,NULL,40718,0,NULL,1,0,0,1),(2894,NULL,'2114-11',2114,11,'2114-11-01','2114-11-30',NULL,NULL,40718,0,NULL,1,0,0,1),(2895,NULL,'2114-12',2114,12,'2114-12-01','2114-12-31',NULL,NULL,40718,0,NULL,1,0,0,1),(2899,NULL,'2115-01',2115,1,'2115-01-01','2115-01-31',NULL,NULL,40718,0,NULL,1,0,0,1),(2900,NULL,'2115-02',2115,2,'2115-02-01','2115-02-28',NULL,NULL,40718,0,NULL,1,0,0,1),(2901,NULL,'2115-03',2115,3,'2115-03-01','2115-03-31',NULL,NULL,40718,0,NULL,1,0,0,1),(2902,NULL,'2115-04',2115,4,'2115-04-01','2115-04-30',NULL,NULL,40718,0,NULL,1,0,0,1),(2903,NULL,'2115-05',2115,5,'2115-05-01','2115-05-31',NULL,NULL,40718,0,NULL,1,0,0,1),(2904,NULL,'2115-06',2115,6,'2115-06-01','2115-06-30',NULL,NULL,40718,0,NULL,1,0,0,1),(2905,NULL,'2115-07',2115,7,'2115-07-01','2115-07-31',NULL,NULL,40718,0,NULL,1,0,0,1),(2906,NULL,'2115-08',2115,8,'2115-08-01','2115-08-31',NULL,NULL,40718,0,NULL,1,0,0,1),(2907,NULL,'2115-09',2115,9,'2115-09-01','2115-09-30',NULL,NULL,40718,0,NULL,1,0,0,1),(2908,NULL,'2115-10',2115,10,'2115-10-01','2115-10-31',NULL,NULL,40718,0,NULL,1,0,0,1),(2909,NULL,'2115-11',2115,11,'2115-11-01','2115-11-30',NULL,NULL,40718,0,NULL,1,0,0,1),(2910,NULL,'2115-12',2115,12,'2115-12-01','2115-12-31',NULL,NULL,40718,0,NULL,1,0,0,1),(2914,NULL,'2116-01',2116,1,'2116-01-01','2116-01-31',NULL,NULL,40718,0,NULL,1,0,0,1),(2915,NULL,'2116-02',2116,2,'2116-02-01','2116-02-28',NULL,NULL,40718,0,NULL,1,0,0,1),(2916,NULL,'2116-03',2116,3,'2116-03-01','2116-03-31',NULL,NULL,40718,0,NULL,1,0,0,1),(2917,NULL,'2116-04',2116,4,'2116-04-01','2116-04-30',NULL,NULL,40718,0,NULL,1,0,0,1),(2918,NULL,'2116-05',2116,5,'2116-05-01','2116-05-31',NULL,NULL,40718,0,NULL,1,0,0,1),(2919,NULL,'2116-06',2116,6,'2116-06-01','2116-06-30',NULL,NULL,40718,0,NULL,1,0,0,1),(2920,NULL,'2116-07',2116,7,'2116-07-01','2116-07-31',NULL,NULL,40718,0,NULL,1,0,0,1),(2921,NULL,'2116-08',2116,8,'2116-08-01','2116-08-31',NULL,NULL,40718,0,NULL,1,0,0,1),(2922,NULL,'2116-09',2116,9,'2116-09-01','2116-09-30',NULL,NULL,40718,0,NULL,1,0,0,1),(2923,NULL,'2116-10',2116,10,'2116-10-01','2116-10-31',NULL,NULL,40718,0,NULL,1,0,0,1),(2924,NULL,'2116-11',2116,11,'2116-11-01','2116-11-30',NULL,NULL,40718,0,NULL,1,0,0,1),(2925,NULL,'2116-12',2116,12,'2116-12-01','2116-12-31',NULL,NULL,40718,0,NULL,1,0,0,1),(2929,NULL,'2117-01',2117,1,'2117-01-01','2117-01-31',NULL,NULL,40718,0,NULL,1,0,0,1),(2930,NULL,'2117-02',2117,2,'2117-02-01','2117-02-28',NULL,NULL,40718,0,NULL,1,0,0,1),(2931,NULL,'2117-03',2117,3,'2117-03-01','2117-03-31',NULL,NULL,40718,0,NULL,1,0,0,1),(2932,NULL,'2117-04',2117,4,'2117-04-01','2117-04-30',NULL,NULL,40718,0,NULL,1,0,0,1),(2933,NULL,'2117-05',2117,5,'2117-05-01','2117-05-31',NULL,NULL,40718,0,NULL,1,0,0,1),(2934,NULL,'2117-06',2117,6,'2117-06-01','2117-06-30',NULL,NULL,40718,0,NULL,1,0,0,1),(2935,NULL,'2117-07',2117,7,'2117-07-01','2117-07-31',NULL,NULL,40718,0,NULL,1,0,0,1),(2936,NULL,'2117-08',2117,8,'2117-08-01','2117-08-31',NULL,NULL,40718,0,NULL,1,0,0,1),(2937,NULL,'2117-09',2117,9,'2117-09-01','2117-09-30',NULL,NULL,40718,0,NULL,1,0,0,1),(2938,NULL,'2117-10',2117,10,'2117-10-01','2117-10-31',NULL,NULL,40718,0,NULL,1,0,0,1),(2939,NULL,'2117-11',2117,11,'2117-11-01','2117-11-30',NULL,NULL,40718,0,NULL,1,0,0,1),(2940,NULL,'2117-12',2117,12,'2117-12-01','2117-12-31',NULL,NULL,40718,0,NULL,1,0,0,1),(2944,NULL,'2118-01',2118,1,'2118-01-01','2118-01-31',NULL,NULL,40718,0,NULL,1,0,0,1),(2945,NULL,'2118-02',2118,2,'2118-02-01','2118-02-28',NULL,NULL,40718,0,NULL,1,0,0,1),(2946,NULL,'2118-03',2118,3,'2118-03-01','2118-03-31',NULL,NULL,40718,0,NULL,1,0,0,1),(2947,NULL,'2118-04',2118,4,'2118-04-01','2118-04-30',NULL,NULL,40718,0,NULL,1,0,0,1),(2948,NULL,'2118-05',2118,5,'2118-05-01','2118-05-31',NULL,NULL,40718,0,NULL,1,0,0,1),(2949,NULL,'2118-06',2118,6,'2118-06-01','2118-06-30',NULL,NULL,40718,0,NULL,1,0,0,1),(2950,NULL,'2118-07',2118,7,'2118-07-01','2118-07-31',NULL,NULL,40718,0,NULL,1,0,0,1);
INSERT INTO `periods` VALUES (2951,NULL,'2118-08',2118,8,'2118-08-01','2118-08-31',NULL,NULL,40718,0,NULL,1,0,0,1),(2952,NULL,'2118-09',2118,9,'2118-09-01','2118-09-30',NULL,NULL,40718,0,NULL,1,0,0,1),(2953,NULL,'2118-10',2118,10,'2118-10-01','2118-10-31',NULL,NULL,40718,0,NULL,1,0,0,1),(2954,NULL,'2118-11',2118,11,'2118-11-01','2118-11-30',NULL,NULL,40718,0,NULL,1,0,0,1),(2955,NULL,'2118-12',2118,12,'2118-12-01','2118-12-31',NULL,NULL,40718,0,NULL,1,0,0,1),(2959,NULL,'2119-01',2119,1,'2119-01-01','2119-01-31',NULL,NULL,40718,0,NULL,1,0,0,1),(2960,NULL,'2119-02',2119,2,'2119-02-01','2119-02-28',NULL,NULL,40718,0,NULL,1,0,0,1),(2961,NULL,'2119-03',2119,3,'2119-03-01','2119-03-31',NULL,NULL,40718,0,NULL,1,0,0,1),(2962,NULL,'2119-04',2119,4,'2119-04-01','2119-04-30',NULL,NULL,40718,0,NULL,1,0,0,1),(2963,NULL,'2119-05',2119,5,'2119-05-01','2119-05-31',NULL,NULL,40718,0,NULL,1,0,0,1),(2964,NULL,'2119-06',2119,6,'2119-06-01','2119-06-30',NULL,NULL,40718,0,NULL,1,0,0,1),(2965,NULL,'2119-07',2119,7,'2119-07-01','2119-07-31',NULL,NULL,40718,0,NULL,1,0,0,1),(2966,NULL,'2119-08',2119,8,'2119-08-01','2119-08-31',NULL,NULL,40718,0,NULL,1,0,0,1),(2967,NULL,'2119-09',2119,9,'2119-09-01','2119-09-30',NULL,NULL,40718,0,NULL,1,0,0,1),(2968,NULL,'2119-10',2119,10,'2119-10-01','2119-10-31',NULL,NULL,40718,0,NULL,1,0,0,1),(2969,NULL,'2119-11',2119,11,'2119-11-01','2119-11-30',NULL,NULL,40718,0,NULL,1,0,0,1),(2970,NULL,'2119-12',2119,12,'2119-12-01','2119-12-31',NULL,NULL,40718,0,NULL,1,0,0,1),(2974,NULL,'2120-01',2120,1,'2120-01-01','2120-01-31',NULL,NULL,40718,0,NULL,1,0,0,1),(2975,NULL,'2120-02',2120,2,'2120-02-01','2120-02-28',NULL,NULL,40718,0,NULL,1,0,0,1),(2976,NULL,'2120-03',2120,3,'2120-03-01','2120-03-31',NULL,NULL,40718,0,NULL,1,0,0,1),(2977,NULL,'2120-04',2120,4,'2120-04-01','2120-04-30',NULL,NULL,40718,0,NULL,1,0,0,1),(2978,NULL,'2120-05',2120,5,'2120-05-01','2120-05-31',NULL,NULL,40718,0,NULL,1,0,0,1),(2979,NULL,'2120-06',2120,6,'2120-06-01','2120-06-30',NULL,NULL,40718,0,NULL,1,0,0,1),(2980,NULL,'2120-07',2120,7,'2120-07-01','2120-07-31',NULL,NULL,40718,0,NULL,1,0,0,1),(2981,NULL,'2120-08',2120,8,'2120-08-01','2120-08-31',NULL,NULL,40718,0,NULL,1,0,0,1),(2982,NULL,'2120-09',2120,9,'2120-09-01','2120-09-30',NULL,NULL,40718,0,NULL,1,0,0,1),(2983,NULL,'2120-10',2120,10,'2120-10-01','2120-10-31',NULL,NULL,40718,0,NULL,1,0,0,1),(2984,NULL,'2120-11',2120,11,'2120-11-01','2120-11-30',NULL,NULL,40718,0,NULL,1,0,0,1),(2985,NULL,'2120-12',2120,12,'2120-12-01','2120-12-31',NULL,NULL,40718,0,NULL,1,0,0,1),(2989,NULL,'2121-01',2121,1,'2121-01-01','2121-01-31',NULL,NULL,40718,0,NULL,1,0,0,1),(2990,NULL,'2121-02',2121,2,'2121-02-01','2121-02-28',NULL,NULL,40718,0,NULL,1,0,0,1),(2991,NULL,'2121-03',2121,3,'2121-03-01','2121-03-31',NULL,NULL,40718,0,NULL,1,0,0,1),(2992,NULL,'2121-04',2121,4,'2121-04-01','2121-04-30',NULL,NULL,40718,0,NULL,1,0,0,1),(2993,NULL,'2121-05',2121,5,'2121-05-01','2121-05-31',NULL,NULL,40718,0,NULL,1,0,0,1),(2994,NULL,'2121-06',2121,6,'2121-06-01','2121-06-30',NULL,NULL,40718,0,NULL,1,0,0,1),(2995,NULL,'2121-07',2121,7,'2121-07-01','2121-07-31',NULL,NULL,40718,0,NULL,1,0,0,1),(2996,NULL,'2121-08',2121,8,'2121-08-01','2121-08-31',NULL,NULL,40718,0,NULL,1,0,0,1),(2997,NULL,'2121-09',2121,9,'2121-09-01','2121-09-30',NULL,NULL,40718,0,NULL,1,0,0,1),(2998,NULL,'2121-10',2121,10,'2121-10-01','2121-10-31',NULL,NULL,40718,0,NULL,1,0,0,1),(2999,NULL,'2121-11',2121,11,'2121-11-01','2121-11-30',NULL,NULL,40718,0,NULL,1,0,0,1),(3000,NULL,'2121-12',2121,12,'2121-12-01','2121-12-31',NULL,NULL,40718,0,NULL,1,0,0,1),(3004,NULL,'2122-01',2122,1,'2122-01-01','2122-01-31',NULL,NULL,40718,0,NULL,1,0,0,1),(3005,NULL,'2122-02',2122,2,'2122-02-01','2122-02-28',NULL,NULL,40718,0,NULL,1,0,0,1),(3006,NULL,'2122-03',2122,3,'2122-03-01','2122-03-31',NULL,NULL,40718,0,NULL,1,0,0,1),(3007,NULL,'2122-04',2122,4,'2122-04-01','2122-04-30',NULL,NULL,40718,0,NULL,1,0,0,1),(3008,NULL,'2122-05',2122,5,'2122-05-01','2122-05-31',NULL,NULL,40718,0,NULL,1,0,0,1);
INSERT INTO `periods` VALUES (3009,NULL,'2122-06',2122,6,'2122-06-01','2122-06-30',NULL,NULL,40718,0,NULL,1,0,0,1),(3010,NULL,'2122-07',2122,7,'2122-07-01','2122-07-31',NULL,NULL,40718,0,NULL,1,0,0,1),(3011,NULL,'2122-08',2122,8,'2122-08-01','2122-08-31',NULL,NULL,40718,0,NULL,1,0,0,1),(3012,NULL,'2122-09',2122,9,'2122-09-01','2122-09-30',NULL,NULL,40718,0,NULL,1,0,0,1),(3013,NULL,'2122-10',2122,10,'2122-10-01','2122-10-31',NULL,NULL,40718,0,NULL,1,0,0,1),(3014,NULL,'2122-11',2122,11,'2122-11-01','2122-11-30',NULL,NULL,40718,0,NULL,1,0,0,1),(3015,NULL,'2122-12',2122,12,'2122-12-01','2122-12-31',NULL,NULL,40718,0,NULL,1,0,0,1),(3019,NULL,'2123-01',2123,1,'2123-01-01','2123-01-31',NULL,NULL,40718,0,NULL,1,0,0,1),(3020,NULL,'2123-02',2123,2,'2123-02-01','2123-02-28',NULL,NULL,40718,0,NULL,1,0,0,1),(3021,NULL,'2123-03',2123,3,'2123-03-01','2123-03-31',NULL,NULL,40718,0,NULL,1,0,0,1),(3022,NULL,'2123-04',2123,4,'2123-04-01','2123-04-30',NULL,NULL,40718,0,NULL,1,0,0,1),(3023,NULL,'2123-05',2123,5,'2123-05-01','2123-05-31',NULL,NULL,40718,0,NULL,1,0,0,1),(3024,NULL,'2123-06',2123,6,'2123-06-01','2123-06-30',NULL,NULL,40718,0,NULL,1,0,0,1),(3025,NULL,'2123-07',2123,7,'2123-07-01','2123-07-31',NULL,NULL,40718,0,NULL,1,0,0,1),(3026,NULL,'2123-08',2123,8,'2123-08-01','2123-08-31',NULL,NULL,40718,0,NULL,1,0,0,1),(3027,NULL,'2123-09',2123,9,'2123-09-01','2123-09-30',NULL,NULL,40718,0,NULL,1,0,0,1),(3028,NULL,'2123-10',2123,10,'2123-10-01','2123-10-31',NULL,NULL,40718,0,NULL,1,0,0,1),(3029,NULL,'2123-11',2123,11,'2123-11-01','2123-11-30',NULL,NULL,40718,0,NULL,1,0,0,1),(3030,NULL,'2123-12',2123,12,'2123-12-01','2123-12-31',NULL,NULL,40718,0,NULL,1,0,0,1),(3034,NULL,'2023-01',2023,1,'2023-01-01','2023-01-31',NULL,NULL,40815,0,NULL,1,0,0,1),(3035,NULL,'2023-02',2023,2,'2023-02-01','2023-02-28',NULL,NULL,40815,0,NULL,1,0,0,1),(3036,NULL,'2023-03',2023,3,'2023-03-01','2023-03-31',NULL,NULL,40815,0,NULL,1,0,0,1),(3037,NULL,'2023-04',2023,4,'2023-04-01','2023-04-30',NULL,NULL,40815,0,NULL,1,0,0,1),(3038,NULL,'2023-05',2023,5,'2023-05-01','2023-05-31',NULL,NULL,40815,0,NULL,1,0,0,1),(3039,NULL,'2023-06',2023,6,'2023-06-01','2023-06-30',NULL,NULL,40815,0,NULL,1,0,0,1),(3040,NULL,'2023-07',2023,7,'2023-07-01','2023-07-31',NULL,NULL,40815,0,NULL,1,0,0,1),(3041,NULL,'2023-08',2023,8,'2023-08-01','2023-08-31',NULL,NULL,40815,0,NULL,1,0,0,1),(3042,NULL,'2023-09',2023,9,'2023-09-01','2023-09-30',NULL,NULL,40815,0,NULL,1,0,0,1),(3043,NULL,'2023-10',2023,10,'2023-10-01','2023-10-31',NULL,NULL,40815,0,NULL,1,0,0,1),(3044,NULL,'2023-11',2023,11,'2023-11-01','2023-11-30',NULL,NULL,40815,0,NULL,1,0,0,1),(3045,NULL,'2023-12',2023,12,'2023-12-01','2023-12-31',NULL,NULL,40815,0,NULL,1,0,0,1),(3049,NULL,'2024-01',2024,1,'2024-01-01','2024-01-31',NULL,NULL,40815,0,NULL,1,0,0,1),(3050,NULL,'2024-02',2024,2,'2024-02-01','2024-02-29',NULL,'2024-02-29 08:50:25',40815,0,NULL,1,0,0,1),(3051,NULL,'2024-03',2024,3,'2024-03-01','2024-03-31',NULL,NULL,40815,0,NULL,1,0,0,1),(3052,NULL,'2024-04',2024,4,'2024-04-01','2024-04-30',NULL,NULL,40815,0,NULL,1,0,0,1),(3053,NULL,'2024-05',2024,5,'2024-05-01','2024-05-31',NULL,NULL,40815,0,NULL,1,0,0,1),(3054,NULL,'2024-06',2024,6,'2024-06-01','2024-06-30',NULL,NULL,40815,0,NULL,1,0,0,1),(3055,NULL,'2024-07',2024,7,'2024-07-01','2024-07-31',NULL,NULL,40815,0,NULL,1,0,0,1),(3056,NULL,'2024-08',2024,8,'2024-08-01','2024-08-31',NULL,NULL,40815,0,NULL,1,0,0,1),(3057,NULL,'2024-09',2024,9,'2024-09-01','2024-09-30',NULL,NULL,40815,0,NULL,1,0,0,1),(3058,NULL,'2024-10',2024,10,'2024-10-01','2024-10-31',NULL,NULL,40815,0,NULL,1,0,0,1),(3059,NULL,'2024-11',2024,11,'2024-11-01','2024-11-30',NULL,NULL,40815,0,NULL,1,0,0,1),(3060,NULL,'2024-12',2024,12,'2024-12-01','2024-12-31',NULL,NULL,40815,0,NULL,1,0,0,1),(3064,NULL,'2025-01',2025,1,'2025-01-01','2025-01-31',NULL,NULL,40815,0,NULL,1,0,0,1),(3065,NULL,'2025-02',2025,2,'2025-02-01','2025-02-28',NULL,NULL,40815,0,NULL,1,0,0,1),(3066,NULL,'2025-03',2025,3,'2025-03-01','2025-03-31',NULL,NULL,40815,0,NULL,1,0,0,1);
INSERT INTO `periods` VALUES (3067,NULL,'2025-04',2025,4,'2025-04-01','2025-04-30',NULL,NULL,40815,0,NULL,1,0,0,1),(3068,NULL,'2025-05',2025,5,'2025-05-01','2025-05-31',NULL,NULL,40815,0,NULL,1,0,0,1),(3069,NULL,'2025-06',2025,6,'2025-06-01','2025-06-30',NULL,NULL,40815,0,NULL,1,0,0,1),(3070,NULL,'2025-07',2025,7,'2025-07-01','2025-07-31',NULL,NULL,40815,0,NULL,1,0,0,1),(3071,NULL,'2025-08',2025,8,'2025-08-01','2025-08-31',NULL,NULL,40815,0,NULL,1,0,0,1),(3072,NULL,'2025-09',2025,9,'2025-09-01','2025-09-30',NULL,NULL,40815,0,NULL,1,0,0,1),(3073,NULL,'2025-10',2025,10,'2025-10-01','2025-10-31',NULL,NULL,40815,0,NULL,1,0,0,1),(3074,NULL,'2025-11',2025,11,'2025-11-01','2025-11-30',NULL,NULL,40815,0,NULL,1,0,0,1),(3075,NULL,'2025-12',2025,12,'2025-12-01','2025-12-31',NULL,NULL,40815,0,NULL,1,0,0,1),(3079,NULL,'2026-01',2026,1,'2026-01-01','2026-01-31',NULL,NULL,40815,0,NULL,1,0,0,1),(3080,NULL,'2026-02',2026,2,'2026-02-01','2026-02-28',NULL,NULL,40815,0,NULL,1,0,0,1),(3081,NULL,'2026-03',2026,3,'2026-03-01','2026-03-31',NULL,NULL,40815,0,NULL,1,0,0,1),(3082,NULL,'2026-04',2026,4,'2026-04-01','2026-04-30',NULL,NULL,40815,0,NULL,1,0,0,1),(3083,NULL,'2026-05',2026,5,'2026-05-01','2026-05-31',NULL,NULL,40815,0,NULL,1,0,0,1),(3084,NULL,'2026-06',2026,6,'2026-06-01','2026-06-30',NULL,NULL,40815,0,NULL,1,0,0,1),(3085,NULL,'2026-07',2026,7,'2026-07-01','2026-07-31',NULL,NULL,40815,0,NULL,1,0,0,1),(3086,NULL,'2026-08',2026,8,'2026-08-01','2026-08-31',NULL,NULL,40815,0,NULL,1,0,0,1),(3087,NULL,'2026-09',2026,9,'2026-09-01','2026-09-30',NULL,NULL,40815,0,NULL,1,0,0,1),(3088,NULL,'2026-10',2026,10,'2026-10-01','2026-10-31',NULL,NULL,40815,0,NULL,1,0,0,1),(3089,NULL,'2026-11',2026,11,'2026-11-01','2026-11-30',NULL,NULL,40815,0,NULL,1,0,0,1),(3090,NULL,'2026-12',2026,12,'2026-12-01','2026-12-31',NULL,NULL,40815,0,NULL,1,0,0,1),(3094,NULL,'2027-01',2027,1,'2027-01-01','2027-01-31',NULL,NULL,40815,0,NULL,1,0,0,1),(3095,NULL,'2027-02',2027,2,'2027-02-01','2027-02-28',NULL,NULL,40815,0,NULL,1,0,0,1),(3096,NULL,'2027-03',2027,3,'2027-03-01','2027-03-31',NULL,NULL,40815,0,NULL,1,0,0,1),(3097,NULL,'2027-04',2027,4,'2027-04-01','2027-04-30',NULL,NULL,40815,0,NULL,1,0,0,1),(3098,NULL,'2027-05',2027,5,'2027-05-01','2027-05-31',NULL,NULL,40815,0,NULL,1,0,0,1),(3099,NULL,'2027-06',2027,6,'2027-06-01','2027-06-30',NULL,NULL,40815,0,NULL,1,0,0,1),(3100,NULL,'2027-07',2027,7,'2027-07-01','2027-07-31',NULL,NULL,40815,0,NULL,1,0,0,1),(3101,NULL,'2027-08',2027,8,'2027-08-01','2027-08-31',NULL,NULL,40815,0,NULL,1,0,0,1),(3102,NULL,'2027-09',2027,9,'2027-09-01','2027-09-30',NULL,NULL,40815,0,NULL,1,0,0,1),(3103,NULL,'2027-10',2027,10,'2027-10-01','2027-10-31',NULL,NULL,40815,0,NULL,1,0,0,1),(3104,NULL,'2027-11',2027,11,'2027-11-01','2027-11-30',NULL,NULL,40815,0,NULL,1,0,0,1),(3105,NULL,'2027-12',2027,12,'2027-12-01','2027-12-31',NULL,NULL,40815,0,NULL,1,0,0,1),(3109,NULL,'2028-01',2028,1,'2028-01-01','2028-01-31',NULL,NULL,40815,0,NULL,1,0,0,1),(3110,NULL,'2028-02',2028,2,'2028-02-01','2028-02-28',NULL,NULL,40815,0,NULL,1,0,0,1),(3111,NULL,'2028-03',2028,3,'2028-03-01','2028-03-31',NULL,NULL,40815,0,NULL,1,0,0,1),(3112,NULL,'2028-04',2028,4,'2028-04-01','2028-04-30',NULL,NULL,40815,0,NULL,1,0,0,1),(3113,NULL,'2028-05',2028,5,'2028-05-01','2028-05-31',NULL,NULL,40815,0,NULL,1,0,0,1),(3114,NULL,'2028-06',2028,6,'2028-06-01','2028-06-30',NULL,NULL,40815,0,NULL,1,0,0,1),(3115,NULL,'2028-07',2028,7,'2028-07-01','2028-07-31',NULL,NULL,40815,0,NULL,1,0,0,1),(3116,NULL,'2028-08',2028,8,'2028-08-01','2028-08-31',NULL,NULL,40815,0,NULL,1,0,0,1),(3117,NULL,'2028-09',2028,9,'2028-09-01','2028-09-30',NULL,NULL,40815,0,NULL,1,0,0,1),(3118,NULL,'2028-10',2028,10,'2028-10-01','2028-10-31',NULL,NULL,40815,0,NULL,1,0,0,1),(3119,NULL,'2028-11',2028,11,'2028-11-01','2028-11-30',NULL,NULL,40815,0,NULL,1,0,0,1),(3120,NULL,'2028-12',2028,12,'2028-12-01','2028-12-31',NULL,NULL,40815,0,NULL,1,0,0,1),(3124,NULL,'2029-01',2029,1,'2029-01-01','2029-01-31',NULL,NULL,40815,0,NULL,1,0,0,1);
INSERT INTO `periods` VALUES (3125,NULL,'2029-02',2029,2,'2029-02-01','2029-02-28',NULL,NULL,40815,0,NULL,1,0,0,1),(3126,NULL,'2029-03',2029,3,'2029-03-01','2029-03-31',NULL,NULL,40815,0,NULL,1,0,0,1),(3127,NULL,'2029-04',2029,4,'2029-04-01','2029-04-30',NULL,NULL,40815,0,NULL,1,0,0,1),(3128,NULL,'2029-05',2029,5,'2029-05-01','2029-05-31',NULL,NULL,40815,0,NULL,1,0,0,1),(3129,NULL,'2029-06',2029,6,'2029-06-01','2029-06-30',NULL,NULL,40815,0,NULL,1,0,0,1),(3130,NULL,'2029-07',2029,7,'2029-07-01','2029-07-31',NULL,NULL,40815,0,NULL,1,0,0,1),(3131,NULL,'2029-08',2029,8,'2029-08-01','2029-08-31',NULL,NULL,40815,0,NULL,1,0,0,1),(3132,NULL,'2029-09',2029,9,'2029-09-01','2029-09-30',NULL,NULL,40815,0,NULL,1,0,0,1),(3133,NULL,'2029-10',2029,10,'2029-10-01','2029-10-31',NULL,NULL,40815,0,NULL,1,0,0,1),(3134,NULL,'2029-11',2029,11,'2029-11-01','2029-11-30',NULL,NULL,40815,0,NULL,1,0,0,1),(3135,NULL,'2029-12',2029,12,'2029-12-01','2029-12-31',NULL,NULL,40815,0,NULL,1,0,0,1),(3139,NULL,'2030-01',2030,1,'2030-01-01','2030-01-31',NULL,NULL,40815,0,NULL,1,0,0,1),(3140,NULL,'2030-02',2030,2,'2030-02-01','2030-02-28',NULL,NULL,40815,0,NULL,1,0,0,1),(3141,NULL,'2030-03',2030,3,'2030-03-01','2030-03-31',NULL,NULL,40815,0,NULL,1,0,0,1),(3142,NULL,'2030-04',2030,4,'2030-04-01','2030-04-30',NULL,NULL,40815,0,NULL,1,0,0,1),(3143,NULL,'2030-05',2030,5,'2030-05-01','2030-05-31',NULL,NULL,40815,0,NULL,1,0,0,1),(3144,NULL,'2030-06',2030,6,'2030-06-01','2030-06-30',NULL,NULL,40815,0,NULL,1,0,0,1),(3145,NULL,'2030-07',2030,7,'2030-07-01','2030-07-31',NULL,NULL,40815,0,NULL,1,0,0,1),(3146,NULL,'2030-08',2030,8,'2030-08-01','2030-08-31',NULL,NULL,40815,0,NULL,1,0,0,1),(3147,NULL,'2030-09',2030,9,'2030-09-01','2030-09-30',NULL,NULL,40815,0,NULL,1,0,0,1),(3148,NULL,'2030-10',2030,10,'2030-10-01','2030-10-31',NULL,NULL,40815,0,NULL,1,0,0,1),(3149,NULL,'2030-11',2030,11,'2030-11-01','2030-11-30',NULL,NULL,40815,0,NULL,1,0,0,1),(3150,NULL,'2030-12',2030,12,'2030-12-01','2030-12-31',NULL,NULL,40815,0,NULL,1,0,0,1),(3154,NULL,'2031-01',2031,1,'2031-01-01','2031-01-31',NULL,NULL,40815,0,NULL,1,0,0,1),(3155,NULL,'2031-02',2031,2,'2031-02-01','2031-02-28',NULL,NULL,40815,0,NULL,1,0,0,1),(3156,NULL,'2031-03',2031,3,'2031-03-01','2031-03-31',NULL,NULL,40815,0,NULL,1,0,0,1),(3157,NULL,'2031-04',2031,4,'2031-04-01','2031-04-30',NULL,NULL,40815,0,NULL,1,0,0,1),(3158,NULL,'2031-05',2031,5,'2031-05-01','2031-05-31',NULL,NULL,40815,0,NULL,1,0,0,1),(3159,NULL,'2031-06',2031,6,'2031-06-01','2031-06-30',NULL,NULL,40815,0,NULL,1,0,0,1),(3160,NULL,'2031-07',2031,7,'2031-07-01','2031-07-31',NULL,NULL,40815,0,NULL,1,0,0,1),(3161,NULL,'2031-08',2031,8,'2031-08-01','2031-08-31',NULL,NULL,40815,0,NULL,1,0,0,1),(3162,NULL,'2031-09',2031,9,'2031-09-01','2031-09-30',NULL,NULL,40815,0,NULL,1,0,0,1),(3163,NULL,'2031-10',2031,10,'2031-10-01','2031-10-31',NULL,NULL,40815,0,NULL,1,0,0,1),(3164,NULL,'2031-11',2031,11,'2031-11-01','2031-11-30',NULL,NULL,40815,0,NULL,1,0,0,1),(3165,NULL,'2031-12',2031,12,'2031-12-01','2031-12-31',NULL,NULL,40815,0,NULL,1,0,0,1),(3169,NULL,'2032-01',2032,1,'2032-01-01','2032-01-31',NULL,NULL,40815,0,NULL,1,0,0,1),(3170,NULL,'2032-02',2032,2,'2032-02-01','2032-02-28',NULL,NULL,40815,0,NULL,1,0,0,1),(3171,NULL,'2032-03',2032,3,'2032-03-01','2032-03-31',NULL,NULL,40815,0,NULL,1,0,0,1),(3172,NULL,'2032-04',2032,4,'2032-04-01','2032-04-30',NULL,NULL,40815,0,NULL,1,0,0,1),(3173,NULL,'2032-05',2032,5,'2032-05-01','2032-05-31',NULL,NULL,40815,0,NULL,1,0,0,1),(3174,NULL,'2032-06',2032,6,'2032-06-01','2032-06-30',NULL,NULL,40815,0,NULL,1,0,0,1),(3175,NULL,'2032-07',2032,7,'2032-07-01','2032-07-31',NULL,NULL,40815,0,NULL,1,0,0,1),(3176,NULL,'2032-08',2032,8,'2032-08-01','2032-08-31',NULL,NULL,40815,0,NULL,1,0,0,1),(3177,NULL,'2032-09',2032,9,'2032-09-01','2032-09-30',NULL,NULL,40815,0,NULL,1,0,0,1),(3178,NULL,'2032-10',2032,10,'2032-10-01','2032-10-31',NULL,NULL,40815,0,NULL,1,0,0,1),(3179,NULL,'2032-11',2032,11,'2032-11-01','2032-11-30',NULL,NULL,40815,0,NULL,1,0,0,1);
INSERT INTO `periods` VALUES (3180,NULL,'2032-12',2032,12,'2032-12-01','2032-12-31',NULL,NULL,40815,0,NULL,1,0,0,1),(3184,NULL,'2033-01',2033,1,'2033-01-01','2033-01-31',NULL,NULL,40815,0,NULL,1,0,0,1),(3185,NULL,'2033-02',2033,2,'2033-02-01','2033-02-28',NULL,NULL,40815,0,NULL,1,0,0,1),(3186,NULL,'2033-03',2033,3,'2033-03-01','2033-03-31',NULL,NULL,40815,0,NULL,1,0,0,1),(3187,NULL,'2033-04',2033,4,'2033-04-01','2033-04-30',NULL,NULL,40815,0,NULL,1,0,0,1),(3188,NULL,'2033-05',2033,5,'2033-05-01','2033-05-31',NULL,NULL,40815,0,NULL,1,0,0,1),(3189,NULL,'2033-06',2033,6,'2033-06-01','2033-06-30',NULL,NULL,40815,0,NULL,1,0,0,1),(3190,NULL,'2033-07',2033,7,'2033-07-01','2033-07-31',NULL,NULL,40815,0,NULL,1,0,0,1),(3191,NULL,'2033-08',2033,8,'2033-08-01','2033-08-31',NULL,NULL,40815,0,NULL,1,0,0,1),(3192,NULL,'2033-09',2033,9,'2033-09-01','2033-09-30',NULL,NULL,40815,0,NULL,1,0,0,1),(3193,NULL,'2033-10',2033,10,'2033-10-01','2033-10-31',NULL,NULL,40815,0,NULL,1,0,0,1),(3194,NULL,'2033-11',2033,11,'2033-11-01','2033-11-30',NULL,NULL,40815,0,NULL,1,0,0,1),(3195,NULL,'2033-12',2033,12,'2033-12-01','2033-12-31',NULL,NULL,40815,0,NULL,1,0,0,1),(3199,NULL,'2034-01',2034,1,'2034-01-01','2034-01-31',NULL,NULL,40815,0,NULL,1,0,0,1),(3200,NULL,'2034-02',2034,2,'2034-02-01','2034-02-28',NULL,NULL,40815,0,NULL,1,0,0,1),(3201,NULL,'2034-03',2034,3,'2034-03-01','2034-03-31',NULL,NULL,40815,0,NULL,1,0,0,1),(3202,NULL,'2034-04',2034,4,'2034-04-01','2034-04-30',NULL,NULL,40815,0,NULL,1,0,0,1),(3203,NULL,'2034-05',2034,5,'2034-05-01','2034-05-31',NULL,NULL,40815,0,NULL,1,0,0,1),(3204,NULL,'2034-06',2034,6,'2034-06-01','2034-06-30',NULL,NULL,40815,0,NULL,1,0,0,1),(3205,NULL,'2034-07',2034,7,'2034-07-01','2034-07-31',NULL,NULL,40815,0,NULL,1,0,0,1),(3206,NULL,'2034-08',2034,8,'2034-08-01','2034-08-31',NULL,NULL,40815,0,NULL,1,0,0,1),(3207,NULL,'2034-09',2034,9,'2034-09-01','2034-09-30',NULL,NULL,40815,0,NULL,1,0,0,1),(3208,NULL,'2034-10',2034,10,'2034-10-01','2034-10-31',NULL,NULL,40815,0,NULL,1,0,0,1),(3209,NULL,'2034-11',2034,11,'2034-11-01','2034-11-30',NULL,NULL,40815,0,NULL,1,0,0,1),(3210,NULL,'2034-12',2034,12,'2034-12-01','2034-12-31',NULL,NULL,40815,0,NULL,1,0,0,1),(3214,NULL,'2035-01',2035,1,'2035-01-01','2035-01-31',NULL,NULL,40815,0,NULL,1,0,0,1),(3215,NULL,'2035-02',2035,2,'2035-02-01','2035-02-28',NULL,NULL,40815,0,NULL,1,0,0,1),(3216,NULL,'2035-03',2035,3,'2035-03-01','2035-03-31',NULL,NULL,40815,0,NULL,1,0,0,1),(3217,NULL,'2035-04',2035,4,'2035-04-01','2035-04-30',NULL,NULL,40815,0,NULL,1,0,0,1),(3218,NULL,'2035-05',2035,5,'2035-05-01','2035-05-31',NULL,NULL,40815,0,NULL,1,0,0,1),(3219,NULL,'2035-06',2035,6,'2035-06-01','2035-06-30',NULL,NULL,40815,0,NULL,1,0,0,1),(3220,NULL,'2035-07',2035,7,'2035-07-01','2035-07-31',NULL,NULL,40815,0,NULL,1,0,0,1),(3221,NULL,'2035-08',2035,8,'2035-08-01','2035-08-31',NULL,NULL,40815,0,NULL,1,0,0,1),(3222,NULL,'2035-09',2035,9,'2035-09-01','2035-09-30',NULL,NULL,40815,0,NULL,1,0,0,1),(3223,NULL,'2035-10',2035,10,'2035-10-01','2035-10-31',NULL,NULL,40815,0,NULL,1,0,0,1),(3224,NULL,'2035-11',2035,11,'2035-11-01','2035-11-30',NULL,NULL,40815,0,NULL,1,0,0,1),(3225,NULL,'2035-12',2035,12,'2035-12-01','2035-12-31',NULL,NULL,40815,0,NULL,1,0,0,1),(3229,NULL,'2036-01',2036,1,'2036-01-01','2036-01-31',NULL,NULL,40815,0,NULL,1,0,0,1),(3230,NULL,'2036-02',2036,2,'2036-02-01','2036-02-28',NULL,NULL,40815,0,NULL,1,0,0,1),(3231,NULL,'2036-03',2036,3,'2036-03-01','2036-03-31',NULL,NULL,40815,0,NULL,1,0,0,1),(3232,NULL,'2036-04',2036,4,'2036-04-01','2036-04-30',NULL,NULL,40815,0,NULL,1,0,0,1),(3233,NULL,'2036-05',2036,5,'2036-05-01','2036-05-31',NULL,NULL,40815,0,NULL,1,0,0,1),(3234,NULL,'2036-06',2036,6,'2036-06-01','2036-06-30',NULL,NULL,40815,0,NULL,1,0,0,1),(3235,NULL,'2036-07',2036,7,'2036-07-01','2036-07-31',NULL,NULL,40815,0,NULL,1,0,0,1),(3236,NULL,'2036-08',2036,8,'2036-08-01','2036-08-31',NULL,NULL,40815,0,NULL,1,0,0,1),(3237,NULL,'2036-09',2036,9,'2036-09-01','2036-09-30',NULL,NULL,40815,0,NULL,1,0,0,1);
INSERT INTO `periods` VALUES (3238,NULL,'2036-10',2036,10,'2036-10-01','2036-10-31',NULL,NULL,40815,0,NULL,1,0,0,1),(3239,NULL,'2036-11',2036,11,'2036-11-01','2036-11-30',NULL,NULL,40815,0,NULL,1,0,0,1),(3240,NULL,'2036-12',2036,12,'2036-12-01','2036-12-31',NULL,NULL,40815,0,NULL,1,0,0,1),(3244,NULL,'2037-01',2037,1,'2037-01-01','2037-01-31',NULL,NULL,40815,0,NULL,1,0,0,1),(3245,NULL,'2037-02',2037,2,'2037-02-01','2037-02-28',NULL,NULL,40815,0,NULL,1,0,0,1),(3246,NULL,'2037-03',2037,3,'2037-03-01','2037-03-31',NULL,NULL,40815,0,NULL,1,0,0,1),(3247,NULL,'2037-04',2037,4,'2037-04-01','2037-04-30',NULL,NULL,40815,0,NULL,1,0,0,1),(3248,NULL,'2037-05',2037,5,'2037-05-01','2037-05-31',NULL,NULL,40815,0,NULL,1,0,0,1),(3249,NULL,'2037-06',2037,6,'2037-06-01','2037-06-30',NULL,NULL,40815,0,NULL,1,0,0,1),(3250,NULL,'2037-07',2037,7,'2037-07-01','2037-07-31',NULL,NULL,40815,0,NULL,1,0,0,1),(3251,NULL,'2037-08',2037,8,'2037-08-01','2037-08-31',NULL,NULL,40815,0,NULL,1,0,0,1),(3252,NULL,'2037-09',2037,9,'2037-09-01','2037-09-30',NULL,NULL,40815,0,NULL,1,0,0,1),(3253,NULL,'2037-10',2037,10,'2037-10-01','2037-10-31',NULL,NULL,40815,0,NULL,1,0,0,1),(3254,NULL,'2037-11',2037,11,'2037-11-01','2037-11-30',NULL,NULL,40815,0,NULL,1,0,0,1),(3255,NULL,'2037-12',2037,12,'2037-12-01','2037-12-31',NULL,NULL,40815,0,NULL,1,0,0,1),(3259,NULL,'2038-01',2038,1,'2038-01-01','2038-01-31',NULL,NULL,40815,0,NULL,1,0,0,1),(3260,NULL,'2038-02',2038,2,'2038-02-01','2038-02-28',NULL,NULL,40815,0,NULL,1,0,0,1),(3261,NULL,'2038-03',2038,3,'2038-03-01','2038-03-31',NULL,NULL,40815,0,NULL,1,0,0,1),(3262,NULL,'2038-04',2038,4,'2038-04-01','2038-04-30',NULL,NULL,40815,0,NULL,1,0,0,1),(3263,NULL,'2038-05',2038,5,'2038-05-01','2038-05-31',NULL,NULL,40815,0,NULL,1,0,0,1),(3264,NULL,'2038-06',2038,6,'2038-06-01','2038-06-30',NULL,NULL,40815,0,NULL,1,0,0,1),(3265,NULL,'2038-07',2038,7,'2038-07-01','2038-07-31',NULL,NULL,40815,0,NULL,1,0,0,1),(3266,NULL,'2038-08',2038,8,'2038-08-01','2038-08-31',NULL,NULL,40815,0,NULL,1,0,0,1),(3267,NULL,'2038-09',2038,9,'2038-09-01','2038-09-30',NULL,NULL,40815,0,NULL,1,0,0,1),(3268,NULL,'2038-10',2038,10,'2038-10-01','2038-10-31',NULL,NULL,40815,0,NULL,1,0,0,1),(3269,NULL,'2038-11',2038,11,'2038-11-01','2038-11-30',NULL,NULL,40815,0,NULL,1,0,0,1),(3270,NULL,'2038-12',2038,12,'2038-12-01','2038-12-31',NULL,NULL,40815,0,NULL,1,0,0,1),(3274,NULL,'2039-01',2039,1,'2039-01-01','2039-01-31',NULL,NULL,40815,0,NULL,1,0,0,1),(3275,NULL,'2039-02',2039,2,'2039-02-01','2039-02-28',NULL,NULL,40815,0,NULL,1,0,0,1),(3276,NULL,'2039-03',2039,3,'2039-03-01','2039-03-31',NULL,NULL,40815,0,NULL,1,0,0,1),(3277,NULL,'2039-04',2039,4,'2039-04-01','2039-04-30',NULL,NULL,40815,0,NULL,1,0,0,1),(3278,NULL,'2039-05',2039,5,'2039-05-01','2039-05-31',NULL,NULL,40815,0,NULL,1,0,0,1),(3279,NULL,'2039-06',2039,6,'2039-06-01','2039-06-30',NULL,NULL,40815,0,NULL,1,0,0,1),(3280,NULL,'2039-07',2039,7,'2039-07-01','2039-07-31',NULL,NULL,40815,0,NULL,1,0,0,1),(3281,NULL,'2039-08',2039,8,'2039-08-01','2039-08-31',NULL,NULL,40815,0,NULL,1,0,0,1),(3282,NULL,'2039-09',2039,9,'2039-09-01','2039-09-30',NULL,NULL,40815,0,NULL,1,0,0,1),(3283,NULL,'2039-10',2039,10,'2039-10-01','2039-10-31',NULL,NULL,40815,0,NULL,1,0,0,1),(3284,NULL,'2039-11',2039,11,'2039-11-01','2039-11-30',NULL,NULL,40815,0,NULL,1,0,0,1),(3285,NULL,'2039-12',2039,12,'2039-12-01','2039-12-31',NULL,NULL,40815,0,NULL,1,0,0,1),(3289,NULL,'2040-01',2040,1,'2040-01-01','2040-01-31',NULL,NULL,40815,0,NULL,1,0,0,1),(3290,NULL,'2040-02',2040,2,'2040-02-01','2040-02-28',NULL,NULL,40815,0,NULL,1,0,0,1),(3291,NULL,'2040-03',2040,3,'2040-03-01','2040-03-31',NULL,NULL,40815,0,NULL,1,0,0,1),(3292,NULL,'2040-04',2040,4,'2040-04-01','2040-04-30',NULL,NULL,40815,0,NULL,1,0,0,1),(3293,NULL,'2040-05',2040,5,'2040-05-01','2040-05-31',NULL,NULL,40815,0,NULL,1,0,0,1),(3294,NULL,'2040-06',2040,6,'2040-06-01','2040-06-30',NULL,NULL,40815,0,NULL,1,0,0,1),(3295,NULL,'2040-07',2040,7,'2040-07-01','2040-07-31',NULL,NULL,40815,0,NULL,1,0,0,1);
INSERT INTO `periods` VALUES (3296,NULL,'2040-08',2040,8,'2040-08-01','2040-08-31',NULL,NULL,40815,0,NULL,1,0,0,1),(3297,NULL,'2040-09',2040,9,'2040-09-01','2040-09-30',NULL,NULL,40815,0,NULL,1,0,0,1),(3298,NULL,'2040-10',2040,10,'2040-10-01','2040-10-31',NULL,NULL,40815,0,NULL,1,0,0,1),(3299,NULL,'2040-11',2040,11,'2040-11-01','2040-11-30',NULL,NULL,40815,0,NULL,1,0,0,1),(3300,NULL,'2040-12',2040,12,'2040-12-01','2040-12-31',NULL,NULL,40815,0,NULL,1,0,0,1),(3304,NULL,'2041-01',2041,1,'2041-01-01','2041-01-31',NULL,NULL,40815,0,NULL,1,0,0,1),(3305,NULL,'2041-02',2041,2,'2041-02-01','2041-02-28',NULL,NULL,40815,0,NULL,1,0,0,1),(3306,NULL,'2041-03',2041,3,'2041-03-01','2041-03-31',NULL,NULL,40815,0,NULL,1,0,0,1),(3307,NULL,'2041-04',2041,4,'2041-04-01','2041-04-30',NULL,NULL,40815,0,NULL,1,0,0,1),(3308,NULL,'2041-05',2041,5,'2041-05-01','2041-05-31',NULL,NULL,40815,0,NULL,1,0,0,1),(3309,NULL,'2041-06',2041,6,'2041-06-01','2041-06-30',NULL,NULL,40815,0,NULL,1,0,0,1),(3310,NULL,'2041-07',2041,7,'2041-07-01','2041-07-31',NULL,NULL,40815,0,NULL,1,0,0,1),(3311,NULL,'2041-08',2041,8,'2041-08-01','2041-08-31',NULL,NULL,40815,0,NULL,1,0,0,1),(3312,NULL,'2041-09',2041,9,'2041-09-01','2041-09-30',NULL,NULL,40815,0,NULL,1,0,0,1),(3313,NULL,'2041-10',2041,10,'2041-10-01','2041-10-31',NULL,NULL,40815,0,NULL,1,0,0,1),(3314,NULL,'2041-11',2041,11,'2041-11-01','2041-11-30',NULL,NULL,40815,0,NULL,1,0,0,1),(3315,NULL,'2041-12',2041,12,'2041-12-01','2041-12-31',NULL,NULL,40815,0,NULL,1,0,0,1),(3319,NULL,'2042-01',2042,1,'2042-01-01','2042-01-31',NULL,NULL,40815,0,NULL,1,0,0,1),(3320,NULL,'2042-02',2042,2,'2042-02-01','2042-02-28',NULL,NULL,40815,0,NULL,1,0,0,1),(3321,NULL,'2042-03',2042,3,'2042-03-01','2042-03-31',NULL,NULL,40815,0,NULL,1,0,0,1),(3322,NULL,'2042-04',2042,4,'2042-04-01','2042-04-30',NULL,NULL,40815,0,NULL,1,0,0,1),(3323,NULL,'2042-05',2042,5,'2042-05-01','2042-05-31',NULL,NULL,40815,0,NULL,1,0,0,1),(3324,NULL,'2042-06',2042,6,'2042-06-01','2042-06-30',NULL,NULL,40815,0,NULL,1,0,0,1),(3325,NULL,'2042-07',2042,7,'2042-07-01','2042-07-31',NULL,NULL,40815,0,NULL,1,0,0,1),(3326,NULL,'2042-08',2042,8,'2042-08-01','2042-08-31',NULL,NULL,40815,0,NULL,1,0,0,1),(3327,NULL,'2042-09',2042,9,'2042-09-01','2042-09-30',NULL,NULL,40815,0,NULL,1,0,0,1),(3328,NULL,'2042-10',2042,10,'2042-10-01','2042-10-31',NULL,NULL,40815,0,NULL,1,0,0,1),(3329,NULL,'2042-11',2042,11,'2042-11-01','2042-11-30',NULL,NULL,40815,0,NULL,1,0,0,1),(3330,NULL,'2042-12',2042,12,'2042-12-01','2042-12-31',NULL,NULL,40815,0,NULL,1,0,0,1),(3334,NULL,'2043-01',2043,1,'2043-01-01','2043-01-31',NULL,NULL,40815,0,NULL,1,0,0,1),(3335,NULL,'2043-02',2043,2,'2043-02-01','2043-02-28',NULL,NULL,40815,0,NULL,1,0,0,1),(3336,NULL,'2043-03',2043,3,'2043-03-01','2043-03-31',NULL,NULL,40815,0,NULL,1,0,0,1),(3337,NULL,'2043-04',2043,4,'2043-04-01','2043-04-30',NULL,NULL,40815,0,NULL,1,0,0,1),(3338,NULL,'2043-05',2043,5,'2043-05-01','2043-05-31',NULL,NULL,40815,0,NULL,1,0,0,1),(3339,NULL,'2043-06',2043,6,'2043-06-01','2043-06-30',NULL,NULL,40815,0,NULL,1,0,0,1),(3340,NULL,'2043-07',2043,7,'2043-07-01','2043-07-31',NULL,NULL,40815,0,NULL,1,0,0,1),(3341,NULL,'2043-08',2043,8,'2043-08-01','2043-08-31',NULL,NULL,40815,0,NULL,1,0,0,1),(3342,NULL,'2043-09',2043,9,'2043-09-01','2043-09-30',NULL,NULL,40815,0,NULL,1,0,0,1),(3343,NULL,'2043-10',2043,10,'2043-10-01','2043-10-31',NULL,NULL,40815,0,NULL,1,0,0,1),(3344,NULL,'2043-11',2043,11,'2043-11-01','2043-11-30',NULL,NULL,40815,0,NULL,1,0,0,1),(3345,NULL,'2043-12',2043,12,'2043-12-01','2043-12-31',NULL,NULL,40815,0,NULL,1,0,0,1),(3349,NULL,'2044-01',2044,1,'2044-01-01','2044-01-31',NULL,NULL,40815,0,NULL,1,0,0,1),(3350,NULL,'2044-02',2044,2,'2044-02-01','2044-02-28',NULL,NULL,40815,0,NULL,1,0,0,1),(3351,NULL,'2044-03',2044,3,'2044-03-01','2044-03-31',NULL,NULL,40815,0,NULL,1,0,0,1),(3352,NULL,'2044-04',2044,4,'2044-04-01','2044-04-30',NULL,NULL,40815,0,NULL,1,0,0,1),(3353,NULL,'2044-05',2044,5,'2044-05-01','2044-05-31',NULL,NULL,40815,0,NULL,1,0,0,1);
INSERT INTO `periods` VALUES (3354,NULL,'2044-06',2044,6,'2044-06-01','2044-06-30',NULL,NULL,40815,0,NULL,1,0,0,1),(3355,NULL,'2044-07',2044,7,'2044-07-01','2044-07-31',NULL,NULL,40815,0,NULL,1,0,0,1),(3356,NULL,'2044-08',2044,8,'2044-08-01','2044-08-31',NULL,NULL,40815,0,NULL,1,0,0,1),(3357,NULL,'2044-09',2044,9,'2044-09-01','2044-09-30',NULL,NULL,40815,0,NULL,1,0,0,1),(3358,NULL,'2044-10',2044,10,'2044-10-01','2044-10-31',NULL,NULL,40815,0,NULL,1,0,0,1),(3359,NULL,'2044-11',2044,11,'2044-11-01','2044-11-30',NULL,NULL,40815,0,NULL,1,0,0,1),(3360,NULL,'2044-12',2044,12,'2044-12-01','2044-12-31',NULL,NULL,40815,0,NULL,1,0,0,1),(3364,NULL,'2045-01',2045,1,'2045-01-01','2045-01-31',NULL,NULL,40815,0,NULL,1,0,0,1),(3365,NULL,'2045-02',2045,2,'2045-02-01','2045-02-28',NULL,NULL,40815,0,NULL,1,0,0,1),(3366,NULL,'2045-03',2045,3,'2045-03-01','2045-03-31',NULL,NULL,40815,0,NULL,1,0,0,1),(3367,NULL,'2045-04',2045,4,'2045-04-01','2045-04-30',NULL,NULL,40815,0,NULL,1,0,0,1),(3368,NULL,'2045-05',2045,5,'2045-05-01','2045-05-31',NULL,NULL,40815,0,NULL,1,0,0,1),(3369,NULL,'2045-06',2045,6,'2045-06-01','2045-06-30',NULL,NULL,40815,0,NULL,1,0,0,1),(3370,NULL,'2045-07',2045,7,'2045-07-01','2045-07-31',NULL,NULL,40815,0,NULL,1,0,0,1),(3371,NULL,'2045-08',2045,8,'2045-08-01','2045-08-31',NULL,NULL,40815,0,NULL,1,0,0,1),(3372,NULL,'2045-09',2045,9,'2045-09-01','2045-09-30',NULL,NULL,40815,0,NULL,1,0,0,1),(3373,NULL,'2045-10',2045,10,'2045-10-01','2045-10-31',NULL,NULL,40815,0,NULL,1,0,0,1),(3374,NULL,'2045-11',2045,11,'2045-11-01','2045-11-30',NULL,NULL,40815,0,NULL,1,0,0,1),(3375,NULL,'2045-12',2045,12,'2045-12-01','2045-12-31',NULL,NULL,40815,0,NULL,1,0,0,1),(3379,NULL,'2046-01',2046,1,'2046-01-01','2046-01-31',NULL,NULL,40815,0,NULL,1,0,0,1),(3380,NULL,'2046-02',2046,2,'2046-02-01','2046-02-28',NULL,NULL,40815,0,NULL,1,0,0,1),(3381,NULL,'2046-03',2046,3,'2046-03-01','2046-03-31',NULL,NULL,40815,0,NULL,1,0,0,1),(3382,NULL,'2046-04',2046,4,'2046-04-01','2046-04-30',NULL,NULL,40815,0,NULL,1,0,0,1),(3383,NULL,'2046-05',2046,5,'2046-05-01','2046-05-31',NULL,NULL,40815,0,NULL,1,0,0,1),(3384,NULL,'2046-06',2046,6,'2046-06-01','2046-06-30',NULL,NULL,40815,0,NULL,1,0,0,1),(3385,NULL,'2046-07',2046,7,'2046-07-01','2046-07-31',NULL,NULL,40815,0,NULL,1,0,0,1),(3386,NULL,'2046-08',2046,8,'2046-08-01','2046-08-31',NULL,NULL,40815,0,NULL,1,0,0,1),(3387,NULL,'2046-09',2046,9,'2046-09-01','2046-09-30',NULL,NULL,40815,0,NULL,1,0,0,1),(3388,NULL,'2046-10',2046,10,'2046-10-01','2046-10-31',NULL,NULL,40815,0,NULL,1,0,0,1),(3389,NULL,'2046-11',2046,11,'2046-11-01','2046-11-30',NULL,NULL,40815,0,NULL,1,0,0,1),(3390,NULL,'2046-12',2046,12,'2046-12-01','2046-12-31',NULL,NULL,40815,0,NULL,1,0,0,1),(3394,NULL,'2047-01',2047,1,'2047-01-01','2047-01-31',NULL,NULL,40815,0,NULL,1,0,0,1),(3395,NULL,'2047-02',2047,2,'2047-02-01','2047-02-28',NULL,NULL,40815,0,NULL,1,0,0,1),(3396,NULL,'2047-03',2047,3,'2047-03-01','2047-03-31',NULL,NULL,40815,0,NULL,1,0,0,1),(3397,NULL,'2047-04',2047,4,'2047-04-01','2047-04-30',NULL,NULL,40815,0,NULL,1,0,0,1),(3398,NULL,'2047-05',2047,5,'2047-05-01','2047-05-31',NULL,NULL,40815,0,NULL,1,0,0,1),(3399,NULL,'2047-06',2047,6,'2047-06-01','2047-06-30',NULL,NULL,40815,0,NULL,1,0,0,1),(3400,NULL,'2047-07',2047,7,'2047-07-01','2047-07-31',NULL,NULL,40815,0,NULL,1,0,0,1),(3401,NULL,'2047-08',2047,8,'2047-08-01','2047-08-31',NULL,NULL,40815,0,NULL,1,0,0,1),(3402,NULL,'2047-09',2047,9,'2047-09-01','2047-09-30',NULL,NULL,40815,0,NULL,1,0,0,1),(3403,NULL,'2047-10',2047,10,'2047-10-01','2047-10-31',NULL,NULL,40815,0,NULL,1,0,0,1),(3404,NULL,'2047-11',2047,11,'2047-11-01','2047-11-30',NULL,NULL,40815,0,NULL,1,0,0,1),(3405,NULL,'2047-12',2047,12,'2047-12-01','2047-12-31',NULL,NULL,40815,0,NULL,1,0,0,1),(3409,NULL,'2048-01',2048,1,'2048-01-01','2048-01-31',NULL,NULL,40815,0,NULL,1,0,0,1),(3410,NULL,'2048-02',2048,2,'2048-02-01','2048-02-28',NULL,NULL,40815,0,NULL,1,0,0,1),(3411,NULL,'2048-03',2048,3,'2048-03-01','2048-03-31',NULL,NULL,40815,0,NULL,1,0,0,1);
INSERT INTO `periods` VALUES (3412,NULL,'2048-04',2048,4,'2048-04-01','2048-04-30',NULL,NULL,40815,0,NULL,1,0,0,1),(3413,NULL,'2048-05',2048,5,'2048-05-01','2048-05-31',NULL,NULL,40815,0,NULL,1,0,0,1),(3414,NULL,'2048-06',2048,6,'2048-06-01','2048-06-30',NULL,NULL,40815,0,NULL,1,0,0,1),(3415,NULL,'2048-07',2048,7,'2048-07-01','2048-07-31',NULL,NULL,40815,0,NULL,1,0,0,1),(3416,NULL,'2048-08',2048,8,'2048-08-01','2048-08-31',NULL,NULL,40815,0,NULL,1,0,0,1),(3417,NULL,'2048-09',2048,9,'2048-09-01','2048-09-30',NULL,NULL,40815,0,NULL,1,0,0,1),(3418,NULL,'2048-10',2048,10,'2048-10-01','2048-10-31',NULL,NULL,40815,0,NULL,1,0,0,1),(3419,NULL,'2048-11',2048,11,'2048-11-01','2048-11-30',NULL,NULL,40815,0,NULL,1,0,0,1),(3420,NULL,'2048-12',2048,12,'2048-12-01','2048-12-31',NULL,NULL,40815,0,NULL,1,0,0,1),(3424,NULL,'2049-01',2049,1,'2049-01-01','2049-01-31',NULL,NULL,40815,0,NULL,1,0,0,1),(3425,NULL,'2049-02',2049,2,'2049-02-01','2049-02-28',NULL,NULL,40815,0,NULL,1,0,0,1),(3426,NULL,'2049-03',2049,3,'2049-03-01','2049-03-31',NULL,NULL,40815,0,NULL,1,0,0,1),(3427,NULL,'2049-04',2049,4,'2049-04-01','2049-04-30',NULL,NULL,40815,0,NULL,1,0,0,1),(3428,NULL,'2049-05',2049,5,'2049-05-01','2049-05-31',NULL,NULL,40815,0,NULL,1,0,0,1),(3429,NULL,'2049-06',2049,6,'2049-06-01','2049-06-30',NULL,NULL,40815,0,NULL,1,0,0,1),(3430,NULL,'2049-07',2049,7,'2049-07-01','2049-07-31',NULL,NULL,40815,0,NULL,1,0,0,1),(3431,NULL,'2049-08',2049,8,'2049-08-01','2049-08-31',NULL,NULL,40815,0,NULL,1,0,0,1),(3432,NULL,'2049-09',2049,9,'2049-09-01','2049-09-30',NULL,NULL,40815,0,NULL,1,0,0,1),(3433,NULL,'2049-10',2049,10,'2049-10-01','2049-10-31',NULL,NULL,40815,0,NULL,1,0,0,1),(3434,NULL,'2049-11',2049,11,'2049-11-01','2049-11-30',NULL,NULL,40815,0,NULL,1,0,0,1),(3435,NULL,'2049-12',2049,12,'2049-12-01','2049-12-31',NULL,NULL,40815,0,NULL,1,0,0,1),(3439,NULL,'2050-01',2050,1,'2050-01-01','2050-01-31',NULL,NULL,40815,0,NULL,1,0,0,1),(3440,NULL,'2050-02',2050,2,'2050-02-01','2050-02-28',NULL,NULL,40815,0,NULL,1,0,0,1),(3441,NULL,'2050-03',2050,3,'2050-03-01','2050-03-31',NULL,NULL,40815,0,NULL,1,0,0,1),(3442,NULL,'2050-04',2050,4,'2050-04-01','2050-04-30',NULL,NULL,40815,0,NULL,1,0,0,1),(3443,NULL,'2050-05',2050,5,'2050-05-01','2050-05-31',NULL,NULL,40815,0,NULL,1,0,0,1),(3444,NULL,'2050-06',2050,6,'2050-06-01','2050-06-30',NULL,NULL,40815,0,NULL,1,0,0,1),(3445,NULL,'2050-07',2050,7,'2050-07-01','2050-07-31',NULL,NULL,40815,0,NULL,1,0,0,1),(3446,NULL,'2050-08',2050,8,'2050-08-01','2050-08-31',NULL,NULL,40815,0,NULL,1,0,0,1),(3447,NULL,'2050-09',2050,9,'2050-09-01','2050-09-30',NULL,NULL,40815,0,NULL,1,0,0,1),(3448,NULL,'2050-10',2050,10,'2050-10-01','2050-10-31',NULL,NULL,40815,0,NULL,1,0,0,1),(3449,NULL,'2050-11',2050,11,'2050-11-01','2050-11-30',NULL,NULL,40815,0,NULL,1,0,0,1),(3450,NULL,'2050-12',2050,12,'2050-12-01','2050-12-31',NULL,NULL,40815,0,NULL,1,0,0,1),(3454,NULL,'2051-01',2051,1,'2051-01-01','2051-01-31',NULL,NULL,40815,0,NULL,1,0,0,1),(3455,NULL,'2051-02',2051,2,'2051-02-01','2051-02-28',NULL,NULL,40815,0,NULL,1,0,0,1),(3456,NULL,'2051-03',2051,3,'2051-03-01','2051-03-31',NULL,NULL,40815,0,NULL,1,0,0,1),(3457,NULL,'2051-04',2051,4,'2051-04-01','2051-04-30',NULL,NULL,40815,0,NULL,1,0,0,1),(3458,NULL,'2051-05',2051,5,'2051-05-01','2051-05-31',NULL,NULL,40815,0,NULL,1,0,0,1),(3459,NULL,'2051-06',2051,6,'2051-06-01','2051-06-30',NULL,NULL,40815,0,NULL,1,0,0,1),(3460,NULL,'2051-07',2051,7,'2051-07-01','2051-07-31',NULL,NULL,40815,0,NULL,1,0,0,1),(3461,NULL,'2051-08',2051,8,'2051-08-01','2051-08-31',NULL,NULL,40815,0,NULL,1,0,0,1),(3462,NULL,'2051-09',2051,9,'2051-09-01','2051-09-30',NULL,NULL,40815,0,NULL,1,0,0,1),(3463,NULL,'2051-10',2051,10,'2051-10-01','2051-10-31',NULL,NULL,40815,0,NULL,1,0,0,1),(3464,NULL,'2051-11',2051,11,'2051-11-01','2051-11-30',NULL,NULL,40815,0,NULL,1,0,0,1),(3465,NULL,'2051-12',2051,12,'2051-12-01','2051-12-31',NULL,NULL,40815,0,NULL,1,0,0,1),(3469,NULL,'2052-01',2052,1,'2052-01-01','2052-01-31',NULL,NULL,40815,0,NULL,1,0,0,1);
INSERT INTO `periods` VALUES (3470,NULL,'2052-02',2052,2,'2052-02-01','2052-02-28',NULL,NULL,40815,0,NULL,1,0,0,1),(3471,NULL,'2052-03',2052,3,'2052-03-01','2052-03-31',NULL,NULL,40815,0,NULL,1,0,0,1),(3472,NULL,'2052-04',2052,4,'2052-04-01','2052-04-30',NULL,NULL,40815,0,NULL,1,0,0,1),(3473,NULL,'2052-05',2052,5,'2052-05-01','2052-05-31',NULL,NULL,40815,0,NULL,1,0,0,1),(3474,NULL,'2052-06',2052,6,'2052-06-01','2052-06-30',NULL,NULL,40815,0,NULL,1,0,0,1),(3475,NULL,'2052-07',2052,7,'2052-07-01','2052-07-31',NULL,NULL,40815,0,NULL,1,0,0,1),(3476,NULL,'2052-08',2052,8,'2052-08-01','2052-08-31',NULL,NULL,40815,0,NULL,1,0,0,1),(3477,NULL,'2052-09',2052,9,'2052-09-01','2052-09-30',NULL,NULL,40815,0,NULL,1,0,0,1),(3478,NULL,'2052-10',2052,10,'2052-10-01','2052-10-31',NULL,NULL,40815,0,NULL,1,0,0,1),(3479,NULL,'2052-11',2052,11,'2052-11-01','2052-11-30',NULL,NULL,40815,0,NULL,1,0,0,1),(3480,NULL,'2052-12',2052,12,'2052-12-01','2052-12-31',NULL,NULL,40815,0,NULL,1,0,0,1),(3484,NULL,'2053-01',2053,1,'2053-01-01','2053-01-31',NULL,NULL,40815,0,NULL,1,0,0,1),(3485,NULL,'2053-02',2053,2,'2053-02-01','2053-02-28',NULL,NULL,40815,0,NULL,1,0,0,1),(3486,NULL,'2053-03',2053,3,'2053-03-01','2053-03-31',NULL,NULL,40815,0,NULL,1,0,0,1),(3487,NULL,'2053-04',2053,4,'2053-04-01','2053-04-30',NULL,NULL,40815,0,NULL,1,0,0,1),(3488,NULL,'2053-05',2053,5,'2053-05-01','2053-05-31',NULL,NULL,40815,0,NULL,1,0,0,1),(3489,NULL,'2053-06',2053,6,'2053-06-01','2053-06-30',NULL,NULL,40815,0,NULL,1,0,0,1),(3490,NULL,'2053-07',2053,7,'2053-07-01','2053-07-31',NULL,NULL,40815,0,NULL,1,0,0,1),(3491,NULL,'2053-08',2053,8,'2053-08-01','2053-08-31',NULL,NULL,40815,0,NULL,1,0,0,1),(3492,NULL,'2053-09',2053,9,'2053-09-01','2053-09-30',NULL,NULL,40815,0,NULL,1,0,0,1),(3493,NULL,'2053-10',2053,10,'2053-10-01','2053-10-31',NULL,NULL,40815,0,NULL,1,0,0,1),(3494,NULL,'2053-11',2053,11,'2053-11-01','2053-11-30',NULL,NULL,40815,0,NULL,1,0,0,1),(3495,NULL,'2053-12',2053,12,'2053-12-01','2053-12-31',NULL,NULL,40815,0,NULL,1,0,0,1),(3499,NULL,'2054-01',2054,1,'2054-01-01','2054-01-31',NULL,NULL,40815,0,NULL,1,0,0,1),(3500,NULL,'2054-02',2054,2,'2054-02-01','2054-02-28',NULL,NULL,40815,0,NULL,1,0,0,1),(3501,NULL,'2054-03',2054,3,'2054-03-01','2054-03-31',NULL,NULL,40815,0,NULL,1,0,0,1),(3502,NULL,'2054-04',2054,4,'2054-04-01','2054-04-30',NULL,NULL,40815,0,NULL,1,0,0,1),(3503,NULL,'2054-05',2054,5,'2054-05-01','2054-05-31',NULL,NULL,40815,0,NULL,1,0,0,1),(3504,NULL,'2054-06',2054,6,'2054-06-01','2054-06-30',NULL,NULL,40815,0,NULL,1,0,0,1),(3505,NULL,'2054-07',2054,7,'2054-07-01','2054-07-31',NULL,NULL,40815,0,NULL,1,0,0,1),(3506,NULL,'2054-08',2054,8,'2054-08-01','2054-08-31',NULL,NULL,40815,0,NULL,1,0,0,1),(3507,NULL,'2054-09',2054,9,'2054-09-01','2054-09-30',NULL,NULL,40815,0,NULL,1,0,0,1),(3508,NULL,'2054-10',2054,10,'2054-10-01','2054-10-31',NULL,NULL,40815,0,NULL,1,0,0,1),(3509,NULL,'2054-11',2054,11,'2054-11-01','2054-11-30',NULL,NULL,40815,0,NULL,1,0,0,1),(3510,NULL,'2054-12',2054,12,'2054-12-01','2054-12-31',NULL,NULL,40815,0,NULL,1,0,0,1),(3514,NULL,'2055-01',2055,1,'2055-01-01','2055-01-31',NULL,NULL,40815,0,NULL,1,0,0,1),(3515,NULL,'2055-02',2055,2,'2055-02-01','2055-02-28',NULL,NULL,40815,0,NULL,1,0,0,1),(3516,NULL,'2055-03',2055,3,'2055-03-01','2055-03-31',NULL,NULL,40815,0,NULL,1,0,0,1),(3517,NULL,'2055-04',2055,4,'2055-04-01','2055-04-30',NULL,NULL,40815,0,NULL,1,0,0,1),(3518,NULL,'2055-05',2055,5,'2055-05-01','2055-05-31',NULL,NULL,40815,0,NULL,1,0,0,1),(3519,NULL,'2055-06',2055,6,'2055-06-01','2055-06-30',NULL,NULL,40815,0,NULL,1,0,0,1),(3520,NULL,'2055-07',2055,7,'2055-07-01','2055-07-31',NULL,NULL,40815,0,NULL,1,0,0,1),(3521,NULL,'2055-08',2055,8,'2055-08-01','2055-08-31',NULL,NULL,40815,0,NULL,1,0,0,1),(3522,NULL,'2055-09',2055,9,'2055-09-01','2055-09-30',NULL,NULL,40815,0,NULL,1,0,0,1),(3523,NULL,'2055-10',2055,10,'2055-10-01','2055-10-31',NULL,NULL,40815,0,NULL,1,0,0,1),(3524,NULL,'2055-11',2055,11,'2055-11-01','2055-11-30',NULL,NULL,40815,0,NULL,1,0,0,1);
INSERT INTO `periods` VALUES (3525,NULL,'2055-12',2055,12,'2055-12-01','2055-12-31',NULL,NULL,40815,0,NULL,1,0,0,1),(3529,NULL,'2056-01',2056,1,'2056-01-01','2056-01-31',NULL,NULL,40815,0,NULL,1,0,0,1),(3530,NULL,'2056-02',2056,2,'2056-02-01','2056-02-28',NULL,NULL,40815,0,NULL,1,0,0,1),(3531,NULL,'2056-03',2056,3,'2056-03-01','2056-03-31',NULL,NULL,40815,0,NULL,1,0,0,1),(3532,NULL,'2056-04',2056,4,'2056-04-01','2056-04-30',NULL,NULL,40815,0,NULL,1,0,0,1),(3533,NULL,'2056-05',2056,5,'2056-05-01','2056-05-31',NULL,NULL,40815,0,NULL,1,0,0,1),(3534,NULL,'2056-06',2056,6,'2056-06-01','2056-06-30',NULL,NULL,40815,0,NULL,1,0,0,1),(3535,NULL,'2056-07',2056,7,'2056-07-01','2056-07-31',NULL,NULL,40815,0,NULL,1,0,0,1),(3536,NULL,'2056-08',2056,8,'2056-08-01','2056-08-31',NULL,NULL,40815,0,NULL,1,0,0,1),(3537,NULL,'2056-09',2056,9,'2056-09-01','2056-09-30',NULL,NULL,40815,0,NULL,1,0,0,1),(3538,NULL,'2056-10',2056,10,'2056-10-01','2056-10-31',NULL,NULL,40815,0,NULL,1,0,0,1),(3539,NULL,'2056-11',2056,11,'2056-11-01','2056-11-30',NULL,NULL,40815,0,NULL,1,0,0,1),(3540,NULL,'2056-12',2056,12,'2056-12-01','2056-12-31',NULL,NULL,40815,0,NULL,1,0,0,1),(3544,NULL,'2057-01',2057,1,'2057-01-01','2057-01-31',NULL,NULL,40815,0,NULL,1,0,0,1),(3545,NULL,'2057-02',2057,2,'2057-02-01','2057-02-28',NULL,NULL,40815,0,NULL,1,0,0,1),(3546,NULL,'2057-03',2057,3,'2057-03-01','2057-03-31',NULL,NULL,40815,0,NULL,1,0,0,1),(3547,NULL,'2057-04',2057,4,'2057-04-01','2057-04-30',NULL,NULL,40815,0,NULL,1,0,0,1),(3548,NULL,'2057-05',2057,5,'2057-05-01','2057-05-31',NULL,NULL,40815,0,NULL,1,0,0,1),(3549,NULL,'2057-06',2057,6,'2057-06-01','2057-06-30',NULL,NULL,40815,0,NULL,1,0,0,1),(3550,NULL,'2057-07',2057,7,'2057-07-01','2057-07-31',NULL,NULL,40815,0,NULL,1,0,0,1),(3551,NULL,'2057-08',2057,8,'2057-08-01','2057-08-31',NULL,NULL,40815,0,NULL,1,0,0,1),(3552,NULL,'2057-09',2057,9,'2057-09-01','2057-09-30',NULL,NULL,40815,0,NULL,1,0,0,1),(3553,NULL,'2057-10',2057,10,'2057-10-01','2057-10-31',NULL,NULL,40815,0,NULL,1,0,0,1),(3554,NULL,'2057-11',2057,11,'2057-11-01','2057-11-30',NULL,NULL,40815,0,NULL,1,0,0,1),(3555,NULL,'2057-12',2057,12,'2057-12-01','2057-12-31',NULL,NULL,40815,0,NULL,1,0,0,1),(3559,NULL,'2058-01',2058,1,'2058-01-01','2058-01-31',NULL,NULL,40815,0,NULL,1,0,0,1),(3560,NULL,'2058-02',2058,2,'2058-02-01','2058-02-28',NULL,NULL,40815,0,NULL,1,0,0,1),(3561,NULL,'2058-03',2058,3,'2058-03-01','2058-03-31',NULL,NULL,40815,0,NULL,1,0,0,1),(3562,NULL,'2058-04',2058,4,'2058-04-01','2058-04-30',NULL,NULL,40815,0,NULL,1,0,0,1),(3563,NULL,'2058-05',2058,5,'2058-05-01','2058-05-31',NULL,NULL,40815,0,NULL,1,0,0,1),(3564,NULL,'2058-06',2058,6,'2058-06-01','2058-06-30',NULL,NULL,40815,0,NULL,1,0,0,1),(3565,NULL,'2058-07',2058,7,'2058-07-01','2058-07-31',NULL,NULL,40815,0,NULL,1,0,0,1),(3566,NULL,'2058-08',2058,8,'2058-08-01','2058-08-31',NULL,NULL,40815,0,NULL,1,0,0,1),(3567,NULL,'2058-09',2058,9,'2058-09-01','2058-09-30',NULL,NULL,40815,0,NULL,1,0,0,1),(3568,NULL,'2058-10',2058,10,'2058-10-01','2058-10-31',NULL,NULL,40815,0,NULL,1,0,0,1),(3569,NULL,'2058-11',2058,11,'2058-11-01','2058-11-30',NULL,NULL,40815,0,NULL,1,0,0,1),(3570,NULL,'2058-12',2058,12,'2058-12-01','2058-12-31',NULL,NULL,40815,0,NULL,1,0,0,1),(3574,NULL,'2059-01',2059,1,'2059-01-01','2059-01-31',NULL,NULL,40815,0,NULL,1,0,0,1),(3575,NULL,'2059-02',2059,2,'2059-02-01','2059-02-28',NULL,NULL,40815,0,NULL,1,0,0,1),(3576,NULL,'2059-03',2059,3,'2059-03-01','2059-03-31',NULL,NULL,40815,0,NULL,1,0,0,1),(3577,NULL,'2059-04',2059,4,'2059-04-01','2059-04-30',NULL,NULL,40815,0,NULL,1,0,0,1),(3578,NULL,'2059-05',2059,5,'2059-05-01','2059-05-31',NULL,NULL,40815,0,NULL,1,0,0,1),(3579,NULL,'2059-06',2059,6,'2059-06-01','2059-06-30',NULL,NULL,40815,0,NULL,1,0,0,1),(3580,NULL,'2059-07',2059,7,'2059-07-01','2059-07-31',NULL,NULL,40815,0,NULL,1,0,0,1),(3581,NULL,'2059-08',2059,8,'2059-08-01','2059-08-31',NULL,NULL,40815,0,NULL,1,0,0,1),(3582,NULL,'2059-09',2059,9,'2059-09-01','2059-09-30',NULL,NULL,40815,0,NULL,1,0,0,1);
INSERT INTO `periods` VALUES (3583,NULL,'2059-10',2059,10,'2059-10-01','2059-10-31',NULL,NULL,40815,0,NULL,1,0,0,1),(3584,NULL,'2059-11',2059,11,'2059-11-01','2059-11-30',NULL,NULL,40815,0,NULL,1,0,0,1),(3585,NULL,'2059-12',2059,12,'2059-12-01','2059-12-31',NULL,NULL,40815,0,NULL,1,0,0,1),(3589,NULL,'2060-01',2060,1,'2060-01-01','2060-01-31',NULL,NULL,40815,0,NULL,1,0,0,1),(3590,NULL,'2060-02',2060,2,'2060-02-01','2060-02-28',NULL,NULL,40815,0,NULL,1,0,0,1),(3591,NULL,'2060-03',2060,3,'2060-03-01','2060-03-31',NULL,NULL,40815,0,NULL,1,0,0,1),(3592,NULL,'2060-04',2060,4,'2060-04-01','2060-04-30',NULL,NULL,40815,0,NULL,1,0,0,1),(3593,NULL,'2060-05',2060,5,'2060-05-01','2060-05-31',NULL,NULL,40815,0,NULL,1,0,0,1),(3594,NULL,'2060-06',2060,6,'2060-06-01','2060-06-30',NULL,NULL,40815,0,NULL,1,0,0,1),(3595,NULL,'2060-07',2060,7,'2060-07-01','2060-07-31',NULL,NULL,40815,0,NULL,1,0,0,1),(3596,NULL,'2060-08',2060,8,'2060-08-01','2060-08-31',NULL,NULL,40815,0,NULL,1,0,0,1),(3597,NULL,'2060-09',2060,9,'2060-09-01','2060-09-30',NULL,NULL,40815,0,NULL,1,0,0,1),(3598,NULL,'2060-10',2060,10,'2060-10-01','2060-10-31',NULL,NULL,40815,0,NULL,1,0,0,1),(3599,NULL,'2060-11',2060,11,'2060-11-01','2060-11-30',NULL,NULL,40815,0,NULL,1,0,0,1),(3600,NULL,'2060-12',2060,12,'2060-12-01','2060-12-31',NULL,NULL,40815,0,NULL,1,0,0,1),(3604,NULL,'2061-01',2061,1,'2061-01-01','2061-01-31',NULL,NULL,40815,0,NULL,1,0,0,1),(3605,NULL,'2061-02',2061,2,'2061-02-01','2061-02-28',NULL,NULL,40815,0,NULL,1,0,0,1),(3606,NULL,'2061-03',2061,3,'2061-03-01','2061-03-31',NULL,NULL,40815,0,NULL,1,0,0,1),(3607,NULL,'2061-04',2061,4,'2061-04-01','2061-04-30',NULL,NULL,40815,0,NULL,1,0,0,1),(3608,NULL,'2061-05',2061,5,'2061-05-01','2061-05-31',NULL,NULL,40815,0,NULL,1,0,0,1),(3609,NULL,'2061-06',2061,6,'2061-06-01','2061-06-30',NULL,NULL,40815,0,NULL,1,0,0,1),(3610,NULL,'2061-07',2061,7,'2061-07-01','2061-07-31',NULL,NULL,40815,0,NULL,1,0,0,1),(3611,NULL,'2061-08',2061,8,'2061-08-01','2061-08-31',NULL,NULL,40815,0,NULL,1,0,0,1),(3612,NULL,'2061-09',2061,9,'2061-09-01','2061-09-30',NULL,NULL,40815,0,NULL,1,0,0,1),(3613,NULL,'2061-10',2061,10,'2061-10-01','2061-10-31',NULL,NULL,40815,0,NULL,1,0,0,1),(3614,NULL,'2061-11',2061,11,'2061-11-01','2061-11-30',NULL,NULL,40815,0,NULL,1,0,0,1),(3615,NULL,'2061-12',2061,12,'2061-12-01','2061-12-31',NULL,NULL,40815,0,NULL,1,0,0,1),(3619,NULL,'2062-01',2062,1,'2062-01-01','2062-01-31',NULL,NULL,40815,0,NULL,1,0,0,1),(3620,NULL,'2062-02',2062,2,'2062-02-01','2062-02-28',NULL,NULL,40815,0,NULL,1,0,0,1),(3621,NULL,'2062-03',2062,3,'2062-03-01','2062-03-31',NULL,NULL,40815,0,NULL,1,0,0,1),(3622,NULL,'2062-04',2062,4,'2062-04-01','2062-04-30',NULL,NULL,40815,0,NULL,1,0,0,1),(3623,NULL,'2062-05',2062,5,'2062-05-01','2062-05-31',NULL,NULL,40815,0,NULL,1,0,0,1),(3624,NULL,'2062-06',2062,6,'2062-06-01','2062-06-30',NULL,NULL,40815,0,NULL,1,0,0,1),(3625,NULL,'2062-07',2062,7,'2062-07-01','2062-07-31',NULL,NULL,40815,0,NULL,1,0,0,1),(3626,NULL,'2062-08',2062,8,'2062-08-01','2062-08-31',NULL,NULL,40815,0,NULL,1,0,0,1),(3627,NULL,'2062-09',2062,9,'2062-09-01','2062-09-30',NULL,NULL,40815,0,NULL,1,0,0,1),(3628,NULL,'2062-10',2062,10,'2062-10-01','2062-10-31',NULL,NULL,40815,0,NULL,1,0,0,1),(3629,NULL,'2062-11',2062,11,'2062-11-01','2062-11-30',NULL,NULL,40815,0,NULL,1,0,0,1),(3630,NULL,'2062-12',2062,12,'2062-12-01','2062-12-31',NULL,NULL,40815,0,NULL,1,0,0,1),(3634,NULL,'2063-01',2063,1,'2063-01-01','2063-01-31',NULL,NULL,40815,0,NULL,1,0,0,1),(3635,NULL,'2063-02',2063,2,'2063-02-01','2063-02-28',NULL,NULL,40815,0,NULL,1,0,0,1),(3636,NULL,'2063-03',2063,3,'2063-03-01','2063-03-31',NULL,NULL,40815,0,NULL,1,0,0,1),(3637,NULL,'2063-04',2063,4,'2063-04-01','2063-04-30',NULL,NULL,40815,0,NULL,1,0,0,1),(3638,NULL,'2063-05',2063,5,'2063-05-01','2063-05-31',NULL,NULL,40815,0,NULL,1,0,0,1),(3639,NULL,'2063-06',2063,6,'2063-06-01','2063-06-30',NULL,NULL,40815,0,NULL,1,0,0,1),(3640,NULL,'2063-07',2063,7,'2063-07-01','2063-07-31',NULL,NULL,40815,0,NULL,1,0,0,1);
INSERT INTO `periods` VALUES (3641,NULL,'2063-08',2063,8,'2063-08-01','2063-08-31',NULL,NULL,40815,0,NULL,1,0,0,1),(3642,NULL,'2063-09',2063,9,'2063-09-01','2063-09-30',NULL,NULL,40815,0,NULL,1,0,0,1),(3643,NULL,'2063-10',2063,10,'2063-10-01','2063-10-31',NULL,NULL,40815,0,NULL,1,0,0,1),(3644,NULL,'2063-11',2063,11,'2063-11-01','2063-11-30',NULL,NULL,40815,0,NULL,1,0,0,1),(3645,NULL,'2063-12',2063,12,'2063-12-01','2063-12-31',NULL,NULL,40815,0,NULL,1,0,0,1),(3649,NULL,'2064-01',2064,1,'2064-01-01','2064-01-31',NULL,NULL,40815,0,NULL,1,0,0,1),(3650,NULL,'2064-02',2064,2,'2064-02-01','2064-02-28',NULL,NULL,40815,0,NULL,1,0,0,1),(3651,NULL,'2064-03',2064,3,'2064-03-01','2064-03-31',NULL,NULL,40815,0,NULL,1,0,0,1),(3652,NULL,'2064-04',2064,4,'2064-04-01','2064-04-30',NULL,NULL,40815,0,NULL,1,0,0,1),(3653,NULL,'2064-05',2064,5,'2064-05-01','2064-05-31',NULL,NULL,40815,0,NULL,1,0,0,1),(3654,NULL,'2064-06',2064,6,'2064-06-01','2064-06-30',NULL,NULL,40815,0,NULL,1,0,0,1),(3655,NULL,'2064-07',2064,7,'2064-07-01','2064-07-31',NULL,NULL,40815,0,NULL,1,0,0,1),(3656,NULL,'2064-08',2064,8,'2064-08-01','2064-08-31',NULL,NULL,40815,0,NULL,1,0,0,1),(3657,NULL,'2064-09',2064,9,'2064-09-01','2064-09-30',NULL,NULL,40815,0,NULL,1,0,0,1),(3658,NULL,'2064-10',2064,10,'2064-10-01','2064-10-31',NULL,NULL,40815,0,NULL,1,0,0,1),(3659,NULL,'2064-11',2064,11,'2064-11-01','2064-11-30',NULL,NULL,40815,0,NULL,1,0,0,1),(3660,NULL,'2064-12',2064,12,'2064-12-01','2064-12-31',NULL,NULL,40815,0,NULL,1,0,0,1),(3664,NULL,'2065-01',2065,1,'2065-01-01','2065-01-31',NULL,NULL,40815,0,NULL,1,0,0,1),(3665,NULL,'2065-02',2065,2,'2065-02-01','2065-02-28',NULL,NULL,40815,0,NULL,1,0,0,1),(3666,NULL,'2065-03',2065,3,'2065-03-01','2065-03-31',NULL,NULL,40815,0,NULL,1,0,0,1),(3667,NULL,'2065-04',2065,4,'2065-04-01','2065-04-30',NULL,NULL,40815,0,NULL,1,0,0,1),(3668,NULL,'2065-05',2065,5,'2065-05-01','2065-05-31',NULL,NULL,40815,0,NULL,1,0,0,1),(3669,NULL,'2065-06',2065,6,'2065-06-01','2065-06-30',NULL,NULL,40815,0,NULL,1,0,0,1),(3670,NULL,'2065-07',2065,7,'2065-07-01','2065-07-31',NULL,NULL,40815,0,NULL,1,0,0,1),(3671,NULL,'2065-08',2065,8,'2065-08-01','2065-08-31',NULL,NULL,40815,0,NULL,1,0,0,1),(3672,NULL,'2065-09',2065,9,'2065-09-01','2065-09-30',NULL,NULL,40815,0,NULL,1,0,0,1),(3673,NULL,'2065-10',2065,10,'2065-10-01','2065-10-31',NULL,NULL,40815,0,NULL,1,0,0,1),(3674,NULL,'2065-11',2065,11,'2065-11-01','2065-11-30',NULL,NULL,40815,0,NULL,1,0,0,1),(3675,NULL,'2065-12',2065,12,'2065-12-01','2065-12-31',NULL,NULL,40815,0,NULL,1,0,0,1),(3679,NULL,'2066-01',2066,1,'2066-01-01','2066-01-31',NULL,NULL,40815,0,NULL,1,0,0,1),(3680,NULL,'2066-02',2066,2,'2066-02-01','2066-02-28',NULL,NULL,40815,0,NULL,1,0,0,1),(3681,NULL,'2066-03',2066,3,'2066-03-01','2066-03-31',NULL,NULL,40815,0,NULL,1,0,0,1),(3682,NULL,'2066-04',2066,4,'2066-04-01','2066-04-30',NULL,NULL,40815,0,NULL,1,0,0,1),(3683,NULL,'2066-05',2066,5,'2066-05-01','2066-05-31',NULL,NULL,40815,0,NULL,1,0,0,1),(3684,NULL,'2066-06',2066,6,'2066-06-01','2066-06-30',NULL,NULL,40815,0,NULL,1,0,0,1),(3685,NULL,'2066-07',2066,7,'2066-07-01','2066-07-31',NULL,NULL,40815,0,NULL,1,0,0,1),(3686,NULL,'2066-08',2066,8,'2066-08-01','2066-08-31',NULL,NULL,40815,0,NULL,1,0,0,1),(3687,NULL,'2066-09',2066,9,'2066-09-01','2066-09-30',NULL,NULL,40815,0,NULL,1,0,0,1),(3688,NULL,'2066-10',2066,10,'2066-10-01','2066-10-31',NULL,NULL,40815,0,NULL,1,0,0,1),(3689,NULL,'2066-11',2066,11,'2066-11-01','2066-11-30',NULL,NULL,40815,0,NULL,1,0,0,1),(3690,NULL,'2066-12',2066,12,'2066-12-01','2066-12-31',NULL,NULL,40815,0,NULL,1,0,0,1),(3694,NULL,'2067-01',2067,1,'2067-01-01','2067-01-31',NULL,NULL,40815,0,NULL,1,0,0,1),(3695,NULL,'2067-02',2067,2,'2067-02-01','2067-02-28',NULL,NULL,40815,0,NULL,1,0,0,1),(3696,NULL,'2067-03',2067,3,'2067-03-01','2067-03-31',NULL,NULL,40815,0,NULL,1,0,0,1),(3697,NULL,'2067-04',2067,4,'2067-04-01','2067-04-30',NULL,NULL,40815,0,NULL,1,0,0,1),(3698,NULL,'2067-05',2067,5,'2067-05-01','2067-05-31',NULL,NULL,40815,0,NULL,1,0,0,1);
INSERT INTO `periods` VALUES (3699,NULL,'2067-06',2067,6,'2067-06-01','2067-06-30',NULL,NULL,40815,0,NULL,1,0,0,1),(3700,NULL,'2067-07',2067,7,'2067-07-01','2067-07-31',NULL,NULL,40815,0,NULL,1,0,0,1),(3701,NULL,'2067-08',2067,8,'2067-08-01','2067-08-31',NULL,NULL,40815,0,NULL,1,0,0,1),(3702,NULL,'2067-09',2067,9,'2067-09-01','2067-09-30',NULL,NULL,40815,0,NULL,1,0,0,1),(3703,NULL,'2067-10',2067,10,'2067-10-01','2067-10-31',NULL,NULL,40815,0,NULL,1,0,0,1),(3704,NULL,'2067-11',2067,11,'2067-11-01','2067-11-30',NULL,NULL,40815,0,NULL,1,0,0,1),(3705,NULL,'2067-12',2067,12,'2067-12-01','2067-12-31',NULL,NULL,40815,0,NULL,1,0,0,1),(3709,NULL,'2068-01',2068,1,'2068-01-01','2068-01-31',NULL,NULL,40815,0,NULL,1,0,0,1),(3710,NULL,'2068-02',2068,2,'2068-02-01','2068-02-28',NULL,NULL,40815,0,NULL,1,0,0,1),(3711,NULL,'2068-03',2068,3,'2068-03-01','2068-03-31',NULL,NULL,40815,0,NULL,1,0,0,1),(3712,NULL,'2068-04',2068,4,'2068-04-01','2068-04-30',NULL,NULL,40815,0,NULL,1,0,0,1),(3713,NULL,'2068-05',2068,5,'2068-05-01','2068-05-31',NULL,NULL,40815,0,NULL,1,0,0,1),(3714,NULL,'2068-06',2068,6,'2068-06-01','2068-06-30',NULL,NULL,40815,0,NULL,1,0,0,1),(3715,NULL,'2068-07',2068,7,'2068-07-01','2068-07-31',NULL,NULL,40815,0,NULL,1,0,0,1),(3716,NULL,'2068-08',2068,8,'2068-08-01','2068-08-31',NULL,NULL,40815,0,NULL,1,0,0,1),(3717,NULL,'2068-09',2068,9,'2068-09-01','2068-09-30',NULL,NULL,40815,0,NULL,1,0,0,1),(3718,NULL,'2068-10',2068,10,'2068-10-01','2068-10-31',NULL,NULL,40815,0,NULL,1,0,0,1),(3719,NULL,'2068-11',2068,11,'2068-11-01','2068-11-30',NULL,NULL,40815,0,NULL,1,0,0,1),(3720,NULL,'2068-12',2068,12,'2068-12-01','2068-12-31',NULL,NULL,40815,0,NULL,1,0,0,1),(3724,NULL,'2069-01',2069,1,'2069-01-01','2069-01-31',NULL,NULL,40815,0,NULL,1,0,0,1),(3725,NULL,'2069-02',2069,2,'2069-02-01','2069-02-28',NULL,NULL,40815,0,NULL,1,0,0,1),(3726,NULL,'2069-03',2069,3,'2069-03-01','2069-03-31',NULL,NULL,40815,0,NULL,1,0,0,1),(3727,NULL,'2069-04',2069,4,'2069-04-01','2069-04-30',NULL,NULL,40815,0,NULL,1,0,0,1),(3728,NULL,'2069-05',2069,5,'2069-05-01','2069-05-31',NULL,NULL,40815,0,NULL,1,0,0,1),(3729,NULL,'2069-06',2069,6,'2069-06-01','2069-06-30',NULL,NULL,40815,0,NULL,1,0,0,1),(3730,NULL,'2069-07',2069,7,'2069-07-01','2069-07-31',NULL,NULL,40815,0,NULL,1,0,0,1),(3731,NULL,'2069-08',2069,8,'2069-08-01','2069-08-31',NULL,NULL,40815,0,NULL,1,0,0,1),(3732,NULL,'2069-09',2069,9,'2069-09-01','2069-09-30',NULL,NULL,40815,0,NULL,1,0,0,1),(3733,NULL,'2069-10',2069,10,'2069-10-01','2069-10-31',NULL,NULL,40815,0,NULL,1,0,0,1),(3734,NULL,'2069-11',2069,11,'2069-11-01','2069-11-30',NULL,NULL,40815,0,NULL,1,0,0,1),(3735,NULL,'2069-12',2069,12,'2069-12-01','2069-12-31',NULL,NULL,40815,0,NULL,1,0,0,1),(3739,NULL,'2070-01',2070,1,'2070-01-01','2070-01-31',NULL,NULL,40815,0,NULL,1,0,0,1),(3740,NULL,'2070-02',2070,2,'2070-02-01','2070-02-28',NULL,NULL,40815,0,NULL,1,0,0,1),(3741,NULL,'2070-03',2070,3,'2070-03-01','2070-03-31',NULL,NULL,40815,0,NULL,1,0,0,1),(3742,NULL,'2070-04',2070,4,'2070-04-01','2070-04-30',NULL,NULL,40815,0,NULL,1,0,0,1),(3743,NULL,'2070-05',2070,5,'2070-05-01','2070-05-31',NULL,NULL,40815,0,NULL,1,0,0,1),(3744,NULL,'2070-06',2070,6,'2070-06-01','2070-06-30',NULL,NULL,40815,0,NULL,1,0,0,1),(3745,NULL,'2070-07',2070,7,'2070-07-01','2070-07-31',NULL,NULL,40815,0,NULL,1,0,0,1),(3746,NULL,'2070-08',2070,8,'2070-08-01','2070-08-31',NULL,NULL,40815,0,NULL,1,0,0,1),(3747,NULL,'2070-09',2070,9,'2070-09-01','2070-09-30',NULL,NULL,40815,0,NULL,1,0,0,1),(3748,NULL,'2070-10',2070,10,'2070-10-01','2070-10-31',NULL,NULL,40815,0,NULL,1,0,0,1),(3749,NULL,'2070-11',2070,11,'2070-11-01','2070-11-30',NULL,NULL,40815,0,NULL,1,0,0,1),(3750,NULL,'2070-12',2070,12,'2070-12-01','2070-12-31',NULL,NULL,40815,0,NULL,1,0,0,1),(3754,NULL,'2071-01',2071,1,'2071-01-01','2071-01-31',NULL,NULL,40815,0,NULL,1,0,0,1),(3755,NULL,'2071-02',2071,2,'2071-02-01','2071-02-28',NULL,NULL,40815,0,NULL,1,0,0,1),(3756,NULL,'2071-03',2071,3,'2071-03-01','2071-03-31',NULL,NULL,40815,0,NULL,1,0,0,1);
INSERT INTO `periods` VALUES (3757,NULL,'2071-04',2071,4,'2071-04-01','2071-04-30',NULL,NULL,40815,0,NULL,1,0,0,1),(3758,NULL,'2071-05',2071,5,'2071-05-01','2071-05-31',NULL,NULL,40815,0,NULL,1,0,0,1),(3759,NULL,'2071-06',2071,6,'2071-06-01','2071-06-30',NULL,NULL,40815,0,NULL,1,0,0,1),(3760,NULL,'2071-07',2071,7,'2071-07-01','2071-07-31',NULL,NULL,40815,0,NULL,1,0,0,1),(3761,NULL,'2071-08',2071,8,'2071-08-01','2071-08-31',NULL,NULL,40815,0,NULL,1,0,0,1),(3762,NULL,'2071-09',2071,9,'2071-09-01','2071-09-30',NULL,NULL,40815,0,NULL,1,0,0,1),(3763,NULL,'2071-10',2071,10,'2071-10-01','2071-10-31',NULL,NULL,40815,0,NULL,1,0,0,1),(3764,NULL,'2071-11',2071,11,'2071-11-01','2071-11-30',NULL,NULL,40815,0,NULL,1,0,0,1),(3765,NULL,'2071-12',2071,12,'2071-12-01','2071-12-31',NULL,NULL,40815,0,NULL,1,0,0,1),(3769,NULL,'2072-01',2072,1,'2072-01-01','2072-01-31',NULL,NULL,40815,0,NULL,1,0,0,1),(3770,NULL,'2072-02',2072,2,'2072-02-01','2072-02-28',NULL,NULL,40815,0,NULL,1,0,0,1),(3771,NULL,'2072-03',2072,3,'2072-03-01','2072-03-31',NULL,NULL,40815,0,NULL,1,0,0,1),(3772,NULL,'2072-04',2072,4,'2072-04-01','2072-04-30',NULL,NULL,40815,0,NULL,1,0,0,1),(3773,NULL,'2072-05',2072,5,'2072-05-01','2072-05-31',NULL,NULL,40815,0,NULL,1,0,0,1),(3774,NULL,'2072-06',2072,6,'2072-06-01','2072-06-30',NULL,NULL,40815,0,NULL,1,0,0,1),(3775,NULL,'2072-07',2072,7,'2072-07-01','2072-07-31',NULL,NULL,40815,0,NULL,1,0,0,1),(3776,NULL,'2072-08',2072,8,'2072-08-01','2072-08-31',NULL,NULL,40815,0,NULL,1,0,0,1),(3777,NULL,'2072-09',2072,9,'2072-09-01','2072-09-30',NULL,NULL,40815,0,NULL,1,0,0,1),(3778,NULL,'2072-10',2072,10,'2072-10-01','2072-10-31',NULL,NULL,40815,0,NULL,1,0,0,1),(3779,NULL,'2072-11',2072,11,'2072-11-01','2072-11-30',NULL,NULL,40815,0,NULL,1,0,0,1),(3780,NULL,'2072-12',2072,12,'2072-12-01','2072-12-31',NULL,NULL,40815,0,NULL,1,0,0,1),(3784,NULL,'2073-01',2073,1,'2073-01-01','2073-01-31',NULL,NULL,40815,0,NULL,1,0,0,1),(3785,NULL,'2073-02',2073,2,'2073-02-01','2073-02-28',NULL,NULL,40815,0,NULL,1,0,0,1),(3786,NULL,'2073-03',2073,3,'2073-03-01','2073-03-31',NULL,NULL,40815,0,NULL,1,0,0,1),(3787,NULL,'2073-04',2073,4,'2073-04-01','2073-04-30',NULL,NULL,40815,0,NULL,1,0,0,1),(3788,NULL,'2073-05',2073,5,'2073-05-01','2073-05-31',NULL,NULL,40815,0,NULL,1,0,0,1),(3789,NULL,'2073-06',2073,6,'2073-06-01','2073-06-30',NULL,NULL,40815,0,NULL,1,0,0,1),(3790,NULL,'2073-07',2073,7,'2073-07-01','2073-07-31',NULL,NULL,40815,0,NULL,1,0,0,1),(3791,NULL,'2073-08',2073,8,'2073-08-01','2073-08-31',NULL,NULL,40815,0,NULL,1,0,0,1),(3792,NULL,'2073-09',2073,9,'2073-09-01','2073-09-30',NULL,NULL,40815,0,NULL,1,0,0,1),(3793,NULL,'2073-10',2073,10,'2073-10-01','2073-10-31',NULL,NULL,40815,0,NULL,1,0,0,1),(3794,NULL,'2073-11',2073,11,'2073-11-01','2073-11-30',NULL,NULL,40815,0,NULL,1,0,0,1),(3795,NULL,'2073-12',2073,12,'2073-12-01','2073-12-31',NULL,NULL,40815,0,NULL,1,0,0,1),(3799,NULL,'2074-01',2074,1,'2074-01-01','2074-01-31',NULL,NULL,40815,0,NULL,1,0,0,1),(3800,NULL,'2074-02',2074,2,'2074-02-01','2074-02-28',NULL,NULL,40815,0,NULL,1,0,0,1),(3801,NULL,'2074-03',2074,3,'2074-03-01','2074-03-31',NULL,NULL,40815,0,NULL,1,0,0,1),(3802,NULL,'2074-04',2074,4,'2074-04-01','2074-04-30',NULL,NULL,40815,0,NULL,1,0,0,1),(3803,NULL,'2074-05',2074,5,'2074-05-01','2074-05-31',NULL,NULL,40815,0,NULL,1,0,0,1),(3804,NULL,'2074-06',2074,6,'2074-06-01','2074-06-30',NULL,NULL,40815,0,NULL,1,0,0,1),(3805,NULL,'2074-07',2074,7,'2074-07-01','2074-07-31',NULL,NULL,40815,0,NULL,1,0,0,1),(3806,NULL,'2074-08',2074,8,'2074-08-01','2074-08-31',NULL,NULL,40815,0,NULL,1,0,0,1),(3807,NULL,'2074-09',2074,9,'2074-09-01','2074-09-30',NULL,NULL,40815,0,NULL,1,0,0,1),(3808,NULL,'2074-10',2074,10,'2074-10-01','2074-10-31',NULL,NULL,40815,0,NULL,1,0,0,1),(3809,NULL,'2074-11',2074,11,'2074-11-01','2074-11-30',NULL,NULL,40815,0,NULL,1,0,0,1),(3810,NULL,'2074-12',2074,12,'2074-12-01','2074-12-31',NULL,NULL,40815,0,NULL,1,0,0,1),(3814,NULL,'2075-01',2075,1,'2075-01-01','2075-01-31',NULL,NULL,40815,0,NULL,1,0,0,1);
INSERT INTO `periods` VALUES (3815,NULL,'2075-02',2075,2,'2075-02-01','2075-02-28',NULL,NULL,40815,0,NULL,1,0,0,1),(3816,NULL,'2075-03',2075,3,'2075-03-01','2075-03-31',NULL,NULL,40815,0,NULL,1,0,0,1),(3817,NULL,'2075-04',2075,4,'2075-04-01','2075-04-30',NULL,NULL,40815,0,NULL,1,0,0,1),(3818,NULL,'2075-05',2075,5,'2075-05-01','2075-05-31',NULL,NULL,40815,0,NULL,1,0,0,1),(3819,NULL,'2075-06',2075,6,'2075-06-01','2075-06-30',NULL,NULL,40815,0,NULL,1,0,0,1),(3820,NULL,'2075-07',2075,7,'2075-07-01','2075-07-31',NULL,NULL,40815,0,NULL,1,0,0,1),(3821,NULL,'2075-08',2075,8,'2075-08-01','2075-08-31',NULL,NULL,40815,0,NULL,1,0,0,1),(3822,NULL,'2075-09',2075,9,'2075-09-01','2075-09-30',NULL,NULL,40815,0,NULL,1,0,0,1),(3823,NULL,'2075-10',2075,10,'2075-10-01','2075-10-31',NULL,NULL,40815,0,NULL,1,0,0,1),(3824,NULL,'2075-11',2075,11,'2075-11-01','2075-11-30',NULL,NULL,40815,0,NULL,1,0,0,1),(3825,NULL,'2075-12',2075,12,'2075-12-01','2075-12-31',NULL,NULL,40815,0,NULL,1,0,0,1),(3829,NULL,'2076-01',2076,1,'2076-01-01','2076-01-31',NULL,NULL,40815,0,NULL,1,0,0,1),(3830,NULL,'2076-02',2076,2,'2076-02-01','2076-02-28',NULL,NULL,40815,0,NULL,1,0,0,1),(3831,NULL,'2076-03',2076,3,'2076-03-01','2076-03-31',NULL,NULL,40815,0,NULL,1,0,0,1),(3832,NULL,'2076-04',2076,4,'2076-04-01','2076-04-30',NULL,NULL,40815,0,NULL,1,0,0,1),(3833,NULL,'2076-05',2076,5,'2076-05-01','2076-05-31',NULL,NULL,40815,0,NULL,1,0,0,1),(3834,NULL,'2076-06',2076,6,'2076-06-01','2076-06-30',NULL,NULL,40815,0,NULL,1,0,0,1),(3835,NULL,'2076-07',2076,7,'2076-07-01','2076-07-31',NULL,NULL,40815,0,NULL,1,0,0,1),(3836,NULL,'2076-08',2076,8,'2076-08-01','2076-08-31',NULL,NULL,40815,0,NULL,1,0,0,1),(3837,NULL,'2076-09',2076,9,'2076-09-01','2076-09-30',NULL,NULL,40815,0,NULL,1,0,0,1),(3838,NULL,'2076-10',2076,10,'2076-10-01','2076-10-31',NULL,NULL,40815,0,NULL,1,0,0,1),(3839,NULL,'2076-11',2076,11,'2076-11-01','2076-11-30',NULL,NULL,40815,0,NULL,1,0,0,1),(3840,NULL,'2076-12',2076,12,'2076-12-01','2076-12-31',NULL,NULL,40815,0,NULL,1,0,0,1),(3844,NULL,'2077-01',2077,1,'2077-01-01','2077-01-31',NULL,NULL,40815,0,NULL,1,0,0,1),(3845,NULL,'2077-02',2077,2,'2077-02-01','2077-02-28',NULL,NULL,40815,0,NULL,1,0,0,1),(3846,NULL,'2077-03',2077,3,'2077-03-01','2077-03-31',NULL,NULL,40815,0,NULL,1,0,0,1),(3847,NULL,'2077-04',2077,4,'2077-04-01','2077-04-30',NULL,NULL,40815,0,NULL,1,0,0,1),(3848,NULL,'2077-05',2077,5,'2077-05-01','2077-05-31',NULL,NULL,40815,0,NULL,1,0,0,1),(3849,NULL,'2077-06',2077,6,'2077-06-01','2077-06-30',NULL,NULL,40815,0,NULL,1,0,0,1),(3850,NULL,'2077-07',2077,7,'2077-07-01','2077-07-31',NULL,NULL,40815,0,NULL,1,0,0,1),(3851,NULL,'2077-08',2077,8,'2077-08-01','2077-08-31',NULL,NULL,40815,0,NULL,1,0,0,1),(3852,NULL,'2077-09',2077,9,'2077-09-01','2077-09-30',NULL,NULL,40815,0,NULL,1,0,0,1),(3853,NULL,'2077-10',2077,10,'2077-10-01','2077-10-31',NULL,NULL,40815,0,NULL,1,0,0,1),(3854,NULL,'2077-11',2077,11,'2077-11-01','2077-11-30',NULL,NULL,40815,0,NULL,1,0,0,1),(3855,NULL,'2077-12',2077,12,'2077-12-01','2077-12-31',NULL,NULL,40815,0,NULL,1,0,0,1),(3859,NULL,'2078-01',2078,1,'2078-01-01','2078-01-31',NULL,NULL,40815,0,NULL,1,0,0,1),(3860,NULL,'2078-02',2078,2,'2078-02-01','2078-02-28',NULL,NULL,40815,0,NULL,1,0,0,1),(3861,NULL,'2078-03',2078,3,'2078-03-01','2078-03-31',NULL,NULL,40815,0,NULL,1,0,0,1),(3862,NULL,'2078-04',2078,4,'2078-04-01','2078-04-30',NULL,NULL,40815,0,NULL,1,0,0,1),(3863,NULL,'2078-05',2078,5,'2078-05-01','2078-05-31',NULL,NULL,40815,0,NULL,1,0,0,1),(3864,NULL,'2078-06',2078,6,'2078-06-01','2078-06-30',NULL,NULL,40815,0,NULL,1,0,0,1),(3865,NULL,'2078-07',2078,7,'2078-07-01','2078-07-31',NULL,NULL,40815,0,NULL,1,0,0,1),(3866,NULL,'2078-08',2078,8,'2078-08-01','2078-08-31',NULL,NULL,40815,0,NULL,1,0,0,1),(3867,NULL,'2078-09',2078,9,'2078-09-01','2078-09-30',NULL,NULL,40815,0,NULL,1,0,0,1),(3868,NULL,'2078-10',2078,10,'2078-10-01','2078-10-31',NULL,NULL,40815,0,NULL,1,0,0,1),(3869,NULL,'2078-11',2078,11,'2078-11-01','2078-11-30',NULL,NULL,40815,0,NULL,1,0,0,1);
INSERT INTO `periods` VALUES (3870,NULL,'2078-12',2078,12,'2078-12-01','2078-12-31',NULL,NULL,40815,0,NULL,1,0,0,1),(3874,NULL,'2079-01',2079,1,'2079-01-01','2079-01-31',NULL,NULL,40815,0,NULL,1,0,0,1),(3875,NULL,'2079-02',2079,2,'2079-02-01','2079-02-28',NULL,NULL,40815,0,NULL,1,0,0,1),(3876,NULL,'2079-03',2079,3,'2079-03-01','2079-03-31',NULL,NULL,40815,0,NULL,1,0,0,1),(3877,NULL,'2079-04',2079,4,'2079-04-01','2079-04-30',NULL,NULL,40815,0,NULL,1,0,0,1),(3878,NULL,'2079-05',2079,5,'2079-05-01','2079-05-31',NULL,NULL,40815,0,NULL,1,0,0,1),(3879,NULL,'2079-06',2079,6,'2079-06-01','2079-06-30',NULL,NULL,40815,0,NULL,1,0,0,1),(3880,NULL,'2079-07',2079,7,'2079-07-01','2079-07-31',NULL,NULL,40815,0,NULL,1,0,0,1),(3881,NULL,'2079-08',2079,8,'2079-08-01','2079-08-31',NULL,NULL,40815,0,NULL,1,0,0,1),(3882,NULL,'2079-09',2079,9,'2079-09-01','2079-09-30',NULL,NULL,40815,0,NULL,1,0,0,1),(3883,NULL,'2079-10',2079,10,'2079-10-01','2079-10-31',NULL,NULL,40815,0,NULL,1,0,0,1),(3884,NULL,'2079-11',2079,11,'2079-11-01','2079-11-30',NULL,NULL,40815,0,NULL,1,0,0,1),(3885,NULL,'2079-12',2079,12,'2079-12-01','2079-12-31',NULL,NULL,40815,0,NULL,1,0,0,1),(3889,NULL,'2080-01',2080,1,'2080-01-01','2080-01-31',NULL,NULL,40815,0,NULL,1,0,0,1),(3890,NULL,'2080-02',2080,2,'2080-02-01','2080-02-28',NULL,NULL,40815,0,NULL,1,0,0,1),(3891,NULL,'2080-03',2080,3,'2080-03-01','2080-03-31',NULL,NULL,40815,0,NULL,1,0,0,1),(3892,NULL,'2080-04',2080,4,'2080-04-01','2080-04-30',NULL,NULL,40815,0,NULL,1,0,0,1),(3893,NULL,'2080-05',2080,5,'2080-05-01','2080-05-31',NULL,NULL,40815,0,NULL,1,0,0,1),(3894,NULL,'2080-06',2080,6,'2080-06-01','2080-06-30',NULL,NULL,40815,0,NULL,1,0,0,1),(3895,NULL,'2080-07',2080,7,'2080-07-01','2080-07-31',NULL,NULL,40815,0,NULL,1,0,0,1),(3896,NULL,'2080-08',2080,8,'2080-08-01','2080-08-31',NULL,NULL,40815,0,NULL,1,0,0,1),(3897,NULL,'2080-09',2080,9,'2080-09-01','2080-09-30',NULL,NULL,40815,0,NULL,1,0,0,1),(3898,NULL,'2080-10',2080,10,'2080-10-01','2080-10-31',NULL,NULL,40815,0,NULL,1,0,0,1),(3899,NULL,'2080-11',2080,11,'2080-11-01','2080-11-30',NULL,NULL,40815,0,NULL,1,0,0,1),(3900,NULL,'2080-12',2080,12,'2080-12-01','2080-12-31',NULL,NULL,40815,0,NULL,1,0,0,1),(3904,NULL,'2081-01',2081,1,'2081-01-01','2081-01-31',NULL,NULL,40815,0,NULL,1,0,0,1),(3905,NULL,'2081-02',2081,2,'2081-02-01','2081-02-28',NULL,NULL,40815,0,NULL,1,0,0,1),(3906,NULL,'2081-03',2081,3,'2081-03-01','2081-03-31',NULL,NULL,40815,0,NULL,1,0,0,1),(3907,NULL,'2081-04',2081,4,'2081-04-01','2081-04-30',NULL,NULL,40815,0,NULL,1,0,0,1),(3908,NULL,'2081-05',2081,5,'2081-05-01','2081-05-31',NULL,NULL,40815,0,NULL,1,0,0,1),(3909,NULL,'2081-06',2081,6,'2081-06-01','2081-06-30',NULL,NULL,40815,0,NULL,1,0,0,1),(3910,NULL,'2081-07',2081,7,'2081-07-01','2081-07-31',NULL,NULL,40815,0,NULL,1,0,0,1),(3911,NULL,'2081-08',2081,8,'2081-08-01','2081-08-31',NULL,NULL,40815,0,NULL,1,0,0,1),(3912,NULL,'2081-09',2081,9,'2081-09-01','2081-09-30',NULL,NULL,40815,0,NULL,1,0,0,1),(3913,NULL,'2081-10',2081,10,'2081-10-01','2081-10-31',NULL,NULL,40815,0,NULL,1,0,0,1),(3914,NULL,'2081-11',2081,11,'2081-11-01','2081-11-30',NULL,NULL,40815,0,NULL,1,0,0,1),(3915,NULL,'2081-12',2081,12,'2081-12-01','2081-12-31',NULL,NULL,40815,0,NULL,1,0,0,1),(3919,NULL,'2082-01',2082,1,'2082-01-01','2082-01-31',NULL,NULL,40815,0,NULL,1,0,0,1),(3920,NULL,'2082-02',2082,2,'2082-02-01','2082-02-28',NULL,NULL,40815,0,NULL,1,0,0,1),(3921,NULL,'2082-03',2082,3,'2082-03-01','2082-03-31',NULL,NULL,40815,0,NULL,1,0,0,1),(3922,NULL,'2082-04',2082,4,'2082-04-01','2082-04-30',NULL,NULL,40815,0,NULL,1,0,0,1),(3923,NULL,'2082-05',2082,5,'2082-05-01','2082-05-31',NULL,NULL,40815,0,NULL,1,0,0,1),(3924,NULL,'2082-06',2082,6,'2082-06-01','2082-06-30',NULL,NULL,40815,0,NULL,1,0,0,1),(3925,NULL,'2082-07',2082,7,'2082-07-01','2082-07-31',NULL,NULL,40815,0,NULL,1,0,0,1),(3926,NULL,'2082-08',2082,8,'2082-08-01','2082-08-31',NULL,NULL,40815,0,NULL,1,0,0,1),(3927,NULL,'2082-09',2082,9,'2082-09-01','2082-09-30',NULL,NULL,40815,0,NULL,1,0,0,1);
INSERT INTO `periods` VALUES (3928,NULL,'2082-10',2082,10,'2082-10-01','2082-10-31',NULL,NULL,40815,0,NULL,1,0,0,1),(3929,NULL,'2082-11',2082,11,'2082-11-01','2082-11-30',NULL,NULL,40815,0,NULL,1,0,0,1),(3930,NULL,'2082-12',2082,12,'2082-12-01','2082-12-31',NULL,NULL,40815,0,NULL,1,0,0,1),(3934,NULL,'2083-01',2083,1,'2083-01-01','2083-01-31',NULL,NULL,40815,0,NULL,1,0,0,1),(3935,NULL,'2083-02',2083,2,'2083-02-01','2083-02-28',NULL,NULL,40815,0,NULL,1,0,0,1),(3936,NULL,'2083-03',2083,3,'2083-03-01','2083-03-31',NULL,NULL,40815,0,NULL,1,0,0,1),(3937,NULL,'2083-04',2083,4,'2083-04-01','2083-04-30',NULL,NULL,40815,0,NULL,1,0,0,1),(3938,NULL,'2083-05',2083,5,'2083-05-01','2083-05-31',NULL,NULL,40815,0,NULL,1,0,0,1),(3939,NULL,'2083-06',2083,6,'2083-06-01','2083-06-30',NULL,NULL,40815,0,NULL,1,0,0,1),(3940,NULL,'2083-07',2083,7,'2083-07-01','2083-07-31',NULL,NULL,40815,0,NULL,1,0,0,1),(3941,NULL,'2083-08',2083,8,'2083-08-01','2083-08-31',NULL,NULL,40815,0,NULL,1,0,0,1),(3942,NULL,'2083-09',2083,9,'2083-09-01','2083-09-30',NULL,NULL,40815,0,NULL,1,0,0,1),(3943,NULL,'2083-10',2083,10,'2083-10-01','2083-10-31',NULL,NULL,40815,0,NULL,1,0,0,1),(3944,NULL,'2083-11',2083,11,'2083-11-01','2083-11-30',NULL,NULL,40815,0,NULL,1,0,0,1),(3945,NULL,'2083-12',2083,12,'2083-12-01','2083-12-31',NULL,NULL,40815,0,NULL,1,0,0,1),(3949,NULL,'2084-01',2084,1,'2084-01-01','2084-01-31',NULL,NULL,40815,0,NULL,1,0,0,1),(3950,NULL,'2084-02',2084,2,'2084-02-01','2084-02-28',NULL,NULL,40815,0,NULL,1,0,0,1),(3951,NULL,'2084-03',2084,3,'2084-03-01','2084-03-31',NULL,NULL,40815,0,NULL,1,0,0,1),(3952,NULL,'2084-04',2084,4,'2084-04-01','2084-04-30',NULL,NULL,40815,0,NULL,1,0,0,1),(3953,NULL,'2084-05',2084,5,'2084-05-01','2084-05-31',NULL,NULL,40815,0,NULL,1,0,0,1),(3954,NULL,'2084-06',2084,6,'2084-06-01','2084-06-30',NULL,NULL,40815,0,NULL,1,0,0,1),(3955,NULL,'2084-07',2084,7,'2084-07-01','2084-07-31',NULL,NULL,40815,0,NULL,1,0,0,1),(3956,NULL,'2084-08',2084,8,'2084-08-01','2084-08-31',NULL,NULL,40815,0,NULL,1,0,0,1),(3957,NULL,'2084-09',2084,9,'2084-09-01','2084-09-30',NULL,NULL,40815,0,NULL,1,0,0,1),(3958,NULL,'2084-10',2084,10,'2084-10-01','2084-10-31',NULL,NULL,40815,0,NULL,1,0,0,1),(3959,NULL,'2084-11',2084,11,'2084-11-01','2084-11-30',NULL,NULL,40815,0,NULL,1,0,0,1),(3960,NULL,'2084-12',2084,12,'2084-12-01','2084-12-31',NULL,NULL,40815,0,NULL,1,0,0,1),(3964,NULL,'2085-01',2085,1,'2085-01-01','2085-01-31',NULL,NULL,40815,0,NULL,1,0,0,1),(3965,NULL,'2085-02',2085,2,'2085-02-01','2085-02-28',NULL,NULL,40815,0,NULL,1,0,0,1),(3966,NULL,'2085-03',2085,3,'2085-03-01','2085-03-31',NULL,NULL,40815,0,NULL,1,0,0,1),(3967,NULL,'2085-04',2085,4,'2085-04-01','2085-04-30',NULL,NULL,40815,0,NULL,1,0,0,1),(3968,NULL,'2085-05',2085,5,'2085-05-01','2085-05-31',NULL,NULL,40815,0,NULL,1,0,0,1),(3969,NULL,'2085-06',2085,6,'2085-06-01','2085-06-30',NULL,NULL,40815,0,NULL,1,0,0,1),(3970,NULL,'2085-07',2085,7,'2085-07-01','2085-07-31',NULL,NULL,40815,0,NULL,1,0,0,1),(3971,NULL,'2085-08',2085,8,'2085-08-01','2085-08-31',NULL,NULL,40815,0,NULL,1,0,0,1),(3972,NULL,'2085-09',2085,9,'2085-09-01','2085-09-30',NULL,NULL,40815,0,NULL,1,0,0,1),(3973,NULL,'2085-10',2085,10,'2085-10-01','2085-10-31',NULL,NULL,40815,0,NULL,1,0,0,1),(3974,NULL,'2085-11',2085,11,'2085-11-01','2085-11-30',NULL,NULL,40815,0,NULL,1,0,0,1),(3975,NULL,'2085-12',2085,12,'2085-12-01','2085-12-31',NULL,NULL,40815,0,NULL,1,0,0,1),(3979,NULL,'2086-01',2086,1,'2086-01-01','2086-01-31',NULL,NULL,40815,0,NULL,1,0,0,1),(3980,NULL,'2086-02',2086,2,'2086-02-01','2086-02-28',NULL,NULL,40815,0,NULL,1,0,0,1),(3981,NULL,'2086-03',2086,3,'2086-03-01','2086-03-31',NULL,NULL,40815,0,NULL,1,0,0,1),(3982,NULL,'2086-04',2086,4,'2086-04-01','2086-04-30',NULL,NULL,40815,0,NULL,1,0,0,1),(3983,NULL,'2086-05',2086,5,'2086-05-01','2086-05-31',NULL,NULL,40815,0,NULL,1,0,0,1),(3984,NULL,'2086-06',2086,6,'2086-06-01','2086-06-30',NULL,NULL,40815,0,NULL,1,0,0,1),(3985,NULL,'2086-07',2086,7,'2086-07-01','2086-07-31',NULL,NULL,40815,0,NULL,1,0,0,1);
INSERT INTO `periods` VALUES (3986,NULL,'2086-08',2086,8,'2086-08-01','2086-08-31',NULL,NULL,40815,0,NULL,1,0,0,1),(3987,NULL,'2086-09',2086,9,'2086-09-01','2086-09-30',NULL,NULL,40815,0,NULL,1,0,0,1),(3988,NULL,'2086-10',2086,10,'2086-10-01','2086-10-31',NULL,NULL,40815,0,NULL,1,0,0,1),(3989,NULL,'2086-11',2086,11,'2086-11-01','2086-11-30',NULL,NULL,40815,0,NULL,1,0,0,1),(3990,NULL,'2086-12',2086,12,'2086-12-01','2086-12-31',NULL,NULL,40815,0,NULL,1,0,0,1),(3994,NULL,'2087-01',2087,1,'2087-01-01','2087-01-31',NULL,NULL,40815,0,NULL,1,0,0,1),(3995,NULL,'2087-02',2087,2,'2087-02-01','2087-02-28',NULL,NULL,40815,0,NULL,1,0,0,1),(3996,NULL,'2087-03',2087,3,'2087-03-01','2087-03-31',NULL,NULL,40815,0,NULL,1,0,0,1),(3997,NULL,'2087-04',2087,4,'2087-04-01','2087-04-30',NULL,NULL,40815,0,NULL,1,0,0,1),(3998,NULL,'2087-05',2087,5,'2087-05-01','2087-05-31',NULL,NULL,40815,0,NULL,1,0,0,1),(3999,NULL,'2087-06',2087,6,'2087-06-01','2087-06-30',NULL,NULL,40815,0,NULL,1,0,0,1),(4000,NULL,'2087-07',2087,7,'2087-07-01','2087-07-31',NULL,NULL,40815,0,NULL,1,0,0,1),(4001,NULL,'2087-08',2087,8,'2087-08-01','2087-08-31',NULL,NULL,40815,0,NULL,1,0,0,1),(4002,NULL,'2087-09',2087,9,'2087-09-01','2087-09-30',NULL,NULL,40815,0,NULL,1,0,0,1),(4003,NULL,'2087-10',2087,10,'2087-10-01','2087-10-31',NULL,NULL,40815,0,NULL,1,0,0,1),(4004,NULL,'2087-11',2087,11,'2087-11-01','2087-11-30',NULL,NULL,40815,0,NULL,1,0,0,1),(4005,NULL,'2087-12',2087,12,'2087-12-01','2087-12-31',NULL,NULL,40815,0,NULL,1,0,0,1),(4009,NULL,'2088-01',2088,1,'2088-01-01','2088-01-31',NULL,NULL,40815,0,NULL,1,0,0,1),(4010,NULL,'2088-02',2088,2,'2088-02-01','2088-02-28',NULL,NULL,40815,0,NULL,1,0,0,1),(4011,NULL,'2088-03',2088,3,'2088-03-01','2088-03-31',NULL,NULL,40815,0,NULL,1,0,0,1),(4012,NULL,'2088-04',2088,4,'2088-04-01','2088-04-30',NULL,NULL,40815,0,NULL,1,0,0,1),(4013,NULL,'2088-05',2088,5,'2088-05-01','2088-05-31',NULL,NULL,40815,0,NULL,1,0,0,1),(4014,NULL,'2088-06',2088,6,'2088-06-01','2088-06-30',NULL,NULL,40815,0,NULL,1,0,0,1),(4015,NULL,'2088-07',2088,7,'2088-07-01','2088-07-31',NULL,NULL,40815,0,NULL,1,0,0,1),(4016,NULL,'2088-08',2088,8,'2088-08-01','2088-08-31',NULL,NULL,40815,0,NULL,1,0,0,1),(4017,NULL,'2088-09',2088,9,'2088-09-01','2088-09-30',NULL,NULL,40815,0,NULL,1,0,0,1),(4018,NULL,'2088-10',2088,10,'2088-10-01','2088-10-31',NULL,NULL,40815,0,NULL,1,0,0,1),(4019,NULL,'2088-11',2088,11,'2088-11-01','2088-11-30',NULL,NULL,40815,0,NULL,1,0,0,1),(4020,NULL,'2088-12',2088,12,'2088-12-01','2088-12-31',NULL,NULL,40815,0,NULL,1,0,0,1),(4024,NULL,'2089-01',2089,1,'2089-01-01','2089-01-31',NULL,NULL,40815,0,NULL,1,0,0,1),(4025,NULL,'2089-02',2089,2,'2089-02-01','2089-02-28',NULL,NULL,40815,0,NULL,1,0,0,1),(4026,NULL,'2089-03',2089,3,'2089-03-01','2089-03-31',NULL,NULL,40815,0,NULL,1,0,0,1),(4027,NULL,'2089-04',2089,4,'2089-04-01','2089-04-30',NULL,NULL,40815,0,NULL,1,0,0,1),(4028,NULL,'2089-05',2089,5,'2089-05-01','2089-05-31',NULL,NULL,40815,0,NULL,1,0,0,1),(4029,NULL,'2089-06',2089,6,'2089-06-01','2089-06-30',NULL,NULL,40815,0,NULL,1,0,0,1),(4030,NULL,'2089-07',2089,7,'2089-07-01','2089-07-31',NULL,NULL,40815,0,NULL,1,0,0,1),(4031,NULL,'2089-08',2089,8,'2089-08-01','2089-08-31',NULL,NULL,40815,0,NULL,1,0,0,1),(4032,NULL,'2089-09',2089,9,'2089-09-01','2089-09-30',NULL,NULL,40815,0,NULL,1,0,0,1),(4033,NULL,'2089-10',2089,10,'2089-10-01','2089-10-31',NULL,NULL,40815,0,NULL,1,0,0,1),(4034,NULL,'2089-11',2089,11,'2089-11-01','2089-11-30',NULL,NULL,40815,0,NULL,1,0,0,1),(4035,NULL,'2089-12',2089,12,'2089-12-01','2089-12-31',NULL,NULL,40815,0,NULL,1,0,0,1),(4039,NULL,'2090-01',2090,1,'2090-01-01','2090-01-31',NULL,NULL,40815,0,NULL,1,0,0,1),(4040,NULL,'2090-02',2090,2,'2090-02-01','2090-02-28',NULL,NULL,40815,0,NULL,1,0,0,1),(4041,NULL,'2090-03',2090,3,'2090-03-01','2090-03-31',NULL,NULL,40815,0,NULL,1,0,0,1),(4042,NULL,'2090-04',2090,4,'2090-04-01','2090-04-30',NULL,NULL,40815,0,NULL,1,0,0,1),(4043,NULL,'2090-05',2090,5,'2090-05-01','2090-05-31',NULL,NULL,40815,0,NULL,1,0,0,1);
INSERT INTO `periods` VALUES (4044,NULL,'2090-06',2090,6,'2090-06-01','2090-06-30',NULL,NULL,40815,0,NULL,1,0,0,1),(4045,NULL,'2090-07',2090,7,'2090-07-01','2090-07-31',NULL,NULL,40815,0,NULL,1,0,0,1),(4046,NULL,'2090-08',2090,8,'2090-08-01','2090-08-31',NULL,NULL,40815,0,NULL,1,0,0,1),(4047,NULL,'2090-09',2090,9,'2090-09-01','2090-09-30',NULL,NULL,40815,0,NULL,1,0,0,1),(4048,NULL,'2090-10',2090,10,'2090-10-01','2090-10-31',NULL,NULL,40815,0,NULL,1,0,0,1),(4049,NULL,'2090-11',2090,11,'2090-11-01','2090-11-30',NULL,NULL,40815,0,NULL,1,0,0,1),(4050,NULL,'2090-12',2090,12,'2090-12-01','2090-12-31',NULL,NULL,40815,0,NULL,1,0,0,1),(4054,NULL,'2091-01',2091,1,'2091-01-01','2091-01-31',NULL,NULL,40815,0,NULL,1,0,0,1),(4055,NULL,'2091-02',2091,2,'2091-02-01','2091-02-28',NULL,NULL,40815,0,NULL,1,0,0,1),(4056,NULL,'2091-03',2091,3,'2091-03-01','2091-03-31',NULL,NULL,40815,0,NULL,1,0,0,1),(4057,NULL,'2091-04',2091,4,'2091-04-01','2091-04-30',NULL,NULL,40815,0,NULL,1,0,0,1),(4058,NULL,'2091-05',2091,5,'2091-05-01','2091-05-31',NULL,NULL,40815,0,NULL,1,0,0,1),(4059,NULL,'2091-06',2091,6,'2091-06-01','2091-06-30',NULL,NULL,40815,0,NULL,1,0,0,1),(4060,NULL,'2091-07',2091,7,'2091-07-01','2091-07-31',NULL,NULL,40815,0,NULL,1,0,0,1),(4061,NULL,'2091-08',2091,8,'2091-08-01','2091-08-31',NULL,NULL,40815,0,NULL,1,0,0,1),(4062,NULL,'2091-09',2091,9,'2091-09-01','2091-09-30',NULL,NULL,40815,0,NULL,1,0,0,1),(4063,NULL,'2091-10',2091,10,'2091-10-01','2091-10-31',NULL,NULL,40815,0,NULL,1,0,0,1),(4064,NULL,'2091-11',2091,11,'2091-11-01','2091-11-30',NULL,NULL,40815,0,NULL,1,0,0,1),(4065,NULL,'2091-12',2091,12,'2091-12-01','2091-12-31',NULL,NULL,40815,0,NULL,1,0,0,1),(4069,NULL,'2092-01',2092,1,'2092-01-01','2092-01-31',NULL,NULL,40815,0,NULL,1,0,0,1),(4070,NULL,'2092-02',2092,2,'2092-02-01','2092-02-28',NULL,NULL,40815,0,NULL,1,0,0,1),(4071,NULL,'2092-03',2092,3,'2092-03-01','2092-03-31',NULL,NULL,40815,0,NULL,1,0,0,1),(4072,NULL,'2092-04',2092,4,'2092-04-01','2092-04-30',NULL,NULL,40815,0,NULL,1,0,0,1),(4073,NULL,'2092-05',2092,5,'2092-05-01','2092-05-31',NULL,NULL,40815,0,NULL,1,0,0,1),(4074,NULL,'2092-06',2092,6,'2092-06-01','2092-06-30',NULL,NULL,40815,0,NULL,1,0,0,1),(4075,NULL,'2092-07',2092,7,'2092-07-01','2092-07-31',NULL,NULL,40815,0,NULL,1,0,0,1),(4076,NULL,'2092-08',2092,8,'2092-08-01','2092-08-31',NULL,NULL,40815,0,NULL,1,0,0,1),(4077,NULL,'2092-09',2092,9,'2092-09-01','2092-09-30',NULL,NULL,40815,0,NULL,1,0,0,1),(4078,NULL,'2092-10',2092,10,'2092-10-01','2092-10-31',NULL,NULL,40815,0,NULL,1,0,0,1),(4079,NULL,'2092-11',2092,11,'2092-11-01','2092-11-30',NULL,NULL,40815,0,NULL,1,0,0,1),(4080,NULL,'2092-12',2092,12,'2092-12-01','2092-12-31',NULL,NULL,40815,0,NULL,1,0,0,1),(4084,NULL,'2093-01',2093,1,'2093-01-01','2093-01-31',NULL,NULL,40815,0,NULL,1,0,0,1),(4085,NULL,'2093-02',2093,2,'2093-02-01','2093-02-28',NULL,NULL,40815,0,NULL,1,0,0,1),(4086,NULL,'2093-03',2093,3,'2093-03-01','2093-03-31',NULL,NULL,40815,0,NULL,1,0,0,1),(4087,NULL,'2093-04',2093,4,'2093-04-01','2093-04-30',NULL,NULL,40815,0,NULL,1,0,0,1),(4088,NULL,'2093-05',2093,5,'2093-05-01','2093-05-31',NULL,NULL,40815,0,NULL,1,0,0,1),(4089,NULL,'2093-06',2093,6,'2093-06-01','2093-06-30',NULL,NULL,40815,0,NULL,1,0,0,1),(4090,NULL,'2093-07',2093,7,'2093-07-01','2093-07-31',NULL,NULL,40815,0,NULL,1,0,0,1),(4091,NULL,'2093-08',2093,8,'2093-08-01','2093-08-31',NULL,NULL,40815,0,NULL,1,0,0,1),(4092,NULL,'2093-09',2093,9,'2093-09-01','2093-09-30',NULL,NULL,40815,0,NULL,1,0,0,1),(4093,NULL,'2093-10',2093,10,'2093-10-01','2093-10-31',NULL,NULL,40815,0,NULL,1,0,0,1),(4094,NULL,'2093-11',2093,11,'2093-11-01','2093-11-30',NULL,NULL,40815,0,NULL,1,0,0,1),(4095,NULL,'2093-12',2093,12,'2093-12-01','2093-12-31',NULL,NULL,40815,0,NULL,1,0,0,1),(4099,NULL,'2094-01',2094,1,'2094-01-01','2094-01-31',NULL,NULL,40815,0,NULL,1,0,0,1),(4100,NULL,'2094-02',2094,2,'2094-02-01','2094-02-28',NULL,NULL,40815,0,NULL,1,0,0,1),(4101,NULL,'2094-03',2094,3,'2094-03-01','2094-03-31',NULL,NULL,40815,0,NULL,1,0,0,1);
INSERT INTO `periods` VALUES (4102,NULL,'2094-04',2094,4,'2094-04-01','2094-04-30',NULL,NULL,40815,0,NULL,1,0,0,1),(4103,NULL,'2094-05',2094,5,'2094-05-01','2094-05-31',NULL,NULL,40815,0,NULL,1,0,0,1),(4104,NULL,'2094-06',2094,6,'2094-06-01','2094-06-30',NULL,NULL,40815,0,NULL,1,0,0,1),(4105,NULL,'2094-07',2094,7,'2094-07-01','2094-07-31',NULL,NULL,40815,0,NULL,1,0,0,1),(4106,NULL,'2094-08',2094,8,'2094-08-01','2094-08-31',NULL,NULL,40815,0,NULL,1,0,0,1),(4107,NULL,'2094-09',2094,9,'2094-09-01','2094-09-30',NULL,NULL,40815,0,NULL,1,0,0,1),(4108,NULL,'2094-10',2094,10,'2094-10-01','2094-10-31',NULL,NULL,40815,0,NULL,1,0,0,1),(4109,NULL,'2094-11',2094,11,'2094-11-01','2094-11-30',NULL,NULL,40815,0,NULL,1,0,0,1),(4110,NULL,'2094-12',2094,12,'2094-12-01','2094-12-31',NULL,NULL,40815,0,NULL,1,0,0,1),(4114,NULL,'2095-01',2095,1,'2095-01-01','2095-01-31',NULL,NULL,40815,0,NULL,1,0,0,1),(4115,NULL,'2095-02',2095,2,'2095-02-01','2095-02-28',NULL,NULL,40815,0,NULL,1,0,0,1),(4116,NULL,'2095-03',2095,3,'2095-03-01','2095-03-31',NULL,NULL,40815,0,NULL,1,0,0,1),(4117,NULL,'2095-04',2095,4,'2095-04-01','2095-04-30',NULL,NULL,40815,0,NULL,1,0,0,1),(4118,NULL,'2095-05',2095,5,'2095-05-01','2095-05-31',NULL,NULL,40815,0,NULL,1,0,0,1),(4119,NULL,'2095-06',2095,6,'2095-06-01','2095-06-30',NULL,NULL,40815,0,NULL,1,0,0,1),(4120,NULL,'2095-07',2095,7,'2095-07-01','2095-07-31',NULL,NULL,40815,0,NULL,1,0,0,1),(4121,NULL,'2095-08',2095,8,'2095-08-01','2095-08-31',NULL,NULL,40815,0,NULL,1,0,0,1),(4122,NULL,'2095-09',2095,9,'2095-09-01','2095-09-30',NULL,NULL,40815,0,NULL,1,0,0,1),(4123,NULL,'2095-10',2095,10,'2095-10-01','2095-10-31',NULL,NULL,40815,0,NULL,1,0,0,1),(4124,NULL,'2095-11',2095,11,'2095-11-01','2095-11-30',NULL,NULL,40815,0,NULL,1,0,0,1),(4125,NULL,'2095-12',2095,12,'2095-12-01','2095-12-31',NULL,NULL,40815,0,NULL,1,0,0,1),(4129,NULL,'2096-01',2096,1,'2096-01-01','2096-01-31',NULL,NULL,40815,0,NULL,1,0,0,1),(4130,NULL,'2096-02',2096,2,'2096-02-01','2096-02-28',NULL,NULL,40815,0,NULL,1,0,0,1),(4131,NULL,'2096-03',2096,3,'2096-03-01','2096-03-31',NULL,NULL,40815,0,NULL,1,0,0,1),(4132,NULL,'2096-04',2096,4,'2096-04-01','2096-04-30',NULL,NULL,40815,0,NULL,1,0,0,1),(4133,NULL,'2096-05',2096,5,'2096-05-01','2096-05-31',NULL,NULL,40815,0,NULL,1,0,0,1),(4134,NULL,'2096-06',2096,6,'2096-06-01','2096-06-30',NULL,NULL,40815,0,NULL,1,0,0,1),(4135,NULL,'2096-07',2096,7,'2096-07-01','2096-07-31',NULL,NULL,40815,0,NULL,1,0,0,1),(4136,NULL,'2096-08',2096,8,'2096-08-01','2096-08-31',NULL,NULL,40815,0,NULL,1,0,0,1),(4137,NULL,'2096-09',2096,9,'2096-09-01','2096-09-30',NULL,NULL,40815,0,NULL,1,0,0,1),(4138,NULL,'2096-10',2096,10,'2096-10-01','2096-10-31',NULL,NULL,40815,0,NULL,1,0,0,1),(4139,NULL,'2096-11',2096,11,'2096-11-01','2096-11-30',NULL,NULL,40815,0,NULL,1,0,0,1),(4140,NULL,'2096-12',2096,12,'2096-12-01','2096-12-31',NULL,NULL,40815,0,NULL,1,0,0,1),(4144,NULL,'2097-01',2097,1,'2097-01-01','2097-01-31',NULL,NULL,40815,0,NULL,1,0,0,1),(4145,NULL,'2097-02',2097,2,'2097-02-01','2097-02-28',NULL,NULL,40815,0,NULL,1,0,0,1),(4146,NULL,'2097-03',2097,3,'2097-03-01','2097-03-31',NULL,NULL,40815,0,NULL,1,0,0,1),(4147,NULL,'2097-04',2097,4,'2097-04-01','2097-04-30',NULL,NULL,40815,0,NULL,1,0,0,1),(4148,NULL,'2097-05',2097,5,'2097-05-01','2097-05-31',NULL,NULL,40815,0,NULL,1,0,0,1),(4149,NULL,'2097-06',2097,6,'2097-06-01','2097-06-30',NULL,NULL,40815,0,NULL,1,0,0,1),(4150,NULL,'2097-07',2097,7,'2097-07-01','2097-07-31',NULL,NULL,40815,0,NULL,1,0,0,1),(4151,NULL,'2097-08',2097,8,'2097-08-01','2097-08-31',NULL,NULL,40815,0,NULL,1,0,0,1),(4152,NULL,'2097-09',2097,9,'2097-09-01','2097-09-30',NULL,NULL,40815,0,NULL,1,0,0,1),(4153,NULL,'2097-10',2097,10,'2097-10-01','2097-10-31',NULL,NULL,40815,0,NULL,1,0,0,1),(4154,NULL,'2097-11',2097,11,'2097-11-01','2097-11-30',NULL,NULL,40815,0,NULL,1,0,0,1),(4155,NULL,'2097-12',2097,12,'2097-12-01','2097-12-31',NULL,NULL,40815,0,NULL,1,0,0,1),(4159,NULL,'2098-01',2098,1,'2098-01-01','2098-01-31',NULL,NULL,40815,0,NULL,1,0,0,1);
INSERT INTO `periods` VALUES (4160,NULL,'2098-02',2098,2,'2098-02-01','2098-02-28',NULL,NULL,40815,0,NULL,1,0,0,1),(4161,NULL,'2098-03',2098,3,'2098-03-01','2098-03-31',NULL,NULL,40815,0,NULL,1,0,0,1),(4162,NULL,'2098-04',2098,4,'2098-04-01','2098-04-30',NULL,NULL,40815,0,NULL,1,0,0,1),(4163,NULL,'2098-05',2098,5,'2098-05-01','2098-05-31',NULL,NULL,40815,0,NULL,1,0,0,1),(4164,NULL,'2098-06',2098,6,'2098-06-01','2098-06-30',NULL,NULL,40815,0,NULL,1,0,0,1),(4165,NULL,'2098-07',2098,7,'2098-07-01','2098-07-31',NULL,NULL,40815,0,NULL,1,0,0,1),(4166,NULL,'2098-08',2098,8,'2098-08-01','2098-08-31',NULL,NULL,40815,0,NULL,1,0,0,1),(4167,NULL,'2098-09',2098,9,'2098-09-01','2098-09-30',NULL,NULL,40815,0,NULL,1,0,0,1),(4168,NULL,'2098-10',2098,10,'2098-10-01','2098-10-31',NULL,NULL,40815,0,NULL,1,0,0,1),(4169,NULL,'2098-11',2098,11,'2098-11-01','2098-11-30',NULL,NULL,40815,0,NULL,1,0,0,1),(4170,NULL,'2098-12',2098,12,'2098-12-01','2098-12-31',NULL,NULL,40815,0,NULL,1,0,0,1),(4174,NULL,'2099-01',2099,1,'2099-01-01','2099-01-31',NULL,NULL,40815,0,NULL,1,0,0,1),(4175,NULL,'2099-02',2099,2,'2099-02-01','2099-02-28',NULL,NULL,40815,0,NULL,1,0,0,1),(4176,NULL,'2099-03',2099,3,'2099-03-01','2099-03-31',NULL,NULL,40815,0,NULL,1,0,0,1),(4177,NULL,'2099-04',2099,4,'2099-04-01','2099-04-30',NULL,NULL,40815,0,NULL,1,0,0,1),(4178,NULL,'2099-05',2099,5,'2099-05-01','2099-05-31',NULL,NULL,40815,0,NULL,1,0,0,1),(4179,NULL,'2099-06',2099,6,'2099-06-01','2099-06-30',NULL,NULL,40815,0,NULL,1,0,0,1),(4180,NULL,'2099-07',2099,7,'2099-07-01','2099-07-31',NULL,NULL,40815,0,NULL,1,0,0,1),(4181,NULL,'2099-08',2099,8,'2099-08-01','2099-08-31',NULL,NULL,40815,0,NULL,1,0,0,1),(4182,NULL,'2099-09',2099,9,'2099-09-01','2099-09-30',NULL,NULL,40815,0,NULL,1,0,0,1),(4183,NULL,'2099-10',2099,10,'2099-10-01','2099-10-31',NULL,NULL,40815,0,NULL,1,0,0,1),(4184,NULL,'2099-11',2099,11,'2099-11-01','2099-11-30',NULL,NULL,40815,0,NULL,1,0,0,1),(4185,NULL,'2099-12',2099,12,'2099-12-01','2099-12-31',NULL,NULL,40815,0,NULL,1,0,0,1),(4189,NULL,'2100-01',2100,1,'2100-01-01','2100-01-31',NULL,NULL,40815,0,NULL,1,0,0,1),(4190,NULL,'2100-02',2100,2,'2100-02-01','2100-02-28',NULL,NULL,40815,0,NULL,1,0,0,1),(4191,NULL,'2100-03',2100,3,'2100-03-01','2100-03-31',NULL,NULL,40815,0,NULL,1,0,0,1),(4192,NULL,'2100-04',2100,4,'2100-04-01','2100-04-30',NULL,NULL,40815,0,NULL,1,0,0,1),(4193,NULL,'2100-05',2100,5,'2100-05-01','2100-05-31',NULL,NULL,40815,0,NULL,1,0,0,1),(4194,NULL,'2100-06',2100,6,'2100-06-01','2100-06-30',NULL,NULL,40815,0,NULL,1,0,0,1),(4195,NULL,'2100-07',2100,7,'2100-07-01','2100-07-31',NULL,NULL,40815,0,NULL,1,0,0,1),(4196,NULL,'2100-08',2100,8,'2100-08-01','2100-08-31',NULL,NULL,40815,0,NULL,1,0,0,1),(4197,NULL,'2100-09',2100,9,'2100-09-01','2100-09-30',NULL,NULL,40815,0,NULL,1,0,0,1),(4198,NULL,'2100-10',2100,10,'2100-10-01','2100-10-31',NULL,NULL,40815,0,NULL,1,0,0,1),(4199,NULL,'2100-11',2100,11,'2100-11-01','2100-11-30',NULL,NULL,40815,0,NULL,1,0,0,1),(4200,NULL,'2100-12',2100,12,'2100-12-01','2100-12-31',NULL,NULL,40815,0,NULL,1,0,0,1),(4204,NULL,'2101-01',2101,1,'2101-01-01','2101-01-31',NULL,NULL,40815,0,NULL,1,0,0,1),(4205,NULL,'2101-02',2101,2,'2101-02-01','2101-02-28',NULL,NULL,40815,0,NULL,1,0,0,1),(4206,NULL,'2101-03',2101,3,'2101-03-01','2101-03-31',NULL,NULL,40815,0,NULL,1,0,0,1),(4207,NULL,'2101-04',2101,4,'2101-04-01','2101-04-30',NULL,NULL,40815,0,NULL,1,0,0,1),(4208,NULL,'2101-05',2101,5,'2101-05-01','2101-05-31',NULL,NULL,40815,0,NULL,1,0,0,1),(4209,NULL,'2101-06',2101,6,'2101-06-01','2101-06-30',NULL,NULL,40815,0,NULL,1,0,0,1),(4210,NULL,'2101-07',2101,7,'2101-07-01','2101-07-31',NULL,NULL,40815,0,NULL,1,0,0,1),(4211,NULL,'2101-08',2101,8,'2101-08-01','2101-08-31',NULL,NULL,40815,0,NULL,1,0,0,1),(4212,NULL,'2101-09',2101,9,'2101-09-01','2101-09-30',NULL,NULL,40815,0,NULL,1,0,0,1),(4213,NULL,'2101-10',2101,10,'2101-10-01','2101-10-31',NULL,NULL,40815,0,NULL,1,0,0,1),(4214,NULL,'2101-11',2101,11,'2101-11-01','2101-11-30',NULL,NULL,40815,0,NULL,1,0,0,1);
INSERT INTO `periods` VALUES (4215,NULL,'2101-12',2101,12,'2101-12-01','2101-12-31',NULL,NULL,40815,0,NULL,1,0,0,1),(4219,NULL,'2102-01',2102,1,'2102-01-01','2102-01-31',NULL,NULL,40815,0,NULL,1,0,0,1),(4220,NULL,'2102-02',2102,2,'2102-02-01','2102-02-28',NULL,NULL,40815,0,NULL,1,0,0,1),(4221,NULL,'2102-03',2102,3,'2102-03-01','2102-03-31',NULL,NULL,40815,0,NULL,1,0,0,1),(4222,NULL,'2102-04',2102,4,'2102-04-01','2102-04-30',NULL,NULL,40815,0,NULL,1,0,0,1),(4223,NULL,'2102-05',2102,5,'2102-05-01','2102-05-31',NULL,NULL,40815,0,NULL,1,0,0,1),(4224,NULL,'2102-06',2102,6,'2102-06-01','2102-06-30',NULL,NULL,40815,0,NULL,1,0,0,1),(4225,NULL,'2102-07',2102,7,'2102-07-01','2102-07-31',NULL,NULL,40815,0,NULL,1,0,0,1),(4226,NULL,'2102-08',2102,8,'2102-08-01','2102-08-31',NULL,NULL,40815,0,NULL,1,0,0,1),(4227,NULL,'2102-09',2102,9,'2102-09-01','2102-09-30',NULL,NULL,40815,0,NULL,1,0,0,1),(4228,NULL,'2102-10',2102,10,'2102-10-01','2102-10-31',NULL,NULL,40815,0,NULL,1,0,0,1),(4229,NULL,'2102-11',2102,11,'2102-11-01','2102-11-30',NULL,NULL,40815,0,NULL,1,0,0,1),(4230,NULL,'2102-12',2102,12,'2102-12-01','2102-12-31',NULL,NULL,40815,0,NULL,1,0,0,1),(4234,NULL,'2103-01',2103,1,'2103-01-01','2103-01-31',NULL,NULL,40815,0,NULL,1,0,0,1),(4235,NULL,'2103-02',2103,2,'2103-02-01','2103-02-28',NULL,NULL,40815,0,NULL,1,0,0,1),(4236,NULL,'2103-03',2103,3,'2103-03-01','2103-03-31',NULL,NULL,40815,0,NULL,1,0,0,1),(4237,NULL,'2103-04',2103,4,'2103-04-01','2103-04-30',NULL,NULL,40815,0,NULL,1,0,0,1),(4238,NULL,'2103-05',2103,5,'2103-05-01','2103-05-31',NULL,NULL,40815,0,NULL,1,0,0,1),(4239,NULL,'2103-06',2103,6,'2103-06-01','2103-06-30',NULL,NULL,40815,0,NULL,1,0,0,1),(4240,NULL,'2103-07',2103,7,'2103-07-01','2103-07-31',NULL,NULL,40815,0,NULL,1,0,0,1),(4241,NULL,'2103-08',2103,8,'2103-08-01','2103-08-31',NULL,NULL,40815,0,NULL,1,0,0,1),(4242,NULL,'2103-09',2103,9,'2103-09-01','2103-09-30',NULL,NULL,40815,0,NULL,1,0,0,1),(4243,NULL,'2103-10',2103,10,'2103-10-01','2103-10-31',NULL,NULL,40815,0,NULL,1,0,0,1),(4244,NULL,'2103-11',2103,11,'2103-11-01','2103-11-30',NULL,NULL,40815,0,NULL,1,0,0,1),(4245,NULL,'2103-12',2103,12,'2103-12-01','2103-12-31',NULL,NULL,40815,0,NULL,1,0,0,1),(4249,NULL,'2104-01',2104,1,'2104-01-01','2104-01-31',NULL,NULL,40815,0,NULL,1,0,0,1),(4250,NULL,'2104-02',2104,2,'2104-02-01','2104-02-28',NULL,NULL,40815,0,NULL,1,0,0,1),(4251,NULL,'2104-03',2104,3,'2104-03-01','2104-03-31',NULL,NULL,40815,0,NULL,1,0,0,1),(4252,NULL,'2104-04',2104,4,'2104-04-01','2104-04-30',NULL,NULL,40815,0,NULL,1,0,0,1),(4253,NULL,'2104-05',2104,5,'2104-05-01','2104-05-31',NULL,NULL,40815,0,NULL,1,0,0,1),(4254,NULL,'2104-06',2104,6,'2104-06-01','2104-06-30',NULL,NULL,40815,0,NULL,1,0,0,1),(4255,NULL,'2104-07',2104,7,'2104-07-01','2104-07-31',NULL,NULL,40815,0,NULL,1,0,0,1),(4256,NULL,'2104-08',2104,8,'2104-08-01','2104-08-31',NULL,NULL,40815,0,NULL,1,0,0,1),(4257,NULL,'2104-09',2104,9,'2104-09-01','2104-09-30',NULL,NULL,40815,0,NULL,1,0,0,1),(4258,NULL,'2104-10',2104,10,'2104-10-01','2104-10-31',NULL,NULL,40815,0,NULL,1,0,0,1),(4259,NULL,'2104-11',2104,11,'2104-11-01','2104-11-30',NULL,NULL,40815,0,NULL,1,0,0,1),(4260,NULL,'2104-12',2104,12,'2104-12-01','2104-12-31',NULL,NULL,40815,0,NULL,1,0,0,1),(4264,NULL,'2105-01',2105,1,'2105-01-01','2105-01-31',NULL,NULL,40815,0,NULL,1,0,0,1),(4265,NULL,'2105-02',2105,2,'2105-02-01','2105-02-28',NULL,NULL,40815,0,NULL,1,0,0,1),(4266,NULL,'2105-03',2105,3,'2105-03-01','2105-03-31',NULL,NULL,40815,0,NULL,1,0,0,1),(4267,NULL,'2105-04',2105,4,'2105-04-01','2105-04-30',NULL,NULL,40815,0,NULL,1,0,0,1),(4268,NULL,'2105-05',2105,5,'2105-05-01','2105-05-31',NULL,NULL,40815,0,NULL,1,0,0,1),(4269,NULL,'2105-06',2105,6,'2105-06-01','2105-06-30',NULL,NULL,40815,0,NULL,1,0,0,1),(4270,NULL,'2105-07',2105,7,'2105-07-01','2105-07-31',NULL,NULL,40815,0,NULL,1,0,0,1),(4271,NULL,'2105-08',2105,8,'2105-08-01','2105-08-31',NULL,NULL,40815,0,NULL,1,0,0,1),(4272,NULL,'2105-09',2105,9,'2105-09-01','2105-09-30',NULL,NULL,40815,0,NULL,1,0,0,1);
INSERT INTO `periods` VALUES (4273,NULL,'2105-10',2105,10,'2105-10-01','2105-10-31',NULL,NULL,40815,0,NULL,1,0,0,1),(4274,NULL,'2105-11',2105,11,'2105-11-01','2105-11-30',NULL,NULL,40815,0,NULL,1,0,0,1),(4275,NULL,'2105-12',2105,12,'2105-12-01','2105-12-31',NULL,NULL,40815,0,NULL,1,0,0,1),(4279,NULL,'2106-01',2106,1,'2106-01-01','2106-01-31',NULL,NULL,40815,0,NULL,1,0,0,1),(4280,NULL,'2106-02',2106,2,'2106-02-01','2106-02-28',NULL,NULL,40815,0,NULL,1,0,0,1),(4281,NULL,'2106-03',2106,3,'2106-03-01','2106-03-31',NULL,NULL,40815,0,NULL,1,0,0,1),(4282,NULL,'2106-04',2106,4,'2106-04-01','2106-04-30',NULL,NULL,40815,0,NULL,1,0,0,1),(4283,NULL,'2106-05',2106,5,'2106-05-01','2106-05-31',NULL,NULL,40815,0,NULL,1,0,0,1),(4284,NULL,'2106-06',2106,6,'2106-06-01','2106-06-30',NULL,NULL,40815,0,NULL,1,0,0,1),(4285,NULL,'2106-07',2106,7,'2106-07-01','2106-07-31',NULL,NULL,40815,0,NULL,1,0,0,1),(4286,NULL,'2106-08',2106,8,'2106-08-01','2106-08-31',NULL,NULL,40815,0,NULL,1,0,0,1),(4287,NULL,'2106-09',2106,9,'2106-09-01','2106-09-30',NULL,NULL,40815,0,NULL,1,0,0,1),(4288,NULL,'2106-10',2106,10,'2106-10-01','2106-10-31',NULL,NULL,40815,0,NULL,1,0,0,1),(4289,NULL,'2106-11',2106,11,'2106-11-01','2106-11-30',NULL,NULL,40815,0,NULL,1,0,0,1),(4290,NULL,'2106-12',2106,12,'2106-12-01','2106-12-31',NULL,NULL,40815,0,NULL,1,0,0,1),(4294,NULL,'2107-01',2107,1,'2107-01-01','2107-01-31',NULL,NULL,40815,0,NULL,1,0,0,1),(4295,NULL,'2107-02',2107,2,'2107-02-01','2107-02-28',NULL,NULL,40815,0,NULL,1,0,0,1),(4296,NULL,'2107-03',2107,3,'2107-03-01','2107-03-31',NULL,NULL,40815,0,NULL,1,0,0,1),(4297,NULL,'2107-04',2107,4,'2107-04-01','2107-04-30',NULL,NULL,40815,0,NULL,1,0,0,1),(4298,NULL,'2107-05',2107,5,'2107-05-01','2107-05-31',NULL,NULL,40815,0,NULL,1,0,0,1),(4299,NULL,'2107-06',2107,6,'2107-06-01','2107-06-30',NULL,NULL,40815,0,NULL,1,0,0,1),(4300,NULL,'2107-07',2107,7,'2107-07-01','2107-07-31',NULL,NULL,40815,0,NULL,1,0,0,1),(4301,NULL,'2107-08',2107,8,'2107-08-01','2107-08-31',NULL,NULL,40815,0,NULL,1,0,0,1),(4302,NULL,'2107-09',2107,9,'2107-09-01','2107-09-30',NULL,NULL,40815,0,NULL,1,0,0,1),(4303,NULL,'2107-10',2107,10,'2107-10-01','2107-10-31',NULL,NULL,40815,0,NULL,1,0,0,1),(4304,NULL,'2107-11',2107,11,'2107-11-01','2107-11-30',NULL,NULL,40815,0,NULL,1,0,0,1),(4305,NULL,'2107-12',2107,12,'2107-12-01','2107-12-31',NULL,NULL,40815,0,NULL,1,0,0,1),(4309,NULL,'2108-01',2108,1,'2108-01-01','2108-01-31',NULL,NULL,40815,0,NULL,1,0,0,1),(4310,NULL,'2108-02',2108,2,'2108-02-01','2108-02-28',NULL,NULL,40815,0,NULL,1,0,0,1),(4311,NULL,'2108-03',2108,3,'2108-03-01','2108-03-31',NULL,NULL,40815,0,NULL,1,0,0,1),(4312,NULL,'2108-04',2108,4,'2108-04-01','2108-04-30',NULL,NULL,40815,0,NULL,1,0,0,1),(4313,NULL,'2108-05',2108,5,'2108-05-01','2108-05-31',NULL,NULL,40815,0,NULL,1,0,0,1),(4314,NULL,'2108-06',2108,6,'2108-06-01','2108-06-30',NULL,NULL,40815,0,NULL,1,0,0,1),(4315,NULL,'2108-07',2108,7,'2108-07-01','2108-07-31',NULL,NULL,40815,0,NULL,1,0,0,1),(4316,NULL,'2108-08',2108,8,'2108-08-01','2108-08-31',NULL,NULL,40815,0,NULL,1,0,0,1),(4317,NULL,'2108-09',2108,9,'2108-09-01','2108-09-30',NULL,NULL,40815,0,NULL,1,0,0,1),(4318,NULL,'2108-10',2108,10,'2108-10-01','2108-10-31',NULL,NULL,40815,0,NULL,1,0,0,1),(4319,NULL,'2108-11',2108,11,'2108-11-01','2108-11-30',NULL,NULL,40815,0,NULL,1,0,0,1),(4320,NULL,'2108-12',2108,12,'2108-12-01','2108-12-31',NULL,NULL,40815,0,NULL,1,0,0,1),(4324,NULL,'2109-01',2109,1,'2109-01-01','2109-01-31',NULL,NULL,40815,0,NULL,1,0,0,1),(4325,NULL,'2109-02',2109,2,'2109-02-01','2109-02-28',NULL,NULL,40815,0,NULL,1,0,0,1),(4326,NULL,'2109-03',2109,3,'2109-03-01','2109-03-31',NULL,NULL,40815,0,NULL,1,0,0,1),(4327,NULL,'2109-04',2109,4,'2109-04-01','2109-04-30',NULL,NULL,40815,0,NULL,1,0,0,1),(4328,NULL,'2109-05',2109,5,'2109-05-01','2109-05-31',NULL,NULL,40815,0,NULL,1,0,0,1),(4329,NULL,'2109-06',2109,6,'2109-06-01','2109-06-30',NULL,NULL,40815,0,NULL,1,0,0,1),(4330,NULL,'2109-07',2109,7,'2109-07-01','2109-07-31',NULL,NULL,40815,0,NULL,1,0,0,1);
INSERT INTO `periods` VALUES (4331,NULL,'2109-08',2109,8,'2109-08-01','2109-08-31',NULL,NULL,40815,0,NULL,1,0,0,1),(4332,NULL,'2109-09',2109,9,'2109-09-01','2109-09-30',NULL,NULL,40815,0,NULL,1,0,0,1),(4333,NULL,'2109-10',2109,10,'2109-10-01','2109-10-31',NULL,NULL,40815,0,NULL,1,0,0,1),(4334,NULL,'2109-11',2109,11,'2109-11-01','2109-11-30',NULL,NULL,40815,0,NULL,1,0,0,1),(4335,NULL,'2109-12',2109,12,'2109-12-01','2109-12-31',NULL,NULL,40815,0,NULL,1,0,0,1),(4339,NULL,'2110-01',2110,1,'2110-01-01','2110-01-31',NULL,NULL,40815,0,NULL,1,0,0,1),(4340,NULL,'2110-02',2110,2,'2110-02-01','2110-02-28',NULL,NULL,40815,0,NULL,1,0,0,1),(4341,NULL,'2110-03',2110,3,'2110-03-01','2110-03-31',NULL,NULL,40815,0,NULL,1,0,0,1),(4342,NULL,'2110-04',2110,4,'2110-04-01','2110-04-30',NULL,NULL,40815,0,NULL,1,0,0,1),(4343,NULL,'2110-05',2110,5,'2110-05-01','2110-05-31',NULL,NULL,40815,0,NULL,1,0,0,1),(4344,NULL,'2110-06',2110,6,'2110-06-01','2110-06-30',NULL,NULL,40815,0,NULL,1,0,0,1),(4345,NULL,'2110-07',2110,7,'2110-07-01','2110-07-31',NULL,NULL,40815,0,NULL,1,0,0,1),(4346,NULL,'2110-08',2110,8,'2110-08-01','2110-08-31',NULL,NULL,40815,0,NULL,1,0,0,1),(4347,NULL,'2110-09',2110,9,'2110-09-01','2110-09-30',NULL,NULL,40815,0,NULL,1,0,0,1),(4348,NULL,'2110-10',2110,10,'2110-10-01','2110-10-31',NULL,NULL,40815,0,NULL,1,0,0,1),(4349,NULL,'2110-11',2110,11,'2110-11-01','2110-11-30',NULL,NULL,40815,0,NULL,1,0,0,1),(4350,NULL,'2110-12',2110,12,'2110-12-01','2110-12-31',NULL,NULL,40815,0,NULL,1,0,0,1),(4354,NULL,'2111-01',2111,1,'2111-01-01','2111-01-31',NULL,NULL,40815,0,NULL,1,0,0,1),(4355,NULL,'2111-02',2111,2,'2111-02-01','2111-02-28',NULL,NULL,40815,0,NULL,1,0,0,1),(4356,NULL,'2111-03',2111,3,'2111-03-01','2111-03-31',NULL,NULL,40815,0,NULL,1,0,0,1),(4357,NULL,'2111-04',2111,4,'2111-04-01','2111-04-30',NULL,NULL,40815,0,NULL,1,0,0,1),(4358,NULL,'2111-05',2111,5,'2111-05-01','2111-05-31',NULL,NULL,40815,0,NULL,1,0,0,1),(4359,NULL,'2111-06',2111,6,'2111-06-01','2111-06-30',NULL,NULL,40815,0,NULL,1,0,0,1),(4360,NULL,'2111-07',2111,7,'2111-07-01','2111-07-31',NULL,NULL,40815,0,NULL,1,0,0,1),(4361,NULL,'2111-08',2111,8,'2111-08-01','2111-08-31',NULL,NULL,40815,0,NULL,1,0,0,1),(4362,NULL,'2111-09',2111,9,'2111-09-01','2111-09-30',NULL,NULL,40815,0,NULL,1,0,0,1),(4363,NULL,'2111-10',2111,10,'2111-10-01','2111-10-31',NULL,NULL,40815,0,NULL,1,0,0,1),(4364,NULL,'2111-11',2111,11,'2111-11-01','2111-11-30',NULL,NULL,40815,0,NULL,1,0,0,1),(4365,NULL,'2111-12',2111,12,'2111-12-01','2111-12-31',NULL,NULL,40815,0,NULL,1,0,0,1),(4369,NULL,'2112-01',2112,1,'2112-01-01','2112-01-31',NULL,NULL,40815,0,NULL,1,0,0,1),(4370,NULL,'2112-02',2112,2,'2112-02-01','2112-02-28',NULL,NULL,40815,0,NULL,1,0,0,1),(4371,NULL,'2112-03',2112,3,'2112-03-01','2112-03-31',NULL,NULL,40815,0,NULL,1,0,0,1),(4372,NULL,'2112-04',2112,4,'2112-04-01','2112-04-30',NULL,NULL,40815,0,NULL,1,0,0,1),(4373,NULL,'2112-05',2112,5,'2112-05-01','2112-05-31',NULL,NULL,40815,0,NULL,1,0,0,1),(4374,NULL,'2112-06',2112,6,'2112-06-01','2112-06-30',NULL,NULL,40815,0,NULL,1,0,0,1),(4375,NULL,'2112-07',2112,7,'2112-07-01','2112-07-31',NULL,NULL,40815,0,NULL,1,0,0,1),(4376,NULL,'2112-08',2112,8,'2112-08-01','2112-08-31',NULL,NULL,40815,0,NULL,1,0,0,1),(4377,NULL,'2112-09',2112,9,'2112-09-01','2112-09-30',NULL,NULL,40815,0,NULL,1,0,0,1),(4378,NULL,'2112-10',2112,10,'2112-10-01','2112-10-31',NULL,NULL,40815,0,NULL,1,0,0,1),(4379,NULL,'2112-11',2112,11,'2112-11-01','2112-11-30',NULL,NULL,40815,0,NULL,1,0,0,1),(4380,NULL,'2112-12',2112,12,'2112-12-01','2112-12-31',NULL,NULL,40815,0,NULL,1,0,0,1),(4384,NULL,'2113-01',2113,1,'2113-01-01','2113-01-31',NULL,NULL,40815,0,NULL,1,0,0,1),(4385,NULL,'2113-02',2113,2,'2113-02-01','2113-02-28',NULL,NULL,40815,0,NULL,1,0,0,1),(4386,NULL,'2113-03',2113,3,'2113-03-01','2113-03-31',NULL,NULL,40815,0,NULL,1,0,0,1),(4387,NULL,'2113-04',2113,4,'2113-04-01','2113-04-30',NULL,NULL,40815,0,NULL,1,0,0,1),(4388,NULL,'2113-05',2113,5,'2113-05-01','2113-05-31',NULL,NULL,40815,0,NULL,1,0,0,1);
INSERT INTO `periods` VALUES (4389,NULL,'2113-06',2113,6,'2113-06-01','2113-06-30',NULL,NULL,40815,0,NULL,1,0,0,1),(4390,NULL,'2113-07',2113,7,'2113-07-01','2113-07-31',NULL,NULL,40815,0,NULL,1,0,0,1),(4391,NULL,'2113-08',2113,8,'2113-08-01','2113-08-31',NULL,NULL,40815,0,NULL,1,0,0,1),(4392,NULL,'2113-09',2113,9,'2113-09-01','2113-09-30',NULL,NULL,40815,0,NULL,1,0,0,1),(4393,NULL,'2113-10',2113,10,'2113-10-01','2113-10-31',NULL,NULL,40815,0,NULL,1,0,0,1),(4394,NULL,'2113-11',2113,11,'2113-11-01','2113-11-30',NULL,NULL,40815,0,NULL,1,0,0,1),(4395,NULL,'2113-12',2113,12,'2113-12-01','2113-12-31',NULL,NULL,40815,0,NULL,1,0,0,1),(4399,NULL,'2114-01',2114,1,'2114-01-01','2114-01-31',NULL,NULL,40815,0,NULL,1,0,0,1),(4400,NULL,'2114-02',2114,2,'2114-02-01','2114-02-28',NULL,NULL,40815,0,NULL,1,0,0,1),(4401,NULL,'2114-03',2114,3,'2114-03-01','2114-03-31',NULL,NULL,40815,0,NULL,1,0,0,1),(4402,NULL,'2114-04',2114,4,'2114-04-01','2114-04-30',NULL,NULL,40815,0,NULL,1,0,0,1),(4403,NULL,'2114-05',2114,5,'2114-05-01','2114-05-31',NULL,NULL,40815,0,NULL,1,0,0,1),(4404,NULL,'2114-06',2114,6,'2114-06-01','2114-06-30',NULL,NULL,40815,0,NULL,1,0,0,1),(4405,NULL,'2114-07',2114,7,'2114-07-01','2114-07-31',NULL,NULL,40815,0,NULL,1,0,0,1),(4406,NULL,'2114-08',2114,8,'2114-08-01','2114-08-31',NULL,NULL,40815,0,NULL,1,0,0,1),(4407,NULL,'2114-09',2114,9,'2114-09-01','2114-09-30',NULL,NULL,40815,0,NULL,1,0,0,1),(4408,NULL,'2114-10',2114,10,'2114-10-01','2114-10-31',NULL,NULL,40815,0,NULL,1,0,0,1),(4409,NULL,'2114-11',2114,11,'2114-11-01','2114-11-30',NULL,NULL,40815,0,NULL,1,0,0,1),(4410,NULL,'2114-12',2114,12,'2114-12-01','2114-12-31',NULL,NULL,40815,0,NULL,1,0,0,1),(4414,NULL,'2115-01',2115,1,'2115-01-01','2115-01-31',NULL,NULL,40815,0,NULL,1,0,0,1),(4415,NULL,'2115-02',2115,2,'2115-02-01','2115-02-28',NULL,NULL,40815,0,NULL,1,0,0,1),(4416,NULL,'2115-03',2115,3,'2115-03-01','2115-03-31',NULL,NULL,40815,0,NULL,1,0,0,1),(4417,NULL,'2115-04',2115,4,'2115-04-01','2115-04-30',NULL,NULL,40815,0,NULL,1,0,0,1),(4418,NULL,'2115-05',2115,5,'2115-05-01','2115-05-31',NULL,NULL,40815,0,NULL,1,0,0,1),(4419,NULL,'2115-06',2115,6,'2115-06-01','2115-06-30',NULL,NULL,40815,0,NULL,1,0,0,1),(4420,NULL,'2115-07',2115,7,'2115-07-01','2115-07-31',NULL,NULL,40815,0,NULL,1,0,0,1),(4421,NULL,'2115-08',2115,8,'2115-08-01','2115-08-31',NULL,NULL,40815,0,NULL,1,0,0,1),(4422,NULL,'2115-09',2115,9,'2115-09-01','2115-09-30',NULL,NULL,40815,0,NULL,1,0,0,1),(4423,NULL,'2115-10',2115,10,'2115-10-01','2115-10-31',NULL,NULL,40815,0,NULL,1,0,0,1),(4424,NULL,'2115-11',2115,11,'2115-11-01','2115-11-30',NULL,NULL,40815,0,NULL,1,0,0,1),(4425,NULL,'2115-12',2115,12,'2115-12-01','2115-12-31',NULL,NULL,40815,0,NULL,1,0,0,1),(4429,NULL,'2116-01',2116,1,'2116-01-01','2116-01-31',NULL,NULL,40815,0,NULL,1,0,0,1),(4430,NULL,'2116-02',2116,2,'2116-02-01','2116-02-28',NULL,NULL,40815,0,NULL,1,0,0,1),(4431,NULL,'2116-03',2116,3,'2116-03-01','2116-03-31',NULL,NULL,40815,0,NULL,1,0,0,1),(4432,NULL,'2116-04',2116,4,'2116-04-01','2116-04-30',NULL,NULL,40815,0,NULL,1,0,0,1),(4433,NULL,'2116-05',2116,5,'2116-05-01','2116-05-31',NULL,NULL,40815,0,NULL,1,0,0,1),(4434,NULL,'2116-06',2116,6,'2116-06-01','2116-06-30',NULL,NULL,40815,0,NULL,1,0,0,1),(4435,NULL,'2116-07',2116,7,'2116-07-01','2116-07-31',NULL,NULL,40815,0,NULL,1,0,0,1),(4436,NULL,'2116-08',2116,8,'2116-08-01','2116-08-31',NULL,NULL,40815,0,NULL,1,0,0,1),(4437,NULL,'2116-09',2116,9,'2116-09-01','2116-09-30',NULL,NULL,40815,0,NULL,1,0,0,1),(4438,NULL,'2116-10',2116,10,'2116-10-01','2116-10-31',NULL,NULL,40815,0,NULL,1,0,0,1),(4439,NULL,'2116-11',2116,11,'2116-11-01','2116-11-30',NULL,NULL,40815,0,NULL,1,0,0,1),(4440,NULL,'2116-12',2116,12,'2116-12-01','2116-12-31',NULL,NULL,40815,0,NULL,1,0,0,1),(4444,NULL,'2117-01',2117,1,'2117-01-01','2117-01-31',NULL,NULL,40815,0,NULL,1,0,0,1),(4445,NULL,'2117-02',2117,2,'2117-02-01','2117-02-28',NULL,NULL,40815,0,NULL,1,0,0,1),(4446,NULL,'2117-03',2117,3,'2117-03-01','2117-03-31',NULL,NULL,40815,0,NULL,1,0,0,1);
INSERT INTO `periods` VALUES (4447,NULL,'2117-04',2117,4,'2117-04-01','2117-04-30',NULL,NULL,40815,0,NULL,1,0,0,1),(4448,NULL,'2117-05',2117,5,'2117-05-01','2117-05-31',NULL,NULL,40815,0,NULL,1,0,0,1),(4449,NULL,'2117-06',2117,6,'2117-06-01','2117-06-30',NULL,NULL,40815,0,NULL,1,0,0,1),(4450,NULL,'2117-07',2117,7,'2117-07-01','2117-07-31',NULL,NULL,40815,0,NULL,1,0,0,1),(4451,NULL,'2117-08',2117,8,'2117-08-01','2117-08-31',NULL,NULL,40815,0,NULL,1,0,0,1),(4452,NULL,'2117-09',2117,9,'2117-09-01','2117-09-30',NULL,NULL,40815,0,NULL,1,0,0,1),(4453,NULL,'2117-10',2117,10,'2117-10-01','2117-10-31',NULL,NULL,40815,0,NULL,1,0,0,1),(4454,NULL,'2117-11',2117,11,'2117-11-01','2117-11-30',NULL,NULL,40815,0,NULL,1,0,0,1),(4455,NULL,'2117-12',2117,12,'2117-12-01','2117-12-31',NULL,NULL,40815,0,NULL,1,0,0,1),(4459,NULL,'2118-01',2118,1,'2118-01-01','2118-01-31',NULL,NULL,40815,0,NULL,1,0,0,1),(4460,NULL,'2118-02',2118,2,'2118-02-01','2118-02-28',NULL,NULL,40815,0,NULL,1,0,0,1),(4461,NULL,'2118-03',2118,3,'2118-03-01','2118-03-31',NULL,NULL,40815,0,NULL,1,0,0,1),(4462,NULL,'2118-04',2118,4,'2118-04-01','2118-04-30',NULL,NULL,40815,0,NULL,1,0,0,1),(4463,NULL,'2118-05',2118,5,'2118-05-01','2118-05-31',NULL,NULL,40815,0,NULL,1,0,0,1),(4464,NULL,'2118-06',2118,6,'2118-06-01','2118-06-30',NULL,NULL,40815,0,NULL,1,0,0,1),(4465,NULL,'2118-07',2118,7,'2118-07-01','2118-07-31',NULL,NULL,40815,0,NULL,1,0,0,1),(4466,NULL,'2118-08',2118,8,'2118-08-01','2118-08-31',NULL,NULL,40815,0,NULL,1,0,0,1),(4467,NULL,'2118-09',2118,9,'2118-09-01','2118-09-30',NULL,NULL,40815,0,NULL,1,0,0,1),(4468,NULL,'2118-10',2118,10,'2118-10-01','2118-10-31',NULL,NULL,40815,0,NULL,1,0,0,1),(4469,NULL,'2118-11',2118,11,'2118-11-01','2118-11-30',NULL,NULL,40815,0,NULL,1,0,0,1),(4470,NULL,'2118-12',2118,12,'2118-12-01','2118-12-31',NULL,NULL,40815,0,NULL,1,0,0,1),(4474,NULL,'2119-01',2119,1,'2119-01-01','2119-01-31',NULL,NULL,40815,0,NULL,1,0,0,1),(4475,NULL,'2119-02',2119,2,'2119-02-01','2119-02-28',NULL,NULL,40815,0,NULL,1,0,0,1),(4476,NULL,'2119-03',2119,3,'2119-03-01','2119-03-31',NULL,NULL,40815,0,NULL,1,0,0,1),(4477,NULL,'2119-04',2119,4,'2119-04-01','2119-04-30',NULL,NULL,40815,0,NULL,1,0,0,1),(4478,NULL,'2119-05',2119,5,'2119-05-01','2119-05-31',NULL,NULL,40815,0,NULL,1,0,0,1),(4479,NULL,'2119-06',2119,6,'2119-06-01','2119-06-30',NULL,NULL,40815,0,NULL,1,0,0,1),(4480,NULL,'2119-07',2119,7,'2119-07-01','2119-07-31',NULL,NULL,40815,0,NULL,1,0,0,1),(4481,NULL,'2119-08',2119,8,'2119-08-01','2119-08-31',NULL,NULL,40815,0,NULL,1,0,0,1),(4482,NULL,'2119-09',2119,9,'2119-09-01','2119-09-30',NULL,NULL,40815,0,NULL,1,0,0,1),(4483,NULL,'2119-10',2119,10,'2119-10-01','2119-10-31',NULL,NULL,40815,0,NULL,1,0,0,1),(4484,NULL,'2119-11',2119,11,'2119-11-01','2119-11-30',NULL,NULL,40815,0,NULL,1,0,0,1),(4485,NULL,'2119-12',2119,12,'2119-12-01','2119-12-31',NULL,NULL,40815,0,NULL,1,0,0,1),(4489,NULL,'2120-01',2120,1,'2120-01-01','2120-01-31',NULL,NULL,40815,0,NULL,1,0,0,1),(4490,NULL,'2120-02',2120,2,'2120-02-01','2120-02-28',NULL,NULL,40815,0,NULL,1,0,0,1),(4491,NULL,'2120-03',2120,3,'2120-03-01','2120-03-31',NULL,NULL,40815,0,NULL,1,0,0,1),(4492,NULL,'2120-04',2120,4,'2120-04-01','2120-04-30',NULL,NULL,40815,0,NULL,1,0,0,1),(4493,NULL,'2120-05',2120,5,'2120-05-01','2120-05-31',NULL,NULL,40815,0,NULL,1,0,0,1),(4494,NULL,'2120-06',2120,6,'2120-06-01','2120-06-30',NULL,NULL,40815,0,NULL,1,0,0,1),(4495,NULL,'2120-07',2120,7,'2120-07-01','2120-07-31',NULL,NULL,40815,0,NULL,1,0,0,1),(4496,NULL,'2120-08',2120,8,'2120-08-01','2120-08-31',NULL,NULL,40815,0,NULL,1,0,0,1),(4497,NULL,'2120-09',2120,9,'2120-09-01','2120-09-30',NULL,NULL,40815,0,NULL,1,0,0,1),(4498,NULL,'2120-10',2120,10,'2120-10-01','2120-10-31',NULL,NULL,40815,0,NULL,1,0,0,1),(4499,NULL,'2120-11',2120,11,'2120-11-01','2120-11-30',NULL,NULL,40815,0,NULL,1,0,0,1),(4500,NULL,'2120-12',2120,12,'2120-12-01','2120-12-31',NULL,NULL,40815,0,NULL,1,0,0,1),(4504,NULL,'2121-01',2121,1,'2121-01-01','2121-01-31',NULL,NULL,40815,0,NULL,1,0,0,1);
INSERT INTO `periods` VALUES (4505,NULL,'2121-02',2121,2,'2121-02-01','2121-02-28',NULL,NULL,40815,0,NULL,1,0,0,1),(4506,NULL,'2121-03',2121,3,'2121-03-01','2121-03-31',NULL,NULL,40815,0,NULL,1,0,0,1),(4507,NULL,'2121-04',2121,4,'2121-04-01','2121-04-30',NULL,NULL,40815,0,NULL,1,0,0,1),(4508,NULL,'2121-05',2121,5,'2121-05-01','2121-05-31',NULL,NULL,40815,0,NULL,1,0,0,1),(4509,NULL,'2121-06',2121,6,'2121-06-01','2121-06-30',NULL,NULL,40815,0,NULL,1,0,0,1),(4510,NULL,'2121-07',2121,7,'2121-07-01','2121-07-31',NULL,NULL,40815,0,NULL,1,0,0,1),(4511,NULL,'2121-08',2121,8,'2121-08-01','2121-08-31',NULL,NULL,40815,0,NULL,1,0,0,1),(4512,NULL,'2121-09',2121,9,'2121-09-01','2121-09-30',NULL,NULL,40815,0,NULL,1,0,0,1),(4513,NULL,'2121-10',2121,10,'2121-10-01','2121-10-31',NULL,NULL,40815,0,NULL,1,0,0,1),(4514,NULL,'2121-11',2121,11,'2121-11-01','2121-11-30',NULL,NULL,40815,0,NULL,1,0,0,1),(4515,NULL,'2121-12',2121,12,'2121-12-01','2121-12-31',NULL,NULL,40815,0,NULL,1,0,0,1),(4519,NULL,'2122-01',2122,1,'2122-01-01','2122-01-31',NULL,NULL,40815,0,NULL,1,0,0,1),(4520,NULL,'2122-02',2122,2,'2122-02-01','2122-02-28',NULL,NULL,40815,0,NULL,1,0,0,1),(4521,NULL,'2122-03',2122,3,'2122-03-01','2122-03-31',NULL,NULL,40815,0,NULL,1,0,0,1),(4522,NULL,'2122-04',2122,4,'2122-04-01','2122-04-30',NULL,NULL,40815,0,NULL,1,0,0,1),(4523,NULL,'2122-05',2122,5,'2122-05-01','2122-05-31',NULL,NULL,40815,0,NULL,1,0,0,1),(4524,NULL,'2122-06',2122,6,'2122-06-01','2122-06-30',NULL,NULL,40815,0,NULL,1,0,0,1),(4525,NULL,'2122-07',2122,7,'2122-07-01','2122-07-31',NULL,NULL,40815,0,NULL,1,0,0,1),(4526,NULL,'2122-08',2122,8,'2122-08-01','2122-08-31',NULL,NULL,40815,0,NULL,1,0,0,1),(4527,NULL,'2122-09',2122,9,'2122-09-01','2122-09-30',NULL,NULL,40815,0,NULL,1,0,0,1),(4528,NULL,'2122-10',2122,10,'2122-10-01','2122-10-31',NULL,NULL,40815,0,NULL,1,0,0,1),(4529,NULL,'2122-11',2122,11,'2122-11-01','2122-11-30',NULL,NULL,40815,0,NULL,1,0,0,1),(4530,NULL,'2122-12',2122,12,'2122-12-01','2122-12-31',NULL,NULL,40815,0,NULL,1,0,0,1),(4534,NULL,'2123-01',2123,1,'2123-01-01','2123-01-31',NULL,NULL,40815,0,NULL,1,0,0,1),(4535,NULL,'2123-02',2123,2,'2123-02-01','2123-02-28',NULL,NULL,40815,0,NULL,1,0,0,1),(4536,NULL,'2123-03',2123,3,'2123-03-01','2123-03-31',NULL,NULL,40815,0,NULL,1,0,0,1),(4537,NULL,'2123-04',2123,4,'2123-04-01','2123-04-30',NULL,NULL,40815,0,NULL,1,0,0,1),(4538,NULL,'2123-05',2123,5,'2123-05-01','2123-05-31',NULL,NULL,40815,0,NULL,1,0,0,1),(4539,NULL,'2123-06',2123,6,'2123-06-01','2123-06-30',NULL,NULL,40815,0,NULL,1,0,0,1),(4540,NULL,'2123-07',2123,7,'2123-07-01','2123-07-31',NULL,NULL,40815,0,NULL,1,0,0,1),(4541,NULL,'2123-08',2123,8,'2123-08-01','2123-08-31',NULL,NULL,40815,0,NULL,1,0,0,1),(4542,NULL,'2123-09',2123,9,'2123-09-01','2123-09-30',NULL,NULL,40815,0,NULL,1,0,0,1),(4543,NULL,'2123-10',2123,10,'2123-10-01','2123-10-31',NULL,NULL,40815,0,NULL,1,0,0,1),(4544,NULL,'2123-11',2123,11,'2123-11-01','2123-11-30',NULL,NULL,40815,0,NULL,1,0,0,1),(4545,NULL,'2123-12',2123,12,'2123-12-01','2123-12-31',NULL,NULL,40815,0,NULL,1,0,0,1);

--
-- Table structure for table `person_activities`
--

CREATE TABLE `person_activities` (
  `id` int(10) unsigned NOT NULL AUTO_INCREMENT,
  `user_id` int(10) unsigned DEFAULT NULL,
  `person_id` int(10) unsigned NOT NULL,
  `activity_id` int(10) unsigned NOT NULL,
  `is_principal` tinyint(1) NOT NULL DEFAULT '0',
  `created_at` timestamp NULL DEFAULT NULL,
  `updated_at` timestamp NULL DEFAULT NULL,
  `deleted_at` timestamp NULL DEFAULT NULL,
  PRIMARY KEY (`id`),
  KEY `person_activities_person_id_foreign` (`person_id`),
  KEY `person_activities_activity_id_foreign` (`activity_id`),
  CONSTRAINT `person_activities_activity_id_foreign` FOREIGN KEY (`activity_id`) REFERENCES `activities` (`id`),
  CONSTRAINT `person_activities_person_id_foreign` FOREIGN KEY (`person_id`) REFERENCES `persons` (`id`)
) ENGINE=InnoDB AUTO_INCREMENT=8 DEFAULT CHARSET=utf8mb4 COLLATE=utf8mb4_unicode_ci;

--
-- Dumping data for table `person_activities`
--

INSERT INTO `person_activities` VALUES (5,8522,40718,1,1,'2023-03-02 16:07:11','2023-03-02 16:07:11',NULL),(6,8522,40718,2,0,'2023-03-02 16:07:11','2023-03-02 16:07:11',NULL),(7,8031,40815,1,1,'2023-05-31 16:20:59','2023-05-31 16:20:59',NULL);

--
-- Table structure for table `person_cobrador`
--

CREATE TABLE `person_cobrador` (
  `id` bigint(20) unsigned NOT NULL AUTO_INCREMENT,
  `person_id` int(10) unsigned NOT NULL,
  `person_id_relationed` int(10) unsigned DEFAULT NULL,
  `cobrador_id` bigint(20) unsigned NOT NULL,
  `created_at` timestamp NULL DEFAULT NULL,
  `updated_at` timestamp NULL DEFAULT NULL,
  `deleted_at` timestamp NULL DEFAULT NULL,
  PRIMARY KEY (`id`),
  KEY `person_cobrador_person_id_foreign` (`person_id`),
  KEY `person_cobrador_cobrador_id_foreign` (`cobrador_id`),
  KEY `person_cobrador_person_id_relationed_foreign` (`person_id_relationed`),
  CONSTRAINT `person_cobrador_cobrador_id_foreign` FOREIGN KEY (`cobrador_id`) REFERENCES `cobradores` (`id`),
  CONSTRAINT `person_cobrador_person_id_foreign` FOREIGN KEY (`person_id`) REFERENCES `persons` (`id`),
  CONSTRAINT `person_cobrador_person_id_relationed_foreign` FOREIGN KEY (`person_id_relationed`) REFERENCES `persons` (`id`)
) ENGINE=InnoDB DEFAULT CHARSET=utf8mb4 COLLATE=utf8mb4_unicode_ci;

--
-- Dumping data for table `person_cobrador`
--


--
-- Table structure for table `person_configurations`
--

CREATE TABLE `person_configurations` (
  `id` int(10) unsigned NOT NULL AUTO_INCREMENT,
  `user_id` int(10) unsigned DEFAULT NULL,
  `person_id` int(10) unsigned NOT NULL,
  `period_id` int(10) unsigned DEFAULT NULL,
  `zone_id` int(10) unsigned DEFAULT NULL,
  `settle_calc_by_coef` int(11) NOT NULL DEFAULT '0',
  `created_at` timestamp NULL DEFAULT NULL,
  `updated_at` timestamp NULL DEFAULT NULL,
  `active` int(10) unsigned DEFAULT NULL,
  `enviarMail` int(11) DEFAULT '1',
  `honorario` decimal(16,2) DEFAULT '0.00',
  `cta_cte_tesoreria_cuenta_id` int(10) unsigned DEFAULT NULL,
  `month_close` int(10) unsigned DEFAULT NULL,
  `iva_condition_id` int(10) unsigned DEFAULT NULL,
  `obligation_sell` int(10) unsigned DEFAULT NULL,
  `obligation_buy` int(10) unsigned DEFAULT NULL,
  `obligation_iva` int(10) unsigned DEFAULT NULL,
  `obligation_electronic_receipt` int(10) unsigned DEFAULT NULL,
  `obligation_iibb` int(10) unsigned DEFAULT NULL,
  `obligation_other_taxes` int(10) unsigned DEFAULT NULL,
  `liquidation_start_period` varchar(7) COLLATE utf8mb4_unicode_ci DEFAULT NULL,
  `obligation_salaries` int(10) unsigned DEFAULT NULL,
  `empleada_domestica` tinyint(1) NOT NULL DEFAULT '0',
  `prorratear_iva` tinyint(1) NOT NULL DEFAULT '0',
  `is_itc` tinyint(1) NOT NULL DEFAULT '0',
  `priority_order` int(10) unsigned DEFAULT NULL,
  `person_id_administrador` int(11) DEFAULT NULL,
  `person_id_titular` int(11) DEFAULT NULL,
  `logo_path` varchar(180) COLLATE utf8mb4_unicode_ci DEFAULT NULL,
  `certificado_afip_path` varchar(180) COLLATE utf8mb4_unicode_ci DEFAULT NULL,
  `llave_afip_path` varchar(180) COLLATE utf8mb4_unicode_ci DEFAULT NULL,
  `access_electronic_receipt` int(10) unsigned DEFAULT '0',
  `ruta_logo_fa` varchar(100) COLLATE utf8mb4_unicode_ci DEFAULT NULL,
  `inicio_actividades` date DEFAULT NULL,
  `fecha_de_mono_to_ri` date DEFAULT NULL,
  `iibb` varchar(191) COLLATE utf8mb4_unicode_ci DEFAULT NULL,
  `fe_leyenda` varchar(191) COLLATE utf8mb4_unicode_ci DEFAULT NULL,
  `atencion_iva` tinyint(1) NOT NULL DEFAULT '0',
  `atencion_iva_comentario` varchar(191) COLLATE utf8mb4_unicode_ci DEFAULT NULL,
  `atencion_iibb` tinyint(1) NOT NULL DEFAULT '0',
  `atencion_iibb_comentario` varchar(191) COLLATE utf8mb4_unicode_ci DEFAULT NULL,
  `usar_multimoneda` tinyint(1) NOT NULL DEFAULT '0',
  `is_ag_per_ret` tinyint(1) NOT NULL DEFAULT '0',
  `deleted_at` timestamp NULL DEFAULT NULL,
  PRIMARY KEY (`id`),
  KEY `person_configurations_person_id_foreign` (`person_id`),
  KEY `person_configurations_period_id_foreign` (`period_id`),
  KEY `person_configurations_zone_id_foreign` (`zone_id`),
  KEY `person_configurations_iva_condition_id_foreign` (`iva_condition_id`),
  KEY `person_configurations_cta_cte_tesoreria_cuenta_id_foreign` (`cta_cte_tesoreria_cuenta_id`),
  CONSTRAINT `person_configurations_cta_cte_tesoreria_cuenta_id_foreign` FOREIGN KEY (`cta_cte_tesoreria_cuenta_id`) REFERENCES `cta_cte_tesoreria_cuentas` (`id`),
  CONSTRAINT `person_configurations_iva_condition_id_foreign` FOREIGN KEY (`iva_condition_id`) REFERENCES `iva_conditions` (`id`),
  CONSTRAINT `person_configurations_period_id_foreign` FOREIGN KEY (`period_id`) REFERENCES `periods` (`id`),
  CONSTRAINT `person_configurations_person_id_foreign` FOREIGN KEY (`person_id`) REFERENCES `persons` (`id`),
  CONSTRAINT `person_configurations_zone_id_foreign` FOREIGN KEY (`zone_id`) REFERENCES `zones` (`id`)
) ENGINE=InnoDB AUTO_INCREMENT=5 DEFAULT CHARSET=utf8mb4 COLLATE=utf8mb4_unicode_ci;

--
-- Dumping data for table `person_configurations`
--

INSERT INTO `person_configurations` VALUES (3,8522,40718,NULL,NULL,0,'2023-02-24 14:06:35','2023-03-02 16:07:11',2,1,0.00,NULL,12,2,1,1,1,1,4,NULL,'2022-12',1,0,0,0,2,40718,40718,NULL,NULL,NULL,0,'img//20111111112/logo.png','2022-12-01',NULL,'20-11111111-2','Prueba Leyenda #',1,'Liquidación de prueba',1,'Liquidación de prueba',0,0,NULL),(4,8031,40815,NULL,NULL,0,'2023-05-31 16:20:59','2023-05-31 16:20:59',2,1,0.00,NULL,12,1,NULL,NULL,NULL,NULL,1,NULL,'2023-1',NULL,0,0,0,2,40815,40815,NULL,NULL,NULL,0,NULL,NULL,NULL,NULL,NULL,0,NULL,0,NULL,0,0,NULL);

--
-- Table structure for table `person_liquidators`
--

CREATE TABLE `person_liquidators` (
  `id` int(10) unsigned NOT NULL AUTO_INCREMENT,
  `user_id` int(10) unsigned DEFAULT NULL,
  `person_id` int(10) unsigned NOT NULL,
  `liquidator_id` int(10) unsigned NOT NULL,
  `created_at` timestamp NULL DEFAULT NULL,
  `updated_at` timestamp NULL DEFAULT NULL,
  `deleted_at` timestamp NULL DEFAULT NULL,
  PRIMARY KEY (`id`),
  KEY `person_liquidators_person_id_foreign` (`person_id`),
  KEY `person_liquidators_liquidator_id_foreign` (`liquidator_id`),
  CONSTRAINT `person_liquidators_liquidator_id_foreign` FOREIGN KEY (`liquidator_id`) REFERENCES `liquidators` (`id`),
  CONSTRAINT `person_liquidators_person_id_foreign` FOREIGN KEY (`person_id`) REFERENCES `persons` (`id`)
) ENGINE=InnoDB DEFAULT CHARSET=utf8mb4 COLLATE=utf8mb4_unicode_ci;

--
-- Dumping data for table `person_liquidators`
--


--
-- Table structure for table `person_pagos_lugares`
--

CREATE TABLE `person_pagos_lugares` (
  `id` bigint(20) unsigned NOT NULL AUTO_INCREMENT,
  `user_id` int(10) unsigned DEFAULT NULL,
  `person_id` int(10) unsigned NOT NULL,
  `person_id_relationed` int(10) unsigned NOT NULL,
  `descripcion` varchar(255) COLLATE utf8mb4_unicode_ci DEFAULT NULL,
  `contacto` varchar(191) COLLATE utf8mb4_unicode_ci DEFAULT NULL,
  `direccion` varchar(255) COLLATE utf8mb4_unicode_ci DEFAULT NULL,
  `localidad_id` int(10) unsigned DEFAULT NULL,
  `telefono` varchar(255) COLLATE utf8mb4_unicode_ci DEFAULT NULL,
  `mail` varchar(255) COLLATE utf8mb4_unicode_ci DEFAULT NULL,
  `horario_de_llamada` varchar(255) COLLATE utf8mb4_unicode_ci DEFAULT NULL,
  `horario_de_pago` varchar(255) COLLATE utf8mb4_unicode_ci DEFAULT NULL,
  `cobradores_metodo_id` bigint(20) unsigned DEFAULT NULL,
  `comentario` longtext COLLATE utf8mb4_unicode_ci,
  `habilitado` tinyint(1) NOT NULL DEFAULT '1',
  `created_at` timestamp NULL DEFAULT NULL,
  `updated_at` timestamp NULL DEFAULT NULL,
  `deleted_at` timestamp NULL DEFAULT NULL,
  PRIMARY KEY (`id`),
  KEY `person_pagos_lugares_person_id_foreign` (`person_id`),
  KEY `person_pagos_lugares_person_id_relationed_foreign` (`person_id_relationed`),
  KEY `person_pagos_lugares_localidad_id_foreign` (`localidad_id`),
  KEY `person_pagos_lugares_cobradores_metodo_id_foreign` (`cobradores_metodo_id`),
  CONSTRAINT `person_pagos_lugares_cobradores_metodo_id_foreign` FOREIGN KEY (`cobradores_metodo_id`) REFERENCES `cobradores_metodos` (`id`),
  CONSTRAINT `person_pagos_lugares_localidad_id_foreign` FOREIGN KEY (`localidad_id`) REFERENCES `localidad` (`id`),
  CONSTRAINT `person_pagos_lugares_person_id_foreign` FOREIGN KEY (`person_id`) REFERENCES `persons` (`id`),
  CONSTRAINT `person_pagos_lugares_person_id_relationed_foreign` FOREIGN KEY (`person_id_relationed`) REFERENCES `persons` (`id`)
) ENGINE=InnoDB DEFAULT CHARSET=utf8mb4 COLLATE=utf8mb4_unicode_ci;

--
-- Dumping data for table `person_pagos_lugares`
--


--
-- Table structure for table `person_pagos_promesas`
--

CREATE TABLE `person_pagos_promesas` (
  `id` bigint(20) unsigned NOT NULL AUTO_INCREMENT,
  `user_id` int(10) unsigned DEFAULT NULL,
  `person_id` int(10) unsigned NOT NULL,
  `person_id_relationed` int(10) unsigned NOT NULL,
  `person_pago_lugar_id` bigint(20) unsigned DEFAULT NULL,
  `fecha` datetime NOT NULL,
  `comentario` longtext COLLATE utf8mb4_unicode_ci,
  `created_at` timestamp NULL DEFAULT NULL,
  `updated_at` timestamp NULL DEFAULT NULL,
  `deleted_at` timestamp NULL DEFAULT NULL,
  PRIMARY KEY (`id`),
  KEY `person_pagos_promesas_person_id_foreign` (`person_id`),
  KEY `person_pagos_promesas_person_id_relationed_foreign` (`person_id_relationed`),
  CONSTRAINT `person_pagos_promesas_person_id_foreign` FOREIGN KEY (`person_id`) REFERENCES `persons` (`id`),
  CONSTRAINT `person_pagos_promesas_person_id_relationed_foreign` FOREIGN KEY (`person_id_relationed`) REFERENCES `persons` (`id`)
) ENGINE=InnoDB DEFAULT CHARSET=utf8mb4 COLLATE=utf8mb4_unicode_ci;

--
-- Dumping data for table `person_pagos_promesas`
--


--
-- Table structure for table `person_pay_methods`
--

CREATE TABLE `person_pay_methods` (
  `id` int(10) unsigned NOT NULL AUTO_INCREMENT,
  `user_id` int(10) unsigned DEFAULT NULL,
  `person_id` int(10) unsigned NOT NULL,
  `pay_method_id` int(10) unsigned NOT NULL,
  `created_at` timestamp NULL DEFAULT NULL,
  `updated_at` timestamp NULL DEFAULT NULL,
  `deleted_at` timestamp NULL DEFAULT NULL,
  PRIMARY KEY (`id`),
  KEY `person_pay_methods_person_id_foreign` (`person_id`),
  KEY `person_pay_methods_pay_method_id_foreign` (`pay_method_id`),
  CONSTRAINT `person_pay_methods_pay_method_id_foreign` FOREIGN KEY (`pay_method_id`) REFERENCES `pay_methods` (`id`),
  CONSTRAINT `person_pay_methods_person_id_foreign` FOREIGN KEY (`person_id`) REFERENCES `persons` (`id`)
) ENGINE=InnoDB AUTO_INCREMENT=3 DEFAULT CHARSET=utf8mb4 COLLATE=utf8mb4_unicode_ci;

--
-- Dumping data for table `person_pay_methods`
--

INSERT INTO `person_pay_methods` VALUES (2,8522,40718,2,'2023-03-02 16:07:11','2023-03-02 16:07:11',NULL);

--
-- Table structure for table `person_relationeds`
--

CREATE TABLE `person_relationeds` (
  `id` bigint(20) unsigned NOT NULL AUTO_INCREMENT,
  `user_id` int(10) unsigned DEFAULT NULL,
  `person_id` int(10) unsigned NOT NULL,
  `client_id` int(10) unsigned NOT NULL,
  `cliente_relationed_id` int(10) unsigned NOT NULL,
  `created_at` timestamp NULL DEFAULT NULL,
  `updated_at` timestamp NULL DEFAULT NULL,
  `deleted_at` timestamp NULL DEFAULT NULL,
  PRIMARY KEY (`id`),
  KEY `person_relationeds_person_id_foreign` (`person_id`),
  KEY `person_relationeds_client_id_foreign` (`client_id`),
  KEY `person_relationeds_cliente_relationed_id_foreign` (`cliente_relationed_id`),
  CONSTRAINT `person_relationeds_client_id_foreign` FOREIGN KEY (`client_id`) REFERENCES `persons` (`id`),
  CONSTRAINT `person_relationeds_cliente_relationed_id_foreign` FOREIGN KEY (`cliente_relationed_id`) REFERENCES `persons` (`id`),
  CONSTRAINT `person_relationeds_person_id_foreign` FOREIGN KEY (`person_id`) REFERENCES `persons` (`id`)
) ENGINE=InnoDB DEFAULT CHARSET=utf8mb4 COLLATE=utf8mb4_unicode_ci;

--
-- Dumping data for table `person_relationeds`
--


--
-- Table structure for table `person_types`
--

CREATE TABLE `person_types` (
  `id` int(10) unsigned NOT NULL AUTO_INCREMENT,
  `user_id` int(10) unsigned DEFAULT NULL,
  `description` varchar(180) COLLATE utf8mb4_unicode_ci NOT NULL,
  `created_at` timestamp NULL DEFAULT NULL,
  `updated_at` timestamp NULL DEFAULT NULL,
  `deleted_at` timestamp NULL DEFAULT NULL,
  PRIMARY KEY (`id`),
  UNIQUE KEY `person_types_description_unique` (`description`)
) ENGINE=InnoDB AUTO_INCREMENT=3 DEFAULT CHARSET=utf8mb4 COLLATE=utf8mb4_unicode_ci;

--
-- Dumping data for table `person_types`
--

INSERT INTO `person_types` VALUES (1,NULL,'Persona Humana',NULL,NULL,NULL),(2,NULL,'Persona Juridica',NULL,NULL,NULL);

--
-- Table structure for table `person_zone_actividad`
--

CREATE TABLE `person_zone_actividad` (
  `id` int(10) unsigned NOT NULL AUTO_INCREMENT,
  `user_id` int(10) unsigned DEFAULT NULL,
  `person_id` int(10) unsigned NOT NULL,
  `zone_id` int(10) unsigned NOT NULL,
  `actividad_id` int(10) unsigned NOT NULL,
  `calculo_iibb` int(11) NOT NULL,
  `coef` decimal(16,5) NOT NULL DEFAULT '0.00000',
  `alicuota` decimal(16,5) NOT NULL DEFAULT '0.00000',
  `cm_articulo_regimen_id` int(10) unsigned NOT NULL DEFAULT '1',
  `habilitado` tinyint(1) NOT NULL DEFAULT '1',
  `created_at` timestamp NULL DEFAULT NULL,
  `updated_at` timestamp NULL DEFAULT NULL,
  `deleted_at` timestamp NULL DEFAULT NULL,
  PRIMARY KEY (`id`),
  KEY `person_zone_actividad_person_id_foreign` (`person_id`),
  KEY `person_zone_actividad_zone_id_foreign` (`zone_id`),
  KEY `person_zone_actividad_actividad_id_foreign` (`actividad_id`),
  KEY `person_zone_actividad_cm_articulo_regimen_id_foreign` (`cm_articulo_regimen_id`),
  CONSTRAINT `person_zone_actividad_actividad_id_foreign` FOREIGN KEY (`actividad_id`) REFERENCES `activities` (`id`),
  CONSTRAINT `person_zone_actividad_cm_articulo_regimen_id_foreign` FOREIGN KEY (`cm_articulo_regimen_id`) REFERENCES `cm_articulos_regimenes` (`id`),
  CONSTRAINT `person_zone_actividad_person_id_foreign` FOREIGN KEY (`person_id`) REFERENCES `persons` (`id`),
  CONSTRAINT `person_zone_actividad_zone_id_foreign` FOREIGN KEY (`zone_id`) REFERENCES `zones` (`id`)
) ENGINE=InnoDB AUTO_INCREMENT=9 DEFAULT CHARSET=utf8mb4 COLLATE=utf8mb4_unicode_ci;

--
-- Dumping data for table `person_zone_actividad`
--

INSERT INTO `person_zone_actividad` VALUES (5,8522,40718,23,1,1,0.55000,2.50000,1,1,'2023-03-02 16:07:11','2023-03-02 16:07:11',NULL),(6,8522,40718,23,2,1,0.55000,3.00000,1,1,'2023-03-02 16:07:11','2023-03-02 16:07:11',NULL),(7,8522,40718,22,1,1,0.45000,3.00000,1,1,'2023-03-02 16:07:11','2023-03-02 16:07:11',NULL),(8,8522,40718,22,2,1,0.45000,3.50000,1,1,'2023-03-02 16:07:11','2023-03-02 16:07:11',NULL);

--
-- Table structure for table `person_zones`
--

CREATE TABLE `person_zones` (
  `id` int(10) unsigned NOT NULL AUTO_INCREMENT,
  `user_id` int(10) unsigned DEFAULT NULL,
  `sifere_coef` decimal(8,4) NOT NULL DEFAULT '0.0000',
  `iibb_aliquot` decimal(8,4) NOT NULL DEFAULT '0.0000',
  `zone_id` int(10) unsigned NOT NULL,
  `is_principal` tinyint(1) NOT NULL DEFAULT '0',
  `iibb_perception_id` int(10) unsigned DEFAULT NULL,
  `retention_id` int(10) unsigned DEFAULT NULL,
  `activity_id` int(10) unsigned DEFAULT NULL,
  `created_at` timestamp NULL DEFAULT NULL,
  `updated_at` timestamp NULL DEFAULT NULL,
  `person_id` int(10) unsigned NOT NULL,
  `deleted_at` timestamp NULL DEFAULT NULL,
  PRIMARY KEY (`id`),
  KEY `person_zones_zone_id_foreign` (`zone_id`),
  KEY `person_zones_person_id_foreign` (`person_id`),
  CONSTRAINT `person_zones_person_id_foreign` FOREIGN KEY (`person_id`) REFERENCES `persons` (`id`),
  CONSTRAINT `person_zones_zone_id_foreign` FOREIGN KEY (`zone_id`) REFERENCES `zones` (`id`)
) ENGINE=InnoDB AUTO_INCREMENT=7 DEFAULT CHARSET=utf8mb4 COLLATE=utf8mb4_unicode_ci;

--
-- Dumping data for table `person_zones`
--

INSERT INTO `person_zones` VALUES (1,1,0.0000,0.0000,22,0,NULL,NULL,NULL,'2023-02-16 08:53:05','2023-02-16 08:53:05',40719,NULL),(4,8522,0.0000,0.0000,23,1,NULL,NULL,NULL,'2023-03-02 16:07:11','2023-03-02 16:07:11',40718,NULL),(5,8522,0.0000,0.0000,22,0,NULL,NULL,NULL,'2023-03-02 16:07:11','2023-03-02 16:07:11',40718,NULL),(6,8031,0.0000,0.0000,22,1,NULL,NULL,NULL,'2023-05-31 16:20:59','2023-05-31 16:20:59',40815,NULL);

--
-- Table structure for table `persons`
--

CREATE TABLE `persons` (
  `id` int(10) unsigned NOT NULL AUTO_INCREMENT,
  `user_id` int(10) unsigned DEFAULT NULL,
  `field_name1` varchar(255) COLLATE utf8mb4_unicode_ci NOT NULL,
  `fantasy_name` text COLLATE utf8mb4_unicode_ci,
  `codigo` varchar(191) COLLATE utf8mb4_unicode_ci DEFAULT NULL,
  `field_name2` varchar(255) COLLATE utf8mb4_unicode_ci DEFAULT NULL,
  `document_type` varchar(10) COLLATE utf8mb4_unicode_ci NOT NULL,
  `document` varchar(30) COLLATE utf8mb4_unicode_ci NOT NULL,
  `cond_frente_al_iva_id` int(10) unsigned DEFAULT NULL,
  `country_id` int(10) unsigned DEFAULT NULL,
  `state_id` int(10) unsigned DEFAULT NULL,
  `zone_id` int(10) unsigned DEFAULT NULL,
  `plan_cuenta_id` int(10) unsigned DEFAULT NULL,
  `iva_creditos_tipo_id` int(10) unsigned DEFAULT NULL,
  `created_at` timestamp NULL DEFAULT NULL,
  `updated_at` timestamp NULL DEFAULT NULL,
  `activity_id` int(10) unsigned DEFAULT NULL,
  `address` varchar(500) COLLATE utf8mb4_unicode_ci DEFAULT NULL,
  `localidad_id` int(10) unsigned DEFAULT NULL,
  `person_type_id` int(10) unsigned DEFAULT NULL,
  `fa_iva_condition_id` int(10) unsigned DEFAULT NULL,
  `fa_codigo_postal` varchar(180) COLLATE utf8mb4_unicode_ci DEFAULT NULL,
  `comentario` longtext COLLATE utf8mb4_unicode_ci,
  `email` varchar(180) COLLATE utf8mb4_unicode_ci DEFAULT NULL,
  `iva_per_regimen_id` bigint(20) unsigned DEFAULT NULL,
  `iva_ret_regimen_id` bigint(20) unsigned DEFAULT NULL,
  `deleted_at` timestamp NULL DEFAULT NULL,
  PRIMARY KEY (`id`),
  UNIQUE KEY `document_UNIQUE` (`document`),
  KEY `persons_zone_id_foreign` (`zone_id`),
  KEY `persons_person_type_id_foreign` (`person_type_id`),
  KEY `persons_plan_cuenta_id_foreign` (`plan_cuenta_id`),
  KEY `persons_iva_creditos_tipo_id_foreign` (`iva_creditos_tipo_id`),
  KEY `persons_cond_frente_al_iva_id_foreign` (`cond_frente_al_iva_id`),
  KEY `persons_localidad_id_foreign` (`localidad_id`),
  KEY `persons_iva_ret_regimen_id_foreign` (`iva_ret_regimen_id`),
  KEY `persons_iva_per_regimen_id_foreign` (`iva_per_regimen_id`),
  CONSTRAINT `persons_cond_frente_al_iva_id_foreign` FOREIGN KEY (`cond_frente_al_iva_id`) REFERENCES `condicion_frente_al_iva` (`id`),
  CONSTRAINT `persons_iva_creditos_tipo_id_foreign` FOREIGN KEY (`iva_creditos_tipo_id`) REFERENCES `iva_creditos_tipos` (`id`),
  CONSTRAINT `persons_iva_per_regimen_id_foreign` FOREIGN KEY (`iva_per_regimen_id`) REFERENCES `iva_per_regimenes` (`id`),
  CONSTRAINT `persons_iva_ret_regimen_id_foreign` FOREIGN KEY (`iva_ret_regimen_id`) REFERENCES `iva_ret_regimenes` (`id`),
  CONSTRAINT `persons_localidad_id_foreign` FOREIGN KEY (`localidad_id`) REFERENCES `localidad` (`id`),
  CONSTRAINT `persons_person_type_id_foreign` FOREIGN KEY (`person_type_id`) REFERENCES `person_types` (`id`),
  CONSTRAINT `persons_plan_cuenta_id_foreign` FOREIGN KEY (`plan_cuenta_id`) REFERENCES `conta_plan_cuenta` (`id`),
  CONSTRAINT `persons_zone_id_foreign` FOREIGN KEY (`zone_id`) REFERENCES `zones` (`id`)
) ENGINE=InnoDB AUTO_INCREMENT=40816 DEFAULT CHARSET=utf8mb4 COLLATE=utf8mb4_unicode_ci;

--
-- Dumping data for table `persons`
--

INSERT INTO `persons` VALUES (3,NULL,'Larzabal Hernan',NULL,'3',NULL,'cuit','20-28468190-9',NULL,NULL,22,22,NULL,NULL,'2018-05-12 20:55:07','2018-05-14 01:54:15',1,NULL,NULL,1,NULL,NULL,NULL,NULL,NULL,NULL,NULL),(40717,NULL,'Taxes Software SAS',NULL,'40717',NULL,'cuit','30-71625124-8',NULL,NULL,22,22,NULL,NULL,NULL,NULL,NULL,NULL,NULL,2,NULL,NULL,NULL,NULL,NULL,NULL,NULL),(40718,8522,'EMPRESA PRUEBA',NULL,'40718',NULL,'cuit','20-08383990-3',NULL,NULL,22,22,NULL,NULL,NULL,'2023-02-24 11:06:35',NULL,'Lisandro de la Torre 277 4°B CABA',NULL,1,NULL,NULL,NULL,NULL,NULL,NULL,NULL),(40719,1,'AGRO AFA S.R.L.',NULL,'40719',NULL,'cuit','30-71170022-2',NULL,NULL,NULL,NULL,NULL,NULL,'2023-02-16 14:52:43','2023-02-16 14:52:43',NULL,NULL,NULL,NULL,NULL,NULL,NULL,NULL,NULL,NULL,NULL),(40814,8522,'consumidor final',NULL,'40814',NULL,'cuit','99-99999999-9',NULL,NULL,NULL,NULL,NULL,NULL,'2023-02-24 15:05:30','2023-02-24 15:05:30',NULL,NULL,NULL,NULL,NULL,NULL,NULL,NULL,NULL,NULL,NULL),(40815,8031,'Torrico Quenia',NULL,'40815',NULL,'cuit','27-94277028-1',NULL,NULL,NULL,NULL,NULL,NULL,'2023-05-31 22:20:39','2023-05-31 22:20:39',NULL,NULL,NULL,NULL,NULL,NULL,NULL,NULL,NULL,NULL,NULL);

--
-- Table structure for table `persons_datos`
--

CREATE TABLE `persons_datos` (
  `id` bigint(20) unsigned NOT NULL AUTO_INCREMENT,
  `user_id` int(10) unsigned DEFAULT NULL,
  `person_id` int(10) unsigned NOT NULL,
  `dato_1` longtext COLLATE utf8mb4_unicode_ci,
  `dato_2` longtext COLLATE utf8mb4_unicode_ci,
  `dato_3` longtext COLLATE utf8mb4_unicode_ci,
  `dato_4` longtext COLLATE utf8mb4_unicode_ci,
  `dato_5` longtext COLLATE utf8mb4_unicode_ci,
  `created_at` timestamp NULL DEFAULT NULL,
  `updated_at` timestamp NULL DEFAULT NULL,
  `deleted_at` timestamp NULL DEFAULT NULL,
  PRIMARY KEY (`id`),
  KEY `persons_datos_person_id_foreign` (`person_id`),
  CONSTRAINT `persons_datos_person_id_foreign` FOREIGN KEY (`person_id`) REFERENCES `persons` (`id`)
) ENGINE=InnoDB DEFAULT CHARSET=utf8mb4 COLLATE=utf8mb4_unicode_ci;

--
-- Dumping data for table `persons_datos`
--


--
-- Table structure for table `persons_sicore`
--

CREATE TABLE `persons_sicore` (
  `id` bigint(20) unsigned NOT NULL AUTO_INCREMENT,
  `person_id` int(10) unsigned NOT NULL,
  `is_inscripto` tinyint(1) NOT NULL,
  `sicore_regimen_id` bigint(20) unsigned NOT NULL,
  `deleted_at` timestamp NULL DEFAULT NULL,
  `created_at` timestamp NULL DEFAULT NULL,
  `updated_at` timestamp NULL DEFAULT NULL,
  PRIMARY KEY (`id`),
  KEY `persons_sicore_person_id_foreign` (`person_id`),
  KEY `persons_sicore_sicore_regimen_id_foreign` (`sicore_regimen_id`),
  CONSTRAINT `persons_sicore_person_id_foreign` FOREIGN KEY (`person_id`) REFERENCES `persons` (`id`),
  CONSTRAINT `persons_sicore_sicore_regimen_id_foreign` FOREIGN KEY (`sicore_regimen_id`) REFERENCES `sicore_regimenes` (`id`)
) ENGINE=InnoDB DEFAULT CHARSET=utf8mb4 COLLATE=utf8mb4_unicode_ci;

--
-- Dumping data for table `persons_sicore`
--


--
-- Table structure for table `plazo_de_pago`
--

CREATE TABLE `plazo_de_pago` (
  `id` bigint(20) unsigned NOT NULL AUTO_INCREMENT,
  `user_id` int(10) unsigned DEFAULT NULL,
  `descripcion` text COLLATE utf8mb4_unicode_ci NOT NULL,
  `habilitado` tinyint(1) NOT NULL DEFAULT '1',
  `created_at` timestamp NULL DEFAULT NULL,
  `updated_at` timestamp NULL DEFAULT NULL,
  `deleted_at` timestamp NULL DEFAULT NULL,
  PRIMARY KEY (`id`)
) ENGINE=InnoDB AUTO_INCREMENT=7 DEFAULT CHARSET=utf8mb4 COLLATE=utf8mb4_unicode_ci;

--
-- Dumping data for table `plazo_de_pago`
--

INSERT INTO `plazo_de_pago` VALUES (1,NULL,'0 dias FF',1,NULL,NULL,NULL),(2,NULL,'7 dias FF',1,NULL,NULL,NULL),(3,NULL,'15 dias FF',1,NULL,NULL,NULL),(4,NULL,'30 dias FF',1,NULL,NULL,NULL),(5,NULL,'45 dias FF',1,NULL,NULL,NULL),(6,NULL,'60 dias FF',1,NULL,NULL,NULL);

--
-- Table structure for table `ppc_comunicaciones`
--

CREATE TABLE `ppc_comunicaciones` (
  `id` bigint(20) unsigned NOT NULL AUTO_INCREMENT,
  `user_id` int(10) unsigned DEFAULT NULL,
  `ppc_comunicaciones_type_id` bigint(20) unsigned NOT NULL,
  `person_id` int(10) unsigned NOT NULL,
  `is_propio` tinyint(1) NOT NULL DEFAULT '0',
  `person_id_relationed` int(10) unsigned DEFAULT NULL,
  `ppc_type_id` bigint(20) unsigned NOT NULL,
  `ppc_user_id` bigint(20) unsigned DEFAULT NULL,
  `fecha` datetime NOT NULL,
  `titulo` varchar(191) COLLATE utf8mb4_unicode_ci DEFAULT NULL,
  `descripcion` longtext COLLATE utf8mb4_unicode_ci,
  `habilitado` tinyint(1) NOT NULL DEFAULT '1',
  `created_at` timestamp NULL DEFAULT NULL,
  `updated_at` timestamp NULL DEFAULT NULL,
  `deleted_at` timestamp NULL DEFAULT NULL,
  PRIMARY KEY (`id`),
  KEY `ppc_comunicaciones_ppc_comunicaciones_type_id_foreign` (`ppc_comunicaciones_type_id`),
  KEY `ppc_comunicaciones_person_id_foreign` (`person_id`),
  KEY `ppc_comunicaciones_person_id_relationed_foreign` (`person_id_relationed`),
  KEY `ppc_comunicaciones_ppc_type_id_foreign` (`ppc_type_id`),
  KEY `ppc_comunicaciones_ppc_user_id_foreign` (`ppc_user_id`),
  CONSTRAINT `ppc_comunicaciones_person_id_foreign` FOREIGN KEY (`person_id`) REFERENCES `persons` (`id`),
  CONSTRAINT `ppc_comunicaciones_person_id_relationed_foreign` FOREIGN KEY (`person_id_relationed`) REFERENCES `persons` (`id`),
  CONSTRAINT `ppc_comunicaciones_ppc_comunicaciones_type_id_foreign` FOREIGN KEY (`ppc_comunicaciones_type_id`) REFERENCES `ppc_comunicaciones_types` (`id`),
  CONSTRAINT `ppc_comunicaciones_ppc_type_id_foreign` FOREIGN KEY (`ppc_type_id`) REFERENCES `ppc_types` (`id`),
  CONSTRAINT `ppc_comunicaciones_ppc_user_id_foreign` FOREIGN KEY (`ppc_user_id`) REFERENCES `ppc_users` (`id`)
) ENGINE=InnoDB DEFAULT CHARSET=utf8mb4 COLLATE=utf8mb4_unicode_ci;

--
-- Dumping data for table `ppc_comunicaciones`
--


--
-- Table structure for table `ppc_comunicaciones_files`
--

CREATE TABLE `ppc_comunicaciones_files` (
  `id` bigint(20) unsigned NOT NULL AUTO_INCREMENT,
  `user_id` int(10) unsigned DEFAULT NULL,
  `ppc_comunicacion_id` bigint(20) unsigned NOT NULL,
  `descripcion` varchar(255) COLLATE utf8mb4_unicode_ci DEFAULT NULL,
  `path` varchar(191) COLLATE utf8mb4_unicode_ci DEFAULT NULL,
  `name_original` varchar(191) COLLATE utf8mb4_unicode_ci DEFAULT NULL,
  `created_at` timestamp NULL DEFAULT NULL,
  `updated_at` timestamp NULL DEFAULT NULL,
  `deleted_at` timestamp NULL DEFAULT NULL,
  PRIMARY KEY (`id`),
  KEY `ppc_comunicaciones_files_ppc_comunicacion_id_foreign` (`ppc_comunicacion_id`),
  CONSTRAINT `ppc_comunicaciones_files_ppc_comunicacion_id_foreign` FOREIGN KEY (`ppc_comunicacion_id`) REFERENCES `ppc_comunicaciones` (`id`)
) ENGINE=InnoDB DEFAULT CHARSET=utf8mb4 COLLATE=utf8mb4_unicode_ci;

--
-- Dumping data for table `ppc_comunicaciones_files`
--


--
-- Table structure for table `ppc_comunicaciones_types`
--

CREATE TABLE `ppc_comunicaciones_types` (
  `id` bigint(20) unsigned NOT NULL AUTO_INCREMENT,
  `user_id` int(10) unsigned DEFAULT NULL,
  `descripcion` text COLLATE utf8mb4_unicode_ci NOT NULL,
  `habilitado` tinyint(1) NOT NULL DEFAULT '1',
  `created_at` timestamp NULL DEFAULT NULL,
  `updated_at` timestamp NULL DEFAULT NULL,
  `deleted_at` timestamp NULL DEFAULT NULL,
  PRIMARY KEY (`id`)
) ENGINE=InnoDB AUTO_INCREMENT=3 DEFAULT CHARSET=utf8mb4 COLLATE=utf8mb4_unicode_ci;

--
-- Dumping data for table `ppc_comunicaciones_types`
--

INSERT INTO `ppc_comunicaciones_types` VALUES (1,NULL,'Legajos',1,NULL,NULL,NULL),(2,NULL,'Notificaciones',1,NULL,NULL,NULL);

--
-- Table structure for table `ppc_receipts`
--

CREATE TABLE `ppc_receipts` (
  `id` bigint(20) unsigned NOT NULL AUTO_INCREMENT,
  `user_id` int(10) unsigned DEFAULT NULL,
  `type_id` int(10) unsigned DEFAULT NULL,
  `person_id` int(10) unsigned NOT NULL,
  `person_id_relationed` int(10) unsigned NOT NULL,
  `ppc_user_id` bigint(20) unsigned NOT NULL,
  `ppc_type_id` bigint(20) unsigned NOT NULL,
  `was_leida` tinyint(1) NOT NULL DEFAULT '0',
  `fecha` datetime NOT NULL,
  `titulo` varchar(191) COLLATE utf8mb4_unicode_ci DEFAULT NULL,
  `descripcion` longtext COLLATE utf8mb4_unicode_ci,
  `file` text COLLATE utf8mb4_unicode_ci,
  `type_receipt_id` int(10) unsigned DEFAULT NULL,
  `sucursal` int(11) DEFAULT NULL,
  `numero` int(11) DEFAULT NULL,
  `fecha_emision` date NOT NULL,
  `moneda_id` int(10) unsigned NOT NULL DEFAULT '1',
  `cotizacion` decimal(16,2) NOT NULL DEFAULT '0.00',
  `subtotal` decimal(16,2) NOT NULL DEFAULT '0.00',
  `impuestos` decimal(16,2) NOT NULL DEFAULT '0.00',
  `total` decimal(16,2) NOT NULL DEFAULT '0.00',
  `forma_de_entrega_id` bigint(20) unsigned DEFAULT NULL,
  `dc_orden_id` bigint(20) unsigned DEFAULT NULL,
  `documento_asoc` text COLLATE utf8mb4_unicode_ci,
  `ppc_receipt_estado_id` bigint(20) unsigned NOT NULL DEFAULT '1',
  `comentario_recepcion` longtext COLLATE utf8mb4_unicode_ci,
  `created_at` timestamp NULL DEFAULT NULL,
  `updated_at` timestamp NULL DEFAULT NULL,
  `deleted_at` timestamp NULL DEFAULT NULL,
  PRIMARY KEY (`id`),
  KEY `ppc_receipts_type_id_foreign` (`type_id`),
  KEY `ppc_receipts_person_id_foreign` (`person_id`),
  KEY `ppc_receipts_person_id_relationed_foreign` (`person_id_relationed`),
  KEY `ppc_receipts_ppc_type_id_foreign` (`ppc_type_id`),
  KEY `ppc_receipts_ppc_user_id_foreign` (`ppc_user_id`),
  KEY `ppc_receipts_type_receipt_id_foreign` (`type_receipt_id`),
  KEY `ppc_receipts_moneda_id_foreign` (`moneda_id`),
  KEY `ppc_receipts_forma_de_entrega_id_foreign` (`forma_de_entrega_id`),
  KEY `ppc_receipts_dc_orden_id_foreign` (`dc_orden_id`),
  KEY `ppc_receipts_ppc_receipt_estado_id_foreign` (`ppc_receipt_estado_id`),
  CONSTRAINT `ppc_receipts_dc_orden_id_foreign` FOREIGN KEY (`dc_orden_id`) REFERENCES `dc_ordenes` (`id`),
  CONSTRAINT `ppc_receipts_forma_de_entrega_id_foreign` FOREIGN KEY (`forma_de_entrega_id`) REFERENCES `forma_de_entrega` (`id`),
  CONSTRAINT `ppc_receipts_moneda_id_foreign` FOREIGN KEY (`moneda_id`) REFERENCES `monedas` (`id`),
  CONSTRAINT `ppc_receipts_person_id_foreign` FOREIGN KEY (`person_id`) REFERENCES `persons` (`id`),
  CONSTRAINT `ppc_receipts_person_id_relationed_foreign` FOREIGN KEY (`person_id_relationed`) REFERENCES `persons` (`id`),
  CONSTRAINT `ppc_receipts_ppc_receipt_estado_id_foreign` FOREIGN KEY (`ppc_receipt_estado_id`) REFERENCES `ppc_receipts_estados` (`id`),
  CONSTRAINT `ppc_receipts_ppc_type_id_foreign` FOREIGN KEY (`ppc_type_id`) REFERENCES `ppc_types` (`id`),
  CONSTRAINT `ppc_receipts_ppc_user_id_foreign` FOREIGN KEY (`ppc_user_id`) REFERENCES `ppc_users` (`id`),
  CONSTRAINT `ppc_receipts_type_id_foreign` FOREIGN KEY (`type_id`) REFERENCES `types` (`id`),
  CONSTRAINT `ppc_receipts_type_receipt_id_foreign` FOREIGN KEY (`type_receipt_id`) REFERENCES `receipt_types` (`id`)
) ENGINE=InnoDB DEFAULT CHARSET=utf8mb4 COLLATE=utf8mb4_unicode_ci;

--
-- Dumping data for table `ppc_receipts`
--


--
-- Table structure for table `ppc_receipts_estados`
--

CREATE TABLE `ppc_receipts_estados` (
  `id` bigint(20) unsigned NOT NULL AUTO_INCREMENT,
  `user_id` int(10) unsigned DEFAULT NULL,
  `descripcion` text COLLATE utf8mb4_unicode_ci NOT NULL,
  `habilitado` tinyint(1) NOT NULL DEFAULT '1',
  `created_at` timestamp NULL DEFAULT NULL,
  `updated_at` timestamp NULL DEFAULT NULL,
  `deleted_at` timestamp NULL DEFAULT NULL,
  PRIMARY KEY (`id`)
) ENGINE=InnoDB AUTO_INCREMENT=4 DEFAULT CHARSET=utf8mb4 COLLATE=utf8mb4_unicode_ci;

--
-- Dumping data for table `ppc_receipts_estados`
--

INSERT INTO `ppc_receipts_estados` VALUES (1,NULL,'Pendiente',1,NULL,NULL,NULL),(2,NULL,'Rechazado',1,NULL,NULL,NULL),(3,NULL,'Aprobado',1,NULL,NULL,NULL);

--
-- Table structure for table `ppc_receipts_files`
--

CREATE TABLE `ppc_receipts_files` (
  `id` bigint(20) unsigned NOT NULL AUTO_INCREMENT,
  `user_id` int(10) unsigned DEFAULT NULL,
  `ppc_receipt_id` bigint(20) unsigned NOT NULL,
  `descripcion` varchar(255) COLLATE utf8mb4_unicode_ci DEFAULT NULL,
  `path` varchar(191) COLLATE utf8mb4_unicode_ci DEFAULT NULL,
  `name_original` varchar(191) COLLATE utf8mb4_unicode_ci DEFAULT NULL,
  `created_at` timestamp NULL DEFAULT NULL,
  `updated_at` timestamp NULL DEFAULT NULL,
  `deleted_at` timestamp NULL DEFAULT NULL,
  PRIMARY KEY (`id`),
  KEY `ppc_receipts_files_ppc_receipt_id_foreign` (`ppc_receipt_id`),
  CONSTRAINT `ppc_receipts_files_ppc_receipt_id_foreign` FOREIGN KEY (`ppc_receipt_id`) REFERENCES `ppc_receipts` (`id`)
) ENGINE=InnoDB DEFAULT CHARSET=utf8mb4 COLLATE=utf8mb4_unicode_ci;

--
-- Dumping data for table `ppc_receipts_files`
--


--
-- Table structure for table `ppc_types`
--

CREATE TABLE `ppc_types` (
  `id` bigint(20) unsigned NOT NULL AUTO_INCREMENT,
  `user_id` int(10) unsigned DEFAULT NULL,
  `descripcion` text COLLATE utf8mb4_unicode_ci NOT NULL,
  `habilitado` tinyint(1) NOT NULL DEFAULT '1',
  `created_at` timestamp NULL DEFAULT NULL,
  `updated_at` timestamp NULL DEFAULT NULL,
  `deleted_at` timestamp NULL DEFAULT NULL,
  PRIMARY KEY (`id`)
) ENGINE=InnoDB AUTO_INCREMENT=4 DEFAULT CHARSET=utf8mb4 COLLATE=utf8mb4_unicode_ci;

--
-- Dumping data for table `ppc_types`
--

INSERT INTO `ppc_types` VALUES (1,NULL,'Proveedor',1,NULL,NULL,NULL),(2,NULL,'Cliente',1,NULL,NULL,NULL),(3,NULL,'Ambos',1,NULL,NULL,NULL);

--
-- Table structure for table `ppc_users`
--

CREATE TABLE `ppc_users` (
  `id` bigint(20) unsigned NOT NULL AUTO_INCREMENT,
  `user_id` int(10) unsigned DEFAULT NULL,
  `person_id` int(10) unsigned NOT NULL,
  `person_id_relationed` int(10) unsigned NOT NULL,
  `person_id_ppc_user` int(10) unsigned NOT NULL,
  `ppc_type_id` bigint(20) unsigned NOT NULL,
  `login_user` text COLLATE utf8mb4_unicode_ci NOT NULL,
  `password` text COLLATE utf8mb4_unicode_ci NOT NULL,
  `is_principal` tinyint(1) NOT NULL DEFAULT '1',
  `habilitado` tinyint(1) NOT NULL DEFAULT '1',
  `created_at` timestamp NULL DEFAULT NULL,
  `updated_at` timestamp NULL DEFAULT NULL,
  `deleted_at` timestamp NULL DEFAULT NULL,
  PRIMARY KEY (`id`),
  KEY `ppc_users_person_id_foreign` (`person_id`),
  KEY `ppc_users_person_id_relationed_foreign` (`person_id_relationed`),
  KEY `ppc_users_person_id_ppc_user_foreign` (`person_id_ppc_user`),
  KEY `ppc_users_ppc_type_id_foreign` (`ppc_type_id`),
  CONSTRAINT `ppc_users_person_id_foreign` FOREIGN KEY (`person_id`) REFERENCES `persons` (`id`),
  CONSTRAINT `ppc_users_person_id_ppc_user_foreign` FOREIGN KEY (`person_id_ppc_user`) REFERENCES `persons` (`id`),
  CONSTRAINT `ppc_users_person_id_relationed_foreign` FOREIGN KEY (`person_id_relationed`) REFERENCES `persons` (`id`),
  CONSTRAINT `ppc_users_ppc_type_id_foreign` FOREIGN KEY (`ppc_type_id`) REFERENCES `ppc_types` (`id`)
) ENGINE=InnoDB DEFAULT CHARSET=utf8mb4 COLLATE=utf8mb4_unicode_ci;

--
