INSERT INTO `log_debug` VALUES (14769,NULL,'assingMorePeriods','While de empresa, year->2047, initial_month->1, contador->17','2018-06-14 20:50:24',NULL),(14770,NULL,'assingMorePeriods','While de empresa, year->2048, initial_month->1, contador->18','2018-06-14 20:50:24',NULL),(14771,NULL,'assingMorePeriods','While de empresa, year->2049, initial_month->1, contador->19','2018-06-14 20:50:24',NULL),(14772,NULL,'assingMorePeriods','While de empresa, year->2050, initial_month->1, contador->20','2018-06-14 20:50:24',NULL),(14773,NULL,'assingMorePeriods','While de empresa, year->2051, initial_month->1, contador->21','2018-06-14 20:50:24',NULL),(14774,NULL,'assingMorePeriods','While de empresa, year->2052, initial_month->1, contador->22','2018-06-14 20:50:24',NULL),(14775,NULL,'assingMorePeriods','While de empresa, year->2053, initial_month->1, contador->23','2018-06-14 20:50:24',NULL),(14776,NULL,'assingMorePeriods','While de empresa, year->2054, initial_month->1, contador->24','2018-06-14 20:50:24',NULL),(14777,NULL,'assingMorePeriods','While de empresa, year->2055, initial_month->1, contador->25','2018-06-14 20:50:24',NULL),(14778,NULL,'assingMorePeriods','While de empresa, year->2056, initial_month->1, contador->26','2018-06-14 20:50:24',NULL),(14779,NULL,'assingMorePeriods','While de empresa, year->2057, initial_month->1, contador->27','2018-06-14 20:50:24',NULL),(14780,NULL,'assingMorePeriods','While de empresa, year->2058, initial_month->1, contador->28','2018-06-14 20:50:24',NULL),(14781,NULL,'assingMorePeriods','While de empresa, year->2059, initial_month->1, contador->29','2018-06-14 20:50:24',NULL),(14782,NULL,'assingMorePeriods','While de empresa, year->2060, initial_month->1, contador->30','2018-06-14 20:50:24',NULL),(14783,NULL,'assingMorePeriods','While de empresa, year->2061, initial_month->1, contador->31','2018-06-14 20:50:24',NULL),(14784,NULL,'assingMorePeriods','While de empresa, year->2062, initial_month->1, contador->32','2018-06-14 20:50:24',NULL),(14785,NULL,'assingMorePeriods','While de empresa, year->2063, initial_month->1, contador->33','2018-06-14 20:50:24',NULL),(14786,NULL,'assingMorePeriods','While de empresa, year->2064, initial_month->1, contador->34','2018-06-14 20:50:24',NULL),(14787,NULL,'assingMorePeriods','While de empresa, year->2065, initial_month->1, contador->35','2018-06-14 20:50:24',NULL),(14788,NULL,'assingMorePeriods','While de empresa, year->2066, initial_month->1, contador->36','2018-06-14 20:50:24',NULL),(14789,NULL,'assingMorePeriods','While de empresa, year->2067, initial_month->1, contador->37','2018-06-14 20:50:24',NULL),(14790,NULL,'assingMorePeriods','While de empresa, year->2068, initial_month->1, contador->38','2018-06-14 20:50:24',NULL),(14791,NULL,'assingMorePeriods','While de empresa, year->2069, initial_month->1, contador->39','2018-06-14 20:50:24',NULL),(14792,NULL,'assingMorePeriods','While de empresa, year->2070, initial_month->1, contador->40','2018-06-14 20:50:24',NULL),(14793,NULL,'assingMorePeriods','While de empresa, year->2071, initial_month->1, contador->41','2018-06-14 20:50:24',NULL),(14794,NULL,'assingMorePeriods','While de empresa, year->2072, initial_month->1, contador->42','2018-06-14 20:50:24',NULL),(14795,NULL,'assingMorePeriods','While de empresa, year->2073, initial_month->1, contador->43','2018-06-14 20:50:24',NULL),(14796,NULL,'assingMorePeriods','While de empresa, year->2074, initial_month->1, contador->44','2018-06-14 20:50:24',NULL),(14797,NULL,'assingMorePeriods','While de empresa, year->2075, initial_month->1, contador->45','2018-06-14 20:50:24',NULL),(14798,NULL,'assingMorePeriods','While de empresa, year->2076, initial_month->1, contador->46','2018-06-14 20:50:24',NULL),(14799,NULL,'assingMorePeriods','While de empresa, year->2077, initial_month->1, contador->47','2018-06-14 20:50:24',NULL),(14800,NULL,'assingMorePeriods','While de empresa, year->2078, initial_month->1, contador->48','2018-06-14 20:50:24',NULL);
INSERT INTO `log_debug` VALUES (14801,NULL,'assingMorePeriods','While de empresa, year->2079, initial_month->1, contador->49','2018-06-14 20:50:24',NULL),(14802,NULL,'assingMorePeriods','While de empresa, year->2080, initial_month->1, contador->50','2018-06-14 20:50:24',NULL),(14803,NULL,'assingMorePeriods','While de empresa, year->2081, initial_month->1, contador->51','2018-06-14 20:50:24',NULL),(14804,NULL,'assingMorePeriods','While de empresa, year->2082, initial_month->1, contador->52','2018-06-14 20:50:24',NULL),(14805,NULL,'assingMorePeriods','While de empresa, year->2083, initial_month->1, contador->53','2018-06-14 20:50:24',NULL),(14806,NULL,'assingMorePeriods','While de empresa, year->2084, initial_month->1, contador->54','2018-06-14 20:50:24',NULL),(14807,NULL,'assingMorePeriods','While de empresa, year->2085, initial_month->1, contador->55','2018-06-14 20:50:24',NULL),(14808,NULL,'assingMorePeriods','While de empresa, year->2086, initial_month->1, contador->56','2018-06-14 20:50:24',NULL),(14809,NULL,'assingMorePeriods','While de empresa, year->2087, initial_month->1, contador->57','2018-06-14 20:50:24',NULL),(14810,NULL,'assingMorePeriods','While de empresa, year->2088, initial_month->1, contador->58','2018-06-14 20:50:24',NULL),(14811,NULL,'assingMorePeriods','While de empresa, year->2089, initial_month->1, contador->59','2018-06-14 20:50:24',NULL),(14812,NULL,'assingMorePeriods','While de empresa, year->2090, initial_month->1, contador->60','2018-06-14 20:50:24',NULL),(14813,NULL,'assingMorePeriods','While de empresa, year->2091, initial_month->1, contador->61','2018-06-14 20:50:24',NULL),(14814,NULL,'assingMorePeriods','While de empresa, year->2092, initial_month->1, contador->62','2018-06-14 20:50:24',NULL),(14815,NULL,'assingMorePeriods','While de empresa, year->2093, initial_month->1, contador->63','2018-06-14 20:50:24',NULL),(14816,NULL,'assingMorePeriods','While de empresa, year->2094, initial_month->1, contador->64','2018-06-14 20:50:24',NULL),(14817,NULL,'assingMorePeriods','While de empresa, year->2095, initial_month->1, contador->65','2018-06-14 20:50:24',NULL),(14818,NULL,'assingMorePeriods','While de empresa, year->2096, initial_month->1, contador->66','2018-06-14 20:50:24',NULL),(14819,NULL,'assingMorePeriods','While de empresa, year->2097, initial_month->1, contador->67','2018-06-14 20:50:24',NULL),(14820,NULL,'assingMorePeriods','While de empresa, year->2098, initial_month->1, contador->68','2018-06-14 20:50:24',NULL),(14821,NULL,'assingMorePeriods','While de empresa, year->2099, initial_month->1, contador->69','2018-06-14 20:50:24',NULL),(14822,NULL,'assingMorePeriods','While de empresa, year->2100, initial_month->1, contador->70','2018-06-14 20:50:24',NULL),(14823,NULL,'assingMorePeriods','Iterando cada empresa, Empres id->2400, periodo->2030-12','2018-06-14 20:50:24',NULL),(14824,NULL,'assingMorePeriods','While de empresa, year->2030, initial_month->13, contador->0','2018-06-14 20:50:24',NULL),(14825,NULL,'assingMorePeriods','While de empresa, year->2031, initial_month->13, contador->1','2018-06-14 20:50:24',NULL),(14826,NULL,'assingMorePeriods','While de empresa, year->2032, initial_month->1, contador->2','2018-06-14 20:50:24',NULL),(14827,NULL,'assingMorePeriods','While de empresa, year->2033, initial_month->1, contador->3','2018-06-14 20:50:24',NULL),(14828,NULL,'assingMorePeriods','While de empresa, year->2034, initial_month->1, contador->4','2018-06-14 20:50:24',NULL),(14829,NULL,'assingMorePeriods','While de empresa, year->2035, initial_month->1, contador->5','2018-06-14 20:50:24',NULL),(14830,NULL,'assingMorePeriods','While de empresa, year->2036, initial_month->1, contador->6','2018-06-14 20:50:24',NULL),(14831,NULL,'assingMorePeriods','While de empresa, year->2037, initial_month->1, contador->7','2018-06-14 20:50:24',NULL),(14832,NULL,'assingMorePeriods','While de empresa, year->2038, initial_month->1, contador->8','2018-06-14 20:50:24',NULL);
INSERT INTO `log_debug` VALUES (14833,NULL,'assingMorePeriods','While de empresa, year->2039, initial_month->1, contador->9','2018-06-14 20:50:24',NULL),(14834,NULL,'assingMorePeriods','While de empresa, year->2040, initial_month->1, contador->10','2018-06-14 20:50:24',NULL),(14835,NULL,'assingMorePeriods','While de empresa, year->2041, initial_month->1, contador->11','2018-06-14 20:50:24',NULL),(14836,NULL,'assingMorePeriods','While de empresa, year->2042, initial_month->1, contador->12','2018-06-14 20:50:24',NULL),(14837,NULL,'assingMorePeriods','While de empresa, year->2043, initial_month->1, contador->13','2018-06-14 20:50:24',NULL),(14838,NULL,'assingMorePeriods','While de empresa, year->2044, initial_month->1, contador->14','2018-06-14 20:50:24',NULL),(14839,NULL,'assingMorePeriods','While de empresa, year->2045, initial_month->1, contador->15','2018-06-14 20:50:24',NULL),(14840,NULL,'assingMorePeriods','While de empresa, year->2046, initial_month->1, contador->16','2018-06-14 20:50:24',NULL),(14841,NULL,'assingMorePeriods','While de empresa, year->2047, initial_month->1, contador->17','2018-06-14 20:50:24',NULL),(14842,NULL,'assingMorePeriods','While de empresa, year->2048, initial_month->1, contador->18','2018-06-14 20:50:24',NULL),(14843,NULL,'assingMorePeriods','While de empresa, year->2049, initial_month->1, contador->19','2018-06-14 20:50:24',NULL),(14844,NULL,'assingMorePeriods','While de empresa, year->2050, initial_month->1, contador->20','2018-06-14 20:50:24',NULL),(14845,NULL,'assingMorePeriods','While de empresa, year->2051, initial_month->1, contador->21','2018-06-14 20:50:24',NULL),(14846,NULL,'assingMorePeriods','While de empresa, year->2052, initial_month->1, contador->22','2018-06-14 20:50:24',NULL),(14847,NULL,'assingMorePeriods','While de empresa, year->2053, initial_month->1, contador->23','2018-06-14 20:50:24',NULL),(14848,NULL,'assingMorePeriods','While de empresa, year->2054, initial_month->1, contador->24','2018-06-14 20:50:24',NULL),(14849,NULL,'assingMorePeriods','While de empresa, year->2055, initial_month->1, contador->25','2018-06-14 20:50:24',NULL),(14850,NULL,'assingMorePeriods','While de empresa, year->2056, initial_month->1, contador->26','2018-06-14 20:50:24',NULL),(14851,NULL,'assingMorePeriods','While de empresa, year->2057, initial_month->1, contador->27','2018-06-14 20:50:24',NULL),(14852,NULL,'assingMorePeriods','While de empresa, year->2058, initial_month->1, contador->28','2018-06-14 20:50:24',NULL),(14853,NULL,'assingMorePeriods','While de empresa, year->2059, initial_month->1, contador->29','2018-06-14 20:50:24',NULL),(14854,NULL,'assingMorePeriods','While de empresa, year->2060, initial_month->1, contador->30','2018-06-14 20:50:24',NULL),(14855,NULL,'assingMorePeriods','While de empresa, year->2061, initial_month->1, contador->31','2018-06-14 20:50:24',NULL),(14856,NULL,'assingMorePeriods','While de empresa, year->2062, initial_month->1, contador->32','2018-06-14 20:50:24',NULL),(14857,NULL,'assingMorePeriods','While de empresa, year->2063, initial_month->1, contador->33','2018-06-14 20:50:24',NULL),(14858,NULL,'assingMorePeriods','While de empresa, year->2064, initial_month->1, contador->34','2018-06-14 20:50:24',NULL),(14859,NULL,'assingMorePeriods','While de empresa, year->2065, initial_month->1, contador->35','2018-06-14 20:50:24',NULL),(14860,NULL,'assingMorePeriods','While de empresa, year->2066, initial_month->1, contador->36','2018-06-14 20:50:24',NULL),(14861,NULL,'assingMorePeriods','While de empresa, year->2067, initial_month->1, contador->37','2018-06-14 20:50:24',NULL),(14862,NULL,'assingMorePeriods','While de empresa, year->2068, initial_month->1, contador->38','2018-06-14 20:50:24',NULL),(14863,NULL,'assingMorePeriods','While de empresa, year->2069, initial_month->1, contador->39','2018-06-14 20:50:24',NULL),(14864,NULL,'assingMorePeriods','While de empresa, year->2070, initial_month->1, contador->40','2018-06-14 20:50:24',NULL);
INSERT INTO `log_debug` VALUES (14865,NULL,'assingMorePeriods','While de empresa, year->2071, initial_month->1, contador->41','2018-06-14 20:50:24',NULL),(14866,NULL,'assingMorePeriods','While de empresa, year->2072, initial_month->1, contador->42','2018-06-14 20:50:24',NULL),(14867,NULL,'assingMorePeriods','While de empresa, year->2073, initial_month->1, contador->43','2018-06-14 20:50:24',NULL),(14868,NULL,'assingMorePeriods','While de empresa, year->2074, initial_month->1, contador->44','2018-06-14 20:50:24',NULL),(14869,NULL,'assingMorePeriods','While de empresa, year->2075, initial_month->1, contador->45','2018-06-14 20:50:24',NULL),(14870,NULL,'assingMorePeriods','While de empresa, year->2076, initial_month->1, contador->46','2018-06-14 20:50:24',NULL),(14871,NULL,'assingMorePeriods','While de empresa, year->2077, initial_month->1, contador->47','2018-06-14 20:50:24',NULL),(14872,NULL,'assingMorePeriods','While de empresa, year->2078, initial_month->1, contador->48','2018-06-14 20:50:24',NULL),(14873,NULL,'assingMorePeriods','While de empresa, year->2079, initial_month->1, contador->49','2018-06-14 20:50:24',NULL),(14874,NULL,'assingMorePeriods','While de empresa, year->2080, initial_month->1, contador->50','2018-06-14 20:50:24',NULL),(14875,NULL,'assingMorePeriods','While de empresa, year->2081, initial_month->1, contador->51','2018-06-14 20:50:24',NULL),(14876,NULL,'assingMorePeriods','While de empresa, year->2082, initial_month->1, contador->52','2018-06-14 20:50:24',NULL),(14877,NULL,'assingMorePeriods','While de empresa, year->2083, initial_month->1, contador->53','2018-06-14 20:50:24',NULL),(14878,NULL,'assingMorePeriods','While de empresa, year->2084, initial_month->1, contador->54','2018-06-14 20:50:24',NULL),(14879,NULL,'assingMorePeriods','While de empresa, year->2085, initial_month->1, contador->55','2018-06-14 20:50:24',NULL),(14880,NULL,'assingMorePeriods','While de empresa, year->2086, initial_month->1, contador->56','2018-06-14 20:50:24',NULL),(14881,NULL,'assingMorePeriods','While de empresa, year->2087, initial_month->1, contador->57','2018-06-14 20:50:24',NULL),(14882,NULL,'assingMorePeriods','While de empresa, year->2088, initial_month->1, contador->58','2018-06-14 20:50:24',NULL),(14883,NULL,'assingMorePeriods','While de empresa, year->2089, initial_month->1, contador->59','2018-06-14 20:50:24',NULL),(14884,NULL,'assingMorePeriods','While de empresa, year->2090, initial_month->1, contador->60','2018-06-14 20:50:24',NULL),(14885,NULL,'assingMorePeriods','While de empresa, year->2091, initial_month->1, contador->61','2018-06-14 20:50:24',NULL),(14886,NULL,'assingMorePeriods','While de empresa, year->2092, initial_month->1, contador->62','2018-06-14 20:50:24',NULL),(14887,NULL,'assingMorePeriods','While de empresa, year->2093, initial_month->1, contador->63','2018-06-14 20:50:24',NULL),(14888,NULL,'assingMorePeriods','While de empresa, year->2094, initial_month->1, contador->64','2018-06-14 20:50:24',NULL),(14889,NULL,'assingMorePeriods','While de empresa, year->2095, initial_month->1, contador->65','2018-06-14 20:50:24',NULL),(14890,NULL,'assingMorePeriods','While de empresa, year->2096, initial_month->1, contador->66','2018-06-14 20:50:24',NULL),(14891,NULL,'assingMorePeriods','While de empresa, year->2097, initial_month->1, contador->67','2018-06-14 20:50:24',NULL),(14892,NULL,'assingMorePeriods','While de empresa, year->2098, initial_month->1, contador->68','2018-06-14 20:50:24',NULL),(14893,NULL,'assingMorePeriods','While de empresa, year->2099, initial_month->1, contador->69','2018-06-14 20:50:24',NULL),(14894,NULL,'assingMorePeriods','While de empresa, year->2100, initial_month->1, contador->70','2018-06-14 20:50:24',NULL),(14895,NULL,'assingMorePeriods','Iterando cada empresa, Empres id->2402, periodo->2030-12','2018-06-14 20:50:24',NULL),(14896,NULL,'assingMorePeriods','While de empresa, year->2030, initial_month->13, contador->0','2018-06-14 20:50:24',NULL);
INSERT INTO `log_debug` VALUES (14897,NULL,'assingMorePeriods','While de empresa, year->2031, initial_month->13, contador->1','2018-06-14 20:50:24',NULL),(14898,NULL,'assingMorePeriods','While de empresa, year->2032, initial_month->1, contador->2','2018-06-14 20:50:24',NULL),(14899,NULL,'assingMorePeriods','While de empresa, year->2033, initial_month->1, contador->3','2018-06-14 20:50:24',NULL),(14900,NULL,'assingMorePeriods','While de empresa, year->2034, initial_month->1, contador->4','2018-06-14 20:50:24',NULL),(14901,NULL,'assingMorePeriods','While de empresa, year->2035, initial_month->1, contador->5','2018-06-14 20:50:24',NULL),(14902,NULL,'assingMorePeriods','While de empresa, year->2036, initial_month->1, contador->6','2018-06-14 20:50:24',NULL),(14903,NULL,'assingMorePeriods','While de empresa, year->2037, initial_month->1, contador->7','2018-06-14 20:50:24',NULL),(14904,NULL,'assingMorePeriods','While de empresa, year->2038, initial_month->1, contador->8','2018-06-14 20:50:24',NULL),(14905,NULL,'assingMorePeriods','While de empresa, year->2039, initial_month->1, contador->9','2018-06-14 20:50:24',NULL),(14906,NULL,'assingMorePeriods','While de empresa, year->2040, initial_month->1, contador->10','2018-06-14 20:50:24',NULL),(14907,NULL,'assingMorePeriods','While de empresa, year->2041, initial_month->1, contador->11','2018-06-14 20:50:24',NULL),(14908,NULL,'assingMorePeriods','While de empresa, year->2042, initial_month->1, contador->12','2018-06-14 20:50:24',NULL),(14909,NULL,'assingMorePeriods','While de empresa, year->2043, initial_month->1, contador->13','2018-06-14 20:50:24',NULL),(14910,NULL,'assingMorePeriods','While de empresa, year->2044, initial_month->1, contador->14','2018-06-14 20:50:24',NULL),(14911,NULL,'assingMorePeriods','While de empresa, year->2045, initial_month->1, contador->15','2018-06-14 20:50:24',NULL),(14912,NULL,'assingMorePeriods','While de empresa, year->2046, initial_month->1, contador->16','2018-06-14 20:50:24',NULL),(14913,NULL,'assingMorePeriods','While de empresa, year->2047, initial_month->1, contador->17','2018-06-14 20:50:24',NULL),(14914,NULL,'assingMorePeriods','While de empresa, year->2048, initial_month->1, contador->18','2018-06-14 20:50:24',NULL),(14915,NULL,'assingMorePeriods','While de empresa, year->2049, initial_month->1, contador->19','2018-06-14 20:50:24',NULL),(14916,NULL,'assingMorePeriods','While de empresa, year->2050, initial_month->1, contador->20','2018-06-14 20:50:24',NULL),(14917,NULL,'assingMorePeriods','While de empresa, year->2051, initial_month->1, contador->21','2018-06-14 20:50:24',NULL),(14918,NULL,'assingMorePeriods','While de empresa, year->2052, initial_month->1, contador->22','2018-06-14 20:50:24',NULL),(14919,NULL,'assingMorePeriods','While de empresa, year->2053, initial_month->1, contador->23','2018-06-14 20:50:24',NULL),(14920,NULL,'assingMorePeriods','While de empresa, year->2054, initial_month->1, contador->24','2018-06-14 20:50:24',NULL),(14921,NULL,'assingMorePeriods','While de empresa, year->2055, initial_month->1, contador->25','2018-06-14 20:50:24',NULL),(14922,NULL,'assingMorePeriods','While de empresa, year->2056, initial_month->1, contador->26','2018-06-14 20:50:24',NULL),(14923,NULL,'assingMorePeriods','While de empresa, year->2057, initial_month->1, contador->27','2018-06-14 20:50:24',NULL),(14924,NULL,'assingMorePeriods','While de empresa, year->2058, initial_month->1, contador->28','2018-06-14 20:50:24',NULL),(14925,NULL,'assingMorePeriods','While de empresa, year->2059, initial_month->1, contador->29','2018-06-14 20:50:24',NULL),(14926,NULL,'assingMorePeriods','While de empresa, year->2060, initial_month->1, contador->30','2018-06-14 20:50:24',NULL),(14927,NULL,'assingMorePeriods','While de empresa, year->2061, initial_month->1, contador->31','2018-06-14 20:50:24',NULL),(14928,NULL,'assingMorePeriods','While de empresa, year->2062, initial_month->1, contador->32','2018-06-14 20:50:24',NULL);
INSERT INTO `log_debug` VALUES (14929,NULL,'assingMorePeriods','While de empresa, year->2063, initial_month->1, contador->33','2018-06-14 20:50:24',NULL),(14930,NULL,'assingMorePeriods','While de empresa, year->2064, initial_month->1, contador->34','2018-06-14 20:50:24',NULL),(14931,NULL,'assingMorePeriods','While de empresa, year->2065, initial_month->1, contador->35','2018-06-14 20:50:24',NULL),(14932,NULL,'assingMorePeriods','While de empresa, year->2066, initial_month->1, contador->36','2018-06-14 20:50:24',NULL),(14933,NULL,'assingMorePeriods','While de empresa, year->2067, initial_month->1, contador->37','2018-06-14 20:50:24',NULL),(14934,NULL,'assingMorePeriods','While de empresa, year->2068, initial_month->1, contador->38','2018-06-14 20:50:24',NULL),(14935,NULL,'assingMorePeriods','While de empresa, year->2069, initial_month->1, contador->39','2018-06-14 20:50:24',NULL),(14936,NULL,'assingMorePeriods','While de empresa, year->2070, initial_month->1, contador->40','2018-06-14 20:50:24',NULL),(14937,NULL,'assingMorePeriods','While de empresa, year->2071, initial_month->1, contador->41','2018-06-14 20:50:24',NULL),(14938,NULL,'assingMorePeriods','While de empresa, year->2072, initial_month->1, contador->42','2018-06-14 20:50:24',NULL),(14939,NULL,'assingMorePeriods','While de empresa, year->2073, initial_month->1, contador->43','2018-06-14 20:50:24',NULL),(14940,NULL,'assingMorePeriods','While de empresa, year->2074, initial_month->1, contador->44','2018-06-14 20:50:24',NULL),(14941,NULL,'assingMorePeriods','While de empresa, year->2075, initial_month->1, contador->45','2018-06-14 20:50:24',NULL),(14942,NULL,'assingMorePeriods','While de empresa, year->2076, initial_month->1, contador->46','2018-06-14 20:50:24',NULL),(14943,NULL,'assingMorePeriods','While de empresa, year->2077, initial_month->1, contador->47','2018-06-14 20:50:24',NULL),(14944,NULL,'assingMorePeriods','While de empresa, year->2078, initial_month->1, contador->48','2018-06-14 20:50:24',NULL),(14945,NULL,'assingMorePeriods','While de empresa, year->2079, initial_month->1, contador->49','2018-06-14 20:50:24',NULL),(14946,NULL,'assingMorePeriods','While de empresa, year->2080, initial_month->1, contador->50','2018-06-14 20:50:24',NULL),(14947,NULL,'assingMorePeriods','While de empresa, year->2081, initial_month->1, contador->51','2018-06-14 20:50:24',NULL),(14948,NULL,'assingMorePeriods','While de empresa, year->2082, initial_month->1, contador->52','2018-06-14 20:50:24',NULL),(14949,NULL,'assingMorePeriods','While de empresa, year->2083, initial_month->1, contador->53','2018-06-14 20:50:24',NULL),(14950,NULL,'assingMorePeriods','While de empresa, year->2084, initial_month->1, contador->54','2018-06-14 20:50:24',NULL),(14951,NULL,'assingMorePeriods','While de empresa, year->2085, initial_month->1, contador->55','2018-06-14 20:50:24',NULL),(14952,NULL,'assingMorePeriods','While de empresa, year->2086, initial_month->1, contador->56','2018-06-14 20:50:24',NULL),(14953,NULL,'assingMorePeriods','While de empresa, year->2087, initial_month->1, contador->57','2018-06-14 20:50:24',NULL),(14954,NULL,'assingMorePeriods','While de empresa, year->2088, initial_month->1, contador->58','2018-06-14 20:50:24',NULL),(14955,NULL,'assingMorePeriods','While de empresa, year->2089, initial_month->1, contador->59','2018-06-14 20:50:24',NULL),(14956,NULL,'assingMorePeriods','While de empresa, year->2090, initial_month->1, contador->60','2018-06-14 20:50:24',NULL),(14957,NULL,'assingMorePeriods','While de empresa, year->2091, initial_month->1, contador->61','2018-06-14 20:50:24',NULL),(14958,NULL,'assingMorePeriods','While de empresa, year->2092, initial_month->1, contador->62','2018-06-14 20:50:24',NULL),(14959,NULL,'assingMorePeriods','While de empresa, year->2093, initial_month->1, contador->63','2018-06-14 20:50:24',NULL),(14960,NULL,'assingMorePeriods','While de empresa, year->2094, initial_month->1, contador->64','2018-06-14 20:50:24',NULL);
INSERT INTO `log_debug` VALUES (14961,NULL,'assingMorePeriods','While de empresa, year->2095, initial_month->1, contador->65','2018-06-14 20:50:24',NULL),(14962,NULL,'assingMorePeriods','While de empresa, year->2096, initial_month->1, contador->66','2018-06-14 20:50:24',NULL),(14963,NULL,'assingMorePeriods','While de empresa, year->2097, initial_month->1, contador->67','2018-06-14 20:50:24',NULL),(14964,NULL,'assingMorePeriods','While de empresa, year->2098, initial_month->1, contador->68','2018-06-14 20:50:24',NULL),(14965,NULL,'assingMorePeriods','While de empresa, year->2099, initial_month->1, contador->69','2018-06-14 20:50:24',NULL),(14966,NULL,'assingMorePeriods','While de empresa, year->2100, initial_month->1, contador->70','2018-06-14 20:50:24',NULL),(14967,NULL,'assingMorePeriods','Iterando cada empresa, Empres id->2428, periodo->2118-12','2018-06-14 20:50:24',NULL),(14968,NULL,'assingMorePeriods','Iterando cada empresa, Empres id->2429, periodo->2118-12','2018-06-14 20:50:24',NULL),(14969,NULL,'assingMorePeriods','Iterando cada empresa, Empres id->2445, periodo->2118-12','2018-06-14 20:50:24',NULL),(14970,NULL,'assingMorePeriods','Iterando cada empresa, Empres id->7573, periodo->2118-12','2018-06-14 20:50:24',NULL),(14971,NULL,'liquidacion_hijas_iva','inicio de la ejecucion de la funcion','2018-08-13 22:39:01',NULL),(14972,NULL,'liquidacion_hijas_iva','fin de la ejecucion de la funcion','2018-08-13 22:39:01',NULL),(14973,NULL,'liquidacion_hijas_iibb','inicio de la ejecucion de la funcion','2018-08-13 22:39:01',NULL),(14974,NULL,'liquidacion_hijas_iibb','fin de la ejecucion de la funcion','2018-08-13 22:39:01',NULL),(14975,NULL,'liquidacion_hijas_iva','inicio de la ejecucion de la funcion','2018-08-13 22:40:01',NULL),(14976,NULL,'liquidacion_hijas_iva','fin de la ejecucion de la funcion','2018-08-13 22:40:01',NULL),(14977,NULL,'liquidacion_hijas_iibb','inicio de la ejecucion de la funcion','2018-08-13 22:40:01',NULL),(14978,NULL,'liquidacion_hijas_iibb','fin de la ejecucion de la funcion','2018-08-13 22:40:01',NULL),(14979,NULL,'liquidacion_hijas_iva','inicio de la ejecucion de la funcion','2018-08-14 18:10:59',NULL),(14980,NULL,'liquidacion_hijas_iva','fin de la ejecucion de la funcion','2018-08-14 18:10:59',NULL),(14981,NULL,'liquidacion_hijas_iibb','inicio de la ejecucion de la funcion','2018-08-14 18:10:59',NULL),(14982,NULL,'liquidacion_hijas_iibb','fin de la ejecucion de la funcion','2018-08-14 18:10:59',NULL),(14983,NULL,'liquidacion_hijas_iva','inicio de la ejecucion de la funcion','2018-08-14 18:23:45',NULL),(14984,NULL,'liquidacion_hijas_iva','fin de la ejecucion de la funcion','2018-08-14 18:23:45',NULL),(14985,NULL,'liquidacion_hijas_iibb','inicio de la ejecucion de la funcion','2018-08-14 18:23:45',NULL),(14986,NULL,'liquidacion_hijas_iibb','fin de la ejecucion de la funcion','2018-08-14 18:23:45',NULL),(14987,NULL,'liquidacion_hijas_iva','inicio de la ejecucion de la funcion','2018-08-16 21:53:05',NULL),(14988,NULL,'liquidacion_hijas_iva','fin de la ejecucion de la funcion','2018-08-16 21:53:07',NULL),(14989,NULL,'liquidacion_hijas_iibb','inicio de la ejecucion de la funcion','2018-08-16 21:53:07',NULL),(14990,NULL,'liquidacion_hijas_iibb','fin de la ejecucion de la funcion','2018-08-16 21:53:07',NULL),(14991,NULL,'liquidacion_hijas_iibb','inicio de la ejecucion de la funcion','2018-08-24 21:28:18',NULL),(14992,NULL,'liquidacion_hijas_iibb','fin de la ejecucion de la funcion','2018-08-24 21:28:21',NULL),(14993,NULL,'liquidacion_hijas_iva','inicio de la ejecucion de la funcion','2018-08-24 21:28:21',NULL),(14994,NULL,'liquidacion_hijas_iva','fin de la ejecucion de la funcion','2018-08-24 21:28:21',NULL),(14995,NULL,'liquidacion_hijas_iibb','inicio de la ejecucion de la funcion','2018-08-24 21:28:54',NULL),(14996,NULL,'liquidacion_hijas_iibb','fin de la ejecucion de la funcion','2018-08-24 21:28:55',NULL),(14997,NULL,'liquidacion_hijas_iva','inicio de la ejecucion de la funcion','2018-08-24 21:28:55',NULL);
INSERT INTO `log_debug` VALUES (14998,NULL,'liquidacion_hijas_iva','fin de la ejecucion de la funcion','2018-08-24 21:28:59',NULL),(15020,NULL,'liquidacion_hijas_iibb','inicio de la ejecucion de la funcion','2018-09-03 14:19:20',NULL),(15021,NULL,'liquidacion_hijas_iibb','fin de la ejecucion de la funcion','2018-09-03 14:19:22',NULL),(15022,NULL,'liquidacion_hijas_iva','inicio de la ejecucion de la funcion','2018-09-03 14:19:22',NULL),(15023,NULL,'liquidacion_hijas_iva','fin de la ejecucion de la funcion','2018-09-03 14:19:23',NULL),(15024,NULL,'liquidacion_hijas_iibb','inicio de la ejecucion de la funcion','2018-09-03 14:19:36',NULL),(15025,NULL,'liquidacion_hijas_iibb','fin de la ejecucion de la funcion','2018-09-03 14:19:38',NULL),(15026,NULL,'liquidacion_hijas_iva','inicio de la ejecucion de la funcion','2018-09-03 14:19:38',NULL),(15027,NULL,'liquidacion_hijas_iva','fin de la ejecucion de la funcion','2018-09-03 14:19:39',NULL),(15028,NULL,'assingFromPeriodsPerson','ejecutando funcion','2018-09-19 19:02:04',NULL),(15029,NULL,'assingFromPeriodsPerson','Iterando cada empresa, Empres id->2429, periodo->2018-01','2018-09-19 19:02:04',NULL),(15030,NULL,'assingFromPeriodsPerson',NULL,'2018-09-19 19:02:04',NULL),(15031,NULL,'assingFromPeriodsPerson','While de empresa, from_year->2018, initialMonth->1, contador->2','2018-09-19 19:02:04',NULL),(15032,NULL,'liquidacion_hijas_iibb','inicio de la ejecucion de la funcion','2018-10-22 19:58:10',NULL),(15033,NULL,'liquidacion_hijas_iibb','fin de la ejecucion de la funcion','2018-10-22 19:58:11',NULL),(15034,NULL,'liquidacion_hijas_iva','inicio de la ejecucion de la funcion','2018-10-22 19:58:11',NULL),(15035,NULL,'liquidacion_hijas_iva','fin de la ejecucion de la funcion','2018-10-22 19:58:12',NULL),(15036,NULL,'liquidacion_hijas_iibb','inicio de la ejecucion de la funcion','2018-10-24 11:33:03',NULL),(15037,NULL,'liquidacion_hijas_iibb','fin de la ejecucion de la funcion','2018-10-24 11:33:04',NULL),(15038,NULL,'liquidacion_hijas_iva','inicio de la ejecucion de la funcion','2018-10-24 11:33:04',NULL),(15039,NULL,'liquidacion_hijas_iva','fin de la ejecucion de la funcion','2018-10-24 11:33:04',NULL),(15040,NULL,'liquidacion_hijas_iibb','inicio de la ejecucion de la funcion','2018-10-24 11:38:27',NULL),(15041,NULL,'liquidacion_hijas_iibb','fin de la ejecucion de la funcion','2018-10-24 11:38:27',NULL),(15042,NULL,'liquidacion_hijas_iva','inicio de la ejecucion de la funcion','2018-10-24 11:38:27',NULL),(15043,NULL,'liquidacion_hijas_iva','fin de la ejecucion de la funcion','2018-10-24 11:38:27',NULL),(15044,NULL,'assingPeriodsToBusiness','ejecutando funcion','2021-01-08 09:37:54',NULL),(15045,NULL,'assingPeriodsToBusiness','While de empresa, year->2020, initial_month->1, endMonth->12, contador->0','2021-01-08 09:37:54',NULL),(15046,NULL,'assingPeriodsToBusiness','While de empresa, year->2021, initial_month->1, endMonth->12, contador->1','2021-01-08 09:37:54',NULL),(15047,NULL,'assingPeriodsToBusiness','While de empresa, year->2022, initial_month->1, endMonth->12, contador->2','2021-01-08 09:37:54',NULL),(15048,NULL,'assingPeriodsToBusiness','While de empresa, year->2023, initial_month->1, endMonth->12, contador->3','2021-01-08 09:37:54',NULL),(15049,NULL,'assingPeriodsToBusiness','While de empresa, year->2024, initial_month->1, endMonth->12, contador->4','2021-01-08 09:37:54',NULL),(15050,NULL,'assingPeriodsToBusiness','While de empresa, year->2025, initial_month->1, endMonth->12, contador->5','2021-01-08 09:37:54',NULL),(15051,NULL,'assingPeriodsToBusiness','While de empresa, year->2026, initial_month->1, endMonth->12, contador->6','2021-01-08 09:37:54',NULL),(15052,NULL,'assingPeriodsToBusiness','While de empresa, year->2027, initial_month->1, endMonth->12, contador->7','2021-01-08 09:37:54',NULL),(15053,NULL,'assingPeriodsToBusiness','While de empresa, year->2028, initial_month->1, endMonth->12, contador->8','2021-01-08 09:37:54',NULL);
INSERT INTO `log_debug` VALUES (15054,NULL,'assingPeriodsToBusiness','While de empresa, year->2029, initial_month->1, endMonth->12, contador->9','2021-01-08 09:37:54',NULL),(15055,NULL,'assingPeriodsToBusiness','While de empresa, year->2030, initial_month->1, endMonth->12, contador->10','2021-01-08 09:37:54',NULL),(15056,NULL,'assingPeriodsToBusiness','While de empresa, year->2031, initial_month->1, endMonth->12, contador->11','2021-01-08 09:37:54',NULL),(15057,NULL,'assingPeriodsToBusiness','While de empresa, year->2032, initial_month->1, endMonth->12, contador->12','2021-01-08 09:37:54',NULL),(15058,NULL,'assingPeriodsToBusiness','While de empresa, year->2033, initial_month->1, endMonth->12, contador->13','2021-01-08 09:37:54',NULL),(15059,NULL,'assingPeriodsToBusiness','While de empresa, year->2034, initial_month->1, endMonth->12, contador->14','2021-01-08 09:37:54',NULL),(15060,NULL,'assingPeriodsToBusiness','While de empresa, year->2035, initial_month->1, endMonth->12, contador->15','2021-01-08 09:37:54',NULL),(15061,NULL,'assingPeriodsToBusiness','ejecutando funcion','2021-01-08 09:37:54',NULL),(15062,NULL,'assingPeriodsToBusiness','While de empresa, year->2020, initial_month->1, endMonth->12, contador->0','2021-01-08 09:37:54',NULL),(15063,NULL,'assingPeriodsToBusiness','While de empresa, year->2021, initial_month->1, endMonth->12, contador->1','2021-01-08 09:37:54',NULL),(15064,NULL,'assingPeriodsToBusiness','While de empresa, year->2022, initial_month->1, endMonth->12, contador->2','2021-01-08 09:37:54',NULL),(15065,NULL,'assingPeriodsToBusiness','While de empresa, year->2023, initial_month->1, endMonth->12, contador->3','2021-01-08 09:37:54',NULL),(15066,NULL,'assingPeriodsToBusiness','While de empresa, year->2024, initial_month->1, endMonth->12, contador->4','2021-01-08 09:37:54',NULL),(15067,NULL,'assingPeriodsToBusiness','While de empresa, year->2025, initial_month->1, endMonth->12, contador->5','2021-01-08 09:37:54',NULL),(15068,NULL,'assingPeriodsToBusiness','While de empresa, year->2026, initial_month->1, endMonth->12, contador->6','2021-01-08 09:37:54',NULL),(15069,NULL,'assingPeriodsToBusiness','While de empresa, year->2027, initial_month->1, endMonth->12, contador->7','2021-01-08 09:37:54',NULL),(15070,NULL,'assingPeriodsToBusiness','While de empresa, year->2028, initial_month->1, endMonth->12, contador->8','2021-01-08 09:37:54',NULL),(15071,NULL,'assingPeriodsToBusiness','While de empresa, year->2029, initial_month->1, endMonth->12, contador->9','2021-01-08 09:37:54',NULL),(15072,NULL,'assingPeriodsToBusiness','While de empresa, year->2030, initial_month->1, endMonth->12, contador->10','2021-01-08 09:37:54',NULL),(15073,NULL,'assingPeriodsToBusiness','While de empresa, year->2031, initial_month->1, endMonth->12, contador->11','2021-01-08 09:37:54',NULL),(15074,NULL,'assingPeriodsToBusiness','While de empresa, year->2032, initial_month->1, endMonth->12, contador->12','2021-01-08 09:37:54',NULL),(15075,NULL,'assingPeriodsToBusiness','While de empresa, year->2033, initial_month->1, endMonth->12, contador->13','2021-01-08 09:37:54',NULL),(15076,NULL,'assingPeriodsToBusiness','While de empresa, year->2034, initial_month->1, endMonth->12, contador->14','2021-01-08 09:37:54',NULL),(15077,NULL,'assingPeriodsToBusiness','While de empresa, year->2035, initial_month->1, endMonth->12, contador->15','2021-01-08 09:37:54',NULL);

--
-- Table structure for table `lpg_granos`
--

CREATE TABLE `lpg_granos` (
  `id` int(10) unsigned NOT NULL AUTO_INCREMENT,
  `user_id` int(10) unsigned NOT NULL,
  `descripcion` varchar(191) COLLATE utf8mb4_unicode_ci DEFAULT NULL,
  `codigo_afip` int(10) unsigned NOT NULL,
  `habilitado` tinyint(1) NOT NULL DEFAULT '1',
  `created_at` timestamp NULL DEFAULT NULL,
  `updated_at` timestamp NULL DEFAULT NULL,
  `deleted_at` timestamp NULL DEFAULT NULL,
  PRIMARY KEY (`id`)
) ENGINE=InnoDB AUTO_INCREMENT=40 DEFAULT CHARSET=utf8mb4 COLLATE=utf8mb4_unicode_ci;

--
-- Dumping data for table `lpg_granos`
--

INSERT INTO `lpg_granos` VALUES (1,0,'Lino',1,1,NULL,NULL,NULL),(2,0,'Girasol',2,1,NULL,NULL,NULL),(3,0,'Maní en caja',3,1,NULL,NULL,NULL),(4,0,'Girasol Descascarado',4,1,NULL,NULL,NULL),(5,0,'Maní para industria de selección',5,1,NULL,NULL,NULL),(6,0,'Maní para industria aceitera',6,1,NULL,NULL,NULL),(7,0,'Maní tipo confitería',7,1,NULL,NULL,NULL),(8,0,'Colza',8,1,NULL,NULL,NULL),(9,0,'Colza “00”/Canola',9,1,NULL,NULL,NULL),(10,0,'Trigo forrajero',10,1,NULL,NULL,NULL),(11,0,'Cebada forrajera',11,1,NULL,NULL,NULL),(12,0,'Cebada apta para maltería',12,1,NULL,NULL,NULL),(13,0,'Trigo candeal',14,1,NULL,NULL,NULL),(14,0,'Trigo pan',15,1,NULL,NULL,NULL),(15,0,'Avena',16,1,NULL,NULL,NULL),(16,0,'Cebada cervecera',17,1,NULL,NULL,NULL),(17,0,'Centeno',18,1,NULL,NULL,NULL),(18,0,'Maíz',19,1,NULL,NULL,NULL),(19,0,'Mijo',20,1,NULL,NULL,NULL),(20,0,'Arroz cáscara',21,1,NULL,NULL,NULL),(21,0,'Sorgo granífero',22,1,NULL,NULL,NULL),(22,0,'Soja',23,1,NULL,NULL,NULL),(23,0,'Trigo blando',24,1,NULL,NULL,NULL),(24,0,'Trigo plata',25,1,NULL,NULL,NULL),(25,0,'Maíz flynt o plata',26,1,NULL,NULL,NULL),(26,0,'Maíz pisingallo',27,1,NULL,NULL,NULL),(27,0,'Triticale',28,1,NULL,NULL,NULL),(28,0,'Alpiste',30,1,NULL,NULL,NULL),(29,0,'Algodón',31,1,NULL,NULL,NULL),(30,0,'Cártamo',32,1,NULL,NULL,NULL),(31,0,'Poroto blanco natural oval y alubia',33,1,NULL,NULL,NULL),(32,0,'Poroto distinto del blanco oval y alubia',34,1,NULL,NULL,NULL),(33,0,'Arroz',35,1,NULL,NULL,NULL),(34,0,'Lenteja',46,1,NULL,NULL,NULL),(35,0,'Arveja',47,1,NULL,NULL,NULL),(36,0,'Poroto blanco seleccionado oval y alubia',48,1,NULL,NULL,NULL),(37,0,'Otras legumbres',49,1,NULL,NULL,NULL),(38,0,'Otros granos',50,1,NULL,NULL,NULL),(39,0,'Garbanzo',59,1,NULL,NULL,NULL);

--
-- Table structure for table `lpg_receipt_detail`
--

CREATE TABLE `lpg_receipt_detail` (
  `id` int(10) unsigned NOT NULL AUTO_INCREMENT,
  `user_id` int(10) unsigned NOT NULL,
  `lpg_receipt_id` int(10) unsigned NOT NULL,
  `saldo_id` int(10) unsigned NOT NULL,
  `concepto` varchar(191) COLLATE utf8mb4_unicode_ci DEFAULT NULL,
  `lpg_grano_id` int(10) unsigned NOT NULL,
  `cantidad` decimal(16,2) NOT NULL DEFAULT '0.00',
  `fac_elec_unidad_medida_id` int(10) unsigned NOT NULL,
  `precio` decimal(16,2) NOT NULL DEFAULT '0.00',
  `subtotal` decimal(16,2) NOT NULL DEFAULT '0.00',
  `created_at` timestamp NULL DEFAULT NULL,
  `updated_at` timestamp NULL DEFAULT NULL,
  `deleted_at` timestamp NULL DEFAULT NULL,
  PRIMARY KEY (`id`),
  KEY `lpg_receipt_detail_lpg_receipt_id_foreign` (`lpg_receipt_id`),
  KEY `lpg_receipt_detail_saldo_id_foreign` (`saldo_id`),
  KEY `lpg_receipt_detail_lpg_grano_id_foreign` (`lpg_grano_id`),
  KEY `lpg_receipt_detail_fac_elec_unidad_medida_id_foreign` (`fac_elec_unidad_medida_id`),
  CONSTRAINT `lpg_receipt_detail_fac_elec_unidad_medida_id_foreign` FOREIGN KEY (`fac_elec_unidad_medida_id`) REFERENCES `fac_elec_unidad_medidas` (`id`),
  CONSTRAINT `lpg_receipt_detail_lpg_grano_id_foreign` FOREIGN KEY (`lpg_grano_id`) REFERENCES `lpg_granos` (`id`),
  CONSTRAINT `lpg_receipt_detail_lpg_receipt_id_foreign` FOREIGN KEY (`lpg_receipt_id`) REFERENCES `lpg_receipts` (`id`),
  CONSTRAINT `lpg_receipt_detail_saldo_id_foreign` FOREIGN KEY (`saldo_id`) REFERENCES `conta_tipo_saldos` (`id`)
) ENGINE=InnoDB DEFAULT CHARSET=utf8mb4 COLLATE=utf8mb4_unicode_ci;

--
-- Dumping data for table `lpg_receipt_detail`
--


--
-- Table structure for table `lpg_receipts`
--

CREATE TABLE `lpg_receipts` (
  `id` int(10) unsigned NOT NULL AUTO_INCREMENT,
  `user_id` int(10) unsigned NOT NULL,
  `person_id` int(10) unsigned NOT NULL,
  `receipt_id` int(10) unsigned DEFAULT NULL,
  `fecha` date DEFAULT NULL,
  `num_comprobante` varchar(191) COLLATE utf8mb4_unicode_ci DEFAULT NULL,
  `created_at` timestamp NULL DEFAULT NULL,
  `updated_at` timestamp NULL DEFAULT NULL,
  `deleted_at` timestamp NULL DEFAULT NULL,
  PRIMARY KEY (`id`),
  KEY `lpg_receipts_person_id_foreign` (`person_id`),
  KEY `lpg_receipts_receipt_id_foreign` (`receipt_id`),
  CONSTRAINT `lpg_receipts_person_id_foreign` FOREIGN KEY (`person_id`) REFERENCES `persons` (`id`),
  CONSTRAINT `lpg_receipts_receipt_id_foreign` FOREIGN KEY (`receipt_id`) REFERENCES `receipts` (`id`)
) ENGINE=InnoDB DEFAULT CHARSET=utf8mb4 COLLATE=utf8mb4_unicode_ci;

--
-- Dumping data for table `lpg_receipts`
--


--
-- Table structure for table `mails`
--

CREATE TABLE `mails` (
  `id` int(10) unsigned NOT NULL AUTO_INCREMENT,
  `user_id` int(10) unsigned DEFAULT NULL,
  `name` varchar(255) COLLATE utf8mb4_unicode_ci NOT NULL,
  `created_at` timestamp NULL DEFAULT NULL,
  `updated_at` timestamp NULL DEFAULT NULL,
  `deleted_at` timestamp NULL DEFAULT NULL,
  PRIMARY KEY (`id`)
) ENGINE=InnoDB AUTO_INCREMENT=12 DEFAULT CHARSET=utf8mb4 COLLATE=utf8mb4_unicode_ci;

--
-- Dumping data for table `mails`
--

INSERT INTO `mails` VALUES (1,NULL,'Principal',NULL,NULL,NULL),(2,NULL,'Segundo',NULL,NULL,NULL),(3,NULL,'Tercero',NULL,NULL,NULL),(4,NULL,'Cuarto',NULL,NULL,NULL),(5,NULL,'Quinto',NULL,NULL,NULL),(6,NULL,'Sexto',NULL,NULL,NULL),(7,NULL,'Septimo',NULL,NULL,NULL),(8,NULL,'Octavo',NULL,NULL,NULL),(9,NULL,'Noveno',NULL,NULL,NULL),(10,NULL,'Decimo',NULL,NULL,NULL),(11,NULL,'Otro',NULL,NULL,NULL);

--
-- Table structure for table `mails_details`
--

CREATE TABLE `mails_details` (
  `id` int(10) unsigned NOT NULL AUTO_INCREMENT,
  `user_id` int(10) unsigned DEFAULT NULL,
  `mail` varchar(255) COLLATE utf8mb4_unicode_ci DEFAULT NULL,
  `telefono` varchar(255) COLLATE utf8mb4_unicode_ci DEFAULT NULL,
  `comentario` varchar(255) COLLATE utf8mb4_unicode_ci DEFAULT NULL,
  `mail_id` int(10) unsigned NOT NULL,
  `person_id` int(10) unsigned NOT NULL,
  `status` int(10) unsigned NOT NULL DEFAULT '1',
  `created_at` timestamp NULL DEFAULT NULL,
  `updated_at` timestamp NULL DEFAULT NULL,
  `deleted_at` timestamp NULL DEFAULT NULL,
  PRIMARY KEY (`id`),
  KEY `mails_details_mail_id_foreign` (`mail_id`),
  KEY `mails_details_person_id_foreign` (`person_id`),
  CONSTRAINT `mails_details_mail_id_foreign` FOREIGN KEY (`mail_id`) REFERENCES `mails` (`id`),
  CONSTRAINT `mails_details_person_id_foreign` FOREIGN KEY (`person_id`) REFERENCES `persons` (`id`)
) ENGINE=InnoDB AUTO_INCREMENT=25 DEFAULT CHARSET=utf8mb4 COLLATE=utf8mb4_unicode_ci;

--
-- Dumping data for table `mails_details`
--

INSERT INTO `mails_details` VALUES (1,1,'vaninamormandi@gmail.com','1123845360',NULL,1,40717,1,'2020-07-01 01:24:11','2020-07-01 01:24:11',NULL),(6,304,'danielhmormandi@gmail.com','1167156966','personal',1,40722,1,'2022-02-22 12:46:07','2022-02-22 12:46:07',NULL),(9,304,'corraleslaura730@gmail.com','2246557495','',1,40725,1,'2022-02-22 12:54:47','2022-02-22 12:54:47',NULL),(10,304,'daianaagustinasanchez@hotmail.com','2246461298','personal',1,40726,1,'2022-02-22 12:57:58','2022-02-22 12:57:58',NULL),(11,304,'gabyffontanini@gmail.com','2246518746','personal',1,40724,1,'2022-02-22 13:01:26','2022-02-22 13:01:26',NULL),(12,304,'mdmormandi@gmail.com','1167163301','',1,40733,1,'2022-02-22 13:11:23','2022-02-22 13:11:23',NULL),(14,304,'fernanbarro@hotmail.com','2252512949','',1,40735,1,'2022-02-22 13:17:08','2022-02-22 13:17:08',NULL),(15,304,'lic.mariapaulapicarelli@gmail.com','1140890048','Personal',1,40720,1,'2022-02-24 17:43:29','2022-02-24 17:43:29',NULL),(17,304,'marisagerosa@hotmail.com','(02252)15-447663','Personal',1,40719,1,'2022-03-29 09:31:55','2022-03-29 09:31:55',NULL),(20,304,'vicky_sergio_july2014@hotmail.com','2257589669','',1,40744,1,'2022-05-13 11:47:42','2022-05-13 11:47:42',NULL),(21,304,'ceciliaramallo@gmail.com',NULL,'',1,40734,1,'2022-05-16 09:29:21','2022-05-16 09:29:21',NULL),(22,304,'sebastian.mormandi86@gmail.com',NULL,'personal',1,40721,1,'2022-05-16 10:01:16','2022-05-16 10:01:16',NULL),(23,304,'smormandi@gador.com.ar',NULL,'GADOR',2,40721,1,'2022-05-16 10:01:16','2022-05-16 10:01:16',NULL),(24,304,'gabriel.sb81@gmail.com','2257554972','personal',1,40723,1,'2022-05-17 11:48:17','2022-05-17 11:48:17',NULL);
DELIMITER ;;
/*!50003 CREATE*/ /*!50017 DEFINER=`forge`@`%`*/ /*!50003 TRIGGER `MailsDetail_BD` BEFORE DELETE ON `mails_details` FOR EACH ROW insert into back_up_mails_details (mail,telefono,comentario,mail_id,person_id,modificado)
values(old.mail,old.telefono,old.comentario,old.mail_id,old.person_id,now()) */;;
DELIMITER ;

--
-- Table structure for table `migrations`
--

CREATE TABLE `migrations` (
  `id` int(10) unsigned NOT NULL AUTO_INCREMENT,
  `migration` varchar(255) COLLATE utf8mb4_unicode_ci NOT NULL,
  `batch` int(11) NOT NULL,
  PRIMARY KEY (`id`)
) ENGINE=InnoDB AUTO_INCREMENT=885 DEFAULT CHARSET=utf8mb4 COLLATE=utf8mb4_unicode_ci;

--
-- Dumping data for table `migrations`
--

INSERT INTO `migrations` VALUES (1,'2014_10_12_000000_create_users_table',1),(2,'2014_10_12_100000_create_password_resets_table',1),(3,'2017_09_15_000000_CreateCountrysTable',1),(4,'2017_09_15_100000_CreateStatesTable',1),(5,'2017_09_15_221521_create_modules_table',1),(6,'2017_09_15_224048_create_usermodules_table',1),(7,'2017_12_04_172644_CreateTableActivitites',1),(8,'2017_12_04_181801_CreateTableReceiptTypes',1),(9,'2017_12_04_182416_CreateTableRetentionType',1),(10,'2017_12_04_190828_CreateTableTypes',1),(11,'2017_12_04_191413_CreateTableRetentions',1),(12,'2017_12_04_191537_CreateTableIIBBRetentions',1),(13,'2017_12_04_192126_CreateTableSystemTaxes',1),(14,'2017_12_04_202132_CreateTableZones',1),(15,'2017_12_04_210000_CreateTableOtherTaxes',1),(16,'2017_12_07_200000_CreateTableTaxAccounts',1),(17,'2017_12_07_202200_CreateTableStatus',1),(18,'2017_12_07_204438_CreateTablePersons',1),(19,'2017_12_07_204500_CreateTablePersonZones',1),(20,'2017_12_07_205029_CreateTablePeriods',1),(21,'2017_12_07_205700_CreateTableReceipts',1),(22,'2017_12_07_205819_CreateTableReceiptTaxes',1),(23,'2017_12_16_025744_CreateTableUserPersons',1),(24,'2018_02_01_205100_CreateTablePeriodLiquidation',1),(25,'2018_02_02_150420_ModPeriodLiq_CreateDetail',1),(26,'2018_02_06_162435_CreateTablePersonConfigurations',1),(27,'2018_03_07_162435_CreateTablesLiqIVA',1),(28,'2018_03_18_000010_IVAGroups',1),(29,'2018_03_20_000010_InsertsRT',1),(30,'2018_03_21_000010_UpdateRT',1),(31,'2018_03_26_232558_InsertsModules',1),(32,'2018_03_28_151014_CreateTablesBusinessModule',1),(33,'2018_04_11_124200_ModBusinessModule',1),(34,'2018_04_17_153900_ModBusinessModule2',1),(35,'2018_04_20_115000_TableBaseMonthsForPeriods',1),(36,'2018_04_24_155000_ModAddUsersBusiness',1),(37,'2018_04_27_162700_BusinessFieldsEmpresaMadre',1),(38,'2018_05_04_144100_BusinessViewValidateSave',1),(39,'2018_05_18_110400_FileUplodsBase_XLS',2),(40,'2018_05_30_183700_alter__system_taxes_to_system_taxese',3),(41,'2018_05_30_220512_alter__system_taxes__add__status',3),(42,'2018_05_31_221821_update_data_types',4),(43,'2018_06_03_1341_ProcedureAssingPeriodsTo',5),(44,'2018_06_04_001420_create_reportes_table',5),(45,'2018_06_04_2159_ProcedureReportesComprobantes',5),(46,'2018_06_05_104818_update_receipt_types__column__code',5),(47,'2018_06_05_171044_update__system__taxes__gravado0',5),(48,'2018_06_06_010459_create_procedure_creacion_empresa_usuario',5),(49,'2018_06_06_110700_UpdateReportesRutas',6),(50,'2018_06_07_011985_create_procedure_eliminasion_masiva_comprobantes',7),(51,'2018_06_09_141500_UpdateReportesRutasTableroAndModules',8),(52,'2018_06_10_203200_CreateViewReceiptsReports',9),(53,'2018_06_11_114580_UpdateTypesEliminacionMasiva',9),(54,'2018_06_19_110400_TableControlGeneral',10),(57,'2018_06_19_158985_InsertsModules_Control_General',11),(58,'2018_06_22_203200_CreateViewLiquidacionesIVA',12),(61,'2018_06_27_204440_alter_Table_Person_Configuration',13),(70,'2018_07_01_110401_InsertsModules_ClavesYMails',17),(71,'2018_07_01_110400_TableClavesYMails',18),(72,'2018_06_27_204436_CreateTableMails',19),(73,'2018_06_27_204437_CreateTableMailsDetails',19),(74,'2018_06_27_204438_CreateTableClaves',19),(75,'2018_06_27_204439_CreateTableClavesDetails',19),(76,'2018_07_07_011985_alter_procedure_eliminasion_masiva_comprobantes',20),(77,'2018_07_08_110400_UpdateTableClavesYMails',21),(78,'2018_07_11_011985_alter_procedure_eliminasion_masiva_comprobantes',22),(79,'2018_07_11_010459_alter_procedure_creacion_empresa_usuario',23),(80,'2018_07_15_110401_InsertsModules_Informacion',24),(81,'2018_07_17_110400_AddRegistroClavesYMails',25),(82,'2018_07_17_204439_CreateTableCharlasDetails',25),(83,'2018_07_11_011985_alter_procedure_eliminasion_masiva_comprobantes2',26),(90,'2018_07_18_110410_AddRegistroControlGeneral',26),(92,'2018_07_19_110404_SP_LiquidacionesHijas',26),(95,'2018_07_18_110400_TableVtoImpuestos',27),(96,'2018_07_18_110401_TableVtoFinCuit',27),(97,'2018_07_18_110402_TableImpuestoFinCuit',27);
INSERT INTO `migrations` VALUES (98,'2018_07_18_110403_TableVtoVencimiento',27),(99,'2018_07_18_110405_TableCategoriaImpuesto',27),(100,'2018_07_18_110409_TablePerson_Impuesto',27),(102,'2018_07_18_110412_CreateView_VencimientosAnuales',27),(103,'2018_07_18_110412_CreateView_liquidaciones_iibb',28),(104,'2018_07_18_110413_AddRegistroControlGeneral2',28),(105,'2018_07_18_110414_AddColumnTablePerson_Impuesto',28),(107,'2018_07_27_110400_InsertsModules_Impuestos',30),(115,'2018_07_29_110405_AddTypesAsientoSueldos',32),(116,'2018_07_29_110398_TableContaTipoCuentas',33),(117,'2018_07_29_110399_TableContaTipoSaldos',33),(118,'2018_07_29_110400_TableContaPlanCuenta',33),(119,'2018_07_29_110401_TableContaTipoDeAsientos',33),(126,'2018_08_06_110400_CreateTableEjerciciosAnteriores',36),(127,'2018_08_06_110400_AddTypesExportar',37),(128,'2018_08_12_110404_SP_LiquidacionesHijasActualizadas',38),(129,'2018_08_16_110400_AddReporteIVA',39),(130,'2018_08_16_110401_EditReporteLiquidacionesIIBB',39),(135,'2018_08_26_110400_InsertsModules_MonotributoIIBB',41),(136,'2018_08_66_110401_CreateTableCategoriasMonotributo',41),(139,'2018_08_22_093000_SP_LiquidacionesHijasFiltrosCorregidos',42),(140,'2018_08_30_110400_SP_DeleteLiquidationStatus1',43),(141,'2018_09_02_110400_SP_AsientoSueldo',44),(142,'2018_09_02_110401_SP_IIBBGasto',44),(143,'2018_09_02_110402_SP_ProyecGanancias',44),(144,'2018_09_02_110403_SP_RetencionesGanancias',44),(145,'2018_09_02_110404_SP_AnticiposGanancias',44),(146,'2018_09_03_110400_CreateViewLiquidacionesIVACorregida',45),(147,'2018_09_03_110401_CreateView_liquidaciones_iibbCorregida',45),(148,'2018_06_29_114600_CreateView_Proyeccion_Ganancias',46),(149,'2018_08_01_110401_CreateView_IIBB_Gasto',46),(150,'2018_08_05_110401_CreateView_AntGanan_SIRCREB_Compen',46),(151,'2018_08_01_110400_CreateView_Asientos',47),(152,'2018_08_05_110400_CreateView_RetencionesGanancias',47),(153,'2018_08_27_110400_CreateView_ProyecGananciasAll',48),(154,'2018_08_31_161300_TablesFacturaElectronica',49),(155,'2018_09_06_110400_InsertsModules_CtasCtes',50),(160,'2018_09_15_110400_AddColumnTablePersonConfiguration',50),(161,'2018_09_18_110400_InsertsModules_Bancos',50),(162,'2018_09_19_110400_SP_assingFromPeriodsPerson',51),(169,'2018_07_29_110402_TableContaAsientos',53),(170,'2018_07_29_110404_TableContaAsientosDetails',53),(171,'2018_09_10_110402_CreateView_CtaCteAsientos',53),(172,'2018_09_13_110400_AddColumnTableContaAsientos',53),(173,'2018_09_10_110400_CreateView_CtaCteSaldosCajas',54),(174,'2018_09_21_110400_AddColumnTableContaAsientosDebeHaber',54),(175,'2018_09_23_110400_InsertsModules_Gastos',54),(176,'2018_09_23_110401_TableCtaCteTiposDeGastos',54),(177,'2018_09_23_110402_TableCtaCteCuentaTipo',54),(178,'2018_09_23_110403_TableCtaCteCentrosCostos',54),(179,'2018_09_24_110400_TableCtaCteGastosMensuales',54),(180,'2018_09_27_110400_AddColumnTableContaAsientosPagado',54),(181,'2018_10_05_110400_InsertsModules_TableroControl',54),(183,'2018_10_09_110400_AddColumnTablePersonConfigurationBanco',56),(184,'2018_09_10_110401_CreateView_CtaCteClientes',57),(185,'2018_10_15_110400_TableCtaCteBancos',58),(186,'2018_10_15_110401_TableCtaCteCheques',58),(187,'2018_10_16_110400_CreateView_CtaCteCheques',58),(188,'2018_10_18_110400_CreateView_ConsultaComprobantes',59),(189,'2018_07_18_110411_CreateView_VencimientoImpuestos',60),(190,'2018_10_22_110400_TableCtaCteBancosDatos',61),(191,'2018_11_02_110400_AddColumnTableReceiptComprobanteAFIP',62),(192,'2018_11_04_110400_CreateTableClavesDetailsBackUp',62),(193,'2018_11_04_110401_CreateTableMailsDetailsBackUp',62),(194,'2018_11_04_110402_CreateTableCharlasDetailsBackUp',62),(195,'2018_11_04_110403_TriggerClaves',62),(196,'2018_11_04_110404_TriggerMails',62),(197,'2018_11_04_110405_TriggerCharla',62),(198,'2018_11_08_010400_modify_procedure_creacion_empresa_usuario',62),(199,'2018_11_10_110400_AddColumnTableChequesFoto',62),(200,'2018_11_19_110400_ModifyView_VencimientoImpuestos',62);
INSERT INTO `migrations` VALUES (201,'2018_11_23_110400_DeleteForeignKeyCtaCteCheques',62),(202,'2018_11_26_110400_AddColumnTableVto_categoria_imp',62),(203,'2018_11_26_110401_CreateSPMonotributistas',62),(204,'2018_11_28_110400_CreateTableCategoriasIIBB',62),(205,'2018_11_28_110401_UpdateTableVto_categoria_imp',62),(206,'2018_11_28_110402_CreateView_IIBBRegSimpl',62),(207,'2018_12_05_110400_CreateView_PDF_ConsultaComprobantes',62),(208,'2018_12_06_110400_Add_data_types_libros',62),(209,'2018_12_07_110400_ViewLiquidacionesIVALiquidador',62),(210,'2018_12_07_110401_View_liquidaciones_iibbLiquidador',62),(211,'2018_12_09_110400_AddColumnFileReceipts',62),(212,'2018_12_11_110400_InsertsModules_Contabilidad',62),(213,'2018_12_12_110400_TableBalanceLibro',62),(214,'2018_12_12_110401_TableBalanceLibroDetails',62),(215,'2018_12_12_110402_AddContaTipoDeAsientos',62),(216,'2018_12_13_110400_UpdateTableContaPlanCuenta',62),(217,'2018_12_26_110400_CreateSPAsientosContables',62),(218,'2019_01_01_110400_AddColumnContaPlanCuenta',62),(219,'2019_01_02_110400_InsertsModules_ContabilidadPlanCuenta',62),(220,'2019_01_02_110401_AddCuentasTableContaPlanCuenta',62),(221,'2019_01_02_110402_ModifyRubroContaPlanCuenta',62),(222,'2019_01_03_11040_ModifyVentasPlanCuenta',62),(223,'2019_01_03_11041_ModifyPlanCuentasNiveles',62),(224,'2019_01_04_110400_AddColumnContaPlanCuentaNoEditable',62),(225,'2019_01_04_110401_ModifyColumnBalanceLibro',62),(226,'2019_01_04_110402_ModifySPAsientosContables',62),(227,'2019_01_04_110403_ModifyPlanCuentasNiveles5',62),(228,'2019_01_04_110404_InsertsModules_ContabilidadReportes',62),(229,'2019_01_06_110400_ModifyTableCategoriasMonotributo',62),(230,'2019_01_06_110401_ModiyfyContaPlanCuentaNivel5',62),(231,'2019_01_06_110402_SPSumasYSaldos',62),(232,'2019_01_07_110400_ModifyView_CtaCteClientes',62),(233,'2019_01_08_110400_ModiyfyOtraVezContaPlanCuentaNivel5',62),(234,'2019_01_08_110401_ModifySPAsientosContablesV1',62),(235,'2019_01_08_110402_UpdateTableVtoVencimiento2019',62),(236,'2019_01_08_110403_UpdateTableCategoriasMonotributo',62),(237,'2019_01_08_1104043_UpdateTableCategoriasIIBB',62),(238,'2019_01_09_110400_AddColumnconta_tipo_asientosOrderBy',62),(239,'2019_01_09_110401_ModifySPAsientosContablesOrderBy',62),(240,'2019_01_09_110402_UpdateValores2019vto_categoria_imp',62),(241,'2019_01_09_135600_SPAsignacionPeriodosEntreFechas',62),(242,'2019_01_16_110400_ModifySPAsientosContablesV2',62),(243,'2019_01_17_110400_InsertsModules_ContabilidadLibros',62),(244,'2019_01_17_110401_Delete_data_types_libros',62),(245,'2019_01_18_110400_ModifySPAsientosContablesV3',62),(246,'2019_01_19_110400_ModifySPAsientosContablesMensuales',62),(247,'2019_01_20_110400_InsertsModules_Administracion',62),(248,'2019_01_21_110400_CreateTableDbAbuelas',62),(249,'2019_01_21_110400_SP_AsientoSueldoV1',62),(250,'2019_01_24_110400_ModifySPAsientosContablesMensualesV1',62),(251,'2019_01_24_110401_ModiyfyContaPlanCuentaNivelV1',62),(252,'2019_01_24_110402_Modify_CtaCteSaldosCajasV1',62),(253,'2019_02_08_110400_InsertsModules_Mails',62),(254,'2019_02_10_183012_create_jobs_table',62),(255,'2019_02_11_110400_AddColumnTdbAbuelasLocalidad',62),(256,'2019_02_11_110401_ModifyPlanCuentasNiveles6',62),(257,'2019_02_11_110401_SP_VtoImpuestosMail',62),(258,'2019_02_12_110400_UpdateValores2019vto_categoria_impV1',62),(259,'2019_02_12_110401_SP_VtoImpuestosMailV1',63),(260,'2019_02_12_110402_AddColumnTablePersonConfigurationEnviarMail',63),(261,'2019_02_15_011342_create_failed_jobs_table',63),(262,'2019_02_15_110400_AddHonorarioToTableVtoVencimiento',63),(263,'2019_02_17_110400_AddTypeUserOperador',63),(264,'2019_02_22_110400_CreateTableVto_person_impuestos_creados',63),(265,'2019_03_06_110400_UpdateTableCategoriasMonotributoV1',64),(266,'2018_09_17_115300_UpdateConDatosTablesFacturaElectronica',65),(267,'2018_09_21_110401_CreateView_CtaCteClientes',65),(268,'2018_09_27_154000_ModifyTablesFacturaElectronica',65),(269,'2019_01_12_090909_ModifyTablesFacturaElectronicaPuntoVenta',65);
INSERT INTO `migrations` VALUES (270,'2019_03_13_110400_CreateView_CtaCteClientesV2',66),(271,'2019_03_13_110401_AddColumnContaAsiento',67),(272,'2019_03_20_110400_UpdateValores2019vto_categoria_impAutonomosMarzo',68),(273,'2019_03_20_110400_UpdateValores2019vto_categoria_impAutonomosMarzoV1',69),(274,'2019_03_20_110401_CreateTablePruebaGratis',70),(275,'2019_03_27_110400_AddColumnTableBalanceLibro',71),(276,'2019_03_29_110400_SP_VtoImpuestosMailV2',72),(277,'2019_04_04_110400_ModifyPlanCuentasNiveles7',73),(278,'2019_04_09_110400_AddColumnPersonPlanCuentaId',74),(279,'2019_04_09_110401_AddColumnReceiptPlanCuentaId',74),(280,'2019_04_05_110400_AddColumnTableReceiptTypes',75),(281,'2019_04_14_110400_Insert_data_typesMisComprobantes',75),(282,'2019_04_28_110400_DeleteRegisterReportes',76),(283,'2019_04_30_110400_CorreccionTableVtoVencimiento2019',77),(284,'2019_04_22_110400_AddColumnAndUpdateCuenta_idInTablesImpuestos',78),(285,'2019_04_23_110400_AddRegisterTableSystemTaxes',78),(286,'2019_04_25_110400_AddColumnTableOtherTaxes',78),(287,'2019_05_02_110400_SPExportarComprobantes',78),(288,'2019_05_14_110400_AddRegisterReceiptTypes',79),(289,'2019_05_24_110400_UpdatePersons',80),(292,'2019_06_07_110400_AddColumnUser',81),(294,'2019_06_21_110400_TableActas',82),(295,'2019_06_27_110400_SPExportarComprobantes',83),(296,'2019_06_28_110400_AddRegisterTActas',84),(297,'2019_03_04_110400_UpdateSystemTaxesAfipAlicuota',85),(298,'2019_04_01_100000_ModificacionesFADetallesCondicionesVenta',85),(299,'2019_04_19_100000_TablasFacturaElectronicaMasiva',85),(300,'2019_06_27_110400_SPUpdateHonorario',86),(301,'2019_07_09_110400_AddColumnFacEleRecDetail',86),(302,'2019_07_10_110400_AddColumnPersonConfig',87),(303,'2019_07_11_110400_ModifySPproyecGanancias',87),(304,'2019_07_11_110401_ModifySPAsientoSueldo',87),(305,'2019_07_11_110402_ModifySPiibb_gasto',87),(306,'2019_07_11_110403_ModifySPRetenciones',87),(307,'2019_07_11_110404_ModifySPAnticipoGanancias',87),(308,'2019_07_11_110405_ModifySPIIBB_Gasto',88),(309,'2019_07_11_110406_SPLiquidacionesIVA',88),(310,'2019_07_11_110407_SPLiquidacionesIIBB',88),(311,'2019_07_11_110408_ModifySPMonotributistas',89),(312,'2019_07_11_110409_ModifySPIIBB_GastoV1',90),(313,'2019_07_11_110410_SPReceipts',91),(314,'2019_07_11_110411_SPReceiptsForExporTXT',92),(315,'2019_07_14_110400_TableFEUnidadMedida',93),(316,'2019_07_14_110401_TableCondicionFrenteIVA',93),(317,'2019_07_14_110402_AddColumnCondFrenteIVAFE',93),(318,'2019_07_15_110401_ModifySPMonotributistasV1',93),(319,'2019_07_215_110400_DeleteRegisterSystemTaxes',93),(320,'2019_07_18_110400_ModifySPIIBB_GastoV2',94),(321,'2019_07_18_110401_ModifySPLiquidacionesIIBB',94),(322,'2019_07_18_110403_ModifySPLiquidacionesIVA',94),(323,'2019_07_23_110400_AddColumnFEMasivaDetalle',95),(324,'2019_07_29_110400_AddColumnReceiptType_FE',96),(325,'2019_08_05_110400_DeleteForeingKeyTableReceiptFactElec',97),(327,'2019_08_07_110400_UpdateValores2019vto_categoria_impAutonomosJunio',98),(328,'2019_08_07_110401_InsertsModules_Configuracion',99),(329,'2019_08_11_110401_InsertsModules_CerrarPeriodosContabilidad',100),(330,'2019_08_20_110400_AddColumnFEPuntoVenta',101),(331,'2019_08_20_110401_AddModuleFEConfiguracion',101),(332,'2019_08_23_110400_DeleteCuentaPlanCuenta',102),(333,'2019_08_28_110400_ModifyActasModelos',103),(334,'2019_09_26_110400_ModifyView_IIBBRegSimpl',104),(335,'2019_10_01_110400_UpdateTableCategoriasIIBBV2',105),(336,'2019_10_01_110401_UpdateValores2019vto_categoria_impAutonomosSeptiembre',106),(337,'2019_09_17_110400_TableCtaCteClientes',107),(338,'2019_09_17_110401_AddModuleCtaCteCliente',107),(339,'2019_09_19_110400_SPCtaCteCliente',107),(340,'2019_09_22_110400_AddColumnBalanceLibroCtaCteCliente',107),(341,'2019_09_23_110400_ModifySPAsientosContablesV2',107),(342,'2019_09_24_110400_TableCtaCtePivotReceipt',107),(343,'2019_09_25_110400_ModifyCuentasContablesRetenciones',107),(344,'2019_09_2_110401_AddRegisterContaTipoAsientos',107);
INSERT INTO `migrations` VALUES (345,'2019_10_04_110398_AddColumnPlanCuenta',108),(346,'2019_10_04_110399_DeleteColumnBalanceLibro',108),(347,'2019_10_04_110400_TableCtaCteTesoreriaCuentas',108),(348,'2019_10_04_110401_TableCtaCteTesoreriaCtaCte',108),(349,'2019_10_04_110402_AddColumnBalanceLibroCtaCteTesoreria',108),(350,'2019_10_04_110404_ModifyTableCtaCteCheques',108),(351,'2019_10_05_110404_ModifyTableCtaCteCcliente',108),(352,'2019_10_06_110400_AddModuleTesoreria',108),(353,'2019_10_09_110400_SPCtaCteClienteUpdate',108),(354,'2019_10_16_11040_AddRegisterContaTipoAsientos22',108),(355,'2019_10_24_110400_AddModuleNoFiscal',109),(356,'2019_10_24_110401_TablesNoFiscal',109),(357,'2019_10_30_110400_ModifySPAsientosContablesV3',109),(358,'2019_29_10_110400_ModifyTablesNFRelashionship',109),(359,'2019_11_03_110400_AddFacturaElectronicaPyme',110),(360,'2019_11_08_110400_TablesGanancias',111),(361,'2019_11_08_110401_AddModuleGanancias',111),(362,'2019_11_18_110400_AddModuleBienesPersonales',112),(363,'2019_11_18_110400_TablesBienesPersonales',112),(364,'2019_11_20_110400_UpdateDataTypeLibroIvaDigital',113),(365,'2019_11_21_110400_AddColumnPersonConfFELeyenda',114),(366,'2019_11_24_110400_TablesAsientosModelos',115),(367,'2019_11_27_110400_TablesObligacionesAnuales',116),(368,'2019_11_27_110401_AddModuleObligacionesAnuales',116),(369,'2019_12_06_110400_UpdateDataTypeAFIP',117),(370,'2019_12_06_110401_AddModuleControlAfip',118),(371,'2019_12_06_110402_TableControlCuitsAfip',118),(372,'2019_12_08_110400_AddColumnJobs',118),(373,'2019_12_09_110401_TablesRecibos',119),(374,'2019_12_09_11040_AddModuleRecibo_Presupuesto',119),(375,'2019_12_14_110400_DeleteTableFE',120),(376,'2019_12_16_110400_TablesDeudasImpositivas',121),(377,'2019_12_16_110401_AddModuleDeudasImpositivas',121),(378,'2019_12_18_110400_AddUserFirma',121),(379,'2019_12_23_110400_TablesPresupuestos',122),(380,'2019_12_24_110400_UpdateTableBalanceAddUser',123),(381,'2020_01_07_110400_ModifyForeingConstrainBalanceLibro',124),(382,'2020_01_08_110400_AddIIBBCordoba',125),(383,'2020_01_09_110399_AddIIBBCordobaRegSimp',126),(384,'2020_01_09_110400_UpdateTableVtoVencimiento2020',126),(385,'2020_01_09_110401_UpdateTableCategoriasMonotributo2020',126),(386,'2020_01_09_110402_UpdateTableCategoriasIIBB2020',126),(387,'2020_01_09_110403_UpdateValores2020vto_categoria_imp',126),(388,'2020_01_09_110404_UpdateVencimientosPerson2020',126),(389,'2020_01_12_110400_ModifySPMonotributistasV2',127),(390,'2020_01_13_110400_AddSoftDeletePeriodLiquidations',128),(391,'2020_01_14_110400_SPExportarComprobantesV2',129),(392,'2020_01_14_110401_ModifySPRetencionesV1',129),(393,'2020_01_14_110402_ModifySPAnticipoGananciasV1',129),(394,'2020_01_16_110400_ModifySPMonotributistasV3',130),(395,'2020_01_16_110401_UpdateValores2020vto_categoria_impV1',131),(396,'2020_01_16_110402_UpdateVencimientosPerson2020V1',131),(397,'2020_01_15_110400_TableTUser_Persons',132),(398,'2020_01_15_110401_TablesNotificaciones',132),(399,'2020_01_27_110400_AddReceiptTypeCierreZ',133),(400,'2020_01_28_110400_TablesGananciasV1',134),(401,'2020_01_28_110401_TablesGanancias2020',135),(402,'2020_01_30_110400_DeleteRegisterNoFicalContabilidad',136),(403,'2020_01_30_110400_ModifySPAsientosContablesMensualesV2',137),(404,'2020_01_30_110401_ModifySPAsientosContablesV4',138),(405,'2020_01_30_110402_DeleteSPAsientosContablesMensuales',139),(406,'2020_01_31_110400_AddUserIdVariasTables',140),(407,'2020_01_29_110400_AddColumnCtasTesoreriaContaAsientos',141),(408,'2020_02_06_110400_View_CtaCteClientesV3',141),(409,'2020_02_06_110401_AddCuentasMiasTesoreria',141),(410,'2020_02_07_110400_AddColumnPersonConfigLiqEsp',142),(411,'2020_02_08_110400_AddColumnPersonConfigLiqEspV1',143),(412,'2020_02_08_110401_AddColumnCtaCteCuentasTesoreriaCtaCteGastos',144),(413,'2020_02_09_110400_DeleteColumnPlanCuenta',145),(414,'2020_02_10_110400_ModifySPAsientoSueldo2020',146),(415,'2020_02_11_110400_ModifyView_CtaCteChequesV1',147),(416,'2020_02_13_110400_SPSumasYSaldosV1',148);
INSERT INTO `migrations` VALUES (417,'2020_02_13_110401_AddSoftDeleteCtaCteCheques',149),(418,'2020_02_19_110400_AddReceiptTypeCompraBsUsados',150),(419,'2020_02_19_110401_AddColumnTusersTypesUsers',151),(420,'2020_02_19_110402_DeleteSPNoUsoMas',152),(421,'2020_02_20_110400_AddColumnReceiptToFacEleReceitp',153),(422,'2020_02_25_110400_DeleteSPNoUsoMasV2',154),(423,'2020_02_26_110400_AddMonotributoSocial',155),(424,'2020_02_26_110401_UpdateReceiptTypeLetra',155),(425,'2020_02_27_110400_UpdateGananciasArt90',156),(426,'2020_02_28_110400_TableAjPorInflacionIndices',157),(427,'2020_03_02_110400_AddColumnPersonConfigCtaCteTesCuenta',158),(428,'2020_03_08_110400_AddModuleVentanillaElect',159),(429,'2020_03_08_110400_TablesVentanillaElec',160),(430,'2020_03_20_110400_UpdateReceiptTiquetZ',161),(431,'2020_04_16_110400_UpdateSystemTaxes',162),(432,'2020_05_18_110400_View_PdfConsultaComprobantes',163),(433,'2020_05_24_110400_TablesRemitos',164),(434,'2020_05_27_110400_AddImpuestoSegHigiene',165),(435,'2019_08_12_110400_AddColumnsTModules',166),(436,'2019_08_13_110399_InsertsModulesSueldo',167),(437,'2019_08_13_110400_TableSueldosSyJTipoEmpleador',167),(438,'2019_08_13_110401_TableSueldosSyJAlicuotaAporteContribucion',167),(439,'2019_08_13_110402_TableSueldosSyJActividad',167),(440,'2019_08_13_110403_TableSueldosSyJObraSocial',167),(441,'2019_08_13_110404_TableSueldosSyJZonaGeografica',167),(442,'2019_08_13_110405_TableSueldosSyJTituloLey20744',167),(443,'2019_08_13_110406_TablePais',167),(444,'2019_08_13_110407_TableLocalidad',167),(445,'2019_08_13_110408_TableCalle',167),(446,'2019_08_13_110408_TableSueldosSyJEmpAfecta',167),(447,'2019_08_13_110409_TableSueldosSyJTipoLiquidacion',167),(448,'2019_08_13_110412_TableSueldosSyJEmpAlcance',167),(449,'2019_08_13_110413_TableSexo',167),(450,'2019_08_13_110414_TableNacionalidad',167),(451,'2019_08_13_110415_TableEstadoCivil',167),(452,'2019_08_13_110416_TableTipoDocumento',167),(453,'2019_08_13_110417_TableSyJEmpEstado',167),(454,'2019_08_13_110418_TableSyJObraSocPlanes',167),(455,'2019_08_13_110419_TableSyJFormaPago',167),(456,'2019_08_13_110421_TableSyJEmpSituacionRevista',167),(457,'2019_08_13_110422_TableSyJEmpCondicion',167),(458,'2019_08_13_110423_TableSyJEmpModalidadContratacion',167),(459,'2019_08_13_110424_TableSyJEmpCodSiniestro',167),(460,'2019_08_13_110425_TableSyJRegimen',167),(461,'2019_08_13_110426_TableSyJEmpParentesco',167),(462,'2019_08_13_110427_TableSyJConfig',167),(463,'2019_08_13_110428_TableSyJDomiclioExplotacion',167),(464,'2020_03_17_110399_TableSeccionesCargoCCosto',167),(465,'2020_03_17_110400_TableConvenios',167),(466,'2020_03_17_110401_TableReferencias',167),(467,'2020_03_17_110402_SYJFunciones',167),(468,'2020_03_17_110402_TableAntesConceptos',167),(469,'2020_03_17_110402_TableConceptos',167),(470,'2020_03_17_110402_TablePivotConceptoCategoria',167),(471,'2020_03_17_110402_TablePivotConceptoTipoLiquidaciones',167),(472,'2020_03_17_110410_TableEmpleados',167),(473,'2020_03_17_110411_TablePivotEmpleadoConcepto',167),(474,'2020_03_19_110400_SYJPeriods',167),(475,'2020_03_19_110401_SYJLiquidaciones',167),(476,'2020_03_29_110400_SYJLiquidacionEmpleado',167),(477,'2020_04_03_110400_TablePivotConceptoCantidadValor',167),(478,'2020_04_07_110400_TablePivotConceptoEscala',167),(479,'2020_04_19_110400_AddColumnConceptosFiltrosAsoc',167),(480,'2020_04_19_110401_TableSyJEmpleadoFamiliar',167),(481,'2020_04_19_110402_TableSyJEmpleadoVacaciones',167),(482,'2020_04_26_110400_TableSyJReportes',167),(483,'2020_04_26_110401_TableSyJTablasdelSistema',167),(484,'2020_04_27_110400_AddColumnEmpleados',167),(485,'2020_04_27_110401_AddColumnCodigosAfip',167),(486,'2020_04_28_110399_TableSICOSSFormatValor',167),(487,'2020_04_28_110400_TableSICOSS',167),(488,'2020_04_28_110401_TablePivotConvenioFormatoSicoss',167),(489,'2020_04_28_110402_AddColumnPivotFormatoSicossConv',167),(490,'2020_04_29_110400_AddColumnFormatoSicossDetalleV1',167),(491,'2020_04_29_110401_AddColumnFormatoSicossDetalle',167);
INSERT INTO `migrations` VALUES (492,'2020_04_30_110400_AddColumnDomicilios',167),(493,'2020_05_02_110400_AddColumnControlaTopes',167),(494,'2020_05_05_110400_TableSindicatos',167),(495,'2020_05_07_110400_SYJPeriodsAddColumn',167),(496,'2020_05_07_110401_AddColumnBalanceLibroSueldos',167),(497,'2020_05_10_110400_AddColumnTablasFunciones',167),(498,'2020_05_11_110400_AddColumnTablaMasterEmpDomestica',167),(499,'2020_05_19_110400_TablePivotEmpleadoExcluirConcepto',167),(500,'2020_05_22_110400_InsertsModulesBlog',167),(501,'2020_05_22_110400_SYJPeriodsEmpDomestica',167),(502,'2020_05_25_110399_AddImpuestoSegHigiene',167),(503,'2020_05_25_110400_AddColumnVtoImpuestos',167),(504,'2020_05_26_110400_AddColumnSyJLiquidaciones',167),(505,'2020_05_26_110402_AddColumnSyJFormatoSicossDetalle',167),(506,'2020_12_31_110400_CopyDatoFromDBTaxes',167),(507,'2020_05_31_110400_InsertsModulesConfigUser',168),(508,'2020_06_03_110400_UpdateVtoImpuestos',169),(509,'2020_06_07_110400_InsertsModulesConfigAltaAbuela',170),(510,'2020_06_09_110400_AlterTableSyJConfig',170),(511,'2020_06_09_110400_InsertTablaReferencia',170),(512,'2020_06_11_000000_create_blogs_table',170),(513,'2020_06_14_110400_TableContactos',170),(514,'2020_06_14_110400_TablePlanesSuscripcion',170),(515,'2020_06_14_110401_TablePlanesSuscripcionV1',170),(516,'2020_06_19_110400_TableAjPorInflacionIndicesV1',170),(517,'2020_06_22_110400_AddColumnUsers',170),(518,'2020_06_22_110401_TableUserCtaCte',170),(519,'2020_07_06_110400_AddReceiptTypeCuentaVenta',171),(520,'2020_07_07_110400_AddImpuestoIIBBCorrientes',172),(521,'2020_07_07_110400_InsertConceptoReferencia',173),(522,'2020_06_25_110400_TableSyJG4OtrosEmpleos',174),(523,'2020_06_25_110401_TableSyJG4Deducciones',174),(524,'2020_06_25_110402_TableSyJG4DeducPersonales',174),(525,'2020_06_25_110403_TableSyJG4Art90',174),(526,'2020_07_02_110400_InsertsGravImpGcias',174),(527,'2020_07_02_110401_TableSyJG4Detail',174),(528,'2020_07_04_110402_AddColumnSyJG4TipoDeducPers',174),(529,'2020_07_05_110401_TableSyJG4F1357',174),(530,'2020_07_09_110400_AddColumnDeducGenerales',174),(531,'2020_07_10_110400_AddColumnDBAbuela',175),(532,'2020_07_12_110400_UpdateTableTesoreriaCtas',176),(533,'2020_07_13_110400_AddImpuestoIIBBSantaFe',177),(534,'2020_07_14_110400_TablesLPG',178),(535,'2020_07_17_110400_AddColumnReceiptTypeLPG',178),(536,'2020_07_17_110401_AddColumnReceiptLPG',178),(537,'2020_07_19_110400_AddRegisterUserPersonDbAbuela',179),(538,'2020_07_20_110400_UpdateBsPersonales',179),(539,'2020_07_25_110400_AddReceiptTypeTiquet',180),(540,'2020_07_25_1104041_AddReceiptTypeColumnShowFromTotal',181),(541,'2020_07_31_110400_TablesAfipServicios',182),(542,'2020_08_06_110400_UpdateAutonomos',183),(543,'2020_08_06_1104001_UpdateImpuestosSegunTablas',184),(544,'2020_08_08_110400_UpdateConveniosEmpAfecta',185),(545,'2020_08_12_110400_TablesDebitosAutomaticos',186),(546,'2020_08_18_110400_AddReceiptTypeSectorPecuario',187),(547,'2020_08_19_110400_UpdateSectorPecuario',188),(548,'2020_08_24_110401_UpdateReceiptsCredit',189),(549,'2020_08_26_110400_AddOperaciones',190),(550,'2020_08_27_110400_UpdateFuncionesCantidad',191),(551,'2020_08_29_110400_TableSyJRecibosModelo',192),(552,'2020_08_30_110400_UpdateReciboModelo',193),(553,'2020_08_31_110400_UpdateOperacionesImporte',194),(554,'2020_09_05_110400_AddRecibosModelo',195),(555,'2020_08_23_110400_AddColumnReceiptIVAApertura',196),(556,'2020_08_24_110400_AddColumnLiqIvaDetail',196),(557,'2020_08_24_110401_TablesIVAAgrupacion',196),(558,'2020_08_25_110400_AddColumnIVACreditosTipos',196),(559,'2020_08_27_110400_TableFaq',196),(560,'2020_08_30_110401_UpdatePeriodLiquidationDetail',196),(561,'2020_09_01_110400_AddActivities',196),(562,'2020_09_01_110401_TableZoneActivities',196),(563,'2020_09_01_110402_AddColumnPeriodLiqDetail',196),(564,'2020_09_01_110403_TablePeriodLiquidationIIBB',196),(565,'2020_09_06_110400_AddColumnPersonActivities',196),(566,'2020_09_06_110401_AddColumnFAMasivaActivity',196);
INSERT INTO `migrations` VALUES (567,'2020_09_09_110400_UpdateRetenciones',196),(568,'2020_09_18_110402_AddSyJReciboModelo',197),(569,'2020_09_23_110400_AddColumnUserCtaCte',198),(570,'2020_09_24_110400_AddImpuestoIIBBEntreRios',198),(571,'2020_09_25_110400_AddColumnUserCtaCteIngEgr',199),(572,'2020_09_25_110400_AddImpuestoProfesionalesLiberalesEntreRios',200),(573,'2020_09_26_110400_AlterColumnFactElecReceipt',201),(574,'2020_09_27_110400_AddColumnMonth',202),(575,'2020_09_28_110400_AddColumnSyJConfig',203),(576,'2020_10_04_110400_CorrecionPersons',204),(577,'2020_10_05_110403_TableCursos',205),(578,'2020_10_05_110403_TableCursosDetail',205),(579,'2020_10_14_110400_AddReceiptTypeSectorPecuario2',206),(580,'2020_10_15_110401_UpdateReceiptsCredit2',207),(581,'2020_10_15_110400_AddFuncionesDeValor',208),(582,'2020_10_27_110400_AddColumnConceptos',209),(583,'2020_10_27_110401_AddFuncionesDeCantidad1',209),(584,'2020_10_27_110401_AddFuncionesDeImporte1',209),(585,'2020_10_27_110401_AddFuncionesDeValor1',209),(586,'2020_10_23_110400_InsertsModulesContConfig',210),(587,'2020_11_02_110400_InsertTablaReferencia1',211),(588,'2020_11_03_110400_TableUsersPersonsBlock',212),(589,'2020_11_04_110400_ViewLiquidacionesIVA',213),(590,'2020_11_05_110400_AddReceiptType1',214),(591,'2020_11_11_110400_AddImpuestoIIBBRioNegro',215),(592,'2020_11_13_110400_AddColumnPersonConfigProIVA',215),(593,'2020_11_13_110400_AddImpuestoIIBBNeuquen',215),(594,'2020_11_19_110400_UpdateReceiptsType',216),(595,'2020_11_20_110400_AddIndicesAxI',217),(596,'2020_10_19_110400_TableSyJConceptosAfip',218),(597,'2020_10_19_110401_AddColumnSyJConceptos',218),(598,'2020_10_20_110400_TableSyJLsdImpConc',218),(599,'2020_10_20_110401_AddFuncionesFormatoSicoss',218),(600,'2020_10_20_110401_TableSyjLsdReg',218),(601,'2020_10_20_110402_AddFormatoSicoss',218),(602,'2020_11_24_110400_AddColumnSyJFromatoSICOSS',218),(603,'2020_11_26_110400_ModifyConceptosAFIP',219),(604,'2020_11_28_110400_AddColumnCtaCteCliente',220),(605,'2020_12_02_110400_TableUsersLogged',221),(606,'2020_12_04_110400_AddImpuestoIIBBCorrientes2',222),(607,'2020_12_04_110400_AddImpuestoManifestacionDeGanado',222),(608,'2020_12_03_110399_UpdateTarjetaTaxes',223),(609,'2020_12_03_110400_TableTarjetaTXT',223),(610,'2020_12_07_110400_AddColumnSyjLiqEmpleado',224),(611,'2020_12_22_110400_UpdateArt90',225),(612,'2020_01_04_110401_UpdateTableCategoriasIIBB2021',226),(613,'2021_01_03_110400_UpdateTableVtoVencimiento2021',226),(614,'2021_01_04_110400_UpdateAutonomos2021',226),(615,'2021_01_04_110402_UpdateVencimientosPerson2021',226),(616,'2021_01_06_110400_ModifyIvaCredFiscal',227),(617,'2021_01_08_110400_CheckPeriods2021',228),(618,'2021_01_14_110400_TableSyJG4Art902021',229),(619,'2021_01_14_110401_TableSyJG4Deducciones2021',229),(620,'2021_01_14_110402_TableSyJG4DeducPersonales2021',229),(621,'2021_01_14_110403_TablesGanancias2021',229),(622,'2020_07_13_110401_AddImpuestoDREISantaFe',230),(623,'2021_01_28_110400_AddImpuestoUTEDYC',231),(624,'2021_02_01_110400_ModifyNameTableReferencia',232),(625,'2021_02_02_110400_AddColumnMaterialCurso',233),(626,'2021_02_03_110400_ChangeCampoAsientoModelo',233),(627,'2021_02_04_110400_UpdateTopesJubilatorios',234),(628,'2021_02_04_110401_AddTablaReferencia',235),(629,'2021_02_8_110400_AddImpuestoSIRADIG',236),(630,'2021_02_9_110400_AddImpuestoIIBBSantaFeRegSimplificado',237),(631,'2021_02_10_110400_AddColumnDelSistema',238),(632,'2021_02_11_110400_AddColumnLiqIVA',239),(633,'2021_02_11_110401_AddColumnLiqITCPersonConfig',239),(634,'2021_02_16_110400_AddColumnIsZonaPatagonica',240),(635,'2021_02_16_110401_AddColumnFactElecTotal',241),(636,'2021_02_17_110400_SPSumasYSaldosV2',242),(637,'2021_02_17_110401_AddContaPlanCuentaITC',242),(638,'2021_02_21_110400_ModuloConvenioMultilateral',242),(639,'2021_02_21_110401_AddColumnZoneCodCM',242),(640,'2021_02_23_110400_TableSolicitantesCertificado',242),(641,'2021_02_23_110401_AddColumnsCursos',242),(642,'2021_02_25_110400_UpdateTableVtoVencimiento2021',243);
INSERT INTO `migrations` VALUES (643,'2021_03_03_110400_AddReceiptType2',244),(644,'2021_03_02_110400_TablePathOfFile',245),(645,'2021_03_04_110400_AddColumnPeriodLiquidationIIBB',246),(646,'2021_03_05_110400_AddPathOfFileName',247),(647,'2021_03_15_110400_AddColumnPeriodLiquidationIVA',248),(648,'2021_03_15_110401_AddColumnFEReceiptCompAsoc',249),(649,'2021_03_17_110400_ChangeFEReceiptCAENull',250),(650,'2021_03_23_110400_ModifyReceiptTypeOtrosCompr',251),(651,'2021_03_26_110400_UpdateAutonomos2021Abril',252),(652,'2021_03_30_110400_UpdateTopesJubilatorios',252),(653,'2021_03_24_110400_TDAbuelaHost',253),(654,'2021_03_30_110400_UpdateTopesJubilatoriosMar2021',253),(655,'2021_04_06_110400_AddContaPlanCuenta',254),(656,'2021_03_19_110400_TableTdbAbuelasEstados',255),(657,'2021_03_19_110401_AddColumnTdbAbuelasEstado',255),(658,'2021_03_19_110402_TableTdbAbuelasCharlas',255),(659,'2021_04_09_110400_UpdateEstadosAbuelas',255),(660,'2021_04_14_110400_AddColumnFEReceiptOp',255),(661,'2021_04_14_110400_AddColumnEstadoId',256),(662,'2021_04_15_110400_UpdateEstadosAbuelasRollBack',256),(663,'2021_04_16_110400_UpdateEstadosAbuelasV1',256),(664,'2021_04_16_110401_UpdateEstadosAbuelasRollBackV1',256),(665,'2021_04_16_110402_UpdateEstadosAbuelasV2',256),(666,'2021_04_21_110400_TableQueueProcesos',256),(667,'2021_04_23_110400_TableReporteSUSS',257),(668,'2021_04_23_110400_UpdateEstadosAbuelasV3',257),(669,'2021_04_27_110400_AddFieldEscracharTdbabuela',258),(670,'2021_04_27_110400_UpdateArba2021',258),(671,'2021_04_30_110400_ModifyIvaCredFiscalV1',259),(672,'2021_05_14_110400_AddSyJReciboModeloV2',260),(673,'2021_05_27_110400_UpdateEstadosAbuelasV4',261),(674,'2021_06_03_110400_UpdateEstadosAbuelasV5',261),(675,'2021_06_04_110401_UpdateMonotributos2021',261),(676,'2021_02_25_110400_UpdateTableVtoVencimiento2021V1',262),(677,'2021_05_17_110400_TableUsersEmpleados',262),(678,'2021_05_25_110400_TablesPortalEmpleados',262),(679,'2021_05_25_110401_TablesTaxesServicios',262),(680,'2021_05_25_110402_TablesEmpleadosFiles',262),(681,'2021_05_27_110400_AddColumnImagenUser',262),(682,'2021_05_29_110400_AddColumnTablesPortalEmpleados',262),(683,'2021_06_02_110400_AddColumnLiqEmpFirmado',262),(684,'2021_06_02_110401_AddColumnLiqEmpFirmadoFecha',262),(685,'2021_06_06_110401_TablesEmpleadosFilesMasivos',262),(686,'2021_06_06_11040_AddColumnEmpFile',262),(687,'2021_06_10_110401_UpdateConceptosAFIP',263),(688,'2021_06_15_110400_TablesBienesPersonalesV2021',264),(689,'2021_06_14_110400_TablePLSubdomain',265),(690,'2021_06_16_11040_AddRegistroPathOfFileName',265),(691,'2021_06_28_110400_UpdateTopesJubilatoriosJun2021',266),(692,'2021_06_30_110400_UpdatePerAlicuotas',267),(693,'2021_07_06_11040_AddColumnMetodoPago',268),(694,'2021_07_7_11040_AddRegistroPathOfFileNameV1',268),(695,'2021_07_08_110400_UpdateAutonomos2021Julio',269),(696,'2021_07_09_110400_AddColumnPathFileName',270),(697,'2021_07_11_110400_TablesAuxiliar',271),(698,'2021_07_18_110400_AddColumnPeriodLiquidation',272),(699,'2021_07_22_110400_AddColumnPeriodLiquidationAuxiliarId',273),(700,'2021_07_22_110401_AddColumnActividadCodigoCM',274),(701,'2021_07_22_110402_TablesCMArticulosRegimenes',274),(702,'2021_07_26_110400_AddImpuestoIIBBLaRioja',275),(703,'2021_07_22_110403_AddColumnPersonActivitiesCMID',276),(704,'2021_07_27_110400_AddColumnLiquidacionIIBB',276),(705,'2021_07_29_110400_AddColumnCMArticuloRegimen',277),(706,'2021_07_29_110401_UpdateMonotributos2021V2',278),(707,'2021_07_17_110400_ModuloPermisos',279),(708,'2021_08_08_11040_AddColumnReceiptHasta',279),(709,'2021_08_10_110400_FechasEnContabilidad',280),(710,'2021_08_14_11040_AddColumnFormatoSicoss',281),(711,'2021_08_18_110400_AddRegistroSyjActividad',282),(712,'2021_08_20_11040_AddColumnDeletedAtConceptoPivot',283),(713,'2020_07_01_110400_AddColumnDeletedAtConceptoPivot',284),(714,'2021_08_23_11040_AddColumnPersonsIVACreditoTipo',284),(715,'2021_09_08_11040_UpdateSituacionRevista',285),(716,'2021_09_09_11040_UpdateEmpleadoCondicion',285);
INSERT INTO `migrations` VALUES (717,'2021_09_09_11040_UpdateModalidadContratacion',285),(718,'2021_09_14_11040_UpdateEstadoCompsM',285),(719,'2021_09_16_110400_UpdateTopesJubilatoriosSept2021',285),(720,'2021_09_16_110400_TablesTaxesAdminNotif',286),(721,'2021_09_21_110400_UpdateModContratacion',286),(722,'2021_09_24_110400_AddColumnEmpleadoCBU',287),(723,'2021_09_24_110401_AddColumnEmpleadoDiasPropTope',287),(724,'2021_09_24_110402_AddRegistroFuncionesSicoss20210924',288),(725,'2021_09_26_110400_TablesConsultasAux',289),(726,'2021_10_18_110400_TablesEmpleadosEventuales',290),(727,'2021_10_18_110401_AddRegistrosLSDReg5',290),(728,'2021_10_18_110402_AddRegistroFuncionesSicoss',290),(729,'2021_10_18_110403_AddConvenioEventual',290),(730,'2021_10_18_110404_ModifyConvenioEventual',291),(731,'2021_10_31_110400_TablesPeriodLiquidationFiles',292),(732,'2021_09_24_110400_TableTaxesAdmTours',293),(733,'2021_12_03_110400_UpdateModContratacionV1',293),(734,'2021_12_09_110400_UpdateTopesJubilatoriosDic2021',293),(735,'2021_12_13_110400_UpdateAutonomosSept2021',294),(736,'2021_12_14_110400_AddColumnSyJReportes',295),(737,'2021_12_21_110400_AddFuncionesDeValorV2',296),(738,'2021_12_21_110400_AddTablaReferenciaV1',296),(739,'2021_12_29_110401_UpdateMonotributos2022',297),(740,'2022_01_05_110400_UpdateAutonomosDic2021',297),(741,'2022_01_05_110400_UpdateTableVtoVencimientoMonyAut2022',297),(742,'2021_01_11_110404_UpdateTableVtoVencimiento2022V1',298),(743,'2022_01_11_110400_TableSyJG4Art902022',298),(744,'2022_01_11_110401_TableSyJG4DeduccionesGrales2022',298),(745,'2022_01_11_110402_TableSyJG4DeducPersonales2022',298),(746,'2022_01_11_110403_TablesGanancias2022',298),(747,'2022_02_01_110400_UpdateVencimientosPerson2022',299),(748,'2022_01_17_110400_TablesInventarios',300),(749,'2022_01_24_110400_TableInvProductReceipt',300),(750,'2022_01_26_110400_AddTaxesServicios',300),(751,'2022_01_26_110401_TablesGestionDeEmpresa',300),(752,'2022_02_01_110400_TablesQuerys',300),(753,'2022_02_06_110400_UpdateGananciasArt902022V1',301),(754,'2022_02_10_110400_AddColumnZoneCodigoAfip',302),(755,'2022_02_10_110400_UpdateTableVtoVencimiento2022V2',303),(756,'2022_02_11_110400_AddImpuestoIIBBSantaCruz',304),(757,'2022_02_12_110400_AddSyJOperacionesImporte',305),(758,'2022_02_15_110400_AddFieldEstadoOrden',305),(759,'2022_02_15_110400_AddReceiptTypeT',305),(760,'2022_02_15_110401_AddColumnQueryPersonID',306),(761,'2022_02_15_110402_TablesFEMasivaStock',306),(762,'2022_03_04_110400_AddFieldProximoContactoAbuela',307),(763,'2022_03_06_110400_AddFieldProductoCombo',307),(764,'2022_03_15_110400_AddRegisterQueePortalIVA',308),(765,'2022_03_17_110400_TablesCondicionFrenteIVA',309),(766,'2022_03_17_110401_AddRegisterIVAAgrupacionMonos',309),(767,'2022_03_21_110400_AddModuleMercadoLibre',310),(768,'2022_03_21_110401_TableMercadoLibre',310),(769,'2022_03_30_110400_AddFuncionesDeValorV3',310),(770,'2022_03_31_110400_UpdateTopesJubilatoriosMarzo2022',311),(771,'2022_02_09_110400_TablesSicore',312),(772,'2022_02_09_110401_AddModuleSicore',312),(773,'2022_04_07_110400_AddImpuestoIIBBMendoza',312),(774,'2022_04_07_110401_UpdateImpuestoIIBBCorrientes',312),(775,'2022_04_12_110400_AddFieldPruebaGratisCursoId',312),(776,'2022_04_22_110400_AddFAMasivaDetalleGravaIIBB',313),(777,'2022_04_25_110400_UpdateTableAjPorInflacionIndices',314),(778,'2022_04_02_110400_AddModuleOrdenDeTrabajo',315),(779,'2022_04_02_110401_TablesOrdenesDeTrabajo',315),(780,'2022_04_13_110400_AddFieldInvProductReceipt',315),(781,'2022_04_18_110400_TablesOrdenesDeTrabajoFacturadas',315),(782,'2022_04_22_110400_TablesContaCentroDeCostos',315),(783,'2022_04_22_110401_AddFieldReceiptCentroCosto',315),(784,'2022_04_26_110400_AddFieldBalanceLibroInvOrdenId',315),(785,'2022_04_26_110400_TablesOrdenesTrabajoCC',315),(786,'2022_04_29_110400_AddFieldPuntoVentaFEHabilitado',316),(787,'2022_05_02_110400_AddModuleTicket',317),(788,'2022_05_02_110400_TablesTickets',317),(789,'2022_05_06_110400_AddFieldTicketsCaeVencimiento',318);
INSERT INTO `migrations` VALUES (790,'2022_05_07_110400_UpdateAutonomosMarzo2022',318),(791,'2022_04_24_110400_AddFieldSKU',319),(792,'2022_05_06_110401_AddFieldGestionDeEmpresa',319),(793,'2022_05_07_110400_TablesTaxesServiciosDetails',319),(794,'2022_05_08_110400_RemoveTablesGestionEmpresa',319),(795,'2022_05_09_110400_AddFieldInvOrdenTrabajoConfigCc',320),(796,'2022_05_09_110401_AddFieldOrdenDeTrabajoStatus',320),(797,'2022_05_09_110402_MLSetFacturacion',321),(798,'2022_05_11_110400_TableMLOrdersFacturada',321),(799,'2022_05_11_110401_CorreccionCondicionFrenteAlIva',322),(800,'2022_05_12_110400_AddFieldInvRegistradoraUsaProductos',323),(801,'2022_05_13_110400_AddFieldTicketDetailPolimorfica',323),(802,'2022_05_15_110400_AddFieldInvProductReceiptPolimorfica',323),(803,'2022_05_17_110400_TablesBienesPersonalesV2022',324),(804,'2022_05_16_110400_TableInvIndicadores',325),(805,'2022_05_18_110400_AddIdFacturaEnviada',325),(806,'2022_05_19_110400_AddFieldInvIndicadoresOrder',326),(807,'2022_05_22_110400_TablesTaxesSubDomain',327),(808,'2022_05_24_110400_UpdateTopesJubilatoriosJunio2022',327),(809,'2022_05_30_110400_AddFieldSyJEmpleadosLiqEnCero',328),(810,'2022_05_28_110400_TableMLItemProducto',329),(811,'2022_06_06_110400_TableSyJUsarloComo',329),(812,'2022_06_06_110400_UpdateGananciasArt902022V2',330),(813,'2022_06_08_110400_AddTablaReferenciaV2',331),(814,'2022_06_08_110401_AddFieldTaxesServiciosDiasDePrueba',331),(815,'2022_06_08_110402_AddFieldContactanos',331),(816,'2022_06_12_110400_TableMonedas',331),(817,'2022_06_12_110401_TablesTaxesCotizaciones',331),(818,'2022_06_16_110401_UpdateTablesGanancias2021',332),(819,'2022_06_15_110400_AddModuleDocumentosComerciales',333),(820,'2022_06_15_110401_TablesDocumentosComerciales',333),(821,'2022_06_21_110400_AddFieldReceiptsDcOrdenId',333),(822,'2022_06_24_110400_UpdateOS3900',333),(823,'2022_06_24_110401_TablesNoFiscalInvoice',333),(824,'2022_07_01_110400_AddFieldCtaCteClientePivotReceiptImporte',334),(825,'2022_07_06_110401_UpdateFacturacionMonotributos072022',335),(826,'2022_07_07_110400_AddEmpresasToTaxesServiciosDetails',336),(827,'2022_07_07_110400_UpdateAutonomosJunio2022',336),(828,'2022_07_07_110401_AddModuleTaxesEmpresas',336),(829,'2022_07_07_110402_AddFieldTaxesServiciosDetails',336),(830,'2022_07_07_110403_AddFieldTUserCtasCtesPersonId',336),(831,'2022_07_08_110400_AddReceiptTypeVacunos',336),(832,'2022_07_10_110400_AddRegisterQueeArchivosPem',337),(833,'2022_07_11_110400_AddColumnBlog',338),(834,'2022_07_17_110400_AddReceiptTypeTiqueC',338),(835,'2022_07_19_110400_AddIsTaxesEmpresas',339),(836,'2022_08_10_110400_AddColumnClaveTipos',339),(837,'2022_08_16_110400_AddModuleAltas',340),(838,'2022_08_16_110401_AddModuleServicios',340),(839,'2022_08_17_110400_UpdateReceiptTypesCuentaDeVenta',340),(840,'2022_08_16_110400_AddInvHsTipos',341),(841,'2022_08_21_110400_AddModulosTMS',341),(842,'2022_08_30_110400_AddMoneda',342),(843,'2021_09_02_110400_UpdateTableVtoVencimientoIIBBRioNegro',343),(844,'2022_09_08_110400_AddRegisterOtherTaxes',343),(845,'2022_09_08_110401_TablesRetPercFE',343),(846,'2022_09_09_110400_AddOrdenTipo',344),(847,'2022_09_13_110400_TUsersTarjetas',345),(848,'2022_09_13_110400_UpdateImpuestoIIBBCorrientesV2',345),(849,'2022_09_16_110400_AddRegisterPathFileNameSicoss',345),(850,'2022_08_25_110400_TdbabuelaFacturacion',346),(851,'2022_09_27_110400_AddReceiptTypeTiqueNotadeDebitoA',346),(852,'2022_10_03_110400_UpdateAutonomosSept2022',346),(853,'2022_09_19_110000_TablesEncuestas',347),(854,'2022_10_13_110400_UpdateRegSimpAGIP2022',347),(855,'2022_10_13_110401_UpdateTopesJubilatoriosSept2022',347),(856,'2022_10_17_110400_UpdateCategoriasIIBB2022',347),(857,'2022_10_23_110400_AddModuleConfigTesoreria',347),(858,'2022_10_23_110401_TablePersonRelationeds',347),(859,'2022_10_19_110400_TablesEmpleadosPdfAuto',348),(860,'2022_10_25_110400_AddModuleCtaCteUnificadoTesoreria',348),(861,'2022_10_26_110400_TablesEmpleadosPdfAuto2',348);
INSERT INTO `migrations` VALUES (862,'2022_11_14_110400_UpdateFacturacionMonoSocial',349),(863,'2022_11_17_11000_AddRegistroPathOfFileNameV2',350),(864,'2022_11_23_110400_TableTdbAbuelaEstadoLog',350),(865,'2022_12_03_110400_ModulosMobile',350),(866,'2022_12_05_110400_TablesDcOrdenesFacturadas',350),(867,'2022_12_11_110400_ModulosMobileTableroDeControl',351),(868,'2022_12_13_110400_RemoveColumnTarjetaTdbabuela',351),(869,'2022_12_22_110400_TablesPersonsDatos',351),(870,'2022_12_22_110401_AddModuleConfigEmpresa',351),(871,'2022_12_22_110402_AddModuleEmpresaCertificados',351),(872,'2022_12_26_110400_UpdateModalidadContratacion22',352),(873,'2022_12_26_110401_TablesGanancias2023',352),(874,'2022_12_26_110402_TableSyJG4Art902023',352),(875,'2022_12_28_110401_TableSyJG4DeduccionesGrales2023',352),(876,'2022_12_28_110402_TableSyJG4DeducPersonales2023',352),(877,'2022_12_28_110403_UpdateTopesJubilatoriosDic2022',352),(878,'2022_01_03_110402_UpdateTableVtoVencimientoMonyAut2023',353),(879,'2023_01_03_110400_UpdateMonotributos2023',353),(880,'2023_01_03_110401_AddMonotributoCategorias',353),(881,'2023_01_04_110400_UpdateAutonomosDic2022',354),(882,'2023_01_04_110401_UpdateTableVtoVencimiento2023',354),(883,'2023_01_04_110402_AddVencimientosImpuestos',354),(884,'2023_01_04_110403_UpdateTableVtoVencimientoIIBB2023',354);

--
-- Table structure for table `ml`
--

CREATE TABLE `ml` (
  `id` int(10) unsigned NOT NULL AUTO_INCREMENT,
  `user_id` int(10) unsigned DEFAULT NULL,
  `taxes_servicio_id` int(10) unsigned NOT NULL DEFAULT '5',
  `person_id` int(10) unsigned NOT NULL,
  `person_id_relationed` int(10) unsigned NOT NULL,
  `ml_user_id` varchar(191) COLLATE utf8mb4_unicode_ci DEFAULT NULL,
  `nick_name` varchar(191) COLLATE utf8mb4_unicode_ci DEFAULT NULL,
  `access_token` varchar(191) COLLATE utf8mb4_unicode_ci DEFAULT NULL,
  `code` varchar(191) COLLATE utf8mb4_unicode_ci DEFAULT NULL,
  `refresh_token` varchar(191) COLLATE utf8mb4_unicode_ci DEFAULT NULL,
  `comentario` varchar(191) COLLATE utf8mb4_unicode_ci DEFAULT NULL,
  `habilitado` tinyint(1) NOT NULL DEFAULT '1',
  `created_at` timestamp NULL DEFAULT NULL,
  `updated_at` timestamp NULL DEFAULT NULL,
  `deleted_at` timestamp NULL DEFAULT NULL,
  PRIMARY KEY (`id`),
  KEY `ml_person_id_foreign` (`person_id`),
  KEY `ml_person_id_relationed_foreign` (`person_id_relationed`),
  CONSTRAINT `ml_person_id_foreign` FOREIGN KEY (`person_id`) REFERENCES `persons` (`id`),
  CONSTRAINT `ml_person_id_relationed_foreign` FOREIGN KEY (`person_id_relationed`) REFERENCES `persons` (`id`)
) ENGINE=InnoDB DEFAULT CHARSET=utf8mb4 COLLATE=utf8mb4_unicode_ci;

--
-- Dumping data for table `ml`
--


--
-- Table structure for table `ml_item_producto`
--

CREATE TABLE `ml_item_producto` (
  `id` bigint(20) unsigned NOT NULL AUTO_INCREMENT,
  `person_id` int(10) unsigned NOT NULL,
  `ml_item_id` varchar(191) COLLATE utf8mb4_unicode_ci NOT NULL,
  `inv_producto_id` bigint(20) unsigned DEFAULT NULL,
  `created_at` timestamp NULL DEFAULT NULL,
  `updated_at` timestamp NULL DEFAULT NULL,
  `deleted_at` timestamp NULL DEFAULT NULL,
  PRIMARY KEY (`id`),
  KEY `ml_item_producto_person_id_foreign` (`person_id`),
  KEY `ml_item_producto_inv_producto_id_foreign` (`inv_producto_id`),
  CONSTRAINT `ml_item_producto_inv_producto_id_foreign` FOREIGN KEY (`inv_producto_id`) REFERENCES `inv_productos` (`id`),
  CONSTRAINT `ml_item_producto_person_id_foreign` FOREIGN KEY (`person_id`) REFERENCES `persons` (`id`)
) ENGINE=InnoDB DEFAULT CHARSET=utf8mb4 COLLATE=utf8mb4_unicode_ci;

--
-- Dumping data for table `ml_item_producto`
--


--
-- Table structure for table `ml_orders_facturadas`
--

CREATE TABLE `ml_orders_facturadas` (
  `id` bigint(20) unsigned NOT NULL AUTO_INCREMENT,
  `user_id` int(10) unsigned DEFAULT NULL,
  `person_id` int(10) unsigned NOT NULL,
  `order_id` varchar(191) COLLATE utf8mb4_unicode_ci NOT NULL,
  `fact_elec_receipt_id` int(10) unsigned DEFAULT NULL,
  `id_factura_ml` varchar(191) COLLATE utf8mb4_unicode_ci DEFAULT NULL,
  `created_at` timestamp NULL DEFAULT NULL,
  `updated_at` timestamp NULL DEFAULT NULL,
  `deleted_at` timestamp NULL DEFAULT NULL,
  PRIMARY KEY (`id`),
  KEY `ml_orders_facturadas_person_id_foreign` (`person_id`),
  KEY `ml_orders_facturadas_fact_elec_receipt_id_foreign` (`fact_elec_receipt_id`),
  CONSTRAINT `ml_orders_facturadas_fact_elec_receipt_id_foreign` FOREIGN KEY (`fact_elec_receipt_id`) REFERENCES `fact_elec_receipts` (`id`),
  CONSTRAINT `ml_orders_facturadas_person_id_foreign` FOREIGN KEY (`person_id`) REFERENCES `persons` (`id`)
) ENGINE=InnoDB DEFAULT CHARSET=utf8mb4 COLLATE=utf8mb4_unicode_ci;

--
-- Dumping data for table `ml_orders_facturadas`
--


--
-- Table structure for table `ml_set_facturacion`
--

CREATE TABLE `ml_set_facturacion` (
  `id` bigint(20) unsigned NOT NULL AUTO_INCREMENT,
  `user_id` int(10) unsigned DEFAULT NULL,
  `person_id` int(10) unsigned NOT NULL,
  `cliente_id` int(10) unsigned DEFAULT NULL,
  `taxable_iibb` int(11) NOT NULL DEFAULT '2',
  `type_receipt_id` int(10) unsigned DEFAULT NULL,
  `cond_frente_iva` int(10) unsigned DEFAULT NULL,
  `cond_venta` int(10) unsigned DEFAULT NULL,
  `zone_id` int(10) unsigned DEFAULT NULL,
  `activity_id` int(10) unsigned DEFAULT NULL,
  `punto_venta_id` int(10) unsigned DEFAULT NULL,
  `concepto_id` int(10) unsigned DEFAULT NULL,
  `system_tax_id` int(10) unsigned DEFAULT NULL,
  `habilitado` tinyint(1) NOT NULL DEFAULT '1',
  `created_at` timestamp NULL DEFAULT NULL,
  `updated_at` timestamp NULL DEFAULT NULL,
  `deleted_at` timestamp NULL DEFAULT NULL,
  PRIMARY KEY (`id`),
  KEY `ml_set_facturacion_person_id_foreign` (`person_id`),
  KEY `ml_set_facturacion_cliente_id_foreign` (`cliente_id`),
  KEY `ml_set_facturacion_type_receipt_id_foreign` (`type_receipt_id`),
  KEY `ml_set_facturacion_cond_frente_iva_foreign` (`cond_frente_iva`),
  KEY `ml_set_facturacion_cond_venta_foreign` (`cond_venta`),
  KEY `ml_set_facturacion_zone_id_foreign` (`zone_id`),
  KEY `ml_set_facturacion_activity_id_foreign` (`activity_id`),
  KEY `ml_set_facturacion_punto_venta_id_foreign` (`punto_venta_id`),
  KEY `ml_set_facturacion_concepto_id_foreign` (`concepto_id`),
  KEY `ml_set_facturacion_system_tax_id_foreign` (`system_tax_id`),
  CONSTRAINT `ml_set_facturacion_activity_id_foreign` FOREIGN KEY (`activity_id`) REFERENCES `activities` (`id`),
  CONSTRAINT `ml_set_facturacion_cliente_id_foreign` FOREIGN KEY (`cliente_id`) REFERENCES `persons` (`id`),
  CONSTRAINT `ml_set_facturacion_concepto_id_foreign` FOREIGN KEY (`concepto_id`) REFERENCES `fact_elec_conceptos_afip` (`id`),
  CONSTRAINT `ml_set_facturacion_cond_frente_iva_foreign` FOREIGN KEY (`cond_frente_iva`) REFERENCES `condicion_frente_al_iva` (`id`),
  CONSTRAINT `ml_set_facturacion_cond_venta_foreign` FOREIGN KEY (`cond_venta`) REFERENCES `condiciones_venta` (`id`),
  CONSTRAINT `ml_set_facturacion_person_id_foreign` FOREIGN KEY (`person_id`) REFERENCES `persons` (`id`),
  CONSTRAINT `ml_set_facturacion_punto_venta_id_foreign` FOREIGN KEY (`punto_venta_id`) REFERENCES `fact_elec_puntos_venta` (`id`),
  CONSTRAINT `ml_set_facturacion_system_tax_id_foreign` FOREIGN KEY (`system_tax_id`) REFERENCES `system_taxes` (`id`),
  CONSTRAINT `ml_set_facturacion_type_receipt_id_foreign` FOREIGN KEY (`type_receipt_id`) REFERENCES `receipt_types` (`id`),
  CONSTRAINT `ml_set_facturacion_zone_id_foreign` FOREIGN KEY (`zone_id`) REFERENCES `zones` (`id`)
) ENGINE=InnoDB DEFAULT CHARSET=utf8mb4 COLLATE=utf8mb4_unicode_ci;

--
-- Dumping data for table `ml_set_facturacion`
--


--
-- Table structure for table `monedas`
--

CREATE TABLE `monedas` (
  `id` int(10) unsigned NOT NULL AUTO_INCREMENT,
  `user_id` int(10) unsigned DEFAULT NULL,
  `descripcion` varchar(191) COLLATE utf8mb4_unicode_ci NOT NULL,
  `simbolo` varchar(191) COLLATE utf8mb4_unicode_ci NOT NULL,
  `habilitado` tinyint(1) NOT NULL DEFAULT '1',
  `created_at` timestamp NULL DEFAULT NULL,
  `updated_at` timestamp NULL DEFAULT NULL,
  `deleted_at` timestamp NULL DEFAULT NULL,
  PRIMARY KEY (`id`)
) ENGINE=InnoDB AUTO_INCREMENT=5 DEFAULT CHARSET=utf8mb4 COLLATE=utf8mb4_unicode_ci;

--
-- Dumping data for table `monedas`
--

INSERT INTO `monedas` VALUES (1,NULL,'$ Pesos','$',1,'2022-06-12 23:07:23','2022-06-12 23:07:23',NULL),(2,NULL,'U$S Oficial Venta','U$S',1,'2022-06-12 23:07:23','2022-06-12 23:07:23',NULL),(3,NULL,'U$S Blue Venta','U$S',1,'2022-06-12 23:07:23','2022-06-12 23:07:23',NULL),(4,NULL,'U$S Mayorista Venta','U$S',1,'2022-08-30 15:28:54','2022-08-30 15:28:54',NULL);

--
-- Table structure for table `months`
--

CREATE TABLE `months` (
  `id` int(11) NOT NULL AUTO_INCREMENT,
  `month` int(11) DEFAULT NULL,
  `date_to` varchar(6) DEFAULT NULL,
  `descripcion` varchar(191) NOT NULL,
  PRIMARY KEY (`id`)
) ENGINE=InnoDB AUTO_INCREMENT=13 DEFAULT CHARSET=latin1;

--
-- Dumping data for table `months`
--

INSERT INTO `months` VALUES (1,1,'-01-31','enero'),(2,2,'-02-28','febrero'),(3,3,'-03-31','marzo'),(4,4,'-04-30','abril'),(5,5,'-05-31','mayo'),(6,6,'-06-30','junio'),(7,7,'-07-31','julio'),(8,8,'-08-31','agosto'),(9,9,'-09-30','septiembre'),(10,10,'-10-31','octubre'),(11,11,'-11-30','noviembre'),(12,12,'-12-31','diciembre');

--
-- Table structure for table `nacionalidad`
--

CREATE TABLE `nacionalidad` (
  `id` int(10) unsigned NOT NULL AUTO_INCREMENT,
  `user_id` int(10) unsigned DEFAULT NULL,
  `descripcion` varchar(191) COLLATE utf8mb4_unicode_ci NOT NULL,
  `habilitado` tinyint(1) NOT NULL DEFAULT '1',
  `created_at` timestamp NULL DEFAULT NULL,
  `updated_at` timestamp NULL DEFAULT NULL,
  `deleted_at` timestamp NULL DEFAULT NULL,
  PRIMARY KEY (`id`),
  UNIQUE KEY `nacionalidad_descripcion_unique` (`descripcion`)
) ENGINE=InnoDB AUTO_INCREMENT=3 DEFAULT CHARSET=utf8mb4 COLLATE=utf8mb4_unicode_ci;

--
-- Dumping data for table `nacionalidad`
--

INSERT INTO `nacionalidad` VALUES (1,NULL,'Argentina',1,'2020-05-28 20:55:23','2020-05-28 20:55:23',NULL),(2,NULL,'Extranjero',1,'2020-05-28 20:55:23','2020-05-28 20:55:23',NULL);

--
-- Table structure for table `nf_cta_cte`
--

CREATE TABLE `nf_cta_cte` (
  `id` int(10) unsigned NOT NULL AUTO_INCREMENT,
  `user_id` int(10) unsigned DEFAULT NULL,
  `nf_receipt_id` int(10) unsigned DEFAULT NULL,
  `tipo_asiento_id` int(10) unsigned NOT NULL,
  `person_id` int(10) unsigned NOT NULL,
  `person_id_relationed` int(10) unsigned NOT NULL,
  `period_id` int(10) unsigned NOT NULL,
  `cta_cte_tesoreria_cuenta_id` int(10) unsigned NOT NULL,
  `saldo_id` int(10) unsigned NOT NULL,
  `fecha` date DEFAULT NULL,
  `total` decimal(16,2) NOT NULL,
  `comentario` varchar(191) COLLATE utf8mb4_unicode_ci DEFAULT NULL,
  `file` varchar(191) COLLATE utf8mb4_unicode_ci DEFAULT NULL,
  `created_at` timestamp NULL DEFAULT NULL,
  `updated_at` timestamp NULL DEFAULT NULL,
  `deleted_at` timestamp NULL DEFAULT NULL,
  PRIMARY KEY (`id`),
  KEY `nf_cta_cte_nf_receipt_id_foreign` (`nf_receipt_id`),
  KEY `nf_cta_cte_person_id_foreign` (`person_id`),
  KEY `nf_cta_cte_person_id_relationed_foreign` (`person_id_relationed`),
  KEY `nf_cta_cte_period_id_foreign` (`period_id`),
  KEY `nf_cta_cte_cta_cte_tesoreria_cuenta_id_foreign` (`cta_cte_tesoreria_cuenta_id`),
  KEY `nf_cta_cte_saldo_id_foreign` (`saldo_id`),
  KEY `nf_cta_cte_tipo_asiento_id_foreign` (`tipo_asiento_id`),
  CONSTRAINT `nf_cta_cte_cta_cte_tesoreria_cuenta_id_foreign` FOREIGN KEY (`cta_cte_tesoreria_cuenta_id`) REFERENCES `cta_cte_tesoreria_cuentas` (`id`),
  CONSTRAINT `nf_cta_cte_nf_receipt_id_foreign` FOREIGN KEY (`nf_receipt_id`) REFERENCES `nf_receipts` (`id`),
  CONSTRAINT `nf_cta_cte_period_id_foreign` FOREIGN KEY (`period_id`) REFERENCES `periods` (`id`),
  CONSTRAINT `nf_cta_cte_person_id_foreign` FOREIGN KEY (`person_id`) REFERENCES `persons` (`id`),
  CONSTRAINT `nf_cta_cte_person_id_relationed_foreign` FOREIGN KEY (`person_id_relationed`) REFERENCES `persons` (`id`),
  CONSTRAINT `nf_cta_cte_saldo_id_foreign` FOREIGN KEY (`saldo_id`) REFERENCES `conta_tipo_saldos` (`id`),
  CONSTRAINT `nf_cta_cte_tipo_asiento_id_foreign` FOREIGN KEY (`tipo_asiento_id`) REFERENCES `conta_tipo_asientos` (`id`)
) ENGINE=InnoDB AUTO_INCREMENT=6 DEFAULT CHARSET=utf8mb4 COLLATE=utf8mb4_unicode_ci;

--
-- Dumping data for table `nf_cta_cte`
--

INSERT INTO `nf_cta_cte` VALUES (1,304,NULL,21,40717,40726,33,57,1,'2022-01-15',2000.00,'',NULL,'2022-02-24 22:29:00','2022-02-25 09:26:51','2022-02-25 09:26:51'),(2,304,NULL,21,40717,40726,34,57,1,'2022-02-10',2000.00,'',NULL,'2022-02-24 22:30:05','2022-02-25 09:26:48','2022-02-25 09:26:48'),(3,304,NULL,20,40717,40726,33,13,2,'2022-01-14',4000.00,'',NULL,'2022-02-25 09:28:15','2022-05-10 15:43:48','2022-05-10 15:43:48'),(4,304,NULL,20,40717,40726,33,13,2,'2022-01-19',2000.00,'',NULL,'2022-05-10 15:45:08','2022-05-10 15:47:05','2022-05-10 15:47:05'),(5,304,NULL,20,40717,40726,34,13,2,'2022-02-09',2000.00,'Honorarios Febrero 2022',NULL,'2022-05-10 15:46:01','2022-05-10 15:47:08','2022-05-10 15:47:08');

--
-- Table structure for table `nf_cta_cte_details`
--

CREATE TABLE `nf_cta_cte_details` (
  `id` int(10) unsigned NOT NULL AUTO_INCREMENT,
  `user_id` int(10) unsigned DEFAULT NULL,
  `nf_cta_cte_id` int(10) unsigned NOT NULL,
  `person_id` int(10) unsigned DEFAULT NULL,
  `person_id_relationed` int(10) unsigned DEFAULT NULL,
  `period_id` int(10) unsigned DEFAULT NULL,
  `tipo_asiento_id` int(10) unsigned NOT NULL,
  `cta_cte_tesoreria_cuenta_id` int(10) unsigned NOT NULL,
  `saldo_id` int(10) unsigned NOT NULL,
  `monto` decimal(16,2) NOT NULL,
  `created_at` timestamp NULL DEFAULT NULL,
  `updated_at` timestamp NULL DEFAULT NULL,
  `deleted_at` timestamp NULL DEFAULT NULL,
  PRIMARY KEY (`id`),
  KEY `nf_cta_cte_details_nf_cta_cte_id_foreign` (`nf_cta_cte_id`),
  KEY `nf_cta_cte_details_person_id_foreign` (`person_id`),
  KEY `nf_cta_cte_details_person_id_relationed_foreign` (`person_id_relationed`),
  KEY `nf_cta_cte_details_period_id_foreign` (`period_id`),
  KEY `nf_cta_cte_details_tipo_asiento_id_foreign` (`tipo_asiento_id`),
  KEY `nf_cta_cte_details_cta_cte_tesoreria_cuenta_id_foreign` (`cta_cte_tesoreria_cuenta_id`),
  KEY `nf_cta_cte_details_saldo_id_foreign` (`saldo_id`),
  CONSTRAINT `nf_cta_cte_details_cta_cte_tesoreria_cuenta_id_foreign` FOREIGN KEY (`cta_cte_tesoreria_cuenta_id`) REFERENCES `cta_cte_tesoreria_cuentas` (`id`),
  CONSTRAINT `nf_cta_cte_details_nf_cta_cte_id_foreign` FOREIGN KEY (`nf_cta_cte_id`) REFERENCES `nf_cta_cte` (`id`),
  CONSTRAINT `nf_cta_cte_details_period_id_foreign` FOREIGN KEY (`period_id`) REFERENCES `periods` (`id`),
  CONSTRAINT `nf_cta_cte_details_person_id_foreign` FOREIGN KEY (`person_id`) REFERENCES `persons` (`id`),
  CONSTRAINT `nf_cta_cte_details_person_id_relationed_foreign` FOREIGN KEY (`person_id_relationed`) REFERENCES `persons` (`id`),
  CONSTRAINT `nf_cta_cte_details_saldo_id_foreign` FOREIGN KEY (`saldo_id`) REFERENCES `conta_tipo_saldos` (`id`),
  CONSTRAINT `nf_cta_cte_details_tipo_asiento_id_foreign` FOREIGN KEY (`tipo_asiento_id`) REFERENCES `conta_tipo_asientos` (`id`)
) ENGINE=InnoDB DEFAULT CHARSET=utf8mb4 COLLATE=utf8mb4_unicode_ci;

--
-- Dumping data for table `nf_cta_cte_details`
--


--
-- Table structure for table `nf_invoices`
--

CREATE TABLE `nf_invoices` (
  `id` bigint(20) unsigned NOT NULL AUTO_INCREMENT,
  `user_id` int(10) unsigned DEFAULT NULL,
  `person_id` int(10) unsigned NOT NULL,
  `person_id_relationed` int(10) unsigned NOT NULL,
  `punto_vta_id` int(10) unsigned NOT NULL,
  `period_id` int(10) unsigned NOT NULL,
  `numero` int(11) NOT NULL,
  `fecha` date NOT NULL,
  `total` decimal(16,2) NOT NULL,
  `comentario` longtext COLLATE utf8mb4_unicode_ci NOT NULL,
  `created_at` timestamp NULL DEFAULT NULL,
  `updated_at` timestamp NULL DEFAULT NULL,
  `deleted_at` timestamp NULL DEFAULT NULL,
  PRIMARY KEY (`id`),
  KEY `nf_invoices_person_id_foreign` (`person_id`),
  KEY `nf_invoices_person_id_relationed_foreign` (`person_id_relationed`),
  KEY `nf_invoices_punto_vta_id_foreign` (`punto_vta_id`),
  KEY `nf_invoices_period_id_foreign` (`period_id`),
  CONSTRAINT `nf_invoices_period_id_foreign` FOREIGN KEY (`period_id`) REFERENCES `periods` (`id`),
  CONSTRAINT `nf_invoices_person_id_foreign` FOREIGN KEY (`person_id`) REFERENCES `persons` (`id`),
  CONSTRAINT `nf_invoices_person_id_relationed_foreign` FOREIGN KEY (`person_id_relationed`) REFERENCES `persons` (`id`),
  CONSTRAINT `nf_invoices_punto_vta_id_foreign` FOREIGN KEY (`punto_vta_id`) REFERENCES `fact_elec_puntos_venta` (`id`)
) ENGINE=InnoDB DEFAULT CHARSET=utf8mb4 COLLATE=utf8mb4_unicode_ci;

--
-- Dumping data for table `nf_invoices`
--


--
-- Table structure for table `nf_invoices_details`
--

CREATE TABLE `nf_invoices_details` (
  `id` bigint(20) unsigned NOT NULL AUTO_INCREMENT,
  `user_id` int(10) unsigned DEFAULT NULL,
  `nf_invoice_id` bigint(20) unsigned NOT NULL,
  `cantidades` decimal(16,2) NOT NULL,
  `inv_producto_id` bigint(20) unsigned DEFAULT NULL,
  `descripcion` varchar(191) COLLATE utf8mb4_unicode_ci DEFAULT NULL,
  `neto` decimal(16,2) NOT NULL,
  `desc_porc` decimal(16,2) DEFAULT NULL,
  `descuento` decimal(16,2) DEFAULT NULL,
  `subtotal` decimal(16,2) NOT NULL,
  `created_at` timestamp NULL DEFAULT NULL,
  `updated_at` timestamp NULL DEFAULT NULL,
  `deleted_at` timestamp NULL DEFAULT NULL,
  PRIMARY KEY (`id`),
  KEY `nf_invoices_details_nf_invoice_id_foreign` (`nf_invoice_id`),
  KEY `nf_invoices_details_inv_producto_id_foreign` (`inv_producto_id`),
  CONSTRAINT `nf_invoices_details_inv_producto_id_foreign` FOREIGN KEY (`inv_producto_id`) REFERENCES `inv_productos` (`id`),
  CONSTRAINT `nf_invoices_details_nf_invoice_id_foreign` FOREIGN KEY (`nf_invoice_id`) REFERENCES `nf_invoices` (`id`)
) ENGINE=InnoDB DEFAULT CHARSET=utf8mb4 COLLATE=utf8mb4_unicode_ci;

--
-- Dumping data for table `nf_invoices_details`
--


--
-- Table structure for table `nf_receipts`
--

CREATE TABLE `nf_receipts` (
  `id` int(10) unsigned NOT NULL AUTO_INCREMENT,
  `user_id` int(10) unsigned NOT NULL,
  `person_id` int(10) unsigned NOT NULL,
  `person_id_relationed` int(10) unsigned NOT NULL,
  `period_id` int(10) unsigned NOT NULL,
  `type_id` int(10) unsigned NOT NULL,
  `receipt_type_id` int(10) unsigned NOT NULL,
  `fecha` date DEFAULT NULL,
  `total` decimal(16,2) NOT NULL,
  `descripcion` varchar(191) COLLATE utf8mb4_unicode_ci DEFAULT NULL,
  `comentario` varchar(191) COLLATE utf8mb4_unicode_ci DEFAULT NULL,
  `file` varchar(191) COLLATE utf8mb4_unicode_ci DEFAULT NULL,
  `created_at` timestamp NULL DEFAULT NULL,
  `updated_at` timestamp NULL DEFAULT NULL,
  `deleted_at` timestamp NULL DEFAULT NULL,
  PRIMARY KEY (`id`),
  KEY `nf_receipts_person_id_foreign` (`person_id`),
  KEY `nf_receipts_person_id_relationed_foreign` (`person_id_relationed`),
  KEY `nf_receipts_period_id_foreign` (`period_id`),
  KEY `nf_receipts_type_id_foreign` (`type_id`),
  KEY `nf_receipts_receipt_type_id_foreign` (`receipt_type_id`),
  CONSTRAINT `nf_receipts_period_id_foreign` FOREIGN KEY (`period_id`) REFERENCES `periods` (`id`),
  CONSTRAINT `nf_receipts_person_id_foreign` FOREIGN KEY (`person_id`) REFERENCES `persons` (`id`),
  CONSTRAINT `nf_receipts_person_id_relationed_foreign` FOREIGN KEY (`person_id_relationed`) REFERENCES `persons` (`id`),
  CONSTRAINT `nf_receipts_receipt_type_id_foreign` FOREIGN KEY (`receipt_type_id`) REFERENCES `receipt_types` (`id`),
  CONSTRAINT `nf_receipts_type_id_foreign` FOREIGN KEY (`type_id`) REFERENCES `types` (`id`)
) ENGINE=InnoDB DEFAULT CHARSET=utf8mb4 COLLATE=utf8mb4_unicode_ci;

--
-- Dumping data for table `nf_receipts`
--


--
-- Table structure for table `notif`
--

CREATE TABLE `notif` (
  `id` int(10) unsigned NOT NULL AUTO_INCREMENT,
  `user_id` int(10) unsigned DEFAULT NULL,
  `send_notif_user_person_id` int(10) unsigned NOT NULL,
  `recept_notif_user_person_id` int(10) unsigned NOT NULL,
  `fecha` datetime NOT NULL DEFAULT '2020-01-23 18:56:25',
  `fecha_vto` datetime DEFAULT NULL,
  `leido` tinyint(1) NOT NULL DEFAULT '0',
  `pendiente` tinyint(1) NOT NULL DEFAULT '0',
  `asunto` varchar(191) COLLATE utf8mb4_unicode_ci DEFAULT NULL,
  `created_at` timestamp NULL DEFAULT NULL,
  `updated_at` timestamp NULL DEFAULT NULL,
  `deleted_at` timestamp NULL DEFAULT NULL,
  PRIMARY KEY (`id`),
  KEY `notif_send_notif_user_person_id_foreign` (`send_notif_user_person_id`),
  KEY `notif_recept_notif_user_person_id_foreign` (`recept_notif_user_person_id`),
  CONSTRAINT `notif_recept_notif_user_person_id_foreign` FOREIGN KEY (`recept_notif_user_person_id`) REFERENCES `notif_users_persons` (`id`),
  CONSTRAINT `notif_send_notif_user_person_id_foreign` FOREIGN KEY (`send_notif_user_person_id`) REFERENCES `notif_users_persons` (`id`)
) ENGINE=InnoDB DEFAULT CHARSET=utf8mb4 COLLATE=utf8mb4_unicode_ci;

--
-- Dumping data for table `notif`
--


--
-- Table structure for table `notif_detail`
--

CREATE TABLE `notif_detail` (
  `id` int(10) unsigned NOT NULL AUTO_INCREMENT,
  `user_id` int(10) unsigned DEFAULT NULL,
  `notificacion_id` int(10) unsigned NOT NULL,
  `notif_respuesta_id` int(10) unsigned DEFAULT NULL,
  `send_notif_user_person_id` int(10) unsigned NOT NULL,
  `recept_notif_user_person_id` int(10) unsigned NOT NULL,
  `fecha` datetime NOT NULL DEFAULT '2020-01-23 18:56:25',
  `body` text COLLATE utf8mb4_unicode_ci,
  `adjunto` text COLLATE utf8mb4_unicode_ci,
  `send_email` tinyint(1) NOT NULL DEFAULT '0',
  `is_respuesta` tinyint(1) NOT NULL DEFAULT '0',
  `created_at` timestamp NULL DEFAULT NULL,
  `updated_at` timestamp NULL DEFAULT NULL,
  `deleted_at` timestamp NULL DEFAULT NULL,
  PRIMARY KEY (`id`),
  KEY `notif_detail_send_notif_user_person_id_foreign` (`send_notif_user_person_id`),
  KEY `notif_detail_recept_notif_user_person_id_foreign` (`recept_notif_user_person_id`),
  KEY `notif_detail_notificacion_id_foreign` (`notificacion_id`),
  KEY `notif_detail_notif_respuesta_id_foreign` (`notif_respuesta_id`),
  CONSTRAINT `notif_detail_notif_respuesta_id_foreign` FOREIGN KEY (`notif_respuesta_id`) REFERENCES `notif_respuestas` (`id`),
  CONSTRAINT `notif_detail_notificacion_id_foreign` FOREIGN KEY (`notificacion_id`) REFERENCES `notif` (`id`),
  CONSTRAINT `notif_detail_recept_notif_user_person_id_foreign` FOREIGN KEY (`recept_notif_user_person_id`) REFERENCES `notif_users_persons` (`id`),
  CONSTRAINT `notif_detail_send_notif_user_person_id_foreign` FOREIGN KEY (`send_notif_user_person_id`) REFERENCES `notif_users_persons` (`id`)
) ENGINE=InnoDB DEFAULT CHARSET=utf8mb4 COLLATE=utf8mb4_unicode_ci;

--
-- Dumping data for table `notif_detail`
--


--
-- Table structure for table `notif_respuestas`
--

CREATE TABLE `notif_respuestas` (
  `id` int(10) unsigned NOT NULL AUTO_INCREMENT,
  `user_id` int(10) unsigned DEFAULT NULL,
  `send_notif_user_person_id` int(10) unsigned NOT NULL,
  `recept_notif_user_person_id` int(10) unsigned NOT NULL,
  `notif_id` int(10) unsigned DEFAULT NULL,
  `fecha` datetime NOT NULL DEFAULT '2020-01-23 18:56:25',
  `fecha_vto` datetime DEFAULT NULL,
  `leido` tinyint(1) NOT NULL DEFAULT '0',
  `asunto` varchar(191) COLLATE utf8mb4_unicode_ci DEFAULT NULL,
  `created_at` timestamp NULL DEFAULT NULL,
  `updated_at` timestamp NULL DEFAULT NULL,
  `deleted_at` timestamp NULL DEFAULT NULL,
  PRIMARY KEY (`id`),
  KEY `notif_respuestas_send_notif_user_person_id_foreign` (`send_notif_user_person_id`),
  KEY `notif_respuestas_recept_notif_user_person_id_foreign` (`recept_notif_user_person_id`),
  KEY `notif_respuestas_notif_id_foreign` (`notif_id`),
  CONSTRAINT `notif_respuestas_notif_id_foreign` FOREIGN KEY (`notif_id`) REFERENCES `notif` (`id`),
  CONSTRAINT `notif_respuestas_recept_notif_user_person_id_foreign` FOREIGN KEY (`recept_notif_user_person_id`) REFERENCES `notif_users_persons` (`id`),
  CONSTRAINT `notif_respuestas_send_notif_user_person_id_foreign` FOREIGN KEY (`send_notif_user_person_id`) REFERENCES `notif_users_persons` (`id`)
) ENGINE=InnoDB DEFAULT CHARSET=utf8mb4 COLLATE=utf8mb4_unicode_ci;

--
-- Dumping data for table `notif_respuestas`
--


--
-- Table structure for table `notif_users_persons`
--

CREATE TABLE `notif_users_persons` (
  `id` int(10) unsigned NOT NULL AUTO_INCREMENT,
  `user_id` int(10) unsigned NOT NULL,
  `person_id` int(10) unsigned NOT NULL,
  `parent_person_id` int(10) unsigned NOT NULL,
  `created_at` timestamp NULL DEFAULT NULL,
  `updated_at` timestamp NULL DEFAULT NULL,
  `deleted_at` timestamp NULL DEFAULT NULL,
  PRIMARY KEY (`id`),
  KEY `notif_users_persons_user_id_foreign` (`user_id`),
  KEY `notif_users_persons_person_id_foreign` (`person_id`),
  KEY `notif_users_persons_parent_person_id_foreign` (`parent_person_id`),
  CONSTRAINT `notif_users_persons_parent_person_id_foreign` FOREIGN KEY (`parent_person_id`) REFERENCES `persons` (`id`),
  CONSTRAINT `notif_users_persons_person_id_foreign` FOREIGN KEY (`person_id`) REFERENCES `persons` (`id`),
  CONSTRAINT `notif_users_persons_user_id_foreign` FOREIGN KEY (`user_id`) REFERENCES `tusers` (`idUser`)
) ENGINE=InnoDB DEFAULT CHARSET=utf8mb4 COLLATE=utf8mb4_unicode_ci;

--
-- Dumping data for table `notif_users_persons`
--


--
-- Table structure for table `obl_anual_conceptos`
--

CREATE TABLE `obl_anual_conceptos` (
  `id` int(10) unsigned NOT NULL AUTO_INCREMENT,
  `user_id` int(10) unsigned DEFAULT NULL,
  `nombre` varchar(191) COLLATE utf8mb4_unicode_ci NOT NULL,
  `created_at` timestamp NULL DEFAULT NULL,
  `updated_at` timestamp NULL DEFAULT NULL,
  `deleted_at` timestamp NULL DEFAULT NULL,
  PRIMARY KEY (`id`)
) ENGINE=InnoDB AUTO_INCREMENT=10 DEFAULT CHARSET=utf8mb4 COLLATE=utf8mb4_unicode_ci;

--
-- Dumping data for table `obl_anual_conceptos`
--

INSERT INTO `obl_anual_conceptos` VALUES (1,NULL,'Balance','2019-11-29 18:37:49','2019-11-29 18:37:49',NULL),(2,NULL,'Ganancias','2019-11-29 18:37:49','2019-11-29 18:37:49',NULL),(3,NULL,'Acc y Part Soc','2019-11-29 18:37:49','2019-11-29 18:37:49',NULL),(4,NULL,'Part Soc Informativa','2019-11-29 18:37:49','2019-11-29 18:37:49',NULL),(5,NULL,'IGJ Balance','2019-11-29 18:37:49','2019-11-29 18:37:49',NULL),(6,NULL,'TASAS IGJ','2019-11-29 18:37:49','2019-11-29 18:37:49',NULL),(7,NULL,'Auditoria','2019-11-29 18:37:49','2019-11-29 18:37:49',NULL),(8,NULL,'Libros Societarios','2019-11-29 18:37:49','2019-11-29 18:37:49',NULL),(9,NULL,'CM 05','2019-11-29 18:37:49','2019-11-29 18:37:49',NULL);

--
-- Table structure for table `obl_anual_registros`
--

CREATE TABLE `obl_anual_registros` (
  `id` int(10) unsigned NOT NULL AUTO_INCREMENT,
  `user_id` int(10) unsigned DEFAULT NULL,
  `anio` int(10) unsigned NOT NULL,
  `person_id` int(10) unsigned NOT NULL,
  `obl_anual_concepto_id` int(10) unsigned NOT NULL,
  `cumplido` tinyint(1) NOT NULL DEFAULT '0',
  `created_at` timestamp NULL DEFAULT NULL,
  `updated_at` timestamp NULL DEFAULT NULL,
  `deleted_at` timestamp NULL DEFAULT NULL,
  PRIMARY KEY (`id`),
  KEY `obl_anual_registros_person_id_foreign` (`person_id`),
  KEY `obl_anual_registros_obl_anual_concepto_id_foreign` (`obl_anual_concepto_id`),
  CONSTRAINT `obl_anual_registros_obl_anual_concepto_id_foreign` FOREIGN KEY (`obl_anual_concepto_id`) REFERENCES `obl_anual_conceptos` (`id`) ON DELETE CASCADE,
  CONSTRAINT `obl_anual_registros_person_id_foreign` FOREIGN KEY (`person_id`) REFERENCES `persons` (`id`)
) ENGINE=InnoDB DEFAULT CHARSET=utf8mb4 COLLATE=utf8mb4_unicode_ci;

--
-- Dumping data for table `obl_anual_registros`
--


--
-- Table structure for table `other_taxes`
--

CREATE TABLE `other_taxes` (
  `id` int(10) unsigned NOT NULL AUTO_INCREMENT,
  `created_at` timestamp NULL DEFAULT NULL,
  `updated_at` timestamp NULL DEFAULT NULL,
  `name` varchar(255) COLLATE utf8mb4_unicode_ci NOT NULL,
  `section` varchar(255) COLLATE utf8mb4_unicode_ci NOT NULL,
  `percent_tax` decimal(16,2) NOT NULL DEFAULT '0.00',
  `zone_id` int(10) unsigned DEFAULT NULL,
  `aliases` varchar(255) COLLATE utf8mb4_unicode_ci DEFAULT NULL,
  `section_name` varchar(255) COLLATE utf8mb4_unicode_ci DEFAULT NULL,
  `plan_cuenta_id` int(10) unsigned NOT NULL DEFAULT '1',
  PRIMARY KEY (`id`),
  KEY `other_taxes_plan_cuenta_id_foreign` (`plan_cuenta_id`),
  CONSTRAINT `other_taxes_plan_cuenta_id_foreign` FOREIGN KEY (`plan_cuenta_id`) REFERENCES `conta_plan_cuenta` (`id`)
) ENGINE=InnoDB AUTO_INCREMENT=1033 DEFAULT CHARSET=utf8mb4 COLLATE=utf8mb4_unicode_ci;

--
-- Dumping data for table `other_taxes`
--

INSERT INTO `other_taxes` VALUES (1000,NULL,NULL,'Perc IVA -RG3337','iva',0.00,NULL,NULL,'IVA',220),(1001,NULL,NULL,'Imps. Internos','gas',0.00,NULL,NULL,'Imp. Combustibles',221),(1002,NULL,NULL,'Imp. Gasoil','gas',0.00,NULL,NULL,'Imp. Combustibles',222),(1003,NULL,NULL,'Imp. Hídricos','gas',0.00,NULL,NULL,'Imp. Combustibles',223),(1004,NULL,NULL,'ITC','gas',0.00,NULL,NULL,'Imp. Combustibles',224),(1005,NULL,NULL,'Perc IIBB  Buenos Aires','iibb',0.00,23,NULL,'IIBB',225),(1006,NULL,NULL,'Perc IIBB  Capital Federal','iibb',0.00,22,NULL,'IIBB',226),(1007,NULL,NULL,'Perc IIBB  Catamarca','iibb',0.00,24,NULL,'IIBB',227),(1008,NULL,NULL,'Perc IIBB  Chaco','iibb',0.00,3,NULL,'IIBB',228),(1009,NULL,NULL,'Perc IIBB  Chubut','iibb',0.00,4,NULL,'IIBB',229),(1010,NULL,NULL,'Perc IIBB  Córdoba','iibb',0.00,1,NULL,'IIBB',230),(1011,NULL,NULL,'Perc IIBB  Corrientes','iibb',0.00,2,NULL,'IIBB',231),(1012,NULL,NULL,'Perc IIBB  Entre Ríos','iibb',0.00,5,NULL,'IIBB',232),(1013,NULL,NULL,'Perc IIBB  Formosa','iibb',0.00,6,NULL,'IIBB',233),(1014,NULL,NULL,'Perc IIBB  Jujuy','iibb',0.00,7,NULL,'IIBB',234),(1015,NULL,NULL,'Perc IIBB  La Pampa','iibb',0.00,8,NULL,'IIBB',235),(1016,NULL,NULL,'Perc IIBB  La Rioja','iibb',0.00,9,NULL,'IIBB',236),(1017,NULL,NULL,'Perc IIBB  Mendoza','iibb',0.00,10,NULL,'IIBB',237),(1018,NULL,NULL,'Perc IIBB  Misiones','iibb',0.00,11,NULL,'IIBB',238),(1019,NULL,NULL,'Perc IIBB  Neuquén','iibb',0.00,12,NULL,'IIBB',239),(1020,NULL,NULL,'Perc IIBB  Pascua Lama','iibb',0.00,25,NULL,'IIBB',240),(1021,NULL,NULL,'Perc IIBB  Río Negro','iibb',0.00,13,NULL,'IIBB',241),(1022,NULL,NULL,'Perc IIBB  Salta','iibb',0.00,14,NULL,'IIBB',242),(1023,NULL,NULL,'Perc IIBB  San Juan','iibb',0.00,15,NULL,'IIBB',243),(1024,NULL,NULL,'Perc IIBB  San Luis','iibb',0.00,16,NULL,'IIBB',244),(1025,NULL,NULL,'Perc IIBB  Santa Cruz','iibb',0.00,17,NULL,'IIBB',245),(1026,NULL,NULL,'Perc IIBB  Santa Fe','iibb',0.00,18,NULL,'IIBB',246),(1027,NULL,NULL,'Perc IIBB  Santiago del Estero','iibb',0.00,19,NULL,'IIBB',247),(1028,NULL,NULL,'Perc IIBB  Tierra del Fuego','iibb',0.00,20,NULL,'IIBB',248),(1029,NULL,NULL,'Perc IIBB  Tucuman','iibb',0.00,21,NULL,'IIBB',249),(1030,'2019-05-03 03:33:05','2019-05-03 03:33:05','CO2 - Imp. Al Carbono','gas',0.00,NULL,NULL,'Imp. Combustibles',478),(1031,'2022-09-09 07:54:31','2022-09-09 07:54:31','Imp. Municipales','gas',0.00,NULL,NULL,'Imp. Combustibles',215),(1032,'2022-09-09 07:54:31','2022-09-09 07:54:31','Perc/Ret. Imp. Ganancias','gas',0.00,NULL,NULL,'Imp. Combustibles',216);

--
-- Table structure for table `pais`
--

CREATE TABLE `pais` (
  `id` int(10) unsigned NOT NULL AUTO_INCREMENT,
  `user_id` int(10) unsigned DEFAULT NULL,
  `codigo` int(10) unsigned DEFAULT NULL,
  `descripcion` varchar(191) COLLATE utf8mb4_unicode_ci NOT NULL,
  `habilitado` tinyint(1) NOT NULL DEFAULT '1',
  `created_at` timestamp NULL DEFAULT NULL,
  `updated_at` timestamp NULL DEFAULT NULL,
  `deleted_at` timestamp NULL DEFAULT NULL,
  PRIMARY KEY (`id`),
  UNIQUE KEY `pais_descripcion_unique` (`descripcion`),
  UNIQUE KEY `pais_codigo_unique` (`codigo`)
) ENGINE=InnoDB AUTO_INCREMENT=249 DEFAULT CHARSET=utf8mb4 COLLATE=utf8mb4_unicode_ci;

--
-- Dumping data for table `pais`
--

INSERT INTO `pais` VALUES (1,NULL,NULL,'Argentina',1,'2020-05-28 20:55:22','2020-05-28 20:55:22',NULL),(2,NULL,NULL,'Afghanistan',1,'2020-05-28 20:55:22','2020-05-28 20:55:22',NULL),(3,NULL,NULL,'Albania',1,'2020-05-28 20:55:22','2020-05-28 20:55:22',NULL),(4,NULL,NULL,'Alemania',1,'2020-05-28 20:55:22','2020-05-28 20:55:22',NULL),(5,NULL,NULL,'Algeria',1,'2020-05-28 20:55:22','2020-05-28 20:55:22',NULL),(6,NULL,NULL,'Andorra',1,'2020-05-28 20:55:22','2020-05-28 20:55:22',NULL),(7,NULL,NULL,'Angola',1,'2020-05-28 20:55:22','2020-05-28 20:55:22',NULL),(8,NULL,NULL,'Anguila',1,'2020-05-28 20:55:22','2020-05-28 20:55:22',NULL),(9,NULL,NULL,'Antártida',1,'2020-05-28 20:55:22','2020-05-28 20:55:22',NULL),(10,NULL,NULL,'Antigua y Barbuda',1,'2020-05-28 20:55:22','2020-05-28 20:55:22',NULL),(11,NULL,NULL,'Arabia Saudita',1,'2020-05-28 20:55:22','2020-05-28 20:55:22',NULL),(12,NULL,NULL,'Armenia',1,'2020-05-28 20:55:22','2020-05-28 20:55:22',NULL),(13,NULL,NULL,'Aruba',1,'2020-05-28 20:55:22','2020-05-28 20:55:22',NULL),(14,NULL,NULL,'Australia',1,'2020-05-28 20:55:22','2020-05-28 20:55:22',NULL),(15,NULL,NULL,'Austria',1,'2020-05-28 20:55:22','2020-05-28 20:55:22',NULL),(16,NULL,NULL,'Azerbaiyán',1,'2020-05-28 20:55:22','2020-05-28 20:55:22',NULL),(17,NULL,NULL,'Bélgica',1,'2020-05-28 20:55:22','2020-05-28 20:55:22',NULL),(18,NULL,NULL,'Bahamas',1,'2020-05-28 20:55:22','2020-05-28 20:55:22',NULL),(19,NULL,NULL,'Bahrein',1,'2020-05-28 20:55:22','2020-05-28 20:55:22',NULL),(20,NULL,NULL,'Bangladesh',1,'2020-05-28 20:55:22','2020-05-28 20:55:22',NULL),(21,NULL,NULL,'Barbados',1,'2020-05-28 20:55:22','2020-05-28 20:55:22',NULL),(22,NULL,NULL,'Belice',1,'2020-05-28 20:55:22','2020-05-28 20:55:22',NULL),(23,NULL,NULL,'Benín',1,'2020-05-28 20:55:22','2020-05-28 20:55:22',NULL),(24,NULL,NULL,'Bhután',1,'2020-05-28 20:55:22','2020-05-28 20:55:22',NULL),(25,NULL,NULL,'Bielorrusia',1,'2020-05-28 20:55:22','2020-05-28 20:55:22',NULL),(26,NULL,NULL,'Birmania',1,'2020-05-28 20:55:22','2020-05-28 20:55:22',NULL),(27,NULL,NULL,'Bolivia',1,'2020-05-28 20:55:22','2020-05-28 20:55:22',NULL),(28,NULL,NULL,'Bosnia y Herzegovina',1,'2020-05-28 20:55:22','2020-05-28 20:55:22',NULL),(29,NULL,NULL,'Botsuana',1,'2020-05-28 20:55:22','2020-05-28 20:55:22',NULL),(30,NULL,NULL,'Brasil',1,'2020-05-28 20:55:22','2020-05-28 20:55:22',NULL),(31,NULL,NULL,'Brunéi',1,'2020-05-28 20:55:22','2020-05-28 20:55:22',NULL),(32,NULL,NULL,'Bulgaria',1,'2020-05-28 20:55:22','2020-05-28 20:55:22',NULL),(33,NULL,NULL,'Burkina Faso',1,'2020-05-28 20:55:22','2020-05-28 20:55:22',NULL),(34,NULL,NULL,'Burundi',1,'2020-05-28 20:55:22','2020-05-28 20:55:22',NULL),(35,NULL,NULL,'Cabo Verde',1,'2020-05-28 20:55:22','2020-05-28 20:55:22',NULL),(36,NULL,NULL,'Camboya',1,'2020-05-28 20:55:22','2020-05-28 20:55:22',NULL),(37,NULL,NULL,'Camerún',1,'2020-05-28 20:55:22','2020-05-28 20:55:22',NULL),(38,NULL,NULL,'Canadá',1,'2020-05-28 20:55:22','2020-05-28 20:55:22',NULL),(39,NULL,NULL,'Chad',1,'2020-05-28 20:55:22','2020-05-28 20:55:22',NULL),(40,NULL,NULL,'Chile',1,'2020-05-28 20:55:22','2020-05-28 20:55:22',NULL),(41,NULL,NULL,'China',1,'2020-05-28 20:55:22','2020-05-28 20:55:22',NULL),(42,NULL,NULL,'Chipre',1,'2020-05-28 20:55:22','2020-05-28 20:55:22',NULL),(43,NULL,NULL,'Ciudad del Vaticano',1,'2020-05-28 20:55:22','2020-05-28 20:55:22',NULL),(44,NULL,NULL,'Colombia',1,'2020-05-28 20:55:22','2020-05-28 20:55:22',NULL),(45,NULL,NULL,'Comoras',1,'2020-05-28 20:55:22','2020-05-28 20:55:22',NULL),(46,NULL,NULL,'República del Congo',1,'2020-05-28 20:55:22','2020-05-28 20:55:22',NULL),(47,NULL,NULL,'República Democrática del Congo',1,'2020-05-28 20:55:22','2020-05-28 20:55:22',NULL),(48,NULL,NULL,'Corea del Norte',1,'2020-05-28 20:55:22','2020-05-28 20:55:22',NULL),(49,NULL,NULL,'Corea del Sur',1,'2020-05-28 20:55:22','2020-05-28 20:55:22',NULL),(50,NULL,NULL,'Costa de Marfil',1,'2020-05-28 20:55:22','2020-05-28 20:55:22',NULL),(51,NULL,NULL,'Costa Rica',1,'2020-05-28 20:55:22','2020-05-28 20:55:22',NULL);
INSERT INTO `pais` VALUES (52,NULL,NULL,'Croacia',1,'2020-05-28 20:55:22','2020-05-28 20:55:22',NULL),(53,NULL,NULL,'Cuba',1,'2020-05-28 20:55:22','2020-05-28 20:55:22',NULL),(54,NULL,NULL,'Curazao',1,'2020-05-28 20:55:22','2020-05-28 20:55:22',NULL),(55,NULL,NULL,'Dinamarca',1,'2020-05-28 20:55:22','2020-05-28 20:55:22',NULL),(56,NULL,NULL,'Dominica',1,'2020-05-28 20:55:22','2020-05-28 20:55:22',NULL),(57,NULL,NULL,'Ecuador',1,'2020-05-28 20:55:22','2020-05-28 20:55:22',NULL),(58,NULL,NULL,'Egipto',1,'2020-05-28 20:55:22','2020-05-28 20:55:22',NULL),(59,NULL,NULL,'El Salvador',1,'2020-05-28 20:55:22','2020-05-28 20:55:22',NULL),(60,NULL,NULL,'Emiratos Árabes Unidos',1,'2020-05-28 20:55:22','2020-05-28 20:55:22',NULL),(61,NULL,NULL,'Eritrea',1,'2020-05-28 20:55:22','2020-05-28 20:55:22',NULL),(62,NULL,NULL,'Eslovaquia',1,'2020-05-28 20:55:22','2020-05-28 20:55:22',NULL),(63,NULL,NULL,'Eslovenia',1,'2020-05-28 20:55:22','2020-05-28 20:55:22',NULL),(64,NULL,NULL,'España',1,'2020-05-28 20:55:22','2020-05-28 20:55:22',NULL),(65,NULL,NULL,'Estados Unidos de América',1,'2020-05-28 20:55:22','2020-05-28 20:55:22',NULL),(66,NULL,NULL,'Estonia',1,'2020-05-28 20:55:22','2020-05-28 20:55:22',NULL),(67,NULL,NULL,'Etiopía',1,'2020-05-28 20:55:22','2020-05-28 20:55:22',NULL),(68,NULL,NULL,'Filipinas',1,'2020-05-28 20:55:22','2020-05-28 20:55:22',NULL),(69,NULL,NULL,'Finlandia',1,'2020-05-28 20:55:22','2020-05-28 20:55:22',NULL),(70,NULL,NULL,'Fiyi',1,'2020-05-28 20:55:22','2020-05-28 20:55:22',NULL),(71,NULL,NULL,'Francia',1,'2020-05-28 20:55:22','2020-05-28 20:55:22',NULL),(72,NULL,NULL,'Gabón',1,'2020-05-28 20:55:22','2020-05-28 20:55:22',NULL),(73,NULL,NULL,'Gambia',1,'2020-05-28 20:55:22','2020-05-28 20:55:22',NULL),(74,NULL,NULL,'Georgia',1,'2020-05-28 20:55:22','2020-05-28 20:55:22',NULL),(75,NULL,NULL,'Ghana',1,'2020-05-28 20:55:22','2020-05-28 20:55:22',NULL),(76,NULL,NULL,'Gibraltar',1,'2020-05-28 20:55:22','2020-05-28 20:55:22',NULL),(77,NULL,NULL,'Granada',1,'2020-05-28 20:55:22','2020-05-28 20:55:22',NULL),(78,NULL,NULL,'Grecia',1,'2020-05-28 20:55:22','2020-05-28 20:55:22',NULL),(79,NULL,NULL,'Groenlandia',1,'2020-05-28 20:55:22','2020-05-28 20:55:22',NULL),(80,NULL,NULL,'Guadalupe',1,'2020-05-28 20:55:22','2020-05-28 20:55:22',NULL),(81,NULL,NULL,'Guam',1,'2020-05-28 20:55:22','2020-05-28 20:55:22',NULL),(82,NULL,NULL,'Guatemala',1,'2020-05-28 20:55:22','2020-05-28 20:55:22',NULL),(83,NULL,NULL,'Guayana Francesa',1,'2020-05-28 20:55:22','2020-05-28 20:55:22',NULL),(84,NULL,NULL,'Guernsey',1,'2020-05-28 20:55:22','2020-05-28 20:55:22',NULL),(85,NULL,NULL,'Guinea',1,'2020-05-28 20:55:22','2020-05-28 20:55:22',NULL),(86,NULL,NULL,'Guinea Ecuatorial',1,'2020-05-28 20:55:22','2020-05-28 20:55:22',NULL),(87,NULL,NULL,'Guinea-Bissau',1,'2020-05-28 20:55:22','2020-05-28 20:55:22',NULL),(88,NULL,NULL,'Guyana',1,'2020-05-28 20:55:22','2020-05-28 20:55:22',NULL),(89,NULL,NULL,'Haití',1,'2020-05-28 20:55:22','2020-05-28 20:55:22',NULL),(90,NULL,NULL,'Honduras',1,'2020-05-28 20:55:22','2020-05-28 20:55:22',NULL),(91,NULL,NULL,'Hong kong',1,'2020-05-28 20:55:23','2020-05-28 20:55:23',NULL),(92,NULL,NULL,'Hungría',1,'2020-05-28 20:55:23','2020-05-28 20:55:23',NULL),(93,NULL,NULL,'India',1,'2020-05-28 20:55:23','2020-05-28 20:55:23',NULL),(94,NULL,NULL,'Indonesia',1,'2020-05-28 20:55:23','2020-05-28 20:55:23',NULL),(95,NULL,NULL,'Irán',1,'2020-05-28 20:55:23','2020-05-28 20:55:23',NULL),(96,NULL,NULL,'Irak',1,'2020-05-28 20:55:23','2020-05-28 20:55:23',NULL),(97,NULL,NULL,'Irlanda',1,'2020-05-28 20:55:23','2020-05-28 20:55:23',NULL),(98,NULL,NULL,'Isla Bouvet',1,'2020-05-28 20:55:23','2020-05-28 20:55:23',NULL),(99,NULL,NULL,'Isla de Man',1,'2020-05-28 20:55:23','2020-05-28 20:55:23',NULL),(100,NULL,NULL,'Isla de Navidad',1,'2020-05-28 20:55:23','2020-05-28 20:55:23',NULL),(101,NULL,NULL,'Isla Norfolk',1,'2020-05-28 20:55:23','2020-05-28 20:55:23',NULL),(102,NULL,NULL,'Islandia',1,'2020-05-28 20:55:23','2020-05-28 20:55:23',NULL);
INSERT INTO `pais` VALUES (103,NULL,NULL,'Islas Bermudas',1,'2020-05-28 20:55:23','2020-05-28 20:55:23',NULL),(104,NULL,NULL,'Islas Caimán',1,'2020-05-28 20:55:23','2020-05-28 20:55:23',NULL),(105,NULL,NULL,'Islas Cocos (Keeling)',1,'2020-05-28 20:55:23','2020-05-28 20:55:23',NULL),(106,NULL,NULL,'Islas Cook',1,'2020-05-28 20:55:23','2020-05-28 20:55:23',NULL),(107,NULL,NULL,'Islas de Åland',1,'2020-05-28 20:55:23','2020-05-28 20:55:23',NULL),(108,NULL,NULL,'Islas Feroe',1,'2020-05-28 20:55:23','2020-05-28 20:55:23',NULL),(109,NULL,NULL,'Islas Georgias del Sur y Sandwich del Sur',1,'2020-05-28 20:55:23','2020-05-28 20:55:23',NULL),(110,NULL,NULL,'Islas Heard y McDonald',1,'2020-05-28 20:55:23','2020-05-28 20:55:23',NULL),(111,NULL,NULL,'Islas Maldivas',1,'2020-05-28 20:55:23','2020-05-28 20:55:23',NULL),(112,NULL,NULL,'Islas Malvinas',1,'2020-05-28 20:55:23','2020-05-28 20:55:23',NULL),(113,NULL,NULL,'Islas Marianas del Norte',1,'2020-05-28 20:55:23','2020-05-28 20:55:23',NULL),(114,NULL,NULL,'Islas Marshall',1,'2020-05-28 20:55:23','2020-05-28 20:55:23',NULL),(115,NULL,NULL,'Islas Pitcairn',1,'2020-05-28 20:55:23','2020-05-28 20:55:23',NULL),(116,NULL,NULL,'Islas Salomón',1,'2020-05-28 20:55:23','2020-05-28 20:55:23',NULL),(117,NULL,NULL,'Islas Turcas y Caicos',1,'2020-05-28 20:55:23','2020-05-28 20:55:23',NULL),(118,NULL,NULL,'Islas Ultramarinas Menores de Estados Unidos',1,'2020-05-28 20:55:23','2020-05-28 20:55:23',NULL),(119,NULL,NULL,'Islas Vírgenes Británicas',1,'2020-05-28 20:55:23','2020-05-28 20:55:23',NULL),(120,NULL,NULL,'Islas Vírgenes de los Estados Unidos',1,'2020-05-28 20:55:23','2020-05-28 20:55:23',NULL),(121,NULL,NULL,'Israel',1,'2020-05-28 20:55:23','2020-05-28 20:55:23',NULL),(122,NULL,NULL,'Italia',1,'2020-05-28 20:55:23','2020-05-28 20:55:23',NULL),(123,NULL,NULL,'Jamaica',1,'2020-05-28 20:55:23','2020-05-28 20:55:23',NULL),(124,NULL,NULL,'Japón',1,'2020-05-28 20:55:23','2020-05-28 20:55:23',NULL),(125,NULL,NULL,'Jersey',1,'2020-05-28 20:55:23','2020-05-28 20:55:23',NULL),(126,NULL,NULL,'Jordania',1,'2020-05-28 20:55:23','2020-05-28 20:55:23',NULL),(127,NULL,NULL,'Kazajistán',1,'2020-05-28 20:55:23','2020-05-28 20:55:23',NULL),(128,NULL,NULL,'Kenia',1,'2020-05-28 20:55:23','2020-05-28 20:55:23',NULL),(129,NULL,NULL,'Kirguistán',1,'2020-05-28 20:55:23','2020-05-28 20:55:23',NULL),(130,NULL,NULL,'Kiribati',1,'2020-05-28 20:55:23','2020-05-28 20:55:23',NULL),(131,NULL,NULL,'Kuwait',1,'2020-05-28 20:55:23','2020-05-28 20:55:23',NULL),(132,NULL,NULL,'Líbano',1,'2020-05-28 20:55:23','2020-05-28 20:55:23',NULL),(133,NULL,NULL,'Laos',1,'2020-05-28 20:55:23','2020-05-28 20:55:23',NULL),(134,NULL,NULL,'Lesoto',1,'2020-05-28 20:55:23','2020-05-28 20:55:23',NULL),(135,NULL,NULL,'Letonia',1,'2020-05-28 20:55:23','2020-05-28 20:55:23',NULL),(136,NULL,NULL,'Liberia',1,'2020-05-28 20:55:23','2020-05-28 20:55:23',NULL),(137,NULL,NULL,'Libia',1,'2020-05-28 20:55:23','2020-05-28 20:55:23',NULL),(138,NULL,NULL,'Liechtenstein',1,'2020-05-28 20:55:23','2020-05-28 20:55:23',NULL),(139,NULL,NULL,'Lituania',1,'2020-05-28 20:55:23','2020-05-28 20:55:23',NULL),(140,NULL,NULL,'Luxemburgo',1,'2020-05-28 20:55:23','2020-05-28 20:55:23',NULL),(141,NULL,NULL,'México',1,'2020-05-28 20:55:23','2020-05-28 20:55:23',NULL),(142,NULL,NULL,'Mónaco',1,'2020-05-28 20:55:23','2020-05-28 20:55:23',NULL),(143,NULL,NULL,'Macao',1,'2020-05-28 20:55:23','2020-05-28 20:55:23',NULL),(144,NULL,NULL,'Macedônia',1,'2020-05-28 20:55:23','2020-05-28 20:55:23',NULL),(145,NULL,NULL,'Madagascar',1,'2020-05-28 20:55:23','2020-05-28 20:55:23',NULL),(146,NULL,NULL,'Malasia',1,'2020-05-28 20:55:23','2020-05-28 20:55:23',NULL),(147,NULL,NULL,'Malawi',1,'2020-05-28 20:55:23','2020-05-28 20:55:23',NULL),(148,NULL,NULL,'Mali',1,'2020-05-28 20:55:23','2020-05-28 20:55:23',NULL),(149,NULL,NULL,'Malta',1,'2020-05-28 20:55:23','2020-05-28 20:55:23',NULL),(150,NULL,NULL,'Marruecos',1,'2020-05-28 20:55:23','2020-05-28 20:55:23',NULL);
INSERT INTO `pais` VALUES (151,NULL,NULL,'Martinica',1,'2020-05-28 20:55:23','2020-05-28 20:55:23',NULL),(152,NULL,NULL,'Mauricio',1,'2020-05-28 20:55:23','2020-05-28 20:55:23',NULL),(153,NULL,NULL,'Mauritania',1,'2020-05-28 20:55:23','2020-05-28 20:55:23',NULL),(154,NULL,NULL,'Mayotte',1,'2020-05-28 20:55:23','2020-05-28 20:55:23',NULL),(155,NULL,NULL,'Micronesia',1,'2020-05-28 20:55:23','2020-05-28 20:55:23',NULL),(156,NULL,NULL,'Moldavia',1,'2020-05-28 20:55:23','2020-05-28 20:55:23',NULL),(157,NULL,NULL,'Mongolia',1,'2020-05-28 20:55:23','2020-05-28 20:55:23',NULL),(158,NULL,NULL,'Montenegro',1,'2020-05-28 20:55:23','2020-05-28 20:55:23',NULL),(159,NULL,NULL,'Montserrat',1,'2020-05-28 20:55:23','2020-05-28 20:55:23',NULL),(160,NULL,NULL,'Mozambique',1,'2020-05-28 20:55:23','2020-05-28 20:55:23',NULL),(161,NULL,NULL,'Namibia',1,'2020-05-28 20:55:23','2020-05-28 20:55:23',NULL),(162,NULL,NULL,'Nauru',1,'2020-05-28 20:55:23','2020-05-28 20:55:23',NULL),(163,NULL,NULL,'Nepal',1,'2020-05-28 20:55:23','2020-05-28 20:55:23',NULL),(164,NULL,NULL,'Nicaragua',1,'2020-05-28 20:55:23','2020-05-28 20:55:23',NULL),(165,NULL,NULL,'Niger',1,'2020-05-28 20:55:23','2020-05-28 20:55:23',NULL),(166,NULL,NULL,'Nigeria',1,'2020-05-28 20:55:23','2020-05-28 20:55:23',NULL),(167,NULL,NULL,'Niue',1,'2020-05-28 20:55:23','2020-05-28 20:55:23',NULL),(168,NULL,NULL,'Noruega',1,'2020-05-28 20:55:23','2020-05-28 20:55:23',NULL),(169,NULL,NULL,'Nueva Caledonia',1,'2020-05-28 20:55:23','2020-05-28 20:55:23',NULL),(170,NULL,NULL,'Nueva Zelanda',1,'2020-05-28 20:55:23','2020-05-28 20:55:23',NULL),(171,NULL,NULL,'Omán',1,'2020-05-28 20:55:23','2020-05-28 20:55:23',NULL),(172,NULL,NULL,'Países Bajos',1,'2020-05-28 20:55:23','2020-05-28 20:55:23',NULL),(173,NULL,NULL,'Pakistán',1,'2020-05-28 20:55:23','2020-05-28 20:55:23',NULL),(174,NULL,NULL,'Palau',1,'2020-05-28 20:55:23','2020-05-28 20:55:23',NULL),(175,NULL,NULL,'Palestina',1,'2020-05-28 20:55:23','2020-05-28 20:55:23',NULL),(176,NULL,NULL,'Panamá',1,'2020-05-28 20:55:23','2020-05-28 20:55:23',NULL),(177,NULL,NULL,'Papúa Nueva Guinea',1,'2020-05-28 20:55:23','2020-05-28 20:55:23',NULL),(178,NULL,NULL,'Paraguay',1,'2020-05-28 20:55:23','2020-05-28 20:55:23',NULL),(179,NULL,NULL,'Perú',1,'2020-05-28 20:55:23','2020-05-28 20:55:23',NULL),(180,NULL,NULL,'Polinesia Francesa',1,'2020-05-28 20:55:23','2020-05-28 20:55:23',NULL),(181,NULL,NULL,'Polonia',1,'2020-05-28 20:55:23','2020-05-28 20:55:23',NULL),(182,NULL,NULL,'Portugal',1,'2020-05-28 20:55:23','2020-05-28 20:55:23',NULL),(183,NULL,NULL,'Puerto Rico',1,'2020-05-28 20:55:23','2020-05-28 20:55:23',NULL),(184,NULL,NULL,'Qatar',1,'2020-05-28 20:55:23','2020-05-28 20:55:23',NULL),(185,NULL,NULL,'Reino Unido',1,'2020-05-28 20:55:23','2020-05-28 20:55:23',NULL),(186,NULL,NULL,'República Centroafricana',1,'2020-05-28 20:55:23','2020-05-28 20:55:23',NULL),(187,NULL,NULL,'República Checa',1,'2020-05-28 20:55:23','2020-05-28 20:55:23',NULL),(188,NULL,NULL,'República Dominicana',1,'2020-05-28 20:55:23','2020-05-28 20:55:23',NULL),(189,NULL,NULL,'República de Sudán del Sur',1,'2020-05-28 20:55:23','2020-05-28 20:55:23',NULL),(190,NULL,NULL,'Reunión',1,'2020-05-28 20:55:23','2020-05-28 20:55:23',NULL),(191,NULL,NULL,'Ruanda',1,'2020-05-28 20:55:23','2020-05-28 20:55:23',NULL),(192,NULL,NULL,'Rumanía',1,'2020-05-28 20:55:23','2020-05-28 20:55:23',NULL),(193,NULL,NULL,'Rusia',1,'2020-05-28 20:55:23','2020-05-28 20:55:23',NULL),(194,NULL,NULL,'Sahara Occidental',1,'2020-05-28 20:55:23','2020-05-28 20:55:23',NULL),(195,NULL,NULL,'Samoa',1,'2020-05-28 20:55:23','2020-05-28 20:55:23',NULL),(196,NULL,NULL,'Samoa Americana',1,'2020-05-28 20:55:23','2020-05-28 20:55:23',NULL),(197,NULL,NULL,'San Bartolomé',1,'2020-05-28 20:55:23','2020-05-28 20:55:23',NULL),(198,NULL,NULL,'San Cristóbal y Nieves',1,'2020-05-28 20:55:23','2020-05-28 20:55:23',NULL),(199,NULL,NULL,'San Marino',1,'2020-05-28 20:55:23','2020-05-28 20:55:23',NULL);
INSERT INTO `pais` VALUES (200,NULL,NULL,'San Martín (Francia)',1,'2020-05-28 20:55:23','2020-05-28 20:55:23',NULL),(201,NULL,NULL,'San Pedro y Miquelón',1,'2020-05-28 20:55:23','2020-05-28 20:55:23',NULL),(202,NULL,NULL,'San Vicente y las Granadinas',1,'2020-05-28 20:55:23','2020-05-28 20:55:23',NULL),(203,NULL,NULL,'Santa Elena',1,'2020-05-28 20:55:23','2020-05-28 20:55:23',NULL),(204,NULL,NULL,'Santa Lucía',1,'2020-05-28 20:55:23','2020-05-28 20:55:23',NULL),(205,NULL,NULL,'Santo Tomé y Príncipe',1,'2020-05-28 20:55:23','2020-05-28 20:55:23',NULL),(206,NULL,NULL,'Senegal',1,'2020-05-28 20:55:23','2020-05-28 20:55:23',NULL),(207,NULL,NULL,'Serbia',1,'2020-05-28 20:55:23','2020-05-28 20:55:23',NULL),(208,NULL,NULL,'Seychelles',1,'2020-05-28 20:55:23','2020-05-28 20:55:23',NULL),(209,NULL,NULL,'Sierra Leona',1,'2020-05-28 20:55:23','2020-05-28 20:55:23',NULL),(210,NULL,NULL,'Singapur',1,'2020-05-28 20:55:23','2020-05-28 20:55:23',NULL),(211,NULL,NULL,'Sint Maarten',1,'2020-05-28 20:55:23','2020-05-28 20:55:23',NULL),(212,NULL,NULL,'Siria',1,'2020-05-28 20:55:23','2020-05-28 20:55:23',NULL),(213,NULL,NULL,'Somalia',1,'2020-05-28 20:55:23','2020-05-28 20:55:23',NULL),(214,NULL,NULL,'Sri lanka',1,'2020-05-28 20:55:23','2020-05-28 20:55:23',NULL),(215,NULL,NULL,'Sudáfrica',1,'2020-05-28 20:55:23','2020-05-28 20:55:23',NULL),(216,NULL,NULL,'Sudán',1,'2020-05-28 20:55:23','2020-05-28 20:55:23',NULL),(217,NULL,NULL,'Suecia',1,'2020-05-28 20:55:23','2020-05-28 20:55:23',NULL),(218,NULL,NULL,'Suiza',1,'2020-05-28 20:55:23','2020-05-28 20:55:23',NULL),(219,NULL,NULL,'Surinám',1,'2020-05-28 20:55:23','2020-05-28 20:55:23',NULL),(220,NULL,NULL,'Svalbard y Jan Mayen',1,'2020-05-28 20:55:23','2020-05-28 20:55:23',NULL),(221,NULL,NULL,'Swazilandia',1,'2020-05-28 20:55:23','2020-05-28 20:55:23',NULL),(222,NULL,NULL,'Tayikistán',1,'2020-05-28 20:55:23','2020-05-28 20:55:23',NULL),(223,NULL,NULL,'Tailandia',1,'2020-05-28 20:55:23','2020-05-28 20:55:23',NULL),(224,NULL,NULL,'Taiwán',1,'2020-05-28 20:55:23','2020-05-28 20:55:23',NULL),(225,NULL,NULL,'Tanzania',1,'2020-05-28 20:55:23','2020-05-28 20:55:23',NULL),(226,NULL,NULL,'Territorio Británico del Océano Índico',1,'2020-05-28 20:55:23','2020-05-28 20:55:23',NULL),(227,NULL,NULL,'Territorios Australes y Antárticas Franceses',1,'2020-05-28 20:55:23','2020-05-28 20:55:23',NULL),(228,NULL,NULL,'Timor Oriental',1,'2020-05-28 20:55:23','2020-05-28 20:55:23',NULL),(229,NULL,NULL,'Togo',1,'2020-05-28 20:55:23','2020-05-28 20:55:23',NULL),(230,NULL,NULL,'Tokelau',1,'2020-05-28 20:55:23','2020-05-28 20:55:23',NULL),(231,NULL,NULL,'Tonga',1,'2020-05-28 20:55:23','2020-05-28 20:55:23',NULL),(232,NULL,NULL,'Trinidad y Tobago',1,'2020-05-28 20:55:23','2020-05-28 20:55:23',NULL),(233,NULL,NULL,'Tunez',1,'2020-05-28 20:55:23','2020-05-28 20:55:23',NULL),(234,NULL,NULL,'Turkmenistán',1,'2020-05-28 20:55:23','2020-05-28 20:55:23',NULL),(235,NULL,NULL,'Turquía',1,'2020-05-28 20:55:23','2020-05-28 20:55:23',NULL),(236,NULL,NULL,'Tuvalu',1,'2020-05-28 20:55:23','2020-05-28 20:55:23',NULL),(237,NULL,NULL,'Ucrania',1,'2020-05-28 20:55:23','2020-05-28 20:55:23',NULL),(238,NULL,NULL,'Uganda',1,'2020-05-28 20:55:23','2020-05-28 20:55:23',NULL),(239,NULL,NULL,'Uruguay',1,'2020-05-28 20:55:23','2020-05-28 20:55:23',NULL),(240,NULL,NULL,'Uzbekistán',1,'2020-05-28 20:55:23','2020-05-28 20:55:23',NULL),(241,NULL,NULL,'Vanuatu',1,'2020-05-28 20:55:23','2020-05-28 20:55:23',NULL),(242,NULL,NULL,'Venezuela',1,'2020-05-28 20:55:23','2020-05-28 20:55:23',NULL),(243,NULL,NULL,'Vietnam',1,'2020-05-28 20:55:23','2020-05-28 20:55:23',NULL),(244,NULL,NULL,'Wallis y Futuna',1,'2020-05-28 20:55:23','2020-05-28 20:55:23',NULL),(245,NULL,NULL,'Yemen',1,'2020-05-28 20:55:23','2020-05-28 20:55:23',NULL),(246,NULL,NULL,'Yibuti',1,'2020-05-28 20:55:23','2020-05-28 20:55:23',NULL),(247,NULL,NULL,'Zambia',1,'2020-05-28 20:55:23','2020-05-28 20:55:23',NULL),(248,NULL,NULL,'Zimbabue',1,'2020-05-28 20:55:23','2020-05-28 20:55:23',NULL);

--
-- Table structure for table `password_resets`
--

CREATE TABLE `password_resets` (
  `email` varchar(180) COLLATE utf8mb4_unicode_ci NOT NULL,
  `token` varchar(180) COLLATE utf8mb4_unicode_ci NOT NULL,
  `created_at` timestamp NULL DEFAULT NULL,
  UNIQUE KEY `password_resets_email_token_unique` (`email`,`token`),
  KEY `password_resets_email_index` (`email`)
) ENGINE=InnoDB DEFAULT CHARSET=utf8mb4 COLLATE=utf8mb4_unicode_ci;

--
-- Dumping data for table `password_resets`
--


--
-- Table structure for table `path_of_file`
--

CREATE TABLE `path_of_file` (
  `id` int(10) unsigned NOT NULL AUTO_INCREMENT,
  `user_id` int(10) unsigned DEFAULT NULL,
  `person_id` int(10) unsigned DEFAULT NULL,
  `person_id_relationed` int(10) unsigned DEFAULT NULL,
  `path_of_file_name_id` int(10) unsigned DEFAULT NULL,
  `path` longtext COLLATE utf8mb4_unicode_ci,
  `comentario` varchar(191) COLLATE utf8mb4_unicode_ci DEFAULT NULL,
  `descripcion` varchar(191) COLLATE utf8mb4_unicode_ci DEFAULT NULL,
  `created_at` timestamp NULL DEFAULT NULL,
  `updated_at` timestamp NULL DEFAULT NULL,
  `deleted_at` timestamp NULL DEFAULT NULL,
  PRIMARY KEY (`id`),
  KEY `path_of_file_person_id_foreign` (`person_id`),
  KEY `path_of_file_person_id_relationed_foreign` (`person_id_relationed`),
  KEY `path_of_file_path_of_file_name_id_foreign` (`path_of_file_name_id`),
  CONSTRAINT `path_of_file_path_of_file_name_id_foreign` FOREIGN KEY (`path_of_file_name_id`) REFERENCES `path_of_file_names` (`id`),
  CONSTRAINT `path_of_file_person_id_foreign` FOREIGN KEY (`person_id`) REFERENCES `persons` (`id`),
  CONSTRAINT `path_of_file_person_id_relationed_foreign` FOREIGN KEY (`person_id_relationed`) REFERENCES `persons` (`id`)
) ENGINE=InnoDB AUTO_INCREMENT=138 DEFAULT CHARSET=utf8mb4 COLLATE=utf8mb4_unicode_ci;

--
-- Dumping data for table `path_of_file`
--

INSERT INTO `path_of_file` VALUES (1,NULL,NULL,NULL,6,'ERROR',NULL,'Dal Din Norma Gloria Comprobantes Emitidos Mes Pasado','2022-02-19 12:37:27','2022-02-23 10:22:06','2022-02-23 10:22:06'),(2,NULL,NULL,NULL,6,'ERROR',NULL,'Dal Din Norma Gloria Comprobantes Emitidos Mes Pasado','2022-02-19 12:46:27','2022-02-23 10:22:06','2022-02-23 10:22:06'),(3,NULL,NULL,NULL,6,'ERROR',NULL,'Dal Din Norma Gloria Comprobantes Emitidos Mes Pasado','2022-02-19 14:11:10','2022-02-23 10:22:06','2022-02-23 10:22:06'),(4,NULL,NULL,NULL,6,'ERROR',NULL,'Dal Din Norma Gloria Comprobantes Recibidos Mes Pasado','2022-02-19 14:12:25','2022-02-23 10:22:06','2022-02-23 10:22:06'),(5,NULL,NULL,NULL,6,'ERROR',NULL,'Ramallo Luis Comprobantes Emitidos Mes Pasado','2022-02-23 10:12:48','2022-02-23 10:22:06','2022-02-23 10:22:06'),(6,NULL,NULL,NULL,6,'ERROR',NULL,'Ramallo Luis Comprobantes Recibidos Mes Pasado','2022-02-23 10:13:12','2022-02-23 10:22:06','2022-02-23 10:22:06'),(7,NULL,NULL,NULL,6,'<a href=\"https://taxes.com.ar/storage/app/public/puppeteer/27-34436752-9/Mis Comprobantes Emitidos - CUIT 27414306298.xlsx\">DESCARGAR</a>',NULL,'Fugassa Daiana Comprobantes Emitidos Mes Pasado','2022-02-23 10:22:12','2022-03-02 20:33:17','2022-03-02 20:33:17'),(8,NULL,NULL,NULL,6,'<a href=\"https://taxes.com.ar/storage/app/public/puppeteer/27-34436752-9/Mis Comprobantes Emitidos - CUIT 20116235138.xlsx\">DESCARGAR</a>',NULL,'Ramallo Luis Comprobantes Emitidos Mes Pasado','2022-02-23 10:27:48','2022-03-02 20:33:17','2022-03-02 20:33:17'),(9,NULL,NULL,NULL,6,'<a href=\"https://taxes.com.ar/storage/app/public/puppeteer/27-34436752-9/Mis Comprobantes Recibidos - CUIT 20116235138.xlsx\">DESCARGAR</a>',NULL,'Ramallo Luis Comprobantes Recibidos Mes Pasado','2022-02-23 10:27:48','2022-03-02 20:33:17','2022-03-02 20:33:17'),(10,NULL,NULL,NULL,6,'ERROR',NULL,'Maubert Sergio Comprobantes Emitidos Mes Pasado','2022-03-02 17:33:06','2022-03-02 20:33:17','2022-03-02 20:33:17'),(11,NULL,NULL,NULL,6,'ERROR',NULL,'Maubert Sergio Comprobantes Recibidos Mes Pasado','2022-03-02 17:33:16','2022-03-02 20:33:17','2022-03-02 20:33:17'),(12,NULL,NULL,NULL,6,'<a href=\"https://taxes.com.ar/storage/app/public/puppeteer/27-34436752-9/Mis Comprobantes Emitidos - CUIT 20354592666.xlsx\">DESCARGAR</a>',NULL,'Maubert Sergio Comprobantes Emitidos Mes Pasado','2022-03-02 20:09:49','2022-03-02 20:33:17','2022-03-02 20:33:17'),(13,NULL,NULL,NULL,6,'ERROR',NULL,'Dal Din Norma Gloria Comprobantes Emitidos Mes Pasado','2022-03-14 15:12:57','2022-03-15 09:47:40','2022-03-15 09:47:40'),(14,NULL,NULL,NULL,6,'ERROR',NULL,'Gerosa Marisa Veronica Comprobantes Emitidos Mes Pasado','2022-03-14 15:12:57','2022-03-15 09:47:40','2022-03-15 09:47:40'),(15,NULL,NULL,NULL,6,'ERROR',NULL,'Picarelli Maria Paula Comprobantes Emitidos Mes Pasado','2022-03-14 15:12:57','2022-03-15 09:47:40','2022-03-15 09:47:40'),(16,NULL,NULL,NULL,6,'<a href=\"https://taxes.com.ar/storage/app/public/puppeteer/27-34436752-9/Mis Comprobantes Emitidos - CUIT 20138020984.xlsx\">DESCARGAR</a>',NULL,'Mormandi Daniel Horacio Comprobantes Emitidos Mes Pasado','2022-03-14 15:12:57','2022-03-15 09:47:40','2022-03-15 09:47:40'),(17,NULL,NULL,NULL,6,'ERROR',NULL,'Gonzalez Gabriel Comprobantes Emitidos Mes Pasado','2022-03-14 15:12:57','2022-03-15 09:47:40','2022-03-15 09:47:40'),(18,NULL,NULL,NULL,6,'<a href=\"https://taxes.com.ar/storage/app/public/puppeteer/27-34436752-9/Mis Comprobantes Emitidos - CUIT 27215075600.xlsx\">DESCARGAR</a>',NULL,'Fonatanini Gabriela Comprobantes Emitidos Mes Pasado','2022-03-14 15:12:57','2022-03-15 09:47:40','2022-03-15 09:47:40'),(19,NULL,NULL,NULL,6,'<a href=\"https://taxes.com.ar/storage/app/public/puppeteer/27-34436752-9/Mis Comprobantes Emitidos - CUIT 27424481349.xlsx\">DESCARGAR</a>',NULL,'Corrales Laura Comprobantes Emitidos Mes Pasado','2022-03-14 15:12:57','2022-03-15 09:47:40','2022-03-15 09:47:40');
INSERT INTO `path_of_file` VALUES (20,NULL,NULL,NULL,6,'<a href=\"https://taxes.com.ar/storage/app/public/puppeteer/27-34436752-9/Mis Comprobantes Emitidos - CUIT 27414306298.xlsx\">DESCARGAR</a>',NULL,'Fugassa Daiana Comprobantes Emitidos Mes Pasado','2022-03-14 15:12:57','2022-03-15 09:47:40','2022-03-15 09:47:40'),(21,NULL,NULL,NULL,6,'ERROR',NULL,'Prime Raul Comprobantes Emitidos Mes Pasado','2022-03-14 15:12:57','2022-03-15 09:47:40','2022-03-15 09:47:40'),(22,NULL,NULL,NULL,6,'ERROR',NULL,'Heredia Monica Comprobantes Emitidos Mes Pasado','2022-03-14 15:12:57','2022-03-15 09:47:40','2022-03-15 09:47:40'),(23,NULL,NULL,NULL,6,'<a href=\"https://taxes.com.ar/storage/app/public/puppeteer/27-34436752-9/Mis Comprobantes Emitidos - CUIT 20116235138.xlsx\">DESCARGAR</a>',NULL,'Ramallo Luis Comprobantes Emitidos Mes Pasado','2022-03-14 15:12:57','2022-03-15 09:47:40','2022-03-15 09:47:40'),(24,NULL,NULL,NULL,6,'<a href=\"https://taxes.com.ar/storage/app/public/puppeteer/27-34436752-9/Mis Comprobantes Emitidos - CUIT 20313440355.xlsx\">DESCARGAR</a>',NULL,'Mormandi Maximiliano Damian Comprobantes Emitidos Mes Pasado','2022-03-14 15:12:57','2022-03-15 09:47:40','2022-03-15 09:47:40'),(25,NULL,NULL,NULL,6,'<a href=\"https://taxes.com.ar/storage/app/public/puppeteer/27-34436752-9/Mis Comprobantes Emitidos - CUIT 20295809575.xlsx\">DESCARGAR</a>',NULL,'Barro Fernando Comprobantes Emitidos Mes Pasado','2022-03-14 15:12:57','2022-03-15 09:47:40','2022-03-15 09:47:40'),(26,304,NULL,NULL,6,NULL,NULL,'Maubert Sergio Comprobantes Emitidos Mes Pasado','2022-03-14 15:12:57','2022-03-15 09:47:40','2022-03-15 09:47:40'),(27,NULL,NULL,NULL,6,'ERROR',NULL,'Dal Din Norma Gloria Comprobantes Recibidos Mes Pasado','2022-03-14 15:13:06','2022-03-15 09:47:40','2022-03-15 09:47:40'),(28,NULL,NULL,NULL,6,'ERROR',NULL,'Gerosa Marisa Veronica Comprobantes Recibidos Mes Pasado','2022-03-14 15:13:06','2022-03-15 09:47:40','2022-03-15 09:47:40'),(29,NULL,NULL,NULL,6,'ERROR',NULL,'Picarelli Maria Paula Comprobantes Recibidos Mes Pasado','2022-03-14 15:13:06','2022-03-15 09:47:40','2022-03-15 09:47:40'),(30,NULL,NULL,NULL,6,'<a href=\"https://taxes.com.ar/storage/app/public/puppeteer/27-34436752-9/Mis Comprobantes Recibidos - CUIT 20138020984.xlsx\">DESCARGAR</a>',NULL,'Mormandi Daniel Horacio Comprobantes Recibidos Mes Pasado','2022-03-14 15:13:06','2022-03-15 09:47:40','2022-03-15 09:47:40'),(31,NULL,NULL,NULL,6,'ERROR',NULL,'Gonzalez Gabriel Comprobantes Recibidos Mes Pasado','2022-03-14 15:13:06','2022-03-15 09:47:40','2022-03-15 09:47:40'),(32,NULL,NULL,NULL,6,'ERROR',NULL,'Fonatanini Gabriela Comprobantes Recibidos Mes Pasado','2022-03-14 15:13:06','2022-03-15 09:47:40','2022-03-15 09:47:40'),(33,NULL,NULL,NULL,6,'<a href=\"https://taxes.com.ar/storage/app/public/puppeteer/27-34436752-9/Mis Comprobantes Recibidos - CUIT 27424481349.xlsx\">DESCARGAR</a>',NULL,'Corrales Laura Comprobantes Recibidos Mes Pasado','2022-03-14 15:13:06','2022-03-15 09:47:40','2022-03-15 09:47:40'),(34,NULL,NULL,NULL,6,'<a href=\"https://taxes.com.ar/storage/app/public/puppeteer/27-34436752-9/Mis Comprobantes Recibidos - CUIT 27414306298.xlsx\">DESCARGAR</a>',NULL,'Fugassa Daiana Comprobantes Recibidos Mes Pasado','2022-03-14 15:13:06','2022-03-15 09:47:40','2022-03-15 09:47:40'),(35,NULL,NULL,NULL,6,'ERROR',NULL,'Prime Raul Comprobantes Recibidos Mes Pasado','2022-03-14 15:13:06','2022-03-15 09:47:40','2022-03-15 09:47:40'),(36,NULL,NULL,NULL,6,'ERROR',NULL,'Heredia Monica Comprobantes Recibidos Mes Pasado','2022-03-14 15:13:06','2022-03-15 09:47:40','2022-03-15 09:47:40'),(37,NULL,NULL,NULL,6,'<a href=\"https://taxes.com.ar/storage/app/public/puppeteer/27-34436752-9/Mis Comprobantes Recibidos - CUIT 20116235138.xlsx\">DESCARGAR</a>',NULL,'Ramallo Luis Comprobantes Recibidos Mes Pasado','2022-03-14 15:13:06','2022-03-15 09:47:40','2022-03-15 09:47:40');
INSERT INTO `path_of_file` VALUES (38,NULL,NULL,NULL,6,'<a href=\"https://taxes.com.ar/storage/app/public/puppeteer/27-34436752-9/Mis Comprobantes Recibidos - CUIT 20313440355.xlsx\">DESCARGAR</a>',NULL,'Mormandi Maximiliano Damian Comprobantes Recibidos Mes Pasado','2022-03-14 15:13:06','2022-03-15 09:47:40','2022-03-15 09:47:40'),(39,NULL,NULL,NULL,6,'<a href=\"https://taxes.com.ar/storage/app/public/puppeteer/27-34436752-9/Mis Comprobantes Recibidos - CUIT 20295809575.xlsx\">DESCARGAR</a>',NULL,'Barro Fernando Comprobantes Recibidos Mes Pasado','2022-03-14 15:13:06','2022-03-15 09:47:40','2022-03-15 09:47:40'),(40,NULL,NULL,NULL,6,'<a href=\"https://taxes.com.ar/storage/app/public/puppeteer/27-34436752-9/Mis Comprobantes Recibidos - CUIT 20354592666.xlsx\">DESCARGAR</a>',NULL,'Maubert Sergio Comprobantes Recibidos Mes Pasado','2022-03-14 15:13:06','2022-03-15 09:47:40','2022-03-15 09:47:40'),(41,NULL,NULL,NULL,6,'ERROR',NULL,'Dal Din Norma Gloria Comprobantes Recibidos Mes Pasado','2022-03-14 15:13:06','2022-03-15 09:47:40','2022-03-15 09:47:40'),(42,NULL,NULL,NULL,6,'ERROR',NULL,'Gerosa Marisa Veronica Comprobantes Recibidos Mes Pasado','2022-03-14 15:13:06','2022-03-15 09:47:40','2022-03-15 09:47:40'),(43,NULL,NULL,NULL,6,'ERROR',NULL,'Picarelli Maria Paula Comprobantes Recibidos Mes Pasado','2022-03-14 15:13:06','2022-03-15 09:47:40','2022-03-15 09:47:40'),(44,304,NULL,NULL,6,NULL,NULL,'Mormandi Daniel Horacio Comprobantes Recibidos Mes Pasado','2022-03-14 15:13:06','2022-03-15 09:47:40','2022-03-15 09:47:40'),(45,NULL,NULL,NULL,6,'<a href=\"https://taxes.com.ar/storage/app/public/puppeteer/27-34436752-9/Mis Comprobantes Recibidos - CUIT 20288764930.xlsx\">DESCARGAR</a>',NULL,'Gonzalez Gabriel Comprobantes Recibidos Mes Pasado','2022-03-14 15:13:06','2022-03-15 09:47:40','2022-03-15 09:47:40'),(46,NULL,NULL,NULL,6,'<a href=\"https://taxes.com.ar/storage/app/public/puppeteer/27-34436752-9/Mis Comprobantes Recibidos - CUIT 27215075600.xlsx\">DESCARGAR</a>',NULL,'Fonatanini Gabriela Comprobantes Recibidos Mes Pasado','2022-03-14 15:13:06','2022-03-15 09:47:40','2022-03-15 09:47:40'),(47,NULL,NULL,NULL,6,'<a href=\"https://taxes.com.ar/storage/app/public/puppeteer/27-34436752-9/Mis Comprobantes Recibidos - CUIT 27424481349.xlsx\">DESCARGAR</a>',NULL,'Corrales Laura Comprobantes Recibidos Mes Pasado','2022-03-14 15:13:06','2022-03-15 09:47:40','2022-03-15 09:47:40'),(48,NULL,NULL,NULL,6,'<a href=\"https://taxes.com.ar/storage/app/public/puppeteer/27-34436752-9/Mis Comprobantes Recibidos - CUIT 27414306298.xlsx\">DESCARGAR</a>',NULL,'Fugassa Daiana Comprobantes Recibidos Mes Pasado','2022-03-14 15:13:06','2022-03-15 09:47:40','2022-03-15 09:47:40'),(49,NULL,NULL,NULL,6,'ERROR',NULL,'Prime Raul Comprobantes Recibidos Mes Pasado','2022-03-14 15:13:06','2022-03-15 09:47:40','2022-03-15 09:47:40'),(50,NULL,NULL,NULL,6,'ERROR',NULL,'Heredia Monica Comprobantes Recibidos Mes Pasado','2022-03-14 15:13:06','2022-03-15 09:47:40','2022-03-15 09:47:40'),(51,NULL,NULL,NULL,6,'<a href=\"https://taxes.com.ar/storage/app/public/puppeteer/27-34436752-9/Mis Comprobantes Recibidos - CUIT 20116235138.xlsx\">DESCARGAR</a>',NULL,'Ramallo Luis Comprobantes Recibidos Mes Pasado','2022-03-14 15:13:06','2022-03-15 09:47:40','2022-03-15 09:47:40'),(52,304,NULL,NULL,6,NULL,NULL,'Mormandi Maximiliano Damian Comprobantes Recibidos Mes Pasado','2022-03-14 15:13:06','2022-03-15 09:47:40','2022-03-15 09:47:40'),(53,NULL,NULL,NULL,6,'<a href=\"https://taxes.com.ar/storage/app/public/puppeteer/27-34436752-9/Mis Comprobantes Recibidos - CUIT 20295809575.xlsx\">DESCARGAR</a>',NULL,'Barro Fernando Comprobantes Recibidos Mes Pasado','2022-03-14 15:13:06','2022-03-15 09:47:40','2022-03-15 09:47:40'),(54,NULL,NULL,NULL,6,'<a href=\"https://taxes.com.ar/storage/app/public/puppeteer/27-34436752-9/Mis Comprobantes Recibidos - CUIT 20354592666.xlsx\">DESCARGAR</a>',NULL,'Maubert Sergio Comprobantes Recibidos Mes Pasado','2022-03-14 15:13:06','2022-03-15 09:47:40','2022-03-15 09:47:40');
INSERT INTO `path_of_file` VALUES (55,NULL,NULL,NULL,6,'ERROR',NULL,'Dal Din Norma Gloria Comprobantes Emitidos Mes Pasado','2022-03-15 09:18:27','2022-03-15 09:47:40','2022-03-15 09:47:40'),(56,NULL,NULL,NULL,6,'ERROR',NULL,'Dal Din Norma Gloria Comprobantes Emitidos Mes Pasado','2022-03-15 09:20:24','2022-03-15 09:47:40','2022-03-15 09:47:40'),(57,NULL,NULL,NULL,6,'ERROR',NULL,'Gerosa Marisa Veronica Comprobantes Emitidos Mes Pasado','2022-03-15 09:20:24','2022-03-15 09:47:40','2022-03-15 09:47:40'),(58,NULL,NULL,NULL,6,'ERROR',NULL,'Picarelli Maria Paula Comprobantes Emitidos Mes Pasado','2022-03-15 09:20:24','2022-03-15 09:47:40','2022-03-15 09:47:40'),(59,NULL,NULL,NULL,6,'ERROR',NULL,'Gonzalez Gabriel Comprobantes Emitidos Mes Pasado','2022-03-15 09:20:24','2022-03-15 09:47:40','2022-03-15 09:47:40'),(60,NULL,NULL,NULL,6,'ERROR',NULL,'Dal Din Norma Gloria Comprobantes Recibidos Mes Pasado','2022-03-15 09:20:24','2022-03-15 09:47:40','2022-03-15 09:47:40'),(61,NULL,NULL,NULL,6,'ERROR',NULL,'Gerosa Marisa Veronica Comprobantes Recibidos Mes Pasado','2022-03-15 09:20:24','2022-03-15 09:47:40','2022-03-15 09:47:40'),(62,NULL,NULL,NULL,6,'ERROR',NULL,'Picarelli Maria Paula Comprobantes Recibidos Mes Pasado','2022-03-15 09:20:24','2022-03-15 09:47:40','2022-03-15 09:47:40'),(63,NULL,NULL,NULL,6,'<a href=\"https://taxes.com.ar/storage/app/public/puppeteer/27-34436752-9/Mis Comprobantes Recibidos - CUIT 20288764930.xlsx\">DESCARGAR</a>',NULL,'Gonzalez Gabriel Comprobantes Recibidos Mes Pasado','2022-03-15 09:20:24','2022-03-15 09:47:40','2022-03-15 09:47:40'),(64,NULL,NULL,NULL,6,'<a href=\"https://taxes.com.ar/storage/app/public/puppeteer/27-34436752-9/Mis Comprobantes Emitidos - CUIT 20354592666.xlsx\">DESCARGAR</a>',NULL,'Maubert Sergio Comprobantes Emitidos Mes Pasado','2022-03-15 09:48:02','2022-03-15 13:49:15','2022-03-15 13:49:15'),(65,NULL,NULL,NULL,6,'<a href=\"https://taxes.com.ar/storage/app/public/puppeteer/27-34436752-9/Mis Comprobantes Emitidos - CUIT 20295809575.xlsx\">DESCARGAR</a>',NULL,'Barro Fernando Comprobantes Emitidos Mes Pasado','2022-03-15 13:15:49','2022-03-15 13:49:15','2022-03-15 13:49:15'),(66,NULL,NULL,NULL,6,'<a href=\"https://taxes.com.ar/storage/app/public/puppeteer/27-34436752-9/Mis Comprobantes Recibidos - CUIT 20295809575.xlsx\">DESCARGAR</a>',NULL,'Barro Fernando Comprobantes Recibidos Mes Pasado','2022-03-15 13:15:57','2022-03-15 13:49:15','2022-03-15 13:49:15'),(67,NULL,NULL,NULL,6,'<a href=\"https://taxes.com.ar/storage/app/public/puppeteer/27-34436752-9/Mis Comprobantes Emitidos - CUIT 20288764930.xlsx\">DESCARGAR</a>',NULL,'Gonzalez Gabriel Comprobantes Emitidos Mes Pasado','2022-03-15 13:25:54','2022-03-15 13:49:15','2022-03-15 13:49:15'),(68,NULL,NULL,NULL,6,'<a href=\"https://taxes.com.ar/storage/app/public/puppeteer/27-34436752-9/Mis Comprobantes Recibidos - CUIT 20288764930.xlsx\">DESCARGAR</a>',NULL,'Gonzalez Gabriel Comprobantes Recibidos Mes Pasado','2022-03-15 13:25:56','2022-03-15 13:49:15','2022-03-15 13:49:15'),(69,NULL,NULL,NULL,6,'ERROR',NULL,'Dal Din Norma Gloria Comprobantes Emitidos Mes Pasado','2022-03-15 13:47:54','2022-03-15 13:49:15','2022-03-15 13:49:15'),(70,NULL,NULL,NULL,6,'ERROR',NULL,'Dal Din Norma Gloria Comprobantes Recibidos Mes Pasado','2022-03-15 13:47:54','2022-03-15 13:49:15','2022-03-15 13:49:15'),(71,NULL,NULL,NULL,6,'ERROR',NULL,'Gerosa Marisa Veronica Comprobantes Emitidos Mes Pasado','2022-03-15 13:48:02','2022-03-15 13:49:15','2022-03-15 13:49:15'),(72,NULL,NULL,NULL,6,'ERROR',NULL,'Gerosa Marisa Veronica Comprobantes Recibidos Mes Pasado','2022-03-15 13:48:03','2022-03-15 13:49:15','2022-03-15 13:49:15'),(73,NULL,NULL,NULL,6,'<a href=\"https://taxes.com.ar/storage/app/public/puppeteer/27-34436752-9/Mis Comprobantes Emitidos - CUIT 20138020984.xlsx\">DESCARGAR</a>',NULL,'Mormandi Daniel Horacio Comprobantes Emitidos Mes Pasado','2022-03-15 13:48:14','2022-03-15 13:49:15','2022-03-15 13:49:15');
INSERT INTO `path_of_file` VALUES (74,NULL,NULL,NULL,6,'<a href=\"https://taxes.com.ar/storage/app/public/puppeteer/27-34436752-9/Mis Comprobantes Recibidos - CUIT 20138020984.xlsx\">DESCARGAR</a>',NULL,'Mormandi Daniel Horacio Comprobantes Recibidos Mes Pasado','2022-03-15 13:48:16','2022-03-15 13:49:15','2022-03-15 13:49:15'),(75,NULL,NULL,NULL,6,'<a href=\"https://taxes.com.ar/storage/app/public/puppeteer/27-34436752-9/Mis Comprobantes Emitidos - CUIT 20288764930.xlsx\">DESCARGAR</a>',NULL,'Gonzalez Gabriel Comprobantes Emitidos Mes Pasado','2022-03-15 13:49:02','2022-03-15 13:49:49','2022-03-15 13:49:15'),(76,NULL,NULL,NULL,6,'<a href=\"https://taxes.com.ar/storage/app/public/puppeteer/27-34436752-9/Mis Comprobantes Recibidos - CUIT 20288764930.xlsx\">DESCARGAR</a>',NULL,'Gonzalez Gabriel Comprobantes Recibidos Mes Pasado','2022-03-15 13:49:04','2022-03-15 13:49:54','2022-03-15 13:49:15'),(77,NULL,NULL,NULL,6,'ERROR',NULL,'Dal Din Norma Gloria Comprobantes Emitidos Mes Pasado','2022-03-15 13:49:56','2022-03-17 13:39:35','2022-03-17 13:39:35'),(78,NULL,NULL,NULL,6,'ERROR',NULL,'Gerosa Marisa Veronica Comprobantes Emitidos Mes Pasado','2022-03-15 13:49:56','2022-03-17 13:39:35','2022-03-17 13:39:35'),(79,NULL,NULL,NULL,6,'ERROR',NULL,'Picarelli Maria Paula Comprobantes Emitidos Mes Pasado','2022-03-15 13:49:56','2022-03-17 13:39:35','2022-03-17 13:39:35'),(80,NULL,NULL,NULL,6,'<a href=\"https://taxes.com.ar/storage/app/public/puppeteer/27-34436752-9/Mis Comprobantes Emitidos - CUIT 20138020984.xlsx\">DESCARGAR</a>',NULL,'Mormandi Daniel Horacio Comprobantes Emitidos Mes Pasado','2022-03-15 13:49:56','2022-03-17 13:39:35','2022-03-17 13:39:35'),(81,NULL,NULL,NULL,6,'<a href=\"https://taxes.com.ar/storage/app/public/puppeteer/27-34436752-9/Mis Comprobantes Emitidos - CUIT 20288764930.xlsx\">DESCARGAR</a>',NULL,'Gonzalez Gabriel Comprobantes Emitidos Mes Pasado','2022-03-15 13:49:56','2022-03-17 13:39:35','2022-03-17 13:39:35'),(82,NULL,NULL,NULL,6,'<a href=\"https://taxes.com.ar/storage/app/public/puppeteer/27-34436752-9/Mis Comprobantes Emitidos - CUIT 27424481349.xlsx\">DESCARGAR</a>',NULL,'Corrales Laura Comprobantes Emitidos Mes Pasado','2022-03-15 13:49:56','2022-03-17 13:39:35','2022-03-17 13:39:35'),(83,NULL,NULL,NULL,6,'<a href=\"https://taxes.com.ar/storage/app/public/puppeteer/27-34436752-9/Mis Comprobantes Emitidos - CUIT 27414306298.xlsx\">DESCARGAR</a>',NULL,'Fugassa Daiana Comprobantes Emitidos Mes Pasado','2022-03-15 13:49:56','2022-03-17 13:39:35','2022-03-17 13:39:35'),(84,NULL,NULL,NULL,6,'<a href=\"https://taxes.com.ar/storage/app/public/puppeteer/27-34436752-9/Mis Comprobantes Emitidos - CUIT 20313440355.xlsx\">DESCARGAR</a>',NULL,'Mormandi Maximiliano Damian Comprobantes Emitidos Mes Pasado','2022-03-15 13:49:56','2022-03-17 13:39:35','2022-03-17 13:39:35'),(85,NULL,NULL,NULL,6,'<a href=\"https://taxes.com.ar/storage/app/public/puppeteer/27-34436752-9/Mis Comprobantes Recibidos - CUIT 27424481349.xlsx\">DESCARGAR</a>',NULL,'Corrales Laura Comprobantes Recibidos Mes Pasado','2022-03-16 14:28:26','2022-03-17 13:39:35','2022-03-17 13:39:35'),(86,NULL,NULL,NULL,6,'ERROR',NULL,'Gerosa Marisa Veronica Comprobantes Emitidos Mes Pasado','2022-03-17 12:03:46','2022-03-17 13:39:35','2022-03-17 13:39:35'),(87,NULL,NULL,NULL,6,'ERROR',NULL,'Gerosa Marisa Veronica Comprobantes Recibidos Mes Pasado','2022-03-17 12:03:53','2022-03-17 13:39:35','2022-03-17 13:39:35'),(88,NULL,NULL,NULL,6,'ERROR',NULL,'Gerosa Marisa Veronica Comprobantes Emitidos Mes Pasado','2022-03-17 13:39:46','2022-03-17 15:16:22','2022-03-17 15:16:22'),(89,NULL,NULL,NULL,6,'ERROR',NULL,'Gerosa Marisa Veronica Comprobantes Recibidos Mes Pasado','2022-03-17 13:39:46','2022-03-17 15:16:22','2022-03-17 15:16:22'),(90,NULL,NULL,NULL,6,'ERROR',NULL,'Gerosa Marisa Veronica Comprobantes Emitidos Mes Pasado','2022-03-17 15:16:14','2022-03-17 15:16:37','2022-03-17 15:16:22'),(91,NULL,NULL,NULL,6,'ERROR',NULL,'Gerosa Marisa Veronica Comprobantes Recibidos Mes Pasado','2022-03-17 15:16:14','2022-03-17 15:16:39','2022-03-17 15:16:22');
INSERT INTO `path_of_file` VALUES (92,NULL,NULL,NULL,6,'ERROR',NULL,'Gerosa Marisa Veronica Comprobantes Emitidos Mes Pasado','2022-03-17 15:16:24','2022-04-12 10:19:04','2022-04-12 10:19:04'),(93,NULL,NULL,NULL,6,'ERROR',NULL,'Gerosa Marisa Veronica Comprobantes Recibidos Mes Pasado','2022-03-17 15:16:24','2022-04-12 10:19:04','2022-04-12 10:19:04'),(94,NULL,NULL,NULL,6,'ERROR',NULL,'Dal Din Norma Gloria Comprobantes Emitidos Mes Pasado','2022-04-12 10:16:19','2022-04-12 10:19:04','2022-04-12 10:19:04'),(95,NULL,NULL,NULL,6,'ERROR',NULL,'Gerosa Marisa Veronica Comprobantes Emitidos Mes Pasado','2022-04-12 10:16:19','2022-04-12 10:19:04','2022-04-12 10:19:04'),(96,NULL,NULL,NULL,6,'ERROR',NULL,'Picarelli Maria Paula Comprobantes Emitidos Mes Pasado','2022-04-12 10:16:19','2022-04-12 10:19:04','2022-04-12 10:19:04'),(97,NULL,NULL,NULL,6,'ERROR',NULL,'Mormandi Daniel Horacio Comprobantes Emitidos Mes Pasado','2022-04-12 10:16:19','2022-04-12 10:19:04','2022-04-12 10:19:04'),(98,NULL,NULL,NULL,6,'ERROR',NULL,'Gonzalez Gabriel Comprobantes Emitidos Mes Pasado','2022-04-12 10:16:19','2022-04-12 10:19:04','2022-04-12 10:19:04'),(99,NULL,NULL,NULL,6,'ERROR',NULL,'Fonatanini Gabriela Comprobantes Emitidos Mes Pasado','2022-04-12 10:16:19','2022-04-12 10:19:04','2022-04-12 10:19:04'),(100,NULL,NULL,NULL,6,'ERROR',NULL,'Corrales Laura Comprobantes Emitidos Mes Pasado','2022-04-12 10:16:19','2022-04-12 10:19:04','2022-04-12 10:19:04'),(101,NULL,NULL,NULL,6,'ERROR',NULL,'Fugassa Daiana Comprobantes Emitidos Mes Pasado','2022-04-12 10:16:19','2022-04-12 10:19:04','2022-04-12 10:19:04'),(102,NULL,NULL,NULL,6,'ERROR',NULL,'Prime Raul Comprobantes Emitidos Mes Pasado','2022-04-12 10:16:19','2022-04-12 10:19:04','2022-04-12 10:19:04'),(103,NULL,NULL,NULL,6,'ERROR',NULL,'Heredia Monica Comprobantes Emitidos Mes Pasado','2022-04-12 10:16:19','2022-04-12 10:19:04','2022-04-12 10:19:04'),(104,NULL,NULL,NULL,6,'ERROR',NULL,'Ramallo Luis Comprobantes Emitidos Mes Pasado','2022-04-12 10:16:19','2022-04-12 10:19:04','2022-04-12 10:19:04'),(105,NULL,NULL,NULL,6,'<a href=\"https://taxes.com.ar/storage/puppeteer/27-34436752-9/Mis Comprobantes Emitidos - CUIT 20313440355.xlsx\">DESCARGAR</a>',NULL,'Mormandi Maximiliano Damian Comprobantes Emitidos Mes Pasado','2022-04-12 10:16:19','2022-04-12 10:19:04','2022-04-12 10:19:04'),(106,NULL,NULL,NULL,6,'ERROR',NULL,'Barro Fernando Comprobantes Emitidos Mes Pasado','2022-04-12 10:16:19','2022-04-12 10:19:04','2022-04-12 10:19:04'),(107,NULL,NULL,NULL,6,'ERROR',NULL,'Maubert Sergio Comprobantes Emitidos Mes Pasado','2022-04-12 10:16:19','2022-04-12 10:19:04','2022-04-12 10:19:04'),(108,NULL,NULL,NULL,6,'ERROR',NULL,'Mansilla Romina Comprobantes Emitidos Mes Pasado','2022-04-12 10:16:19','2022-04-12 10:19:04','2022-04-12 10:19:04'),(109,NULL,NULL,NULL,6,'ERROR',NULL,'Dal Din Norma Gloria Comprobantes Emitidos Mes Pasado','2022-04-12 10:19:16','2022-04-18 10:17:21','2022-04-18 10:17:21'),(110,NULL,NULL,NULL,6,'ERROR',NULL,'Gerosa Marisa Veronica Comprobantes Emitidos Mes Pasado','2022-04-12 10:19:26','2022-04-18 10:17:21','2022-04-18 10:17:21'),(111,NULL,NULL,NULL,6,'ERROR',NULL,'Picarelli Maria Paula Comprobantes Emitidos Mes Pasado','2022-04-12 10:19:29','2022-04-18 10:17:21','2022-04-18 10:17:21'),(112,NULL,NULL,NULL,6,'ERROR',NULL,'Mormandi Daniel Horacio Comprobantes Emitidos Mes Pasado','2022-04-12 10:19:32','2022-04-18 10:17:21','2022-04-18 10:17:21'),(113,304,NULL,NULL,6,NULL,NULL,'Gonzalez Gabriel Comprobantes Emitidos Mes Pasado','2022-04-12 10:19:33','2022-04-18 10:17:21','2022-04-18 10:17:21'),(114,NULL,NULL,NULL,6,'ERROR',NULL,'Fonatanini Gabriela Comprobantes Emitidos Mes Pasado','2022-04-12 10:19:36','2022-04-18 10:17:21','2022-04-18 10:17:21'),(115,NULL,NULL,NULL,6,'ERROR',NULL,'Corrales Laura Comprobantes Emitidos Mes Pasado','2022-04-12 10:19:38','2022-04-18 10:17:21','2022-04-18 10:17:21'),(116,NULL,NULL,NULL,6,'ERROR',NULL,'Fugassa Daiana Comprobantes Emitidos Mes Pasado','2022-04-12 10:19:39','2022-04-18 10:17:21','2022-04-18 10:17:21');
INSERT INTO `path_of_file` VALUES (117,NULL,NULL,NULL,6,'ERROR',NULL,'Heredia Monica Comprobantes Emitidos Mes Pasado','2022-04-12 10:19:46','2022-04-18 10:17:21','2022-04-18 10:17:21'),(118,NULL,NULL,NULL,6,'<a href=\"https://taxes.com.ar/storage/puppeteer/27-34436752-9/Mis Comprobantes Emitidos - CUIT 20313440355.xlsx\">DESCARGAR</a>',NULL,'Mormandi Maximiliano Damian Comprobantes Emitidos Mes Pasado','2022-04-12 10:19:50','2022-04-18 10:17:21','2022-04-18 10:17:21'),(119,NULL,NULL,NULL,6,'ERROR',NULL,'Barro Fernando Comprobantes Emitidos Mes Pasado','2022-04-12 10:19:52','2022-04-18 10:17:21','2022-04-18 10:17:21'),(120,NULL,NULL,NULL,6,'ERROR',NULL,'Maubert Sergio Comprobantes Emitidos Mes Pasado','2022-04-12 10:19:55','2022-04-18 10:17:21','2022-04-18 10:17:21'),(121,NULL,NULL,NULL,6,'ERROR',NULL,'Mansilla Romina Comprobantes Emitidos Mes Pasado','2022-04-12 10:19:57','2022-04-18 10:17:21','2022-04-18 10:17:21'),(122,NULL,NULL,NULL,6,'<a href=\"https://taxes.com.ar/storage/puppeteer/27-34436752-9/Mis Comprobantes Emitidos - CUIT 20295809575.xlsx\">DESCARGAR</a>',NULL,'Barro Fernando Comprobantes Emitidos Mes Pasado','2022-04-18 10:17:10','2022-04-18 10:18:04','2022-04-18 10:17:21'),(123,NULL,NULL,NULL,6,'ERROR',NULL,'Barro Fernando Comprobantes Emitidos Mes Pasado','2022-04-18 10:17:23','2022-04-18 12:38:44','2022-04-18 12:38:44'),(124,NULL,NULL,NULL,6,'<a href=\"https://taxes.com.ar/storage/puppeteer/27-34436752-9/Mis Comprobantes Recibidos - CUIT 20295809575.xlsx\">DESCARGAR</a>',NULL,'Barro Fernando Comprobantes Recibidos Mes Pasado','2022-04-18 10:17:32','2022-04-18 12:38:44','2022-04-18 12:38:44'),(125,NULL,NULL,NULL,6,'<a href=\"https://taxes.com.ar/storage/puppeteer/27-34436752-9/Mis Comprobantes Emitidos - CUIT 20295809575.xlsx\">DESCARGAR</a>',NULL,'Barro Fernando Comprobantes Emitidos Mes Pasado','2022-04-18 10:29:05','2022-04-18 12:38:44','2022-04-18 12:38:44'),(126,NULL,NULL,NULL,6,'ERROR',NULL,'Maubert Sergio Comprobantes Recibidos Mes Pasado','2022-04-18 12:38:38','2022-04-18 12:39:03','2022-04-18 12:38:44'),(127,NULL,NULL,NULL,6,'ERROR',NULL,'Maubert Sergio Comprobantes Recibidos Mes Pasado','2022-04-18 12:38:46','2022-04-18 12:40:39','2022-04-18 12:40:39'),(128,NULL,NULL,NULL,6,'ERROR',NULL,'Maubert Sergio Comprobantes Recibidos Mes Pasado','2022-04-18 12:39:46','2022-04-18 12:40:39','2022-04-18 12:40:39'),(129,NULL,NULL,NULL,6,'ERROR',NULL,'Maubert Sergio Comprobantes Recibidos Mes Pasado','2022-04-18 12:41:30','2022-04-18 12:42:29','2022-04-18 12:42:29'),(130,NULL,NULL,NULL,6,'ERROR',NULL,'Maubert Sergio Comprobantes Recibidos Mes Pasado','2022-04-18 12:42:30','2022-04-18 12:49:03','2022-04-18 12:49:03'),(131,NULL,NULL,NULL,6,'ERROR',NULL,'Maubert Sergio Comprobantes Recibidos Mes Pasado','2022-04-18 12:47:56','2022-04-18 12:49:03','2022-04-18 12:49:03'),(132,NULL,NULL,NULL,6,'ERROR',NULL,'Corrales Laura Comprobantes Emitidos Mes Pasado','2022-04-19 15:26:05','2022-05-10 10:38:38','2022-05-10 10:38:38'),(133,NULL,NULL,NULL,6,'ERROR',NULL,'Corrales Laura Comprobantes Recibidos Mes Pasado','2022-04-19 15:26:09','2022-05-10 10:38:38','2022-05-10 10:38:38'),(134,NULL,NULL,NULL,6,'ERROR',NULL,'Dal Din Norma Gloria Comprobantes Emitidos Mes Pasado','2022-05-10 10:38:39','2022-05-29 22:23:31','2022-05-29 22:23:31'),(135,NULL,NULL,NULL,6,'ERROR',NULL,'Dal Din Norma Gloria Comprobantes Recibidos Mes Pasado','2022-05-10 10:38:47','2022-05-29 22:23:31','2022-05-29 22:23:31'),(136,NULL,NULL,NULL,6,'ERROR',NULL,'Dal Din Norma Gloria Comprobantes Emitidos Mes Pasado','2022-05-10 11:12:49','2022-05-29 22:23:31','2022-05-29 22:23:31'),(137,NULL,NULL,NULL,6,'ERROR',NULL,'Dal Din Norma Gloria Comprobantes Recibidos Mes Pasado','2022-05-10 11:12:49','2022-05-29 22:23:31','2022-05-29 22:23:31');

--
-- Table structure for table `path_of_file_names`
--

CREATE TABLE `path_of_file_names` (
  `id` int(10) unsigned NOT NULL AUTO_INCREMENT,
  `user_id` int(10) unsigned DEFAULT NULL,
  `descripcion` text COLLATE utf8mb4_unicode_ci NOT NULL,
  `created_at` timestamp NULL DEFAULT NULL,
  `updated_at` timestamp NULL DEFAULT NULL,
  `deleted_at` timestamp NULL DEFAULT NULL,
  PRIMARY KEY (`id`)
) ENGINE=InnoDB AUTO_INCREMENT=14 DEFAULT CHARSET=utf8mb4 COLLATE=utf8mb4_unicode_ci;

--
-- Dumping data for table `path_of_file_names`
--

INSERT INTO `path_of_file_names` VALUES (1,NULL,'Libro IVA Compras - Ventas',NULL,NULL,NULL),(2,NULL,'Libro Diario',NULL,NULL,NULL),(3,NULL,'Mayores',NULL,NULL,NULL),(4,NULL,'Sumas y Saldos',NULL,NULL,NULL),(5,NULL,'Comprobantes Todas las Empresas','2021-06-17 12:33:47','2021-06-17 12:33:47',NULL),(6,NULL,'Bot Mis Comprobantes','2021-07-08 09:29:12','2021-07-08 09:29:12',NULL),(7,NULL,'SICOSS','2022-09-16 11:46:38','2022-09-16 11:46:38',NULL),(13,NULL,'Bot Generar Vep','2022-12-07 07:46:56','2022-12-07 07:46:56',NULL);

--
-- Table structure for table `pay_methods`
--

CREATE TABLE `pay_methods` (
  `id` int(10) unsigned NOT NULL AUTO_INCREMENT,
  `description` varchar(180) COLLATE utf8mb4_unicode_ci NOT NULL,
  `created_at` timestamp NULL DEFAULT NULL,
  `updated_at` timestamp NULL DEFAULT NULL,
  PRIMARY KEY (`id`),
  UNIQUE KEY `pay_methods_description_unique` (`description`)
) ENGINE=InnoDB AUTO_INCREMENT=7 DEFAULT CHARSET=utf8mb4 COLLATE=utf8mb4_unicode_ci;

--
-- Dumping data for table `pay_methods`
--

INSERT INTO `pay_methods` VALUES (1,'INTERBANKING',NULL,NULL),(2,'VEP PAGOMISCUENTAS',NULL,NULL),(3,'VEP REDLINK',NULL,NULL),(4,'FORMULARIO',NULL,NULL),(5,'Mercado Pago','2022-02-19 13:34:43','2022-02-19 13:34:43'),(6,'Efectivo','2022-02-22 14:42:51','2022-02-22 14:42:51');

--
-- Table structure for table `period_liquidation_details`
--

CREATE TABLE `period_liquidation_details` (
  `id` int(10) unsigned NOT NULL AUTO_INCREMENT,
  `user_id` int(10) unsigned DEFAULT NULL,
  `period_liquidation_id` int(10) unsigned NOT NULL,
  `period_id` int(10) unsigned NOT NULL,
  `person_id` int(10) unsigned NOT NULL,
  `zone_id` int(10) unsigned NOT NULL,
  `calculo_iibb` int(10) unsigned NOT NULL DEFAULT '1',
  `actividad_id` int(10) unsigned NOT NULL DEFAULT '1',
  `coef` decimal(16,4) NOT NULL DEFAULT '0.0000',
  `aliquot` decimal(16,4) NOT NULL DEFAULT '0.0000',
  `cm_articulo_regimen_id` int(10) unsigned NOT NULL DEFAULT '1',
  `base_amount` decimal(16,2) NOT NULL DEFAULT '0.00',
  `tax_amount` decimal(16,2) NOT NULL DEFAULT '0.00',
  `previous_period_balance` decimal(16,2) NOT NULL DEFAULT '0.00',
  `sircreb_amount` decimal(16,2) NOT NULL DEFAULT '0.00',
  `perception_amount` decimal(16,2) NOT NULL DEFAULT '0.00',
  `retention_amount` decimal(16,2) NOT NULL DEFAULT '0.00',
  `positive_amount` decimal(16,2) NOT NULL DEFAULT '0.00',
  `negative_amount` decimal(16,2) NOT NULL DEFAULT '0.00',
  `balance` int(11) NOT NULL DEFAULT '0',
  `created_at` timestamp NULL DEFAULT NULL,
  `updated_at` timestamp NULL DEFAULT NULL,
  `deleted_at` timestamp NULL DEFAULT NULL,
  PRIMARY KEY (`id`),
  KEY `period_liquidation_details_period_liquidation_id_foreign` (`period_liquidation_id`),
  KEY `period_liquidation_details_period_id_foreign` (`period_id`),
  KEY `period_liquidation_details_person_id_foreign` (`person_id`),
  KEY `period_liquidation_details_zone_id_foreign` (`zone_id`),
  KEY `period_liquidation_details_actividad_id_foreign` (`actividad_id`),
  KEY `period_liquidation_details_cm_articulo_regimen_id_foreign` (`cm_articulo_regimen_id`),
  CONSTRAINT `period_liquidation_details_actividad_id_foreign` FOREIGN KEY (`actividad_id`) REFERENCES `activities` (`id`),
  CONSTRAINT `period_liquidation_details_cm_articulo_regimen_id_foreign` FOREIGN KEY (`cm_articulo_regimen_id`) REFERENCES `cm_articulos_regimenes` (`id`),
  CONSTRAINT `period_liquidation_details_period_id_foreign` FOREIGN KEY (`period_id`) REFERENCES `periods` (`id`),
  CONSTRAINT `period_liquidation_details_period_liquidation_id_foreign` FOREIGN KEY (`period_liquidation_id`) REFERENCES `period_liquidations` (`id`),
  CONSTRAINT `period_liquidation_details_person_id_foreign` FOREIGN KEY (`person_id`) REFERENCES `persons` (`id`),
  CONSTRAINT `period_liquidation_details_zone_id_foreign` FOREIGN KEY (`zone_id`) REFERENCES `zones` (`id`)
) ENGINE=InnoDB AUTO_INCREMENT=61 DEFAULT CHARSET=utf8mb4 COLLATE=utf8mb4_unicode_ci;

--
-- Dumping data for table `period_liquidation_details`
--

INSERT INTO `period_liquidation_details` VALUES (2,304,3,12937,40726,23,1,232,0.0000,0.0000,1,63990.00,0.00,0.00,0.00,0.00,0.00,0.00,0.00,0,'2022-02-23 10:31:47','2022-02-23 10:31:47',NULL),(22,304,44,28084,40744,23,1,577,0.0000,0.0000,1,850097.25,0.00,0.00,0.00,0.00,0.00,0.00,0.00,0,'2022-03-04 10:01:43','2022-03-04 10:01:43',NULL),(26,304,52,28085,40744,23,1,577,0.0000,0.0000,1,1080136.31,0.00,0.00,0.00,0.00,0.00,0.00,0.00,0,'2022-03-15 11:37:09','2022-03-15 11:37:09',NULL),(29,304,54,26573,40735,23,1,946,0.0000,0.0000,1,9000.00,0.00,0.00,0.00,0.00,0.00,0.00,0.00,0,'2022-03-15 16:39:43','2022-03-15 16:39:43',NULL),(30,304,54,26573,40735,23,1,598,0.0000,0.0000,1,0.00,0.00,0.00,0.00,0.00,0.00,0.00,0.00,0,'2022-03-15 16:39:43','2022-03-15 16:39:43',NULL),(31,304,55,11423,40725,23,1,577,0.0000,0.0000,1,0.00,0.00,0.00,0.00,0.00,0.00,0.00,0.00,0,'2022-03-16 14:28:58','2022-03-16 14:28:58',NULL),(33,304,57,2333,40719,23,1,609,0.0000,0.0000,1,240840.00,0.00,0.00,0.00,0.00,0.00,0.00,0.00,0,'2022-03-17 15:19:49','2022-03-17 15:19:49',NULL),(35,304,59,8393,40723,23,1,481,0.0000,0.0000,1,31919.00,0.00,0.00,0.00,0.00,0.00,0.00,0.00,0,'2022-03-17 15:42:55','2022-03-17 15:42:55',NULL),(36,304,60,26574,40735,23,1,946,0.0000,0.0000,1,37500.00,0.00,0.00,0.00,0.00,0.00,0.00,0.00,0,'2022-04-18 13:28:37','2022-04-18 13:28:37',NULL),(37,304,60,26574,40735,23,1,598,0.0000,0.0000,1,0.00,0.00,0.00,0.00,0.00,0.00,0.00,0.00,0,'2022-04-18 13:28:37','2022-04-18 13:28:37',NULL),(39,304,64,28086,40744,23,1,577,0.0000,0.0000,1,665628.96,0.00,0.00,0.00,0.00,0.00,0.00,0.00,0,'2022-04-18 12:59:34','2022-04-18 12:59:34',NULL),(41,304,66,11424,40725,23,1,577,0.0000,0.0000,1,1257.08,0.00,0.00,0.00,0.00,0.00,0.00,0.00,0,'2022-04-19 15:29:47','2022-04-19 15:29:47',NULL),(43,304,68,2334,40719,23,1,609,0.0000,0.0000,1,194600.00,0.00,0.00,0.00,0.00,0.00,0.00,0.00,0,'2022-04-19 15:35:23','2022-04-19 15:35:23',NULL),(45,304,70,8394,40723,23,1,481,0.0000,0.0000,1,47015.00,0.00,0.00,0.00,0.00,0.00,0.00,0.00,0,'2022-04-19 15:40:31','2022-04-19 15:40:31',NULL),(47,304,72,2239,40718,23,1,702,0.0000,0.0000,1,18740.00,0.00,0.00,0.00,0.00,0.00,0.00,0.00,0,'2022-05-10 11:15:38','2022-05-10 11:15:38',NULL),(50,304,74,26575,40735,23,1,946,0.0000,0.0000,1,8000.00,0.00,0.00,0.00,0.00,0.00,0.00,0.00,0,'2022-05-10 11:19:14','2022-05-10 11:19:14',NULL),(51,304,74,26575,40735,23,1,598,0.0000,0.0000,1,0.00,0.00,0.00,0.00,0.00,0.00,0.00,0.00,0,'2022-05-10 11:19:14','2022-05-10 11:19:14',NULL),(52,304,75,11425,40725,23,1,577,0.0000,0.0000,1,0.00,0.00,0.00,0.00,0.00,0.00,0.00,0.00,0,'2022-05-10 11:25:02','2022-05-10 11:25:02',NULL),(54,304,77,12940,40726,23,1,232,0.0000,0.0000,1,82726.00,0.00,0.00,0.00,0.00,0.00,0.00,0.00,0,'2022-05-10 12:06:47','2022-05-10 12:06:47',NULL),(56,304,79,2335,40719,23,1,609,0.0000,0.0000,1,179815.00,0.00,0.00,0.00,0.00,0.00,0.00,0.00,0,'2022-05-10 12:13:15','2022-05-10 12:13:15',NULL),(58,304,81,8395,40723,23,1,481,0.0000,0.0000,1,28957.33,0.00,0.00,0.00,0.00,0.00,0.00,0.00,0,'2022-05-10 12:14:57','2022-05-10 12:14:57',NULL),(60,304,85,28087,40744,23,1,577,0.0000,0.0000,1,558470.94,0.00,0.00,0.00,0.00,0.00,0.00,0.00,0,'2022-05-10 12:57:39','2022-05-10 12:57:39',NULL);

--
-- Table structure for table `period_liquidation_iibb`
--

CREATE TABLE `period_liquidation_iibb` (
  `id` int(10) unsigned NOT NULL AUTO_INCREMENT,
  `user_id` int(10) unsigned DEFAULT NULL,
  `period_liquidation_id` int(10) unsigned NOT NULL,
  `period_id` int(10) unsigned NOT NULL,
  `person_id` int(10) unsigned NOT NULL,
  `zone_id` int(10) unsigned NOT NULL,
  `base_amount` decimal(16,2) DEFAULT '0.00',
  `impuesto` decimal(16,2) DEFAULT '0.00',
  `saldo_a_favor_ant` decimal(16,2) DEFAULT '0.00',
  `sircreb` decimal(16,2) DEFAULT '0.00',
  `percepciones` decimal(16,2) DEFAULT '0.00',
  `retenciones` decimal(16,2) DEFAULT '0.00',
  `a_pagar` decimal(16,2) DEFAULT '0.00',
  `a_favor` decimal(16,2) DEFAULT '0.00',
  `created_at` timestamp NULL DEFAULT NULL,
  `updated_at` timestamp NULL DEFAULT NULL,
  `deleted_at` timestamp NULL DEFAULT NULL,
  PRIMARY KEY (`id`),
  KEY `period_liquidation_iibb_period_liquidation_id_foreign` (`period_liquidation_id`),
  KEY `period_liquidation_iibb_period_id_foreign` (`period_id`),
  KEY `period_liquidation_iibb_person_id_foreign` (`person_id`),
  KEY `period_liquidation_iibb_zone_id_foreign` (`zone_id`),
  CONSTRAINT `period_liquidation_iibb_period_id_foreign` FOREIGN KEY (`period_id`) REFERENCES `periods` (`id`),
  CONSTRAINT `period_liquidation_iibb_period_liquidation_id_foreign` FOREIGN KEY (`period_liquidation_id`) REFERENCES `period_liquidations` (`id`),
  CONSTRAINT `period_liquidation_iibb_person_id_foreign` FOREIGN KEY (`person_id`) REFERENCES `persons` (`id`),
  CONSTRAINT `period_liquidation_iibb_zone_id_foreign` FOREIGN KEY (`zone_id`) REFERENCES `zones` (`id`)
) ENGINE=InnoDB AUTO_INCREMENT=56 DEFAULT CHARSET=utf8mb4 COLLATE=utf8mb4_unicode_ci;

--
-- Dumping data for table `period_liquidation_iibb`
--

INSERT INTO `period_liquidation_iibb` VALUES (2,304,3,12937,40726,23,63990.00,0.00,0.00,0.00,0.00,0.00,0.00,0.00,'2022-02-23 10:31:47','2022-02-23 10:31:47',NULL),(22,304,44,28084,40744,23,850097.25,0.00,0.00,0.00,109.01,0.00,0.00,109.01,'2022-03-04 10:01:43','2022-03-04 10:01:43',NULL),(26,304,52,28085,40744,23,1080136.31,0.00,109.01,0.00,0.00,0.00,0.00,109.01,'2022-03-15 11:37:09','2022-03-15 11:37:09',NULL),(28,304,54,26573,40735,23,9000.00,0.00,0.00,0.00,0.00,0.00,0.00,0.00,'2022-03-15 16:39:43','2022-03-15 16:39:43',NULL),(29,304,55,11423,40725,23,0.00,0.00,0.00,0.00,0.00,0.00,0.00,0.00,'2022-03-16 14:28:58','2022-03-16 14:28:58',NULL),(31,304,57,2333,40719,23,240840.00,0.00,0.00,0.00,0.00,0.00,0.00,0.00,'2022-03-17 15:19:49','2022-03-17 15:19:49',NULL),(33,304,59,8393,40723,23,31919.00,0.00,0.00,0.00,0.00,0.00,0.00,0.00,'2022-03-17 15:42:55','2022-03-17 15:42:55',NULL),(34,304,60,26574,40735,23,37500.00,0.00,0.00,0.00,0.00,0.00,0.00,0.00,'2022-04-18 13:28:37','2022-04-18 13:28:37',NULL),(36,304,64,28086,40744,23,665628.96,0.00,109.01,0.00,0.00,0.00,0.00,109.01,'2022-04-18 12:59:34','2022-04-18 12:59:34',NULL),(38,304,66,11424,40725,23,1257.08,0.00,0.00,0.00,0.00,0.00,0.00,0.00,'2022-04-19 15:29:47','2022-04-19 15:29:47',NULL),(40,304,68,2334,40719,23,194600.00,0.00,0.00,0.00,0.00,0.00,0.00,0.00,'2022-04-19 15:35:23','2022-04-19 15:35:23',NULL),(42,304,70,8394,40723,23,47015.00,0.00,0.00,0.00,0.00,0.00,0.00,0.00,'2022-04-19 15:40:31','2022-04-19 15:40:31',NULL),(44,304,72,2239,40718,23,18740.00,0.00,0.00,0.00,0.00,0.00,0.00,0.00,'2022-05-10 11:15:38','2022-05-10 11:15:38',NULL),(46,304,74,26575,40735,23,8000.00,0.00,0.00,0.00,0.00,0.00,0.00,0.00,'2022-05-10 11:19:14','2022-05-10 11:19:14',NULL),(47,304,75,11425,40725,23,0.00,0.00,0.00,0.00,0.00,0.00,0.00,0.00,'2022-05-10 11:25:02','2022-05-10 11:25:02',NULL),(49,304,77,12940,40726,23,82726.00,0.00,0.00,0.00,0.00,0.00,0.00,0.00,'2022-05-10 12:06:47','2022-05-10 12:06:47',NULL),(51,304,79,2335,40719,23,179815.00,0.00,0.00,0.00,0.00,0.00,0.00,0.00,'2022-05-10 12:13:15','2022-05-10 12:13:15',NULL),(53,304,81,8395,40723,23,28957.33,0.00,0.00,0.00,0.00,0.00,0.00,0.00,'2022-05-10 12:14:57','2022-05-10 12:14:57',NULL),(55,304,85,28087,40744,23,558470.94,0.00,109.01,0.00,0.00,0.00,0.00,109.01,'2022-05-10 12:57:39','2022-05-10 12:57:39',NULL);

--
-- Table structure for table `period_liquidation_iva`
--

CREATE TABLE `period_liquidation_iva` (
  `id` int(10) unsigned NOT NULL AUTO_INCREMENT,
  `user_id` int(10) unsigned DEFAULT NULL,
  `period_liquidation_id` int(10) unsigned NOT NULL,
  `period_id` int(10) unsigned NOT NULL,
  `person_id` int(10) unsigned NOT NULL,
  `total_debit` decimal(16,2) NOT NULL DEFAULT '0.00',
  `total_debito_mis_comp` decimal(16,2) DEFAULT '0.00',
  `total_credit` decimal(16,2) NOT NULL DEFAULT '0.00',
  `credito_fiscal_comp` decimal(16,2) DEFAULT '0.00',
  `total_credito_mis_comp` decimal(16,2) DEFAULT '0.00',
  `previous_technical` decimal(16,2) NOT NULL DEFAULT '0.00',
  `technical_balance` decimal(16,2) NOT NULL DEFAULT '0.00',
  `previous_free_availability` decimal(16,2) NOT NULL DEFAULT '0.00',
  `retention_amount` decimal(16,2) NOT NULL DEFAULT '0.00',
  `perception_amount` decimal(16,2) NOT NULL DEFAULT '0.00',
  `compensation_amount` decimal(16,2) NOT NULL DEFAULT '0.00',
  `total_perceptions_retentions` decimal(16,2) NOT NULL DEFAULT '0.00',
  `free_availability_balance` decimal(16,2) NOT NULL DEFAULT '0.00',
  `pago_a_cuenta` decimal(16,2) NOT NULL DEFAULT '0.00',
  `negative_amount` decimal(16,2) NOT NULL DEFAULT '0.00',
  `positive_amount` decimal(16,2) NOT NULL DEFAULT '0.00',
  `total_free_availability` decimal(16,2) NOT NULL DEFAULT '0.00',
  `saldo_pago_a_cuenta` decimal(16,2) NOT NULL DEFAULT '0.00',
  `comentarios` text COLLATE utf8mb4_unicode_ci,
  `created_at` timestamp NULL DEFAULT NULL,
  `updated_at` timestamp NULL DEFAULT NULL,
  `deleted_at` timestamp NULL DEFAULT NULL,
  PRIMARY KEY (`id`),
  KEY `period_liquidation_iva_period_liquidation_id_foreign` (`period_liquidation_id`),
  KEY `period_liquidation_iva_period_id_foreign` (`period_id`),
  KEY `period_liquidation_iva_person_id_foreign` (`person_id`),
  CONSTRAINT `period_liquidation_iva_period_id_foreign` FOREIGN KEY (`period_id`) REFERENCES `periods` (`id`),
  CONSTRAINT `period_liquidation_iva_period_liquidation_id_foreign` FOREIGN KEY (`period_liquidation_id`) REFERENCES `period_liquidations` (`id`),
  CONSTRAINT `period_liquidation_iva_person_id_foreign` FOREIGN KEY (`person_id`) REFERENCES `persons` (`id`)
) ENGINE=InnoDB AUTO_INCREMENT=31 DEFAULT CHARSET=utf8mb4 COLLATE=utf8mb4_unicode_ci;

--
-- Dumping data for table `period_liquidation_iva`
--

INSERT INTO `period_liquidation_iva` VALUES (1,304,1,22027,40732,0.00,0.00,0.00,0.00,0.00,0.00,0.00,0.00,0.00,0.00,0.00,0.00,0.00,0.00,0.00,0.00,0.00,0.00,NULL,'2022-02-23 10:29:13','2022-02-23 10:29:13',NULL),(22,304,43,28084,40744,89466.13,0.00,140445.92,0.00,0.00,0.00,50979.78,0.00,0.00,0.00,0.00,0.00,0.00,0.00,0.00,121835.49,0.00,0.00,'.','2022-03-04 10:01:42','2022-03-04 13:02:21',NULL),(26,304,51,28085,40744,113696.08,0.00,115660.64,0.00,0.00,121835.49,123800.05,0.00,0.00,0.00,0.00,0.00,0.00,0.00,0.00,113151.50,0.00,0.00,'ST per = AFIP','2022-03-15 09:55:31','2022-03-15 11:38:15',NULL),(28,304,63,28086,40744,69891.04,0.00,128226.65,0.00,0.00,113151.50,171487.11,0.00,0.00,0.00,0.00,0.00,0.00,0.00,0.00,171487.11,0.00,0.00,NULL,'2022-04-18 12:59:33','2022-04-18 12:59:34',NULL),(30,304,84,28087,40744,59071.42,0.00,120270.60,0.00,0.00,171487.11,232686.29,0.00,0.00,0.00,0.00,0.00,0.00,0.00,0.00,232686.29,0.00,0.00,NULL,'2022-05-10 12:57:38','2022-05-10 12:57:38',NULL);

--
-- Table structure for table `period_liquidation_iva_details`
--

CREATE TABLE `period_liquidation_iva_details` (
  `id` int(10) unsigned NOT NULL AUTO_INCREMENT,
  `user_id` int(10) unsigned DEFAULT NULL,
  `period_liquidation_id` int(10) unsigned NOT NULL,
  `period_liquidation_iva_id` int(10) unsigned NOT NULL,
  `period_id` int(10) unsigned NOT NULL,
  `person_id` int(10) unsigned NOT NULL,
  `activity_id` int(10) unsigned DEFAULT NULL,
  `iva_creditos_tipo_id` int(10) unsigned NOT NULL DEFAULT '1',
  `type` int(10) unsigned NOT NULL,
  `tax_id` int(10) unsigned NOT NULL DEFAULT '0',
  `taxabled_amount` decimal(16,2) NOT NULL DEFAULT '0.00',
  `iva_amount` decimal(16,2) NOT NULL DEFAULT '0.00',
  `created_at` timestamp NULL DEFAULT NULL,
  `updated_at` timestamp NULL DEFAULT NULL,
  `ordr` int(10) unsigned DEFAULT NULL,
  `deleted_at` timestamp NULL DEFAULT NULL,
  PRIMARY KEY (`id`),
  KEY `period_liquidation_iva_details_period_liquidation_iva_id_foreign` (`period_liquidation_iva_id`),
  KEY `period_liquidation_iva_details_period_liquidation_id_foreign` (`period_liquidation_id`),
  KEY `period_liquidation_iva_details_period_id_foreign` (`period_id`),
  KEY `period_liquidation_iva_details_person_id_foreign` (`person_id`),
  KEY `period_liquidation_iva_details_activity_id_foreign` (`activity_id`),
  KEY `period_liquidation_iva_details_iva_creditos_tipo_id_foreign` (`iva_creditos_tipo_id`),
  CONSTRAINT `period_liquidation_iva_details_activity_id_foreign` FOREIGN KEY (`activity_id`) REFERENCES `activities` (`id`),
  CONSTRAINT `period_liquidation_iva_details_iva_creditos_tipo_id_foreign` FOREIGN KEY (`iva_creditos_tipo_id`) REFERENCES `iva_creditos_tipos` (`id`),
  CONSTRAINT `period_liquidation_iva_details_period_id_foreign` FOREIGN KEY (`period_id`) REFERENCES `periods` (`id`),
  CONSTRAINT `period_liquidation_iva_details_period_liquidation_id_foreign` FOREIGN KEY (`period_liquidation_id`) REFERENCES `period_liquidations` (`id`),
  CONSTRAINT `period_liquidation_iva_details_period_liquidation_iva_id_foreign` FOREIGN KEY (`period_liquidation_iva_id`) REFERENCES `period_liquidation_iva` (`id`),
  CONSTRAINT `period_liquidation_iva_details_person_id_foreign` FOREIGN KEY (`person_id`) REFERENCES `persons` (`id`)
) ENGINE=InnoDB AUTO_INCREMENT=7403 DEFAULT CHARSET=utf8mb4 COLLATE=utf8mb4_unicode_ci;

--
-- Dumping data for table `period_liquidation_iva_details`
--

INSERT INTO `period_liquidation_iva_details` VALUES (1,304,1,1,22027,40732,578,1,1,3,0.00,0.00,'2022-02-23 10:29:13','2022-02-23 10:29:13',1,NULL),(2,304,1,1,22027,40732,163,1,1,3,0.00,0.00,'2022-02-23 10:29:13','2022-02-23 10:29:13',1,NULL),(3,304,1,1,22027,40732,163,1,1,2,0.00,0.00,'2022-02-23 10:29:13','2022-02-23 10:29:13',1,NULL),(4,304,1,1,22027,40732,578,1,1,2,0.00,0.00,'2022-02-23 10:29:13','2022-02-23 10:29:13',1,NULL),(5,304,1,1,22027,40732,578,1,1,1,0.00,0.00,'2022-02-23 10:29:13','2022-02-23 10:29:13',1,NULL),(6,304,1,1,22027,40732,163,1,1,1,0.00,0.00,'2022-02-23 10:29:13','2022-02-23 10:29:13',1,NULL),(7,304,1,1,22027,40732,163,1,1,5,0.00,0.00,'2022-02-23 10:29:13','2022-02-23 10:29:13',1,NULL),(8,304,1,1,22027,40732,578,1,1,5,0.00,0.00,'2022-02-23 10:29:13','2022-02-23 10:29:13',1,NULL),(9,304,1,1,22027,40732,578,1,1,4,0.00,0.00,'2022-02-23 10:29:13','2022-02-23 10:29:13',1,NULL),(10,304,1,1,22027,40732,163,1,1,4,0.00,0.00,'2022-02-23 10:29:13','2022-02-23 10:29:13',1,NULL),(11,304,1,1,22027,40732,578,1,1,8,0.00,0.00,'2022-02-23 10:29:13','2022-02-23 10:29:13',1,NULL),(12,304,1,1,22027,40732,163,1,1,8,0.00,0.00,'2022-02-23 10:29:13','2022-02-23 10:29:13',1,NULL),(13,304,1,1,22027,40732,578,1,1,3,0.00,0.00,'2022-02-23 10:29:13','2022-02-23 10:29:13',2,NULL),(14,304,1,1,22027,40732,163,1,1,3,0.00,0.00,'2022-02-23 10:29:13','2022-02-23 10:29:13',2,NULL),(15,304,1,1,22027,40732,578,1,1,2,0.00,0.00,'2022-02-23 10:29:13','2022-02-23 10:29:13',2,NULL),(16,304,1,1,22027,40732,163,1,1,2,0.00,0.00,'2022-02-23 10:29:13','2022-02-23 10:29:13',2,NULL),(17,304,1,1,22027,40732,578,1,1,1,0.00,0.00,'2022-02-23 10:29:13','2022-02-23 10:29:13',2,NULL),(18,304,1,1,22027,40732,163,1,1,1,0.00,0.00,'2022-02-23 10:29:13','2022-02-23 10:29:13',2,NULL),(19,304,1,1,22027,40732,578,1,1,5,0.00,0.00,'2022-02-23 10:29:13','2022-02-23 10:29:13',2,NULL),(20,304,1,1,22027,40732,163,1,1,5,0.00,0.00,'2022-02-23 10:29:13','2022-02-23 10:29:13',2,NULL),(21,304,1,1,22027,40732,163,1,1,4,0.00,0.00,'2022-02-23 10:29:13','2022-02-23 10:29:13',2,NULL),(22,304,1,1,22027,40732,578,1,1,4,0.00,0.00,'2022-02-23 10:29:13','2022-02-23 10:29:13',2,NULL),(23,304,1,1,22027,40732,578,1,1,8,0.00,0.00,'2022-02-23 10:29:13','2022-02-23 10:29:13',2,NULL),(24,304,1,1,22027,40732,163,1,1,8,0.00,0.00,'2022-02-23 10:29:13','2022-02-23 10:29:13',2,NULL),(25,304,1,1,22027,40732,578,1,1,6,0.00,0.00,'2022-02-23 10:29:13','2022-02-23 10:29:13',3,NULL),(26,304,1,1,22027,40732,578,1,1,7,0.00,0.00,'2022-02-23 10:29:13','2022-02-23 10:29:13',3,NULL),(27,304,1,1,22027,40732,163,1,1,6,0.00,0.00,'2022-02-23 10:29:13','2022-02-23 10:29:13',3,NULL),(28,304,1,1,22027,40732,163,1,1,7,0.00,0.00,'2022-02-23 10:29:13','2022-02-23 10:29:13',3,NULL),(29,304,1,1,22027,40732,163,1,1,3,0.00,0.00,'2022-02-23 10:29:13','2022-02-23 10:29:13',4,NULL),(30,304,1,1,22027,40732,578,1,1,3,0.00,0.00,'2022-02-23 10:29:13','2022-02-23 10:29:13',4,NULL),(31,304,1,1,22027,40732,163,1,1,2,0.00,0.00,'2022-02-23 10:29:13','2022-02-23 10:29:13',4,NULL),(32,304,1,1,22027,40732,578,1,1,2,0.00,0.00,'2022-02-23 10:29:13','2022-02-23 10:29:13',4,NULL),(33,304,1,1,22027,40732,578,1,1,1,0.00,0.00,'2022-02-23 10:29:13','2022-02-23 10:29:13',4,NULL),(34,304,1,1,22027,40732,163,1,1,1,0.00,0.00,'2022-02-23 10:29:13','2022-02-23 10:29:13',4,NULL),(35,304,1,1,22027,40732,578,1,1,5,0.00,0.00,'2022-02-23 10:29:13','2022-02-23 10:29:13',4,NULL),(36,304,1,1,22027,40732,163,1,1,5,0.00,0.00,'2022-02-23 10:29:13','2022-02-23 10:29:13',4,NULL),(37,304,1,1,22027,40732,163,1,1,4,0.00,0.00,'2022-02-23 10:29:13','2022-02-23 10:29:13',4,NULL),(38,304,1,1,22027,40732,578,1,1,4,0.00,0.00,'2022-02-23 10:29:13','2022-02-23 10:29:13',4,NULL),(39,304,1,1,22027,40732,578,1,1,8,0.00,0.00,'2022-02-23 10:29:13','2022-02-23 10:29:13',4,NULL),(40,304,1,1,22027,40732,163,1,1,6,0.00,0.00,'2022-02-23 10:29:13','2022-02-23 10:29:13',4,NULL),(41,304,1,1,22027,40732,578,1,1,6,0.00,0.00,'2022-02-23 10:29:13','2022-02-23 10:29:13',4,NULL);
INSERT INTO `period_liquidation_iva_details` VALUES (42,304,1,1,22027,40732,163,1,1,7,0.00,0.00,'2022-02-23 10:29:13','2022-02-23 10:29:13',4,NULL),(43,304,1,1,22027,40732,578,1,1,7,0.00,0.00,'2022-02-23 10:29:13','2022-02-23 10:29:13',4,NULL),(44,304,1,1,22027,40732,163,1,1,8,0.00,0.00,'2022-02-23 10:29:13','2022-02-23 10:29:13',4,NULL),(45,304,1,1,22027,40732,1,3,2,3,0.00,0.00,'2022-02-23 10:29:13','2022-02-23 10:29:13',5,NULL),(46,304,1,1,22027,40732,1,5,2,3,0.00,0.00,'2022-02-23 10:29:13','2022-02-23 10:29:13',5,NULL),(47,304,1,1,22027,40732,1,13,2,3,0.00,0.00,'2022-02-23 10:29:13','2022-02-23 10:29:13',5,NULL),(48,304,1,1,22027,40732,1,9,2,3,0.00,0.00,'2022-02-23 10:29:13','2022-02-23 10:29:13',5,NULL),(49,304,1,1,22027,40732,1,4,2,3,0.00,0.00,'2022-02-23 10:29:13','2022-02-23 10:29:13',5,NULL),(50,304,1,1,22027,40732,1,6,2,3,0.00,0.00,'2022-02-23 10:29:13','2022-02-23 10:29:13',5,NULL),(51,304,1,1,22027,40732,1,14,2,3,0.00,0.00,'2022-02-23 10:29:13','2022-02-23 10:29:13',5,NULL),(52,304,1,1,22027,40732,1,10,2,3,0.00,0.00,'2022-02-23 10:29:13','2022-02-23 10:29:13',5,NULL),(53,304,1,1,22027,40732,1,1,2,3,0.00,0.00,'2022-02-23 10:29:13','2022-02-23 10:29:13',5,NULL),(54,304,1,1,22027,40732,1,7,2,3,0.00,0.00,'2022-02-23 10:29:13','2022-02-23 10:29:13',5,NULL),(55,304,1,1,22027,40732,1,11,2,3,0.00,0.00,'2022-02-23 10:29:13','2022-02-23 10:29:13',5,NULL),(56,304,1,1,22027,40732,1,2,2,3,0.00,0.00,'2022-02-23 10:29:13','2022-02-23 10:29:13',5,NULL),(57,304,1,1,22027,40732,1,8,2,3,0.00,0.00,'2022-02-23 10:29:13','2022-02-23 10:29:13',5,NULL),(58,304,1,1,22027,40732,1,12,2,3,0.00,0.00,'2022-02-23 10:29:13','2022-02-23 10:29:13',5,NULL),(59,304,1,1,22027,40732,1,6,2,2,0.00,0.00,'2022-02-23 10:29:13','2022-02-23 10:29:13',5,NULL),(60,304,1,1,22027,40732,1,14,2,2,0.00,0.00,'2022-02-23 10:29:13','2022-02-23 10:29:13',5,NULL),(61,304,1,1,22027,40732,1,10,2,2,0.00,0.00,'2022-02-23 10:29:13','2022-02-23 10:29:13',5,NULL),(62,304,1,1,22027,40732,1,1,2,2,0.00,0.00,'2022-02-23 10:29:13','2022-02-23 10:29:13',5,NULL),(63,304,1,1,22027,40732,1,7,2,2,0.00,0.00,'2022-02-23 10:29:13','2022-02-23 10:29:13',5,NULL),(64,304,1,1,22027,40732,1,11,2,2,0.00,0.00,'2022-02-23 10:29:13','2022-02-23 10:29:13',5,NULL),(65,304,1,1,22027,40732,1,2,2,2,0.00,0.00,'2022-02-23 10:29:13','2022-02-23 10:29:13',5,NULL),(66,304,1,1,22027,40732,1,8,2,2,0.00,0.00,'2022-02-23 10:29:13','2022-02-23 10:29:13',5,NULL),(67,304,1,1,22027,40732,1,12,2,2,0.00,0.00,'2022-02-23 10:29:13','2022-02-23 10:29:13',5,NULL),(68,304,1,1,22027,40732,1,3,2,2,0.00,0.00,'2022-02-23 10:29:13','2022-02-23 10:29:13',5,NULL),(69,304,1,1,22027,40732,1,13,2,2,0.00,0.00,'2022-02-23 10:29:13','2022-02-23 10:29:13',5,NULL),(70,304,1,1,22027,40732,1,9,2,2,0.00,0.00,'2022-02-23 10:29:13','2022-02-23 10:29:13',5,NULL),(71,304,1,1,22027,40732,1,5,2,2,0.00,0.00,'2022-02-23 10:29:13','2022-02-23 10:29:13',5,NULL),(72,304,1,1,22027,40732,1,4,2,2,0.00,0.00,'2022-02-23 10:29:13','2022-02-23 10:29:13',5,NULL),(73,304,1,1,22027,40732,1,7,2,1,0.00,0.00,'2022-02-23 10:29:13','2022-02-23 10:29:13',5,NULL),(74,304,1,1,22027,40732,1,11,2,1,0.00,0.00,'2022-02-23 10:29:13','2022-02-23 10:29:13',5,NULL),(75,304,1,1,22027,40732,1,2,2,1,0.00,0.00,'2022-02-23 10:29:13','2022-02-23 10:29:13',5,NULL),(76,304,1,1,22027,40732,1,8,2,1,0.00,0.00,'2022-02-23 10:29:13','2022-02-23 10:29:13',5,NULL),(77,304,1,1,22027,40732,1,12,2,1,0.00,0.00,'2022-02-23 10:29:13','2022-02-23 10:29:13',5,NULL),(78,304,1,1,22027,40732,1,3,2,1,0.00,0.00,'2022-02-23 10:29:13','2022-02-23 10:29:13',5,NULL),(79,304,1,1,22027,40732,1,13,2,1,0.00,0.00,'2022-02-23 10:29:13','2022-02-23 10:29:13',5,NULL),(80,304,1,1,22027,40732,1,9,2,1,0.00,0.00,'2022-02-23 10:29:13','2022-02-23 10:29:13',5,NULL),(81,304,1,1,22027,40732,1,5,2,1,0.00,0.00,'2022-02-23 10:29:13','2022-02-23 10:29:13',5,NULL),(82,304,1,1,22027,40732,1,4,2,1,0.00,0.00,'2022-02-23 10:29:13','2022-02-23 10:29:13',5,NULL),(83,304,1,1,22027,40732,1,6,2,1,0.00,0.00,'2022-02-23 10:29:13','2022-02-23 10:29:13',5,NULL);
INSERT INTO `period_liquidation_iva_details` VALUES (84,304,1,1,22027,40732,1,14,2,1,0.00,0.00,'2022-02-23 10:29:13','2022-02-23 10:29:13',5,NULL),(85,304,1,1,22027,40732,1,10,2,1,0.00,0.00,'2022-02-23 10:29:13','2022-02-23 10:29:13',5,NULL),(86,304,1,1,22027,40732,1,1,2,1,0.00,0.00,'2022-02-23 10:29:13','2022-02-23 10:29:13',5,NULL),(87,304,1,1,22027,40732,1,1,2,5,0.00,0.00,'2022-02-23 10:29:13','2022-02-23 10:29:13',5,NULL),(88,304,1,1,22027,40732,1,7,2,5,0.00,0.00,'2022-02-23 10:29:13','2022-02-23 10:29:13',5,NULL),(89,304,1,1,22027,40732,1,11,2,5,0.00,0.00,'2022-02-23 10:29:13','2022-02-23 10:29:13',5,NULL),(90,304,1,1,22027,40732,1,2,2,5,0.00,0.00,'2022-02-23 10:29:13','2022-02-23 10:29:13',5,NULL),(91,304,1,1,22027,40732,1,8,2,5,0.00,0.00,'2022-02-23 10:29:13','2022-02-23 10:29:13',5,NULL),(92,304,1,1,22027,40732,1,12,2,5,0.00,0.00,'2022-02-23 10:29:13','2022-02-23 10:29:13',5,NULL),(93,304,1,1,22027,40732,1,3,2,5,0.00,0.00,'2022-02-23 10:29:13','2022-02-23 10:29:13',5,NULL),(94,304,1,1,22027,40732,1,5,2,5,0.00,0.00,'2022-02-23 10:29:13','2022-02-23 10:29:13',5,NULL),(95,304,1,1,22027,40732,1,13,2,5,0.00,0.00,'2022-02-23 10:29:13','2022-02-23 10:29:13',5,NULL),(96,304,1,1,22027,40732,1,9,2,5,0.00,0.00,'2022-02-23 10:29:13','2022-02-23 10:29:13',5,NULL),(97,304,1,1,22027,40732,1,4,2,5,0.00,0.00,'2022-02-23 10:29:13','2022-02-23 10:29:13',5,NULL),(98,304,1,1,22027,40732,1,6,2,5,0.00,0.00,'2022-02-23 10:29:13','2022-02-23 10:29:13',5,NULL),(99,304,1,1,22027,40732,1,14,2,5,0.00,0.00,'2022-02-23 10:29:13','2022-02-23 10:29:13',5,NULL),(100,304,1,1,22027,40732,1,10,2,5,0.00,0.00,'2022-02-23 10:29:13','2022-02-23 10:29:13',5,NULL),(101,304,1,1,22027,40732,1,2,2,4,0.00,0.00,'2022-02-23 10:29:13','2022-02-23 10:29:13',5,NULL),(102,304,1,1,22027,40732,1,8,2,4,0.00,0.00,'2022-02-23 10:29:13','2022-02-23 10:29:13',5,NULL),(103,304,1,1,22027,40732,1,12,2,4,0.00,0.00,'2022-02-23 10:29:13','2022-02-23 10:29:13',5,NULL),(104,304,1,1,22027,40732,1,3,2,4,0.00,0.00,'2022-02-23 10:29:13','2022-02-23 10:29:13',5,NULL),(105,304,1,1,22027,40732,1,5,2,4,0.00,0.00,'2022-02-23 10:29:13','2022-02-23 10:29:13',5,NULL),(106,304,1,1,22027,40732,1,13,2,4,0.00,0.00,'2022-02-23 10:29:13','2022-02-23 10:29:13',5,NULL),(107,304,1,1,22027,40732,1,9,2,4,0.00,0.00,'2022-02-23 10:29:13','2022-02-23 10:29:13',5,NULL),(108,304,1,1,22027,40732,1,4,2,4,0.00,0.00,'2022-02-23 10:29:13','2022-02-23 10:29:13',5,NULL),(109,304,1,1,22027,40732,1,6,2,4,0.00,0.00,'2022-02-23 10:29:13','2022-02-23 10:29:13',5,NULL),(110,304,1,1,22027,40732,1,14,2,4,0.00,0.00,'2022-02-23 10:29:13','2022-02-23 10:29:13',5,NULL),(111,304,1,1,22027,40732,1,10,2,4,0.00,0.00,'2022-02-23 10:29:13','2022-02-23 10:29:13',5,NULL),(112,304,1,1,22027,40732,1,1,2,4,0.00,0.00,'2022-02-23 10:29:13','2022-02-23 10:29:13',5,NULL),(113,304,1,1,22027,40732,1,7,2,4,0.00,0.00,'2022-02-23 10:29:13','2022-02-23 10:29:13',5,NULL),(114,304,1,1,22027,40732,1,11,2,4,0.00,0.00,'2022-02-23 10:29:13','2022-02-23 10:29:13',5,NULL),(115,304,1,1,22027,40732,1,4,2,6,0.00,0.00,'2022-02-23 10:29:13','2022-02-23 10:29:13',5,NULL),(116,304,1,1,22027,40732,1,3,2,7,0.00,0.00,'2022-02-23 10:29:13','2022-02-23 10:29:13',5,NULL),(117,304,1,1,22027,40732,1,6,2,6,0.00,0.00,'2022-02-23 10:29:13','2022-02-23 10:29:13',5,NULL),(118,304,1,1,22027,40732,1,14,2,6,0.00,0.00,'2022-02-23 10:29:13','2022-02-23 10:29:13',5,NULL),(119,304,1,1,22027,40732,1,2,2,8,0.00,0.00,'2022-02-23 10:29:13','2022-02-23 10:29:13',5,NULL),(120,304,1,1,22027,40732,1,10,2,6,0.00,0.00,'2022-02-23 10:29:13','2022-02-23 10:29:13',5,NULL),(121,304,1,1,22027,40732,1,5,2,7,0.00,0.00,'2022-02-23 10:29:13','2022-02-23 10:29:13',5,NULL),(122,304,1,1,22027,40732,1,13,2,7,0.00,0.00,'2022-02-23 10:29:13','2022-02-23 10:29:13',5,NULL),(123,304,1,1,22027,40732,1,9,2,7,0.00,0.00,'2022-02-23 10:29:13','2022-02-23 10:29:13',5,NULL),(124,304,1,1,22027,40732,1,12,2,8,0.00,0.00,'2022-02-23 10:29:13','2022-02-23 10:29:13',5,NULL),(125,304,1,1,22027,40732,1,8,2,8,0.00,0.00,'2022-02-23 10:29:13','2022-02-23 10:29:13',5,NULL);
INSERT INTO `period_liquidation_iva_details` VALUES (126,304,1,1,22027,40732,1,1,2,6,0.00,0.00,'2022-02-23 10:29:13','2022-02-23 10:29:13',5,NULL),(127,304,1,1,22027,40732,1,4,2,7,0.00,0.00,'2022-02-23 10:29:13','2022-02-23 10:29:13',5,NULL),(128,304,1,1,22027,40732,1,7,2,6,0.00,0.00,'2022-02-23 10:29:13','2022-02-23 10:29:13',5,NULL),(129,304,1,1,22027,40732,1,3,2,8,0.00,0.00,'2022-02-23 10:29:13','2022-02-23 10:29:13',5,NULL),(130,304,1,1,22027,40732,1,11,2,6,0.00,0.00,'2022-02-23 10:29:13','2022-02-23 10:29:13',5,NULL),(131,304,1,1,22027,40732,1,6,2,7,0.00,0.00,'2022-02-23 10:29:13','2022-02-23 10:29:13',5,NULL),(132,304,1,1,22027,40732,1,14,2,7,0.00,0.00,'2022-02-23 10:29:13','2022-02-23 10:29:13',5,NULL),(133,304,1,1,22027,40732,1,10,2,7,0.00,0.00,'2022-02-23 10:29:13','2022-02-23 10:29:13',5,NULL),(134,304,1,1,22027,40732,1,5,2,8,0.00,0.00,'2022-02-23 10:29:13','2022-02-23 10:29:13',5,NULL),(135,304,1,1,22027,40732,1,13,2,8,0.00,0.00,'2022-02-23 10:29:13','2022-02-23 10:29:13',5,NULL),(136,304,1,1,22027,40732,1,9,2,8,0.00,0.00,'2022-02-23 10:29:13','2022-02-23 10:29:13',5,NULL),(137,304,1,1,22027,40732,1,2,2,6,0.00,0.00,'2022-02-23 10:29:13','2022-02-23 10:29:13',5,NULL),(138,304,1,1,22027,40732,1,1,2,7,0.00,0.00,'2022-02-23 10:29:13','2022-02-23 10:29:13',5,NULL),(139,304,1,1,22027,40732,1,8,2,6,0.00,0.00,'2022-02-23 10:29:13','2022-02-23 10:29:13',5,NULL),(140,304,1,1,22027,40732,1,4,2,8,0.00,0.00,'2022-02-23 10:29:13','2022-02-23 10:29:13',5,NULL),(141,304,1,1,22027,40732,1,12,2,6,0.00,0.00,'2022-02-23 10:29:13','2022-02-23 10:29:13',5,NULL),(142,304,1,1,22027,40732,1,7,2,7,0.00,0.00,'2022-02-23 10:29:13','2022-02-23 10:29:13',5,NULL),(143,304,1,1,22027,40732,1,11,2,7,0.00,0.00,'2022-02-23 10:29:13','2022-02-23 10:29:13',5,NULL),(144,304,1,1,22027,40732,1,6,2,8,0.00,0.00,'2022-02-23 10:29:13','2022-02-23 10:29:13',5,NULL),(145,304,1,1,22027,40732,1,14,2,8,0.00,0.00,'2022-02-23 10:29:13','2022-02-23 10:29:13',5,NULL),(146,304,1,1,22027,40732,1,10,2,8,0.00,0.00,'2022-02-23 10:29:13','2022-02-23 10:29:13',5,NULL),(147,304,1,1,22027,40732,1,3,2,6,0.00,0.00,'2022-02-23 10:29:13','2022-02-23 10:29:13',5,NULL),(148,304,1,1,22027,40732,1,2,2,7,0.00,0.00,'2022-02-23 10:29:13','2022-02-23 10:29:13',5,NULL),(149,304,1,1,22027,40732,1,5,2,6,0.00,0.00,'2022-02-23 10:29:13','2022-02-23 10:29:13',5,NULL),(150,304,1,1,22027,40732,1,13,2,6,0.00,0.00,'2022-02-23 10:29:13','2022-02-23 10:29:13',5,NULL),(151,304,1,1,22027,40732,1,1,2,8,0.00,0.00,'2022-02-23 10:29:13','2022-02-23 10:29:13',5,NULL),(152,304,1,1,22027,40732,1,9,2,6,0.00,0.00,'2022-02-23 10:29:13','2022-02-23 10:29:13',5,NULL),(153,304,1,1,22027,40732,1,12,2,7,0.00,0.00,'2022-02-23 10:29:13','2022-02-23 10:29:13',5,NULL),(154,304,1,1,22027,40732,1,8,2,7,0.00,0.00,'2022-02-23 10:29:13','2022-02-23 10:29:13',5,NULL),(155,304,1,1,22027,40732,1,7,2,8,0.00,0.00,'2022-02-23 10:29:13','2022-02-23 10:29:13',5,NULL),(156,304,1,1,22027,40732,1,11,2,8,0.00,0.00,'2022-02-23 10:29:13','2022-02-23 10:29:13',5,NULL),(157,304,1,1,22027,40732,1,7,2,3,0.00,0.00,'2022-02-23 10:29:13','2022-02-23 10:29:13',6,NULL),(158,304,1,1,22027,40732,1,10,2,3,0.00,0.00,'2022-02-23 10:29:13','2022-02-23 10:29:13',6,NULL),(159,304,1,1,22027,40732,1,13,2,3,0.00,0.00,'2022-02-23 10:29:13','2022-02-23 10:29:13',6,NULL),(160,304,1,1,22027,40732,1,3,2,3,0.00,0.00,'2022-02-23 10:29:13','2022-02-23 10:29:13',6,NULL),(161,304,1,1,22027,40732,1,6,2,3,0.00,0.00,'2022-02-23 10:29:13','2022-02-23 10:29:13',6,NULL),(162,304,1,1,22027,40732,1,9,2,3,0.00,0.00,'2022-02-23 10:29:13','2022-02-23 10:29:13',6,NULL),(163,304,1,1,22027,40732,1,12,2,3,0.00,0.00,'2022-02-23 10:29:13','2022-02-23 10:29:13',6,NULL),(164,304,1,1,22027,40732,1,2,2,3,0.00,0.00,'2022-02-23 10:29:13','2022-02-23 10:29:13',6,NULL),(165,304,1,1,22027,40732,1,5,2,3,0.00,0.00,'2022-02-23 10:29:13','2022-02-23 10:29:13',6,NULL),(166,304,1,1,22027,40732,1,8,2,3,0.00,0.00,'2022-02-23 10:29:13','2022-02-23 10:29:13',6,NULL);
INSERT INTO `period_liquidation_iva_details` VALUES (167,304,1,1,22027,40732,1,11,2,3,0.00,0.00,'2022-02-23 10:29:13','2022-02-23 10:29:13',6,NULL),(168,304,1,1,22027,40732,1,14,2,3,0.00,0.00,'2022-02-23 10:29:13','2022-02-23 10:29:13',6,NULL),(169,304,1,1,22027,40732,1,1,2,3,0.00,0.00,'2022-02-23 10:29:13','2022-02-23 10:29:13',6,NULL),(170,304,1,1,22027,40732,1,4,2,3,0.00,0.00,'2022-02-23 10:29:13','2022-02-23 10:29:13',6,NULL),(171,304,1,1,22027,40732,1,6,2,2,0.00,0.00,'2022-02-23 10:29:13','2022-02-23 10:29:13',6,NULL),(172,304,1,1,22027,40732,1,9,2,2,0.00,0.00,'2022-02-23 10:29:13','2022-02-23 10:29:13',6,NULL),(173,304,1,1,22027,40732,1,12,2,2,0.00,0.00,'2022-02-23 10:29:13','2022-02-23 10:29:13',6,NULL),(174,304,1,1,22027,40732,1,2,2,2,0.00,0.00,'2022-02-23 10:29:13','2022-02-23 10:29:13',6,NULL),(175,304,1,1,22027,40732,1,5,2,2,0.00,0.00,'2022-02-23 10:29:13','2022-02-23 10:29:13',6,NULL),(176,304,1,1,22027,40732,1,8,2,2,0.00,0.00,'2022-02-23 10:29:13','2022-02-23 10:29:13',6,NULL),(177,304,1,1,22027,40732,1,11,2,2,0.00,0.00,'2022-02-23 10:29:13','2022-02-23 10:29:13',6,NULL),(178,304,1,1,22027,40732,1,14,2,2,0.00,0.00,'2022-02-23 10:29:13','2022-02-23 10:29:13',6,NULL),(179,304,1,1,22027,40732,1,1,2,2,0.00,0.00,'2022-02-23 10:29:13','2022-02-23 10:29:13',6,NULL),(180,304,1,1,22027,40732,1,4,2,2,0.00,0.00,'2022-02-23 10:29:13','2022-02-23 10:29:13',6,NULL),(181,304,1,1,22027,40732,1,7,2,2,0.00,0.00,'2022-02-23 10:29:13','2022-02-23 10:29:13',6,NULL),(182,304,1,1,22027,40732,1,10,2,2,0.00,0.00,'2022-02-23 10:29:13','2022-02-23 10:29:13',6,NULL),(183,304,1,1,22027,40732,1,13,2,2,0.00,0.00,'2022-02-23 10:29:13','2022-02-23 10:29:13',6,NULL),(184,304,1,1,22027,40732,1,3,2,2,0.00,0.00,'2022-02-23 10:29:13','2022-02-23 10:29:13',6,NULL),(185,304,1,1,22027,40732,1,2,2,1,0.00,0.00,'2022-02-23 10:29:13','2022-02-23 10:29:13',6,NULL),(186,304,1,1,22027,40732,1,5,2,1,0.00,0.00,'2022-02-23 10:29:13','2022-02-23 10:29:13',6,NULL),(187,304,1,1,22027,40732,1,8,2,1,0.00,0.00,'2022-02-23 10:29:13','2022-02-23 10:29:13',6,NULL),(188,304,1,1,22027,40732,1,11,2,1,0.00,0.00,'2022-02-23 10:29:13','2022-02-23 10:29:13',6,NULL),(189,304,1,1,22027,40732,1,14,2,1,0.00,0.00,'2022-02-23 10:29:13','2022-02-23 10:29:13',6,NULL),(190,304,1,1,22027,40732,1,1,2,1,0.00,0.00,'2022-02-23 10:29:13','2022-02-23 10:29:13',6,NULL),(191,304,1,1,22027,40732,1,4,2,1,0.00,0.00,'2022-02-23 10:29:13','2022-02-23 10:29:13',6,NULL),(192,304,1,1,22027,40732,1,7,2,1,0.00,0.00,'2022-02-23 10:29:13','2022-02-23 10:29:13',6,NULL),(193,304,1,1,22027,40732,1,10,2,1,0.00,0.00,'2022-02-23 10:29:13','2022-02-23 10:29:13',6,NULL),(194,304,1,1,22027,40732,1,13,2,1,0.00,0.00,'2022-02-23 10:29:13','2022-02-23 10:29:13',6,NULL),(195,304,1,1,22027,40732,1,3,2,1,0.00,0.00,'2022-02-23 10:29:13','2022-02-23 10:29:13',6,NULL),(196,304,1,1,22027,40732,1,6,2,1,0.00,0.00,'2022-02-23 10:29:13','2022-02-23 10:29:13',6,NULL),(197,304,1,1,22027,40732,1,9,2,1,0.00,0.00,'2022-02-23 10:29:13','2022-02-23 10:29:13',6,NULL),(198,304,1,1,22027,40732,1,12,2,1,0.00,0.00,'2022-02-23 10:29:13','2022-02-23 10:29:13',6,NULL),(199,304,1,1,22027,40732,1,12,2,5,0.00,0.00,'2022-02-23 10:29:13','2022-02-23 10:29:13',6,NULL),(200,304,1,1,22027,40732,1,2,2,5,0.00,0.00,'2022-02-23 10:29:13','2022-02-23 10:29:13',6,NULL),(201,304,1,1,22027,40732,1,5,2,5,0.00,0.00,'2022-02-23 10:29:13','2022-02-23 10:29:13',6,NULL),(202,304,1,1,22027,40732,1,8,2,5,0.00,0.00,'2022-02-23 10:29:13','2022-02-23 10:29:13',6,NULL),(203,304,1,1,22027,40732,1,11,2,5,0.00,0.00,'2022-02-23 10:29:13','2022-02-23 10:29:13',6,NULL),(204,304,1,1,22027,40732,1,14,2,5,0.00,0.00,'2022-02-23 10:29:13','2022-02-23 10:29:13',6,NULL),(205,304,1,1,22027,40732,1,1,2,5,0.00,0.00,'2022-02-23 10:29:13','2022-02-23 10:29:13',6,NULL),(206,304,1,1,22027,40732,1,4,2,5,0.00,0.00,'2022-02-23 10:29:13','2022-02-23 10:29:13',6,NULL),(207,304,1,1,22027,40732,1,7,2,5,0.00,0.00,'2022-02-23 10:29:13','2022-02-23 10:29:13',6,NULL);
INSERT INTO `period_liquidation_iva_details` VALUES (208,304,1,1,22027,40732,1,10,2,5,0.00,0.00,'2022-02-23 10:29:13','2022-02-23 10:29:13',6,NULL),(209,304,1,1,22027,40732,1,13,2,5,0.00,0.00,'2022-02-23 10:29:13','2022-02-23 10:29:13',6,NULL),(210,304,1,1,22027,40732,1,3,2,5,0.00,0.00,'2022-02-23 10:29:13','2022-02-23 10:29:13',6,NULL),(211,304,1,1,22027,40732,1,6,2,5,0.00,0.00,'2022-02-23 10:29:13','2022-02-23 10:29:13',6,NULL),(212,304,1,1,22027,40732,1,9,2,5,0.00,0.00,'2022-02-23 10:29:13','2022-02-23 10:29:13',6,NULL),(213,304,1,1,22027,40732,1,11,2,4,0.00,0.00,'2022-02-23 10:29:13','2022-02-23 10:29:13',6,NULL),(214,304,1,1,22027,40732,1,14,2,4,0.00,0.00,'2022-02-23 10:29:13','2022-02-23 10:29:13',6,NULL),(215,304,1,1,22027,40732,1,1,2,4,0.00,0.00,'2022-02-23 10:29:13','2022-02-23 10:29:13',6,NULL),(216,304,1,1,22027,40732,1,4,2,4,0.00,0.00,'2022-02-23 10:29:13','2022-02-23 10:29:13',6,NULL),(217,304,1,1,22027,40732,1,7,2,4,0.00,0.00,'2022-02-23 10:29:13','2022-02-23 10:29:13',6,NULL),(218,304,1,1,22027,40732,1,10,2,4,0.00,0.00,'2022-02-23 10:29:13','2022-02-23 10:29:13',6,NULL),(219,304,1,1,22027,40732,1,13,2,4,0.00,0.00,'2022-02-23 10:29:13','2022-02-23 10:29:13',6,NULL),(220,304,1,1,22027,40732,1,3,2,4,0.00,0.00,'2022-02-23 10:29:13','2022-02-23 10:29:13',6,NULL),(221,304,1,1,22027,40732,1,6,2,4,0.00,0.00,'2022-02-23 10:29:13','2022-02-23 10:29:13',6,NULL),(222,304,1,1,22027,40732,1,9,2,4,0.00,0.00,'2022-02-23 10:29:13','2022-02-23 10:29:13',6,NULL),(223,304,1,1,22027,40732,1,12,2,4,0.00,0.00,'2022-02-23 10:29:13','2022-02-23 10:29:13',6,NULL),(224,304,1,1,22027,40732,1,2,2,4,0.00,0.00,'2022-02-23 10:29:13','2022-02-23 10:29:13',6,NULL),(225,304,1,1,22027,40732,1,5,2,4,0.00,0.00,'2022-02-23 10:29:13','2022-02-23 10:29:13',6,NULL),(226,304,1,1,22027,40732,1,8,2,4,0.00,0.00,'2022-02-23 10:29:13','2022-02-23 10:29:13',6,NULL),(227,304,1,1,22027,40732,1,3,2,8,0.00,0.00,'2022-02-23 10:29:13','2022-02-23 10:29:13',6,NULL),(228,304,1,1,22027,40732,1,6,2,8,0.00,0.00,'2022-02-23 10:29:13','2022-02-23 10:29:13',6,NULL),(229,304,1,1,22027,40732,1,9,2,8,0.00,0.00,'2022-02-23 10:29:13','2022-02-23 10:29:13',6,NULL),(230,304,1,1,22027,40732,1,12,2,8,0.00,0.00,'2022-02-23 10:29:13','2022-02-23 10:29:13',6,NULL),(231,304,1,1,22027,40732,1,2,2,8,0.00,0.00,'2022-02-23 10:29:13','2022-02-23 10:29:13',6,NULL),(232,304,1,1,22027,40732,1,5,2,8,0.00,0.00,'2022-02-23 10:29:13','2022-02-23 10:29:13',6,NULL),(233,304,1,1,22027,40732,1,8,2,8,0.00,0.00,'2022-02-23 10:29:13','2022-02-23 10:29:13',6,NULL),(234,304,1,1,22027,40732,1,11,2,8,0.00,0.00,'2022-02-23 10:29:13','2022-02-23 10:29:13',6,NULL),(235,304,1,1,22027,40732,1,14,2,8,0.00,0.00,'2022-02-23 10:29:13','2022-02-23 10:29:13',6,NULL),(236,304,1,1,22027,40732,1,1,2,8,0.00,0.00,'2022-02-23 10:29:13','2022-02-23 10:29:13',6,NULL),(237,304,1,1,22027,40732,1,4,2,8,0.00,0.00,'2022-02-23 10:29:13','2022-02-23 10:29:13',6,NULL),(238,304,1,1,22027,40732,1,7,2,8,0.00,0.00,'2022-02-23 10:29:13','2022-02-23 10:29:13',6,NULL),(239,304,1,1,22027,40732,1,10,2,8,0.00,0.00,'2022-02-23 10:29:13','2022-02-23 10:29:13',6,NULL),(240,304,1,1,22027,40732,1,13,2,8,0.00,0.00,'2022-02-23 10:29:13','2022-02-23 10:29:13',6,NULL),(241,304,1,1,22027,40732,1,1,2,6,0.00,0.00,'2022-02-23 10:29:13','2022-02-23 10:29:13',7,NULL),(242,304,1,1,22027,40732,1,13,2,7,0.00,0.00,'2022-02-23 10:29:13','2022-02-23 10:29:13',7,NULL),(243,304,1,1,22027,40732,1,10,2,6,0.00,0.00,'2022-02-23 10:29:13','2022-02-23 10:29:13',7,NULL),(244,304,1,1,22027,40732,1,6,2,7,0.00,0.00,'2022-02-23 10:29:13','2022-02-23 10:29:13',7,NULL),(245,304,1,1,22027,40732,1,3,2,6,0.00,0.00,'2022-02-23 10:29:13','2022-02-23 10:29:13',7,NULL),(246,304,1,1,22027,40732,1,12,2,6,0.00,0.00,'2022-02-23 10:29:13','2022-02-23 10:29:13',7,NULL),(247,304,1,1,22027,40732,1,8,2,7,0.00,0.00,'2022-02-23 10:29:13','2022-02-23 10:29:13',7,NULL),(248,304,1,1,22027,40732,1,5,2,6,0.00,0.00,'2022-02-23 10:29:13','2022-02-23 10:29:13',7,NULL);
INSERT INTO `period_liquidation_iva_details` VALUES (249,304,1,1,22027,40732,1,1,2,7,0.00,0.00,'2022-02-23 10:29:13','2022-02-23 10:29:13',7,NULL),(250,304,1,1,22027,40732,1,14,2,6,0.00,0.00,'2022-02-23 10:29:13','2022-02-23 10:29:13',7,NULL),(251,304,1,1,22027,40732,1,10,2,7,0.00,0.00,'2022-02-23 10:29:13','2022-02-23 10:29:13',7,NULL),(252,304,1,1,22027,40732,1,7,2,6,0.00,0.00,'2022-02-23 10:29:13','2022-02-23 10:29:13',7,NULL),(253,304,1,1,22027,40732,1,3,2,7,0.00,0.00,'2022-02-23 10:29:13','2022-02-23 10:29:13',7,NULL),(254,304,1,1,22027,40732,1,12,2,7,0.00,0.00,'2022-02-23 10:29:13','2022-02-23 10:29:13',7,NULL),(255,304,1,1,22027,40732,1,9,2,6,0.00,0.00,'2022-02-23 10:29:13','2022-02-23 10:29:13',7,NULL),(256,304,1,1,22027,40732,1,5,2,7,0.00,0.00,'2022-02-23 10:29:13','2022-02-23 10:29:13',7,NULL),(257,304,1,1,22027,40732,1,2,2,6,0.00,0.00,'2022-02-23 10:29:13','2022-02-23 10:29:13',7,NULL),(258,304,1,1,22027,40732,1,14,2,7,0.00,0.00,'2022-02-23 10:29:13','2022-02-23 10:29:13',7,NULL),(259,304,1,1,22027,40732,1,11,2,6,0.00,0.00,'2022-02-23 10:29:13','2022-02-23 10:29:13',7,NULL),(260,304,1,1,22027,40732,1,7,2,7,0.00,0.00,'2022-02-23 10:29:13','2022-02-23 10:29:13',7,NULL),(261,304,1,1,22027,40732,1,4,2,6,0.00,0.00,'2022-02-23 10:29:13','2022-02-23 10:29:13',7,NULL),(262,304,1,1,22027,40732,1,13,2,6,0.00,0.00,'2022-02-23 10:29:13','2022-02-23 10:29:13',7,NULL),(263,304,1,1,22027,40732,1,9,2,7,0.00,0.00,'2022-02-23 10:29:13','2022-02-23 10:29:13',7,NULL),(264,304,1,1,22027,40732,1,6,2,6,0.00,0.00,'2022-02-23 10:29:13','2022-02-23 10:29:13',7,NULL),(265,304,1,1,22027,40732,1,2,2,7,0.00,0.00,'2022-02-23 10:29:13','2022-02-23 10:29:13',7,NULL),(266,304,1,1,22027,40732,1,11,2,7,0.00,0.00,'2022-02-23 10:29:13','2022-02-23 10:29:13',7,NULL),(267,304,1,1,22027,40732,1,8,2,6,0.00,0.00,'2022-02-23 10:29:13','2022-02-23 10:29:13',7,NULL),(268,304,1,1,22027,40732,1,4,2,7,0.00,0.00,'2022-02-23 10:29:13','2022-02-23 10:29:13',7,NULL),(5189,304,43,22,28084,40744,577,1,1,3,0.00,0.00,'2022-03-04 16:01:42','2022-03-04 16:01:42',1,NULL),(5190,304,43,22,28084,40744,577,1,1,2,0.00,0.00,'2022-03-04 16:01:42','2022-03-04 16:01:42',1,NULL),(5191,304,43,22,28084,40744,577,1,1,1,0.00,0.00,'2022-03-04 16:01:42','2022-03-04 16:01:42',1,NULL),(5192,304,43,22,28084,40744,577,1,1,5,0.00,0.00,'2022-03-04 16:01:42','2022-03-04 16:01:42',1,NULL),(5193,304,43,22,28084,40744,577,1,1,4,0.00,0.00,'2022-03-04 16:01:42','2022-03-04 16:01:42',1,NULL),(5194,304,43,22,28084,40744,577,1,1,8,0.00,0.00,'2022-03-04 16:01:42','2022-03-04 16:01:42',1,NULL),(5195,304,43,22,28084,40744,577,1,1,3,0.00,0.00,'2022-03-04 16:01:42','2022-03-04 16:01:42',2,NULL),(5196,304,43,22,28084,40744,577,1,1,2,1961.15,411.84,'2022-03-04 16:01:42','2022-03-04 16:01:42',2,NULL),(5197,304,43,22,28084,40744,577,1,1,1,848136.10,89054.29,'2022-03-04 16:01:42','2022-03-04 16:01:42',2,NULL),(5198,304,43,22,28084,40744,577,1,1,5,0.00,0.00,'2022-03-04 16:01:42','2022-03-04 16:01:42',2,NULL),(5199,304,43,22,28084,40744,577,1,1,4,0.00,0.00,'2022-03-04 16:01:42','2022-03-04 16:01:42',2,NULL),(5200,304,43,22,28084,40744,577,1,1,8,0.00,0.00,'2022-03-04 16:01:42','2022-03-04 16:01:42',2,NULL),(5201,304,43,22,28084,40744,577,1,1,6,0.00,0.00,'2022-03-04 16:01:42','2022-03-04 16:01:42',3,NULL),(5202,304,43,22,28084,40744,577,1,1,7,0.00,0.00,'2022-03-04 16:01:42','2022-03-04 16:01:42',3,NULL),(5203,304,43,22,28084,40744,577,1,1,3,0.00,0.00,'2022-03-04 16:01:42','2022-03-04 16:01:42',4,NULL),(5204,304,43,22,28084,40744,577,1,1,2,0.00,0.00,'2022-03-04 16:01:42','2022-03-04 16:01:42',4,NULL),(5205,304,43,22,28084,40744,577,1,1,1,0.00,0.00,'2022-03-04 16:01:42','2022-03-04 16:01:42',4,NULL),(5206,304,43,22,28084,40744,577,1,1,5,0.00,0.00,'2022-03-04 16:01:42','2022-03-04 16:01:42',4,NULL),(5207,304,43,22,28084,40744,577,1,1,4,0.00,0.00,'2022-03-04 16:01:42','2022-03-04 16:01:42',4,NULL),(5208,304,43,22,28084,40744,577,1,1,6,0.00,0.00,'2022-03-04 16:01:42','2022-03-04 16:01:42',4,NULL);
INSERT INTO `period_liquidation_iva_details` VALUES (5209,304,43,22,28084,40744,577,1,1,7,0.00,0.00,'2022-03-04 16:01:42','2022-03-04 16:01:42',4,NULL),(5210,304,43,22,28084,40744,577,1,1,8,0.00,0.00,'2022-03-04 16:01:42','2022-03-04 16:01:42',4,NULL),(5211,304,43,22,28084,40744,1,4,2,3,0.00,0.00,'2022-03-04 16:01:42','2022-03-04 16:01:42',5,NULL),(5212,304,43,22,28084,40744,1,11,2,3,0.00,0.00,'2022-03-04 16:01:42','2022-03-04 16:01:42',5,NULL),(5213,304,43,22,28084,40744,1,7,2,3,0.00,0.00,'2022-03-04 16:01:42','2022-03-04 16:01:42',5,NULL),(5214,304,43,22,28084,40744,1,1,2,3,0.00,0.00,'2022-03-04 16:01:42','2022-03-04 16:01:42',5,NULL),(5215,304,43,22,28084,40744,1,8,2,3,0.00,0.00,'2022-03-04 16:01:42','2022-03-04 16:01:42',5,NULL),(5216,304,43,22,28084,40744,1,12,2,3,0.00,0.00,'2022-03-04 16:01:42','2022-03-04 16:01:42',5,NULL),(5217,304,43,22,28084,40744,1,2,2,3,0.00,0.00,'2022-03-04 16:01:42','2022-03-04 16:01:42',5,NULL),(5218,304,43,22,28084,40744,1,9,2,3,0.00,0.00,'2022-03-04 16:01:42','2022-03-04 16:01:42',5,NULL),(5219,304,43,22,28084,40744,1,5,2,3,0.00,0.00,'2022-03-04 16:01:42','2022-03-04 16:01:42',5,NULL),(5220,304,43,22,28084,40744,1,13,2,3,0.00,0.00,'2022-03-04 16:01:42','2022-03-04 16:01:42',5,NULL),(5221,304,43,22,28084,40744,1,3,2,3,0.00,0.00,'2022-03-04 16:01:42','2022-03-04 16:01:42',5,NULL),(5222,304,43,22,28084,40744,1,10,2,3,0.00,0.00,'2022-03-04 16:01:42','2022-03-04 16:01:42',5,NULL),(5223,304,43,22,28084,40744,1,6,2,3,0.00,0.00,'2022-03-04 16:01:42','2022-03-04 16:01:42',5,NULL),(5224,304,43,22,28084,40744,1,14,2,3,0.00,0.00,'2022-03-04 16:01:42','2022-03-04 16:01:42',5,NULL),(5225,304,43,22,28084,40744,1,12,2,2,0.00,0.00,'2022-03-04 16:01:42','2022-03-04 16:01:42',5,NULL),(5226,304,43,22,28084,40744,1,8,2,2,0.00,0.00,'2022-03-04 16:01:42','2022-03-04 16:01:42',5,NULL),(5227,304,43,22,28084,40744,1,2,2,2,0.00,0.00,'2022-03-04 16:01:42','2022-03-04 16:01:42',5,NULL),(5228,304,43,22,28084,40744,1,9,2,2,0.00,0.00,'2022-03-04 16:01:42','2022-03-04 16:01:42',5,NULL),(5229,304,43,22,28084,40744,1,5,2,2,0.00,0.00,'2022-03-04 16:01:42','2022-03-04 16:01:42',5,NULL),(5230,304,43,22,28084,40744,1,13,2,2,0.00,0.00,'2022-03-04 16:01:42','2022-03-04 16:01:42',5,NULL),(5231,304,43,22,28084,40744,1,3,2,2,0.00,0.00,'2022-03-04 16:01:42','2022-03-04 16:01:42',5,NULL),(5232,304,43,22,28084,40744,1,10,2,2,0.00,0.00,'2022-03-04 16:01:42','2022-03-04 16:01:42',5,NULL),(5233,304,43,22,28084,40744,1,6,2,2,0.00,0.00,'2022-03-04 16:01:42','2022-03-04 16:01:42',5,NULL),(5234,304,43,22,28084,40744,1,14,2,2,0.00,0.00,'2022-03-04 16:01:42','2022-03-04 16:01:42',5,NULL),(5235,304,43,22,28084,40744,1,4,2,2,0.00,0.00,'2022-03-04 16:01:42','2022-03-04 16:01:42',5,NULL),(5236,304,43,22,28084,40744,1,11,2,2,0.00,0.00,'2022-03-04 16:01:42','2022-03-04 16:01:42',5,NULL),(5237,304,43,22,28084,40744,1,7,2,2,0.00,0.00,'2022-03-04 16:01:42','2022-03-04 16:01:42',5,NULL),(5238,304,43,22,28084,40744,1,1,2,2,0.00,0.00,'2022-03-04 16:01:42','2022-03-04 16:01:42',5,NULL),(5239,304,43,22,28084,40744,1,9,2,1,0.00,0.00,'2022-03-04 16:01:42','2022-03-04 16:01:42',5,NULL),(5240,304,43,22,28084,40744,1,5,2,1,0.00,0.00,'2022-03-04 16:01:42','2022-03-04 16:01:42',5,NULL),(5241,304,43,22,28084,40744,1,13,2,1,0.00,0.00,'2022-03-04 16:01:42','2022-03-04 16:01:42',5,NULL),(5242,304,43,22,28084,40744,1,3,2,1,0.00,0.00,'2022-03-04 16:01:42','2022-03-04 16:01:42',5,NULL),(5243,304,43,22,28084,40744,1,10,2,1,0.00,0.00,'2022-03-04 16:01:42','2022-03-04 16:01:42',5,NULL),(5244,304,43,22,28084,40744,1,6,2,1,0.00,0.00,'2022-03-04 16:01:42','2022-03-04 16:01:42',5,NULL),(5245,304,43,22,28084,40744,1,14,2,1,0.00,0.00,'2022-03-04 16:01:42','2022-03-04 16:01:42',5,NULL),(5246,304,43,22,28084,40744,1,4,2,1,0.00,0.00,'2022-03-04 16:01:42','2022-03-04 16:01:42',5,NULL),(5247,304,43,22,28084,40744,1,11,2,1,0.00,0.00,'2022-03-04 16:01:42','2022-03-04 16:01:42',5,NULL),(5248,304,43,22,28084,40744,1,7,2,1,0.00,0.00,'2022-03-04 16:01:42','2022-03-04 16:01:42',5,NULL);
INSERT INTO `period_liquidation_iva_details` VALUES (5249,304,43,22,28084,40744,1,1,2,1,0.00,0.00,'2022-03-04 16:01:42','2022-03-04 16:01:42',5,NULL),(5250,304,43,22,28084,40744,1,12,2,1,0.00,0.00,'2022-03-04 16:01:42','2022-03-04 16:01:42',5,NULL),(5251,304,43,22,28084,40744,1,8,2,1,0.00,0.00,'2022-03-04 16:01:42','2022-03-04 16:01:42',5,NULL),(5252,304,43,22,28084,40744,1,2,2,1,0.00,0.00,'2022-03-04 16:01:42','2022-03-04 16:01:42',5,NULL),(5253,304,43,22,28084,40744,1,2,2,5,0.00,0.00,'2022-03-04 16:01:42','2022-03-04 16:01:42',5,NULL),(5254,304,43,22,28084,40744,1,9,2,5,0.00,0.00,'2022-03-04 16:01:42','2022-03-04 16:01:42',5,NULL),(5255,304,43,22,28084,40744,1,5,2,5,0.00,0.00,'2022-03-04 16:01:42','2022-03-04 16:01:42',5,NULL),(5256,304,43,22,28084,40744,1,13,2,5,0.00,0.00,'2022-03-04 16:01:42','2022-03-04 16:01:42',5,NULL),(5257,304,43,22,28084,40744,1,3,2,5,0.00,0.00,'2022-03-04 16:01:42','2022-03-04 16:01:42',5,NULL),(5258,304,43,22,28084,40744,1,10,2,5,0.00,0.00,'2022-03-04 16:01:42','2022-03-04 16:01:42',5,NULL),(5259,304,43,22,28084,40744,1,6,2,5,0.00,0.00,'2022-03-04 16:01:42','2022-03-04 16:01:42',5,NULL),(5260,304,43,22,28084,40744,1,14,2,5,0.00,0.00,'2022-03-04 16:01:42','2022-03-04 16:01:42',5,NULL),(5261,304,43,22,28084,40744,1,4,2,5,0.00,0.00,'2022-03-04 16:01:42','2022-03-04 16:01:42',5,NULL),(5262,304,43,22,28084,40744,1,11,2,5,0.00,0.00,'2022-03-04 16:01:42','2022-03-04 16:01:42',5,NULL),(5263,304,43,22,28084,40744,1,7,2,5,0.00,0.00,'2022-03-04 16:01:42','2022-03-04 16:01:42',5,NULL),(5264,304,43,22,28084,40744,1,1,2,5,0.00,0.00,'2022-03-04 16:01:42','2022-03-04 16:01:42',5,NULL),(5265,304,43,22,28084,40744,1,8,2,5,0.00,0.00,'2022-03-04 16:01:42','2022-03-04 16:01:42',5,NULL),(5266,304,43,22,28084,40744,1,12,2,5,0.00,0.00,'2022-03-04 16:01:42','2022-03-04 16:01:42',5,NULL),(5267,304,43,22,28084,40744,1,3,2,4,0.00,0.00,'2022-03-04 16:01:42','2022-03-04 16:01:42',5,NULL),(5268,304,43,22,28084,40744,1,10,2,4,0.00,0.00,'2022-03-04 16:01:42','2022-03-04 16:01:42',5,NULL),(5269,304,43,22,28084,40744,1,6,2,4,0.00,0.00,'2022-03-04 16:01:42','2022-03-04 16:01:42',5,NULL),(5270,304,43,22,28084,40744,1,14,2,4,0.00,0.00,'2022-03-04 16:01:42','2022-03-04 16:01:42',5,NULL),(5271,304,43,22,28084,40744,1,4,2,4,0.00,0.00,'2022-03-04 16:01:42','2022-03-04 16:01:42',5,NULL),(5272,304,43,22,28084,40744,1,11,2,4,0.00,0.00,'2022-03-04 16:01:42','2022-03-04 16:01:42',5,NULL),(5273,304,43,22,28084,40744,1,7,2,4,0.00,0.00,'2022-03-04 16:01:42','2022-03-04 16:01:42',5,NULL),(5274,304,43,22,28084,40744,1,1,2,4,0.00,0.00,'2022-03-04 16:01:42','2022-03-04 16:01:42',5,NULL),(5275,304,43,22,28084,40744,1,8,2,4,0.00,0.00,'2022-03-04 16:01:42','2022-03-04 16:01:42',5,NULL),(5276,304,43,22,28084,40744,1,12,2,4,0.00,0.00,'2022-03-04 16:01:42','2022-03-04 16:01:42',5,NULL),(5277,304,43,22,28084,40744,1,2,2,4,0.00,0.00,'2022-03-04 16:01:42','2022-03-04 16:01:42',5,NULL),(5278,304,43,22,28084,40744,1,9,2,4,0.00,0.00,'2022-03-04 16:01:42','2022-03-04 16:01:42',5,NULL),(5279,304,43,22,28084,40744,1,5,2,4,0.00,0.00,'2022-03-04 16:01:42','2022-03-04 16:01:42',5,NULL),(5280,304,43,22,28084,40744,1,13,2,4,0.00,0.00,'2022-03-04 16:01:42','2022-03-04 16:01:42',5,NULL),(5281,304,43,22,28084,40744,1,1,2,6,0.00,0.00,'2022-03-04 16:01:42','2022-03-04 16:01:42',5,NULL),(5282,304,43,22,28084,40744,1,4,2,7,0.00,0.00,'2022-03-04 16:01:42','2022-03-04 16:01:42',5,NULL),(5283,304,43,22,28084,40744,1,8,2,6,0.00,0.00,'2022-03-04 16:01:42','2022-03-04 16:01:42',5,NULL),(5284,304,43,22,28084,40744,1,3,2,8,0.00,0.00,'2022-03-04 16:01:42','2022-03-04 16:01:42',5,NULL),(5285,304,43,22,28084,40744,1,12,2,6,0.00,0.00,'2022-03-04 16:01:42','2022-03-04 16:01:42',5,NULL),(5286,304,43,22,28084,40744,1,11,2,7,0.00,0.00,'2022-03-04 16:01:42','2022-03-04 16:01:42',5,NULL),(5287,304,43,22,28084,40744,1,7,2,7,0.00,0.00,'2022-03-04 16:01:42','2022-03-04 16:01:42',5,NULL),(5288,304,43,22,28084,40744,1,10,2,8,0.00,0.00,'2022-03-04 16:01:42','2022-03-04 16:01:42',5,NULL);
INSERT INTO `period_liquidation_iva_details` VALUES (5289,304,43,22,28084,40744,1,6,2,8,0.00,0.00,'2022-03-04 16:01:42','2022-03-04 16:01:42',5,NULL),(5290,304,43,22,28084,40744,1,14,2,8,0.00,0.00,'2022-03-04 16:01:42','2022-03-04 16:01:42',5,NULL),(5291,304,43,22,28084,40744,1,2,2,6,0.00,0.00,'2022-03-04 16:01:42','2022-03-04 16:01:42',5,NULL),(5292,304,43,22,28084,40744,1,1,2,7,0.00,0.00,'2022-03-04 16:01:42','2022-03-04 16:01:42',5,NULL),(5293,304,43,22,28084,40744,1,9,2,6,0.00,0.00,'2022-03-04 16:01:42','2022-03-04 16:01:42',5,NULL),(5294,304,43,22,28084,40744,1,4,2,8,0.00,0.00,'2022-03-04 16:01:42','2022-03-04 16:01:42',5,NULL),(5295,304,43,22,28084,40744,1,5,2,6,0.00,0.00,'2022-03-04 16:01:42','2022-03-04 16:01:42',5,NULL),(5296,304,43,22,28084,40744,1,13,2,6,0.00,0.00,'2022-03-04 16:01:42','2022-03-04 16:01:42',5,NULL),(5297,304,43,22,28084,40744,1,8,2,7,0.00,0.00,'2022-03-04 16:01:42','2022-03-04 16:01:42',5,NULL),(5298,304,43,22,28084,40744,1,12,2,7,0.00,0.00,'2022-03-04 16:01:42','2022-03-04 16:01:42',5,NULL),(5299,304,43,22,28084,40744,1,11,2,8,0.00,0.00,'2022-03-04 16:01:42','2022-03-04 16:01:42',5,NULL),(5300,304,43,22,28084,40744,1,7,2,8,0.00,0.00,'2022-03-04 16:01:42','2022-03-04 16:01:42',5,NULL),(5301,304,43,22,28084,40744,1,3,2,6,0.00,0.00,'2022-03-04 16:01:42','2022-03-04 16:01:42',5,NULL),(5302,304,43,22,28084,40744,1,2,2,7,0.00,0.00,'2022-03-04 16:01:42','2022-03-04 16:01:42',5,NULL),(5303,304,43,22,28084,40744,1,10,2,6,0.00,0.00,'2022-03-04 16:01:42','2022-03-04 16:01:42',5,NULL),(5304,304,43,22,28084,40744,1,6,2,6,0.00,0.00,'2022-03-04 16:01:42','2022-03-04 16:01:42',5,NULL),(5305,304,43,22,28084,40744,1,14,2,6,0.00,0.00,'2022-03-04 16:01:42','2022-03-04 16:01:42',5,NULL),(5306,304,43,22,28084,40744,1,1,2,8,0.00,0.00,'2022-03-04 16:01:42','2022-03-04 16:01:42',5,NULL),(5307,304,43,22,28084,40744,1,9,2,7,0.00,0.00,'2022-03-04 16:01:42','2022-03-04 16:01:42',5,NULL),(5308,304,43,22,28084,40744,1,5,2,7,0.00,0.00,'2022-03-04 16:01:42','2022-03-04 16:01:42',5,NULL),(5309,304,43,22,28084,40744,1,13,2,7,0.00,0.00,'2022-03-04 16:01:42','2022-03-04 16:01:42',5,NULL),(5310,304,43,22,28084,40744,1,8,2,8,0.00,0.00,'2022-03-04 16:01:42','2022-03-04 16:01:42',5,NULL),(5311,304,43,22,28084,40744,1,12,2,8,0.00,0.00,'2022-03-04 16:01:42','2022-03-04 16:01:42',5,NULL),(5312,304,43,22,28084,40744,1,4,2,6,0.00,0.00,'2022-03-04 16:01:42','2022-03-04 16:01:42',5,NULL),(5313,304,43,22,28084,40744,1,3,2,7,0.00,0.00,'2022-03-04 16:01:42','2022-03-04 16:01:42',5,NULL),(5314,304,43,22,28084,40744,1,2,2,8,0.00,0.00,'2022-03-04 16:01:42','2022-03-04 16:01:42',5,NULL),(5315,304,43,22,28084,40744,1,11,2,6,0.00,0.00,'2022-03-04 16:01:42','2022-03-04 16:01:42',5,NULL),(5316,304,43,22,28084,40744,1,7,2,6,0.00,0.00,'2022-03-04 16:01:42','2022-03-04 16:01:42',5,NULL),(5317,304,43,22,28084,40744,1,10,2,7,0.00,0.00,'2022-03-04 16:01:42','2022-03-04 16:01:42',5,NULL),(5318,304,43,22,28084,40744,1,6,2,7,0.00,0.00,'2022-03-04 16:01:42','2022-03-04 16:01:42',5,NULL),(5319,304,43,22,28084,40744,1,14,2,7,0.00,0.00,'2022-03-04 16:01:42','2022-03-04 16:01:42',5,NULL),(5320,304,43,22,28084,40744,1,9,2,8,0.00,0.00,'2022-03-04 16:01:43','2022-03-04 16:01:43',5,NULL),(5321,304,43,22,28084,40744,1,5,2,8,0.00,0.00,'2022-03-04 16:01:43','2022-03-04 16:01:43',5,NULL),(5322,304,43,22,28084,40744,1,13,2,8,0.00,0.00,'2022-03-04 16:01:43','2022-03-04 16:01:43',5,NULL),(5323,304,43,22,28084,40744,1,3,2,3,0.00,0.00,'2022-03-04 16:01:43','2022-03-04 16:01:43',6,NULL),(5324,304,43,22,28084,40744,1,6,2,3,0.00,0.00,'2022-03-04 16:01:43','2022-03-04 16:01:43',6,NULL),(5325,304,43,22,28084,40744,1,9,2,3,0.00,0.00,'2022-03-04 16:01:43','2022-03-04 16:01:43',6,NULL),(5326,304,43,22,28084,40744,1,12,2,3,0.00,0.00,'2022-03-04 16:01:43','2022-03-04 16:01:43',6,NULL),(5327,304,43,22,28084,40744,1,2,2,3,0.00,0.00,'2022-03-04 16:01:43','2022-03-04 16:01:43',6,NULL),(5328,304,43,22,28084,40744,1,5,2,3,0.00,0.00,'2022-03-04 16:01:43','2022-03-04 16:01:43',6,NULL);
INSERT INTO `period_liquidation_iva_details` VALUES (5329,304,43,22,28084,40744,1,8,2,3,0.00,0.00,'2022-03-04 16:01:43','2022-03-04 16:01:43',6,NULL),(5330,304,43,22,28084,40744,1,11,2,3,0.00,0.00,'2022-03-04 16:01:43','2022-03-04 16:01:43',6,NULL),(5331,304,43,22,28084,40744,1,14,2,3,0.00,0.00,'2022-03-04 16:01:43','2022-03-04 16:01:43',6,NULL),(5332,304,43,22,28084,40744,1,1,2,3,0.00,0.00,'2022-03-04 16:01:43','2022-03-04 16:01:43',6,NULL),(5333,304,43,22,28084,40744,1,4,2,3,0.00,0.00,'2022-03-04 16:01:43','2022-03-04 16:01:43',6,NULL),(5334,304,43,22,28084,40744,1,7,2,3,0.00,0.00,'2022-03-04 16:01:43','2022-03-04 16:01:43',6,NULL),(5335,304,43,22,28084,40744,1,10,2,3,0.00,0.00,'2022-03-04 16:01:43','2022-03-04 16:01:43',6,NULL),(5336,304,43,22,28084,40744,1,13,2,3,0.00,0.00,'2022-03-04 16:01:43','2022-03-04 16:01:43',6,NULL),(5337,304,43,22,28084,40744,1,2,2,2,0.00,0.00,'2022-03-04 16:01:43','2022-03-04 16:01:43',6,NULL),(5338,304,43,22,28084,40744,1,5,2,2,0.00,0.00,'2022-03-04 16:01:43','2022-03-04 16:01:43',6,NULL),(5339,304,43,22,28084,40744,1,8,2,2,0.00,0.00,'2022-03-04 16:01:43','2022-03-04 16:01:43',6,NULL),(5340,304,43,22,28084,40744,1,11,2,2,0.00,0.00,'2022-03-04 16:01:43','2022-03-04 16:01:43',6,NULL),(5341,304,43,22,28084,40744,1,14,2,2,0.00,0.00,'2022-03-04 16:01:43','2022-03-04 16:01:43',6,NULL),(5342,304,43,22,28084,40744,1,1,2,2,496024.58,104165.16,'2022-03-04 16:01:43','2022-03-04 16:01:43',6,NULL),(5343,304,43,22,28084,40744,1,4,2,2,0.00,0.00,'2022-03-04 16:01:43','2022-03-04 16:01:43',6,NULL),(5344,304,43,22,28084,40744,1,7,2,2,0.00,0.00,'2022-03-04 16:01:43','2022-03-04 16:01:43',6,NULL),(5345,304,43,22,28084,40744,1,10,2,2,0.00,0.00,'2022-03-04 16:01:43','2022-03-04 16:01:43',6,NULL),(5346,304,43,22,28084,40744,1,13,2,2,0.00,0.00,'2022-03-04 16:01:43','2022-03-04 16:01:43',6,NULL),(5347,304,43,22,28084,40744,1,3,2,2,0.00,0.00,'2022-03-04 16:01:43','2022-03-04 16:01:43',6,NULL),(5348,304,43,22,28084,40744,1,6,2,2,0.00,0.00,'2022-03-04 16:01:43','2022-03-04 16:01:43',6,NULL),(5349,304,43,22,28084,40744,1,9,2,2,0.00,0.00,'2022-03-04 16:01:43','2022-03-04 16:01:43',6,NULL),(5350,304,43,22,28084,40744,1,12,2,2,0.00,0.00,'2022-03-04 16:01:43','2022-03-04 16:01:43',6,NULL),(5351,304,43,22,28084,40744,1,14,2,1,0.00,0.00,'2022-03-04 16:01:43','2022-03-04 16:01:43',6,NULL),(5352,304,43,22,28084,40744,1,1,2,1,345531.00,36280.76,'2022-03-04 16:01:43','2022-03-04 16:01:43',6,NULL),(5353,304,43,22,28084,40744,1,4,2,1,0.00,0.00,'2022-03-04 16:01:43','2022-03-04 16:01:43',6,NULL),(5354,304,43,22,28084,40744,1,7,2,1,0.00,0.00,'2022-03-04 16:01:43','2022-03-04 16:01:43',6,NULL),(5355,304,43,22,28084,40744,1,10,2,1,0.00,0.00,'2022-03-04 16:01:43','2022-03-04 16:01:43',6,NULL),(5356,304,43,22,28084,40744,1,13,2,1,0.00,0.00,'2022-03-04 16:01:43','2022-03-04 16:01:43',6,NULL),(5357,304,43,22,28084,40744,1,3,2,1,0.00,0.00,'2022-03-04 16:01:43','2022-03-04 16:01:43',6,NULL),(5358,304,43,22,28084,40744,1,6,2,1,0.00,0.00,'2022-03-04 16:01:43','2022-03-04 16:01:43',6,NULL),(5359,304,43,22,28084,40744,1,9,2,1,0.00,0.00,'2022-03-04 16:01:43','2022-03-04 16:01:43',6,NULL),(5360,304,43,22,28084,40744,1,12,2,1,0.00,0.00,'2022-03-04 16:01:43','2022-03-04 16:01:43',6,NULL),(5361,304,43,22,28084,40744,1,2,2,1,0.00,0.00,'2022-03-04 16:01:43','2022-03-04 16:01:43',6,NULL),(5362,304,43,22,28084,40744,1,5,2,1,0.00,0.00,'2022-03-04 16:01:43','2022-03-04 16:01:43',6,NULL),(5363,304,43,22,28084,40744,1,8,2,1,0.00,0.00,'2022-03-04 16:01:43','2022-03-04 16:01:43',6,NULL),(5364,304,43,22,28084,40744,1,11,2,1,0.00,0.00,'2022-03-04 16:01:43','2022-03-04 16:01:43',6,NULL),(5365,304,43,22,28084,40744,1,8,2,5,0.00,0.00,'2022-03-04 16:01:43','2022-03-04 16:01:43',6,NULL),(5366,304,43,22,28084,40744,1,11,2,5,0.00,0.00,'2022-03-04 16:01:43','2022-03-04 16:01:43',6,NULL),(5367,304,43,22,28084,40744,1,14,2,5,0.00,0.00,'2022-03-04 16:01:43','2022-03-04 16:01:43',6,NULL),(5368,304,43,22,28084,40744,1,1,2,5,0.00,0.00,'2022-03-04 16:01:43','2022-03-04 16:01:43',6,NULL);
INSERT INTO `period_liquidation_iva_details` VALUES (5369,304,43,22,28084,40744,1,4,2,5,0.00,0.00,'2022-03-04 16:01:43','2022-03-04 16:01:43',6,NULL),(5370,304,43,22,28084,40744,1,7,2,5,0.00,0.00,'2022-03-04 16:01:43','2022-03-04 16:01:43',6,NULL),(5371,304,43,22,28084,40744,1,10,2,5,0.00,0.00,'2022-03-04 16:01:43','2022-03-04 16:01:43',6,NULL),(5372,304,43,22,28084,40744,1,13,2,5,0.00,0.00,'2022-03-04 16:01:43','2022-03-04 16:01:43',6,NULL),(5373,304,43,22,28084,40744,1,3,2,5,0.00,0.00,'2022-03-04 16:01:43','2022-03-04 16:01:43',6,NULL),(5374,304,43,22,28084,40744,1,6,2,5,0.00,0.00,'2022-03-04 16:01:43','2022-03-04 16:01:43',6,NULL),(5375,304,43,22,28084,40744,1,9,2,5,0.00,0.00,'2022-03-04 16:01:43','2022-03-04 16:01:43',6,NULL),(5376,304,43,22,28084,40744,1,12,2,5,0.00,0.00,'2022-03-04 16:01:43','2022-03-04 16:01:43',6,NULL),(5377,304,43,22,28084,40744,1,2,2,5,0.00,0.00,'2022-03-04 16:01:43','2022-03-04 16:01:43',6,NULL),(5378,304,43,22,28084,40744,1,5,2,5,0.00,0.00,'2022-03-04 16:01:43','2022-03-04 16:01:43',6,NULL),(5379,304,43,22,28084,40744,1,7,2,4,0.00,0.00,'2022-03-04 16:01:43','2022-03-04 16:01:43',6,NULL),(5380,304,43,22,28084,40744,1,10,2,4,0.00,0.00,'2022-03-04 16:01:43','2022-03-04 16:01:43',6,NULL),(5381,304,43,22,28084,40744,1,13,2,4,0.00,0.00,'2022-03-04 16:01:43','2022-03-04 16:01:43',6,NULL),(5382,304,43,22,28084,40744,1,3,2,4,0.00,0.00,'2022-03-04 16:01:43','2022-03-04 16:01:43',6,NULL),(5383,304,43,22,28084,40744,1,6,2,4,0.00,0.00,'2022-03-04 16:01:43','2022-03-04 16:01:43',6,NULL),(5384,304,43,22,28084,40744,1,9,2,4,0.00,0.00,'2022-03-04 16:01:43','2022-03-04 16:01:43',6,NULL),(5385,304,43,22,28084,40744,1,12,2,4,0.00,0.00,'2022-03-04 16:01:43','2022-03-04 16:01:43',6,NULL),(5386,304,43,22,28084,40744,1,2,2,4,0.00,0.00,'2022-03-04 16:01:43','2022-03-04 16:01:43',6,NULL),(5387,304,43,22,28084,40744,1,5,2,4,0.00,0.00,'2022-03-04 16:01:43','2022-03-04 16:01:43',6,NULL),(5388,304,43,22,28084,40744,1,8,2,4,0.00,0.00,'2022-03-04 16:01:43','2022-03-04 16:01:43',6,NULL),(5389,304,43,22,28084,40744,1,11,2,4,0.00,0.00,'2022-03-04 16:01:43','2022-03-04 16:01:43',6,NULL),(5390,304,43,22,28084,40744,1,14,2,4,0.00,0.00,'2022-03-04 16:01:43','2022-03-04 16:01:43',6,NULL),(5391,304,43,22,28084,40744,1,1,2,4,0.00,0.00,'2022-03-04 16:01:43','2022-03-04 16:01:43',6,NULL),(5392,304,43,22,28084,40744,1,4,2,4,0.00,0.00,'2022-03-04 16:01:43','2022-03-04 16:01:43',6,NULL),(5393,304,43,22,28084,40744,1,12,2,8,0.00,0.00,'2022-03-04 16:01:43','2022-03-04 16:01:43',6,NULL),(5394,304,43,22,28084,40744,1,2,2,8,0.00,0.00,'2022-03-04 16:01:43','2022-03-04 16:01:43',6,NULL),(5395,304,43,22,28084,40744,1,5,2,8,0.00,0.00,'2022-03-04 16:01:43','2022-03-04 16:01:43',6,NULL),(5396,304,43,22,28084,40744,1,8,2,8,0.00,0.00,'2022-03-04 16:01:43','2022-03-04 16:01:43',6,NULL),(5397,304,43,22,28084,40744,1,11,2,8,0.00,0.00,'2022-03-04 16:01:43','2022-03-04 16:01:43',6,NULL),(5398,304,43,22,28084,40744,1,14,2,8,0.00,0.00,'2022-03-04 16:01:43','2022-03-04 16:01:43',6,NULL),(5399,304,43,22,28084,40744,1,1,2,8,0.00,0.00,'2022-03-04 16:01:43','2022-03-04 16:01:43',6,NULL),(5400,304,43,22,28084,40744,1,4,2,8,0.00,0.00,'2022-03-04 16:01:43','2022-03-04 16:01:43',6,NULL),(5401,304,43,22,28084,40744,1,7,2,8,0.00,0.00,'2022-03-04 16:01:43','2022-03-04 16:01:43',6,NULL),(5402,304,43,22,28084,40744,1,10,2,8,0.00,0.00,'2022-03-04 16:01:43','2022-03-04 16:01:43',6,NULL),(5403,304,43,22,28084,40744,1,13,2,8,0.00,0.00,'2022-03-04 16:01:43','2022-03-04 16:01:43',6,NULL),(5404,304,43,22,28084,40744,1,3,2,8,0.00,0.00,'2022-03-04 16:01:43','2022-03-04 16:01:43',6,NULL),(5405,304,43,22,28084,40744,1,6,2,8,0.00,0.00,'2022-03-04 16:01:43','2022-03-04 16:01:43',6,NULL),(5406,304,43,22,28084,40744,1,9,2,8,0.00,0.00,'2022-03-04 16:01:43','2022-03-04 16:01:43',6,NULL),(5407,304,43,22,28084,40744,1,9,2,6,0.00,0.00,'2022-03-04 16:01:43','2022-03-04 16:01:43',7,NULL),(5408,304,43,22,28084,40744,1,5,2,7,0.00,0.00,'2022-03-04 16:01:43','2022-03-04 16:01:43',7,NULL);
INSERT INTO `period_liquidation_iva_details` VALUES (5409,304,43,22,28084,40744,1,2,2,6,0.00,0.00,'2022-03-04 16:01:43','2022-03-04 16:01:43',7,NULL),(5410,304,43,22,28084,40744,1,14,2,7,0.00,0.00,'2022-03-04 16:01:43','2022-03-04 16:01:43',7,NULL),(5411,304,43,22,28084,40744,1,11,2,6,0.00,0.00,'2022-03-04 16:01:43','2022-03-04 16:01:43',7,NULL),(5412,304,43,22,28084,40744,1,7,2,7,0.00,0.00,'2022-03-04 16:01:43','2022-03-04 16:01:43',7,NULL),(5413,304,43,22,28084,40744,1,4,2,6,0.00,0.00,'2022-03-04 16:01:43','2022-03-04 16:01:43',7,NULL),(5414,304,43,22,28084,40744,1,13,2,6,0.00,0.00,'2022-03-04 16:01:43','2022-03-04 16:01:43',7,NULL),(5415,304,43,22,28084,40744,1,9,2,7,0.00,0.00,'2022-03-04 16:01:43','2022-03-04 16:01:43',7,NULL),(5416,304,43,22,28084,40744,1,6,2,6,0.00,0.00,'2022-03-04 16:01:43','2022-03-04 16:01:43',7,NULL),(5417,304,43,22,28084,40744,1,2,2,7,0.00,0.00,'2022-03-04 16:01:43','2022-03-04 16:01:43',7,NULL),(5418,304,43,22,28084,40744,1,11,2,7,0.00,0.00,'2022-03-04 16:01:43','2022-03-04 16:01:43',7,NULL),(5419,304,43,22,28084,40744,1,8,2,6,0.00,0.00,'2022-03-04 16:01:43','2022-03-04 16:01:43',7,NULL),(5420,304,43,22,28084,40744,1,4,2,7,0.00,0.00,'2022-03-04 16:01:43','2022-03-04 16:01:43',7,NULL),(5421,304,43,22,28084,40744,1,1,2,6,0.00,0.00,'2022-03-04 16:01:43','2022-03-04 16:01:43',7,NULL),(5422,304,43,22,28084,40744,1,13,2,7,0.00,0.00,'2022-03-04 16:01:43','2022-03-04 16:01:43',7,NULL),(5423,304,43,22,28084,40744,1,10,2,6,0.00,0.00,'2022-03-04 16:01:43','2022-03-04 16:01:43',7,NULL),(5424,304,43,22,28084,40744,1,6,2,7,0.00,0.00,'2022-03-04 16:01:43','2022-03-04 16:01:43',7,NULL),(5425,304,43,22,28084,40744,1,3,2,6,0.00,0.00,'2022-03-04 16:01:43','2022-03-04 16:01:43',7,NULL),(5426,304,43,22,28084,40744,1,12,2,6,0.00,0.00,'2022-03-04 16:01:43','2022-03-04 16:01:43',7,NULL),(5427,304,43,22,28084,40744,1,8,2,7,0.00,0.00,'2022-03-04 16:01:43','2022-03-04 16:01:43',7,NULL),(5428,304,43,22,28084,40744,1,5,2,6,0.00,0.00,'2022-03-04 16:01:43','2022-03-04 16:01:43',7,NULL),(5429,304,43,22,28084,40744,1,1,2,7,18398.64,0.00,'2022-03-04 16:01:43','2022-03-04 16:01:43',7,NULL),(5430,304,43,22,28084,40744,1,14,2,6,0.00,0.00,'2022-03-04 16:01:43','2022-03-04 16:01:43',7,NULL),(5431,304,43,22,28084,40744,1,10,2,7,0.00,0.00,'2022-03-04 16:01:43','2022-03-04 16:01:43',7,NULL),(5432,304,43,22,28084,40744,1,7,2,6,0.00,0.00,'2022-03-04 16:01:43','2022-03-04 16:01:43',7,NULL),(5433,304,43,22,28084,40744,1,3,2,7,0.00,0.00,'2022-03-04 16:01:43','2022-03-04 16:01:43',7,NULL),(5434,304,43,22,28084,40744,1,12,2,7,0.00,0.00,'2022-03-04 16:01:43','2022-03-04 16:01:43',7,NULL),(6173,304,51,26,28085,40744,577,1,1,3,0.00,0.00,'2022-03-15 18:55:31','2022-03-15 18:55:31',1,NULL),(6174,304,51,26,28085,40744,577,1,1,2,0.00,0.00,'2022-03-15 18:55:31','2022-03-15 18:55:31',1,NULL),(6175,304,51,26,28085,40744,577,1,1,1,80000.00,8400.00,'2022-03-15 18:55:31','2022-03-15 18:55:31',1,NULL),(6176,304,51,26,28085,40744,577,1,1,5,0.00,0.00,'2022-03-15 18:55:31','2022-03-15 18:55:31',1,NULL),(6177,304,51,26,28085,40744,577,1,1,4,0.00,0.00,'2022-03-15 18:55:31','2022-03-15 18:55:31',1,NULL),(6178,304,51,26,28085,40744,577,1,1,8,0.00,0.00,'2022-03-15 18:55:31','2022-03-15 18:55:31',1,NULL),(6179,304,51,26,28085,40744,577,1,1,3,0.00,0.00,'2022-03-15 18:55:31','2022-03-15 18:55:31',2,NULL),(6180,304,51,26,28085,40744,577,1,1,2,2683.48,563.53,'2022-03-15 18:55:31','2022-03-15 18:55:31',2,NULL),(6181,304,51,26,28085,40744,577,1,1,1,997452.83,104732.55,'2022-03-15 18:55:31','2022-03-15 18:55:31',2,NULL),(6182,304,51,26,28085,40744,577,1,1,5,0.00,0.00,'2022-03-15 18:55:31','2022-03-15 18:55:31',2,NULL),(6183,304,51,26,28085,40744,577,1,1,4,0.00,0.00,'2022-03-15 18:55:31','2022-03-15 18:55:31',2,NULL),(6184,304,51,26,28085,40744,577,1,1,8,0.00,0.00,'2022-03-15 18:55:31','2022-03-15 18:55:31',2,NULL),(6185,304,51,26,28085,40744,577,1,1,7,0.00,0.00,'2022-03-15 18:55:31','2022-03-15 18:55:31',3,NULL),(6186,304,51,26,28085,40744,577,1,1,6,0.00,0.00,'2022-03-15 18:55:31','2022-03-15 18:55:31',3,NULL);
INSERT INTO `period_liquidation_iva_details` VALUES (6187,304,51,26,28085,40744,577,1,1,3,0.00,0.00,'2022-03-15 18:55:31','2022-03-15 18:55:31',4,NULL),(6188,304,51,26,28085,40744,577,1,1,2,0.00,0.00,'2022-03-15 18:55:31','2022-03-15 18:55:31',4,NULL),(6189,304,51,26,28085,40744,577,1,1,1,0.00,0.00,'2022-03-15 18:55:31','2022-03-15 18:55:31',4,NULL),(6190,304,51,26,28085,40744,577,1,1,5,0.00,0.00,'2022-03-15 18:55:31','2022-03-15 18:55:31',4,NULL),(6191,304,51,26,28085,40744,577,1,1,4,0.00,0.00,'2022-03-15 18:55:31','2022-03-15 18:55:31',4,NULL),(6192,304,51,26,28085,40744,577,1,1,7,0.00,0.00,'2022-03-15 18:55:31','2022-03-15 18:55:31',4,NULL),(6193,304,51,26,28085,40744,577,1,1,8,0.00,0.00,'2022-03-15 18:55:31','2022-03-15 18:55:31',4,NULL),(6194,304,51,26,28085,40744,577,1,1,6,0.00,0.00,'2022-03-15 18:55:31','2022-03-15 18:55:31',4,NULL),(6195,304,51,26,28085,40744,1,14,2,3,0.00,0.00,'2022-03-15 18:55:31','2022-03-15 18:55:31',5,NULL),(6196,304,51,26,28085,40744,1,2,2,3,0.00,0.00,'2022-03-15 18:55:31','2022-03-15 18:55:31',5,NULL),(6197,304,51,26,28085,40744,1,10,2,3,0.00,0.00,'2022-03-15 18:55:31','2022-03-15 18:55:31',5,NULL),(6198,304,51,26,28085,40744,1,6,2,3,0.00,0.00,'2022-03-15 18:55:31','2022-03-15 18:55:31',5,NULL),(6199,304,51,26,28085,40744,1,7,2,3,0.00,0.00,'2022-03-15 18:55:31','2022-03-15 18:55:31',5,NULL),(6200,304,51,26,28085,40744,1,3,2,3,0.00,0.00,'2022-03-15 18:55:31','2022-03-15 18:55:31',5,NULL),(6201,304,51,26,28085,40744,1,11,2,3,0.00,0.00,'2022-03-15 18:55:31','2022-03-15 18:55:31',5,NULL),(6202,304,51,26,28085,40744,1,8,2,3,0.00,0.00,'2022-03-15 18:55:31','2022-03-15 18:55:31',5,NULL),(6203,304,51,26,28085,40744,1,4,2,3,0.00,0.00,'2022-03-15 18:55:31','2022-03-15 18:55:31',5,NULL),(6204,304,51,26,28085,40744,1,12,2,3,0.00,0.00,'2022-03-15 18:55:31','2022-03-15 18:55:31',5,NULL),(6205,304,51,26,28085,40744,1,9,2,3,0.00,0.00,'2022-03-15 18:55:31','2022-03-15 18:55:31',5,NULL),(6206,304,51,26,28085,40744,1,5,2,3,0.00,0.00,'2022-03-15 18:55:31','2022-03-15 18:55:31',5,NULL),(6207,304,51,26,28085,40744,1,13,2,3,0.00,0.00,'2022-03-15 18:55:31','2022-03-15 18:55:31',5,NULL),(6208,304,51,26,28085,40744,1,1,2,3,0.00,0.00,'2022-03-15 18:55:31','2022-03-15 18:55:31',5,NULL),(6209,304,51,26,28085,40744,1,8,2,2,0.00,0.00,'2022-03-15 18:55:31','2022-03-15 18:55:31',5,NULL),(6210,304,51,26,28085,40744,1,4,2,2,0.00,0.00,'2022-03-15 18:55:31','2022-03-15 18:55:31',5,NULL),(6211,304,51,26,28085,40744,1,12,2,2,0.00,0.00,'2022-03-15 18:55:31','2022-03-15 18:55:31',5,NULL),(6212,304,51,26,28085,40744,1,9,2,2,0.00,0.00,'2022-03-15 18:55:31','2022-03-15 18:55:31',5,NULL),(6213,304,51,26,28085,40744,1,5,2,2,0.00,0.00,'2022-03-15 18:55:31','2022-03-15 18:55:31',5,NULL),(6214,304,51,26,28085,40744,1,13,2,2,0.00,0.00,'2022-03-15 18:55:31','2022-03-15 18:55:31',5,NULL),(6215,304,51,26,28085,40744,1,1,2,2,0.00,0.00,'2022-03-15 18:55:31','2022-03-15 18:55:31',5,NULL),(6216,304,51,26,28085,40744,1,10,2,2,0.00,0.00,'2022-03-15 18:55:31','2022-03-15 18:55:31',5,NULL),(6217,304,51,26,28085,40744,1,6,2,2,0.00,0.00,'2022-03-15 18:55:31','2022-03-15 18:55:31',5,NULL),(6218,304,51,26,28085,40744,1,14,2,2,0.00,0.00,'2022-03-15 18:55:31','2022-03-15 18:55:31',5,NULL),(6219,304,51,26,28085,40744,1,2,2,2,0.00,0.00,'2022-03-15 18:55:31','2022-03-15 18:55:31',5,NULL),(6220,304,51,26,28085,40744,1,7,2,2,0.00,0.00,'2022-03-15 18:55:31','2022-03-15 18:55:31',5,NULL),(6221,304,51,26,28085,40744,1,3,2,2,0.00,0.00,'2022-03-15 18:55:31','2022-03-15 18:55:31',5,NULL),(6222,304,51,26,28085,40744,1,11,2,2,0.00,0.00,'2022-03-15 18:55:31','2022-03-15 18:55:31',5,NULL),(6223,304,51,26,28085,40744,1,9,2,1,0.00,0.00,'2022-03-15 18:55:31','2022-03-15 18:55:31',5,NULL),(6224,304,51,26,28085,40744,1,5,2,1,0.00,0.00,'2022-03-15 18:55:31','2022-03-15 18:55:31',5,NULL),(6225,304,51,26,28085,40744,1,13,2,1,0.00,0.00,'2022-03-15 18:55:31','2022-03-15 18:55:31',5,NULL),(6226,304,51,26,28085,40744,1,1,2,1,0.00,0.00,'2022-03-15 18:55:31','2022-03-15 18:55:31',5,NULL);
INSERT INTO `period_liquidation_iva_details` VALUES (6227,304,51,26,28085,40744,1,10,2,1,0.00,0.00,'2022-03-15 18:55:31','2022-03-15 18:55:31',5,NULL),(6228,304,51,26,28085,40744,1,6,2,1,0.00,0.00,'2022-03-15 18:55:31','2022-03-15 18:55:31',5,NULL),(6229,304,51,26,28085,40744,1,14,2,1,0.00,0.00,'2022-03-15 18:55:31','2022-03-15 18:55:31',5,NULL),(6230,304,51,26,28085,40744,1,2,2,1,0.00,0.00,'2022-03-15 18:55:31','2022-03-15 18:55:31',5,NULL),(6231,304,51,26,28085,40744,1,7,2,1,0.00,0.00,'2022-03-15 18:55:31','2022-03-15 18:55:31',5,NULL),(6232,304,51,26,28085,40744,1,3,2,1,0.00,0.00,'2022-03-15 18:55:31','2022-03-15 18:55:31',5,NULL),(6233,304,51,26,28085,40744,1,11,2,1,0.00,0.00,'2022-03-15 18:55:31','2022-03-15 18:55:31',5,NULL),(6234,304,51,26,28085,40744,1,8,2,1,0.00,0.00,'2022-03-15 18:55:31','2022-03-15 18:55:31',5,NULL),(6235,304,51,26,28085,40744,1,4,2,1,0.00,0.00,'2022-03-15 18:55:31','2022-03-15 18:55:31',5,NULL),(6236,304,51,26,28085,40744,1,12,2,1,0.00,0.00,'2022-03-15 18:55:31','2022-03-15 18:55:31',5,NULL),(6237,304,51,26,28085,40744,1,8,2,5,0.00,0.00,'2022-03-15 18:55:31','2022-03-15 18:55:31',5,NULL),(6238,304,51,26,28085,40744,1,4,2,5,0.00,0.00,'2022-03-15 18:55:32','2022-03-15 18:55:32',5,NULL),(6239,304,51,26,28085,40744,1,12,2,5,0.00,0.00,'2022-03-15 18:55:32','2022-03-15 18:55:32',5,NULL),(6240,304,51,26,28085,40744,1,9,2,5,0.00,0.00,'2022-03-15 18:55:32','2022-03-15 18:55:32',5,NULL),(6241,304,51,26,28085,40744,1,5,2,5,0.00,0.00,'2022-03-15 18:55:32','2022-03-15 18:55:32',5,NULL),(6242,304,51,26,28085,40744,1,13,2,5,0.00,0.00,'2022-03-15 18:55:32','2022-03-15 18:55:32',5,NULL),(6243,304,51,26,28085,40744,1,1,2,5,0.00,0.00,'2022-03-15 18:55:32','2022-03-15 18:55:32',5,NULL),(6244,304,51,26,28085,40744,1,14,2,5,0.00,0.00,'2022-03-15 18:55:32','2022-03-15 18:55:32',5,NULL),(6245,304,51,26,28085,40744,1,2,2,5,0.00,0.00,'2022-03-15 18:55:32','2022-03-15 18:55:32',5,NULL),(6246,304,51,26,28085,40744,1,10,2,5,0.00,0.00,'2022-03-15 18:55:32','2022-03-15 18:55:32',5,NULL),(6247,304,51,26,28085,40744,1,6,2,5,0.00,0.00,'2022-03-15 18:55:32','2022-03-15 18:55:32',5,NULL),(6248,304,51,26,28085,40744,1,7,2,5,0.00,0.00,'2022-03-15 18:55:32','2022-03-15 18:55:32',5,NULL),(6249,304,51,26,28085,40744,1,3,2,5,0.00,0.00,'2022-03-15 18:55:32','2022-03-15 18:55:32',5,NULL),(6250,304,51,26,28085,40744,1,11,2,5,0.00,0.00,'2022-03-15 18:55:32','2022-03-15 18:55:32',5,NULL),(6251,304,51,26,28085,40744,1,9,2,4,0.00,0.00,'2022-03-15 18:55:32','2022-03-15 18:55:32',5,NULL),(6252,304,51,26,28085,40744,1,5,2,4,0.00,0.00,'2022-03-15 18:55:32','2022-03-15 18:55:32',5,NULL),(6253,304,51,26,28085,40744,1,13,2,4,0.00,0.00,'2022-03-15 18:55:32','2022-03-15 18:55:32',5,NULL),(6254,304,51,26,28085,40744,1,1,2,4,0.00,0.00,'2022-03-15 18:55:32','2022-03-15 18:55:32',5,NULL),(6255,304,51,26,28085,40744,1,14,2,4,0.00,0.00,'2022-03-15 18:55:32','2022-03-15 18:55:32',5,NULL),(6256,304,51,26,28085,40744,1,2,2,4,0.00,0.00,'2022-03-15 18:55:32','2022-03-15 18:55:32',5,NULL),(6257,304,51,26,28085,40744,1,10,2,4,0.00,0.00,'2022-03-15 18:55:32','2022-03-15 18:55:32',5,NULL),(6258,304,51,26,28085,40744,1,6,2,4,0.00,0.00,'2022-03-15 18:55:32','2022-03-15 18:55:32',5,NULL),(6259,304,51,26,28085,40744,1,7,2,4,0.00,0.00,'2022-03-15 18:55:32','2022-03-15 18:55:32',5,NULL),(6260,304,51,26,28085,40744,1,3,2,4,0.00,0.00,'2022-03-15 18:55:32','2022-03-15 18:55:32',5,NULL),(6261,304,51,26,28085,40744,1,11,2,4,0.00,0.00,'2022-03-15 18:55:32','2022-03-15 18:55:32',5,NULL),(6262,304,51,26,28085,40744,1,8,2,4,0.00,0.00,'2022-03-15 18:55:32','2022-03-15 18:55:32',5,NULL),(6263,304,51,26,28085,40744,1,4,2,4,0.00,0.00,'2022-03-15 18:55:32','2022-03-15 18:55:32',5,NULL),(6264,304,51,26,28085,40744,1,12,2,4,0.00,0.00,'2022-03-15 18:55:32','2022-03-15 18:55:32',5,NULL),(6265,304,51,26,28085,40744,1,7,2,6,0.00,0.00,'2022-03-15 18:55:32','2022-03-15 18:55:32',5,NULL),(6266,304,51,26,28085,40744,1,3,2,6,0.00,0.00,'2022-03-15 18:55:32','2022-03-15 18:55:32',5,NULL);
INSERT INTO `period_liquidation_iva_details` VALUES (6267,304,51,26,28085,40744,1,11,2,6,0.00,0.00,'2022-03-15 18:55:32','2022-03-15 18:55:32',5,NULL),(6268,304,51,26,28085,40744,1,6,2,7,0.00,0.00,'2022-03-15 18:55:32','2022-03-15 18:55:32',5,NULL),(6269,304,51,26,28085,40744,1,14,2,7,0.00,0.00,'2022-03-15 18:55:32','2022-03-15 18:55:32',5,NULL),(6270,304,51,26,28085,40744,1,2,2,7,0.00,0.00,'2022-03-15 18:55:32','2022-03-15 18:55:32',5,NULL),(6271,304,51,26,28085,40744,1,10,2,7,0.00,0.00,'2022-03-15 18:55:32','2022-03-15 18:55:32',5,NULL),(6272,304,51,26,28085,40744,1,9,2,8,0.00,0.00,'2022-03-15 18:55:32','2022-03-15 18:55:32',5,NULL),(6273,304,51,26,28085,40744,1,5,2,8,0.00,0.00,'2022-03-15 18:55:32','2022-03-15 18:55:32',5,NULL),(6274,304,51,26,28085,40744,1,13,2,8,0.00,0.00,'2022-03-15 18:55:32','2022-03-15 18:55:32',5,NULL),(6275,304,51,26,28085,40744,1,1,2,8,0.00,0.00,'2022-03-15 18:55:32','2022-03-15 18:55:32',5,NULL),(6276,304,51,26,28085,40744,1,8,2,6,0.00,0.00,'2022-03-15 18:55:32','2022-03-15 18:55:32',5,NULL),(6277,304,51,26,28085,40744,1,4,2,6,0.00,0.00,'2022-03-15 18:55:32','2022-03-15 18:55:32',5,NULL),(6278,304,51,26,28085,40744,1,12,2,6,0.00,0.00,'2022-03-15 18:55:32','2022-03-15 18:55:32',5,NULL),(6279,304,51,26,28085,40744,1,7,2,7,0.00,0.00,'2022-03-15 18:55:32','2022-03-15 18:55:32',5,NULL),(6280,304,51,26,28085,40744,1,3,2,7,0.00,0.00,'2022-03-15 18:55:32','2022-03-15 18:55:32',5,NULL),(6281,304,51,26,28085,40744,1,11,2,7,0.00,0.00,'2022-03-15 18:55:32','2022-03-15 18:55:32',5,NULL),(6282,304,51,26,28085,40744,1,6,2,8,0.00,0.00,'2022-03-15 18:55:32','2022-03-15 18:55:32',5,NULL),(6283,304,51,26,28085,40744,1,14,2,8,0.00,0.00,'2022-03-15 18:55:32','2022-03-15 18:55:32',5,NULL),(6284,304,51,26,28085,40744,1,2,2,8,0.00,0.00,'2022-03-15 18:55:32','2022-03-15 18:55:32',5,NULL),(6285,304,51,26,28085,40744,1,10,2,8,0.00,0.00,'2022-03-15 18:55:32','2022-03-15 18:55:32',5,NULL),(6286,304,51,26,28085,40744,1,9,2,6,0.00,0.00,'2022-03-15 18:55:32','2022-03-15 18:55:32',5,NULL),(6287,304,51,26,28085,40744,1,5,2,6,0.00,0.00,'2022-03-15 18:55:32','2022-03-15 18:55:32',5,NULL),(6288,304,51,26,28085,40744,1,13,2,6,0.00,0.00,'2022-03-15 18:55:32','2022-03-15 18:55:32',5,NULL),(6289,304,51,26,28085,40744,1,1,2,6,0.00,0.00,'2022-03-15 18:55:32','2022-03-15 18:55:32',5,NULL),(6290,304,51,26,28085,40744,1,8,2,7,0.00,0.00,'2022-03-15 18:55:32','2022-03-15 18:55:32',5,NULL),(6291,304,51,26,28085,40744,1,4,2,7,0.00,0.00,'2022-03-15 18:55:32','2022-03-15 18:55:32',5,NULL),(6292,304,51,26,28085,40744,1,12,2,7,0.00,0.00,'2022-03-15 18:55:32','2022-03-15 18:55:32',5,NULL),(6293,304,51,26,28085,40744,1,7,2,8,0.00,0.00,'2022-03-15 18:55:32','2022-03-15 18:55:32',5,NULL),(6294,304,51,26,28085,40744,1,3,2,8,0.00,0.00,'2022-03-15 18:55:32','2022-03-15 18:55:32',5,NULL),(6295,304,51,26,28085,40744,1,11,2,8,0.00,0.00,'2022-03-15 18:55:32','2022-03-15 18:55:32',5,NULL),(6296,304,51,26,28085,40744,1,14,2,6,0.00,0.00,'2022-03-15 18:55:32','2022-03-15 18:55:32',5,NULL),(6297,304,51,26,28085,40744,1,2,2,6,0.00,0.00,'2022-03-15 18:55:32','2022-03-15 18:55:32',5,NULL),(6298,304,51,26,28085,40744,1,10,2,6,0.00,0.00,'2022-03-15 18:55:32','2022-03-15 18:55:32',5,NULL),(6299,304,51,26,28085,40744,1,6,2,6,0.00,0.00,'2022-03-15 18:55:32','2022-03-15 18:55:32',5,NULL),(6300,304,51,26,28085,40744,1,9,2,7,0.00,0.00,'2022-03-15 18:55:32','2022-03-15 18:55:32',5,NULL),(6301,304,51,26,28085,40744,1,5,2,7,0.00,0.00,'2022-03-15 18:55:32','2022-03-15 18:55:32',5,NULL),(6302,304,51,26,28085,40744,1,13,2,7,0.00,0.00,'2022-03-15 18:55:32','2022-03-15 18:55:32',5,NULL),(6303,304,51,26,28085,40744,1,1,2,7,0.00,0.00,'2022-03-15 18:55:32','2022-03-15 18:55:32',5,NULL),(6304,304,51,26,28085,40744,1,8,2,8,0.00,0.00,'2022-03-15 18:55:32','2022-03-15 18:55:32',5,NULL),(6305,304,51,26,28085,40744,1,4,2,8,0.00,0.00,'2022-03-15 18:55:32','2022-03-15 18:55:32',5,NULL),(6306,304,51,26,28085,40744,1,12,2,8,0.00,0.00,'2022-03-15 18:55:32','2022-03-15 18:55:32',5,NULL);
INSERT INTO `period_liquidation_iva_details` VALUES (6307,304,51,26,28085,40744,1,11,2,3,0.00,0.00,'2022-03-15 18:55:32','2022-03-15 18:55:32',6,NULL),(6308,304,51,26,28085,40744,1,14,2,3,0.00,0.00,'2022-03-15 18:55:32','2022-03-15 18:55:32',6,NULL),(6309,304,51,26,28085,40744,1,1,2,3,0.00,0.00,'2022-03-15 18:55:32','2022-03-15 18:55:32',6,NULL),(6310,304,51,26,28085,40744,1,4,2,3,0.00,0.00,'2022-03-15 18:55:32','2022-03-15 18:55:32',6,NULL),(6311,304,51,26,28085,40744,1,7,2,3,0.00,0.00,'2022-03-15 18:55:32','2022-03-15 18:55:32',6,NULL),(6312,304,51,26,28085,40744,1,10,2,3,0.00,0.00,'2022-03-15 18:55:32','2022-03-15 18:55:32',6,NULL),(6313,304,51,26,28085,40744,1,13,2,3,0.00,0.00,'2022-03-15 18:55:32','2022-03-15 18:55:32',6,NULL),(6314,304,51,26,28085,40744,1,3,2,3,0.00,0.00,'2022-03-15 18:55:32','2022-03-15 18:55:32',6,NULL),(6315,304,51,26,28085,40744,1,6,2,3,0.00,0.00,'2022-03-15 18:55:32','2022-03-15 18:55:32',6,NULL),(6316,304,51,26,28085,40744,1,9,2,3,0.00,0.00,'2022-03-15 18:55:32','2022-03-15 18:55:32',6,NULL),(6317,304,51,26,28085,40744,1,12,2,3,0.00,0.00,'2022-03-15 18:55:32','2022-03-15 18:55:32',6,NULL),(6318,304,51,26,28085,40744,1,2,2,3,0.00,0.00,'2022-03-15 18:55:32','2022-03-15 18:55:32',6,NULL),(6319,304,51,26,28085,40744,1,5,2,3,0.00,0.00,'2022-03-15 18:55:32','2022-03-15 18:55:32',6,NULL),(6320,304,51,26,28085,40744,1,8,2,3,0.00,0.00,'2022-03-15 18:55:32','2022-03-15 18:55:32',6,NULL),(6321,304,51,26,28085,40744,1,10,2,2,0.00,0.00,'2022-03-15 18:55:32','2022-03-15 18:55:32',6,NULL),(6322,304,51,26,28085,40744,1,13,2,2,0.00,0.00,'2022-03-15 18:55:32','2022-03-15 18:55:32',6,NULL),(6323,304,51,26,28085,40744,1,3,2,2,0.00,0.00,'2022-03-15 18:55:32','2022-03-15 18:55:32',6,NULL),(6324,304,51,26,28085,40744,1,6,2,2,0.00,0.00,'2022-03-15 18:55:32','2022-03-15 18:55:32',6,NULL),(6325,304,51,26,28085,40744,1,9,2,2,0.00,0.00,'2022-03-15 18:55:32','2022-03-15 18:55:32',6,NULL),(6326,304,51,26,28085,40744,1,12,2,2,0.00,0.00,'2022-03-15 18:55:32','2022-03-15 18:55:32',6,NULL),(6327,304,51,26,28085,40744,1,2,2,2,0.00,0.00,'2022-03-15 18:55:32','2022-03-15 18:55:32',6,NULL),(6328,304,51,26,28085,40744,1,5,2,2,0.00,0.00,'2022-03-15 18:55:32','2022-03-15 18:55:32',6,NULL),(6329,304,51,26,28085,40744,1,8,2,2,0.00,0.00,'2022-03-15 18:55:32','2022-03-15 18:55:32',6,NULL),(6330,304,51,26,28085,40744,1,11,2,2,0.00,0.00,'2022-03-15 18:55:32','2022-03-15 18:55:32',6,NULL),(6331,304,51,26,28085,40744,1,14,2,2,0.00,0.00,'2022-03-15 18:55:32','2022-03-15 18:55:32',6,NULL),(6332,304,51,26,28085,40744,1,1,2,2,427457.44,89766.06,'2022-03-15 18:55:32','2022-03-15 18:55:32',6,NULL),(6333,304,51,26,28085,40744,1,4,2,2,0.00,0.00,'2022-03-15 18:55:32','2022-03-15 18:55:32',6,NULL),(6334,304,51,26,28085,40744,1,7,2,2,0.00,0.00,'2022-03-15 18:55:32','2022-03-15 18:55:32',6,NULL),(6335,304,51,26,28085,40744,1,6,2,1,0.00,0.00,'2022-03-15 18:55:32','2022-03-15 18:55:32',6,NULL),(6336,304,51,26,28085,40744,1,9,2,1,0.00,0.00,'2022-03-15 18:55:32','2022-03-15 18:55:32',6,NULL),(6337,304,51,26,28085,40744,1,12,2,1,0.00,0.00,'2022-03-15 18:55:32','2022-03-15 18:55:32',6,NULL),(6338,304,51,26,28085,40744,1,2,2,1,0.00,0.00,'2022-03-15 18:55:32','2022-03-15 18:55:32',6,NULL),(6339,304,51,26,28085,40744,1,5,2,1,0.00,0.00,'2022-03-15 18:55:32','2022-03-15 18:55:32',6,NULL),(6340,304,51,26,28085,40744,1,8,2,1,0.00,0.00,'2022-03-15 18:55:32','2022-03-15 18:55:32',6,NULL),(6341,304,51,26,28085,40744,1,11,2,1,0.00,0.00,'2022-03-15 18:55:32','2022-03-15 18:55:32',6,NULL),(6342,304,51,26,28085,40744,1,14,2,1,0.00,0.00,'2022-03-15 18:55:32','2022-03-15 18:55:32',6,NULL),(6343,304,51,26,28085,40744,1,1,2,1,246615.00,25894.58,'2022-03-15 18:55:32','2022-03-15 18:55:32',6,NULL),(6344,304,51,26,28085,40744,1,4,2,1,0.00,0.00,'2022-03-15 18:55:32','2022-03-15 18:55:32',6,NULL),(6345,304,51,26,28085,40744,1,7,2,1,0.00,0.00,'2022-03-15 18:55:32','2022-03-15 18:55:32',6,NULL),(6346,304,51,26,28085,40744,1,10,2,1,0.00,0.00,'2022-03-15 18:55:32','2022-03-15 18:55:32',6,NULL);
INSERT INTO `period_liquidation_iva_details` VALUES (6347,304,51,26,28085,40744,1,13,2,1,0.00,0.00,'2022-03-15 18:55:32','2022-03-15 18:55:32',6,NULL),(6348,304,51,26,28085,40744,1,3,2,1,0.00,0.00,'2022-03-15 18:55:32','2022-03-15 18:55:32',6,NULL),(6349,304,51,26,28085,40744,1,3,2,5,0.00,0.00,'2022-03-15 18:55:32','2022-03-15 18:55:32',6,NULL),(6350,304,51,26,28085,40744,1,6,2,5,0.00,0.00,'2022-03-15 18:55:32','2022-03-15 18:55:32',6,NULL),(6351,304,51,26,28085,40744,1,9,2,5,0.00,0.00,'2022-03-15 18:55:32','2022-03-15 18:55:32',6,NULL),(6352,304,51,26,28085,40744,1,12,2,5,0.00,0.00,'2022-03-15 18:55:32','2022-03-15 18:55:32',6,NULL),(6353,304,51,26,28085,40744,1,2,2,5,0.00,0.00,'2022-03-15 18:55:32','2022-03-15 18:55:32',6,NULL),(6354,304,51,26,28085,40744,1,5,2,5,0.00,0.00,'2022-03-15 18:55:32','2022-03-15 18:55:32',6,NULL),(6355,304,51,26,28085,40744,1,8,2,5,0.00,0.00,'2022-03-15 18:55:32','2022-03-15 18:55:32',6,NULL),(6356,304,51,26,28085,40744,1,11,2,5,0.00,0.00,'2022-03-15 18:55:32','2022-03-15 18:55:32',6,NULL),(6357,304,51,26,28085,40744,1,14,2,5,0.00,0.00,'2022-03-15 18:55:32','2022-03-15 18:55:32',6,NULL),(6358,304,51,26,28085,40744,1,1,2,5,0.00,0.00,'2022-03-15 18:55:32','2022-03-15 18:55:32',6,NULL),(6359,304,51,26,28085,40744,1,4,2,5,0.00,0.00,'2022-03-15 18:55:32','2022-03-15 18:55:32',6,NULL),(6360,304,51,26,28085,40744,1,7,2,5,0.00,0.00,'2022-03-15 18:55:32','2022-03-15 18:55:32',6,NULL),(6361,304,51,26,28085,40744,1,10,2,5,0.00,0.00,'2022-03-15 18:55:32','2022-03-15 18:55:32',6,NULL),(6362,304,51,26,28085,40744,1,13,2,5,0.00,0.00,'2022-03-15 18:55:32','2022-03-15 18:55:32',6,NULL),(6363,304,51,26,28085,40744,1,2,2,4,0.00,0.00,'2022-03-15 18:55:32','2022-03-15 18:55:32',6,NULL),(6364,304,51,26,28085,40744,1,5,2,4,0.00,0.00,'2022-03-15 18:55:32','2022-03-15 18:55:32',6,NULL),(6365,304,51,26,28085,40744,1,8,2,4,0.00,0.00,'2022-03-15 18:55:32','2022-03-15 18:55:32',6,NULL),(6366,304,51,26,28085,40744,1,11,2,4,0.00,0.00,'2022-03-15 18:55:32','2022-03-15 18:55:32',6,NULL),(6367,304,51,26,28085,40744,1,14,2,4,0.00,0.00,'2022-03-15 18:55:32','2022-03-15 18:55:32',6,NULL),(6368,304,51,26,28085,40744,1,1,2,4,0.00,0.00,'2022-03-15 18:55:32','2022-03-15 18:55:32',6,NULL),(6369,304,51,26,28085,40744,1,4,2,4,0.00,0.00,'2022-03-15 18:55:32','2022-03-15 18:55:32',6,NULL),(6370,304,51,26,28085,40744,1,7,2,4,0.00,0.00,'2022-03-15 18:55:32','2022-03-15 18:55:32',6,NULL),(6371,304,51,26,28085,40744,1,10,2,4,0.00,0.00,'2022-03-15 18:55:32','2022-03-15 18:55:32',6,NULL),(6372,304,51,26,28085,40744,1,13,2,4,0.00,0.00,'2022-03-15 18:55:32','2022-03-15 18:55:32',6,NULL),(6373,304,51,26,28085,40744,1,3,2,4,0.00,0.00,'2022-03-15 18:55:32','2022-03-15 18:55:32',6,NULL),(6374,304,51,26,28085,40744,1,6,2,4,0.00,0.00,'2022-03-15 18:55:32','2022-03-15 18:55:32',6,NULL),(6375,304,51,26,28085,40744,1,9,2,4,0.00,0.00,'2022-03-15 18:55:32','2022-03-15 18:55:32',6,NULL),(6376,304,51,26,28085,40744,1,12,2,4,0.00,0.00,'2022-03-15 18:55:32','2022-03-15 18:55:32',6,NULL),(6377,304,51,26,28085,40744,1,4,2,8,0.00,0.00,'2022-03-15 18:55:32','2022-03-15 18:55:32',6,NULL),(6378,304,51,26,28085,40744,1,7,2,8,0.00,0.00,'2022-03-15 18:55:32','2022-03-15 18:55:32',6,NULL),(6379,304,51,26,28085,40744,1,10,2,8,0.00,0.00,'2022-03-15 18:55:32','2022-03-15 18:55:32',6,NULL),(6380,304,51,26,28085,40744,1,13,2,8,0.00,0.00,'2022-03-15 18:55:32','2022-03-15 18:55:32',6,NULL),(6381,304,51,26,28085,40744,1,3,2,8,0.00,0.00,'2022-03-15 18:55:32','2022-03-15 18:55:32',6,NULL),(6382,304,51,26,28085,40744,1,6,2,8,0.00,0.00,'2022-03-15 18:55:32','2022-03-15 18:55:32',6,NULL),(6383,304,51,26,28085,40744,1,9,2,8,0.00,0.00,'2022-03-15 18:55:32','2022-03-15 18:55:32',6,NULL),(6384,304,51,26,28085,40744,1,12,2,8,0.00,0.00,'2022-03-15 18:55:32','2022-03-15 18:55:32',6,NULL),(6385,304,51,26,28085,40744,1,2,2,8,0.00,0.00,'2022-03-15 18:55:32','2022-03-15 18:55:32',6,NULL),(6386,304,51,26,28085,40744,1,5,2,8,0.00,0.00,'2022-03-15 18:55:32','2022-03-15 18:55:32',6,NULL);
INSERT INTO `period_liquidation_iva_details` VALUES (6387,304,51,26,28085,40744,1,8,2,8,0.00,0.00,'2022-03-15 18:55:32','2022-03-15 18:55:32',6,NULL),(6388,304,51,26,28085,40744,1,11,2,8,0.00,0.00,'2022-03-15 18:55:32','2022-03-15 18:55:32',6,NULL),(6389,304,51,26,28085,40744,1,14,2,8,0.00,0.00,'2022-03-15 18:55:32','2022-03-15 18:55:32',6,NULL),(6390,304,51,26,28085,40744,1,1,2,8,0.00,0.00,'2022-03-15 18:55:32','2022-03-15 18:55:32',6,NULL),(6391,304,51,26,28085,40744,1,14,2,6,0.00,0.00,'2022-03-15 18:55:32','2022-03-15 18:55:32',7,NULL),(6392,304,51,26,28085,40744,1,10,2,7,0.00,0.00,'2022-03-15 18:55:32','2022-03-15 18:55:32',7,NULL),(6393,304,51,26,28085,40744,1,7,2,6,0.00,0.00,'2022-03-15 18:55:32','2022-03-15 18:55:32',7,NULL),(6394,304,51,26,28085,40744,1,3,2,7,0.00,0.00,'2022-03-15 18:55:32','2022-03-15 18:55:32',7,NULL),(6395,304,51,26,28085,40744,1,12,2,7,0.00,0.00,'2022-03-15 18:55:32','2022-03-15 18:55:32',7,NULL),(6396,304,51,26,28085,40744,1,9,2,6,0.00,0.00,'2022-03-15 18:55:32','2022-03-15 18:55:32',7,NULL),(6397,304,51,26,28085,40744,1,5,2,7,0.00,0.00,'2022-03-15 18:55:32','2022-03-15 18:55:32',7,NULL),(6398,304,51,26,28085,40744,1,2,2,6,0.00,0.00,'2022-03-15 18:55:32','2022-03-15 18:55:32',7,NULL),(6399,304,51,26,28085,40744,1,14,2,7,0.00,0.00,'2022-03-15 18:55:32','2022-03-15 18:55:32',7,NULL),(6400,304,51,26,28085,40744,1,11,2,6,0.00,0.00,'2022-03-15 18:55:32','2022-03-15 18:55:32',7,NULL),(6401,304,51,26,28085,40744,1,7,2,7,0.00,0.00,'2022-03-15 18:55:32','2022-03-15 18:55:32',7,NULL),(6402,304,51,26,28085,40744,1,4,2,6,0.00,0.00,'2022-03-15 18:55:32','2022-03-15 18:55:32',7,NULL),(6403,304,51,26,28085,40744,1,13,2,6,0.00,0.00,'2022-03-15 18:55:32','2022-03-15 18:55:32',7,NULL),(6404,304,51,26,28085,40744,1,9,2,7,0.00,0.00,'2022-03-15 18:55:32','2022-03-15 18:55:32',7,NULL),(6405,304,51,26,28085,40744,1,6,2,6,0.00,0.00,'2022-03-15 18:55:32','2022-03-15 18:55:32',7,NULL),(6406,304,51,26,28085,40744,1,2,2,7,0.00,0.00,'2022-03-15 18:55:32','2022-03-15 18:55:32',7,NULL),(6407,304,51,26,28085,40744,1,11,2,7,0.00,0.00,'2022-03-15 18:55:32','2022-03-15 18:55:32',7,NULL),(6408,304,51,26,28085,40744,1,8,2,6,0.00,0.00,'2022-03-15 18:55:32','2022-03-15 18:55:32',7,NULL),(6409,304,51,26,28085,40744,1,4,2,7,0.00,0.00,'2022-03-15 18:55:32','2022-03-15 18:55:32',7,NULL),(6410,304,51,26,28085,40744,1,1,2,6,0.00,0.00,'2022-03-15 18:55:32','2022-03-15 18:55:32',7,NULL),(6411,304,51,26,28085,40744,1,13,2,7,0.00,0.00,'2022-03-15 18:55:32','2022-03-15 18:55:32',7,NULL),(6412,304,51,26,28085,40744,1,10,2,6,0.00,0.00,'2022-03-15 18:55:32','2022-03-15 18:55:32',7,NULL),(6413,304,51,26,28085,40744,1,6,2,7,0.00,0.00,'2022-03-15 18:55:32','2022-03-15 18:55:32',7,NULL),(6414,304,51,26,28085,40744,1,3,2,6,0.00,0.00,'2022-03-15 18:55:32','2022-03-15 18:55:32',7,NULL),(6415,304,51,26,28085,40744,1,12,2,6,0.00,0.00,'2022-03-15 18:55:32','2022-03-15 18:55:32',7,NULL),(6416,304,51,26,28085,40744,1,8,2,7,0.00,0.00,'2022-03-15 18:55:32','2022-03-15 18:55:32',7,NULL),(6417,304,51,26,28085,40744,1,5,2,6,0.00,0.00,'2022-03-15 18:55:32','2022-03-15 18:55:32',7,NULL),(6418,304,51,26,28085,40744,1,1,2,7,13156.07,0.00,'2022-03-15 18:55:32','2022-03-15 18:55:32',7,NULL),(6665,304,63,28,28086,40744,577,1,1,3,0.00,0.00,'2022-04-18 12:59:33','2022-04-18 12:59:33',1,NULL),(6666,304,63,28,28086,40744,577,1,1,2,0.00,0.00,'2022-04-18 12:59:33','2022-04-18 12:59:33',1,NULL),(6667,304,63,28,28086,40744,577,1,1,1,0.00,0.00,'2022-04-18 12:59:33','2022-04-18 12:59:33',1,NULL),(6668,304,63,28,28086,40744,577,1,1,5,0.00,0.00,'2022-04-18 12:59:33','2022-04-18 12:59:33',1,NULL),(6669,304,63,28,28086,40744,577,1,1,4,0.00,0.00,'2022-04-18 12:59:33','2022-04-18 12:59:33',1,NULL),(6670,304,63,28,28086,40744,577,1,1,8,0.00,0.00,'2022-04-18 12:59:33','2022-04-18 12:59:33',1,NULL),(6671,304,63,28,28086,40744,577,1,1,3,0.00,0.00,'2022-04-18 12:59:33','2022-04-18 12:59:33',2,NULL),(6672,304,63,28,28086,40744,577,1,1,2,0.00,0.00,'2022-04-18 12:59:33','2022-04-18 12:59:33',2,NULL);
INSERT INTO `period_liquidation_iva_details` VALUES (6673,304,63,28,28086,40744,577,1,1,1,665628.96,69891.04,'2022-04-18 12:59:33','2022-04-18 12:59:33',2,NULL),(6674,304,63,28,28086,40744,577,1,1,5,0.00,0.00,'2022-04-18 12:59:33','2022-04-18 12:59:33',2,NULL),(6675,304,63,28,28086,40744,577,1,1,4,0.00,0.00,'2022-04-18 12:59:33','2022-04-18 12:59:33',2,NULL),(6676,304,63,28,28086,40744,577,1,1,8,0.00,0.00,'2022-04-18 12:59:33','2022-04-18 12:59:33',2,NULL),(6677,304,63,28,28086,40744,577,1,1,6,0.00,0.00,'2022-04-18 12:59:33','2022-04-18 12:59:33',3,NULL),(6678,304,63,28,28086,40744,577,1,1,7,0.00,0.00,'2022-04-18 12:59:33','2022-04-18 12:59:33',3,NULL),(6679,304,63,28,28086,40744,577,1,1,3,0.00,0.00,'2022-04-18 12:59:33','2022-04-18 12:59:33',4,NULL),(6680,304,63,28,28086,40744,577,1,1,2,0.00,0.00,'2022-04-18 12:59:33','2022-04-18 12:59:33',4,NULL),(6681,304,63,28,28086,40744,577,1,1,1,0.00,0.00,'2022-04-18 12:59:33','2022-04-18 12:59:33',4,NULL),(6682,304,63,28,28086,40744,577,1,1,5,0.00,0.00,'2022-04-18 12:59:33','2022-04-18 12:59:33',4,NULL),(6683,304,63,28,28086,40744,577,1,1,4,0.00,0.00,'2022-04-18 12:59:33','2022-04-18 12:59:33',4,NULL),(6684,304,63,28,28086,40744,577,1,1,7,0.00,0.00,'2022-04-18 12:59:33','2022-04-18 12:59:33',4,NULL),(6685,304,63,28,28086,40744,577,1,1,8,0.00,0.00,'2022-04-18 12:59:33','2022-04-18 12:59:33',4,NULL),(6686,304,63,28,28086,40744,577,1,1,6,0.00,0.00,'2022-04-18 12:59:33','2022-04-18 12:59:33',4,NULL),(6687,304,63,28,28086,40744,1,7,2,3,0.00,0.00,'2022-04-18 12:59:33','2022-04-18 12:59:33',5,NULL),(6688,304,63,28,28086,40744,1,11,2,3,0.00,0.00,'2022-04-18 12:59:33','2022-04-18 12:59:33',5,NULL),(6689,304,63,28,28086,40744,1,4,2,3,0.00,0.00,'2022-04-18 12:59:33','2022-04-18 12:59:33',5,NULL),(6690,304,63,28,28086,40744,1,12,2,3,0.00,0.00,'2022-04-18 12:59:33','2022-04-18 12:59:33',5,NULL),(6691,304,63,28,28086,40744,1,8,2,3,0.00,0.00,'2022-04-18 12:59:33','2022-04-18 12:59:33',5,NULL),(6692,304,63,28,28086,40744,1,1,2,3,0.00,0.00,'2022-04-18 12:59:33','2022-04-18 12:59:33',5,NULL),(6693,304,63,28,28086,40744,1,5,2,3,0.00,0.00,'2022-04-18 12:59:33','2022-04-18 12:59:33',5,NULL),(6694,304,63,28,28086,40744,1,13,2,3,0.00,0.00,'2022-04-18 12:59:33','2022-04-18 12:59:33',5,NULL),(6695,304,63,28,28086,40744,1,9,2,3,0.00,0.00,'2022-04-18 12:59:33','2022-04-18 12:59:33',5,NULL),(6696,304,63,28,28086,40744,1,2,2,3,0.00,0.00,'2022-04-18 12:59:33','2022-04-18 12:59:33',5,NULL),(6697,304,63,28,28086,40744,1,6,2,3,0.00,0.00,'2022-04-18 12:59:33','2022-04-18 12:59:33',5,NULL),(6698,304,63,28,28086,40744,1,14,2,3,0.00,0.00,'2022-04-18 12:59:33','2022-04-18 12:59:33',5,NULL),(6699,304,63,28,28086,40744,1,10,2,3,0.00,0.00,'2022-04-18 12:59:33','2022-04-18 12:59:33',5,NULL),(6700,304,63,28,28086,40744,1,3,2,3,0.00,0.00,'2022-04-18 12:59:33','2022-04-18 12:59:33',5,NULL),(6701,304,63,28,28086,40744,1,12,2,2,0.00,0.00,'2022-04-18 12:59:33','2022-04-18 12:59:33',5,NULL),(6702,304,63,28,28086,40744,1,8,2,2,0.00,0.00,'2022-04-18 12:59:33','2022-04-18 12:59:33',5,NULL),(6703,304,63,28,28086,40744,1,1,2,2,0.00,0.00,'2022-04-18 12:59:33','2022-04-18 12:59:33',5,NULL),(6704,304,63,28,28086,40744,1,5,2,2,0.00,0.00,'2022-04-18 12:59:33','2022-04-18 12:59:33',5,NULL),(6705,304,63,28,28086,40744,1,13,2,2,0.00,0.00,'2022-04-18 12:59:34','2022-04-18 12:59:34',5,NULL),(6706,304,63,28,28086,40744,1,9,2,2,0.00,0.00,'2022-04-18 12:59:34','2022-04-18 12:59:34',5,NULL),(6707,304,63,28,28086,40744,1,2,2,2,0.00,0.00,'2022-04-18 12:59:34','2022-04-18 12:59:34',5,NULL),(6708,304,63,28,28086,40744,1,6,2,2,0.00,0.00,'2022-04-18 12:59:34','2022-04-18 12:59:34',5,NULL),(6709,304,63,28,28086,40744,1,14,2,2,0.00,0.00,'2022-04-18 12:59:34','2022-04-18 12:59:34',5,NULL),(6710,304,63,28,28086,40744,1,10,2,2,0.00,0.00,'2022-04-18 12:59:34','2022-04-18 12:59:34',5,NULL),(6711,304,63,28,28086,40744,1,3,2,2,0.00,0.00,'2022-04-18 12:59:34','2022-04-18 12:59:34',5,NULL),(6712,304,63,28,28086,40744,1,7,2,2,0.00,0.00,'2022-04-18 12:59:34','2022-04-18 12:59:34',5,NULL);
INSERT INTO `period_liquidation_iva_details` VALUES (6713,304,63,28,28086,40744,1,11,2,2,0.00,0.00,'2022-04-18 12:59:34','2022-04-18 12:59:34',5,NULL),(6714,304,63,28,28086,40744,1,4,2,2,0.00,0.00,'2022-04-18 12:59:34','2022-04-18 12:59:34',5,NULL),(6715,304,63,28,28086,40744,1,5,2,1,0.00,0.00,'2022-04-18 12:59:34','2022-04-18 12:59:34',5,NULL),(6716,304,63,28,28086,40744,1,13,2,1,0.00,0.00,'2022-04-18 12:59:34','2022-04-18 12:59:34',5,NULL),(6717,304,63,28,28086,40744,1,9,2,1,0.00,0.00,'2022-04-18 12:59:34','2022-04-18 12:59:34',5,NULL),(6718,304,63,28,28086,40744,1,2,2,1,0.00,0.00,'2022-04-18 12:59:34','2022-04-18 12:59:34',5,NULL),(6719,304,63,28,28086,40744,1,6,2,1,0.00,0.00,'2022-04-18 12:59:34','2022-04-18 12:59:34',5,NULL),(6720,304,63,28,28086,40744,1,14,2,1,0.00,0.00,'2022-04-18 12:59:34','2022-04-18 12:59:34',5,NULL),(6721,304,63,28,28086,40744,1,10,2,1,0.00,0.00,'2022-04-18 12:59:34','2022-04-18 12:59:34',5,NULL),(6722,304,63,28,28086,40744,1,3,2,1,0.00,0.00,'2022-04-18 12:59:34','2022-04-18 12:59:34',5,NULL),(6723,304,63,28,28086,40744,1,7,2,1,0.00,0.00,'2022-04-18 12:59:34','2022-04-18 12:59:34',5,NULL),(6724,304,63,28,28086,40744,1,11,2,1,0.00,0.00,'2022-04-18 12:59:34','2022-04-18 12:59:34',5,NULL),(6725,304,63,28,28086,40744,1,4,2,1,0.00,0.00,'2022-04-18 12:59:34','2022-04-18 12:59:34',5,NULL),(6726,304,63,28,28086,40744,1,8,2,1,0.00,0.00,'2022-04-18 12:59:34','2022-04-18 12:59:34',5,NULL),(6727,304,63,28,28086,40744,1,12,2,1,0.00,0.00,'2022-04-18 12:59:34','2022-04-18 12:59:34',5,NULL),(6728,304,63,28,28086,40744,1,1,2,1,0.00,0.00,'2022-04-18 12:59:34','2022-04-18 12:59:34',5,NULL),(6729,304,63,28,28086,40744,1,1,2,5,0.00,0.00,'2022-04-18 12:59:34','2022-04-18 12:59:34',5,NULL),(6730,304,63,28,28086,40744,1,5,2,5,0.00,0.00,'2022-04-18 12:59:34','2022-04-18 12:59:34',5,NULL),(6731,304,63,28,28086,40744,1,13,2,5,0.00,0.00,'2022-04-18 12:59:34','2022-04-18 12:59:34',5,NULL),(6732,304,63,28,28086,40744,1,9,2,5,0.00,0.00,'2022-04-18 12:59:34','2022-04-18 12:59:34',5,NULL),(6733,304,63,28,28086,40744,1,2,2,5,0.00,0.00,'2022-04-18 12:59:34','2022-04-18 12:59:34',5,NULL),(6734,304,63,28,28086,40744,1,6,2,5,0.00,0.00,'2022-04-18 12:59:34','2022-04-18 12:59:34',5,NULL),(6735,304,63,28,28086,40744,1,14,2,5,0.00,0.00,'2022-04-18 12:59:34','2022-04-18 12:59:34',5,NULL),(6736,304,63,28,28086,40744,1,10,2,5,0.00,0.00,'2022-04-18 12:59:34','2022-04-18 12:59:34',5,NULL),(6737,304,63,28,28086,40744,1,3,2,5,0.00,0.00,'2022-04-18 12:59:34','2022-04-18 12:59:34',5,NULL),(6738,304,63,28,28086,40744,1,7,2,5,0.00,0.00,'2022-04-18 12:59:34','2022-04-18 12:59:34',5,NULL),(6739,304,63,28,28086,40744,1,11,2,5,0.00,0.00,'2022-04-18 12:59:34','2022-04-18 12:59:34',5,NULL),(6740,304,63,28,28086,40744,1,4,2,5,0.00,0.00,'2022-04-18 12:59:34','2022-04-18 12:59:34',5,NULL),(6741,304,63,28,28086,40744,1,12,2,5,0.00,0.00,'2022-04-18 12:59:34','2022-04-18 12:59:34',5,NULL),(6742,304,63,28,28086,40744,1,8,2,5,0.00,0.00,'2022-04-18 12:59:34','2022-04-18 12:59:34',5,NULL),(6743,304,63,28,28086,40744,1,6,2,4,0.00,0.00,'2022-04-18 12:59:34','2022-04-18 12:59:34',5,NULL),(6744,304,63,28,28086,40744,1,14,2,4,0.00,0.00,'2022-04-18 12:59:34','2022-04-18 12:59:34',5,NULL),(6745,304,63,28,28086,40744,1,10,2,4,0.00,0.00,'2022-04-18 12:59:34','2022-04-18 12:59:34',5,NULL),(6746,304,63,28,28086,40744,1,3,2,4,0.00,0.00,'2022-04-18 12:59:34','2022-04-18 12:59:34',5,NULL),(6747,304,63,28,28086,40744,1,7,2,4,0.00,0.00,'2022-04-18 12:59:34','2022-04-18 12:59:34',5,NULL),(6748,304,63,28,28086,40744,1,11,2,4,0.00,0.00,'2022-04-18 12:59:34','2022-04-18 12:59:34',5,NULL),(6749,304,63,28,28086,40744,1,4,2,4,0.00,0.00,'2022-04-18 12:59:34','2022-04-18 12:59:34',5,NULL),(6750,304,63,28,28086,40744,1,12,2,4,0.00,0.00,'2022-04-18 12:59:34','2022-04-18 12:59:34',5,NULL),(6751,304,63,28,28086,40744,1,8,2,4,0.00,0.00,'2022-04-18 12:59:34','2022-04-18 12:59:34',5,NULL),(6752,304,63,28,28086,40744,1,1,2,4,0.00,0.00,'2022-04-18 12:59:34','2022-04-18 12:59:34',5,NULL);
INSERT INTO `period_liquidation_iva_details` VALUES (6753,304,63,28,28086,40744,1,5,2,4,0.00,0.00,'2022-04-18 12:59:34','2022-04-18 12:59:34',5,NULL),(6754,304,63,28,28086,40744,1,13,2,4,0.00,0.00,'2022-04-18 12:59:34','2022-04-18 12:59:34',5,NULL),(6755,304,63,28,28086,40744,1,9,2,4,0.00,0.00,'2022-04-18 12:59:34','2022-04-18 12:59:34',5,NULL),(6756,304,63,28,28086,40744,1,2,2,4,0.00,0.00,'2022-04-18 12:59:34','2022-04-18 12:59:34',5,NULL),(6757,304,63,28,28086,40744,1,4,2,6,0.00,0.00,'2022-04-18 12:59:34','2022-04-18 12:59:34',5,NULL),(6758,304,63,28,28086,40744,1,3,2,7,0.00,0.00,'2022-04-18 12:59:34','2022-04-18 12:59:34',5,NULL),(6759,304,63,28,28086,40744,1,2,2,8,0.00,0.00,'2022-04-18 12:59:34','2022-04-18 12:59:34',5,NULL),(6760,304,63,28,28086,40744,1,12,2,6,0.00,0.00,'2022-04-18 12:59:34','2022-04-18 12:59:34',5,NULL),(6761,304,63,28,28086,40744,1,8,2,6,0.00,0.00,'2022-04-18 12:59:34','2022-04-18 12:59:34',5,NULL),(6762,304,63,28,28086,40744,1,7,2,7,0.00,0.00,'2022-04-18 12:59:34','2022-04-18 12:59:34',5,NULL),(6763,304,63,28,28086,40744,1,11,2,7,0.00,0.00,'2022-04-18 12:59:34','2022-04-18 12:59:34',5,NULL),(6764,304,63,28,28086,40744,1,6,2,8,0.00,0.00,'2022-04-18 12:59:34','2022-04-18 12:59:34',5,NULL),(6765,304,63,28,28086,40744,1,14,2,8,0.00,0.00,'2022-04-18 12:59:34','2022-04-18 12:59:34',5,NULL),(6766,304,63,28,28086,40744,1,10,2,8,0.00,0.00,'2022-04-18 12:59:34','2022-04-18 12:59:34',5,NULL),(6767,304,63,28,28086,40744,1,1,2,6,0.00,0.00,'2022-04-18 12:59:34','2022-04-18 12:59:34',5,NULL),(6768,304,63,28,28086,40744,1,4,2,7,0.00,0.00,'2022-04-18 12:59:34','2022-04-18 12:59:34',5,NULL),(6769,304,63,28,28086,40744,1,3,2,8,0.00,0.00,'2022-04-18 12:59:34','2022-04-18 12:59:34',5,NULL),(6770,304,63,28,28086,40744,1,5,2,6,0.00,0.00,'2022-04-18 12:59:34','2022-04-18 12:59:34',5,NULL),(6771,304,63,28,28086,40744,1,13,2,6,0.00,0.00,'2022-04-18 12:59:34','2022-04-18 12:59:34',5,NULL),(6772,304,63,28,28086,40744,1,9,2,6,0.00,0.00,'2022-04-18 12:59:34','2022-04-18 12:59:34',5,NULL),(6773,304,63,28,28086,40744,1,12,2,7,0.00,0.00,'2022-04-18 12:59:34','2022-04-18 12:59:34',5,NULL),(6774,304,63,28,28086,40744,1,8,2,7,0.00,0.00,'2022-04-18 12:59:34','2022-04-18 12:59:34',5,NULL),(6775,304,63,28,28086,40744,1,7,2,8,0.00,0.00,'2022-04-18 12:59:34','2022-04-18 12:59:34',5,NULL),(6776,304,63,28,28086,40744,1,11,2,8,0.00,0.00,'2022-04-18 12:59:34','2022-04-18 12:59:34',5,NULL),(6777,304,63,28,28086,40744,1,2,2,6,0.00,0.00,'2022-04-18 12:59:34','2022-04-18 12:59:34',5,NULL),(6778,304,63,28,28086,40744,1,1,2,7,0.00,0.00,'2022-04-18 12:59:34','2022-04-18 12:59:34',5,NULL),(6779,304,63,28,28086,40744,1,4,2,8,0.00,0.00,'2022-04-18 12:59:34','2022-04-18 12:59:34',5,NULL),(6780,304,63,28,28086,40744,1,6,2,6,0.00,0.00,'2022-04-18 12:59:34','2022-04-18 12:59:34',5,NULL),(6781,304,63,28,28086,40744,1,14,2,6,0.00,0.00,'2022-04-18 12:59:34','2022-04-18 12:59:34',5,NULL),(6782,304,63,28,28086,40744,1,10,2,6,0.00,0.00,'2022-04-18 12:59:34','2022-04-18 12:59:34',5,NULL),(6783,304,63,28,28086,40744,1,5,2,7,0.00,0.00,'2022-04-18 12:59:34','2022-04-18 12:59:34',5,NULL),(6784,304,63,28,28086,40744,1,13,2,7,0.00,0.00,'2022-04-18 12:59:34','2022-04-18 12:59:34',5,NULL),(6785,304,63,28,28086,40744,1,9,2,7,0.00,0.00,'2022-04-18 12:59:34','2022-04-18 12:59:34',5,NULL),(6786,304,63,28,28086,40744,1,12,2,8,0.00,0.00,'2022-04-18 12:59:34','2022-04-18 12:59:34',5,NULL),(6787,304,63,28,28086,40744,1,8,2,8,0.00,0.00,'2022-04-18 12:59:34','2022-04-18 12:59:34',5,NULL),(6788,304,63,28,28086,40744,1,3,2,6,0.00,0.00,'2022-04-18 12:59:34','2022-04-18 12:59:34',5,NULL),(6789,304,63,28,28086,40744,1,2,2,7,0.00,0.00,'2022-04-18 12:59:34','2022-04-18 12:59:34',5,NULL),(6790,304,63,28,28086,40744,1,1,2,8,0.00,0.00,'2022-04-18 12:59:34','2022-04-18 12:59:34',5,NULL),(6791,304,63,28,28086,40744,1,7,2,6,0.00,0.00,'2022-04-18 12:59:34','2022-04-18 12:59:34',5,NULL),(6792,304,63,28,28086,40744,1,11,2,6,0.00,0.00,'2022-04-18 12:59:34','2022-04-18 12:59:34',5,NULL);
INSERT INTO `period_liquidation_iva_details` VALUES (6793,304,63,28,28086,40744,1,6,2,7,0.00,0.00,'2022-04-18 12:59:34','2022-04-18 12:59:34',5,NULL),(6794,304,63,28,28086,40744,1,14,2,7,0.00,0.00,'2022-04-18 12:59:34','2022-04-18 12:59:34',5,NULL),(6795,304,63,28,28086,40744,1,10,2,7,0.00,0.00,'2022-04-18 12:59:34','2022-04-18 12:59:34',5,NULL),(6796,304,63,28,28086,40744,1,5,2,8,0.00,0.00,'2022-04-18 12:59:34','2022-04-18 12:59:34',5,NULL),(6797,304,63,28,28086,40744,1,13,2,8,0.00,0.00,'2022-04-18 12:59:34','2022-04-18 12:59:34',5,NULL),(6798,304,63,28,28086,40744,1,9,2,8,0.00,0.00,'2022-04-18 12:59:34','2022-04-18 12:59:34',5,NULL),(6799,304,63,28,28086,40744,1,10,2,3,0.00,0.00,'2022-04-18 12:59:34','2022-04-18 12:59:34',6,NULL),(6800,304,63,28,28086,40744,1,13,2,3,0.00,0.00,'2022-04-18 12:59:34','2022-04-18 12:59:34',6,NULL),(6801,304,63,28,28086,40744,1,3,2,3,0.00,0.00,'2022-04-18 12:59:34','2022-04-18 12:59:34',6,NULL),(6802,304,63,28,28086,40744,1,6,2,3,0.00,0.00,'2022-04-18 12:59:34','2022-04-18 12:59:34',6,NULL),(6803,304,63,28,28086,40744,1,9,2,3,0.00,0.00,'2022-04-18 12:59:34','2022-04-18 12:59:34',6,NULL),(6804,304,63,28,28086,40744,1,12,2,3,0.00,0.00,'2022-04-18 12:59:34','2022-04-18 12:59:34',6,NULL),(6805,304,63,28,28086,40744,1,2,2,3,0.00,0.00,'2022-04-18 12:59:34','2022-04-18 12:59:34',6,NULL),(6806,304,63,28,28086,40744,1,5,2,3,0.00,0.00,'2022-04-18 12:59:34','2022-04-18 12:59:34',6,NULL),(6807,304,63,28,28086,40744,1,8,2,3,0.00,0.00,'2022-04-18 12:59:34','2022-04-18 12:59:34',6,NULL),(6808,304,63,28,28086,40744,1,11,2,3,0.00,0.00,'2022-04-18 12:59:34','2022-04-18 12:59:34',6,NULL),(6809,304,63,28,28086,40744,1,14,2,3,0.00,0.00,'2022-04-18 12:59:34','2022-04-18 12:59:34',6,NULL),(6810,304,63,28,28086,40744,1,1,2,3,0.00,0.00,'2022-04-18 12:59:34','2022-04-18 12:59:34',6,NULL),(6811,304,63,28,28086,40744,1,4,2,3,0.00,0.00,'2022-04-18 12:59:34','2022-04-18 12:59:34',6,NULL),(6812,304,63,28,28086,40744,1,7,2,3,0.00,0.00,'2022-04-18 12:59:34','2022-04-18 12:59:34',6,NULL),(6813,304,63,28,28086,40744,1,9,2,2,0.00,0.00,'2022-04-18 12:59:34','2022-04-18 12:59:34',6,NULL),(6814,304,63,28,28086,40744,1,12,2,2,0.00,0.00,'2022-04-18 12:59:34','2022-04-18 12:59:34',6,NULL),(6815,304,63,28,28086,40744,1,2,2,2,0.00,0.00,'2022-04-18 12:59:34','2022-04-18 12:59:34',6,NULL),(6816,304,63,28,28086,40744,1,5,2,2,0.00,0.00,'2022-04-18 12:59:34','2022-04-18 12:59:34',6,NULL),(6817,304,63,28,28086,40744,1,8,2,2,0.00,0.00,'2022-04-18 12:59:34','2022-04-18 12:59:34',6,NULL),(6818,304,63,28,28086,40744,1,11,2,2,0.00,0.00,'2022-04-18 12:59:34','2022-04-18 12:59:34',6,NULL),(6819,304,63,28,28086,40744,1,14,2,2,0.00,0.00,'2022-04-18 12:59:34','2022-04-18 12:59:34',6,NULL),(6820,304,63,28,28086,40744,1,1,2,2,322885.09,67805.87,'2022-04-18 12:59:34','2022-04-18 12:59:34',6,NULL),(6821,304,63,28,28086,40744,1,4,2,2,0.00,0.00,'2022-04-18 12:59:34','2022-04-18 12:59:34',6,NULL),(6822,304,63,28,28086,40744,1,7,2,2,0.00,0.00,'2022-04-18 12:59:34','2022-04-18 12:59:34',6,NULL),(6823,304,63,28,28086,40744,1,10,2,2,0.00,0.00,'2022-04-18 12:59:34','2022-04-18 12:59:34',6,NULL),(6824,304,63,28,28086,40744,1,13,2,2,0.00,0.00,'2022-04-18 12:59:34','2022-04-18 12:59:34',6,NULL),(6825,304,63,28,28086,40744,1,3,2,2,0.00,0.00,'2022-04-18 12:59:34','2022-04-18 12:59:34',6,NULL),(6826,304,63,28,28086,40744,1,6,2,2,0.00,0.00,'2022-04-18 12:59:34','2022-04-18 12:59:34',6,NULL),(6827,304,63,28,28086,40744,1,5,2,1,0.00,0.00,'2022-04-18 12:59:34','2022-04-18 12:59:34',6,NULL),(6828,304,63,28,28086,40744,1,8,2,1,0.00,0.00,'2022-04-18 12:59:34','2022-04-18 12:59:34',6,NULL),(6829,304,63,28,28086,40744,1,11,2,1,0.00,0.00,'2022-04-18 12:59:34','2022-04-18 12:59:34',6,NULL),(6830,304,63,28,28086,40744,1,14,2,1,0.00,0.00,'2022-04-18 12:59:34','2022-04-18 12:59:34',6,NULL),(6831,304,63,28,28086,40744,1,1,2,1,575436.00,60420.78,'2022-04-18 12:59:34','2022-04-18 12:59:34',6,NULL),(6832,304,63,28,28086,40744,1,4,2,1,0.00,0.00,'2022-04-18 12:59:34','2022-04-18 12:59:34',6,NULL);
INSERT INTO `period_liquidation_iva_details` VALUES (6833,304,63,28,28086,40744,1,7,2,1,0.00,0.00,'2022-04-18 12:59:34','2022-04-18 12:59:34',6,NULL),(6834,304,63,28,28086,40744,1,10,2,1,0.00,0.00,'2022-04-18 12:59:34','2022-04-18 12:59:34',6,NULL),(6835,304,63,28,28086,40744,1,13,2,1,0.00,0.00,'2022-04-18 12:59:34','2022-04-18 12:59:34',6,NULL),(6836,304,63,28,28086,40744,1,3,2,1,0.00,0.00,'2022-04-18 12:59:34','2022-04-18 12:59:34',6,NULL),(6837,304,63,28,28086,40744,1,6,2,1,0.00,0.00,'2022-04-18 12:59:34','2022-04-18 12:59:34',6,NULL),(6838,304,63,28,28086,40744,1,9,2,1,0.00,0.00,'2022-04-18 12:59:34','2022-04-18 12:59:34',6,NULL),(6839,304,63,28,28086,40744,1,12,2,1,0.00,0.00,'2022-04-18 12:59:34','2022-04-18 12:59:34',6,NULL),(6840,304,63,28,28086,40744,1,2,2,1,0.00,0.00,'2022-04-18 12:59:34','2022-04-18 12:59:34',6,NULL),(6841,304,63,28,28086,40744,1,2,2,5,0.00,0.00,'2022-04-18 12:59:34','2022-04-18 12:59:34',6,NULL),(6842,304,63,28,28086,40744,1,5,2,5,0.00,0.00,'2022-04-18 12:59:34','2022-04-18 12:59:34',6,NULL),(6843,304,63,28,28086,40744,1,8,2,5,0.00,0.00,'2022-04-18 12:59:34','2022-04-18 12:59:34',6,NULL),(6844,304,63,28,28086,40744,1,11,2,5,0.00,0.00,'2022-04-18 12:59:34','2022-04-18 12:59:34',6,NULL),(6845,304,63,28,28086,40744,1,14,2,5,0.00,0.00,'2022-04-18 12:59:34','2022-04-18 12:59:34',6,NULL),(6846,304,63,28,28086,40744,1,1,2,5,0.00,0.00,'2022-04-18 12:59:34','2022-04-18 12:59:34',6,NULL),(6847,304,63,28,28086,40744,1,4,2,5,0.00,0.00,'2022-04-18 12:59:34','2022-04-18 12:59:34',6,NULL),(6848,304,63,28,28086,40744,1,7,2,5,0.00,0.00,'2022-04-18 12:59:34','2022-04-18 12:59:34',6,NULL),(6849,304,63,28,28086,40744,1,10,2,5,0.00,0.00,'2022-04-18 12:59:34','2022-04-18 12:59:34',6,NULL),(6850,304,63,28,28086,40744,1,13,2,5,0.00,0.00,'2022-04-18 12:59:34','2022-04-18 12:59:34',6,NULL),(6851,304,63,28,28086,40744,1,3,2,5,0.00,0.00,'2022-04-18 12:59:34','2022-04-18 12:59:34',6,NULL),(6852,304,63,28,28086,40744,1,6,2,5,0.00,0.00,'2022-04-18 12:59:34','2022-04-18 12:59:34',6,NULL),(6853,304,63,28,28086,40744,1,9,2,5,0.00,0.00,'2022-04-18 12:59:34','2022-04-18 12:59:34',6,NULL),(6854,304,63,28,28086,40744,1,12,2,5,0.00,0.00,'2022-04-18 12:59:34','2022-04-18 12:59:34',6,NULL),(6855,304,63,28,28086,40744,1,14,2,4,0.00,0.00,'2022-04-18 12:59:34','2022-04-18 12:59:34',6,NULL),(6856,304,63,28,28086,40744,1,1,2,4,0.00,0.00,'2022-04-18 12:59:34','2022-04-18 12:59:34',6,NULL),(6857,304,63,28,28086,40744,1,4,2,4,0.00,0.00,'2022-04-18 12:59:34','2022-04-18 12:59:34',6,NULL),(6858,304,63,28,28086,40744,1,7,2,4,0.00,0.00,'2022-04-18 12:59:34','2022-04-18 12:59:34',6,NULL),(6859,304,63,28,28086,40744,1,10,2,4,0.00,0.00,'2022-04-18 12:59:34','2022-04-18 12:59:34',6,NULL),(6860,304,63,28,28086,40744,1,13,2,4,0.00,0.00,'2022-04-18 12:59:34','2022-04-18 12:59:34',6,NULL),(6861,304,63,28,28086,40744,1,3,2,4,0.00,0.00,'2022-04-18 12:59:34','2022-04-18 12:59:34',6,NULL),(6862,304,63,28,28086,40744,1,6,2,4,0.00,0.00,'2022-04-18 12:59:34','2022-04-18 12:59:34',6,NULL),(6863,304,63,28,28086,40744,1,9,2,4,0.00,0.00,'2022-04-18 12:59:34','2022-04-18 12:59:34',6,NULL),(6864,304,63,28,28086,40744,1,12,2,4,0.00,0.00,'2022-04-18 12:59:34','2022-04-18 12:59:34',6,NULL),(6865,304,63,28,28086,40744,1,2,2,4,0.00,0.00,'2022-04-18 12:59:34','2022-04-18 12:59:34',6,NULL),(6866,304,63,28,28086,40744,1,5,2,4,0.00,0.00,'2022-04-18 12:59:34','2022-04-18 12:59:34',6,NULL),(6867,304,63,28,28086,40744,1,8,2,4,0.00,0.00,'2022-04-18 12:59:34','2022-04-18 12:59:34',6,NULL),(6868,304,63,28,28086,40744,1,11,2,4,0.00,0.00,'2022-04-18 12:59:34','2022-04-18 12:59:34',6,NULL),(6869,304,63,28,28086,40744,1,3,2,8,0.00,0.00,'2022-04-18 12:59:34','2022-04-18 12:59:34',6,NULL),(6870,304,63,28,28086,40744,1,6,2,8,0.00,0.00,'2022-04-18 12:59:34','2022-04-18 12:59:34',6,NULL),(6871,304,63,28,28086,40744,1,9,2,8,0.00,0.00,'2022-04-18 12:59:34','2022-04-18 12:59:34',6,NULL),(6872,304,63,28,28086,40744,1,12,2,8,0.00,0.00,'2022-04-18 12:59:34','2022-04-18 12:59:34',6,NULL);
INSERT INTO `period_liquidation_iva_details` VALUES (6873,304,63,28,28086,40744,1,2,2,8,0.00,0.00,'2022-04-18 12:59:34','2022-04-18 12:59:34',6,NULL),(6874,304,63,28,28086,40744,1,5,2,8,0.00,0.00,'2022-04-18 12:59:34','2022-04-18 12:59:34',6,NULL),(6875,304,63,28,28086,40744,1,8,2,8,0.00,0.00,'2022-04-18 12:59:34','2022-04-18 12:59:34',6,NULL),(6876,304,63,28,28086,40744,1,11,2,8,0.00,0.00,'2022-04-18 12:59:34','2022-04-18 12:59:34',6,NULL),(6877,304,63,28,28086,40744,1,14,2,8,0.00,0.00,'2022-04-18 12:59:34','2022-04-18 12:59:34',6,NULL),(6878,304,63,28,28086,40744,1,1,2,8,0.00,0.00,'2022-04-18 12:59:34','2022-04-18 12:59:34',6,NULL),(6879,304,63,28,28086,40744,1,4,2,8,0.00,0.00,'2022-04-18 12:59:34','2022-04-18 12:59:34',6,NULL),(6880,304,63,28,28086,40744,1,7,2,8,0.00,0.00,'2022-04-18 12:59:34','2022-04-18 12:59:34',6,NULL),(6881,304,63,28,28086,40744,1,10,2,8,0.00,0.00,'2022-04-18 12:59:34','2022-04-18 12:59:34',6,NULL),(6882,304,63,28,28086,40744,1,13,2,8,0.00,0.00,'2022-04-18 12:59:34','2022-04-18 12:59:34',6,NULL),(6883,304,63,28,28086,40744,1,9,2,6,0.00,0.00,'2022-04-18 12:59:34','2022-04-18 12:59:34',7,NULL),(6884,304,63,28,28086,40744,1,5,2,7,0.00,0.00,'2022-04-18 12:59:34','2022-04-18 12:59:34',7,NULL),(6885,304,63,28,28086,40744,1,2,2,6,0.00,0.00,'2022-04-18 12:59:34','2022-04-18 12:59:34',7,NULL),(6886,304,63,28,28086,40744,1,14,2,7,0.00,0.00,'2022-04-18 12:59:34','2022-04-18 12:59:34',7,NULL),(6887,304,63,28,28086,40744,1,11,2,6,0.00,0.00,'2022-04-18 12:59:34','2022-04-18 12:59:34',7,NULL),(6888,304,63,28,28086,40744,1,7,2,7,0.00,0.00,'2022-04-18 12:59:34','2022-04-18 12:59:34',7,NULL),(6889,304,63,28,28086,40744,1,4,2,6,0.00,0.00,'2022-04-18 12:59:34','2022-04-18 12:59:34',7,NULL),(6890,304,63,28,28086,40744,1,13,2,6,0.00,0.00,'2022-04-18 12:59:34','2022-04-18 12:59:34',7,NULL),(6891,304,63,28,28086,40744,1,9,2,7,0.00,0.00,'2022-04-18 12:59:34','2022-04-18 12:59:34',7,NULL),(6892,304,63,28,28086,40744,1,6,2,6,0.00,0.00,'2022-04-18 12:59:34','2022-04-18 12:59:34',7,NULL),(6893,304,63,28,28086,40744,1,2,2,7,0.00,0.00,'2022-04-18 12:59:34','2022-04-18 12:59:34',7,NULL),(6894,304,63,28,28086,40744,1,11,2,7,0.00,0.00,'2022-04-18 12:59:34','2022-04-18 12:59:34',7,NULL),(6895,304,63,28,28086,40744,1,8,2,6,0.00,0.00,'2022-04-18 12:59:34','2022-04-18 12:59:34',7,NULL),(6896,304,63,28,28086,40744,1,4,2,7,0.00,0.00,'2022-04-18 12:59:34','2022-04-18 12:59:34',7,NULL),(6897,304,63,28,28086,40744,1,1,2,6,0.00,0.00,'2022-04-18 12:59:34','2022-04-18 12:59:34',7,NULL),(6898,304,63,28,28086,40744,1,13,2,7,0.00,0.00,'2022-04-18 12:59:34','2022-04-18 12:59:34',7,NULL),(6899,304,63,28,28086,40744,1,10,2,6,0.00,0.00,'2022-04-18 12:59:34','2022-04-18 12:59:34',7,NULL),(6900,304,63,28,28086,40744,1,6,2,7,0.00,0.00,'2022-04-18 12:59:34','2022-04-18 12:59:34',7,NULL),(6901,304,63,28,28086,40744,1,3,2,6,0.00,0.00,'2022-04-18 12:59:34','2022-04-18 12:59:34',7,NULL),(6902,304,63,28,28086,40744,1,12,2,6,0.00,0.00,'2022-04-18 12:59:34','2022-04-18 12:59:34',7,NULL),(6903,304,63,28,28086,40744,1,8,2,7,0.00,0.00,'2022-04-18 12:59:34','2022-04-18 12:59:34',7,NULL),(6904,304,63,28,28086,40744,1,5,2,6,0.00,0.00,'2022-04-18 12:59:34','2022-04-18 12:59:34',7,NULL),(6905,304,63,28,28086,40744,1,1,2,7,19699.03,0.00,'2022-04-18 12:59:34','2022-04-18 12:59:34',7,NULL),(6906,304,63,28,28086,40744,1,14,2,6,0.00,0.00,'2022-04-18 12:59:34','2022-04-18 12:59:34',7,NULL),(6907,304,63,28,28086,40744,1,10,2,7,0.00,0.00,'2022-04-18 12:59:34','2022-04-18 12:59:34',7,NULL),(6908,304,63,28,28086,40744,1,7,2,6,0.00,0.00,'2022-04-18 12:59:34','2022-04-18 12:59:34',7,NULL),(6909,304,63,28,28086,40744,1,3,2,7,0.00,0.00,'2022-04-18 12:59:34','2022-04-18 12:59:34',7,NULL),(6910,304,63,28,28086,40744,1,12,2,7,0.00,0.00,'2022-04-18 12:59:34','2022-04-18 12:59:34',7,NULL),(7157,304,84,30,28087,40744,577,1,1,3,0.00,0.00,'2022-05-10 15:57:38','2022-05-10 15:57:38',1,NULL),(7158,304,84,30,28087,40744,577,1,1,2,0.00,0.00,'2022-05-10 15:57:38','2022-05-10 15:57:38',1,NULL);
INSERT INTO `period_liquidation_iva_details` VALUES (7159,304,84,30,28087,40744,577,1,1,1,0.00,0.00,'2022-05-10 15:57:38','2022-05-10 15:57:38',1,NULL),(7160,304,84,30,28087,40744,577,1,1,5,0.00,0.00,'2022-05-10 15:57:38','2022-05-10 15:57:38',1,NULL),(7161,304,84,30,28087,40744,577,1,1,4,0.00,0.00,'2022-05-10 15:57:38','2022-05-10 15:57:38',1,NULL),(7162,304,84,30,28087,40744,577,1,1,8,0.00,0.00,'2022-05-10 15:57:38','2022-05-10 15:57:38',1,NULL),(7163,304,84,30,28087,40744,577,1,1,3,0.00,0.00,'2022-05-10 15:57:38','2022-05-10 15:57:38',2,NULL),(7164,304,84,30,28087,40744,577,1,1,2,4114.04,863.95,'2022-05-10 15:57:38','2022-05-10 15:57:38',2,NULL),(7165,304,84,30,28087,40744,577,1,1,1,554356.90,58207.47,'2022-05-10 15:57:38','2022-05-10 15:57:38',2,NULL),(7166,304,84,30,28087,40744,577,1,1,5,0.00,0.00,'2022-05-10 15:57:38','2022-05-10 15:57:38',2,NULL),(7167,304,84,30,28087,40744,577,1,1,4,0.00,0.00,'2022-05-10 15:57:38','2022-05-10 15:57:38',2,NULL),(7168,304,84,30,28087,40744,577,1,1,8,0.00,0.00,'2022-05-10 15:57:38','2022-05-10 15:57:38',2,NULL),(7169,304,84,30,28087,40744,577,1,1,6,0.00,0.00,'2022-05-10 15:57:38','2022-05-10 15:57:38',3,NULL),(7170,304,84,30,28087,40744,577,1,1,7,0.00,0.00,'2022-05-10 15:57:38','2022-05-10 15:57:38',3,NULL),(7171,304,84,30,28087,40744,577,1,1,3,0.00,0.00,'2022-05-10 15:57:38','2022-05-10 15:57:38',4,NULL),(7172,304,84,30,28087,40744,577,1,1,2,0.00,0.00,'2022-05-10 15:57:38','2022-05-10 15:57:38',4,NULL),(7173,304,84,30,28087,40744,577,1,1,1,0.00,0.00,'2022-05-10 15:57:38','2022-05-10 15:57:38',4,NULL),(7174,304,84,30,28087,40744,577,1,1,5,0.00,0.00,'2022-05-10 15:57:38','2022-05-10 15:57:38',4,NULL),(7175,304,84,30,28087,40744,577,1,1,4,0.00,0.00,'2022-05-10 15:57:38','2022-05-10 15:57:38',4,NULL),(7176,304,84,30,28087,40744,577,1,1,6,0.00,0.00,'2022-05-10 15:57:38','2022-05-10 15:57:38',4,NULL),(7177,304,84,30,28087,40744,577,1,1,7,0.00,0.00,'2022-05-10 15:57:38','2022-05-10 15:57:38',4,NULL),(7178,304,84,30,28087,40744,577,1,1,8,0.00,0.00,'2022-05-10 15:57:38','2022-05-10 15:57:38',4,NULL),(7179,304,84,30,28087,40744,1,1,2,3,0.00,0.00,'2022-05-10 15:57:38','2022-05-10 15:57:38',5,NULL),(7180,304,84,30,28087,40744,1,7,2,3,0.00,0.00,'2022-05-10 15:57:38','2022-05-10 15:57:38',5,NULL),(7181,304,84,30,28087,40744,1,11,2,3,0.00,0.00,'2022-05-10 15:57:38','2022-05-10 15:57:38',5,NULL),(7182,304,84,30,28087,40744,1,2,2,3,0.00,0.00,'2022-05-10 15:57:38','2022-05-10 15:57:38',5,NULL),(7183,304,84,30,28087,40744,1,8,2,3,0.00,0.00,'2022-05-10 15:57:38','2022-05-10 15:57:38',5,NULL),(7184,304,84,30,28087,40744,1,12,2,3,0.00,0.00,'2022-05-10 15:57:38','2022-05-10 15:57:38',5,NULL),(7185,304,84,30,28087,40744,1,3,2,3,0.00,0.00,'2022-05-10 15:57:38','2022-05-10 15:57:38',5,NULL),(7186,304,84,30,28087,40744,1,9,2,3,0.00,0.00,'2022-05-10 15:57:38','2022-05-10 15:57:38',5,NULL),(7187,304,84,30,28087,40744,1,5,2,3,0.00,0.00,'2022-05-10 15:57:38','2022-05-10 15:57:38',5,NULL),(7188,304,84,30,28087,40744,1,13,2,3,0.00,0.00,'2022-05-10 15:57:38','2022-05-10 15:57:38',5,NULL),(7189,304,84,30,28087,40744,1,4,2,3,0.00,0.00,'2022-05-10 15:57:38','2022-05-10 15:57:38',5,NULL),(7190,304,84,30,28087,40744,1,6,2,3,0.00,0.00,'2022-05-10 15:57:38','2022-05-10 15:57:38',5,NULL),(7191,304,84,30,28087,40744,1,14,2,3,0.00,0.00,'2022-05-10 15:57:38','2022-05-10 15:57:38',5,NULL),(7192,304,84,30,28087,40744,1,10,2,3,0.00,0.00,'2022-05-10 15:57:38','2022-05-10 15:57:38',5,NULL),(7193,304,84,30,28087,40744,1,8,2,2,0.00,0.00,'2022-05-10 15:57:38','2022-05-10 15:57:38',5,NULL),(7194,304,84,30,28087,40744,1,12,2,2,0.00,0.00,'2022-05-10 15:57:38','2022-05-10 15:57:38',5,NULL),(7195,304,84,30,28087,40744,1,3,2,2,0.00,0.00,'2022-05-10 15:57:38','2022-05-10 15:57:38',5,NULL),(7196,304,84,30,28087,40744,1,9,2,2,0.00,0.00,'2022-05-10 15:57:38','2022-05-10 15:57:38',5,NULL),(7197,304,84,30,28087,40744,1,5,2,2,0.00,0.00,'2022-05-10 15:57:38','2022-05-10 15:57:38',5,NULL),(7198,304,84,30,28087,40744,1,13,2,2,0.00,0.00,'2022-05-10 15:57:38','2022-05-10 15:57:38',5,NULL);
INSERT INTO `period_liquidation_iva_details` VALUES (7199,304,84,30,28087,40744,1,4,2,2,0.00,0.00,'2022-05-10 15:57:38','2022-05-10 15:57:38',5,NULL),(7200,304,84,30,28087,40744,1,14,2,2,0.00,0.00,'2022-05-10 15:57:38','2022-05-10 15:57:38',5,NULL),(7201,304,84,30,28087,40744,1,10,2,2,0.00,0.00,'2022-05-10 15:57:38','2022-05-10 15:57:38',5,NULL),(7202,304,84,30,28087,40744,1,6,2,2,0.00,0.00,'2022-05-10 15:57:38','2022-05-10 15:57:38',5,NULL),(7203,304,84,30,28087,40744,1,1,2,2,0.00,0.00,'2022-05-10 15:57:38','2022-05-10 15:57:38',5,NULL),(7204,304,84,30,28087,40744,1,7,2,2,0.00,0.00,'2022-05-10 15:57:38','2022-05-10 15:57:38',5,NULL),(7205,304,84,30,28087,40744,1,11,2,2,0.00,0.00,'2022-05-10 15:57:38','2022-05-10 15:57:38',5,NULL),(7206,304,84,30,28087,40744,1,2,2,2,0.00,0.00,'2022-05-10 15:57:38','2022-05-10 15:57:38',5,NULL),(7207,304,84,30,28087,40744,1,9,2,1,0.00,0.00,'2022-05-10 15:57:38','2022-05-10 15:57:38',5,NULL),(7208,304,84,30,28087,40744,1,5,2,1,0.00,0.00,'2022-05-10 15:57:38','2022-05-10 15:57:38',5,NULL),(7209,304,84,30,28087,40744,1,13,2,1,0.00,0.00,'2022-05-10 15:57:38','2022-05-10 15:57:38',5,NULL),(7210,304,84,30,28087,40744,1,4,2,1,0.00,0.00,'2022-05-10 15:57:38','2022-05-10 15:57:38',5,NULL),(7211,304,84,30,28087,40744,1,14,2,1,0.00,0.00,'2022-05-10 15:57:38','2022-05-10 15:57:38',5,NULL),(7212,304,84,30,28087,40744,1,10,2,1,0.00,0.00,'2022-05-10 15:57:38','2022-05-10 15:57:38',5,NULL),(7213,304,84,30,28087,40744,1,6,2,1,0.00,0.00,'2022-05-10 15:57:38','2022-05-10 15:57:38',5,NULL),(7214,304,84,30,28087,40744,1,1,2,1,0.00,0.00,'2022-05-10 15:57:38','2022-05-10 15:57:38',5,NULL),(7215,304,84,30,28087,40744,1,7,2,1,0.00,0.00,'2022-05-10 15:57:38','2022-05-10 15:57:38',5,NULL),(7216,304,84,30,28087,40744,1,11,2,1,0.00,0.00,'2022-05-10 15:57:38','2022-05-10 15:57:38',5,NULL),(7217,304,84,30,28087,40744,1,2,2,1,0.00,0.00,'2022-05-10 15:57:38','2022-05-10 15:57:38',5,NULL),(7218,304,84,30,28087,40744,1,8,2,1,0.00,0.00,'2022-05-10 15:57:38','2022-05-10 15:57:38',5,NULL),(7219,304,84,30,28087,40744,1,12,2,1,0.00,0.00,'2022-05-10 15:57:38','2022-05-10 15:57:38',5,NULL),(7220,304,84,30,28087,40744,1,3,2,1,0.00,0.00,'2022-05-10 15:57:38','2022-05-10 15:57:38',5,NULL),(7221,304,84,30,28087,40744,1,8,2,5,0.00,0.00,'2022-05-10 15:57:38','2022-05-10 15:57:38',5,NULL),(7222,304,84,30,28087,40744,1,12,2,5,0.00,0.00,'2022-05-10 15:57:38','2022-05-10 15:57:38',5,NULL),(7223,304,84,30,28087,40744,1,3,2,5,0.00,0.00,'2022-05-10 15:57:38','2022-05-10 15:57:38',5,NULL),(7224,304,84,30,28087,40744,1,9,2,5,0.00,0.00,'2022-05-10 15:57:38','2022-05-10 15:57:38',5,NULL),(7225,304,84,30,28087,40744,1,5,2,5,0.00,0.00,'2022-05-10 15:57:38','2022-05-10 15:57:38',5,NULL),(7226,304,84,30,28087,40744,1,13,2,5,0.00,0.00,'2022-05-10 15:57:38','2022-05-10 15:57:38',5,NULL),(7227,304,84,30,28087,40744,1,4,2,5,0.00,0.00,'2022-05-10 15:57:38','2022-05-10 15:57:38',5,NULL),(7228,304,84,30,28087,40744,1,6,2,5,0.00,0.00,'2022-05-10 15:57:38','2022-05-10 15:57:38',5,NULL),(7229,304,84,30,28087,40744,1,14,2,5,0.00,0.00,'2022-05-10 15:57:38','2022-05-10 15:57:38',5,NULL),(7230,304,84,30,28087,40744,1,10,2,5,0.00,0.00,'2022-05-10 15:57:38','2022-05-10 15:57:38',5,NULL),(7231,304,84,30,28087,40744,1,1,2,5,0.00,0.00,'2022-05-10 15:57:38','2022-05-10 15:57:38',5,NULL),(7232,304,84,30,28087,40744,1,7,2,5,0.00,0.00,'2022-05-10 15:57:38','2022-05-10 15:57:38',5,NULL),(7233,304,84,30,28087,40744,1,11,2,5,0.00,0.00,'2022-05-10 15:57:38','2022-05-10 15:57:38',5,NULL),(7234,304,84,30,28087,40744,1,2,2,5,0.00,0.00,'2022-05-10 15:57:38','2022-05-10 15:57:38',5,NULL),(7235,304,84,30,28087,40744,1,4,2,4,0.00,0.00,'2022-05-10 15:57:38','2022-05-10 15:57:38',5,NULL),(7236,304,84,30,28087,40744,1,6,2,4,0.00,0.00,'2022-05-10 15:57:38','2022-05-10 15:57:38',5,NULL),(7237,304,84,30,28087,40744,1,14,2,4,0.00,0.00,'2022-05-10 15:57:38','2022-05-10 15:57:38',5,NULL),(7238,304,84,30,28087,40744,1,10,2,4,0.00,0.00,'2022-05-10 15:57:38','2022-05-10 15:57:38',5,NULL);
INSERT INTO `period_liquidation_iva_details` VALUES (7239,304,84,30,28087,40744,1,1,2,4,0.00,0.00,'2022-05-10 15:57:38','2022-05-10 15:57:38',5,NULL),(7240,304,84,30,28087,40744,1,7,2,4,0.00,0.00,'2022-05-10 15:57:38','2022-05-10 15:57:38',5,NULL),(7241,304,84,30,28087,40744,1,11,2,4,0.00,0.00,'2022-05-10 15:57:38','2022-05-10 15:57:38',5,NULL),(7242,304,84,30,28087,40744,1,2,2,4,0.00,0.00,'2022-05-10 15:57:38','2022-05-10 15:57:38',5,NULL),(7243,304,84,30,28087,40744,1,8,2,4,0.00,0.00,'2022-05-10 15:57:38','2022-05-10 15:57:38',5,NULL),(7244,304,84,30,28087,40744,1,12,2,4,0.00,0.00,'2022-05-10 15:57:38','2022-05-10 15:57:38',5,NULL),(7245,304,84,30,28087,40744,1,3,2,4,0.00,0.00,'2022-05-10 15:57:38','2022-05-10 15:57:38',5,NULL),(7246,304,84,30,28087,40744,1,9,2,4,0.00,0.00,'2022-05-10 15:57:38','2022-05-10 15:57:38',5,NULL),(7247,304,84,30,28087,40744,1,5,2,4,0.00,0.00,'2022-05-10 15:57:38','2022-05-10 15:57:38',5,NULL),(7248,304,84,30,28087,40744,1,13,2,4,0.00,0.00,'2022-05-10 15:57:38','2022-05-10 15:57:38',5,NULL),(7249,304,84,30,28087,40744,1,7,2,6,0.00,0.00,'2022-05-10 15:57:38','2022-05-10 15:57:38',5,NULL),(7250,304,84,30,28087,40744,1,11,2,6,0.00,0.00,'2022-05-10 15:57:38','2022-05-10 15:57:38',5,NULL),(7251,304,84,30,28087,40744,1,6,2,7,0.00,0.00,'2022-05-10 15:57:38','2022-05-10 15:57:38',5,NULL),(7252,304,84,30,28087,40744,1,14,2,7,0.00,0.00,'2022-05-10 15:57:38','2022-05-10 15:57:38',5,NULL),(7253,304,84,30,28087,40744,1,10,2,7,0.00,0.00,'2022-05-10 15:57:38','2022-05-10 15:57:38',5,NULL),(7254,304,84,30,28087,40744,1,13,2,8,0.00,0.00,'2022-05-10 15:57:38','2022-05-10 15:57:38',5,NULL),(7255,304,84,30,28087,40744,1,9,2,8,0.00,0.00,'2022-05-10 15:57:38','2022-05-10 15:57:38',5,NULL),(7256,304,84,30,28087,40744,1,2,2,6,0.00,0.00,'2022-05-10 15:57:38','2022-05-10 15:57:38',5,NULL),(7257,304,84,30,28087,40744,1,5,2,8,0.00,0.00,'2022-05-10 15:57:38','2022-05-10 15:57:38',5,NULL),(7258,304,84,30,28087,40744,1,1,2,7,0.00,0.00,'2022-05-10 15:57:38','2022-05-10 15:57:38',5,NULL),(7259,304,84,30,28087,40744,1,4,2,8,0.00,0.00,'2022-05-10 15:57:38','2022-05-10 15:57:38',5,NULL),(7260,304,84,30,28087,40744,1,8,2,6,0.00,0.00,'2022-05-10 15:57:38','2022-05-10 15:57:38',5,NULL),(7261,304,84,30,28087,40744,1,12,2,6,0.00,0.00,'2022-05-10 15:57:38','2022-05-10 15:57:38',5,NULL),(7262,304,84,30,28087,40744,1,7,2,7,0.00,0.00,'2022-05-10 15:57:38','2022-05-10 15:57:38',5,NULL),(7263,304,84,30,28087,40744,1,11,2,7,0.00,0.00,'2022-05-10 15:57:38','2022-05-10 15:57:38',5,NULL),(7264,304,84,30,28087,40744,1,3,2,6,0.00,0.00,'2022-05-10 15:57:38','2022-05-10 15:57:38',5,NULL),(7265,304,84,30,28087,40744,1,6,2,8,0.00,0.00,'2022-05-10 15:57:38','2022-05-10 15:57:38',5,NULL),(7266,304,84,30,28087,40744,1,14,2,8,0.00,0.00,'2022-05-10 15:57:38','2022-05-10 15:57:38',5,NULL),(7267,304,84,30,28087,40744,1,10,2,8,0.00,0.00,'2022-05-10 15:57:38','2022-05-10 15:57:38',5,NULL),(7268,304,84,30,28087,40744,1,2,2,7,0.00,0.00,'2022-05-10 15:57:38','2022-05-10 15:57:38',5,NULL),(7269,304,84,30,28087,40744,1,1,2,8,0.00,0.00,'2022-05-10 15:57:38','2022-05-10 15:57:38',5,NULL),(7270,304,84,30,28087,40744,1,13,2,6,0.00,0.00,'2022-05-10 15:57:38','2022-05-10 15:57:38',5,NULL),(7271,304,84,30,28087,40744,1,9,2,6,0.00,0.00,'2022-05-10 15:57:38','2022-05-10 15:57:38',5,NULL),(7272,304,84,30,28087,40744,1,5,2,6,0.00,0.00,'2022-05-10 15:57:38','2022-05-10 15:57:38',5,NULL),(7273,304,84,30,28087,40744,1,8,2,7,0.00,0.00,'2022-05-10 15:57:38','2022-05-10 15:57:38',5,NULL),(7274,304,84,30,28087,40744,1,12,2,7,0.00,0.00,'2022-05-10 15:57:38','2022-05-10 15:57:38',5,NULL),(7275,304,84,30,28087,40744,1,4,2,6,0.00,0.00,'2022-05-10 15:57:38','2022-05-10 15:57:38',5,NULL),(7276,304,84,30,28087,40744,1,7,2,8,0.00,0.00,'2022-05-10 15:57:38','2022-05-10 15:57:38',5,NULL),(7277,304,84,30,28087,40744,1,11,2,8,0.00,0.00,'2022-05-10 15:57:38','2022-05-10 15:57:38',5,NULL),(7278,304,84,30,28087,40744,1,3,2,7,0.00,0.00,'2022-05-10 15:57:38','2022-05-10 15:57:38',5,NULL);
INSERT INTO `period_liquidation_iva_details` VALUES (7279,304,84,30,28087,40744,1,2,2,8,0.00,0.00,'2022-05-10 15:57:38','2022-05-10 15:57:38',5,NULL),(7280,304,84,30,28087,40744,1,6,2,6,0.00,0.00,'2022-05-10 15:57:38','2022-05-10 15:57:38',5,NULL),(7281,304,84,30,28087,40744,1,14,2,6,0.00,0.00,'2022-05-10 15:57:38','2022-05-10 15:57:38',5,NULL),(7282,304,84,30,28087,40744,1,10,2,6,0.00,0.00,'2022-05-10 15:57:38','2022-05-10 15:57:38',5,NULL),(7283,304,84,30,28087,40744,1,13,2,7,0.00,0.00,'2022-05-10 15:57:38','2022-05-10 15:57:38',5,NULL),(7284,304,84,30,28087,40744,1,9,2,7,0.00,0.00,'2022-05-10 15:57:38','2022-05-10 15:57:38',5,NULL),(7285,304,84,30,28087,40744,1,5,2,7,0.00,0.00,'2022-05-10 15:57:38','2022-05-10 15:57:38',5,NULL),(7286,304,84,30,28087,40744,1,8,2,8,0.00,0.00,'2022-05-10 15:57:38','2022-05-10 15:57:38',5,NULL),(7287,304,84,30,28087,40744,1,1,2,6,0.00,0.00,'2022-05-10 15:57:38','2022-05-10 15:57:38',5,NULL),(7288,304,84,30,28087,40744,1,12,2,8,0.00,0.00,'2022-05-10 15:57:38','2022-05-10 15:57:38',5,NULL),(7289,304,84,30,28087,40744,1,4,2,7,0.00,0.00,'2022-05-10 15:57:38','2022-05-10 15:57:38',5,NULL),(7290,304,84,30,28087,40744,1,3,2,8,0.00,0.00,'2022-05-10 15:57:38','2022-05-10 15:57:38',5,NULL),(7291,304,84,30,28087,40744,1,2,2,3,0.00,0.00,'2022-05-10 15:57:38','2022-05-10 15:57:38',6,NULL),(7292,304,84,30,28087,40744,1,5,2,3,0.00,0.00,'2022-05-10 15:57:38','2022-05-10 15:57:38',6,NULL),(7293,304,84,30,28087,40744,1,8,2,3,0.00,0.00,'2022-05-10 15:57:38','2022-05-10 15:57:38',6,NULL),(7294,304,84,30,28087,40744,1,11,2,3,0.00,0.00,'2022-05-10 15:57:38','2022-05-10 15:57:38',6,NULL),(7295,304,84,30,28087,40744,1,14,2,3,0.00,0.00,'2022-05-10 15:57:38','2022-05-10 15:57:38',6,NULL),(7296,304,84,30,28087,40744,1,1,2,3,0.00,0.00,'2022-05-10 15:57:38','2022-05-10 15:57:38',6,NULL),(7297,304,84,30,28087,40744,1,4,2,3,0.00,0.00,'2022-05-10 15:57:38','2022-05-10 15:57:38',6,NULL),(7298,304,84,30,28087,40744,1,7,2,3,0.00,0.00,'2022-05-10 15:57:38','2022-05-10 15:57:38',6,NULL),(7299,304,84,30,28087,40744,1,10,2,3,0.00,0.00,'2022-05-10 15:57:38','2022-05-10 15:57:38',6,NULL),(7300,304,84,30,28087,40744,1,13,2,3,0.00,0.00,'2022-05-10 15:57:38','2022-05-10 15:57:38',6,NULL),(7301,304,84,30,28087,40744,1,3,2,3,0.00,0.00,'2022-05-10 15:57:38','2022-05-10 15:57:38',6,NULL),(7302,304,84,30,28087,40744,1,6,2,3,0.00,0.00,'2022-05-10 15:57:38','2022-05-10 15:57:38',6,NULL),(7303,304,84,30,28087,40744,1,9,2,3,0.00,0.00,'2022-05-10 15:57:38','2022-05-10 15:57:38',6,NULL),(7304,304,84,30,28087,40744,1,12,2,3,0.00,0.00,'2022-05-10 15:57:38','2022-05-10 15:57:38',6,NULL),(7305,304,84,30,28087,40744,1,14,2,2,0.00,0.00,'2022-05-10 15:57:38','2022-05-10 15:57:38',6,NULL),(7306,304,84,30,28087,40744,1,1,2,2,477096.16,100190.19,'2022-05-10 15:57:38','2022-05-10 15:57:38',6,NULL),(7307,304,84,30,28087,40744,1,4,2,2,0.00,0.00,'2022-05-10 15:57:38','2022-05-10 15:57:38',6,NULL),(7308,304,84,30,28087,40744,1,7,2,2,0.00,0.00,'2022-05-10 15:57:38','2022-05-10 15:57:38',6,NULL),(7309,304,84,30,28087,40744,1,10,2,2,0.00,0.00,'2022-05-10 15:57:38','2022-05-10 15:57:38',6,NULL),(7310,304,84,30,28087,40744,1,13,2,2,0.00,0.00,'2022-05-10 15:57:38','2022-05-10 15:57:38',6,NULL),(7311,304,84,30,28087,40744,1,3,2,2,0.00,0.00,'2022-05-10 15:57:38','2022-05-10 15:57:38',6,NULL),(7312,304,84,30,28087,40744,1,6,2,2,0.00,0.00,'2022-05-10 15:57:38','2022-05-10 15:57:38',6,NULL),(7313,304,84,30,28087,40744,1,9,2,2,0.00,0.00,'2022-05-10 15:57:38','2022-05-10 15:57:38',6,NULL),(7314,304,84,30,28087,40744,1,12,2,2,0.00,0.00,'2022-05-10 15:57:38','2022-05-10 15:57:38',6,NULL),(7315,304,84,30,28087,40744,1,2,2,2,0.00,0.00,'2022-05-10 15:57:38','2022-05-10 15:57:38',6,NULL),(7316,304,84,30,28087,40744,1,5,2,2,0.00,0.00,'2022-05-10 15:57:38','2022-05-10 15:57:38',6,NULL),(7317,304,84,30,28087,40744,1,8,2,2,0.00,0.00,'2022-05-10 15:57:38','2022-05-10 15:57:38',6,NULL),(7318,304,84,30,28087,40744,1,11,2,2,0.00,0.00,'2022-05-10 15:57:38','2022-05-10 15:57:38',6,NULL);
INSERT INTO `period_liquidation_iva_details` VALUES (7319,304,84,30,28087,40744,1,10,2,1,0.00,0.00,'2022-05-10 15:57:38','2022-05-10 15:57:38',6,NULL),(7320,304,84,30,28087,40744,1,13,2,1,0.00,0.00,'2022-05-10 15:57:38','2022-05-10 15:57:38',6,NULL),(7321,304,84,30,28087,40744,1,3,2,1,0.00,0.00,'2022-05-10 15:57:38','2022-05-10 15:57:38',6,NULL),(7322,304,84,30,28087,40744,1,6,2,1,0.00,0.00,'2022-05-10 15:57:38','2022-05-10 15:57:38',6,NULL),(7323,304,84,30,28087,40744,1,9,2,1,0.00,0.00,'2022-05-10 15:57:38','2022-05-10 15:57:38',6,NULL),(7324,304,84,30,28087,40744,1,12,2,1,0.00,0.00,'2022-05-10 15:57:38','2022-05-10 15:57:38',6,NULL),(7325,304,84,30,28087,40744,1,2,2,1,0.00,0.00,'2022-05-10 15:57:38','2022-05-10 15:57:38',6,NULL),(7326,304,84,30,28087,40744,1,5,2,1,0.00,0.00,'2022-05-10 15:57:38','2022-05-10 15:57:38',6,NULL),(7327,304,84,30,28087,40744,1,8,2,1,0.00,0.00,'2022-05-10 15:57:38','2022-05-10 15:57:38',6,NULL),(7328,304,84,30,28087,40744,1,11,2,1,0.00,0.00,'2022-05-10 15:57:38','2022-05-10 15:57:38',6,NULL),(7329,304,84,30,28087,40744,1,14,2,1,0.00,0.00,'2022-05-10 15:57:38','2022-05-10 15:57:38',6,NULL),(7330,304,84,30,28087,40744,1,1,2,1,191242.00,20080.41,'2022-05-10 15:57:38','2022-05-10 15:57:38',6,NULL),(7331,304,84,30,28087,40744,1,4,2,1,0.00,0.00,'2022-05-10 15:57:38','2022-05-10 15:57:38',6,NULL),(7332,304,84,30,28087,40744,1,7,2,1,0.00,0.00,'2022-05-10 15:57:38','2022-05-10 15:57:38',6,NULL),(7333,304,84,30,28087,40744,1,4,2,5,0.00,0.00,'2022-05-10 15:57:38','2022-05-10 15:57:38',6,NULL),(7334,304,84,30,28087,40744,1,7,2,5,0.00,0.00,'2022-05-10 15:57:38','2022-05-10 15:57:38',6,NULL),(7335,304,84,30,28087,40744,1,10,2,5,0.00,0.00,'2022-05-10 15:57:38','2022-05-10 15:57:38',6,NULL),(7336,304,84,30,28087,40744,1,13,2,5,0.00,0.00,'2022-05-10 15:57:38','2022-05-10 15:57:38',6,NULL),(7337,304,84,30,28087,40744,1,3,2,5,0.00,0.00,'2022-05-10 15:57:38','2022-05-10 15:57:38',6,NULL),(7338,304,84,30,28087,40744,1,6,2,5,0.00,0.00,'2022-05-10 15:57:38','2022-05-10 15:57:38',6,NULL),(7339,304,84,30,28087,40744,1,9,2,5,0.00,0.00,'2022-05-10 15:57:38','2022-05-10 15:57:38',6,NULL),(7340,304,84,30,28087,40744,1,12,2,5,0.00,0.00,'2022-05-10 15:57:38','2022-05-10 15:57:38',6,NULL),(7341,304,84,30,28087,40744,1,2,2,5,0.00,0.00,'2022-05-10 15:57:38','2022-05-10 15:57:38',6,NULL),(7342,304,84,30,28087,40744,1,5,2,5,0.00,0.00,'2022-05-10 15:57:38','2022-05-10 15:57:38',6,NULL),(7343,304,84,30,28087,40744,1,8,2,5,0.00,0.00,'2022-05-10 15:57:38','2022-05-10 15:57:38',6,NULL),(7344,304,84,30,28087,40744,1,11,2,5,0.00,0.00,'2022-05-10 15:57:38','2022-05-10 15:57:38',6,NULL),(7345,304,84,30,28087,40744,1,14,2,5,0.00,0.00,'2022-05-10 15:57:38','2022-05-10 15:57:38',6,NULL),(7346,304,84,30,28087,40744,1,1,2,5,0.00,0.00,'2022-05-10 15:57:38','2022-05-10 15:57:38',6,NULL),(7347,304,84,30,28087,40744,1,3,2,4,0.00,0.00,'2022-05-10 15:57:38','2022-05-10 15:57:38',6,NULL),(7348,304,84,30,28087,40744,1,6,2,4,0.00,0.00,'2022-05-10 15:57:38','2022-05-10 15:57:38',6,NULL),(7349,304,84,30,28087,40744,1,9,2,4,0.00,0.00,'2022-05-10 15:57:38','2022-05-10 15:57:38',6,NULL),(7350,304,84,30,28087,40744,1,12,2,4,0.00,0.00,'2022-05-10 15:57:38','2022-05-10 15:57:38',6,NULL),(7351,304,84,30,28087,40744,1,2,2,4,0.00,0.00,'2022-05-10 15:57:38','2022-05-10 15:57:38',6,NULL),(7352,304,84,30,28087,40744,1,5,2,4,0.00,0.00,'2022-05-10 15:57:38','2022-05-10 15:57:38',6,NULL),(7353,304,84,30,28087,40744,1,8,2,4,0.00,0.00,'2022-05-10 15:57:38','2022-05-10 15:57:38',6,NULL),(7354,304,84,30,28087,40744,1,11,2,4,0.00,0.00,'2022-05-10 15:57:38','2022-05-10 15:57:38',6,NULL),(7355,304,84,30,28087,40744,1,14,2,4,0.00,0.00,'2022-05-10 15:57:38','2022-05-10 15:57:38',6,NULL),(7356,304,84,30,28087,40744,1,1,2,4,0.00,0.00,'2022-05-10 15:57:38','2022-05-10 15:57:38',6,NULL),(7357,304,84,30,28087,40744,1,4,2,4,0.00,0.00,'2022-05-10 15:57:38','2022-05-10 15:57:38',6,NULL),(7358,304,84,30,28087,40744,1,7,2,4,0.00,0.00,'2022-05-10 15:57:38','2022-05-10 15:57:38',6,NULL);
INSERT INTO `period_liquidation_iva_details` VALUES (7359,304,84,30,28087,40744,1,10,2,4,0.00,0.00,'2022-05-10 15:57:38','2022-05-10 15:57:38',6,NULL),(7360,304,84,30,28087,40744,1,13,2,4,0.00,0.00,'2022-05-10 15:57:38','2022-05-10 15:57:38',6,NULL),(7361,304,84,30,28087,40744,1,8,2,8,0.00,0.00,'2022-05-10 15:57:38','2022-05-10 15:57:38',6,NULL),(7362,304,84,30,28087,40744,1,11,2,8,0.00,0.00,'2022-05-10 15:57:38','2022-05-10 15:57:38',6,NULL),(7363,304,84,30,28087,40744,1,14,2,8,0.00,0.00,'2022-05-10 15:57:38','2022-05-10 15:57:38',6,NULL),(7364,304,84,30,28087,40744,1,1,2,8,0.00,0.00,'2022-05-10 15:57:38','2022-05-10 15:57:38',6,NULL),(7365,304,84,30,28087,40744,1,4,2,8,0.00,0.00,'2022-05-10 15:57:38','2022-05-10 15:57:38',6,NULL),(7366,304,84,30,28087,40744,1,7,2,8,0.00,0.00,'2022-05-10 15:57:38','2022-05-10 15:57:38',6,NULL),(7367,304,84,30,28087,40744,1,10,2,8,0.00,0.00,'2022-05-10 15:57:38','2022-05-10 15:57:38',6,NULL),(7368,304,84,30,28087,40744,1,13,2,8,0.00,0.00,'2022-05-10 15:57:38','2022-05-10 15:57:38',6,NULL),(7369,304,84,30,28087,40744,1,3,2,8,0.00,0.00,'2022-05-10 15:57:38','2022-05-10 15:57:38',6,NULL),(7370,304,84,30,28087,40744,1,6,2,8,0.00,0.00,'2022-05-10 15:57:38','2022-05-10 15:57:38',6,NULL),(7371,304,84,30,28087,40744,1,9,2,8,0.00,0.00,'2022-05-10 15:57:38','2022-05-10 15:57:38',6,NULL),(7372,304,84,30,28087,40744,1,12,2,8,0.00,0.00,'2022-05-10 15:57:38','2022-05-10 15:57:38',6,NULL),(7373,304,84,30,28087,40744,1,2,2,8,0.00,0.00,'2022-05-10 15:57:38','2022-05-10 15:57:38',6,NULL),(7374,304,84,30,28087,40744,1,5,2,8,0.00,0.00,'2022-05-10 15:57:38','2022-05-10 15:57:38',6,NULL),(7375,304,84,30,28087,40744,1,7,2,6,0.00,0.00,'2022-05-10 15:57:38','2022-05-10 15:57:38',7,NULL),(7376,304,84,30,28087,40744,1,3,2,7,0.00,0.00,'2022-05-10 15:57:38','2022-05-10 15:57:38',7,NULL),(7377,304,84,30,28087,40744,1,12,2,7,0.00,0.00,'2022-05-10 15:57:38','2022-05-10 15:57:38',7,NULL),(7378,304,84,30,28087,40744,1,9,2,6,0.00,0.00,'2022-05-10 15:57:38','2022-05-10 15:57:38',7,NULL),(7379,304,84,30,28087,40744,1,5,2,7,0.00,0.00,'2022-05-10 15:57:38','2022-05-10 15:57:38',7,NULL),(7380,304,84,30,28087,40744,1,2,2,6,0.00,0.00,'2022-05-10 15:57:38','2022-05-10 15:57:38',7,NULL),(7381,304,84,30,28087,40744,1,14,2,7,0.00,0.00,'2022-05-10 15:57:38','2022-05-10 15:57:38',7,NULL),(7382,304,84,30,28087,40744,1,11,2,6,0.00,0.00,'2022-05-10 15:57:38','2022-05-10 15:57:38',7,NULL),(7383,304,84,30,28087,40744,1,7,2,7,0.00,0.00,'2022-05-10 15:57:38','2022-05-10 15:57:38',7,NULL),(7384,304,84,30,28087,40744,1,4,2,6,0.00,0.00,'2022-05-10 15:57:38','2022-05-10 15:57:38',7,NULL),(7385,304,84,30,28087,40744,1,13,2,6,0.00,0.00,'2022-05-10 15:57:38','2022-05-10 15:57:38',7,NULL),(7386,304,84,30,28087,40744,1,9,2,7,0.00,0.00,'2022-05-10 15:57:38','2022-05-10 15:57:38',7,NULL),(7387,304,84,30,28087,40744,1,6,2,6,0.00,0.00,'2022-05-10 15:57:38','2022-05-10 15:57:38',7,NULL),(7388,304,84,30,28087,40744,1,2,2,7,0.00,0.00,'2022-05-10 15:57:38','2022-05-10 15:57:38',7,NULL),(7389,304,84,30,28087,40744,1,11,2,7,0.00,0.00,'2022-05-10 15:57:38','2022-05-10 15:57:38',7,NULL),(7390,304,84,30,28087,40744,1,8,2,6,0.00,0.00,'2022-05-10 15:57:38','2022-05-10 15:57:38',7,NULL),(7391,304,84,30,28087,40744,1,4,2,7,0.00,0.00,'2022-05-10 15:57:38','2022-05-10 15:57:38',7,NULL),(7392,304,84,30,28087,40744,1,1,2,6,0.00,0.00,'2022-05-10 15:57:38','2022-05-10 15:57:38',7,NULL),(7393,304,84,30,28087,40744,1,13,2,7,0.00,0.00,'2022-05-10 15:57:38','2022-05-10 15:57:38',7,NULL),(7394,304,84,30,28087,40744,1,10,2,6,0.00,0.00,'2022-05-10 15:57:38','2022-05-10 15:57:38',7,NULL),(7395,304,84,30,28087,40744,1,6,2,7,0.00,0.00,'2022-05-10 15:57:38','2022-05-10 15:57:38',7,NULL),(7396,304,84,30,28087,40744,1,3,2,6,0.00,0.00,'2022-05-10 15:57:38','2022-05-10 15:57:38',7,NULL),(7397,304,84,30,28087,40744,1,12,2,6,0.00,0.00,'2022-05-10 15:57:38','2022-05-10 15:57:38',7,NULL),(7398,304,84,30,28087,40744,1,8,2,7,0.00,0.00,'2022-05-10 15:57:38','2022-05-10 15:57:38',7,NULL);
INSERT INTO `period_liquidation_iva_details` VALUES (7399,304,84,30,28087,40744,1,5,2,6,0.00,0.00,'2022-05-10 15:57:38','2022-05-10 15:57:38',7,NULL),(7400,304,84,30,28087,40744,1,1,2,7,12953.89,0.00,'2022-05-10 15:57:38','2022-05-10 15:57:38',7,NULL),(7401,304,84,30,28087,40744,1,14,2,6,0.00,0.00,'2022-05-10 15:57:38','2022-05-10 15:57:38',7,NULL),(7402,304,84,30,28087,40744,1,10,2,7,0.00,0.00,'2022-05-10 15:57:38','2022-05-10 15:57:38',7,NULL);

--
