-- Table structure for table `cta_cte_tesoreria_detail`
--

CREATE TABLE `cta_cte_tesoreria_detail` (
  `id` int(10) unsigned NOT NULL AUTO_INCREMENT,
  `user_id` int(10) unsigned DEFAULT NULL,
  `cta_cte_tesoreria_id` int(10) unsigned NOT NULL,
  `cta_cte_tesoreria_cuenta_id` int(10) unsigned NOT NULL,
  `person_id` int(10) unsigned DEFAULT NULL,
  `period_id` int(10) unsigned DEFAULT NULL,
  `saldo_id` int(10) unsigned NOT NULL,
  `monto` decimal(16,2) NOT NULL,
  `is_conciliado` tinyint(1) NOT NULL DEFAULT '0',
  `fecha` date DEFAULT NULL,
  `created_at` timestamp NULL DEFAULT NULL,
  `updated_at` timestamp NULL DEFAULT NULL,
  `deleted_at` timestamp NULL DEFAULT NULL,
  PRIMARY KEY (`id`),
  KEY `cta_cte_tesoreria_detail_cta_cte_tesoreria_id_foreign` (`cta_cte_tesoreria_id`),
  KEY `cta_cte_tesoreria_detail_cta_cte_tesoreria_cuenta_id_foreign` (`cta_cte_tesoreria_cuenta_id`),
  KEY `cta_cte_tesoreria_detail_person_id_foreign` (`person_id`),
  KEY `cta_cte_tesoreria_detail_period_id_foreign` (`period_id`),
  KEY `cta_cte_tesoreria_detail_saldo_id_foreign` (`saldo_id`),
  CONSTRAINT `cta_cte_tesoreria_detail_cta_cte_tesoreria_cuenta_id_foreign` FOREIGN KEY (`cta_cte_tesoreria_cuenta_id`) REFERENCES `cta_cte_tesoreria_cuentas` (`id`),
  CONSTRAINT `cta_cte_tesoreria_detail_cta_cte_tesoreria_id_foreign` FOREIGN KEY (`cta_cte_tesoreria_id`) REFERENCES `cta_cte_tesoreria` (`id`),
  CONSTRAINT `cta_cte_tesoreria_detail_period_id_foreign` FOREIGN KEY (`period_id`) REFERENCES `periods` (`id`),
  CONSTRAINT `cta_cte_tesoreria_detail_person_id_foreign` FOREIGN KEY (`person_id`) REFERENCES `persons` (`id`),
  CONSTRAINT `cta_cte_tesoreria_detail_saldo_id_foreign` FOREIGN KEY (`saldo_id`) REFERENCES `conta_tipo_saldos` (`id`)
) ENGINE=InnoDB AUTO_INCREMENT=56 DEFAULT CHARSET=utf8mb4 COLLATE=utf8mb4_unicode_ci;

--
-- Dumping data for table `cta_cte_tesoreria_detail`
--

INSERT INTO `cta_cte_tesoreria_detail` VALUES (1,8522,1,757,40718,1520,1,155000.00,0,'2023-02-28','2023-02-28 14:21:22','2023-02-28 14:21:22',NULL),(2,8522,2,13,40718,1521,2,10000.00,0,'2023-03-01','2023-03-01 11:25:20','2023-03-01 11:25:20',NULL),(3,8522,2,758,40718,1521,1,10000.00,0,'2023-03-01','2023-03-01 11:25:20','2023-03-01 11:25:20',NULL),(4,9435,4,759,40815,3041,1,0.00,0,'2023-08-14','2023-08-14 11:22:29','2023-08-14 15:09:36',NULL),(5,9435,5,760,40815,3041,1,0.00,0,'2023-08-14','2023-08-14 15:09:25','2023-08-14 15:09:25',NULL),(6,9435,6,761,41176,35830,1,0.00,0,'2024-04-02','2024-04-01 17:53:02','2024-04-02 16:02:18','2024-04-02 16:02:18'),(7,9435,7,57,41176,35830,1,3990.00,0,'2024-04-01','2024-04-01 17:54:38','2024-04-01 17:54:38',NULL),(8,9435,7,761,41176,35830,2,3990.00,0,'2024-04-01','2024-04-01 17:54:38','2024-04-01 17:54:38',NULL),(9,9435,8,57,41176,35830,1,424621.75,0,'2024-04-01','2024-04-01 17:58:29','2024-04-01 17:58:29',NULL),(10,9435,8,761,41176,35830,2,424621.75,0,'2024-04-01','2024-04-01 17:58:29','2024-04-01 17:58:29',NULL),(11,9435,9,57,41176,35830,1,211600.00,0,'2024-04-01','2024-04-01 18:02:08','2024-04-01 18:02:08',NULL),(12,9435,9,761,41176,35830,2,211600.00,0,'2024-04-01','2024-04-01 18:02:08','2024-04-01 18:02:08',NULL),(13,9435,10,57,41176,35830,1,48200.00,0,'2024-04-01','2024-04-01 18:03:04','2024-04-01 18:03:04',NULL),(14,9435,10,761,41176,35830,2,48200.00,0,'2024-04-01','2024-04-01 18:03:04','2024-04-01 18:03:04',NULL),(15,9435,11,57,41176,35830,1,49999.62,0,'2024-04-01','2024-04-01 18:03:40','2024-04-01 18:03:40',NULL),(16,9435,11,761,41176,35830,2,49999.62,0,'2024-04-01','2024-04-01 18:03:40','2024-04-01 18:03:40',NULL),(17,9435,12,57,41176,35830,1,4000.00,0,'2024-04-01','2024-04-01 18:04:19','2024-04-01 18:04:19',NULL),(18,9435,12,761,41176,35830,2,4000.00,0,'2024-04-01','2024-04-01 18:04:19','2024-04-01 18:04:19',NULL),(19,9435,13,57,41176,35830,1,19000.00,0,'2024-04-01','2024-04-01 18:09:38','2024-04-01 18:09:38',NULL),(20,9435,13,761,41176,35830,2,19000.00,0,'2024-04-01','2024-04-01 18:09:38','2024-04-01 18:09:38',NULL),(21,9435,14,762,41176,35830,1,3200.00,0,'2024-04-01','2024-04-01 18:13:35','2024-04-02 16:02:12','2024-04-02 16:02:12'),(22,9435,15,763,41176,35830,1,0.00,0,'2024-04-01','2024-04-01 23:17:29','2024-04-02 16:02:07','2024-04-02 16:02:07'),(23,9435,16,764,41176,35830,1,0.00,0,'2024-04-02','2024-04-02 12:09:10','2024-04-02 16:02:03','2024-04-02 16:02:03'),(24,9435,17,57,41176,35830,1,3620.00,0,'2024-04-01','2024-04-02 12:55:39','2024-04-02 16:01:58','2024-04-02 16:01:58'),(25,9435,17,764,41176,35830,2,3620.00,0,'2024-04-01','2024-04-02 12:55:39','2024-04-02 16:01:58','2024-04-02 16:01:58'),(26,9435,18,13,41176,35830,2,3620.00,0,'2024-04-01','2024-04-02 13:03:53','2024-04-02 16:04:20','2024-04-02 16:04:20'),(27,9435,18,764,41176,35830,1,3620.00,0,'2024-04-01','2024-04-02 13:03:53','2024-04-02 16:04:20','2024-04-02 16:04:20'),(28,9435,19,57,41176,35830,1,3620.00,0,'2024-04-01','2024-04-02 13:09:42','2024-04-02 13:46:36','2024-04-02 13:46:36'),(29,9435,19,764,41176,35830,2,3620.00,0,'2024-04-01','2024-04-02 13:09:42','2024-04-02 13:46:36','2024-04-02 13:46:36'),(30,9435,20,13,41176,35830,2,3620.00,0,'2024-04-01','2024-04-02 13:32:42','2024-04-02 16:01:55','2024-04-02 16:01:55'),(31,9435,20,764,41176,35830,1,3620.00,0,'2024-04-01','2024-04-02 13:32:42','2024-04-02 16:01:55','2024-04-02 16:01:55'),(32,9435,21,13,41176,35830,2,5400.00,0,'2024-04-01','2024-04-02 15:16:51','2024-04-02 15:39:26','2024-04-02 15:39:26'),(33,9435,21,761,41176,35830,1,5400.00,0,'2024-04-01','2024-04-02 15:16:51','2024-04-02 15:39:26','2024-04-02 15:39:26'),(34,9435,22,13,41176,35830,2,5400.00,0,'2024-04-01','2024-04-02 15:32:00','2024-04-02 15:39:17','2024-04-02 15:39:17'),(35,9435,22,761,41176,35830,1,5400.00,0,'2024-04-01','2024-04-02 15:32:00','2024-04-02 15:39:17','2024-04-02 15:39:17'),(36,9435,23,13,41176,35830,2,7180.00,0,'2024-04-01','2024-04-02 15:33:10','2024-04-02 15:39:11','2024-04-02 15:39:11');
INSERT INTO `cta_cte_tesoreria_detail` VALUES (37,9435,23,761,41176,35830,1,7180.00,0,'2024-04-01','2024-04-02 15:33:10','2024-04-02 15:39:11','2024-04-02 15:39:11'),(38,9435,24,13,41176,35830,2,3620.00,0,'2024-04-01','2024-04-02 15:43:20','2024-04-02 16:01:50','2024-04-02 16:01:50'),(39,9435,24,761,41176,35830,1,3620.00,0,'2024-04-01','2024-04-02 15:43:20','2024-04-02 16:01:50','2024-04-02 16:01:50'),(40,9435,25,13,41176,35830,2,3620.00,0,'2024-04-02','2024-04-02 15:44:46','2024-04-02 16:01:46','2024-04-02 16:01:46'),(41,9435,25,761,41176,35830,1,3620.00,0,'2024-04-02','2024-04-02 15:44:46','2024-04-02 16:01:46','2024-04-02 16:01:46'),(42,9435,26,57,41176,35830,1,3620.00,0,'2024-04-02','2024-04-02 15:49:35','2024-04-02 16:01:40','2024-04-02 16:01:40'),(43,9435,26,761,41176,35830,2,3620.00,0,'2024-04-02','2024-04-02 15:49:35','2024-04-02 16:01:40','2024-04-02 16:01:40'),(44,9435,27,13,41176,35830,2,7400.00,0,'2024-04-01','2024-04-02 15:59:12','2024-04-02 16:04:18','2024-04-02 16:04:18'),(45,9435,27,761,41176,35830,1,7400.00,0,'2024-04-01','2024-04-02 15:59:12','2024-04-02 16:04:18','2024-04-02 16:04:18'),(46,9435,28,765,41176,35830,1,3200.00,0,'2024-04-02','2024-04-02 20:15:37','2024-04-02 20:15:37',NULL),(47,9435,29,13,41176,35830,2,5036.00,0,'2024-04-01','2024-04-02 20:29:27','2024-04-02 20:29:27',NULL),(48,9435,29,764,41176,35830,1,5036.00,0,'2024-04-01','2024-04-02 20:29:27','2024-04-02 20:29:27',NULL),(49,9435,30,13,41176,35830,2,0.60,0,'2024-04-01','2024-04-02 20:30:49','2024-04-02 20:30:49',NULL),(50,9435,30,764,41176,35830,1,0.60,0,'2024-04-01','2024-04-02 20:30:49','2024-04-02 20:30:49',NULL),(51,9435,31,13,41176,35830,2,5800.00,0,'2024-04-01','2024-04-02 22:18:52','2024-04-02 22:18:52',NULL),(52,9435,31,765,41176,35830,1,5800.00,0,'2024-04-01','2024-04-02 22:18:52','2024-04-02 22:18:52',NULL),(53,10885,32,766,41803,60561,1,150000.00,0,'2024-09-30','2024-09-30 20:13:13','2024-09-30 20:13:30',NULL),(54,10885,33,57,41803,60561,1,19025.02,0,'2024-09-19','2024-09-30 20:15:03','2024-09-30 20:15:03',NULL),(55,10885,33,766,41803,60561,2,19025.02,0,'2024-09-19','2024-09-30 20:15:03','2024-09-30 20:15:03',NULL);

--
-- Table structure for table `ctacte_bancos`
--

CREATE TABLE `ctacte_bancos` (
  `id` int(10) unsigned NOT NULL AUTO_INCREMENT,
  `user_id` int(10) unsigned DEFAULT NULL,
  `nombre` varchar(255) COLLATE utf8mb4_unicode_ci DEFAULT NULL,
  `codigoBCRA` int(11) DEFAULT NULL,
  `cuit` varchar(191) COLLATE utf8mb4_unicode_ci DEFAULT NULL,
  `created_at` timestamp NULL DEFAULT NULL,
  `updated_at` timestamp NULL DEFAULT NULL,
  `deleted_at` timestamp NULL DEFAULT NULL,
  PRIMARY KEY (`id`)
) ENGINE=InnoDB AUTO_INCREMENT=82 DEFAULT CHARSET=utf8mb4 COLLATE=utf8mb4_unicode_ci;

--
-- Dumping data for table `ctacte_bancos`
--

INSERT INTO `ctacte_bancos` VALUES (1,NULL,'BANCO DE GALICIA Y BUENOS AIRES S.A.',7,'30-50000173-5',NULL,NULL,NULL),(2,NULL,'BANCO DE LA NACION ARGENTINA',11,'30-50001091-2',NULL,NULL,NULL),(3,NULL,'BANCO DE LA PROVINCIA DE BUENOS AIRES',14,'33-99924210-9',NULL,NULL,NULL),(4,NULL,'INDUSTRIAL AND COMMERCIAL BANK OF CHINA',15,'30-70944784-6',NULL,NULL,NULL),(5,NULL,'CITIBANK N.A.',16,'30-50000562-5',NULL,NULL,NULL),(6,NULL,'BBVA BANCO FRANCES S.A.',17,'30-50000319-3',NULL,NULL,NULL),(7,NULL,'THE BANK OF TOKYO-MITSUBISHI UFJ, LTD.',18,'30-50001183-8',NULL,NULL,NULL),(8,NULL,'BANCO DE LA PROVINCIA DE CORDOBA S.A.',20,'30-99922856-5',NULL,NULL,NULL),(9,NULL,'BANCO SUPERVIELLE S.A.',27,'33-50000517-9',NULL,NULL,NULL),(10,NULL,'BANCO DE LA CIUDAD DE BUENOS AIRES',29,'30-99903208-3',NULL,NULL,NULL),(11,NULL,'BANCO PATAGONIA S.A.',34,'30-50000661-3',NULL,NULL,NULL),(12,NULL,'BANCO HIPOTECARIO S.A.',44,'30-50001107-2',NULL,NULL,NULL),(13,NULL,'BANCO DE SAN JUAN S.A.',45,'30-50000944-2',NULL,NULL,NULL),(14,NULL,'BANCO DEL TUCUMAN S.A.',60,'30-51794820-5',NULL,NULL,NULL),(15,NULL,'BANCO MUNICIPAL DE ROSARIO',65,'33-99918181-9',NULL,NULL,NULL),(16,NULL,'BANCO SANTANDER RIO S.A.',72,'30-50000845-4',NULL,NULL,NULL),(17,NULL,'BANCO DEL CHUBUT S.A.',83,'30-50001299-0',NULL,NULL,NULL),(18,NULL,'BANCO DE SANTA CRUZ S.A.',86,'30-50009880-1',NULL,NULL,NULL),(19,NULL,'BANCO DE LA PAMPA SOCIEDAD DE ECONOMÍA M',93,'30-50001251-6',NULL,NULL,NULL),(20,NULL,'BANCO DE CORRIENTES S.A.',94,'30-50001060-2',NULL,NULL,NULL),(21,NULL,'BANCO PROVINCIA DEL NEUQUÉN SOCIEDAD ANÓ',97,'30-50001404-7',NULL,NULL,NULL),(22,NULL,'BANCO INTERFINANZAS S.A.',147,'30-52271441-7',NULL,NULL,NULL),(23,NULL,'HSBC BANK ARGENTINA S.A.',150,'33-53718600-9',NULL,NULL,NULL),(24,NULL,'JPMORGAN CHASE BANK, NATIONAL ASSOCIATIO',165,'30-58313794-3',NULL,NULL,NULL),(25,NULL,'BANCO CREDICOOP COOPERATIVO LIMITADO',191,'30-57142135-2',NULL,NULL,NULL),(26,NULL,'BANCO DE VALORES S.A.',198,'30-57612427-5',NULL,NULL,NULL),(27,NULL,'BANCO ROELA S.A.',247,'30-53561044-0',NULL,NULL,NULL),(28,NULL,'BANCO MARIVA S.A.',254,'30-51642044-4',NULL,NULL,NULL),(29,NULL,'BANCO ITAU ARGENTINA S.A.',259,'30-58018941-1',NULL,NULL,NULL),(30,NULL,'BANK OF AMERICA, NATIONAL ASSOCIATION',262,'30-50005055-8',NULL,NULL,NULL),(31,NULL,'BNP PARIBAS',266,'30-58472756-6',NULL,NULL,NULL),(32,NULL,'BANCO PROVINCIA DE TIERRA DEL FUEGO',268,'30-57565578-1',NULL,NULL,NULL),(33,NULL,'BANCO DE LA REPUBLICA ORIENTAL DEL URUGU',269,'30-58833784-3',NULL,NULL,NULL),(34,NULL,'BANCO SAENZ S.A.',277,'30-53467243-4',NULL,NULL,NULL),(35,NULL,'BANCO MERIDIAN S.A.',281,'30-53448749-1',NULL,NULL,NULL),(36,NULL,'BANCO MACRO S.A.',285,'30-50001008-4',NULL,NULL,NULL),(37,NULL,'BANCO COMAFI SOCIEDAD ANONIMA',299,'30-60473101-8',NULL,NULL,NULL),(38,NULL,'BANCO DE INVERSION Y COMERCIO EXTERIOR S',300,'30-65112908-3',NULL,NULL,NULL),(39,NULL,'BANCO PIANO S.A.',301,'30-56915176-3',NULL,NULL,NULL),(40,NULL,'BANCO JULIO SOCIEDAD ANONIMA',305,'30-65744121-6',NULL,NULL,NULL),(41,NULL,'BANCO RIOJA SOCIEDAD ANONIMA UNIPERSONAL',309,'30-67185933-9',NULL,NULL,NULL),(42,NULL,'BANCO DEL SOL S.A.',310,'30-67793756-0',NULL,NULL,NULL),(43,NULL,'NUEVO BANCO DEL CHACO S. A.',311,'30-67015779-9',NULL,NULL,NULL),(44,NULL,'BANCO VOII S.A.',312,'30-54674163-6',NULL,NULL,NULL),(45,NULL,'BANCO DE FORMOSA S.A.',315,'30-67137590-0',NULL,NULL,NULL),(46,NULL,'BANCO CMF S.A.',319,'30-57661429-9',NULL,NULL,NULL),(47,NULL,'BANCO DE SANTIAGO DEL ESTERO S.A.',321,'33-68666464-9',NULL,NULL,NULL),(48,NULL,'BANCO INDUSTRIAL S.A.',322,'30-68502995-9',NULL,NULL,NULL),(49,NULL,'NUEVO BANCO DE SANTA FE SOCIEDAD ANONIMA',330,'30-69243266-1',NULL,NULL,NULL),(50,NULL,'BANCO CETELEM ARGENTINA S.A.',331,'30-69730636-2',NULL,NULL,NULL),(51,NULL,'BANCO DE SERVICIOS FINANCIEROS S.A.',332,'30-69726589-5',NULL,NULL,NULL),(52,NULL,'BANCO BRADESCO ARGENTINA S.A.U.',336,'30-70125555-7',NULL,NULL,NULL),(53,NULL,'BANCO DE SERVICIOS Y TRANSACCIONES S.A.',338,'30-70496099-5',NULL,NULL,NULL);
INSERT INTO `ctacte_bancos` VALUES (54,NULL,'RCI BANQUE S.A.',339,'30-70710834-3',NULL,NULL,NULL),(55,NULL,'BACS BANCO DE CREDITO Y SECURITIZACION S',340,'30-70722741-5',NULL,NULL,NULL),(56,NULL,'BANCO MASVENTAS S.A.',341,'30-54061826-3',NULL,NULL,NULL),(57,NULL,'BANCO WANAP S.A.',384,'30-71565463-2',NULL,NULL,NULL),(58,NULL,'NUEVO BANCO DE ENTRE RÍOS S.A.',386,'33-70799551-9',NULL,NULL,NULL),(59,NULL,'BANCO COLUMBIA S.A.',389,'30-51763749-8',NULL,NULL,NULL),(60,NULL,'BANCO BICA S.A.',426,'30-71233123-9',NULL,NULL,NULL),(61,NULL,'BANCO COINAG S.A.',431,'30-71419596-0',NULL,NULL,NULL),(62,NULL,'BANCO DE COMERCIO S.A.',432,'30-54203363-7',NULL,NULL,NULL),(63,NULL,'FORD CREDIT COMPAÑIA FINANCIERA S.A.',44059,'30-51654454-2',NULL,NULL,NULL),(64,NULL,'COMPAÑIA FINANCIERA ARGENTINA S.A.',44077,'30-53800640-4',NULL,NULL,NULL),(65,NULL,'VOLKWAGEN FINANCIAL SERVICES CIA.FIN.S.A',44088,'30-68241957-8',NULL,NULL,NULL),(66,NULL,'CORDIAL COMPAÑÍA FINANCIERA S.A.',44090,'30-70181085-2',NULL,NULL,NULL),(67,NULL,'FCA COMPAÑIA FINANCIERA S.A.',44092,'30-69230488-4',NULL,NULL,NULL),(68,NULL,'GPAT COMPAÑIA FINANCIERA S.A.',44093,'30-67856482-2',NULL,NULL,NULL),(69,NULL,'MERCEDES-BENZ COMPAÑÍA FINANCIERA ARGENT',44094,'30-70700229-4',NULL,NULL,NULL),(70,NULL,'ROMBO COMPAÑÍA FINANCIERA S.A.',44095,'33-70712490-9',NULL,NULL,NULL),(71,NULL,'JOHN DEERE CREDIT COMPAÑÍA FINANCIERA S.',44096,'30-70702485-9',NULL,NULL,NULL),(72,NULL,'PSA FINANCE ARGENTINA COMPAÑÍA FINANCIER',44098,'30-70784736-7',NULL,NULL,NULL),(73,NULL,'TOYOTA COMPAÑÍA FINANCIERA DE ARGENTINA',44099,'30-70900042-6',NULL,NULL,NULL),(74,NULL,'FINANDINO COMPAÑIA FINANCIERA S.A.',44100,'30-71259240-7',NULL,NULL,NULL),(75,NULL,'MONTEMAR COMPAÑIA FINANCIERA S.A.',45056,'30-58138551-6',NULL,NULL,NULL),(76,NULL,'MULTIFINANZAS COMPAÑIA FINANCIERA S.A.',45072,'30-62828435-7',NULL,NULL,NULL),(77,NULL,'CAJA DE CREDITO \"CUENCA\" COOPERATIVA LIM',65203,'30-71622694-4',NULL,NULL,NULL),(78,NULL,'MERCADO PAGO',NULL,NULL,NULL,NULL,NULL),(79,NULL,'UALA',NULL,NULL,NULL,NULL,NULL),(80,NULL,'ICBC',NULL,NULL,NULL,NULL,NULL),(81,NULL,'BMA SAU',NULL,NULL,NULL,NULL,NULL);

--
-- Table structure for table `ctacte_bancos_datos`
--

CREATE TABLE `ctacte_bancos_datos` (
  `id` int(10) unsigned NOT NULL AUTO_INCREMENT,
  `cuenta_conta_id` int(10) unsigned DEFAULT NULL,
  `nombre` varchar(255) COLLATE utf8mb4_unicode_ci DEFAULT NULL,
  `cuit` varchar(255) COLLATE utf8mb4_unicode_ci DEFAULT NULL,
  `titular` varchar(255) COLLATE utf8mb4_unicode_ci DEFAULT NULL,
  `cuenta` varchar(255) COLLATE utf8mb4_unicode_ci DEFAULT NULL,
  `num_cuenta` varchar(255) COLLATE utf8mb4_unicode_ci DEFAULT NULL,
  `cbu` varchar(255) COLLATE utf8mb4_unicode_ci DEFAULT NULL,
  `alias` varchar(255) COLLATE utf8mb4_unicode_ci DEFAULT NULL,
  `status` int(11) NOT NULL DEFAULT '1',
  `created_at` timestamp NULL DEFAULT NULL,
  `updated_at` timestamp NULL DEFAULT NULL,
  PRIMARY KEY (`id`),
  KEY `ctacte_bancos_datos_cuenta_conta_id_foreign` (`cuenta_conta_id`),
  CONSTRAINT `ctacte_bancos_datos_cuenta_conta_id_foreign` FOREIGN KEY (`cuenta_conta_id`) REFERENCES `conta_plan_cuenta` (`id`)
) ENGINE=InnoDB DEFAULT CHARSET=utf8mb4 COLLATE=utf8mb4_unicode_ci;

--
-- Dumping data for table `ctacte_bancos_datos`
--


--
-- Table structure for table `ctacte_cheques`
--

CREATE TABLE `ctacte_cheques` (
  `id` int(10) unsigned NOT NULL AUTO_INCREMENT,
  `user_id` int(10) unsigned DEFAULT NULL,
  `asiento_id` varchar(191) COLLATE utf8mb4_unicode_ci DEFAULT NULL,
  `cuenta_conta_id` int(10) unsigned DEFAULT NULL,
  `cta_cte_tesoreria_cuenta_id` int(10) unsigned DEFAULT NULL,
  `cta_cte_tesoreria_id` int(10) unsigned DEFAULT NULL,
  `cta_cte_tesoreria_detail_id` int(10) unsigned DEFAULT NULL,
  `cta_cte_cliente_id` int(10) unsigned DEFAULT NULL,
  `cta_cte_cliente_id2` int(10) unsigned DEFAULT NULL,
  `cta_cte_cliente_detail_id` int(10) unsigned DEFAULT NULL,
  `nf_cta_cte_id2` int(10) unsigned DEFAULT NULL,
  `nf_cta_cte_id` int(10) unsigned DEFAULT NULL,
  `monto` decimal(16,2) DEFAULT NULL,
  `cheque3ros` tinyint(1) NOT NULL DEFAULT '0',
  `cheque_emitidos` tinyint(1) NOT NULL DEFAULT '0',
  `fecha` date DEFAULT NULL,
  `fecha_cobro` date DEFAULT NULL,
  `banco_id` int(10) unsigned NOT NULL,
  `person_id` int(10) unsigned DEFAULT NULL,
  `cuit` text COLLATE utf8mb4_unicode_ci,
  `titular` varchar(255) COLLATE utf8mb4_unicode_ci DEFAULT NULL,
  `abierto_cruzado` int(11) NOT NULL DEFAULT '1',
  `is_no_a_la_orden` tinyint(1) NOT NULL DEFAULT '0',
  `numero` int(10) unsigned DEFAULT NULL,
  `foto` varchar(255) COLLATE utf8mb4_unicode_ci DEFAULT NULL,
  `comentario` varchar(255) COLLATE utf8mb4_unicode_ci DEFAULT NULL,
  `status` int(11) NOT NULL DEFAULT '1',
  `created_at` timestamp NULL DEFAULT NULL,
  `updated_at` timestamp NULL DEFAULT NULL,
  `deleted_at` timestamp NULL DEFAULT NULL,
  PRIMARY KEY (`id`),
  KEY `ctacte_cheques_asiento_id_foreign` (`asiento_id`),
  KEY `ctacte_cheques_cuenta_conta_id_foreign` (`cuenta_conta_id`),
  KEY `ctacte_cheques_banco_id_foreign` (`banco_id`),
  KEY `ctacte_cheques_person_id_foreign` (`person_id`),
  KEY `ctacte_cheques_cta_cte_cliente_id2_foreign` (`cta_cte_cliente_id2`),
  KEY `ctacte_cheques_cta_cte_cliente_id_foreign` (`cta_cte_cliente_id`),
  KEY `cta_cte_tesorer_id` (`cta_cte_tesoreria_id`),
  KEY `ctacte_cheques_nf_cta_cte_id_foreign` (`nf_cta_cte_id`),
  KEY `ctacte_cheques_nf_cta_cte_id2_foreign` (`nf_cta_cte_id2`),
  KEY `ctacte_cheques_cta_cte_tesoreria_cuenta_id_foreign` (`cta_cte_tesoreria_cuenta_id`),
  KEY `ctacte_cheques_cta_cte_cliente_detail_id_foreign` (`cta_cte_cliente_detail_id`),
  KEY `ctacte_cheques_cta_cte_tesoreria_detail_id_foreign` (`cta_cte_tesoreria_detail_id`),
  CONSTRAINT `cta_cte_tesorer_id` FOREIGN KEY (`cta_cte_tesoreria_id`) REFERENCES `cta_cte_tesoreria` (`id`),
  CONSTRAINT `ctacte_cheques_banco_id_foreign` FOREIGN KEY (`banco_id`) REFERENCES `ctacte_bancos` (`id`),
  CONSTRAINT `ctacte_cheques_cta_cte_cliente_detail_id_foreign` FOREIGN KEY (`cta_cte_cliente_detail_id`) REFERENCES `cta_cte_cliente_details` (`id`),
  CONSTRAINT `ctacte_cheques_cta_cte_cliente_id2_foreign` FOREIGN KEY (`cta_cte_cliente_id2`) REFERENCES `cta_cte_cliente` (`id`),
  CONSTRAINT `ctacte_cheques_cta_cte_cliente_id_foreign` FOREIGN KEY (`cta_cte_cliente_id`) REFERENCES `cta_cte_cliente` (`id`),
  CONSTRAINT `ctacte_cheques_cta_cte_tesoreria_cuenta_id_foreign` FOREIGN KEY (`cta_cte_tesoreria_cuenta_id`) REFERENCES `cta_cte_tesoreria_cuentas` (`id`),
  CONSTRAINT `ctacte_cheques_cta_cte_tesoreria_detail_id_foreign` FOREIGN KEY (`cta_cte_tesoreria_detail_id`) REFERENCES `cta_cte_tesoreria_detail` (`id`),
  CONSTRAINT `ctacte_cheques_cuenta_conta_id_foreign` FOREIGN KEY (`cuenta_conta_id`) REFERENCES `conta_plan_cuenta` (`id`),
  CONSTRAINT `ctacte_cheques_nf_cta_cte_id2_foreign` FOREIGN KEY (`nf_cta_cte_id2`) REFERENCES `nf_cta_cte` (`id`),
  CONSTRAINT `ctacte_cheques_nf_cta_cte_id_foreign` FOREIGN KEY (`nf_cta_cte_id`) REFERENCES `nf_cta_cte` (`id`),
  CONSTRAINT `ctacte_cheques_person_id_foreign` FOREIGN KEY (`person_id`) REFERENCES `persons` (`id`)
) ENGINE=InnoDB AUTO_INCREMENT=2 DEFAULT CHARSET=utf8mb4 COLLATE=utf8mb4_unicode_ci;

--
-- Dumping data for table `ctacte_cheques`
--

INSERT INTO `ctacte_cheques` VALUES (1,8522,NULL,NULL,NULL,NULL,NULL,1252,NULL,NULL,NULL,NULL,10000.00,1,1,'2023-03-01','2023-03-01',1,40718,NULL,'Prueba #',1,0,11111,NULL,'',1,'2023-03-01 11:25:20','2023-03-01 11:25:20',NULL);

--
-- Table structure for table `ctactegastos_centrocosto`
--

CREATE TABLE `ctactegastos_centrocosto` (
  `id` int(10) unsigned NOT NULL AUTO_INCREMENT,
  `user_id` int(10) unsigned DEFAULT NULL,
  `nombre` varchar(255) COLLATE utf8mb4_unicode_ci NOT NULL,
  `created_at` timestamp NULL DEFAULT NULL,
  `updated_at` timestamp NULL DEFAULT NULL,
  `deleted_at` timestamp NULL DEFAULT NULL,
  PRIMARY KEY (`id`)
) ENGINE=InnoDB AUTO_INCREMENT=9 DEFAULT CHARSET=utf8mb4 COLLATE=utf8mb4_unicode_ci;

--
-- Dumping data for table `ctactegastos_centrocosto`
--

INSERT INTO `ctactegastos_centrocosto` VALUES (1,NULL,'OFICINA',NULL,NULL,NULL),(2,NULL,'FIJO',NULL,NULL,NULL),(3,NULL,'VARIABLE',NULL,NULL,NULL),(4,NULL,'GISELA',NULL,NULL,NULL),(5,NULL,'LIA',NULL,NULL,NULL),(6,NULL,'PADRES',NULL,NULL,NULL),(7,NULL,'CASA',NULL,NULL,NULL),(8,NULL,'VANESA',NULL,NULL,NULL);

--
-- Table structure for table `ctactegastos_cuenta_tipo`
--

CREATE TABLE `ctactegastos_cuenta_tipo` (
  `idCuentaTipo` int(10) unsigned NOT NULL AUTO_INCREMENT,
  `user_id` int(10) unsigned DEFAULT NULL,
  `cta_cte_tesoreria_cuenta_id` int(10) unsigned DEFAULT NULL,
  `idTipo` int(10) unsigned NOT NULL,
  `created_at` timestamp NULL DEFAULT NULL,
  `updated_at` timestamp NULL DEFAULT NULL,
  `deleted_at` timestamp NULL DEFAULT NULL,
  PRIMARY KEY (`idCuentaTipo`),
  KEY `ctactegastos_cuenta_tipo_idtipo_foreign` (`idTipo`),
  KEY `ctactegastos_cuenta_tipo_cta_cte_tesoreria_cuenta_id_foreign` (`cta_cte_tesoreria_cuenta_id`),
  CONSTRAINT `ctactegastos_cuenta_tipo_cta_cte_tesoreria_cuenta_id_foreign` FOREIGN KEY (`cta_cte_tesoreria_cuenta_id`) REFERENCES `cta_cte_tesoreria_cuentas` (`id`),
  CONSTRAINT `ctactegastos_cuenta_tipo_idtipo_foreign` FOREIGN KEY (`idTipo`) REFERENCES `ctactegastos_tiposdegastos` (`id`)
) ENGINE=InnoDB AUTO_INCREMENT=18 DEFAULT CHARSET=utf8mb4 COLLATE=utf8mb4_unicode_ci;

--
-- Dumping data for table `ctactegastos_cuenta_tipo`
--

INSERT INTO `ctactegastos_cuenta_tipo` VALUES (1,NULL,NULL,3,NULL,NULL,NULL),(2,NULL,NULL,6,NULL,NULL,NULL),(3,NULL,NULL,3,NULL,NULL,NULL),(4,NULL,NULL,4,NULL,NULL,NULL),(5,NULL,NULL,5,NULL,NULL,NULL),(6,NULL,NULL,3,NULL,NULL,NULL),(7,NULL,NULL,4,NULL,NULL,NULL),(8,NULL,NULL,3,NULL,NULL,NULL),(9,NULL,NULL,4,NULL,NULL,NULL),(10,NULL,NULL,7,NULL,NULL,NULL),(11,NULL,NULL,8,NULL,NULL,NULL),(12,NULL,NULL,3,NULL,NULL,NULL),(13,NULL,NULL,3,NULL,NULL,NULL),(14,NULL,NULL,4,NULL,NULL,NULL),(15,NULL,NULL,1,NULL,NULL,NULL),(16,NULL,NULL,2,NULL,NULL,NULL),(17,NULL,NULL,5,NULL,NULL,NULL);

--
-- Table structure for table `ctactegastos_mensuales`
--

CREATE TABLE `ctactegastos_mensuales` (
  `id` int(10) unsigned NOT NULL AUTO_INCREMENT,
  `user_id` int(10) unsigned DEFAULT NULL,
  `CuentaTipo_id` int(10) unsigned NOT NULL,
  `cta_cte_tesoreria_cuenta_id` int(10) unsigned NOT NULL DEFAULT '13',
  `TipoDeGasto_id` int(10) unsigned NOT NULL,
  `CentroCosto_id` int(10) unsigned NOT NULL,
  `gasto_cta_cte_tesoreria_cuenta_id` int(10) unsigned NOT NULL DEFAULT '13',
  `monto` decimal(16,2) DEFAULT NULL,
  `comentario` varchar(255) COLLATE utf8mb4_unicode_ci DEFAULT NULL,
  `status` int(11) NOT NULL DEFAULT '1',
  `created_at` timestamp NULL DEFAULT NULL,
  `updated_at` timestamp NULL DEFAULT NULL,
  `deleted_at` timestamp NULL DEFAULT NULL,
  PRIMARY KEY (`id`),
  KEY `ctactegastos_mensuales_cuentatipo_id_foreign` (`CuentaTipo_id`),
  KEY `ctactegastos_mensuales_tipodegasto_id_foreign` (`TipoDeGasto_id`),
  KEY `ctactegastos_mensuales_centrocosto_id_foreign` (`CentroCosto_id`),
  KEY `ctactegastos_mensuales_cta_cte_tesoreria_cuenta_id_foreign` (`cta_cte_tesoreria_cuenta_id`),
  KEY `ctactegastos_mensuales_gasto_cta_cte_tesoreria_cuenta_id_foreign` (`gasto_cta_cte_tesoreria_cuenta_id`),
  CONSTRAINT `ctactegastos_mensuales_centrocosto_id_foreign` FOREIGN KEY (`CentroCosto_id`) REFERENCES `ctactegastos_centrocosto` (`id`),
  CONSTRAINT `ctactegastos_mensuales_cta_cte_tesoreria_cuenta_id_foreign` FOREIGN KEY (`cta_cte_tesoreria_cuenta_id`) REFERENCES `cta_cte_tesoreria_cuentas` (`id`),
  CONSTRAINT `ctactegastos_mensuales_cuentatipo_id_foreign` FOREIGN KEY (`CuentaTipo_id`) REFERENCES `ctactegastos_cuenta_tipo` (`idCuentaTipo`),
  CONSTRAINT `ctactegastos_mensuales_gasto_cta_cte_tesoreria_cuenta_id_foreign` FOREIGN KEY (`gasto_cta_cte_tesoreria_cuenta_id`) REFERENCES `cta_cte_tesoreria_cuentas` (`id`),
  CONSTRAINT `ctactegastos_mensuales_tipodegasto_id_foreign` FOREIGN KEY (`TipoDeGasto_id`) REFERENCES `ctactegastos_tiposdegastos` (`id`)
) ENGINE=InnoDB DEFAULT CHARSET=utf8mb4 COLLATE=utf8mb4_unicode_ci;

--
-- Dumping data for table `ctactegastos_mensuales`
--


--
-- Table structure for table `ctactegastos_tiposdegastos`
--

CREATE TABLE `ctactegastos_tiposdegastos` (
  `id` int(10) unsigned NOT NULL AUTO_INCREMENT,
  `user_id` int(10) unsigned DEFAULT NULL,
  `nombre` varchar(255) COLLATE utf8mb4_unicode_ci DEFAULT NULL,
  `created_at` timestamp NULL DEFAULT NULL,
  `updated_at` timestamp NULL DEFAULT NULL,
  `deleted_at` timestamp NULL DEFAULT NULL,
  PRIMARY KEY (`id`)
) ENGINE=InnoDB AUTO_INCREMENT=11 DEFAULT CHARSET=utf8mb4 COLLATE=utf8mb4_unicode_ci;

--
-- Dumping data for table `ctactegastos_tiposdegastos`
--

INSERT INTO `ctactegastos_tiposdegastos` VALUES (1,NULL,'Oficina',NULL,NULL,NULL),(2,NULL,'Personales',NULL,NULL,NULL),(3,NULL,'Tarjeta VISA',NULL,NULL,NULL),(4,NULL,'Tarjeta Mastercard',NULL,NULL,NULL),(5,NULL,'Debito Automatico',NULL,NULL,NULL),(6,NULL,'American Express',NULL,NULL,NULL),(7,NULL,'Tarjeta Shopping',NULL,NULL,NULL),(8,NULL,'Tarjeta Cencosud',NULL,NULL,NULL),(9,NULL,'Tarjeta Coto',NULL,NULL,NULL),(10,NULL,'Tarjeta Nativa',NULL,NULL,NULL);

--
-- Table structure for table `cursos`
--

CREATE TABLE `cursos` (
  `id` int(10) unsigned NOT NULL AUTO_INCREMENT,
  `nombre` varchar(191) COLLATE utf8mb4_unicode_ci NOT NULL,
  `descripcion` longtext COLLATE utf8mb4_unicode_ci NOT NULL,
  `fecha` date DEFAULT NULL,
  `hora` varchar(191) COLLATE utf8mb4_unicode_ci DEFAULT NULL,
  `profesor` varchar(191) COLLATE utf8mb4_unicode_ci DEFAULT NULL,
  `cant_clases` varchar(191) COLLATE utf8mb4_unicode_ci DEFAULT NULL,
  `duracion` varchar(191) COLLATE utf8mb4_unicode_ci DEFAULT NULL,
  `adjuntos` varchar(191) COLLATE utf8mb4_unicode_ci DEFAULT NULL,
  `link_zoom` longtext COLLATE utf8mb4_unicode_ci,
  `cod_zoom` varchar(191) COLLATE utf8mb4_unicode_ci DEFAULT NULL,
  `contraseña_zoom` varchar(191) COLLATE utf8mb4_unicode_ci DEFAULT NULL,
  `link_youtube` varchar(191) COLLATE utf8mb4_unicode_ci DEFAULT NULL,
  `materiales` varchar(191) COLLATE utf8mb4_unicode_ci DEFAULT NULL,
  `habilitado` tinyint(1) NOT NULL DEFAULT '1',
  `created_at` timestamp NULL DEFAULT NULL,
  `updated_at` timestamp NULL DEFAULT NULL,
  `deleted_at` timestamp NULL DEFAULT NULL,
  PRIMARY KEY (`id`)
) ENGINE=InnoDB DEFAULT CHARSET=utf8mb4 COLLATE=utf8mb4_unicode_ci;

--
-- Dumping data for table `cursos`
--


--
-- Table structure for table `cursos_detail`
--

CREATE TABLE `cursos_detail` (
  `id` int(10) unsigned NOT NULL AUTO_INCREMENT,
  `curso_id` int(10) unsigned NOT NULL,
  `field_name1` varchar(191) COLLATE utf8mb4_unicode_ci NOT NULL,
  `email` varchar(191) COLLATE utf8mb4_unicode_ci NOT NULL,
  `celular` int(11) NOT NULL,
  `created_at` timestamp NULL DEFAULT NULL,
  `updated_at` timestamp NULL DEFAULT NULL,
  `deleted_at` timestamp NULL DEFAULT NULL,
  PRIMARY KEY (`id`),
  KEY `cursos_detail_curso_id_foreign` (`curso_id`),
  CONSTRAINT `cursos_detail_curso_id_foreign` FOREIGN KEY (`curso_id`) REFERENCES `cursos` (`id`)
) ENGINE=InnoDB DEFAULT CHARSET=utf8mb4 COLLATE=utf8mb4_unicode_ci;

--
-- Dumping data for table `cursos_detail`
--


--
-- Table structure for table `data_types`
--

CREATE TABLE `data_types` (
  `id` int(10) unsigned NOT NULL AUTO_INCREMENT,
  `description` varchar(180) COLLATE utf8mb4_unicode_ci NOT NULL,
  `class` int(10) unsigned NOT NULL,
  `class_description` varchar(180) COLLATE utf8mb4_unicode_ci NOT NULL,
  `data_type` varchar(100) COLLATE utf8mb4_unicode_ci NOT NULL,
  `path` varchar(255) COLLATE utf8mb4_unicode_ci DEFAULT NULL,
  `created_at` timestamp NULL DEFAULT NULL,
  `updated_at` timestamp NULL DEFAULT NULL,
  PRIMARY KEY (`id`),
  UNIQUE KEY `data_types_description_unique` (`description`)
) ENGINE=InnoDB AUTO_INCREMENT=9 DEFAULT CHARSET=utf8mb4 COLLATE=utf8mb4_unicode_ci;

--
-- Dumping data for table `data_types`
--

INSERT INTO `data_types` VALUES (1,'Comprobantes XLS',1,'Importación','XLS','data/imports/receipts/xls',NULL,NULL),(2,'CITI-Ventas',1,'Importación','TXT','data/imports/receipts/CitiVentas',NULL,NULL),(3,'CITI Compras',2,'Exportación','TXT','data/exports/receipts/citi',NULL,NULL),(4,'CITI Ventas',2,'Exportación','TXT','data/exports/receipts/CitiVentasExport',NULL,NULL),(5,'Convenio Multilateral',2,'Exportación','TXT','data/exports/receipts/convenio',NULL,NULL),(6,'Libro IVA Digital',2,'Exportación','TXT','data/exports/receipts/libro_iva_digital',NULL,'2019-11-20 21:43:44'),(7,'Mis Comprobantes',1,'Importacion','','data/imports/receipts/mis_comprobantes',NULL,NULL),(8,'Consulta AFIP',3,'AFIP','','data/afip/index','2019-12-06 14:49:55','2019-12-06 14:49:55');

--
-- Table structure for table `dc_estados`
--

CREATE TABLE `dc_estados` (
  `id` bigint(20) unsigned NOT NULL AUTO_INCREMENT,
  `user_id` int(10) unsigned DEFAULT NULL,
  `descripcion` text COLLATE utf8mb4_unicode_ci NOT NULL,
  `habilitado` tinyint(1) NOT NULL DEFAULT '1',
  `created_at` timestamp NULL DEFAULT NULL,
  `updated_at` timestamp NULL DEFAULT NULL,
  `deleted_at` timestamp NULL DEFAULT NULL,
  PRIMARY KEY (`id`)
) ENGINE=InnoDB AUTO_INCREMENT=6 DEFAULT CHARSET=utf8mb4 COLLATE=utf8mb4_unicode_ci;

--
-- Dumping data for table `dc_estados`
--

INSERT INTO `dc_estados` VALUES (1,NULL,'BORRADOR',1,NULL,'2023-08-01 14:41:57',NULL),(2,NULL,'TERMINADO',1,NULL,'2023-08-01 14:41:57',NULL),(3,NULL,'ELIMINADO',1,NULL,'2023-08-13 09:21:55',NULL),(4,NULL,'PAGADO',1,NULL,'2023-08-01 14:41:57','2023-08-01 14:41:57'),(5,NULL,'CONCILIADO',1,NULL,'2023-08-01 14:41:57','2023-08-01 14:41:57');

--
-- Table structure for table `dc_estados_decisiones`
--

CREATE TABLE `dc_estados_decisiones` (
  `id` bigint(20) unsigned NOT NULL AUTO_INCREMENT,
  `user_id` int(10) unsigned DEFAULT NULL,
  `dc_orden_tipo_id` bigint(20) unsigned NOT NULL,
  `descripcion` varchar(191) COLLATE utf8mb4_unicode_ci NOT NULL,
  `habilitado` tinyint(1) NOT NULL DEFAULT '1',
  `created_at` timestamp NULL DEFAULT NULL,
  `updated_at` timestamp NULL DEFAULT NULL,
  `deleted_at` timestamp NULL DEFAULT NULL,
  PRIMARY KEY (`id`),
  KEY `dc_estados_decisiones_dc_orden_tipo_id_foreign` (`dc_orden_tipo_id`),
  CONSTRAINT `dc_estados_decisiones_dc_orden_tipo_id_foreign` FOREIGN KEY (`dc_orden_tipo_id`) REFERENCES `dc_ordenes_tipos` (`id`)
) ENGINE=InnoDB AUTO_INCREMENT=5 DEFAULT CHARSET=utf8mb4 COLLATE=utf8mb4_unicode_ci;

--
-- Dumping data for table `dc_estados_decisiones`
--

INSERT INTO `dc_estados_decisiones` VALUES (1,NULL,3,'Pendiente',1,NULL,NULL,NULL),(2,NULL,3,'Aprobado',1,NULL,NULL,NULL),(3,NULL,3,'Rechazado',1,NULL,NULL,NULL),(4,NULL,3,'Cancelado',1,NULL,NULL,NULL);

--
-- Table structure for table `dc_firmas`
--

CREATE TABLE `dc_firmas` (
  `id` bigint(20) unsigned NOT NULL AUTO_INCREMENT,
  `user_id` int(10) unsigned DEFAULT NULL,
  `descripcion` text COLLATE utf8mb4_unicode_ci NOT NULL,
  `show_firmante_dc` tinyint(1) NOT NULL DEFAULT '0',
  `show_create_dc` tinyint(1) NOT NULL DEFAULT '0',
  `faltan_firmas` tinyint(1) NOT NULL DEFAULT '0',
  `habilitado` tinyint(1) NOT NULL DEFAULT '1',
  `created_at` timestamp NULL DEFAULT NULL,
  `updated_at` timestamp NULL DEFAULT NULL,
  `deleted_at` timestamp NULL DEFAULT NULL,
  PRIMARY KEY (`id`)
) ENGINE=InnoDB AUTO_INCREMENT=6 DEFAULT CHARSET=utf8mb4 COLLATE=utf8mb4_unicode_ci;

--
-- Dumping data for table `dc_firmas`
--

INSERT INTO `dc_firmas` VALUES (1,NULL,'NO',1,1,0,1,NULL,'2023-08-07 00:07:02',NULL),(2,NULL,'RECHAZADO',1,1,0,1,NULL,'2023-08-07 00:07:02',NULL),(3,NULL,'ACEPTADO',1,0,0,1,NULL,'2023-08-07 00:07:02',NULL),(4,NULL,'FALTAN FIRMAS',0,0,1,1,'2023-08-07 00:07:02','2023-08-07 00:07:02',NULL),(5,NULL,'EMITIDO',1,0,0,1,'2023-10-12 08:14:57','2023-10-12 08:14:57',NULL);

--
-- Table structure for table `dc_firmas_ordenes`
--

CREATE TABLE `dc_firmas_ordenes` (
  `id` bigint(20) unsigned NOT NULL AUTO_INCREMENT,
  `user_id` int(10) unsigned DEFAULT NULL,
  `person_id` int(10) unsigned NOT NULL,
  `dc_orden_id` bigint(20) unsigned NOT NULL,
  `user_id_que_firma` int(10) unsigned NOT NULL,
  `dc_firma_id` bigint(20) unsigned NOT NULL,
  `created_at` timestamp NULL DEFAULT NULL,
  `updated_at` timestamp NULL DEFAULT NULL,
  `deleted_at` timestamp NULL DEFAULT NULL,
  PRIMARY KEY (`id`),
  KEY `dc_firmas_ordenes_person_id_foreign` (`person_id`),
  KEY `dc_firmas_ordenes_dc_orden_id_foreign` (`dc_orden_id`),
  KEY `dc_firmas_ordenes_dc_firma_id_foreign` (`dc_firma_id`),
  CONSTRAINT `dc_firmas_ordenes_dc_firma_id_foreign` FOREIGN KEY (`dc_firma_id`) REFERENCES `dc_firmas` (`id`),
  CONSTRAINT `dc_firmas_ordenes_dc_orden_id_foreign` FOREIGN KEY (`dc_orden_id`) REFERENCES `dc_ordenes` (`id`),
  CONSTRAINT `dc_firmas_ordenes_person_id_foreign` FOREIGN KEY (`person_id`) REFERENCES `persons` (`id`)
) ENGINE=InnoDB DEFAULT CHARSET=utf8mb4 COLLATE=utf8mb4_unicode_ci;

--
-- Dumping data for table `dc_firmas_ordenes`
--


--
-- Table structure for table `dc_firmas_reglas`
--

CREATE TABLE `dc_firmas_reglas` (
  `id` bigint(20) unsigned NOT NULL AUTO_INCREMENT,
  `user_id` int(10) unsigned DEFAULT NULL,
  `person_id` int(10) unsigned NOT NULL,
  `dc_orden_id` bigint(20) unsigned NOT NULL,
  `importe` decimal(16,2) NOT NULL,
  `grupos_users_ids` longtext COLLATE utf8mb4_unicode_ci,
  `created_at` timestamp NULL DEFAULT NULL,
  `updated_at` timestamp NULL DEFAULT NULL,
  `deleted_at` timestamp NULL DEFAULT NULL,
  PRIMARY KEY (`id`),
  KEY `dc_firmas_reglas_person_id_foreign` (`person_id`),
  KEY `dc_firmas_reglas_dc_orden_id_foreign` (`dc_orden_id`),
  CONSTRAINT `dc_firmas_reglas_dc_orden_id_foreign` FOREIGN KEY (`dc_orden_id`) REFERENCES `dc_ordenes` (`id`),
  CONSTRAINT `dc_firmas_reglas_person_id_foreign` FOREIGN KEY (`person_id`) REFERENCES `persons` (`id`)
) ENGINE=InnoDB DEFAULT CHARSET=utf8mb4 COLLATE=utf8mb4_unicode_ci;

--
-- Dumping data for table `dc_firmas_reglas`
--


--
-- Table structure for table `dc_orden_de_pago`
--

CREATE TABLE `dc_orden_de_pago` (
  `id` bigint(20) unsigned NOT NULL AUTO_INCREMENT,
  `user_id` int(10) unsigned DEFAULT NULL,
  `fecha` datetime NOT NULL DEFAULT '2023-09-28 16:36:27',
  `dc_orden_id` bigint(20) unsigned NOT NULL DEFAULT '10',
  `person_id` int(10) unsigned NOT NULL,
  `person_id_relationed` int(10) unsigned NOT NULL,
  `request` longtext COLLATE utf8mb4_unicode_ci NOT NULL,
  `dc_estado_id` bigint(20) unsigned NOT NULL DEFAULT '1',
  `dc_firma_id` bigint(20) unsigned NOT NULL DEFAULT '1',
  `created_at` timestamp NULL DEFAULT NULL,
  `updated_at` timestamp NULL DEFAULT NULL,
  `deleted_at` timestamp NULL DEFAULT NULL,
  PRIMARY KEY (`id`),
  KEY `dc_orden_de_pago_person_id_foreign` (`person_id`),
  KEY `dc_orden_de_pago_person_id_relationed_foreign` (`person_id_relationed`),
  KEY `dc_orden_de_pago_dc_orden_id_foreign` (`dc_orden_id`),
  KEY `dc_orden_de_pago_dc_firma_id_foreign` (`dc_firma_id`),
  KEY `dc_orden_de_pago_dc_estado_id_foreign` (`dc_estado_id`),
  CONSTRAINT `dc_orden_de_pago_dc_estado_id_foreign` FOREIGN KEY (`dc_estado_id`) REFERENCES `dc_estados` (`id`),
  CONSTRAINT `dc_orden_de_pago_dc_firma_id_foreign` FOREIGN KEY (`dc_firma_id`) REFERENCES `dc_firmas` (`id`),
  CONSTRAINT `dc_orden_de_pago_dc_orden_id_foreign` FOREIGN KEY (`dc_orden_id`) REFERENCES `dc_ordenes` (`id`),
  CONSTRAINT `dc_orden_de_pago_person_id_foreign` FOREIGN KEY (`person_id`) REFERENCES `persons` (`id`),
  CONSTRAINT `dc_orden_de_pago_person_id_relationed_foreign` FOREIGN KEY (`person_id_relationed`) REFERENCES `persons` (`id`)
) ENGINE=InnoDB DEFAULT CHARSET=utf8mb4 COLLATE=utf8mb4_unicode_ci;

--
-- Dumping data for table `dc_orden_de_pago`
--


--
-- Table structure for table `dc_orden_de_pago_cheques`
--

CREATE TABLE `dc_orden_de_pago_cheques` (
  `id` bigint(20) unsigned NOT NULL AUTO_INCREMENT,
  `user_id` int(10) unsigned DEFAULT NULL,
  `dc_orden_de_pago_id` bigint(20) unsigned NOT NULL,
  `ctacte_cheque_id` int(10) unsigned NOT NULL,
  `created_at` timestamp NULL DEFAULT NULL,
  `updated_at` timestamp NULL DEFAULT NULL,
  `deleted_at` timestamp NULL DEFAULT NULL,
  PRIMARY KEY (`id`),
  KEY `dc_orden_de_pago_cheques_dc_orden_de_pago_id_foreign` (`dc_orden_de_pago_id`),
  KEY `dc_orden_de_pago_cheques_ctacte_cheque_id_foreign` (`ctacte_cheque_id`),
  CONSTRAINT `dc_orden_de_pago_cheques_ctacte_cheque_id_foreign` FOREIGN KEY (`ctacte_cheque_id`) REFERENCES `ctacte_cheques` (`id`),
  CONSTRAINT `dc_orden_de_pago_cheques_dc_orden_de_pago_id_foreign` FOREIGN KEY (`dc_orden_de_pago_id`) REFERENCES `dc_orden_de_pago` (`id`)
) ENGINE=InnoDB DEFAULT CHARSET=utf8mb4 COLLATE=utf8mb4_unicode_ci;

--
-- Dumping data for table `dc_orden_de_pago_cheques`
--


--
-- Table structure for table `dc_orden_de_pago_receipts`
--

CREATE TABLE `dc_orden_de_pago_receipts` (
  `id` bigint(20) unsigned NOT NULL AUTO_INCREMENT,
  `user_id` int(10) unsigned DEFAULT NULL,
  `dc_orden_de_pago_id` bigint(20) unsigned NOT NULL,
  `receipt_id` int(10) unsigned DEFAULT NULL,
  `importe` decimal(16,2) NOT NULL,
  `created_at` timestamp NULL DEFAULT NULL,
  `updated_at` timestamp NULL DEFAULT NULL,
  `deleted_at` timestamp NULL DEFAULT NULL,
  PRIMARY KEY (`id`),
  KEY `dc_orden_de_pago_receipts_dc_orden_de_pago_id_foreign` (`dc_orden_de_pago_id`),
  KEY `dc_orden_de_pago_receipts_receipt_id_foreign` (`receipt_id`),
  CONSTRAINT `dc_orden_de_pago_receipts_dc_orden_de_pago_id_foreign` FOREIGN KEY (`dc_orden_de_pago_id`) REFERENCES `dc_orden_de_pago` (`id`),
  CONSTRAINT `dc_orden_de_pago_receipts_receipt_id_foreign` FOREIGN KEY (`receipt_id`) REFERENCES `receipts` (`id`)
) ENGINE=InnoDB DEFAULT CHARSET=utf8mb4 COLLATE=utf8mb4_unicode_ci;

--
-- Dumping data for table `dc_orden_de_pago_receipts`
--


--
-- Table structure for table `dc_orden_files`
--

CREATE TABLE `dc_orden_files` (
  `id` bigint(20) unsigned NOT NULL AUTO_INCREMENT,
  `user_id` int(10) unsigned DEFAULT NULL,
  `dc_orden_id` bigint(20) unsigned NOT NULL,
  `file` text COLLATE utf8mb4_unicode_ci NOT NULL,
  `original_name` text COLLATE utf8mb4_unicode_ci,
  `created_at` timestamp NULL DEFAULT NULL,
  `updated_at` timestamp NULL DEFAULT NULL,
  `deleted_at` timestamp NULL DEFAULT NULL,
  PRIMARY KEY (`id`),
  KEY `dc_orden_files_dc_orden_id_foreign` (`dc_orden_id`),
  CONSTRAINT `dc_orden_files_dc_orden_id_foreign` FOREIGN KEY (`dc_orden_id`) REFERENCES `dc_ordenes` (`id`)
) ENGINE=InnoDB DEFAULT CHARSET=utf8mb4 COLLATE=utf8mb4_unicode_ci;

--
-- Dumping data for table `dc_orden_files`
--


--
-- Table structure for table `dc_ordenes`
--

CREATE TABLE `dc_ordenes` (
  `id` bigint(20) unsigned NOT NULL AUTO_INCREMENT,
  `user_id` int(10) unsigned DEFAULT NULL,
  `dc_orden_tipo_id` bigint(20) unsigned NOT NULL,
  `person_id` int(10) unsigned NOT NULL,
  `person_id_relationed` int(10) unsigned DEFAULT NULL,
  `titulo` text COLLATE utf8mb4_unicode_ci,
  `sucursal` int(11) NOT NULL DEFAULT '1',
  `numero` int(11) NOT NULL,
  `numero_text` varchar(255) COLLATE utf8mb4_unicode_ci DEFAULT NULL,
  `sector` varchar(191) COLLATE utf8mb4_unicode_ci DEFAULT NULL,
  `solicitante` varchar(191) COLLATE utf8mb4_unicode_ci DEFAULT NULL,
  `syj_empleado_id` int(10) unsigned DEFAULT NULL,
  `fecha` date NOT NULL,
  `fecha_entrega` date DEFAULT NULL,
  `fecha_asignacion` datetime DEFAULT NULL,
  `fecha_cumplido` datetime DEFAULT NULL,
  `condicion_venta_id` int(10) unsigned DEFAULT NULL,
  `is_pago_adelantado` tinyint(1) DEFAULT NULL,
  `is_garantia` tinyint(1) NOT NULL DEFAULT '0',
  `forma_de_entrega_id` int(10) unsigned DEFAULT NULL,
  `plazo_de_pago_id` int(10) unsigned DEFAULT NULL,
  `cantidades` decimal(16,2) NOT NULL,
  `moneda_id` int(10) unsigned NOT NULL DEFAULT '1',
  `cotizacion` decimal(16,2) NOT NULL DEFAULT '1.00',
  `neto` decimal(16,2) NOT NULL,
  `iva` decimal(16,2) NOT NULL,
  `total` decimal(16,2) NOT NULL,
  `facturada` decimal(16,2) NOT NULL DEFAULT '0.00',
  `is_pagada` tinyint(1) NOT NULL,
  `garantia` varchar(100) COLLATE utf8mb4_unicode_ci DEFAULT NULL,
  `mant_oferta` varchar(100) COLLATE utf8mb4_unicode_ci DEFAULT NULL,
  `comen_para_cliente` text COLLATE utf8mb4_unicode_ci,
  `comentario` longtext COLLATE utf8mb4_unicode_ci NOT NULL,
  `dc_ov_origen_id` bigint(20) unsigned DEFAULT NULL,
  `dc_ov_status_cobranza_id` bigint(20) unsigned DEFAULT NULL,
  `dc_ov_status_factura_id` bigint(20) unsigned DEFAULT NULL,
  `dc_ov_status_entrega_id` bigint(20) unsigned DEFAULT NULL,
  `dc_ov_status_venta_id` bigint(20) unsigned DEFAULT NULL,
  `dc_estado_id` bigint(20) unsigned NOT NULL,
  `dc_estado_decision_id` bigint(20) unsigned DEFAULT NULL,
  `inv_orden_trabajo_id` bigint(20) unsigned DEFAULT NULL,
  `conta_cc_id` bigint(20) unsigned DEFAULT NULL,
  `origendestinoable_type` text COLLATE utf8mb4_unicode_ci,
  `origendestinoable_id` int(10) unsigned DEFAULT NULL,
  `is_multiples_ot` tinyint(1) unsigned NOT NULL DEFAULT '0',
  `dc_orden_origen_destino_id` bigint(20) unsigned DEFAULT NULL,
  `is_completado` tinyint(1) NOT NULL DEFAULT '0',
  `is_credit` tinyint(1) DEFAULT NULL,
  `dc_firma_id` bigint(20) unsigned NOT NULL DEFAULT '1',
  `created_at` timestamp NULL DEFAULT NULL,
  `updated_at` timestamp NULL DEFAULT NULL,
  `deleted_at` timestamp NULL DEFAULT NULL,
  PRIMARY KEY (`id`),
  KEY `dc_ordenes_dc_orden_tipo_id_foreign` (`dc_orden_tipo_id`),
  KEY `dc_ordenes_person_id_foreign` (`person_id`),
  KEY `dc_ordenes_person_id_relationed_foreign` (`person_id_relationed`),
  KEY `dc_ordenes_dc_estado_id_foreign` (`dc_estado_id`),
  KEY `dc_ordenes_conta_cc_id_foreign` (`conta_cc_id`),
  KEY `dc_ordenes_inv_orden_trabajo_id_foreign` (`inv_orden_trabajo_id`),
  KEY `dc_ordenes_dc_orden_origen_destino_id_foreign` (`dc_orden_origen_destino_id`),
  KEY `dc_ordenes_moneda_id_foreign` (`moneda_id`),
  KEY `dc_ordenes_dc_firma_id_foreign` (`dc_firma_id`),
  KEY `dc_ordenes_syj_empleado_id_foreign` (`syj_empleado_id`),
  KEY `dc_ordenes_dc_estado_decision_id_foreign` (`dc_estado_decision_id`),
  KEY `dc_ordenes_dc_ov_origen_id_foreign` (`dc_ov_origen_id`),
  KEY `dc_ordenes_dc_ov_status_venta_id_foreign` (`dc_ov_status_venta_id`),
  KEY `dc_ordenes_dc_ov_status_entrega_id_foreign` (`dc_ov_status_entrega_id`),
  KEY `dc_ordenes_dc_ov_status_factura_id_foreign` (`dc_ov_status_factura_id`),
  KEY `dc_ordenes_dc_ov_status_cobranza_id_foreign` (`dc_ov_status_cobranza_id`),
  CONSTRAINT `dc_ordenes_conta_cc_id_foreign` FOREIGN KEY (`conta_cc_id`) REFERENCES `conta_centro_costos` (`id`),
  CONSTRAINT `dc_ordenes_dc_estado_decision_id_foreign` FOREIGN KEY (`dc_estado_decision_id`) REFERENCES `dc_estados_decisiones` (`id`),
  CONSTRAINT `dc_ordenes_dc_estado_id_foreign` FOREIGN KEY (`dc_estado_id`) REFERENCES `dc_estados` (`id`),
  CONSTRAINT `dc_ordenes_dc_firma_id_foreign` FOREIGN KEY (`dc_firma_id`) REFERENCES `dc_firmas` (`id`),
  CONSTRAINT `dc_ordenes_dc_orden_origen_destino_id_foreign` FOREIGN KEY (`dc_orden_origen_destino_id`) REFERENCES `dc_ordenes_origen_destino` (`id`),
  CONSTRAINT `dc_ordenes_dc_orden_tipo_id_foreign` FOREIGN KEY (`dc_orden_tipo_id`) REFERENCES `dc_ordenes_tipos` (`id`),
  CONSTRAINT `dc_ordenes_dc_ov_origen_id_foreign` FOREIGN KEY (`dc_ov_origen_id`) REFERENCES `dc_ov_origenes` (`id`),
  CONSTRAINT `dc_ordenes_dc_ov_status_cobranza_id_foreign` FOREIGN KEY (`dc_ov_status_cobranza_id`) REFERENCES `dc_ov_status_cobranza` (`id`),
  CONSTRAINT `dc_ordenes_dc_ov_status_entrega_id_foreign` FOREIGN KEY (`dc_ov_status_entrega_id`) REFERENCES `dc_ov_status_entrega` (`id`),
  CONSTRAINT `dc_ordenes_dc_ov_status_factura_id_foreign` FOREIGN KEY (`dc_ov_status_factura_id`) REFERENCES `dc_ov_status_factura` (`id`),
  CONSTRAINT `dc_ordenes_dc_ov_status_venta_id_foreign` FOREIGN KEY (`dc_ov_status_venta_id`) REFERENCES `dc_ov_status_venta` (`id`),
  CONSTRAINT `dc_ordenes_inv_orden_trabajo_id_foreign` FOREIGN KEY (`inv_orden_trabajo_id`) REFERENCES `inv_orden_trabajos` (`id`),
  CONSTRAINT `dc_ordenes_moneda_id_foreign` FOREIGN KEY (`moneda_id`) REFERENCES `monedas` (`id`),
  CONSTRAINT `dc_ordenes_person_id_foreign` FOREIGN KEY (`person_id`) REFERENCES `persons` (`id`),
  CONSTRAINT `dc_ordenes_person_id_relationed_foreign` FOREIGN KEY (`person_id_relationed`) REFERENCES `persons` (`id`),
  CONSTRAINT `dc_ordenes_syj_empleado_id_foreign` FOREIGN KEY (`syj_empleado_id`) REFERENCES `syj_empleados` (`id`)
) ENGINE=InnoDB DEFAULT CHARSET=utf8mb4 COLLATE=utf8mb4_unicode_ci;

--
-- Dumping data for table `dc_ordenes`
--


--
-- Table structure for table `dc_ordenes_compra_coti`
--

CREATE TABLE `dc_ordenes_compra_coti` (
  `id` int(10) unsigned NOT NULL AUTO_INCREMENT,
  `user_id` int(10) unsigned DEFAULT NULL,
  `dc_orden_id` bigint(20) unsigned NOT NULL,
  `dc_orden_coti_id` bigint(20) unsigned NOT NULL,
  `created_at` timestamp NULL DEFAULT NULL,
  `updated_at` timestamp NULL DEFAULT NULL,
  `deleted_at` timestamp NULL DEFAULT NULL,
  PRIMARY KEY (`id`),
  KEY `dc_ordenes_compra_coti_dc_orden_id_foreign` (`dc_orden_id`),
  KEY `dc_ordenes_compra_coti_dc_orden_coti_id_foreign` (`dc_orden_coti_id`),
  CONSTRAINT `dc_ordenes_compra_coti_dc_orden_coti_id_foreign` FOREIGN KEY (`dc_orden_coti_id`) REFERENCES `dc_ordenes` (`id`),
  CONSTRAINT `dc_ordenes_compra_coti_dc_orden_id_foreign` FOREIGN KEY (`dc_orden_id`) REFERENCES `dc_ordenes` (`id`)
) ENGINE=InnoDB DEFAULT CHARSET=utf8mb4 COLLATE=utf8mb4_unicode_ci;

--
-- Dumping data for table `dc_ordenes_compra_coti`
--


--
-- Table structure for table `dc_ordenes_compra_req`
--

CREATE TABLE `dc_ordenes_compra_req` (
  `id` int(10) unsigned NOT NULL AUTO_INCREMENT,
  `user_id` int(10) unsigned DEFAULT NULL,
  `dc_orden_id` bigint(20) unsigned NOT NULL,
  `dc_orden_detail_id` bigint(20) unsigned NOT NULL,
  `dc_orden_req_id` bigint(20) unsigned NOT NULL,
  `dc_orden_req_detail_id` bigint(20) unsigned NOT NULL,
  `created_at` timestamp NULL DEFAULT NULL,
  `updated_at` timestamp NULL DEFAULT NULL,
  `deleted_at` timestamp NULL DEFAULT NULL,
  PRIMARY KEY (`id`),
  KEY `dc_ordenes_compra_req_dc_orden_id_foreign` (`dc_orden_id`),
  KEY `dc_ordenes_compra_req_dc_orden_detail_id_foreign` (`dc_orden_detail_id`),
  KEY `dc_ordenes_compra_req_dc_orden_req_id_foreign` (`dc_orden_req_id`),
  KEY `dc_ordenes_compra_req_dc_orden_req_detail_id_foreign` (`dc_orden_req_detail_id`),
  CONSTRAINT `dc_ordenes_compra_req_dc_orden_detail_id_foreign` FOREIGN KEY (`dc_orden_detail_id`) REFERENCES `dc_ordenes_details` (`id`),
  CONSTRAINT `dc_ordenes_compra_req_dc_orden_id_foreign` FOREIGN KEY (`dc_orden_id`) REFERENCES `dc_ordenes` (`id`),
  CONSTRAINT `dc_ordenes_compra_req_dc_orden_req_detail_id_foreign` FOREIGN KEY (`dc_orden_req_detail_id`) REFERENCES `dc_ordenes_details` (`id`),
  CONSTRAINT `dc_ordenes_compra_req_dc_orden_req_id_foreign` FOREIGN KEY (`dc_orden_req_id`) REFERENCES `dc_ordenes` (`id`)
) ENGINE=InnoDB DEFAULT CHARSET=utf8mb4 COLLATE=utf8mb4_unicode_ci;

--
-- Dumping data for table `dc_ordenes_compra_req`
--


--
-- Table structure for table `dc_ordenes_cotizacion_req`
--

CREATE TABLE `dc_ordenes_cotizacion_req` (
  `id` int(10) unsigned NOT NULL AUTO_INCREMENT,
  `user_id` int(10) unsigned DEFAULT NULL,
  `dc_orden_id` bigint(20) unsigned NOT NULL,
  `dc_orden_detail_id` bigint(20) unsigned NOT NULL,
  `dc_orden_req_id` bigint(20) unsigned NOT NULL,
  `dc_orden_req_detail_id` bigint(20) unsigned NOT NULL,
  `created_at` timestamp NULL DEFAULT NULL,
  `updated_at` timestamp NULL DEFAULT NULL,
  `deleted_at` timestamp NULL DEFAULT NULL,
  PRIMARY KEY (`id`),
  KEY `dc_ordenes_cotizacion_req_dc_orden_id_foreign` (`dc_orden_id`),
  KEY `dc_ordenes_cotizacion_req_dc_orden_detail_id_foreign` (`dc_orden_detail_id`),
  KEY `dc_ordenes_cotizacion_req_dc_orden_req_id_foreign` (`dc_orden_req_id`),
  KEY `dc_ordenes_cotizacion_req_dc_orden_req_detail_id_foreign` (`dc_orden_req_detail_id`),
  CONSTRAINT `dc_ordenes_cotizacion_req_dc_orden_detail_id_foreign` FOREIGN KEY (`dc_orden_detail_id`) REFERENCES `dc_ordenes_details` (`id`),
  CONSTRAINT `dc_ordenes_cotizacion_req_dc_orden_id_foreign` FOREIGN KEY (`dc_orden_id`) REFERENCES `dc_ordenes` (`id`),
  CONSTRAINT `dc_ordenes_cotizacion_req_dc_orden_req_detail_id_foreign` FOREIGN KEY (`dc_orden_req_detail_id`) REFERENCES `dc_ordenes_details` (`id`),
  CONSTRAINT `dc_ordenes_cotizacion_req_dc_orden_req_id_foreign` FOREIGN KEY (`dc_orden_req_id`) REFERENCES `dc_ordenes` (`id`)
) ENGINE=InnoDB DEFAULT CHARSET=utf8mb4 COLLATE=utf8mb4_unicode_ci;

--
-- Dumping data for table `dc_ordenes_cotizacion_req`
--


--
-- Table structure for table `dc_ordenes_details`
--

CREATE TABLE `dc_ordenes_details` (
  `id` bigint(20) unsigned NOT NULL AUTO_INCREMENT,
  `user_id` int(10) unsigned DEFAULT NULL,
  `dc_orden_id` bigint(20) unsigned NOT NULL,
  `dc_orden_origen_destino_id` bigint(20) unsigned DEFAULT NULL,
  `origendestinoable_id` int(10) unsigned DEFAULT NULL,
  `origendestinoable_type` text COLLATE utf8mb4_unicode_ci,
  `cantidades` decimal(16,2) NOT NULL,
  `inv_deposito_id` bigint(20) unsigned DEFAULT NULL,
  `inv_producto_id` bigint(20) unsigned DEFAULT NULL,
  `inv_producto_id_destino` bigint(20) unsigned DEFAULT NULL,
  `prod_variant_id` bigint(20) unsigned DEFAULT NULL,
  `inv_deposito_id_destino` bigint(20) unsigned DEFAULT NULL,
  `descripcion` varchar(191) COLLATE utf8mb4_unicode_ci DEFAULT NULL,
  `neto` decimal(16,2) NOT NULL,
  `desc_porc` decimal(16,2) DEFAULT NULL,
  `descuento` decimal(16,2) DEFAULT NULL,
  `system_tax_id` int(10) unsigned NOT NULL,
  `iva` decimal(16,2) NOT NULL,
  `subtotal` decimal(16,2) NOT NULL,
  `created_at` timestamp NULL DEFAULT NULL,
  `updated_at` timestamp NULL DEFAULT NULL,
  `deleted_at` timestamp NULL DEFAULT NULL,
  PRIMARY KEY (`id`),
  KEY `dc_ordenes_details_dc_orden_id_foreign` (`dc_orden_id`),
  KEY `dc_ordenes_details_inv_producto_id_foreign` (`inv_producto_id`),
  KEY `dc_ordenes_details_system_tax_id_foreign` (`system_tax_id`),
  KEY `dc_ordenes_details_inv_producto_id_destino_foreign` (`inv_producto_id_destino`),
  KEY `dc_ordenes_details_dc_orden_origen_destino_id_foreign` (`dc_orden_origen_destino_id`),
  KEY `dc_ordenes_details_inv_deposito_id_foreign` (`inv_deposito_id`),
  KEY `dc_ordenes_details_inv_deposito_id_destino_foreign` (`inv_deposito_id_destino`),
  KEY `dc_ordenes_details_prod_variant_id_foreign` (`prod_variant_id`),
  CONSTRAINT `dc_ordenes_details_dc_orden_id_foreign` FOREIGN KEY (`dc_orden_id`) REFERENCES `dc_ordenes` (`id`),
  CONSTRAINT `dc_ordenes_details_dc_orden_origen_destino_id_foreign` FOREIGN KEY (`dc_orden_origen_destino_id`) REFERENCES `dc_ordenes_origen_destino` (`id`),
  CONSTRAINT `dc_ordenes_details_inv_deposito_id_destino_foreign` FOREIGN KEY (`inv_deposito_id_destino`) REFERENCES `inv_depositos` (`id`),
  CONSTRAINT `dc_ordenes_details_inv_deposito_id_foreign` FOREIGN KEY (`inv_deposito_id`) REFERENCES `inv_depositos` (`id`),
  CONSTRAINT `dc_ordenes_details_inv_producto_id_destino_foreign` FOREIGN KEY (`inv_producto_id_destino`) REFERENCES `inv_productos` (`id`),
  CONSTRAINT `dc_ordenes_details_inv_producto_id_foreign` FOREIGN KEY (`inv_producto_id`) REFERENCES `inv_productos` (`id`),
  CONSTRAINT `dc_ordenes_details_prod_variant_id_foreign` FOREIGN KEY (`prod_variant_id`) REFERENCES `prod_variants` (`id`) ON DELETE SET NULL,
  CONSTRAINT `dc_ordenes_details_system_tax_id_foreign` FOREIGN KEY (`system_tax_id`) REFERENCES `system_taxes` (`id`)
) ENGINE=InnoDB DEFAULT CHARSET=utf8mb4 COLLATE=utf8mb4_unicode_ci;

--
-- Dumping data for table `dc_ordenes_details`
--


--
-- Table structure for table `dc_ordenes_facturada`
--

CREATE TABLE `dc_ordenes_facturada` (
  `id` bigint(20) unsigned NOT NULL AUTO_INCREMENT,
  `user_id` int(10) unsigned DEFAULT NULL,
  `person_id` int(10) unsigned NOT NULL,
  `dc_orden_id` bigint(20) unsigned DEFAULT NULL,
  `fact_elec_receipt_id` int(11) DEFAULT NULL,
  `receipt_id` int(10) unsigned DEFAULT NULL,
  `created_at` timestamp NULL DEFAULT NULL,
  `updated_at` timestamp NULL DEFAULT NULL,
  `deleted_at` timestamp NULL DEFAULT NULL,
  PRIMARY KEY (`id`),
  KEY `dc_ordenes_facturada_person_id_foreign` (`person_id`),
  KEY `dc_ordenes_facturada_dc_orden_id_foreign` (`dc_orden_id`),
  KEY `dc_ordenes_facturada_fact_elec_receipt_id_foreign` (`fact_elec_receipt_id`),
  KEY `dc_ordenes_facturada_receipt_id_foreign` (`receipt_id`),
  CONSTRAINT `dc_ordenes_facturada_dc_orden_id_foreign` FOREIGN KEY (`dc_orden_id`) REFERENCES `dc_ordenes` (`id`),
  CONSTRAINT `dc_ordenes_facturada_person_id_foreign` FOREIGN KEY (`person_id`) REFERENCES `persons` (`id`),
  CONSTRAINT `dc_ordenes_facturada_receipt_id_foreign` FOREIGN KEY (`receipt_id`) REFERENCES `receipts` (`id`)
) ENGINE=InnoDB DEFAULT CHARSET=utf8mb4 COLLATE=utf8mb4_unicode_ci;

--
-- Dumping data for table `dc_ordenes_facturada`
--


--
-- Table structure for table `dc_ordenes_ingreso_compra`
--

CREATE TABLE `dc_ordenes_ingreso_compra` (
  `id` int(10) unsigned NOT NULL AUTO_INCREMENT,
  `user_id` int(10) unsigned DEFAULT NULL,
  `dc_orden_id` bigint(20) unsigned NOT NULL,
  `dc_orden_detail_id` bigint(20) unsigned NOT NULL,
  `dc_orden_compra_id` bigint(20) unsigned NOT NULL,
  `dc_orden_compra_detail_id` bigint(20) unsigned NOT NULL,
  `created_at` timestamp NULL DEFAULT NULL,
  `updated_at` timestamp NULL DEFAULT NULL,
  `deleted_at` timestamp NULL DEFAULT NULL,
  PRIMARY KEY (`id`),
  KEY `dc_ordenes_ingreso_compra_dc_orden_id_foreign` (`dc_orden_id`),
  KEY `dc_ordenes_ingreso_compra_dc_orden_detail_id_foreign` (`dc_orden_detail_id`),
  KEY `dc_ordenes_ingreso_compra_dc_orden_compra_id_foreign` (`dc_orden_compra_id`),
  KEY `dc_ordenes_ingreso_compra_dc_orden_compra_detail_id_foreign` (`dc_orden_compra_detail_id`),
  CONSTRAINT `dc_ordenes_ingreso_compra_dc_orden_compra_detail_id_foreign` FOREIGN KEY (`dc_orden_compra_detail_id`) REFERENCES `dc_ordenes_details` (`id`),
  CONSTRAINT `dc_ordenes_ingreso_compra_dc_orden_compra_id_foreign` FOREIGN KEY (`dc_orden_compra_id`) REFERENCES `dc_ordenes` (`id`),
  CONSTRAINT `dc_ordenes_ingreso_compra_dc_orden_detail_id_foreign` FOREIGN KEY (`dc_orden_detail_id`) REFERENCES `dc_ordenes_details` (`id`),
  CONSTRAINT `dc_ordenes_ingreso_compra_dc_orden_id_foreign` FOREIGN KEY (`dc_orden_id`) REFERENCES `dc_ordenes` (`id`)
) ENGINE=InnoDB DEFAULT CHARSET=utf8mb4 COLLATE=utf8mb4_unicode_ci;

--
-- Dumping data for table `dc_ordenes_ingreso_compra`
--


--
-- Table structure for table `dc_ordenes_ingxdev_rem_egr`
--

CREATE TABLE `dc_ordenes_ingxdev_rem_egr` (
  `id` int(10) unsigned NOT NULL AUTO_INCREMENT,
  `user_id` int(10) unsigned DEFAULT NULL,
  `dc_orden_id` bigint(20) unsigned NOT NULL,
  `dc_orden_detail_id` bigint(20) unsigned NOT NULL,
  `dc_orden_rem_egr_id` bigint(20) unsigned NOT NULL,
  `dc_orden_rem_egr_detail_id` bigint(20) unsigned NOT NULL,
  `created_at` timestamp NULL DEFAULT NULL,
  `updated_at` timestamp NULL DEFAULT NULL,
  `deleted_at` timestamp NULL DEFAULT NULL,
  PRIMARY KEY (`id`),
  KEY `dc_ordenes_ingxdev_rem_egr_dc_orden_id_foreign` (`dc_orden_id`),
  KEY `dc_ordenes_ingxdev_rem_egr_dc_orden_detail_id_foreign` (`dc_orden_detail_id`),
  KEY `dc_ordenes_ingxdev_rem_egr_dc_orden_rem_egr_id_foreign` (`dc_orden_rem_egr_id`),
  KEY `dc_ordenes_ingxdev_rem_egr_dc_orden_rem_egr_detail_id_foreign` (`dc_orden_rem_egr_detail_id`),
  CONSTRAINT `dc_ordenes_ingxdev_rem_egr_dc_orden_detail_id_foreign` FOREIGN KEY (`dc_orden_detail_id`) REFERENCES `dc_ordenes_details` (`id`),
  CONSTRAINT `dc_ordenes_ingxdev_rem_egr_dc_orden_id_foreign` FOREIGN KEY (`dc_orden_id`) REFERENCES `dc_ordenes` (`id`),
  CONSTRAINT `dc_ordenes_ingxdev_rem_egr_dc_orden_rem_egr_detail_id_foreign` FOREIGN KEY (`dc_orden_rem_egr_detail_id`) REFERENCES `dc_ordenes_details` (`id`),
  CONSTRAINT `dc_ordenes_ingxdev_rem_egr_dc_orden_rem_egr_id_foreign` FOREIGN KEY (`dc_orden_rem_egr_id`) REFERENCES `dc_ordenes` (`id`)
) ENGINE=InnoDB DEFAULT CHARSET=utf8mb4 COLLATE=utf8mb4_unicode_ci;

--
-- Dumping data for table `dc_ordenes_ingxdev_rem_egr`
--


--
-- Table structure for table `dc_ordenes_logs`
--

CREATE TABLE `dc_ordenes_logs` (
  `id` bigint(20) unsigned NOT NULL AUTO_INCREMENT,
  `user_id` bigint(20) unsigned DEFAULT NULL,
  `loggable_type` varchar(191) COLLATE utf8mb4_unicode_ci NOT NULL,
  `loggable_id` bigint(20) unsigned NOT NULL,
  `related_id` bigint(20) unsigned DEFAULT NULL,
  `related_type` varchar(191) COLLATE utf8mb4_unicode_ci DEFAULT NULL,
  `comentario` text COLLATE utf8mb4_unicode_ci,
  `created_at` timestamp NULL DEFAULT NULL,
  `updated_at` timestamp NULL DEFAULT NULL,
  `deleted_at` timestamp NULL DEFAULT NULL,
  PRIMARY KEY (`id`),
  KEY `dc_ordenes_logs_loggable_type_loggable_id_index` (`loggable_type`,`loggable_id`)
) ENGINE=InnoDB DEFAULT CHARSET=utf8mb4 COLLATE=utf8mb4_unicode_ci;

--
-- Dumping data for table `dc_ordenes_logs`
--


--
-- Table structure for table `dc_ordenes_origen_destino`
--

CREATE TABLE `dc_ordenes_origen_destino` (
  `id` bigint(20) unsigned NOT NULL AUTO_INCREMENT,
  `user_id` int(10) unsigned DEFAULT NULL,
  `descripcion` text COLLATE utf8mb4_unicode_ci NOT NULL,
  `modelo` text COLLATE utf8mb4_unicode_ci NOT NULL,
  `is_deposito` tinyint(1) NOT NULL DEFAULT '0',
  `habilitado` tinyint(1) NOT NULL DEFAULT '1',
  `created_at` timestamp NULL DEFAULT NULL,
  `updated_at` timestamp NULL DEFAULT NULL,
  `deleted_at` timestamp NULL DEFAULT NULL,
  PRIMARY KEY (`id`)
) ENGINE=InnoDB AUTO_INCREMENT=5 DEFAULT CHARSET=utf8mb4 COLLATE=utf8mb4_unicode_ci;

--
-- Dumping data for table `dc_ordenes_origen_destino`
--

INSERT INTO `dc_ordenes_origen_destino` VALUES (1,NULL,'Orden de Trabajo','App\\Models\\Inventario\\InvOrdenTrabajo',0,1,NULL,NULL,NULL),(2,NULL,'Centro de Costos','App\\Models\\Inventario\\InvOrdenTrabajoHorasTipo',0,1,NULL,'2023-09-12 22:27:07',NULL),(3,NULL,'Deposito','App\\Models\\Inventario\\InvDeposito',1,1,NULL,'2024-05-07 20:25:28',NULL),(4,NULL,'Empleado','App\\Models\\SyJEmpleado',0,0,NULL,'2023-08-01 14:41:57',NULL);

--
-- Table structure for table `dc_ordenes_pdf_templates`
--

CREATE TABLE `dc_ordenes_pdf_templates` (
  `id` bigint(20) unsigned NOT NULL AUTO_INCREMENT,
  `user_id` int(10) unsigned DEFAULT NULL,
  `person_id` int(10) unsigned NOT NULL,
  `dc_orden_tipo_id` bigint(20) unsigned NOT NULL,
  `nombre` varchar(191) COLLATE utf8mb4_unicode_ci NOT NULL,
  `vista_blade` text COLLATE utf8mb4_unicode_ci,
  `pdf_base_path` varchar(191) COLLATE utf8mb4_unicode_ci DEFAULT NULL,
  `tipo_plantilla` enum('blade','pdf_base') COLLATE utf8mb4_unicode_ci NOT NULL DEFAULT 'blade',
  `configuracion` json DEFAULT NULL,
  `habilitado` tinyint(1) NOT NULL DEFAULT '1',
  `created_at` timestamp NULL DEFAULT NULL,
  `updated_at` timestamp NULL DEFAULT NULL,
  `deleted_at` timestamp NULL DEFAULT NULL,
  PRIMARY KEY (`id`),
  UNIQUE KEY `unique_person_tipo_template` (`person_id`,`dc_orden_tipo_id`),
  KEY `dc_ordenes_pdf_templates_dc_orden_tipo_id_foreign` (`dc_orden_tipo_id`),
  CONSTRAINT `dc_ordenes_pdf_templates_dc_orden_tipo_id_foreign` FOREIGN KEY (`dc_orden_tipo_id`) REFERENCES `dc_ordenes_tipos` (`id`),
  CONSTRAINT `dc_ordenes_pdf_templates_person_id_foreign` FOREIGN KEY (`person_id`) REFERENCES `persons` (`id`)
) ENGINE=InnoDB DEFAULT CHARSET=utf8mb4 COLLATE=utf8mb4_unicode_ci;

--
-- Dumping data for table `dc_ordenes_pdf_templates`
--


--
-- Table structure for table `dc_ordenes_revocadas`
--

CREATE TABLE `dc_ordenes_revocadas` (
  `id` bigint(20) unsigned NOT NULL AUTO_INCREMENT,
  `user_id` int(10) unsigned DEFAULT NULL,
  `dc_orden_id` bigint(20) unsigned NOT NULL,
  `comentario` longtext COLLATE utf8mb4_unicode_ci,
  `created_at` timestamp NULL DEFAULT NULL,
  `updated_at` timestamp NULL DEFAULT NULL,
  `deleted_at` timestamp NULL DEFAULT NULL,
  PRIMARY KEY (`id`),
  KEY `dc_ordenes_revocadas_dc_orden_id_foreign` (`dc_orden_id`),
  CONSTRAINT `dc_ordenes_revocadas_dc_orden_id_foreign` FOREIGN KEY (`dc_orden_id`) REFERENCES `dc_ordenes` (`id`)
) ENGINE=InnoDB DEFAULT CHARSET=utf8mb4 COLLATE=utf8mb4_unicode_ci;

--
-- Dumping data for table `dc_ordenes_revocadas`
--


--
-- Table structure for table `dc_ordenes_servicio_compra`
--

CREATE TABLE `dc_ordenes_servicio_compra` (
  `id` int(10) unsigned NOT NULL AUTO_INCREMENT,
  `user_id` int(10) unsigned DEFAULT NULL,
  `dc_orden_id` bigint(20) unsigned NOT NULL,
  `dc_orden_detail_id` bigint(20) unsigned NOT NULL,
  `dc_orden_compra_id` bigint(20) unsigned NOT NULL,
  `dc_orden_compra_detail_id` bigint(20) unsigned NOT NULL,
  `created_at` timestamp NULL DEFAULT NULL,
  `updated_at` timestamp NULL DEFAULT NULL,
  `deleted_at` timestamp NULL DEFAULT NULL,
  PRIMARY KEY (`id`),
  KEY `dc_ordenes_servicio_compra_dc_orden_id_foreign` (`dc_orden_id`),
  KEY `dc_ordenes_servicio_compra_dc_orden_detail_id_foreign` (`dc_orden_detail_id`),
  KEY `dc_ordenes_servicio_compra_dc_orden_compra_id_foreign` (`dc_orden_compra_id`),
  KEY `dc_ordenes_servicio_compra_dc_orden_compra_detail_id_foreign` (`dc_orden_compra_detail_id`),
  CONSTRAINT `dc_ordenes_servicio_compra_dc_orden_compra_detail_id_foreign` FOREIGN KEY (`dc_orden_compra_detail_id`) REFERENCES `dc_ordenes_details` (`id`),
  CONSTRAINT `dc_ordenes_servicio_compra_dc_orden_compra_id_foreign` FOREIGN KEY (`dc_orden_compra_id`) REFERENCES `dc_ordenes` (`id`),
  CONSTRAINT `dc_ordenes_servicio_compra_dc_orden_detail_id_foreign` FOREIGN KEY (`dc_orden_detail_id`) REFERENCES `dc_ordenes_details` (`id`),
  CONSTRAINT `dc_ordenes_servicio_compra_dc_orden_id_foreign` FOREIGN KEY (`dc_orden_id`) REFERENCES `dc_ordenes` (`id`)
) ENGINE=InnoDB DEFAULT CHARSET=utf8mb4 COLLATE=utf8mb4_unicode_ci;

--
-- Dumping data for table `dc_ordenes_servicio_compra`
--


--
-- Table structure for table `dc_ordenes_tipos`
--

CREATE TABLE `dc_ordenes_tipos` (
  `id` bigint(20) unsigned NOT NULL AUTO_INCREMENT,
  `user_id` int(10) unsigned DEFAULT NULL,
  `descripcion` text COLLATE utf8mb4_unicode_ci NOT NULL,
  `usabilidad` longtext COLLATE utf8mb4_unicode_ci,
  `habilitado` tinyint(1) NOT NULL DEFAULT '1',
  `created_at` timestamp NULL DEFAULT NULL,
  `updated_at` timestamp NULL DEFAULT NULL,
  `deleted_at` timestamp NULL DEFAULT NULL,
  PRIMARY KEY (`id`)
) ENGINE=InnoDB AUTO_INCREMENT=23 DEFAULT CHARSET=utf8mb4 COLLATE=utf8mb4_unicode_ci;

--
-- Dumping data for table `dc_ordenes_tipos`
--

INSERT INTO `dc_ordenes_tipos` VALUES (1,NULL,'ORDEN DE COMPRAS',NULL,1,NULL,'2023-02-16 08:53:03',NULL),(2,NULL,'ORDEN DE VENTAS',NULL,1,NULL,'2023-02-16 08:53:03',NULL),(3,NULL,'PRESUPUESTO',NULL,1,NULL,NULL,NULL),(4,NULL,'REQUERIMIENTO',NULL,1,NULL,NULL,NULL),(5,NULL,'REMITO DE INGRESO',NULL,1,NULL,'2023-08-01 14:41:55',NULL),(6,NULL,'REMITO DE EGRESO',NULL,1,NULL,NULL,NULL),(7,NULL,'REMITO INTERNO',NULL,1,NULL,NULL,NULL),(8,NULL,'REMITO DE INGRESO','Es lo mismo que un remito de ingreso, \n        pero los productosa ingresar provienen de una Orden de Compra',1,NULL,NULL,NULL),(9,NULL,'REMITO DE SERVICIO','Es un remito de Ingreso de un servicio que se\n        asigna directo a una OT',1,NULL,NULL,NULL),(10,NULL,'ORDEN DE PAGO',NULL,1,'2023-09-28 16:36:27','2023-09-28 16:36:27',NULL),(11,NULL,'ANULACION REQUERIMIENTOS',NULL,1,'2024-04-02 23:24:09','2024-04-02 23:24:09',NULL),(12,NULL,'ANULACION COMPRAS PRODUCTOS',NULL,1,'2024-04-02 23:24:09','2024-04-02 23:24:09',NULL),(13,NULL,'ANULACION COMPRAS SERVICIOS',NULL,1,'2024-04-02 23:24:09','2024-04-02 23:24:09',NULL),(14,NULL,'REMITO DE GASTO',NULL,1,'2024-05-07 20:25:28','2024-05-07 20:25:28',NULL),(15,NULL,'COTIZACIONES',NULL,1,'2024-06-26 07:53:25','2024-06-26 07:53:25',NULL),(16,NULL,'REMITO INGRESO-DEVOLUCION',NULL,1,'2024-09-02 13:17:34','2024-09-02 13:17:34',NULL),(17,NULL,'REMITO EGRESO-DEVOLUCION',NULL,1,'2024-10-17 08:50:14','2024-10-17 08:50:14',NULL),(18,NULL,'REMITO','Es un remito de servicio, que no tiene ni ingreso ni egreso',1,'2024-12-03 21:43:26','2024-12-03 21:43:26',NULL),(19,NULL,'Remito de Cliente','Se usa en las Ordenes de Venta para demostrar que se entrego mercaderia al cliente',1,NULL,NULL,NULL),(20,NULL,'Orden de Compra de Cliente','Es la OC que envia el cliente para que se le haga el pedido',1,NULL,NULL,NULL),(21,NULL,'Solicitud de Facturacion','Es un documento que se usa para que se pueda facturar',1,NULL,NULL,NULL),(22,NULL,'Ordenes de Compra','Es una OC para Empresas',1,NULL,NULL,NULL);

--
-- Table structure for table `dc_ov_cta_cte_cliente`
--

CREATE TABLE `dc_ov_cta_cte_cliente` (
  `id` bigint(20) unsigned NOT NULL AUTO_INCREMENT,
  `user_id` int(10) unsigned DEFAULT NULL,
  `dc_orden_id` bigint(20) unsigned NOT NULL,
  `cta_cte_cliente_id` int(10) unsigned DEFAULT NULL,
  `created_at` timestamp NULL DEFAULT NULL,
  `updated_at` timestamp NULL DEFAULT NULL,
  `deleted_at` timestamp NULL DEFAULT NULL,
  PRIMARY KEY (`id`),
  KEY `dc_ov_cta_cte_cliente_dc_orden_id_foreign` (`dc_orden_id`),
  KEY `dc_ov_cta_cte_cliente_cta_cte_cliente_id_foreign` (`cta_cte_cliente_id`),
  CONSTRAINT `dc_ov_cta_cte_cliente_cta_cte_cliente_id_foreign` FOREIGN KEY (`cta_cte_cliente_id`) REFERENCES `cta_cte_cliente` (`id`),
  CONSTRAINT `dc_ov_cta_cte_cliente_dc_orden_id_foreign` FOREIGN KEY (`dc_orden_id`) REFERENCES `dc_ordenes` (`id`)
) ENGINE=InnoDB DEFAULT CHARSET=utf8mb4 COLLATE=utf8mb4_unicode_ci;

--
-- Dumping data for table `dc_ov_cta_cte_cliente`
--


--
-- Table structure for table `dc_ov_fact_electronicas`
--

CREATE TABLE `dc_ov_fact_electronicas` (
  `id` bigint(20) unsigned NOT NULL AUTO_INCREMENT,
  `user_id` int(10) unsigned DEFAULT NULL,
  `dc_orden_id` bigint(20) unsigned NOT NULL,
  `fact_elec_receipt_id` int(10) unsigned DEFAULT NULL,
  `created_at` timestamp NULL DEFAULT NULL,
  `updated_at` timestamp NULL DEFAULT NULL,
  `deleted_at` timestamp NULL DEFAULT NULL,
  PRIMARY KEY (`id`),
  KEY `dc_ov_fact_electronicas_dc_orden_id_foreign` (`dc_orden_id`),
  KEY `dc_ov_fact_electronicas_fact_elec_receipt_id_foreign` (`fact_elec_receipt_id`),
  CONSTRAINT `dc_ov_fact_electronicas_dc_orden_id_foreign` FOREIGN KEY (`dc_orden_id`) REFERENCES `dc_ordenes` (`id`),
  CONSTRAINT `dc_ov_fact_electronicas_fact_elec_receipt_id_foreign` FOREIGN KEY (`fact_elec_receipt_id`) REFERENCES `fact_elec_receipts` (`id`)
) ENGINE=InnoDB DEFAULT CHARSET=utf8mb4 COLLATE=utf8mb4_unicode_ci;

--
-- Dumping data for table `dc_ov_fact_electronicas`
--


--
-- Table structure for table `dc_ov_oc_presupuestos`
--

CREATE TABLE `dc_ov_oc_presupuestos` (
  `id` int(10) unsigned NOT NULL AUTO_INCREMENT,
  `user_id` int(10) unsigned DEFAULT NULL,
  `dc_orden_id` bigint(20) unsigned NOT NULL,
  `dc_orden_presupuesto_id` bigint(20) unsigned NOT NULL,
  `created_at` timestamp NULL DEFAULT NULL,
  `updated_at` timestamp NULL DEFAULT NULL,
  `deleted_at` timestamp NULL DEFAULT NULL,
  PRIMARY KEY (`id`),
  KEY `dc_ov_oc_presupuestos_dc_orden_id_foreign` (`dc_orden_id`),
  KEY `dc_ov_oc_presupuestos_dc_orden_presupuesto_id_foreign` (`dc_orden_presupuesto_id`),
  CONSTRAINT `dc_ov_oc_presupuestos_dc_orden_id_foreign` FOREIGN KEY (`dc_orden_id`) REFERENCES `dc_ordenes` (`id`),
  CONSTRAINT `dc_ov_oc_presupuestos_dc_orden_presupuesto_id_foreign` FOREIGN KEY (`dc_orden_presupuesto_id`) REFERENCES `dc_ordenes` (`id`)
) ENGINE=InnoDB DEFAULT CHARSET=utf8mb4 COLLATE=utf8mb4_unicode_ci;

--
-- Dumping data for table `dc_ov_oc_presupuestos`
--


--
-- Table structure for table `dc_ov_ocs`
--

CREATE TABLE `dc_ov_ocs` (
  `id` bigint(20) unsigned NOT NULL AUTO_INCREMENT,
  `user_id` int(10) unsigned DEFAULT NULL,
  `dc_orden_id` bigint(20) unsigned NOT NULL,
  `dc_orden_compra_id` bigint(20) unsigned NOT NULL,
  `created_at` timestamp NULL DEFAULT NULL,
  `updated_at` timestamp NULL DEFAULT NULL,
  `deleted_at` timestamp NULL DEFAULT NULL,
  PRIMARY KEY (`id`),
  KEY `dc_ov_ocs_dc_orden_id_foreign` (`dc_orden_id`),
  KEY `dc_ov_ocs_dc_orden_compra_id_foreign` (`dc_orden_compra_id`),
  CONSTRAINT `dc_ov_ocs_dc_orden_compra_id_foreign` FOREIGN KEY (`dc_orden_compra_id`) REFERENCES `dc_ordenes` (`id`),
  CONSTRAINT `dc_ov_ocs_dc_orden_id_foreign` FOREIGN KEY (`dc_orden_id`) REFERENCES `dc_ordenes` (`id`)
) ENGINE=InnoDB DEFAULT CHARSET=utf8mb4 COLLATE=utf8mb4_unicode_ci;

--
-- Dumping data for table `dc_ov_ocs`
--


--
-- Table structure for table `dc_ov_origenes`
--

CREATE TABLE `dc_ov_origenes` (
  `id` bigint(20) unsigned NOT NULL AUTO_INCREMENT,
  `user_id` int(10) unsigned DEFAULT NULL,
  `descripcion` varchar(191) COLLATE utf8mb4_unicode_ci NOT NULL,
  `habilitado` tinyint(1) NOT NULL DEFAULT '1',
  `created_at` timestamp NULL DEFAULT NULL,
  `updated_at` timestamp NULL DEFAULT NULL,
  `deleted_at` timestamp NULL DEFAULT NULL,
  PRIMARY KEY (`id`)
) ENGINE=InnoDB AUTO_INCREMENT=4 DEFAULT CHARSET=utf8mb4 COLLATE=utf8mb4_unicode_ci;

--
-- Dumping data for table `dc_ov_origenes`
--

INSERT INTO `dc_ov_origenes` VALUES (1,NULL,'Taller',1,NULL,NULL,NULL),(2,NULL,'Comercial',1,NULL,NULL,NULL),(3,NULL,'Repuestos',1,NULL,NULL,NULL);

--
-- Table structure for table `dc_ov_origenes_users`
--

CREATE TABLE `dc_ov_origenes_users` (
  `id` int(10) unsigned NOT NULL AUTO_INCREMENT,
  `dc_ov_origen_id` bigint(20) unsigned NOT NULL,
  `user_id` int(10) unsigned NOT NULL,
  `created_at` timestamp NULL DEFAULT NULL,
  `updated_at` timestamp NULL DEFAULT NULL,
  `deleted_at` timestamp NULL DEFAULT NULL,
  PRIMARY KEY (`id`),
  KEY `dc_ov_origenes_users_dc_ov_origen_id_foreign` (`dc_ov_origen_id`),
  CONSTRAINT `dc_ov_origenes_users_dc_ov_origen_id_foreign` FOREIGN KEY (`dc_ov_origen_id`) REFERENCES `dc_ov_origenes` (`id`) ON DELETE CASCADE
) ENGINE=InnoDB DEFAULT CHARSET=utf8mb4 COLLATE=utf8mb4_unicode_ci;

--
-- Dumping data for table `dc_ov_origenes_users`
--


--
-- Table structure for table `dc_ov_ots`
--

CREATE TABLE `dc_ov_ots` (
  `id` bigint(20) unsigned NOT NULL AUTO_INCREMENT,
  `user_id` int(10) unsigned DEFAULT NULL,
  `dc_orden_id` bigint(20) unsigned NOT NULL,
  `ot_id` bigint(20) unsigned NOT NULL,
  `created_at` timestamp NULL DEFAULT NULL,
  `updated_at` timestamp NULL DEFAULT NULL,
  `deleted_at` timestamp NULL DEFAULT NULL,
  PRIMARY KEY (`id`),
  KEY `dc_ov_ots_dc_orden_id_foreign` (`dc_orden_id`),
  KEY `dc_ov_ots_ot_id_foreign` (`ot_id`),
  CONSTRAINT `dc_ov_ots_dc_orden_id_foreign` FOREIGN KEY (`dc_orden_id`) REFERENCES `dc_ordenes` (`id`),
  CONSTRAINT `dc_ov_ots_ot_id_foreign` FOREIGN KEY (`ot_id`) REFERENCES `inv_orden_trabajos` (`id`)
) ENGINE=InnoDB DEFAULT CHARSET=utf8mb4 COLLATE=utf8mb4_unicode_ci;

--
-- Dumping data for table `dc_ov_ots`
--


--
-- Table structure for table `dc_ov_pres_clientes`
--

CREATE TABLE `dc_ov_pres_clientes` (
  `id` bigint(20) unsigned NOT NULL AUTO_INCREMENT,
  `user_id` int(10) unsigned DEFAULT NULL,
  `dc_orden_id` bigint(20) unsigned NOT NULL,
  `dc_orden_pres_id` bigint(20) unsigned NOT NULL,
  `created_at` timestamp NULL DEFAULT NULL,
  `updated_at` timestamp NULL DEFAULT NULL,
  `deleted_at` timestamp NULL DEFAULT NULL,
  PRIMARY KEY (`id`),
  KEY `dc_ov_pres_clientes_dc_orden_id_foreign` (`dc_orden_id`),
  KEY `dc_ov_pres_clientes_dc_orden_pres_id_foreign` (`dc_orden_pres_id`),
  CONSTRAINT `dc_ov_pres_clientes_dc_orden_id_foreign` FOREIGN KEY (`dc_orden_id`) REFERENCES `dc_ordenes` (`id`),
  CONSTRAINT `dc_ov_pres_clientes_dc_orden_pres_id_foreign` FOREIGN KEY (`dc_orden_pres_id`) REFERENCES `dc_ordenes` (`id`)
) ENGINE=InnoDB DEFAULT CHARSET=utf8mb4 COLLATE=utf8mb4_unicode_ci;

--
-- Dumping data for table `dc_ov_pres_clientes`
--


--
-- Table structure for table `dc_ov_rem_clientes`
--

CREATE TABLE `dc_ov_rem_clientes` (
  `id` bigint(20) unsigned NOT NULL AUTO_INCREMENT,
  `user_id` int(10) unsigned DEFAULT NULL,
  `dc_orden_id` bigint(20) unsigned NOT NULL,
  `dc_orden_rem_id` bigint(20) unsigned NOT NULL,
  `created_at` timestamp NULL DEFAULT NULL,
  `updated_at` timestamp NULL DEFAULT NULL,
  `deleted_at` timestamp NULL DEFAULT NULL,
  PRIMARY KEY (`id`),
  KEY `dc_ov_rem_clientes_dc_orden_id_foreign` (`dc_orden_id`),
  KEY `dc_ov_rem_clientes_dc_orden_rem_id_foreign` (`dc_orden_rem_id`),
  CONSTRAINT `dc_ov_rem_clientes_dc_orden_id_foreign` FOREIGN KEY (`dc_orden_id`) REFERENCES `dc_ordenes` (`id`),
  CONSTRAINT `dc_ov_rem_clientes_dc_orden_rem_id_foreign` FOREIGN KEY (`dc_orden_rem_id`) REFERENCES `dc_ordenes` (`id`)
) ENGINE=InnoDB DEFAULT CHARSET=utf8mb4 COLLATE=utf8mb4_unicode_ci;

--
-- Dumping data for table `dc_ov_rem_clientes`
--


--
-- Table structure for table `dc_ov_remc_occ`
--

CREATE TABLE `dc_ov_remc_occ` (
  `id` bigint(20) unsigned NOT NULL AUTO_INCREMENT,
  `dc_orden_id` bigint(20) unsigned DEFAULT NULL,
  `dc_orden_detail_id` bigint(20) unsigned DEFAULT NULL,
  `dc_occ_id` bigint(20) unsigned DEFAULT NULL,
  `dc_occ_detail_id` bigint(20) unsigned DEFAULT NULL,
  `user_id` bigint(20) unsigned DEFAULT NULL,
  `created_at` timestamp NULL DEFAULT NULL,
  `updated_at` timestamp NULL DEFAULT NULL,
  `deleted_at` timestamp NULL DEFAULT NULL,
  PRIMARY KEY (`id`),
  KEY `dc_ov_remc_occ_dc_orden_id_foreign` (`dc_orden_id`),
  KEY `dc_ov_remc_occ_dc_orden_detail_id_foreign` (`dc_orden_detail_id`),
  KEY `dc_ov_remc_occ_dc_occ_id_foreign` (`dc_occ_id`),
  KEY `dc_ov_remc_occ_dc_occ_detail_id_foreign` (`dc_occ_detail_id`),
  CONSTRAINT `dc_ov_remc_occ_dc_occ_detail_id_foreign` FOREIGN KEY (`dc_occ_detail_id`) REFERENCES `dc_ordenes_details` (`id`),
  CONSTRAINT `dc_ov_remc_occ_dc_occ_id_foreign` FOREIGN KEY (`dc_occ_id`) REFERENCES `dc_ordenes` (`id`),
  CONSTRAINT `dc_ov_remc_occ_dc_orden_detail_id_foreign` FOREIGN KEY (`dc_orden_detail_id`) REFERENCES `dc_ordenes_details` (`id`),
  CONSTRAINT `dc_ov_remc_occ_dc_orden_id_foreign` FOREIGN KEY (`dc_orden_id`) REFERENCES `dc_ordenes` (`id`)
) ENGINE=InnoDB DEFAULT CHARSET=utf8mb4 COLLATE=utf8mb4_unicode_ci;

--
-- Dumping data for table `dc_ov_remc_occ`
--


--
-- Table structure for table `dc_ov_sol_facturacion`
--

CREATE TABLE `dc_ov_sol_facturacion` (
  `id` bigint(20) unsigned NOT NULL AUTO_INCREMENT,
  `user_id` int(10) unsigned DEFAULT NULL,
  `dc_orden_id` bigint(20) unsigned NOT NULL,
  `dc_sol_facturacion_id` bigint(20) unsigned NOT NULL,
  `created_at` timestamp NULL DEFAULT NULL,
  `updated_at` timestamp NULL DEFAULT NULL,
  `deleted_at` timestamp NULL DEFAULT NULL,
  PRIMARY KEY (`id`),
  KEY `dc_ov_sol_facturacion_dc_orden_id_foreign` (`dc_orden_id`),
  KEY `dc_ov_sol_facturacion_dc_sol_facturacion_id_foreign` (`dc_sol_facturacion_id`),
  CONSTRAINT `dc_ov_sol_facturacion_dc_orden_id_foreign` FOREIGN KEY (`dc_orden_id`) REFERENCES `dc_ordenes` (`id`),
  CONSTRAINT `dc_ov_sol_facturacion_dc_sol_facturacion_id_foreign` FOREIGN KEY (`dc_sol_facturacion_id`) REFERENCES `dc_ordenes` (`id`)
) ENGINE=InnoDB DEFAULT CHARSET=utf8mb4 COLLATE=utf8mb4_unicode_ci;

--
-- Dumping data for table `dc_ov_sol_facturacion`
--


--
-- Table structure for table `dc_ov_status_cobranza`
--

CREATE TABLE `dc_ov_status_cobranza` (
  `id` bigint(20) unsigned NOT NULL AUTO_INCREMENT,
  `user_id` int(10) unsigned DEFAULT NULL,
  `descripcion` varchar(191) COLLATE utf8mb4_unicode_ci NOT NULL,
  `habilitado` tinyint(1) NOT NULL DEFAULT '1',
  `created_at` timestamp NULL DEFAULT NULL,
  `updated_at` timestamp NULL DEFAULT NULL,
  `deleted_at` timestamp NULL DEFAULT NULL,
  PRIMARY KEY (`id`)
) ENGINE=InnoDB AUTO_INCREMENT=4 DEFAULT CHARSET=utf8mb4 COLLATE=utf8mb4_unicode_ci;

--
-- Dumping data for table `dc_ov_status_cobranza`
--

INSERT INTO `dc_ov_status_cobranza` VALUES (1,NULL,'Pendiente',1,NULL,NULL,NULL),(2,NULL,'Parcial',1,NULL,NULL,NULL),(3,NULL,'Completa',1,NULL,NULL,NULL);

--
-- Table structure for table `dc_ov_status_entrega`
--

CREATE TABLE `dc_ov_status_entrega` (
  `id` bigint(20) unsigned NOT NULL AUTO_INCREMENT,
  `user_id` int(10) unsigned DEFAULT NULL,
  `descripcion` varchar(191) COLLATE utf8mb4_unicode_ci NOT NULL,
  `habilitado` tinyint(1) NOT NULL DEFAULT '1',
  `created_at` timestamp NULL DEFAULT NULL,
  `updated_at` timestamp NULL DEFAULT NULL,
  `deleted_at` timestamp NULL DEFAULT NULL,
  PRIMARY KEY (`id`)
) ENGINE=InnoDB AUTO_INCREMENT=4 DEFAULT CHARSET=utf8mb4 COLLATE=utf8mb4_unicode_ci;

--
-- Dumping data for table `dc_ov_status_entrega`
--

INSERT INTO `dc_ov_status_entrega` VALUES (1,NULL,'Pendiente',1,NULL,NULL,NULL),(2,NULL,'Parcial',1,NULL,NULL,NULL),(3,NULL,'Completa',1,NULL,NULL,NULL);

--
-- Table structure for table `dc_ov_status_factura`
--

CREATE TABLE `dc_ov_status_factura` (
  `id` bigint(20) unsigned NOT NULL AUTO_INCREMENT,
  `user_id` int(10) unsigned DEFAULT NULL,
  `descripcion` varchar(191) COLLATE utf8mb4_unicode_ci NOT NULL,
  `habilitado` tinyint(1) NOT NULL DEFAULT '1',
  `created_at` timestamp NULL DEFAULT NULL,
  `updated_at` timestamp NULL DEFAULT NULL,
  `deleted_at` timestamp NULL DEFAULT NULL,
  PRIMARY KEY (`id`)
) ENGINE=InnoDB AUTO_INCREMENT=5 DEFAULT CHARSET=utf8mb4 COLLATE=utf8mb4_unicode_ci;

--
-- Dumping data for table `dc_ov_status_factura`
--

INSERT INTO `dc_ov_status_factura` VALUES (1,NULL,'Pendiente',1,NULL,NULL,NULL),(2,NULL,'Facturable',1,NULL,NULL,NULL),(3,NULL,'Facturado Parcialmente',1,NULL,NULL,NULL),(4,NULL,'Facturado Totalmente',1,NULL,NULL,NULL);

--
-- Table structure for table `dc_ov_status_venta`
--

CREATE TABLE `dc_ov_status_venta` (
  `id` bigint(20) unsigned NOT NULL AUTO_INCREMENT,
  `user_id` int(10) unsigned DEFAULT NULL,
  `descripcion` varchar(191) COLLATE utf8mb4_unicode_ci NOT NULL,
  `habilitado` tinyint(1) NOT NULL DEFAULT '1',
  `created_at` timestamp NULL DEFAULT NULL,
  `updated_at` timestamp NULL DEFAULT NULL,
  `deleted_at` timestamp NULL DEFAULT NULL,
  PRIMARY KEY (`id`)
) ENGINE=InnoDB AUTO_INCREMENT=5 DEFAULT CHARSET=utf8mb4 COLLATE=utf8mb4_unicode_ci;

--
-- Dumping data for table `dc_ov_status_venta`
--

INSERT INTO `dc_ov_status_venta` VALUES (1,NULL,'Pendiente',1,NULL,NULL,NULL),(2,NULL,'Presupuesto',1,NULL,NULL,NULL),(3,NULL,'Venta',1,NULL,NULL,NULL),(4,NULL,'Rechazada',1,NULL,NULL,NULL);

--
-- Table structure for table `dc_sol_fac_occ`
--

CREATE TABLE `dc_sol_fac_occ` (
  `id` bigint(20) unsigned NOT NULL AUTO_INCREMENT,
  `user_id` int(10) unsigned DEFAULT NULL,
  `dc_orden_id` bigint(20) unsigned NOT NULL COMMENT 'Solicitud Facturación (tipo 21)',
  `dc_orden_detail_id` bigint(20) unsigned NOT NULL COMMENT 'Detalle de SF',
  `dc_occ_id` bigint(20) unsigned NOT NULL COMMENT 'OC Cliente (tipo 20)',
  `dc_occ_detail_id` bigint(20) unsigned NOT NULL COMMENT 'Detalle de OCC',
  `created_at` timestamp NULL DEFAULT NULL,
  `updated_at` timestamp NULL DEFAULT NULL,
  `deleted_at` timestamp NULL DEFAULT NULL,
  PRIMARY KEY (`id`),
  KEY `idx_sf` (`dc_orden_id`),
  KEY `idx_occ` (`dc_occ_id`),
  KEY `dc_sol_fac_occ_dc_orden_detail_id_foreign` (`dc_orden_detail_id`),
  KEY `dc_sol_fac_occ_dc_occ_detail_id_foreign` (`dc_occ_detail_id`),
  CONSTRAINT `dc_sol_fac_occ_dc_occ_detail_id_foreign` FOREIGN KEY (`dc_occ_detail_id`) REFERENCES `dc_ordenes_details` (`id`),
  CONSTRAINT `dc_sol_fac_occ_dc_occ_id_foreign` FOREIGN KEY (`dc_occ_id`) REFERENCES `dc_ordenes` (`id`),
  CONSTRAINT `dc_sol_fac_occ_dc_orden_detail_id_foreign` FOREIGN KEY (`dc_orden_detail_id`) REFERENCES `dc_ordenes_details` (`id`),
  CONSTRAINT `dc_sol_fac_occ_dc_orden_id_foreign` FOREIGN KEY (`dc_orden_id`) REFERENCES `dc_ordenes` (`id`)
) ENGINE=InnoDB DEFAULT CHARSET=utf8mb4 COLLATE=utf8mb4_unicode_ci;

--
-- Dumping data for table `dc_sol_fac_occ`
--


--
-- Table structure for table `despachos`
--

CREATE TABLE `despachos` (
  `id` bigint(20) unsigned NOT NULL AUTO_INCREMENT,
  `user_id` int(10) unsigned DEFAULT NULL,
  `person_id` int(10) unsigned NOT NULL,
  `person_id_relationed` int(10) unsigned NOT NULL,
  `moneda_id` int(10) unsigned NOT NULL,
  `fecha` datetime NOT NULL DEFAULT '2025-04-28 16:21:22',
  `is_ponderacion_autom` tinyint(1) NOT NULL DEFAULT '1',
  `is_garantia` tinyint(1) NOT NULL DEFAULT '0',
  `numero` int(10) unsigned DEFAULT NULL,
  `comentario` longtext COLLATE utf8mb4_unicode_ci,
  `total` decimal(16,2) NOT NULL DEFAULT '0.00',
  `total_parte_1` decimal(16,2) NOT NULL DEFAULT '0.00',
  `total_parte_2` decimal(16,2) NOT NULL DEFAULT '0.00',
  `total_parte_3` decimal(16,2) NOT NULL DEFAULT '0.00',
  `cotizacion` decimal(16,2) NOT NULL DEFAULT '0.00',
  `created_at` timestamp NULL DEFAULT NULL,
  `updated_at` timestamp NULL DEFAULT NULL,
  `deleted_at` timestamp NULL DEFAULT NULL,
  PRIMARY KEY (`id`),
  KEY `despachos_person_id_foreign` (`person_id`),
  KEY `despachos_person_id_relationed_foreign` (`person_id_relationed`),
  KEY `despachos_moneda_id_foreign` (`moneda_id`),
  CONSTRAINT `despachos_moneda_id_foreign` FOREIGN KEY (`moneda_id`) REFERENCES `monedas` (`id`),
  CONSTRAINT `despachos_person_id_foreign` FOREIGN KEY (`person_id`) REFERENCES `persons` (`id`),
  CONSTRAINT `despachos_person_id_relationed_foreign` FOREIGN KEY (`person_id_relationed`) REFERENCES `persons` (`id`)
) ENGINE=InnoDB DEFAULT CHARSET=utf8mb4 COLLATE=utf8mb4_unicode_ci;

--
-- Dumping data for table `despachos`
--


--
-- Table structure for table `despachos_cierres`
--

CREATE TABLE `despachos_cierres` (
  `id` bigint(20) unsigned NOT NULL AUTO_INCREMENT,
  `user_id` int(10) unsigned DEFAULT NULL,
  `despacho_id` bigint(20) unsigned NOT NULL,
  `receipt_id` int(10) unsigned DEFAULT NULL,
  `dc_orden_id` bigint(20) unsigned NOT NULL,
  `dc_orden_detail_id` bigint(20) unsigned NOT NULL,
  `inv_producto_id` bigint(20) unsigned DEFAULT NULL,
  `costo_antes` decimal(16,2) NOT NULL DEFAULT '0.00',
  `cantidades` decimal(16,2) DEFAULT '0.00',
  `precio_x_cantidad` decimal(16,2) DEFAULT '0.00',
  `ratio` decimal(16,4) NOT NULL DEFAULT '0.0000',
  `incremento` decimal(16,2) NOT NULL DEFAULT '0.00',
  `incremento_x_cantidad` decimal(16,2) DEFAULT '0.00',
  `costo_despues` decimal(16,2) NOT NULL DEFAULT '0.00',
  `created_at` timestamp NULL DEFAULT NULL,
  `updated_at` timestamp NULL DEFAULT NULL,
  `deleted_at` timestamp NULL DEFAULT NULL,
  PRIMARY KEY (`id`),
  KEY `despachos_cierres_despacho_id_foreign` (`despacho_id`),
  KEY `despachos_cierres_receipt_id_foreign` (`receipt_id`),
  KEY `despachos_cierres_dc_orden_id_foreign` (`dc_orden_id`),
  KEY `despachos_cierres_dc_orden_detail_id_foreign` (`dc_orden_detail_id`),
  KEY `despachos_cierres_inv_producto_id_foreign` (`inv_producto_id`),
  CONSTRAINT `despachos_cierres_dc_orden_detail_id_foreign` FOREIGN KEY (`dc_orden_detail_id`) REFERENCES `dc_ordenes_details` (`id`),
  CONSTRAINT `despachos_cierres_dc_orden_id_foreign` FOREIGN KEY (`dc_orden_id`) REFERENCES `dc_ordenes` (`id`),
  CONSTRAINT `despachos_cierres_despacho_id_foreign` FOREIGN KEY (`despacho_id`) REFERENCES `despachos` (`id`),
  CONSTRAINT `despachos_cierres_inv_producto_id_foreign` FOREIGN KEY (`inv_producto_id`) REFERENCES `inv_productos` (`id`),
  CONSTRAINT `despachos_cierres_receipt_id_foreign` FOREIGN KEY (`receipt_id`) REFERENCES `receipts` (`id`)
) ENGINE=InnoDB DEFAULT CHARSET=utf8mb4 COLLATE=utf8mb4_unicode_ci;

--
-- Dumping data for table `despachos_cierres`
--


--
-- Table structure for table `despachos_details`
--

CREATE TABLE `despachos_details` (
  `id` bigint(20) unsigned NOT NULL AUTO_INCREMENT,
  `user_id` int(10) unsigned DEFAULT NULL,
  `despacho_id` bigint(20) unsigned NOT NULL,
  `despacho_parte_id` bigint(20) unsigned NOT NULL,
  `receipt_id` int(10) unsigned DEFAULT NULL,
  `porcentaje_ponderacion` decimal(8,2) NOT NULL DEFAULT '0.00',
  `created_at` timestamp NULL DEFAULT NULL,
  `updated_at` timestamp NULL DEFAULT NULL,
  `deleted_at` timestamp NULL DEFAULT NULL,
  PRIMARY KEY (`id`),
  KEY `despachos_details_despacho_id_foreign` (`despacho_id`),
  KEY `despachos_details_despacho_parte_id_foreign` (`despacho_parte_id`),
  KEY `despachos_details_receipt_id_foreign` (`receipt_id`),
  CONSTRAINT `despachos_details_despacho_id_foreign` FOREIGN KEY (`despacho_id`) REFERENCES `despachos` (`id`),
  CONSTRAINT `despachos_details_despacho_parte_id_foreign` FOREIGN KEY (`despacho_parte_id`) REFERENCES `despachos_partes` (`id`),
  CONSTRAINT `despachos_details_receipt_id_foreign` FOREIGN KEY (`receipt_id`) REFERENCES `receipts` (`id`)
) ENGINE=InnoDB DEFAULT CHARSET=utf8mb4 COLLATE=utf8mb4_unicode_ci;

--
-- Dumping data for table `despachos_details`
--


--
-- Table structure for table `despachos_files`
--

CREATE TABLE `despachos_files` (
  `id` bigint(20) unsigned NOT NULL AUTO_INCREMENT,
  `user_id` int(10) unsigned DEFAULT NULL,
  `despacho_id` bigint(20) unsigned NOT NULL,
  `descripcion` varchar(255) COLLATE utf8mb4_unicode_ci DEFAULT NULL,
  `path` varchar(191) COLLATE utf8mb4_unicode_ci DEFAULT NULL,
  `name_original` varchar(191) COLLATE utf8mb4_unicode_ci DEFAULT NULL,
  `created_at` timestamp NULL DEFAULT NULL,
  `updated_at` timestamp NULL DEFAULT NULL,
  `deleted_at` timestamp NULL DEFAULT NULL,
  PRIMARY KEY (`id`),
  KEY `despachos_files_despacho_id_foreign` (`despacho_id`),
  CONSTRAINT `despachos_files_despacho_id_foreign` FOREIGN KEY (`despacho_id`) REFERENCES `despachos` (`id`)
) ENGINE=InnoDB DEFAULT CHARSET=utf8mb4 COLLATE=utf8mb4_unicode_ci;

--
-- Dumping data for table `despachos_files`
--


--
-- Table structure for table `despachos_partes`
--

CREATE TABLE `despachos_partes` (
  `id` bigint(20) unsigned NOT NULL AUTO_INCREMENT,
  `user_id` int(10) unsigned DEFAULT NULL,
  `descripcion` varchar(255) COLLATE utf8mb4_unicode_ci DEFAULT NULL,
  `habilitado` tinyint(1) NOT NULL DEFAULT '1',
  `created_at` timestamp NULL DEFAULT NULL,
  `updated_at` timestamp NULL DEFAULT NULL,
  `deleted_at` timestamp NULL DEFAULT NULL,
  PRIMARY KEY (`id`)
) ENGINE=InnoDB AUTO_INCREMENT=4 DEFAULT CHARSET=utf8mb4 COLLATE=utf8mb4_unicode_ci;

--
-- Dumping data for table `despachos_partes`
--

INSERT INTO `despachos_partes` VALUES (1,NULL,'Facturas del Proveedor',1,NULL,NULL,NULL),(2,NULL,'Despachos de Importacion',1,NULL,NULL,NULL),(3,NULL,'Facturas de Logistica',1,NULL,NULL,NULL);

--
-- Table structure for table `deudas_impositivas`
--

CREATE TABLE `deudas_impositivas` (
  `id` int(10) unsigned NOT NULL AUTO_INCREMENT,
  `user_id` int(10) unsigned DEFAULT NULL,
  `person_id` int(10) unsigned NOT NULL,
  `vto_impuesto_id` int(10) unsigned NOT NULL,
  `periodo_deuda` varchar(191) COLLATE utf8mb4_unicode_ci DEFAULT NULL,
  `concepto` varchar(191) COLLATE utf8mb4_unicode_ci DEFAULT NULL,
  `importe` decimal(16,2) NOT NULL DEFAULT '0.00',
  `created_at` timestamp NULL DEFAULT NULL,
  `updated_at` timestamp NULL DEFAULT NULL,
  `deleted_at` timestamp NULL DEFAULT NULL,
  PRIMARY KEY (`id`),
  KEY `deudas_impositivas_vto_impuesto_id_foreign` (`vto_impuesto_id`),
  KEY `deudas_impositivas_person_id_foreign` (`person_id`),
  CONSTRAINT `deudas_impositivas_person_id_foreign` FOREIGN KEY (`person_id`) REFERENCES `persons` (`id`),
  CONSTRAINT `deudas_impositivas_vto_impuesto_id_foreign` FOREIGN KEY (`vto_impuesto_id`) REFERENCES `vto_impuestos` (`id`)
) ENGINE=InnoDB AUTO_INCREMENT=4 DEFAULT CHARSET=utf8mb4 COLLATE=utf8mb4_unicode_ci;

--
-- Dumping data for table `deudas_impositivas`
--

INSERT INTO `deudas_impositivas` VALUES (1,9435,41177,1,'2024-05','MONOTRIBUTO',11081.00,'2024-06-01 20:36:46','2024-06-01 20:36:46',NULL),(2,9435,41177,13,'2024-05','IIBB Regimen Simplificado',15113.00,'2024-06-01 20:36:46','2024-06-01 20:36:46',NULL),(3,9435,41177,39,'2024-05','Honorarios Contables',50000.00,'2024-06-01 20:36:46','2024-06-01 20:36:46',NULL);

--
-- Table structure for table `ejer_anteriores`
--

CREATE TABLE `ejer_anteriores` (
  `id` int(10) unsigned NOT NULL AUTO_INCREMENT,
  `user_id` int(10) unsigned DEFAULT NULL,
  `person_id` int(10) unsigned NOT NULL,
  `anio` int(11) NOT NULL,
  `ventas` decimal(16,2) DEFAULT NULL,
  `compras` decimal(16,2) DEFAULT NULL,
  `sueldos` decimal(16,2) DEFAULT NULL,
  `impuesto` decimal(16,2) DEFAULT NULL,
  `apagar` decimal(16,2) DEFAULT NULL,
  `afavor` decimal(16,2) DEFAULT NULL,
  `comentario` varchar(255) COLLATE utf8mb4_unicode_ci DEFAULT NULL,
  `created_at` timestamp NULL DEFAULT NULL,
  `updated_at` timestamp NULL DEFAULT NULL,
  `deleted_at` timestamp NULL DEFAULT NULL,
  PRIMARY KEY (`id`),
  KEY `ejer_anteriores_person_id_foreign` (`person_id`),
  CONSTRAINT `ejer_anteriores_person_id_foreign` FOREIGN KEY (`person_id`) REFERENCES `persons` (`id`)
) ENGINE=InnoDB AUTO_INCREMENT=2 DEFAULT CHARSET=utf8mb4 COLLATE=utf8mb4_unicode_ci;

--
-- Dumping data for table `ejer_anteriores`
--


--
-- Table structure for table `estado_civil`
--

CREATE TABLE `estado_civil` (
  `id` int(10) unsigned NOT NULL AUTO_INCREMENT,
  `user_id` int(10) unsigned DEFAULT NULL,
  `descripcion` varchar(191) COLLATE utf8mb4_unicode_ci NOT NULL,
  `habilitado` tinyint(1) NOT NULL DEFAULT '1',
  `created_at` timestamp NULL DEFAULT NULL,
  `updated_at` timestamp NULL DEFAULT NULL,
  `deleted_at` timestamp NULL DEFAULT NULL,
  PRIMARY KEY (`id`),
  UNIQUE KEY `estado_civil_descripcion_unique` (`descripcion`)
) ENGINE=InnoDB AUTO_INCREMENT=8 DEFAULT CHARSET=utf8mb4 COLLATE=utf8mb4_unicode_ci;

--
-- Dumping data for table `estado_civil`
--

INSERT INTO `estado_civil` VALUES (1,NULL,'Separado Legal',1,'2020-05-28 20:55:23','2020-05-28 20:55:23',NULL),(2,NULL,'Separado de Hecho',1,'2020-05-28 20:55:23','2020-05-28 20:55:23',NULL),(3,NULL,'Divorciado',1,'2020-05-28 20:55:23','2020-05-28 20:55:23',NULL),(4,NULL,'Convivencia',1,'2020-05-28 20:55:23','2020-05-28 20:55:23',NULL),(5,NULL,'Soltero',1,'2020-05-28 20:55:23','2020-05-28 20:55:23',NULL),(6,NULL,'Casado',1,'2020-05-28 20:55:23','2020-05-28 20:55:23',NULL),(7,NULL,'Viudo',1,'2020-05-28 20:55:23','2020-05-28 20:55:23',NULL);

--
-- Table structure for table `fa_masiva`
--

CREATE TABLE `fa_masiva` (
  `id` int(10) unsigned NOT NULL AUTO_INCREMENT,
  `person_id` int(11) NOT NULL,
  `user_id` int(11) NOT NULL,
  `created_at` timestamp NULL DEFAULT NULL,
  `updated_at` timestamp NULL DEFAULT NULL,
  `deleted_at` timestamp NULL DEFAULT NULL,
  PRIMARY KEY (`id`)
) ENGINE=InnoDB AUTO_INCREMENT=5 DEFAULT CHARSET=utf8mb4 COLLATE=utf8mb4_unicode_ci;

--
-- Dumping data for table `fa_masiva`
--

INSERT INTO `fa_masiva` VALUES (1,41176,9435,'2024-01-05 14:32:34','2024-01-05 14:32:34',NULL),(2,40816,9435,'2024-01-24 20:00:40','2024-01-24 20:00:40',NULL),(3,41287,9435,'2024-03-05 18:03:59','2024-03-05 18:03:59',NULL),(4,41091,9435,'2024-05-05 20:28:20','2024-05-05 20:28:20',NULL);

--
-- Table structure for table `fa_masiva_detalle`
--

CREATE TABLE `fa_masiva_detalle` (
  `id` int(10) unsigned NOT NULL AUTO_INCREMENT,
  `user_id` int(10) unsigned DEFAULT NULL,
  `fa_masiva_id` int(11) NOT NULL,
  `cliente_id` int(11) NOT NULL,
  `tipo_comprobante_id` int(10) unsigned NOT NULL DEFAULT '1',
  `zone_id` int(10) unsigned NOT NULL DEFAULT '22',
  `activity_id` int(10) unsigned NOT NULL DEFAULT '1',
  `cond_frente_iva_id` int(10) unsigned NOT NULL DEFAULT '1',
  `system_tax_id` int(10) unsigned NOT NULL DEFAULT '1',
  `concepto_id` int(10) unsigned NOT NULL DEFAULT '1',
  `taxable_iibb` int(10) unsigned NOT NULL DEFAULT '2',
  `renglon1` varchar(180) COLLATE utf8mb4_unicode_ci DEFAULT NULL,
  `importe1` decimal(20,2) DEFAULT NULL,
  `renglon2` varchar(180) COLLATE utf8mb4_unicode_ci DEFAULT NULL,
  `importe2` decimal(20,2) DEFAULT NULL,
  `renglon3` varchar(180) COLLATE utf8mb4_unicode_ci DEFAULT NULL,
  `importe3` decimal(20,2) DEFAULT NULL,
  `punto_venta_id` int(11) DEFAULT NULL,
  `fecha_comprobante` date DEFAULT NULL,
  `fecha_facturado_desde` date DEFAULT NULL,
  `fecha_facturado_hasta` date DEFAULT NULL,
  `fecha_vencimiento_pago` date DEFAULT NULL,
  `created_at` timestamp NULL DEFAULT NULL,
  `updated_at` timestamp NULL DEFAULT NULL,
  `deleted_at` timestamp NULL DEFAULT NULL,
  PRIMARY KEY (`id`),
  KEY `fa_masiva_detalle_concepto_id_foreign` (`concepto_id`),
  KEY `fa_masiva_detalle_system_tax_id_foreign` (`system_tax_id`),
  KEY `fa_masiva_detalle_cond_frente_iva_id_foreign` (`cond_frente_iva_id`),
  KEY `fa_masiva_detalle_zone_id_foreign` (`zone_id`),
  KEY `fa_masiva_detalle_tipo_comprobante_id_foreign` (`tipo_comprobante_id`),
  KEY `fa_masiva_detalle_activity_id_foreign` (`activity_id`),
  CONSTRAINT `fa_masiva_detalle_activity_id_foreign` FOREIGN KEY (`activity_id`) REFERENCES `activities` (`id`),
  CONSTRAINT `fa_masiva_detalle_concepto_id_foreign` FOREIGN KEY (`concepto_id`) REFERENCES `fact_elec_conceptos_afip` (`id`),
  CONSTRAINT `fa_masiva_detalle_cond_frente_iva_id_foreign` FOREIGN KEY (`cond_frente_iva_id`) REFERENCES `fac_elec_cond_frente_iva` (`id`),
  CONSTRAINT `fa_masiva_detalle_system_tax_id_foreign` FOREIGN KEY (`system_tax_id`) REFERENCES `system_taxes` (`id`),
  CONSTRAINT `fa_masiva_detalle_tipo_comprobante_id_foreign` FOREIGN KEY (`tipo_comprobante_id`) REFERENCES `receipt_types` (`id`),
  CONSTRAINT `fa_masiva_detalle_zone_id_foreign` FOREIGN KEY (`zone_id`) REFERENCES `zones` (`id`)
) ENGINE=InnoDB AUTO_INCREMENT=48 DEFAULT CHARSET=utf8mb4 COLLATE=utf8mb4_unicode_ci;

--
-- Dumping data for table `fa_masiva_detalle`
--

INSERT INTO `fa_masiva_detalle` VALUES (1,9435,1,41603,4,6,568,5,2,1,2,'Mercaderias Varias',46000.00,NULL,NULL,NULL,NULL,2,NULL,'2024-05-31','2024-05-31','2024-05-31','2024-01-05 14:32:34','2024-06-05 21:21:37',NULL),(2,9435,1,41603,4,6,568,5,2,1,2,'Mercaderias Varias',46000.00,NULL,NULL,NULL,NULL,2,NULL,'2024-05-31','2024-05-31','2024-05-31','2024-01-05 14:32:34','2024-06-05 21:21:37',NULL),(3,9435,1,41603,4,6,568,5,2,1,2,'Mercaderias Varias',46000.00,NULL,NULL,NULL,NULL,2,NULL,'2024-05-31','2024-05-31','2024-05-31','2024-01-05 14:32:34','2024-06-05 21:21:37',NULL),(4,9435,1,41603,4,6,568,5,2,1,2,'Mercaderias Varias',46000.00,NULL,NULL,NULL,NULL,2,NULL,'2024-05-31','2024-05-31','2024-05-31','2024-01-05 14:32:34','2024-06-05 21:21:37',NULL),(5,9435,1,41603,4,6,568,5,2,1,2,'Mercaderias Varias',46000.00,NULL,NULL,NULL,NULL,2,NULL,'2024-05-31','2024-05-31','2024-05-31','2024-01-05 14:32:34','2024-06-05 21:21:37',NULL),(6,9435,1,41603,4,6,568,5,2,1,2,'Mercaderias Varias',46000.00,NULL,NULL,NULL,NULL,2,NULL,'2024-05-31','2024-05-31','2024-05-31','2024-01-05 14:32:34','2024-06-05 21:21:37',NULL),(7,9435,1,41603,4,6,568,5,2,1,2,'Mercaderias Varias',46000.00,NULL,NULL,NULL,NULL,2,NULL,'2024-05-31','2024-05-31','2024-05-31','2024-01-05 14:32:34','2024-06-05 21:21:37',NULL),(8,9435,2,41603,4,6,605,5,2,1,2,'Articulos de Librería',46000.00,NULL,NULL,NULL,NULL,3,NULL,'2024-10-31','2024-10-31','2024-10-31','2024-01-24 20:00:40','2024-11-05 16:44:43',NULL),(9,9435,2,41603,4,6,605,5,2,1,2,'Articulos de Librería',46000.00,NULL,NULL,NULL,NULL,3,NULL,'2024-10-31','2024-10-31','2024-10-31','2024-01-24 20:00:40','2024-11-05 16:44:43',NULL),(10,9435,2,41603,4,6,605,5,2,1,2,'Articulos de Librería',46000.00,NULL,NULL,NULL,NULL,3,NULL,'2024-10-31','2024-10-31','2024-10-31','2024-01-24 20:00:40','2024-11-05 16:44:43',NULL),(11,9435,2,41603,4,6,605,5,2,1,2,'Articulos de Librería',46000.00,NULL,NULL,NULL,NULL,3,NULL,'2024-10-31','2024-10-31','2024-10-31','2024-01-24 20:00:40','2024-11-05 16:44:43',NULL),(12,9435,2,41603,4,6,605,5,2,1,2,'Articulos de Librería',46000.00,NULL,NULL,NULL,NULL,3,NULL,'2024-10-31','2024-10-31','2024-10-31','2024-01-24 20:00:40','2024-11-05 16:44:43',NULL),(13,9435,2,41603,4,6,605,5,2,1,2,'Articulos de Librería',46000.00,NULL,NULL,NULL,NULL,3,NULL,'2024-10-31','2024-10-31','2024-10-31','2024-01-24 20:00:40','2024-11-05 16:44:43',NULL),(14,9435,2,41603,4,6,605,5,2,1,2,'Articulos de Librería',46000.00,NULL,NULL,NULL,NULL,3,NULL,'2024-10-31','2024-10-31','2024-10-31','2024-01-24 20:00:40','2024-11-05 16:44:43',NULL),(15,9435,2,41603,4,6,605,5,2,1,2,'Articulos de telefonia',40000.00,NULL,NULL,NULL,NULL,3,NULL,'2024-10-31','2024-10-31','2024-10-31','2024-01-24 20:00:40','2024-11-05 16:44:43',NULL),(16,9435,2,41603,4,6,605,5,2,1,2,'Articulos de telefonia',20000.00,NULL,NULL,NULL,NULL,3,NULL,'2024-10-31','2024-10-31','2024-10-31','2024-01-24 20:00:40','2024-11-05 16:44:43',NULL),(17,9435,2,41603,4,6,605,5,2,1,2,'Articulos de telefonia',40000.00,NULL,NULL,NULL,NULL,3,NULL,'2024-10-31','2024-10-31','2024-10-31','2024-01-24 20:00:40','2024-11-05 16:44:43',NULL),(18,9435,3,41732,4,6,568,5,2,1,2,'MERCADERIAS VARIAS',90000.00,NULL,NULL,NULL,NULL,4,NULL,'2024-11-29','2024-11-29','2024-12-04','2024-03-05 18:03:59','2024-12-04 19:51:44',NULL),(19,9435,3,41732,4,6,568,5,2,1,2,'MERCADERIAS VARIAS',90000.00,NULL,NULL,NULL,NULL,4,NULL,'2024-11-29','2024-11-29','2024-12-04','2024-03-05 18:03:59','2024-12-04 19:51:44',NULL),(20,9435,3,41732,4,6,568,5,2,1,2,'MERCADERIAS VARIAS',90000.00,NULL,NULL,NULL,NULL,4,NULL,'2024-11-29','2024-11-29','2024-12-04','2024-03-05 18:03:59','2024-12-04 19:51:44',NULL),(21,9435,3,41732,4,6,568,5,2,1,2,'MERCADERIAS VARIAS',90000.00,NULL,NULL,NULL,NULL,4,NULL,'2024-11-29','2024-11-29','2024-12-04','2024-03-05 18:03:59','2024-12-04 19:51:44',NULL),(22,9435,3,41732,4,6,568,5,2,1,2,'MERCADERIAS VARIAS',90000.00,NULL,NULL,NULL,NULL,4,NULL,'2024-11-29','2024-11-29','2024-12-04','2024-03-05 18:03:59','2024-12-04 19:51:44',NULL);
INSERT INTO `fa_masiva_detalle` VALUES (23,9435,3,41732,4,6,568,5,2,1,2,'MERCADERIAS VARIAS',90000.00,NULL,NULL,NULL,NULL,4,NULL,'2024-11-29','2024-11-29','2024-12-04','2024-03-05 18:03:59','2024-12-04 19:51:44',NULL),(24,9435,3,41732,4,6,568,5,2,1,2,'MERCADERIAS VARIAS',90000.00,NULL,NULL,NULL,NULL,4,NULL,'2024-11-29','2024-11-29','2024-12-04','2024-03-05 18:03:59','2024-12-04 19:51:44',NULL),(26,9435,4,41287,7,6,568,5,7,1,2,'MERCADERIAS VARIAS',95000.00,NULL,NULL,NULL,NULL,5,NULL,'2024-12-31','2024-12-31','2024-12-31','2024-05-05 20:28:20','2025-01-05 13:27:11',NULL),(27,9435,4,41414,7,6,568,5,7,1,2,'MERCADERIAS VARIAS',107000.00,NULL,NULL,NULL,NULL,5,NULL,'2024-12-31','2024-12-31','2024-12-31','2024-05-05 20:28:20','2025-01-05 13:27:11',NULL),(28,9435,4,41777,7,6,568,5,7,1,2,'MERCADERIAS VARIAS',95000.00,NULL,NULL,NULL,NULL,5,NULL,'2024-12-31','2024-12-31','2024-12-31','2024-05-05 20:28:20','2025-01-05 13:27:11',NULL),(29,9435,4,40815,7,6,568,5,7,1,2,'MERCADERIAS VARIAS',95000.00,NULL,NULL,NULL,NULL,5,NULL,'2024-12-31','2024-12-31','2024-12-31','2024-05-05 20:28:20','2025-01-05 13:27:11',NULL),(31,9435,4,41176,7,6,568,5,7,1,2,'MERCADERIAS VARIAS',500000.00,NULL,NULL,NULL,NULL,5,NULL,'2024-12-31','2024-12-31','2024-12-31','2024-05-05 20:28:20','2025-01-05 13:27:11',NULL),(32,9435,4,41287,7,6,568,5,7,1,2,'MERCADERIAS VARIAS',500000.00,NULL,NULL,NULL,NULL,5,NULL,'2024-12-31','2024-12-31','2024-12-31','2024-05-05 20:28:20','2025-01-05 13:27:11',NULL),(33,9435,4,41208,7,6,568,5,7,1,2,'MERCADERIAS VARIAS',95000.00,NULL,NULL,NULL,NULL,5,NULL,'2024-12-31','2024-12-31','2024-12-31','2024-05-05 20:28:20','2025-01-05 13:27:11',NULL),(34,9435,4,41208,7,6,568,5,7,1,2,'MERCADERIAS VARIAS',95000.00,NULL,NULL,NULL,NULL,5,NULL,'2024-12-31','2024-12-31','2024-12-31','2024-05-05 20:28:20','2025-01-05 13:27:11',NULL),(35,9435,4,40820,7,6,568,5,7,1,2,'MERCADERIAS VARIAS',500000.00,NULL,NULL,NULL,NULL,5,NULL,'2024-12-31','2024-12-31','2024-12-31','2024-05-05 20:28:20','2025-01-05 13:27:11',NULL),(36,9435,4,41348,7,6,568,5,7,1,2,'MERCADERIAS VARIAS',95000.00,NULL,NULL,NULL,NULL,5,NULL,'2024-12-31','2024-12-31','2024-12-31','2024-05-05 20:28:20','2025-01-05 13:27:11',NULL),(37,9435,4,40820,7,6,568,5,7,1,2,'MERCADERIAS VARIAS',95000.00,NULL,NULL,NULL,NULL,5,NULL,'2024-12-31','2024-12-31','2024-12-31','2024-05-05 20:28:20','2025-01-05 13:27:11',NULL),(38,9435,4,40820,7,6,568,5,7,1,2,'MERCADERIAS VARIAS',95000.00,NULL,NULL,NULL,NULL,5,NULL,'2024-12-31','2024-12-31','2024-12-31','2024-05-05 20:28:20','2025-01-05 13:27:11',NULL),(40,9435,4,40815,7,6,568,5,7,1,2,'MERCADERIAS VARIAS',95000.00,NULL,NULL,NULL,NULL,5,NULL,'2024-12-31','2024-12-31','2024-12-31','2024-05-05 20:28:20','2025-01-05 13:27:11',NULL),(41,9435,4,40820,7,6,568,5,7,1,2,'MERCADERIAS VARIAS',95000.00,NULL,NULL,NULL,NULL,5,NULL,'2024-12-31','2024-12-31','2024-12-31','2024-05-05 20:28:20','2025-01-05 13:27:11',NULL),(42,9435,4,41778,7,6,568,5,7,1,2,'MERCADERIAS VARIAS',95000.00,NULL,NULL,NULL,NULL,5,NULL,'2024-12-31','2024-12-31','2024-12-31','2024-05-05 20:28:20','2025-01-05 13:27:11',NULL),(43,9435,4,41230,7,6,568,5,7,1,2,'MERCADERIAS VARIAS',95000.00,NULL,NULL,NULL,NULL,5,NULL,'2024-12-31','2024-12-31','2024-12-31','2024-05-05 20:28:20','2025-01-05 13:27:11',NULL),(45,9435,4,41230,7,6,568,5,7,1,2,'MERCADERIAS VARIAS',107000.00,NULL,NULL,NULL,NULL,5,NULL,'2024-12-31','2024-12-31','2024-12-31','2024-05-05 20:28:20','2025-01-05 13:27:11',NULL),(46,9435,4,41779,7,6,568,5,7,1,2,'MERCADERIAS VARIAS',95000.00,NULL,NULL,NULL,NULL,5,NULL,'2024-12-31','2024-12-31','2024-12-31','2024-05-05 20:28:20','2025-01-05 13:27:11',NULL),(47,9435,4,41367,7,6,568,5,7,1,2,'MERCADERIAS VARIAS',95000.00,NULL,NULL,NULL,NULL,5,NULL,'2024-12-31','2024-12-31','2024-12-31','2024-05-05 20:28:20','2025-01-05 13:27:11',NULL);

--
-- Table structure for table `fa_masiva_stock`
--

CREATE TABLE `fa_masiva_stock` (
  `id` bigint(20) unsigned NOT NULL AUTO_INCREMENT,
  `user_id` int(10) unsigned DEFAULT NULL,
  `person_id` int(10) unsigned NOT NULL,
  `person_id_relationed` int(10) unsigned NOT NULL,
  `data` longtext COLLATE utf8mb4_unicode_ci,
  `created_at` timestamp NULL DEFAULT NULL,
  `updated_at` timestamp NULL DEFAULT NULL,
  `deleted_at` timestamp NULL DEFAULT NULL,
  PRIMARY KEY (`id`),
  KEY `fa_masiva_stock_person_id_foreign` (`person_id`),
  KEY `fa_masiva_stock_person_id_relationed_foreign` (`person_id_relationed`),
  CONSTRAINT `fa_masiva_stock_person_id_foreign` FOREIGN KEY (`person_id`) REFERENCES `persons` (`id`),
  CONSTRAINT `fa_masiva_stock_person_id_relationed_foreign` FOREIGN KEY (`person_id_relationed`) REFERENCES `persons` (`id`)
) ENGINE=InnoDB DEFAULT CHARSET=utf8mb4 COLLATE=utf8mb4_unicode_ci;

--
-- Dumping data for table `fa_masiva_stock`
--


--
-- Table structure for table `fac_elec_cond_frente_iva`
--

CREATE TABLE `fac_elec_cond_frente_iva` (
  `id` int(10) unsigned NOT NULL AUTO_INCREMENT,
  `name` varchar(191) COLLATE utf8mb4_unicode_ci NOT NULL,
  `created_at` timestamp NULL DEFAULT NULL,
  `updated_at` timestamp NULL DEFAULT NULL,
  `deleted_at` timestamp NULL DEFAULT NULL,
  PRIMARY KEY (`id`),
  UNIQUE KEY `fac_elec_cond_frente_iva_name_unique` (`name`)
) ENGINE=InnoDB AUTO_INCREMENT=11 DEFAULT CHARSET=utf8mb4 COLLATE=utf8mb4_unicode_ci;

--
-- Dumping data for table `fac_elec_cond_frente_iva`
--

INSERT INTO `fac_elec_cond_frente_iva` VALUES (1,'IVA Responsable Inscripto','2019-07-15 18:37:39','2019-07-15 18:37:39',NULL),(2,'IVA Sujeto Exento','2019-07-15 18:37:39','2019-07-15 18:37:39',NULL),(3,'Consumidor Final','2019-07-15 18:37:39','2019-07-15 18:37:39',NULL),(4,'Responsable Monotributo','2019-07-15 18:37:39','2019-07-15 18:37:39',NULL),(5,'Proveedor del Exterior','2019-07-15 18:37:39','2019-07-15 18:37:39',NULL),(6,'Cliente del Exterior','2019-07-15 18:37:39','2019-07-15 18:37:39',NULL),(7,'IVA Liberado - Ley Nº 19.640','2019-07-15 18:37:39','2019-07-15 18:37:39',NULL),(8,'IVA Responsable Inscripto - Agente de Percepción','2019-07-15 18:37:39','2019-07-15 18:37:39',NULL),(9,'Monotributista Social','2019-07-15 18:37:39','2019-07-15 18:37:39',NULL),(10,'IVA No Alcanzado','2019-07-15 18:37:39','2019-07-15 18:37:39',NULL);

--
-- Table structure for table `fac_elec_unidad_medidas`
--

CREATE TABLE `fac_elec_unidad_medidas` (
  `id` int(10) unsigned NOT NULL AUTO_INCREMENT,
  `name` varchar(191) COLLATE utf8mb4_unicode_ci NOT NULL,
  `created_at` timestamp NULL DEFAULT NULL,
  `updated_at` timestamp NULL DEFAULT NULL,
  `deleted_at` timestamp NULL DEFAULT NULL,
  PRIMARY KEY (`id`),
  UNIQUE KEY `fac_elec_unidad_medidas_name_unique` (`name`)
) ENGINE=InnoDB AUTO_INCREMENT=19 DEFAULT CHARSET=utf8mb4 COLLATE=utf8mb4_unicode_ci;

--
-- Dumping data for table `fac_elec_unidad_medidas`
--

INSERT INTO `fac_elec_unidad_medidas` VALUES (1,'Grs','2019-07-15 18:37:39','2019-07-15 18:37:39',NULL),(2,'Kg','2019-07-15 18:37:39','2019-07-15 18:37:39',NULL),(3,'Mts','2019-07-15 18:37:39','2019-07-15 18:37:39',NULL),(4,'Mts2','2019-07-15 18:37:39','2019-07-15 18:37:39',NULL),(5,'Mts3','2019-07-15 18:37:39','2019-07-15 18:37:39',NULL),(6,'Lts','2019-07-15 18:37:39','2019-07-15 18:37:39',NULL),(7,'1000 Kwh','2019-07-15 18:37:39','2019-07-15 18:37:39',NULL),(8,'Unidades','2019-07-15 18:37:39','2019-07-15 18:37:39',NULL),(9,'Pares','2019-07-15 18:37:39','2019-07-15 18:37:39',NULL),(10,'Doc','2019-07-15 18:37:39','2019-07-15 18:37:39',NULL),(11,'Quilates','2019-07-15 18:37:39','2019-07-15 18:37:39',NULL),(12,'Millares','2019-07-15 18:37:39','2019-07-15 18:37:39',NULL),(13,'Milimetros','2019-07-15 18:37:39','2019-07-15 18:37:39',NULL),(14,'Mm 3','2019-07-15 18:37:39','2019-07-15 18:37:39',NULL),(15,'Km','2019-07-15 18:37:39','2019-07-15 18:37:39',NULL),(16,'Hectolitros','2019-07-15 18:37:39','2019-07-15 18:37:39',NULL),(17,'Cm','2019-07-15 18:37:39','2019-07-15 18:37:39',NULL),(18,'Cm 3','2019-07-15 18:37:39','2019-07-15 18:37:39',NULL);

--
-- Table structure for table `fact_elec_conceptos_afip`
--

CREATE TABLE `fact_elec_conceptos_afip` (
  `id` int(10) unsigned NOT NULL AUTO_INCREMENT,
  `afip_comprobante_id` int(10) unsigned NOT NULL,
  `descripcion` varchar(180) COLLATE utf8mb4_unicode_ci NOT NULL,
  `created_at` timestamp NULL DEFAULT NULL,
  `updated_at` timestamp NULL DEFAULT NULL,
  PRIMARY KEY (`id`)
) ENGINE=InnoDB AUTO_INCREMENT=4 DEFAULT CHARSET=utf8mb4 COLLATE=utf8mb4_unicode_ci;

--
-- Dumping data for table `fact_elec_conceptos_afip`
--

INSERT INTO `fact_elec_conceptos_afip` VALUES (1,1,'Producto','2019-03-13 13:29:34','2019-03-13 13:29:34'),(2,2,'Servicios','2019-03-13 13:29:34','2019-03-13 13:29:34'),(3,3,'Productos y Servicios','2019-03-13 13:29:34','2019-03-13 13:29:34');

--
-- Table structure for table `fact_elec_perc_ret`
--

CREATE TABLE `fact_elec_perc_ret` (
  `id` int(10) unsigned NOT NULL AUTO_INCREMENT,
  `user_id` int(10) unsigned DEFAULT NULL,
  `descripcion` varchar(191) COLLATE utf8mb4_unicode_ci NOT NULL,
  `codigo_afip` int(10) unsigned NOT NULL,
  `other_tax_id` int(10) unsigned NOT NULL,
  `habilitado` tinyint(1) NOT NULL DEFAULT '1',
  `created_at` timestamp NULL DEFAULT NULL,
  `updated_at` timestamp NULL DEFAULT NULL,
  `deleted_at` timestamp NULL DEFAULT NULL,
  PRIMARY KEY (`id`),
  KEY `fact_elec_perc_ret_other_tax_id_foreign` (`other_tax_id`),
  CONSTRAINT `fact_elec_perc_ret_other_tax_id_foreign` FOREIGN KEY (`other_tax_id`) REFERENCES `other_taxes` (`id`)
) ENGINE=InnoDB AUTO_INCREMENT=6 DEFAULT CHARSET=utf8mb4 COLLATE=utf8mb4_unicode_ci;

--
-- Dumping data for table `fact_elec_perc_ret`
--

INSERT INTO `fact_elec_perc_ret` VALUES (1,NULL,'Per./Ret de Imp. a las Ganancias',1,1032,1,NULL,NULL,NULL),(2,NULL,'Per./Ret de IVA',1,1000,1,NULL,NULL,NULL),(3,NULL,'Per./Ret de IIBB',2,1006,1,NULL,NULL,NULL),(4,NULL,'Impuestos Internos',4,1001,1,NULL,NULL,NULL),(5,NULL,'Impuestos Municipales',3,1031,1,NULL,NULL,NULL);

--
-- Table structure for table `fact_elec_perc_ret_details`
--

CREATE TABLE `fact_elec_perc_ret_details` (
  `id` bigint(20) unsigned NOT NULL AUTO_INCREMENT,
  `user_id` int(10) unsigned DEFAULT NULL,
  `fact_elec_perc_ret_id` int(10) unsigned NOT NULL,
  `person_id` int(10) unsigned NOT NULL,
  `fact_elec_receipt_id` int(10) unsigned NOT NULL,
  `detalle` varchar(191) COLLATE utf8mb4_unicode_ci DEFAULT NULL,
  `zone_id` int(10) unsigned DEFAULT NULL,
  `base_imponible` decimal(16,2) DEFAULT NULL,
  `alicuota` decimal(16,2) DEFAULT NULL,
  `importe` decimal(16,2) DEFAULT NULL,
  `created_at` timestamp NULL DEFAULT NULL,
  `updated_at` timestamp NULL DEFAULT NULL,
  `deleted_at` timestamp NULL DEFAULT NULL,
  PRIMARY KEY (`id`),
  KEY `fact_elec_perc_ret_details_fact_elec_perc_ret_id_foreign` (`fact_elec_perc_ret_id`),
  KEY `fact_elec_perc_ret_details_person_id_foreign` (`person_id`),
  KEY `fact_elec_perc_ret_details_fact_elec_receipt_id_foreign` (`fact_elec_receipt_id`),
  KEY `fact_elec_perc_ret_details_zone_id_foreign` (`zone_id`),
  CONSTRAINT `fact_elec_perc_ret_details_fact_elec_perc_ret_id_foreign` FOREIGN KEY (`fact_elec_perc_ret_id`) REFERENCES `fact_elec_perc_ret` (`id`),
  CONSTRAINT `fact_elec_perc_ret_details_fact_elec_receipt_id_foreign` FOREIGN KEY (`fact_elec_receipt_id`) REFERENCES `fact_elec_receipts` (`id`),
  CONSTRAINT `fact_elec_perc_ret_details_person_id_foreign` FOREIGN KEY (`person_id`) REFERENCES `persons` (`id`),
  CONSTRAINT `fact_elec_perc_ret_details_zone_id_foreign` FOREIGN KEY (`zone_id`) REFERENCES `zones` (`id`)
) ENGINE=InnoDB DEFAULT CHARSET=utf8mb4 COLLATE=utf8mb4_unicode_ci;

--
-- Dumping data for table `fact_elec_perc_ret_details`
--


--
-- Table structure for table `fact_elec_puntos_venta`
--

CREATE TABLE `fact_elec_puntos_venta` (
  `id` int(10) unsigned NOT NULL AUTO_INCREMENT,
  `user_id` int(10) unsigned DEFAULT NULL,
  `direccion` varchar(180) COLLATE utf8mb4_unicode_ci NOT NULL,
  `created_at` timestamp NULL DEFAULT NULL,
  `updated_at` timestamp NULL DEFAULT NULL,
  `person_id` int(10) unsigned NOT NULL,
  `codigo` varchar(255) COLLATE utf8mb4_unicode_ci DEFAULT '0000',
  `codigo_postal` varchar(20) COLLATE utf8mb4_unicode_ci DEFAULT NULL,
  `zone_id` int(11) DEFAULT NULL,
  `logo` varchar(191) COLLATE utf8mb4_unicode_ci DEFAULT NULL,
  `habilitado` tinyint(1) NOT NULL DEFAULT '1',
  `deleted_at` timestamp NULL DEFAULT NULL,
  PRIMARY KEY (`id`),
  KEY `fact_elec_puntos_venta_person_id_foreign` (`person_id`),
  CONSTRAINT `fact_elec_puntos_venta_person_id_foreign` FOREIGN KEY (`person_id`) REFERENCES `persons` (`id`)
) ENGINE=InnoDB AUTO_INCREMENT=6 DEFAULT CHARSET=utf8mb4 COLLATE=utf8mb4_unicode_ci;

--
-- Dumping data for table `fact_elec_puntos_venta`
--

INSERT INTO `fact_elec_puntos_venta` VALUES (1,8522,'Lisandro de la Torre 277 5°B','2023-02-28 13:56:45','2023-02-28 14:01:39',40718,'1','1408',22,'img//20111111112/logo_punto_venta_0001.png',1,NULL),(2,9435,'Av. Teofilo Bocek s/n Subtte Perin','2024-01-04 13:41:42','2024-04-18 12:01:18',41176,'7','3621',6,'img//27308575034/logo_punto_venta_0007.PNG',1,NULL),(3,9435,'Av 9 de Julio s/n Subteniente Perin','2024-01-05 19:17:45','2024-01-25 10:37:09',40816,'11','3621',6,NULL,1,NULL),(4,9435,'EL CHORRO - FORMOSA','2024-03-03 19:07:23','2024-03-03 19:08:52',41287,'7','3636',6,NULL,1,NULL),(5,9435,'PRINGLES 1632 - FORMOSA','2024-04-01 13:49:43','2024-04-01 13:50:26',41091,'4','3600',6,NULL,1,NULL);

--
-- Table structure for table `fact_elec_receipt_details`
--

CREATE TABLE `fact_elec_receipt_details` (
  `id` int(10) unsigned NOT NULL AUTO_INCREMENT,
  `user_id` int(10) unsigned DEFAULT NULL,
  `fact_elec_receipt_id` int(10) unsigned NOT NULL,
  `descripcion` text COLLATE utf8mb4_unicode_ci NOT NULL,
  `cantidad` decimal(20,2) NOT NULL,
  `unidad_medida` text COLLATE utf8mb4_unicode_ci,
  `precio_unitario` decimal(20,2) NOT NULL,
  `neto_gravado` decimal(20,2) NOT NULL,
  `bonificacion_porcentaje` decimal(20,2) DEFAULT NULL,
  `bonificacion_monto` decimal(20,2) DEFAULT NULL,
  `bonificacion_subtotal` decimal(20,2) DEFAULT NULL,
  `system_tax_id` int(10) unsigned NOT NULL DEFAULT '1',
  `iva_monto` decimal(20,2) DEFAULT NULL,
  `iva_subtotal` decimal(20,2) DEFAULT NULL,
  `created_at` timestamp NULL DEFAULT NULL,
  `updated_at` timestamp NULL DEFAULT NULL,
  `codigo` varchar(100) COLLATE utf8mb4_unicode_ci DEFAULT NULL,
  `deleted_at` timestamp NULL DEFAULT NULL,
  PRIMARY KEY (`id`),
  KEY `fact_elec_receipt_details_fact_elec_receipt_id_foreign` (`fact_elec_receipt_id`),
  KEY `fact_elec_receipt_details_system_tax_id_foreign` (`system_tax_id`),
  CONSTRAINT `fact_elec_receipt_details_fact_elec_receipt_id_foreign` FOREIGN KEY (`fact_elec_receipt_id`) REFERENCES `fact_elec_receipts` (`id`),
  CONSTRAINT `fact_elec_receipt_details_system_tax_id_foreign` FOREIGN KEY (`system_tax_id`) REFERENCES `system_taxes` (`id`)
) ENGINE=InnoDB AUTO_INCREMENT=1355 DEFAULT CHARSET=utf8mb4 COLLATE=utf8mb4_unicode_ci;

--
-- Dumping data for table `fact_elec_receipt_details`
--

INSERT INTO `fact_elec_receipt_details` VALUES (2,9435,2,'Mercaderias Varias',1.00,'8',200000.00,200000.00,0.00,0.00,0.00,2,42000.00,242000.00,'2024-01-05 13:04:53','2024-01-05 13:04:53','',NULL),(3,9435,3,'Mercaderias Varias',1.00,'8',46000.00,46000.00,0.00,0.00,0.00,2,9660.00,55660.00,'2024-01-05 14:35:56','2024-01-05 14:35:56',NULL,NULL),(4,9435,4,'Mercaderias Varias',1.00,'8',46000.00,46000.00,0.00,0.00,0.00,2,9660.00,55660.00,'2024-01-05 14:36:00','2024-01-05 14:36:00',NULL,NULL),(5,9435,5,'Mercaderias Varias',1.00,'8',46000.00,46000.00,0.00,0.00,0.00,2,9660.00,55660.00,'2024-01-05 14:36:05','2024-01-05 14:36:05',NULL,NULL),(6,9435,6,'Mercaderias Varias',1.00,'8',46000.00,46000.00,0.00,0.00,0.00,2,9660.00,55660.00,'2024-01-05 14:36:07','2024-01-05 14:36:07',NULL,NULL),(7,9435,7,'Mercaderias Varias',1.00,'8',46000.00,46000.00,0.00,0.00,0.00,2,9660.00,55660.00,'2024-01-05 14:36:11','2024-01-05 14:36:11',NULL,NULL),(8,9435,8,'Mercaderias Varias',1.00,'8',46000.00,46000.00,0.00,0.00,0.00,2,9660.00,55660.00,'2024-01-05 14:36:13','2024-01-05 14:36:13',NULL,NULL),(9,9435,9,'Mercaderias Varias',1.00,'8',46000.00,46000.00,0.00,0.00,0.00,2,9660.00,55660.00,'2024-01-05 14:36:16','2024-01-05 14:36:16',NULL,NULL),(10,9435,10,'Mercaderias Varias',1.00,'8',56198.35,56198.35,0.00,0.00,0.00,2,11801.65,68000.00,'2024-01-06 21:45:11','2024-01-06 21:45:11','',NULL),(11,9435,11,'Cebolla',6.08,'2',404.96,2460.13,0.00,0.00,0.00,2,516.63,2976.76,'2024-01-22 18:13:40','2024-01-22 18:13:40','',NULL),(12,9435,11,'cabeza de Ajo',6.00,'8',413.23,2479.38,0.00,0.00,0.00,2,520.67,3000.05,'2024-01-22 18:13:40','2024-01-22 18:13:40','',NULL),(13,9435,11,'Papel Higienico extra x 6 R',2.00,'8',3057.85,6115.70,0.00,0.00,0.00,2,1284.30,7400.00,'2024-01-22 18:13:40','2024-01-22 18:13:40','',NULL),(14,9435,11,'Dulce Noa Azucar',5.00,'8',1388.43,6942.15,0.00,0.00,0.00,2,1457.85,8400.00,'2024-01-22 18:13:40','2024-01-22 18:13:40','',NULL),(15,9435,11,'Mate cocido Litoral',1.00,'8',570.25,570.25,0.00,0.00,0.00,2,119.75,690.00,'2024-01-22 18:13:40','2024-01-22 18:13:40','',NULL),(16,9435,11,'Salsa de Tomate Otito',12.00,'8',702.48,8429.76,0.00,0.00,0.00,2,1770.25,10200.01,'2024-01-22 18:13:40','2024-01-22 18:13:40','',NULL),(17,9435,11,'Jabon en Pan seiseme 300 gr',4.00,'8',909.09,3636.36,0.00,0.00,0.00,2,763.64,4400.00,'2024-01-22 18:13:40','2024-01-22 18:13:40','',NULL),(18,9435,11,'Magistral x 300ml',1.00,'8',1156.20,1156.20,0.00,0.00,0.00,2,242.80,1399.00,'2024-01-22 18:13:40','2024-01-22 18:13:40','',NULL),(19,9435,11,'Cristalita Sal Gruesa x KG',5.00,'8',413.23,2066.15,0.00,0.00,0.00,2,433.89,2500.04,'2024-01-22 18:13:40','2024-01-22 18:13:40','',NULL),(20,9435,11,'Harina 0000',1.00,'8',11157.03,11157.03,0.00,0.00,0.00,2,2342.98,13500.01,'2024-01-22 18:13:40','2024-01-22 18:13:40','',NULL),(21,9435,11,'Pulpa',3.92,'8',4049.59,15854.14,0.00,0.00,0.00,2,3329.37,19183.51,'2024-01-22 18:13:40','2024-01-22 18:13:40','',NULL),(22,9435,11,'Insuga Grasa x 1kg',12.00,'8',2093.06,25116.72,0.00,0.00,0.00,2,5274.51,30391.23,'2024-01-22 18:13:40','2024-01-22 18:13:40','',NULL),(23,9435,11,'Arroz don Jose',10.00,'8',1723.46,17234.60,0.00,0.00,0.00,2,3619.27,20853.87,'2024-01-22 18:13:40','2024-01-22 18:13:40','',NULL),(24,9435,11,'Playadito x kg',6.00,'8',3223.14,19338.84,0.00,0.00,0.00,2,4061.16,23400.00,'2024-01-22 18:13:40','2024-01-22 18:13:40','',NULL),(25,9435,11,'Aceite 4.5 Don luis',1.00,'8',6198.35,6198.35,0.00,0.00,0.00,2,1301.65,7500.00,'2024-01-22 18:13:40','2024-01-22 18:13:40','',NULL),(26,9435,11,'Rivoli Fideo x 5kg Spagueti ',2.00,'8',8330.58,16661.16,0.00,0.00,0.00,2,3498.84,20160.00,'2024-01-22 18:13:40','2024-01-22 18:13:40','',NULL),(27,9435,11,'jugos en Sobre',40.00,'8',330.58,13223.20,0.00,0.00,0.00,2,2776.87,16000.07,'2024-01-22 18:13:40','2024-01-22 18:13:40','',NULL),(28,9435,11,'Gimitey Prestobarba',4.00,'8',487.60,1950.40,0.00,0.00,0.00,2,409.58,2359.98,'2024-01-22 18:13:40','2024-01-22 18:13:40','',NULL);
INSERT INTO `fact_elec_receipt_details` VALUES (29,9435,11,'encendedor bic',6.00,'8',537.19,3223.14,0.00,0.00,0.00,2,676.86,3900.00,'2024-01-22 18:13:40','2024-01-22 18:13:40','',NULL),(30,9435,11,'Pure de tomte La Huerta',2.00,'8',687.52,1375.04,0.00,0.00,0.00,2,288.76,1663.80,'2024-01-22 18:13:40','2024-01-22 18:13:40','',NULL),(31,9435,11,'juvin Durazno',1.00,'8',1062.93,1062.93,0.00,0.00,0.00,2,223.22,1286.15,'2024-01-22 18:13:40','2024-01-22 18:13:40','',NULL),(34,9435,14,'Articulos de Librería',1.00,'8',46000.00,46000.00,0.00,0.00,0.00,2,9660.00,55660.00,'2024-01-25 12:32:42','2024-01-25 12:32:42',NULL,NULL),(35,9435,15,'Articulos de Librería',1.00,'8',46000.00,46000.00,0.00,0.00,0.00,2,9660.00,55660.00,'2024-01-25 12:32:46','2024-01-25 12:32:46',NULL,NULL),(36,9435,16,'Articulos de Librería',1.00,'8',46000.00,46000.00,0.00,0.00,0.00,2,9660.00,55660.00,'2024-01-25 12:32:49','2024-01-25 12:32:49',NULL,NULL),(37,9435,17,'Articulos de Librería',1.00,'8',46000.00,46000.00,0.00,0.00,0.00,2,9660.00,55660.00,'2024-01-25 12:32:52','2024-01-25 12:32:52',NULL,NULL),(38,9435,18,'Articulos de Librería',1.00,'8',46000.00,46000.00,0.00,0.00,0.00,2,9660.00,55660.00,'2024-01-25 12:32:55','2024-01-25 12:32:55',NULL,NULL),(39,9435,19,'Articulos de Librería',1.00,'8',46000.00,46000.00,0.00,0.00,0.00,2,9660.00,55660.00,'2024-01-25 12:32:57','2024-01-25 12:32:57',NULL,NULL),(40,9435,20,'Articulos de Librería',1.00,'8',46000.00,46000.00,0.00,0.00,0.00,2,9660.00,55660.00,'2024-01-25 12:33:00','2024-01-25 12:33:00',NULL,NULL),(41,9435,21,'Articulos de telefonia',1.00,'8',40000.00,40000.00,0.00,0.00,0.00,2,8400.00,48400.00,'2024-01-25 12:33:04','2024-01-25 12:33:04',NULL,NULL),(42,9435,22,'Articulos de telefonia',1.00,'8',20000.00,20000.00,0.00,0.00,0.00,2,4200.00,24200.00,'2024-01-25 12:33:07','2024-01-25 12:33:07',NULL,NULL),(43,9435,23,'Articulos de telefonia',1.00,'8',40000.00,40000.00,0.00,0.00,0.00,2,8400.00,48400.00,'2024-01-25 12:33:09','2024-01-25 12:33:09',NULL,NULL),(44,9435,24,'Mercaderias Varias',1.00,'8',17587.60,17587.60,0.00,0.00,0.00,2,3693.40,21281.00,'2024-01-26 21:32:06','2024-01-26 21:32:06','',NULL),(45,9435,25,'Mercaderias varias',1.00,'8',166251.63,166251.63,0.00,0.00,0.00,2,34912.84,201164.47,'2024-01-29 19:38:56','2024-01-29 19:38:56','',NULL),(46,9435,26,'Mercaderias varias',1.00,'8',200000.00,200000.00,0.00,0.00,0.00,2,42000.00,242000.00,'2024-01-29 20:43:58','2024-01-29 20:43:58','',NULL),(47,9435,27,'Mercaderias Varias',1.00,'8',150000.00,150000.00,0.00,0.00,0.00,2,31500.00,181500.00,'2024-01-30 20:01:03','2024-01-30 20:01:03','',NULL),(48,9435,28,'Mercaderias Varias',1.00,'8',8429.75,8429.75,0.00,0.00,0.00,2,1770.25,10200.00,'2024-01-30 20:16:30','2024-01-30 20:16:30','',NULL),(49,9435,29,'Mercaderias Varias',1.00,'8',53719.01,53719.01,0.00,0.00,0.00,2,11280.99,65000.00,'2024-01-30 20:20:26','2024-01-30 20:20:26','',NULL),(50,9435,30,'Aquarius ',2.00,'8',1818.18,3636.36,0.00,0.00,0.00,2,763.64,4400.00,'2024-02-05 19:33:57','2024-02-05 19:33:57','',NULL),(51,9435,30,'Agua Kin',2.00,'8',743.80,1487.60,0.00,0.00,0.00,2,312.40,1800.00,'2024-02-05 19:33:57','2024-02-05 19:33:57','',NULL),(52,9435,30,'La Lechera',1.00,'8',4462.80,4462.80,0.00,0.00,0.00,2,937.19,5399.99,'2024-02-05 19:33:57','2024-02-05 19:33:57','',NULL),(53,9435,30,'Sal celusal',1.00,'8',446.28,446.28,0.00,0.00,0.00,2,93.72,540.00,'2024-02-05 19:33:57','2024-02-05 19:33:57','',NULL),(54,9435,30,'Chocolatada Ls',1.00,'8',1239.66,1239.66,0.00,0.00,0.00,2,260.33,1499.99,'2024-02-05 19:33:57','2024-02-05 19:33:57','',NULL),(55,9435,30,'coca zero 1.5',1.00,'8',1487.60,1487.60,0.00,0.00,0.00,2,312.40,1800.00,'2024-02-05 19:33:57','2024-02-05 19:33:57','',NULL),(56,9435,30,'Diversion Surtida',1.00,'8',1900.82,1900.82,0.00,0.00,0.00,2,399.17,2299.99,'2024-02-05 19:33:57','2024-02-05 19:33:57','',NULL),(57,9435,30,'Ravioles Italiana',1.00,'8',2776.00,2776.00,0.00,0.00,0.00,2,582.96,3358.96,'2024-02-05 19:33:57','2024-02-05 19:33:57','',NULL);
INSERT INTO `fact_elec_receipt_details` VALUES (58,9435,30,'tapa Pascualina',1.00,'8',1198.34,1198.34,0.00,0.00,0.00,2,251.65,1449.99,'2024-02-05 19:33:57','2024-02-05 19:33:57','',NULL),(59,9435,30,'Hogareñas salvado',1.00,'8',909.09,909.09,0.00,0.00,0.00,2,190.91,1100.00,'2024-02-05 19:33:57','2024-02-05 19:33:57','',NULL),(60,9435,30,'Mana Vainilla',1.00,'8',578.51,578.51,0.00,0.00,0.00,2,121.49,700.00,'2024-02-05 19:33:57','2024-02-05 19:33:57','',NULL),(61,9435,30,'Serranas x 3',1.00,'8',1190.08,1190.08,0.00,0.00,0.00,2,249.92,1440.00,'2024-02-05 19:33:57','2024-02-05 19:33:57','',NULL),(62,9435,30,'Pan rallado preferido',1.00,'8',991.73,991.73,0.00,0.00,0.00,2,208.26,1199.99,'2024-02-05 19:33:57','2024-02-05 19:33:57','',NULL),(63,9435,30,'Manteca Paulina',1.00,'8',1033.05,1033.05,0.00,0.00,0.00,2,216.94,1249.99,'2024-02-05 19:33:57','2024-02-05 19:33:57','',NULL),(64,9435,30,'Dave Original',1.00,'8',991.73,991.73,0.00,0.00,0.00,2,208.26,1199.99,'2024-02-05 19:33:57','2024-02-05 19:33:57','',NULL),(65,9435,30,'Mermelada Arcor',1.00,'8',1066.11,1066.11,0.00,0.00,0.00,2,223.88,1289.99,'2024-02-05 19:33:57','2024-02-05 19:33:57','',NULL),(66,9435,30,'Ls Leche',1.00,'8',842.97,842.97,0.00,0.00,0.00,2,177.02,1019.99,'2024-02-05 19:33:57','2024-02-05 19:33:57','',NULL),(67,9435,30,'elite ultra suave',1.00,'8',4297.52,4297.52,0.00,0.00,0.00,2,902.48,5200.00,'2024-02-05 19:33:57','2024-02-05 19:33:57','',NULL),(68,9435,30,'Manzana/pera x 700 gr',1.00,'8',2131.40,2131.40,0.00,0.00,0.00,2,447.59,2578.99,'2024-02-05 19:33:57','2024-02-05 19:33:57','',NULL),(69,9435,30,'Banana/naranja x 2doc',1.00,'8',1570.24,1570.24,0.00,0.00,0.00,2,329.75,1899.99,'2024-02-05 19:33:57','2024-02-05 19:33:57','',NULL),(70,9435,30,'Pan x kg',6.00,'8',1239.66,7437.96,0.00,0.00,0.00,2,1561.97,8999.93,'2024-02-05 19:33:58','2024-02-05 19:33:58','',NULL),(71,9435,30,'Zanahoria x kg',1.00,'8',785.12,785.12,0.00,0.00,0.00,2,164.88,950.00,'2024-02-05 19:33:58','2024-02-05 19:33:58','',NULL),(72,9435,30,'Morron Verde',1.00,'8',2066.11,2066.11,0.00,0.00,0.00,2,433.88,2499.99,'2024-02-05 19:33:58','2024-02-05 19:33:58','',NULL),(73,9435,30,'Morron Rojo',1.00,'8',4049.58,4049.58,0.00,0.00,0.00,2,850.41,4899.99,'2024-02-05 19:33:58','2024-02-05 19:33:58','',NULL),(74,9435,30,'Huevo x doc',1.00,'8',1487.60,1487.60,0.00,0.00,0.00,2,312.40,1800.00,'2024-02-05 19:33:58','2024-02-05 19:33:58','',NULL),(75,9435,30,'Molida',1.00,'8',3719.00,3719.00,0.00,0.00,0.00,2,780.99,4499.99,'2024-02-05 19:33:58','2024-02-05 19:33:58','',NULL),(76,9435,30,'Rollos de Cocina x 200 paños',1.00,'8',1033.05,1033.05,0.00,0.00,0.00,2,216.94,1249.99,'2024-02-05 19:33:58','2024-02-05 19:33:58','',NULL),(77,9435,30,'Mortadela x kg\n770 gr',1.00,'8',5771.90,5771.90,0.00,0.00,0.00,2,1212.10,6984.00,'2024-02-05 19:33:58','2024-02-05 19:33:58','',NULL),(78,9435,30,'queso barra x kg',1.00,'8',5950.41,5950.41,0.00,0.00,0.00,2,1249.59,7200.00,'2024-02-05 19:33:58','2024-02-05 19:33:58','',NULL),(79,9435,30,'Queso cremoso x kg',1.00,'8',5950.41,5950.41,0.00,0.00,0.00,2,1249.59,7200.00,'2024-02-05 19:33:58','2024-02-05 19:33:58','',NULL),(80,9435,30,'Paleta x kg',1.00,'8',5371.90,5371.90,0.00,0.00,0.00,2,1128.10,6500.00,'2024-02-05 19:33:58','2024-02-05 19:33:58','',NULL),(81,9435,30,'Papas fritas',1.00,'8',1239.66,1239.66,0.00,0.00,0.00,2,260.33,1499.99,'2024-02-05 19:33:58','2024-02-05 19:33:58','',NULL),(82,9435,30,'Raid Azul',1.00,'8',3140.49,3140.49,0.00,0.00,0.00,2,659.50,3799.99,'2024-02-05 19:33:58','2024-02-05 19:33:58','',NULL),(83,9435,30,'quilmes crital',2.00,'8',736.00,1472.00,0.00,0.00,0.00,2,309.12,1781.12,'2024-02-05 19:33:58','2024-02-05 19:33:58','',NULL),(84,9435,30,'heineken 330',2.00,'8',810.00,1620.00,0.00,0.00,0.00,2,340.20,1960.20,'2024-02-05 19:33:58','2024-02-05 19:33:58','',NULL),(85,9435,30,'pollo entero x kg  40',40.00,'8',1940.00,77600.00,0.00,0.00,0.00,2,16296.00,93896.00,'2024-02-05 19:33:58','2024-02-05 19:33:58','',NULL);
INSERT INTO `fact_elec_receipt_details` VALUES (86,9435,30,'milanesa x kg',1.00,'8',4297.00,4297.00,0.00,0.00,0.00,2,902.37,5199.37,'2024-02-05 19:33:58','2024-02-05 19:33:58','',NULL),(87,9435,30,'muslo x kg',2.40,'2',1562.00,3748.80,0.00,0.00,0.00,2,787.25,4536.05,'2024-02-05 19:33:58','2024-02-05 19:33:58','',NULL),(88,9435,30,'manaos x 3lts',1.00,'8',1270.00,1270.00,0.00,0.00,0.00,2,266.70,1536.70,'2024-02-05 19:33:58','2024-02-05 19:33:58','',NULL),(89,9435,30,'gas envasado',1.00,'8',9090.00,9090.00,0.00,0.00,0.00,2,1908.90,10998.90,'2024-02-05 19:33:58','2024-02-05 19:33:58','',NULL),(90,9435,30,'guantes de goma',1.00,'8',3265.00,3265.00,0.00,0.00,0.00,2,685.65,3950.65,'2024-02-05 19:33:58','2024-02-05 19:33:58','',NULL),(91,9435,30,'Papel hig. x 6',1.00,'8',3472.00,3472.00,0.00,0.00,0.00,2,729.12,4201.12,'2024-02-05 19:33:58','2024-02-05 19:33:58','',NULL),(92,9435,30,'virulana x 10 ',1.00,'8',786.00,786.00,0.00,0.00,0.00,2,165.06,951.06,'2024-02-05 19:33:58','2024-02-05 19:33:58','',NULL),(93,9435,30,'trapo de piso',1.00,'7',703.00,703.00,0.00,0.00,0.00,2,147.63,850.63,'2024-02-05 19:33:58','2024-02-05 19:33:58','',NULL),(94,9435,30,'cif crema',1.00,'8',1530.00,1530.00,0.00,0.00,0.00,2,321.30,1851.30,'2024-02-05 19:33:58','2024-02-05 19:33:58','',NULL),(95,9435,30,'ayudin clasico',1.00,'8',820.00,820.00,0.00,0.00,0.00,2,172.20,992.20,'2024-02-05 19:33:58','2024-02-05 19:33:58','',NULL),(96,9435,30,'cif baño',1.00,'8',786.00,786.00,0.00,0.00,0.00,2,165.06,951.06,'2024-02-05 19:33:58','2024-02-05 19:33:58','',NULL),(97,9435,30,'cif vidrio',1.00,'8',910.00,910.00,0.00,0.00,0.00,2,191.10,1101.10,'2024-02-05 19:33:58','2024-02-05 19:33:58','',NULL),(98,9435,30,'cif ultra brillo',1.00,'8',1160.00,1160.00,0.00,0.00,0.00,2,243.60,1403.60,'2024-02-05 19:33:58','2024-02-05 19:33:58','',NULL),(99,9435,30,'poet limpia piso',1.00,'8',740.00,740.00,0.00,0.00,0.00,2,155.40,895.40,'2024-02-05 19:33:58','2024-02-05 19:33:58','',NULL),(100,9435,30,'saldo anterior mes Dic',1.00,'8',12400.00,12400.00,0.00,0.00,0.00,2,2604.00,15004.00,'2024-02-05 19:33:58','2024-02-05 19:33:58','',NULL),(101,9435,30,'Saldo anterior mes de Enero',1.00,'8',1571.00,1571.00,0.00,0.00,0.00,2,329.91,1900.91,'2024-02-05 19:33:58','2024-02-05 19:33:58','',NULL),(102,9435,30,'vicentin 1.5',12.00,'8',3100.00,37200.00,0.00,0.00,0.00,2,7812.00,45012.00,'2024-02-05 19:33:58','2024-02-05 19:33:58','',NULL),(103,9435,30,'amanda x kg',24.00,'8',4320.00,103680.00,0.00,0.00,0.00,2,21772.80,125452.80,'2024-02-05 19:33:58','2024-02-05 19:33:58','',NULL),(104,9435,30,'arroz don jose',24.00,'8',1724.00,41376.00,0.00,0.00,0.00,2,8688.96,50064.96,'2024-02-05 19:33:58','2024-02-05 19:33:58','',NULL),(105,9435,30,'Florencia x 5kg',12.00,'8',4298.00,51576.00,0.00,0.00,0.00,2,10830.96,62406.96,'2024-02-05 19:33:58','2024-02-05 19:33:58','',NULL),(106,9435,30,'grasa insuga',12.00,'8',2605.00,31260.00,0.00,0.00,0.00,2,6564.60,37824.60,'2024-02-05 19:33:58','2024-02-05 19:33:58','',NULL),(107,9435,30,'Cristalita sal',12.00,'8',414.00,4968.00,0.00,0.00,0.00,2,1043.28,6011.28,'2024-02-05 19:33:58','2024-02-05 19:33:58','',NULL),(108,9435,30,'Presto Pronta Polenta',24.00,'8',1365.00,32760.00,0.00,0.00,0.00,2,6879.60,39639.60,'2024-02-05 19:33:58','2024-02-05 19:33:58','',NULL),(109,9435,30,'Pure La Huerta x 530gr',36.00,'8',688.00,24768.00,0.00,0.00,0.00,2,5201.28,29969.28,'2024-02-05 19:33:58','2024-02-05 19:33:58','',NULL),(110,9435,30,'Rivoli Fideo',24.00,'8',2990.00,71760.00,0.00,0.00,0.00,2,15069.60,86829.60,'2024-02-05 19:33:58','2024-02-05 19:33:58','',NULL),(111,9435,30,'Papa xkg',24.00,'8',810.00,19440.00,0.00,0.00,0.00,2,4082.40,23522.40,'2024-02-05 19:33:58','2024-02-05 19:33:58','',NULL),(112,9435,30,'cebolla  x kg',24.00,'8',538.00,12912.00,0.00,0.00,0.00,2,2711.52,15623.52,'2024-02-05 19:33:58','2024-02-05 19:33:58','',NULL),(113,9435,30,'azucar Diamante',24.00,'8',1200.00,28800.00,0.00,0.00,0.00,2,6048.00,34848.00,'2024-02-05 19:33:58','2024-02-05 19:33:58','',NULL);
INSERT INTO `fact_elec_receipt_details` VALUES (115,9435,32,'Mercaderias Varias',1.00,'8',122838.84,122838.84,0.00,0.00,0.00,2,25796.16,148635.00,'2024-02-14 18:35:56','2024-02-14 18:35:56','',NULL),(116,9435,33,'Mercaderias Varias',1.00,'8',57605.79,57605.79,0.00,0.00,0.00,2,12097.22,69703.01,'2024-02-14 18:37:13','2024-02-14 18:37:13','',NULL),(117,9435,34,'Cargador viajero',1.00,'8',17000.00,17000.00,0.00,0.00,0.00,2,3570.00,20570.00,'2024-02-16 20:42:58','2024-02-16 20:42:58','',NULL),(118,9435,35,'Articulos de Librería',1.00,'8',46000.00,46000.00,0.00,0.00,0.00,2,9660.00,55660.00,'2024-02-16 21:23:19','2024-02-16 21:23:19',NULL,NULL),(119,9435,36,'Articulos de Librería',1.00,'8',46000.00,46000.00,0.00,0.00,0.00,2,9660.00,55660.00,'2024-02-16 21:23:24','2024-02-16 21:23:24',NULL,NULL),(120,9435,37,'Articulos de Librería',1.00,'8',46000.00,46000.00,0.00,0.00,0.00,2,9660.00,55660.00,'2024-02-16 21:23:27','2024-02-16 21:23:27',NULL,NULL),(121,9435,38,'Articulos de Librería',1.00,'8',46000.00,46000.00,0.00,0.00,0.00,2,9660.00,55660.00,'2024-02-16 21:23:31','2024-02-16 21:23:31',NULL,NULL),(122,9435,39,'Articulos de Librería',1.00,'8',46000.00,46000.00,0.00,0.00,0.00,2,9660.00,55660.00,'2024-02-16 21:23:34','2024-02-16 21:23:34',NULL,NULL),(123,9435,40,'Articulos de Librería',1.00,'8',46000.00,46000.00,0.00,0.00,0.00,2,9660.00,55660.00,'2024-02-16 21:23:37','2024-02-16 21:23:37',NULL,NULL),(124,9435,41,'Articulos de Librería',1.00,'8',46000.00,46000.00,0.00,0.00,0.00,2,9660.00,55660.00,'2024-02-16 21:23:40','2024-02-16 21:23:40',NULL,NULL),(125,9435,42,'Articulos de telefonia',1.00,'8',40000.00,40000.00,0.00,0.00,0.00,2,8400.00,48400.00,'2024-02-16 21:23:43','2024-02-16 21:23:43',NULL,NULL),(126,9435,43,'Articulos de telefonia',1.00,'8',20000.00,20000.00,0.00,0.00,0.00,2,4200.00,24200.00,'2024-02-16 21:23:47','2024-02-16 21:23:47',NULL,NULL),(127,9435,44,'Articulos de telefonia',1.00,'8',40000.00,40000.00,0.00,0.00,0.00,2,8400.00,48400.00,'2024-02-16 21:23:50','2024-02-16 21:23:50',NULL,NULL),(128,9435,45,'100 Cajones Brahma de Lts',1.00,'8',1404958.68,1404958.68,0.00,0.00,0.00,2,295041.32,1700000.00,'2024-02-22 11:13:05','2024-02-22 11:13:05','',NULL),(129,9435,46,'art de libreria',1.00,'8',50000.00,50000.00,0.00,0.00,0.00,2,10500.00,60500.00,'2024-02-22 18:08:33','2024-02-22 18:08:33','',NULL),(131,9435,48,'Articulos de Librería',1.00,'8',46000.00,46000.00,0.00,0.00,0.00,2,9660.00,55660.00,'2024-02-23 19:40:43','2024-02-23 19:40:43',NULL,NULL),(132,9435,49,'Articulos de Librería',1.00,'8',46000.00,46000.00,0.00,0.00,0.00,2,9660.00,55660.00,'2024-02-23 19:40:50','2024-02-23 19:40:50',NULL,NULL),(133,9435,50,'Articulos de Librería',1.00,'8',46000.00,46000.00,0.00,0.00,0.00,2,9660.00,55660.00,'2024-02-23 19:40:53','2024-02-23 19:40:53',NULL,NULL),(134,9435,51,'Articulos de Librería',1.00,'8',46000.00,46000.00,0.00,0.00,0.00,2,9660.00,55660.00,'2024-02-23 19:40:58','2024-02-23 19:40:58',NULL,NULL),(135,9435,52,'Articulos de Librería',1.00,'8',46000.00,46000.00,0.00,0.00,0.00,2,9660.00,55660.00,'2024-02-23 19:41:03','2024-02-23 19:41:03',NULL,NULL),(136,9435,53,'Articulos de Librería',1.00,'8',46000.00,46000.00,0.00,0.00,0.00,2,9660.00,55660.00,'2024-02-23 19:41:10','2024-02-23 19:41:10',NULL,NULL),(137,9435,54,'Articulos de Librería',1.00,'8',46000.00,46000.00,0.00,0.00,0.00,2,9660.00,55660.00,'2024-02-23 19:41:14','2024-02-23 19:41:14',NULL,NULL),(138,9435,55,'Articulos de telefonia',1.00,'8',40000.00,40000.00,0.00,0.00,0.00,2,8400.00,48400.00,'2024-02-23 19:41:19','2024-02-23 19:41:19',NULL,NULL),(139,9435,56,'Articulos de telefonia',1.00,'8',20000.00,20000.00,0.00,0.00,0.00,2,4200.00,24200.00,'2024-02-23 19:41:24','2024-02-23 19:41:24',NULL,NULL),(140,9435,57,'Articulos de telefonia',1.00,'8',40000.00,40000.00,0.00,0.00,0.00,2,8400.00,48400.00,'2024-02-23 19:41:29','2024-02-23 19:41:29',NULL,NULL),(144,9435,61,'Mercaderias Varias',1.00,'8',165289.26,165289.26,0.00,0.00,0.00,2,34710.74,200000.00,'2024-03-03 18:46:50','2024-03-03 18:46:50','',NULL);
INSERT INTO `fact_elec_receipt_details` VALUES (145,9435,62,'mercaderias vrias',1.00,'8',100000.00,100000.00,0.00,0.00,0.00,2,21000.00,121000.00,'2024-03-03 18:49:25','2024-03-03 18:49:25','',NULL),(146,9435,63,'mercaderias varias',1.00,'8',50000.00,50000.00,0.00,0.00,0.00,2,10500.00,60500.00,'2024-03-03 18:52:33','2024-03-03 18:52:33','',NULL),(147,9435,64,'Mercaderias Varias',1.00,'8',46000.00,46000.00,0.00,0.00,0.00,2,9660.00,55660.00,'2024-03-03 18:56:41','2024-03-03 18:56:41',NULL,NULL),(148,9435,65,'Mercaderias Varias',1.00,'8',46000.00,46000.00,0.00,0.00,0.00,2,9660.00,55660.00,'2024-03-03 18:56:45','2024-03-03 18:56:45',NULL,NULL),(149,9435,66,'Mercaderias Varias',1.00,'8',46000.00,46000.00,0.00,0.00,0.00,2,9660.00,55660.00,'2024-03-03 18:56:49','2024-03-03 18:56:49',NULL,NULL),(150,9435,67,'Mercaderias Varias',1.00,'8',46000.00,46000.00,0.00,0.00,0.00,2,9660.00,55660.00,'2024-03-03 18:56:52','2024-03-03 18:56:52',NULL,NULL),(151,9435,68,'Mercaderias Varias',1.00,'8',46000.00,46000.00,0.00,0.00,0.00,2,9660.00,55660.00,'2024-03-03 18:56:55','2024-03-03 18:56:55',NULL,NULL),(152,9435,69,'Mercaderias Varias',1.00,'8',46000.00,46000.00,0.00,0.00,0.00,2,9660.00,55660.00,'2024-03-03 18:56:57','2024-03-03 18:56:57',NULL,NULL),(153,9435,70,'Mercaderias Varias',1.00,'8',46000.00,46000.00,0.00,0.00,0.00,2,9660.00,55660.00,'2024-03-03 18:57:00','2024-03-03 18:57:00',NULL,NULL),(155,9435,72,'Mercaderias varias',1.00,'8',50000.00,50000.00,0.00,0.00,0.00,2,10500.00,60500.00,'2024-03-03 19:01:06','2024-03-03 19:01:06','',NULL),(156,9435,73,'Mercaderias varias',1.00,'8',55000.00,55000.00,0.00,0.00,0.00,2,11550.00,66550.00,'2024-03-05 17:45:40','2024-03-05 17:45:40','',NULL),(157,9435,74,'mercaderias varas',1.00,'8',55000.00,55000.00,0.00,0.00,0.00,2,11550.00,66550.00,'2024-03-05 17:48:12','2024-03-05 17:48:12','',NULL),(158,9435,75,'MERCADERIAS VARIAS',1.00,'8',90000.00,90000.00,0.00,0.00,0.00,2,18900.00,108900.00,'2024-03-05 18:04:42','2024-03-05 18:04:42',NULL,NULL),(159,9435,76,'MERCADERIAS VARIAS',1.00,'8',90000.00,90000.00,0.00,0.00,0.00,2,18900.00,108900.00,'2024-03-05 18:04:47','2024-03-05 18:04:47',NULL,NULL),(160,9435,77,'MERCADERIAS VARIAS',1.00,'8',90000.00,90000.00,0.00,0.00,0.00,2,18900.00,108900.00,'2024-03-05 18:04:50','2024-03-05 18:04:50',NULL,NULL),(161,9435,78,'MERCADERIAS VARIAS',1.00,'8',90000.00,90000.00,0.00,0.00,0.00,2,18900.00,108900.00,'2024-03-05 18:04:53','2024-03-05 18:04:53',NULL,NULL),(162,9435,79,'MERCADERIAS VARIAS',1.00,'8',90000.00,90000.00,0.00,0.00,0.00,2,18900.00,108900.00,'2024-03-05 18:04:56','2024-03-05 18:04:56',NULL,NULL),(163,9435,80,'MERCADERIAS VARIAS',1.00,'8',90000.00,90000.00,0.00,0.00,0.00,2,18900.00,108900.00,'2024-03-05 18:04:59','2024-03-05 18:04:59',NULL,NULL),(164,9435,81,'MERCADERIAS VARIAS',1.00,'8',90000.00,90000.00,0.00,0.00,0.00,2,18900.00,108900.00,'2024-03-05 18:05:04','2024-03-05 18:05:04',NULL,NULL),(165,9435,82,'MERCADERIAS VARIAS',1.00,'8',90000.00,90000.00,0.00,0.00,0.00,2,18900.00,108900.00,'2024-03-05 18:09:20','2024-03-05 18:09:20',NULL,NULL),(166,9435,83,'MERCADERIAS VARIAS',1.00,'8',90000.00,90000.00,0.00,0.00,0.00,2,18900.00,108900.00,'2024-03-05 18:09:23','2024-03-05 18:09:23',NULL,NULL),(167,9435,84,'MERCADERIAS VARIAS',1.00,'8',90000.00,90000.00,0.00,0.00,0.00,2,18900.00,108900.00,'2024-03-05 18:09:26','2024-03-05 18:09:26',NULL,NULL),(168,9435,85,'MERCADERIAS VARIAS',1.00,'8',90000.00,90000.00,0.00,0.00,0.00,2,18900.00,108900.00,'2024-03-05 18:09:29','2024-03-05 18:09:29',NULL,NULL),(169,9435,86,'MERCADERIAS VARIAS',1.00,'8',90000.00,90000.00,0.00,0.00,0.00,2,18900.00,108900.00,'2024-03-05 18:09:32','2024-03-05 18:09:32',NULL,NULL),(170,9435,87,'MERCADERIAS VARIAS',1.00,'8',90000.00,90000.00,0.00,0.00,0.00,2,18900.00,108900.00,'2024-03-05 18:09:35','2024-03-05 18:09:35',NULL,NULL),(171,9435,88,'MERCADERIAS VARIAS',1.00,'8',90000.00,90000.00,0.00,0.00,0.00,2,18900.00,108900.00,'2024-03-05 18:09:37','2024-03-05 18:09:37',NULL,NULL);
INSERT INTO `fact_elec_receipt_details` VALUES (172,9435,89,'Mercaderias Varias',1.00,'8',46000.00,46000.00,0.00,0.00,0.00,2,9660.00,55660.00,'2024-03-05 18:43:30','2024-03-05 18:43:30',NULL,NULL),(173,9435,90,'Mercaderias Varias',1.00,'8',46000.00,46000.00,0.00,0.00,0.00,2,9660.00,55660.00,'2024-03-05 18:43:34','2024-03-05 18:43:34',NULL,NULL),(174,9435,91,'Mercaderias Varias',1.00,'8',46000.00,46000.00,0.00,0.00,0.00,2,9660.00,55660.00,'2024-03-05 18:43:37','2024-03-05 18:43:37',NULL,NULL),(175,9435,92,'Mercaderias Varias',1.00,'8',46000.00,46000.00,0.00,0.00,0.00,2,9660.00,55660.00,'2024-03-05 18:43:40','2024-03-05 18:43:40',NULL,NULL),(176,9435,93,'Mercaderias Varias',1.00,'8',46000.00,46000.00,0.00,0.00,0.00,2,9660.00,55660.00,'2024-03-05 18:43:43','2024-03-05 18:43:43',NULL,NULL),(177,9435,94,'Mercaderias Varias',1.00,'8',46000.00,46000.00,0.00,0.00,0.00,2,9660.00,55660.00,'2024-03-05 18:43:46','2024-03-05 18:43:46',NULL,NULL),(178,9435,95,'Mercaderias Varias',1.00,'8',46000.00,46000.00,0.00,0.00,0.00,2,9660.00,55660.00,'2024-03-05 18:43:49','2024-03-05 18:43:49',NULL,NULL),(179,9435,96,'Suavizante Confort x 3',1.00,'8',5730.00,5730.00,0.00,0.00,0.00,2,1203.30,6933.30,'2024-03-05 20:45:25','2024-03-05 20:45:25','',NULL),(180,9435,96,'Ala liquido x 3',1.00,'8',6132.00,6132.00,0.00,0.00,0.00,2,1287.72,7419.72,'2024-03-05 20:45:25','2024-03-05 20:45:25','',NULL),(181,9435,96,'Ayudin x 2l',2.00,'8',1232.00,2464.00,0.00,0.00,0.00,2,517.44,2981.44,'2024-03-05 20:45:25','2024-03-05 20:45:25','',NULL),(182,9435,96,'Escobillon c / cabo',1.00,'8',3586.77,3586.77,0.00,0.00,0.00,2,753.22,4339.99,'2024-03-05 20:45:25','2024-03-05 20:45:25','',NULL),(183,9435,96,'Poet x 900',1.00,'8',1074.38,1074.38,0.00,0.00,0.00,2,225.62,1300.00,'2024-03-05 20:45:25','2024-03-05 20:45:25','',NULL),(184,9435,96,'Deterg Magistral',1.00,'8',3140.49,3140.49,0.00,0.00,0.00,2,659.50,3799.99,'2024-03-05 20:45:25','2024-03-05 20:45:25','',NULL),(185,9435,96,'Trapo de piso',2.00,'8',1074.38,2148.76,0.00,0.00,0.00,2,451.24,2600.00,'2024-03-05 20:45:25','2024-03-05 20:45:25','',NULL),(186,9435,96,'Coca cola zero',4.00,'8',1636.36,6545.44,0.00,0.00,0.00,2,1374.54,7919.98,'2024-03-05 20:45:25','2024-03-05 20:45:25','',NULL),(187,9435,96,'cepita tetra',2.00,'8',1487.60,2975.20,0.00,0.00,0.00,2,624.79,3599.99,'2024-03-05 20:45:25','2024-03-05 20:45:25','',NULL),(188,9435,96,'Agua x 3lts',2.00,'8',991.73,1983.46,0.00,0.00,0.00,2,416.53,2399.99,'2024-03-05 20:45:25','2024-03-05 20:45:25','',NULL),(189,9435,96,'Aquarius 2,25 lts',5.00,'8',1570.24,7851.20,0.00,0.00,0.00,2,1648.75,9499.95,'2024-03-05 20:45:25','2024-03-05 20:45:25','',NULL),(190,9435,96,'Traviata x 5',2.00,'8',2148.76,4297.52,0.00,0.00,0.00,2,902.48,5200.00,'2024-03-05 20:45:25','2024-03-05 20:45:25','',NULL),(191,9435,96,'Bizcochuelo',1.00,'8',2314.04,2314.04,0.00,0.00,0.00,2,485.95,2799.99,'2024-03-05 20:45:25','2024-03-05 20:45:25','',NULL),(192,9435,96,'Galletita Diversion',1.00,'8',1570.24,1570.24,0.00,0.00,0.00,2,329.75,1899.99,'2024-03-05 20:45:25','2024-03-05 20:45:25','',NULL),(193,9435,96,'Untable Ilolay',2.00,'8',1570.24,3140.48,0.00,0.00,0.00,2,659.50,3799.98,'2024-03-05 20:45:25','2024-03-05 20:45:25','',NULL),(194,9435,96,'Rallado Preferido',1.00,'8',1239.66,1239.66,0.00,0.00,0.00,2,260.33,1499.99,'2024-03-05 20:45:25','2024-03-05 20:45:25','',NULL),(195,9435,96,'Descremada Ilolay',1.00,'8',1074.38,1074.38,0.00,0.00,0.00,2,225.62,1300.00,'2024-03-05 20:45:25','2024-03-05 20:45:25','',NULL),(196,9435,96,'Galletitas Lincoln',2.00,'8',909.09,1818.18,0.00,0.00,0.00,2,381.82,2200.00,'2024-03-05 20:45:25','2024-03-05 20:45:25','',NULL),(197,9435,96,'Coca cola x3 ',2.00,'8',2644.62,5289.24,0.00,0.00,0.00,2,1110.74,6399.98,'2024-03-05 20:45:25','2024-03-05 20:45:25','',NULL),(198,9435,96,'Leche Polvo Lechera',1.00,'8',4876.03,4876.03,0.00,0.00,0.00,2,1023.97,5900.00,'2024-03-05 20:45:25','2024-03-05 20:45:25','',NULL),(199,9435,96,'Manteca Paulina',2.00,'8',1257.02,2514.04,0.00,0.00,0.00,2,527.95,3041.99,'2024-03-05 20:45:25','2024-03-05 20:45:25','',NULL);
INSERT INTO `fact_elec_receipt_details` VALUES (200,9435,96,'Rollo de cocina',1.00,'8',1405.95,1405.95,0.00,0.00,0.00,2,295.25,1701.20,'2024-03-05 20:45:25','2024-03-05 20:45:25','',NULL),(201,9435,96,'Ravioles Italiana',1.00,'8',1818.18,1818.18,0.00,0.00,0.00,2,381.82,2200.00,'2024-03-05 20:45:25','2024-03-05 20:45:25','',NULL),(202,9435,96,'Agua Mineral x 1.5',6.00,'8',760.33,4561.98,0.00,0.00,0.00,2,958.02,5520.00,'2024-03-05 20:45:25','2024-03-05 20:45:25','',NULL),(203,9435,96,'amanda x 500 gr',2.00,'8',2396.69,4793.38,0.00,0.00,0.00,2,1006.61,5799.99,'2024-03-05 20:45:25','2024-03-05 20:45:25','',NULL),(204,9435,96,'galletitas sonrisas',2.00,'8',909.09,1818.18,0.00,0.00,0.00,2,381.82,2200.00,'2024-03-05 20:45:25','2024-03-05 20:45:25','',NULL),(205,9435,96,'Condimentos varios',1.00,'8',4090.90,4090.90,0.00,0.00,0.00,2,859.09,4949.99,'2024-03-05 20:45:25','2024-03-05 20:45:25','',NULL),(206,9435,96,'condimentos sueltos (pimenton)',1.00,'8',6446.28,6446.28,0.00,0.00,0.00,2,1353.72,7800.00,'2024-03-05 20:45:25','2024-03-05 20:45:25','',NULL),(207,9435,96,'Tapa Pascualina',3.00,'8',1239.66,3718.98,0.00,0.00,0.00,2,780.99,4499.97,'2024-03-05 20:45:25','2024-03-05 20:45:25','',NULL),(208,9435,96,'queso rallado',1.00,'8',742.97,742.97,0.00,0.00,0.00,2,156.02,898.99,'2024-03-05 20:45:25','2024-03-05 20:45:25','',NULL),(209,9435,96,'tapa para empanadas',6.00,'8',990.08,5940.48,0.00,0.00,0.00,2,1247.50,7187.98,'2024-03-05 20:45:25','2024-03-05 20:45:25','',NULL),(210,9435,96,'Mermelada',1.00,'8',1322.31,1322.31,0.00,0.00,0.00,2,277.69,1600.00,'2024-03-05 20:45:25','2024-03-05 20:45:25','',NULL),(211,9435,96,'Fecula de Mandioca',1.00,'8',2404.95,2404.95,0.00,0.00,0.00,2,505.04,2909.99,'2024-03-05 20:45:25','2024-03-05 20:45:25','',NULL),(212,9435,96,'Serrana x 3',2.00,'8',1239.66,2479.32,0.00,0.00,0.00,2,520.66,2999.98,'2024-03-05 20:45:25','2024-03-05 20:45:25','',NULL),(213,9435,96,'Yogurt Ilolay',6.00,'8',724.79,4348.74,0.00,0.00,0.00,2,913.24,5261.98,'2024-03-05 20:45:25','2024-03-05 20:45:25','',NULL),(214,9435,96,'Secador doble goma con cabo ',1.00,'8',3223.14,3223.14,0.00,0.00,0.00,2,676.86,3900.00,'2024-03-05 20:45:25','2024-03-05 20:45:25','',NULL),(215,9435,96,'Crema de Leche',1.00,'8',2293.38,2293.38,0.00,0.00,0.00,2,481.61,2774.99,'2024-03-05 20:45:25','2024-03-05 20:45:25','',NULL),(216,9435,96,'Yogurt de lts',1.00,'8',1286.77,1286.77,0.00,0.00,0.00,2,270.22,1556.99,'2024-03-05 20:45:25','2024-03-05 20:45:25','',NULL),(217,9435,96,'Papas fritas',2.00,'8',1239.66,2479.32,0.00,0.00,0.00,2,520.66,2999.98,'2024-03-05 20:45:25','2024-03-05 20:45:25','',NULL),(218,9435,96,'saladix Duo',1.00,'8',991.73,991.73,0.00,0.00,0.00,2,208.26,1199.99,'2024-03-05 20:45:25','2024-03-05 20:45:25','',NULL),(219,9435,96,'Rollo de cocina 12P',1.00,'8',2553.71,2553.71,0.00,0.00,0.00,2,536.28,3089.99,'2024-03-05 20:45:25','2024-03-05 20:45:25','',NULL),(220,9435,96,'Papel higienico Elegant x 6',1.00,'8',2140.49,2140.49,0.00,0.00,0.00,2,449.50,2589.99,'2024-03-05 20:45:25','2024-03-05 20:45:25','',NULL),(221,9435,96,'Poet x 4lt',1.00,'8',2809.91,2809.91,0.00,0.00,0.00,2,590.08,3399.99,'2024-03-05 20:45:25','2024-03-05 20:45:25','',NULL),(222,9435,96,'Franela Eco',1.00,'8',1157.02,1157.02,0.00,0.00,0.00,2,242.97,1399.99,'2024-03-05 20:45:25','2024-03-05 20:45:25','',NULL),(223,9435,96,'Productos Congelados \"La Reina\"',1.00,'8',7913.22,7913.22,0.00,0.00,0.00,2,1661.78,9575.00,'2024-03-05 20:45:25','2024-03-05 20:45:25','',NULL),(224,9435,96,'Kesitas',1.00,'8',1057.85,1057.85,0.00,0.00,0.00,2,222.15,1280.00,'2024-03-05 20:45:25','2024-03-05 20:45:25','',NULL),(225,9435,96,'Rex ',1.00,'8',1223.14,1223.14,0.00,0.00,0.00,2,256.86,1480.00,'2024-03-05 20:45:25','2024-03-05 20:45:25','',NULL),(226,9435,96,'Stella 330',6.00,'8',995.73,5974.38,0.00,0.00,0.00,2,1254.62,7229.00,'2024-03-05 20:45:25','2024-03-05 20:45:25','',NULL),(227,9435,96,'Aquarius 1.5lts',1.00,'8',1404.95,1404.95,0.00,0.00,0.00,2,295.04,1699.99,'2024-03-05 20:45:25','2024-03-05 20:45:25','',NULL);
INSERT INTO `fact_elec_receipt_details` VALUES (228,9435,97,'Queso Barra 780 gr',1.00,'8',4727.27,4727.27,0.00,0.00,0.00,2,992.73,5720.00,'2024-03-06 18:35:10','2024-03-06 18:35:10','',NULL),(229,9435,97,'Paleta 750 gr',1.00,'8',4241.25,4241.25,0.00,0.00,0.00,2,890.66,5131.91,'2024-03-06 18:35:10','2024-03-06 18:35:10','',NULL),(230,9435,97,'Cremoso 790 gr',1.00,'8',4628.00,4628.00,0.00,0.00,0.00,2,971.88,5599.88,'2024-03-06 18:35:10','2024-03-06 18:35:10','',NULL),(231,9435,97,'Tomate 2.05 kg',1.00,'8',1239.66,1239.66,0.00,0.00,0.00,2,260.33,1499.99,'2024-03-06 18:35:10','2024-03-06 18:35:10','',NULL),(232,9435,97,'Acelga 2 maso',1.00,'8',1818.18,1818.18,0.00,0.00,0.00,2,381.82,2200.00,'2024-03-06 18:35:10','2024-03-06 18:35:10','',NULL),(233,9435,97,'Zanahoria 750gr',1.00,'8',645.00,645.00,0.00,0.00,0.00,2,135.45,780.45,'2024-03-06 18:35:10','2024-03-06 18:35:10','',NULL),(234,9435,97,'Morrron 365 gr',1.00,'8',1055.00,1055.00,0.00,0.00,0.00,2,221.55,1276.55,'2024-03-06 18:35:10','2024-03-06 18:35:10','',NULL),(235,9435,97,'Muslo 2.900kg',1.00,'8',5272.72,5272.72,0.00,0.00,0.00,2,1107.27,6379.99,'2024-03-06 18:35:10','2024-03-06 18:35:10','',NULL),(236,9435,97,'Pollo 2.9 kg',1.00,'8',2314.04,2314.04,0.00,0.00,0.00,2,485.95,2799.99,'2024-03-06 18:35:10','2024-03-06 18:35:10','',NULL),(237,9435,97,'Costeleta 3.990 kg',1.00,'8',4942.14,4942.14,0.00,0.00,0.00,2,1037.85,5979.99,'2024-03-06 18:35:10','2024-03-06 18:35:10','',NULL),(238,9435,97,'Molida 2.5 kg',1.00,'8',4628.09,4628.09,0.00,0.00,0.00,2,971.90,5599.99,'2024-03-06 18:35:10','2024-03-06 18:35:10','',NULL),(239,9435,97,'Verduleria',1.00,'8',2479.33,2479.33,0.00,0.00,0.00,2,520.66,2999.99,'2024-03-06 18:35:10','2024-03-06 18:35:10','',NULL),(240,9435,97,'banana / naranja x 3 doc',1.00,'8',4710.00,4710.00,0.00,0.00,0.00,2,989.10,5699.10,'2024-03-06 18:35:10','2024-03-06 18:35:10','',NULL),(241,9435,97,'Papa 29 kg',29.00,'2',652.89,18933.81,0.00,0.00,0.00,2,3976.10,22909.91,'2024-03-06 18:35:10','2024-03-06 18:35:10','',NULL),(242,9435,97,'Cebolla x 29 kg',29.00,'2',809.91,23487.39,0.00,0.00,0.00,2,4932.35,28419.74,'2024-03-06 18:35:10','2024-03-06 18:35:10','',NULL),(243,9435,97,'Rivoli suelto x 27 kg',27.00,'2',3140.49,84793.23,0.00,0.00,0.00,2,17806.58,102599.81,'2024-03-06 18:35:10','2024-03-06 18:35:10','',NULL),(244,9435,97,'3 kg de Pan ',3.00,'2',1240.00,3720.00,0.00,0.00,0.00,2,781.20,4501.20,'2024-03-06 18:35:10','2024-03-06 18:35:10','',NULL),(245,9435,97,'Chorizo x 2.5 kg',1.00,'8',2809.91,2809.91,0.00,0.00,0.00,2,590.08,3399.99,'2024-03-06 18:35:10','2024-03-06 18:35:10','',NULL),(246,9435,97,'Aceite Cañuelas x 1.5 lts',13.00,'8',3471.07,45123.91,0.00,0.00,0.00,2,9476.02,54599.93,'2024-03-06 18:35:10','2024-03-06 18:35:10','',NULL),(247,9435,97,'Marcrem Grasa ',13.00,'8',2975.06,38675.78,0.00,0.00,0.00,2,8121.91,46797.69,'2024-03-06 18:35:10','2024-03-06 18:35:10','',NULL),(248,9435,97,'Azucar x kg',26.00,'8',991.73,25784.98,0.00,0.00,0.00,2,5414.85,31199.83,'2024-03-06 18:35:10','2024-03-06 18:35:10','',NULL),(249,9435,97,'Pure La Huerta ',39.00,'8',789.25,30780.75,0.00,0.00,0.00,2,6463.96,37244.71,'2024-03-06 18:35:10','2024-03-06 18:35:10','',NULL),(250,9435,97,'Polenta PP Arcor ',26.00,'8',991.73,25784.98,0.00,0.00,0.00,2,5414.85,31199.83,'2024-03-06 18:35:10','2024-03-06 18:35:10','',NULL),(251,9435,97,'Sal Gruesa',13.00,'8',413.22,5371.86,0.00,0.00,0.00,2,1128.09,6499.95,'2024-03-06 18:35:10','2024-03-06 18:35:10','',NULL),(252,9435,97,'Florencia x 5 kg',13.00,'8',4380.16,56942.08,0.00,0.00,0.00,2,11957.84,68899.92,'2024-03-06 18:35:10','2024-03-06 18:35:10','',NULL),(253,9435,97,'Arroz Fink ',26.00,'8',1900.82,49421.32,0.00,0.00,0.00,2,10378.48,59799.80,'2024-03-06 18:35:10','2024-03-06 18:35:10','',NULL),(254,9435,97,'Amanda x kg',26.00,'8',4348.84,113069.84,0.00,0.00,0.00,2,23744.67,136814.51,'2024-03-06 18:35:10','2024-03-06 18:35:10','',NULL),(255,9435,97,'Saldo Anterior',1.00,'8',8099.17,8099.17,0.00,0.00,0.00,2,1700.83,9800.00,'2024-03-06 18:35:10','2024-03-06 18:35:10','',NULL);
INSERT INTO `fact_elec_receipt_details` VALUES (256,9435,98,'Mercaderias varias',1.00,'8',24793.39,24793.39,0.00,0.00,0.00,2,5206.61,30000.00,'2024-03-11 21:23:29','2024-03-11 21:23:29','',NULL),(292,9435,100,'Coca de Vidrio',9.00,'8',1900.82,17107.38,0.00,0.00,0.00,2,3592.55,20699.93,'2024-03-21 18:08:14','2024-03-21 18:08:14','',NULL),(293,9435,100,'Coca Zero',6.00,'8',1975.20,11851.20,0.00,0.00,0.00,2,2488.75,14339.95,'2024-03-21 18:08:14','2024-03-21 18:08:14','',NULL),(294,9435,100,'heineken lata',30.00,'8',2024.79,60743.70,0.00,0.00,0.00,2,12756.18,73499.88,'2024-03-21 18:08:14','2024-03-21 18:08:14','',NULL),(295,9435,100,'Hielo Rulitos',16.00,'2',1636.36,26181.76,0.00,0.00,0.00,2,5498.17,31679.93,'2024-03-21 18:08:15','2024-03-21 18:08:15','',NULL),(296,9435,100,'Soda',6.00,'8',1239.66,7437.96,0.00,0.00,0.00,2,1561.97,8999.93,'2024-03-21 18:08:15','2024-03-21 18:08:15','',NULL),(297,9435,100,'Agua Saborizada',18.00,'8',1983.47,35702.46,0.00,0.00,0.00,2,7497.52,43199.98,'2024-03-21 18:08:15','2024-03-21 18:08:15','',NULL),(298,9435,100,'Cafe en saquito',14.00,'8',123.96,1735.44,0.00,0.00,0.00,2,364.44,2099.88,'2024-03-21 18:08:15','2024-03-21 18:08:15','',NULL),(299,9435,100,'Facturas x doc',6.00,'10',7851.23,47107.38,0.00,0.00,0.00,2,9892.55,56999.93,'2024-03-21 18:08:15','2024-03-21 18:08:15','',NULL),(300,9435,100,'Medialunas Saladas x doc',2.00,'8',7024.79,14049.58,0.00,0.00,0.00,2,2950.41,16999.99,'2024-03-21 18:08:15','2024-03-21 18:08:15','',NULL),(301,9435,100,'Pan pebete saborizado x doc',5.00,'10',2892.56,14462.80,0.00,0.00,0.00,2,3037.19,17499.99,'2024-03-21 18:08:15','2024-03-21 18:08:15','',NULL),(302,9435,100,'Pan Hamburguesa x doc',6.00,'10',3223.14,19338.84,0.00,0.00,0.00,2,4061.16,23400.00,'2024-03-21 18:08:15','2024-03-21 18:08:15','',NULL),(303,9435,100,'Helados Grido xcaja',2.00,'8',9917.35,19834.70,0.00,0.00,0.00,2,4165.29,23999.99,'2024-03-21 18:08:15','2024-03-21 18:08:15','',NULL),(304,9435,100,'Cebolla morada',2.00,'2',1636.36,3272.72,0.00,0.00,0.00,2,687.27,3959.99,'2024-03-21 18:08:15','2024-03-21 18:08:15','',NULL),(305,9435,100,'Palta ',2.00,'2',5206.61,10413.22,0.00,0.00,0.00,2,2186.78,12600.00,'2024-03-21 18:08:15','2024-03-21 18:08:15','',NULL),(306,9435,100,'Tomate',2.00,'2',1487.60,2975.20,0.00,0.00,0.00,2,624.79,3599.99,'2024-03-21 18:08:15','2024-03-21 18:08:15','',NULL),(307,9435,100,'Lechuga x planta',8.00,'8',413.22,3305.76,0.00,0.00,0.00,2,694.21,3999.97,'2024-03-21 18:08:15','2024-03-21 18:08:15','',NULL),(308,9435,100,'Morron Rojo',1.00,'2',4090.90,4090.90,0.00,0.00,0.00,2,859.09,4949.99,'2024-03-21 18:08:15','2024-03-21 18:08:15','',NULL),(309,9435,100,'Harina Ranchito',2.00,'8',1900.82,3801.64,0.00,0.00,0.00,2,798.34,4599.98,'2024-03-21 18:08:15','2024-03-21 18:08:15','',NULL),(310,9435,100,'Agua Eco x 600',36.00,'8',661.15,23801.40,0.00,0.00,0.00,2,4998.29,28799.69,'2024-03-21 18:08:15','2024-03-21 18:08:15','',NULL),(311,9435,100,'Agua Eco x 1.5lts',18.00,'8',909.09,16363.62,0.00,0.00,0.00,2,3436.36,19799.98,'2024-03-21 18:08:15','2024-03-21 18:08:15','',NULL),(312,9435,100,'Vino- \"El que rie Ultimo\"',2.00,'8',7954.54,15909.08,0.00,0.00,0.00,3,4295.45,20204.53,'2024-03-21 18:08:15','2024-03-21 18:08:15','',NULL),(313,9435,100,'Mayonesa Natura',3.00,'8',991.73,2975.19,0.00,0.00,0.00,2,624.79,3599.98,'2024-03-21 18:08:15','2024-03-21 18:08:15','',NULL),(314,9435,100,'Motstaza aderezo',3.00,'8',1012.39,3037.17,0.00,0.00,0.00,3,820.04,3857.21,'2024-03-21 18:08:15','2024-03-21 18:08:15','',NULL),(315,9435,100,'Rollo de cocina ',3.00,'8',3191.73,9575.19,0.00,0.00,0.00,2,2010.79,11585.98,'2024-03-21 18:08:15','2024-03-21 18:08:15','',NULL),(316,9435,100,'LV Cafe Instantaneo',1.00,'8',2262.80,2262.80,0.00,0.00,0.00,2,475.19,2737.99,'2024-03-21 18:08:15','2024-03-21 18:08:15','',NULL),(317,9435,100,'Leche polvo mini Ilolay',2.00,'8',6508.26,13016.52,0.00,0.00,0.00,2,2733.47,15749.99,'2024-03-21 18:08:15','2024-03-21 18:08:15','',NULL);
INSERT INTO `fact_elec_receipt_details` VALUES (318,9435,100,'Edulcorante Sobres mini',2.00,'8',2995.86,5991.72,0.00,0.00,0.00,2,1258.26,7249.98,'2024-03-21 18:08:15','2024-03-21 18:08:15','',NULL),(319,9435,100,'Escarbadientes',6.00,'8',206.61,1239.66,0.00,0.00,0.00,2,260.33,1499.99,'2024-03-21 18:08:15','2024-03-21 18:08:15','',NULL),(320,9435,100,'Vasos Cafe',50.00,'8',206.61,10330.50,0.00,0.00,0.00,2,2169.41,12499.91,'2024-03-21 18:08:15','2024-03-21 18:08:15','',NULL),(321,9435,100,'servilletero',1.00,'8',7355.37,7355.37,0.00,0.00,0.00,2,1544.63,8900.00,'2024-03-21 18:08:15','2024-03-21 18:08:15','',NULL),(322,9435,100,'Servilleta x 200 unidades',2.00,'8',2066.11,4132.22,0.00,0.00,0.00,2,867.77,4999.99,'2024-03-21 18:08:15','2024-03-21 18:08:15','',NULL),(323,9435,100,'Hieleras',2.00,'8',2892.56,5785.12,0.00,0.00,0.00,2,1214.88,7000.00,'2024-03-21 18:08:15','2024-03-21 18:08:15','',NULL),(324,9435,100,'Mercaderias Varias (Elec)',2.00,'8',13223.14,26446.28,0.00,0.00,0.00,2,5553.72,32000.00,'2024-03-21 18:08:15','2024-03-21 18:08:15','',NULL),(325,9435,100,'Vasos Plasticos',50.00,'8',123.96,6198.00,0.00,0.00,0.00,2,1301.58,7499.58,'2024-03-21 18:08:15','2024-03-21 18:08:15','',NULL),(326,9435,100,'Mercaderias Varias (Disp)',1.00,'8',123966.94,123966.94,0.00,0.00,0.00,2,26033.06,150000.00,'2024-03-21 18:08:15','2024-03-21 18:08:15','',NULL),(327,9435,101,'Mercaderias Varias',1.00,'8',31345.14,31345.14,0.00,0.00,0.00,2,6582.48,37927.62,'2024-03-26 12:42:35','2024-03-26 12:42:35','',NULL),(328,9435,102,'MERCADERIAS VARIAS',1.00,'8',90000.00,90000.00,0.00,0.00,0.00,2,18900.00,108900.00,'2024-04-03 19:53:01','2024-04-03 19:53:01',NULL,NULL),(329,9435,103,'MERCADERIAS VARIAS',1.00,'8',90000.00,90000.00,0.00,0.00,0.00,2,18900.00,108900.00,'2024-04-03 19:53:05','2024-04-03 19:53:05',NULL,NULL),(330,9435,104,'MERCADERIAS VARIAS',1.00,'8',90000.00,90000.00,0.00,0.00,0.00,2,18900.00,108900.00,'2024-04-03 19:53:08','2024-04-03 19:53:08',NULL,NULL),(331,9435,105,'MERCADERIAS VARIAS',1.00,'8',90000.00,90000.00,0.00,0.00,0.00,2,18900.00,108900.00,'2024-04-03 19:53:11','2024-04-03 19:53:11',NULL,NULL),(332,9435,106,'MERCADERIAS VARIAS',1.00,'8',90000.00,90000.00,0.00,0.00,0.00,2,18900.00,108900.00,'2024-04-03 19:53:14','2024-04-03 19:53:14',NULL,NULL),(333,9435,107,'MERCADERIAS VARIAS',1.00,'8',90000.00,90000.00,0.00,0.00,0.00,2,18900.00,108900.00,'2024-04-03 19:53:16','2024-04-03 19:53:16',NULL,NULL),(334,9435,108,'MERCADERIAS VARIAS',1.00,'8',90000.00,90000.00,0.00,0.00,0.00,2,18900.00,108900.00,'2024-04-03 19:53:22','2024-04-03 19:53:22',NULL,NULL),(335,9435,109,'MERCADERIAS VARIAS',1.00,'8',90000.00,90000.00,0.00,0.00,0.00,2,18900.00,108900.00,'2024-04-03 19:59:37','2024-04-03 19:59:37',NULL,NULL),(336,9435,110,'MERCADERIAS VARIAS',1.00,'8',90000.00,90000.00,0.00,0.00,0.00,2,18900.00,108900.00,'2024-04-03 19:59:41','2024-04-03 19:59:41',NULL,NULL),(337,9435,111,'MERCADERIAS VARIAS',1.00,'8',90000.00,90000.00,0.00,0.00,0.00,2,18900.00,108900.00,'2024-04-03 19:59:44','2024-04-03 19:59:44',NULL,NULL),(338,9435,112,'MERCADERIAS VARIAS',1.00,'8',90000.00,90000.00,0.00,0.00,0.00,2,18900.00,108900.00,'2024-04-03 19:59:47','2024-04-03 19:59:47',NULL,NULL),(339,9435,113,'MERCADERIAS VARIAS',1.00,'8',90000.00,90000.00,0.00,0.00,0.00,2,18900.00,108900.00,'2024-04-03 19:59:50','2024-04-03 19:59:50',NULL,NULL),(340,9435,114,'MERCADERIAS VARIAS',1.00,'8',90000.00,90000.00,0.00,0.00,0.00,2,18900.00,108900.00,'2024-04-03 19:59:53','2024-04-03 19:59:53',NULL,NULL),(341,9435,115,'MERCADERIAS VARIAS',1.00,'8',90000.00,90000.00,0.00,0.00,0.00,2,18900.00,108900.00,'2024-04-03 19:59:55','2024-04-03 19:59:55',NULL,NULL),(342,9435,116,'MERCADERIAS VARIAS',1.00,'8',90000.00,90000.00,0.00,0.00,0.00,2,18900.00,108900.00,'2024-04-03 20:01:35','2024-04-03 20:01:35',NULL,NULL),(343,9435,117,'MERCADERIAS VARIAS',1.00,'8',90000.00,90000.00,0.00,0.00,0.00,2,18900.00,108900.00,'2024-04-03 20:01:39','2024-04-03 20:01:39',NULL,NULL);
INSERT INTO `fact_elec_receipt_details` VALUES (344,9435,118,'MERCADERIAS VARIAS',1.00,'8',90000.00,90000.00,0.00,0.00,0.00,2,18900.00,108900.00,'2024-04-03 20:01:43','2024-04-03 20:01:43',NULL,NULL),(345,9435,119,'MERCADERIAS VARIAS',1.00,'8',90000.00,90000.00,0.00,0.00,0.00,2,18900.00,108900.00,'2024-04-03 20:01:46','2024-04-03 20:01:46',NULL,NULL),(346,9435,120,'MERCADERIAS VARIAS',1.00,'8',90000.00,90000.00,0.00,0.00,0.00,2,18900.00,108900.00,'2024-04-03 20:01:50','2024-04-03 20:01:50',NULL,NULL),(347,9435,121,'MERCADERIAS VARIAS',1.00,'8',90000.00,90000.00,0.00,0.00,0.00,2,18900.00,108900.00,'2024-04-03 20:01:53','2024-04-03 20:01:53',NULL,NULL),(348,9435,122,'MERCADERIAS VARIAS',1.00,'8',90000.00,90000.00,0.00,0.00,0.00,2,18900.00,108900.00,'2024-04-03 20:01:56','2024-04-03 20:01:56',NULL,NULL),(349,9435,123,'MERCADERIAS VARIAS',1.00,'8',90000.00,90000.00,0.00,0.00,0.00,2,18900.00,108900.00,'2024-04-03 20:05:38','2024-04-03 20:05:38',NULL,NULL),(350,9435,124,'MERCADERIAS VARIAS',1.00,'8',90000.00,90000.00,0.00,0.00,0.00,2,18900.00,108900.00,'2024-04-03 20:05:42','2024-04-03 20:05:42',NULL,NULL),(351,9435,125,'MERCADERIAS VARIAS',1.00,'8',90000.00,90000.00,0.00,0.00,0.00,2,18900.00,108900.00,'2024-04-03 20:05:45','2024-04-03 20:05:45',NULL,NULL),(352,9435,126,'MERCADERIAS VARIAS',1.00,'8',90000.00,90000.00,0.00,0.00,0.00,2,18900.00,108900.00,'2024-04-03 20:05:48','2024-04-03 20:05:48',NULL,NULL),(353,9435,127,'MERCADERIAS VARIAS',1.00,'8',90000.00,90000.00,0.00,0.00,0.00,2,18900.00,108900.00,'2024-04-03 20:05:51','2024-04-03 20:05:51',NULL,NULL),(354,9435,128,'MERCADERIAS VARIAS',1.00,'8',90000.00,90000.00,0.00,0.00,0.00,2,18900.00,108900.00,'2024-04-03 20:05:54','2024-04-03 20:05:54',NULL,NULL),(355,9435,129,'MERCADERIAS VARIAS',1.00,'8',90000.00,90000.00,0.00,0.00,0.00,2,18900.00,108900.00,'2024-04-03 20:05:57','2024-04-03 20:05:57',NULL,NULL),(356,9435,130,'MERCADERIAS VARIAS',1.00,'8',90000.00,90000.00,0.00,0.00,0.00,2,18900.00,108900.00,'2024-04-03 20:07:56','2024-04-03 20:07:56',NULL,NULL),(357,9435,131,'MERCADERIAS VARIAS',1.00,'8',90000.00,90000.00,0.00,0.00,0.00,2,18900.00,108900.00,'2024-04-03 20:08:00','2024-04-03 20:08:00',NULL,NULL),(358,9435,132,'MERCADERIAS VARIAS',1.00,'8',90000.00,90000.00,0.00,0.00,0.00,2,18900.00,108900.00,'2024-04-03 20:08:03','2024-04-03 20:08:03',NULL,NULL),(359,9435,133,'MERCADERIAS VARIAS',1.00,'8',90000.00,90000.00,0.00,0.00,0.00,2,18900.00,108900.00,'2024-04-03 20:08:06','2024-04-03 20:08:06',NULL,NULL),(360,9435,134,'MERCADERIAS VARIAS',1.00,'8',90000.00,90000.00,0.00,0.00,0.00,2,18900.00,108900.00,'2024-04-03 20:08:09','2024-04-03 20:08:09',NULL,NULL),(361,9435,135,'MERCADERIAS VARIAS',1.00,'8',90000.00,90000.00,0.00,0.00,0.00,2,18900.00,108900.00,'2024-04-03 20:08:13','2024-04-03 20:08:13',NULL,NULL),(362,9435,136,'MERCADERIAS VARIAS',1.00,'8',90000.00,90000.00,0.00,0.00,0.00,2,18900.00,108900.00,'2024-04-03 20:08:16','2024-04-03 20:08:16',NULL,NULL),(363,9435,137,'MERCADERIAS VARIAS',1.00,'8',90000.00,90000.00,0.00,0.00,0.00,2,18900.00,108900.00,'2024-04-03 20:11:51','2024-04-03 20:11:51',NULL,NULL),(364,9435,138,'MERCADERIAS VARIAS',1.00,'8',90000.00,90000.00,0.00,0.00,0.00,2,18900.00,108900.00,'2024-04-03 20:11:55','2024-04-03 20:11:55',NULL,NULL),(365,9435,139,'MERCADERIAS VARIAS',1.00,'8',90000.00,90000.00,0.00,0.00,0.00,2,18900.00,108900.00,'2024-04-03 20:11:58','2024-04-03 20:11:58',NULL,NULL),(366,9435,140,'MERCADERIAS VARIAS',1.00,'8',90000.00,90000.00,0.00,0.00,0.00,2,18900.00,108900.00,'2024-04-03 20:12:01','2024-04-03 20:12:01',NULL,NULL),(367,9435,141,'MERCADERIAS VARIAS',1.00,'8',90000.00,90000.00,0.00,0.00,0.00,2,18900.00,108900.00,'2024-04-03 20:12:05','2024-04-03 20:12:05',NULL,NULL),(368,9435,142,'MERCADERIAS VARIAS',1.00,'8',90000.00,90000.00,0.00,0.00,0.00,2,18900.00,108900.00,'2024-04-03 20:12:08','2024-04-03 20:12:08',NULL,NULL),(369,9435,143,'MERCADERIAS VARIAS',1.00,'8',90000.00,90000.00,0.00,0.00,0.00,2,18900.00,108900.00,'2024-04-03 20:12:12','2024-04-03 20:12:12',NULL,NULL);
INSERT INTO `fact_elec_receipt_details` VALUES (370,9435,144,'MERCADERIAS VARIAS',1.00,'8',90000.00,90000.00,0.00,0.00,0.00,2,18900.00,108900.00,'2024-04-03 20:13:26','2024-04-03 20:13:26',NULL,NULL),(371,9435,145,'MERCADERIAS VARIAS',1.00,'8',90000.00,90000.00,0.00,0.00,0.00,2,18900.00,108900.00,'2024-04-03 20:13:30','2024-04-03 20:13:30',NULL,NULL),(372,9435,146,'MERCADERIAS VARIAS',1.00,'8',90000.00,90000.00,0.00,0.00,0.00,2,18900.00,108900.00,'2024-04-03 20:13:33','2024-04-03 20:13:33',NULL,NULL),(373,9435,147,'MERCADERIAS VARIAS',1.00,'8',90000.00,90000.00,0.00,0.00,0.00,2,18900.00,108900.00,'2024-04-03 20:13:37','2024-04-03 20:13:37',NULL,NULL),(374,9435,148,'MERCADERIAS VARIAS',1.00,'8',90000.00,90000.00,0.00,0.00,0.00,2,18900.00,108900.00,'2024-04-03 20:13:40','2024-04-03 20:13:40',NULL,NULL),(375,9435,149,'MERCADERIAS VARIAS',1.00,'8',90000.00,90000.00,0.00,0.00,0.00,2,18900.00,108900.00,'2024-04-03 20:13:44','2024-04-03 20:13:44',NULL,NULL),(376,9435,150,'MERCADERIAS VARIAS',1.00,'8',90000.00,90000.00,0.00,0.00,0.00,2,18900.00,108900.00,'2024-04-03 20:13:47','2024-04-03 20:13:47',NULL,NULL),(380,9435,154,'Articulos de Limpiezas',1.00,'8',905000.00,905000.00,0.00,0.00,0.00,7,0.00,905000.00,'2024-04-05 09:13:18','2024-04-05 09:13:18','',NULL),(381,9435,155,'MERCADERIAS VARIAS',1.00,'8',90000.00,90000.00,0.00,0.00,0.00,2,18900.00,108900.00,'2024-04-05 09:52:26','2024-04-05 09:52:26',NULL,NULL),(382,9435,156,'MERCADERIAS VARIAS',1.00,'8',90000.00,90000.00,0.00,0.00,0.00,2,18900.00,108900.00,'2024-04-05 09:52:32','2024-04-05 09:52:32',NULL,NULL),(383,9435,157,'MERCADERIAS VARIAS',1.00,'8',90000.00,90000.00,0.00,0.00,0.00,2,18900.00,108900.00,'2024-04-05 09:52:36','2024-04-05 09:52:36',NULL,NULL),(384,9435,158,'MERCADERIAS VARIAS',1.00,'8',90000.00,90000.00,0.00,0.00,0.00,2,18900.00,108900.00,'2024-04-05 09:52:39','2024-04-05 09:52:39',NULL,NULL),(385,9435,159,'MERCADERIAS VARIAS',1.00,'8',90000.00,90000.00,0.00,0.00,0.00,2,18900.00,108900.00,'2024-04-05 09:52:43','2024-04-05 09:52:43',NULL,NULL),(386,9435,160,'MERCADERIAS VARIAS',1.00,'8',90000.00,90000.00,0.00,0.00,0.00,2,18900.00,108900.00,'2024-04-05 09:52:47','2024-04-05 09:52:47',NULL,NULL),(387,9435,161,'MERCADERIAS VARIAS',1.00,'8',90000.00,90000.00,0.00,0.00,0.00,2,18900.00,108900.00,'2024-04-05 09:52:51','2024-04-05 09:52:51',NULL,NULL),(388,9435,162,'MERCADERIAS VARIAS',1.00,'8',90000.00,90000.00,0.00,0.00,0.00,2,18900.00,108900.00,'2024-04-05 09:58:23','2024-04-05 09:58:23',NULL,NULL),(389,9435,163,'MERCADERIAS VARIAS',1.00,'8',90000.00,90000.00,0.00,0.00,0.00,2,18900.00,108900.00,'2024-04-05 09:58:28','2024-04-05 09:58:28',NULL,NULL),(390,9435,164,'MERCADERIAS VARIAS',1.00,'8',90000.00,90000.00,0.00,0.00,0.00,2,18900.00,108900.00,'2024-04-05 09:58:32','2024-04-05 09:58:32',NULL,NULL),(391,9435,165,'MERCADERIAS VARIAS',1.00,'8',90000.00,90000.00,0.00,0.00,0.00,2,18900.00,108900.00,'2024-04-05 09:58:36','2024-04-05 09:58:36',NULL,NULL),(392,9435,166,'MERCADERIAS VARIAS',1.00,'8',90000.00,90000.00,0.00,0.00,0.00,2,18900.00,108900.00,'2024-04-05 09:58:39','2024-04-05 09:58:39',NULL,NULL),(393,9435,167,'MERCADERIAS VARIAS',1.00,'8',90000.00,90000.00,0.00,0.00,0.00,2,18900.00,108900.00,'2024-04-05 09:58:43','2024-04-05 09:58:43',NULL,NULL),(394,9435,168,'MERCADERIAS VARIAS',1.00,'8',90000.00,90000.00,0.00,0.00,0.00,2,18900.00,108900.00,'2024-04-05 09:58:47','2024-04-05 09:58:47',NULL,NULL),(395,9435,169,'MERCADERIAS VARIAS',1.00,'8',100000.00,100000.00,0.00,0.00,0.00,2,21000.00,121000.00,'2024-04-05 10:00:02','2024-04-05 10:00:02',NULL,NULL),(396,9435,170,'MERCADERIAS VARIAS',1.00,'8',100000.00,100000.00,0.00,0.00,0.00,2,21000.00,121000.00,'2024-04-05 10:00:09','2024-04-05 10:00:09',NULL,NULL),(397,9435,171,'MERCADERIAS VARIAS',1.00,'8',90000.00,90000.00,0.00,0.00,0.00,2,18900.00,108900.00,'2024-04-05 10:00:16','2024-04-05 10:00:16',NULL,NULL),(398,9435,172,'MERCADERIAS VARIAS',1.00,'8',90000.00,90000.00,0.00,0.00,0.00,2,18900.00,108900.00,'2024-04-05 10:00:21','2024-04-05 10:00:21',NULL,NULL);
INSERT INTO `fact_elec_receipt_details` VALUES (399,9435,173,'MERCADERIAS VARIAS',1.00,'8',90000.00,90000.00,0.00,0.00,0.00,2,18900.00,108900.00,'2024-04-05 10:00:25','2024-04-05 10:00:25',NULL,NULL),(400,9435,174,'MERCADERIAS VARIAS',1.00,'8',90000.00,90000.00,0.00,0.00,0.00,2,18900.00,108900.00,'2024-04-05 10:00:28','2024-04-05 10:00:28',NULL,NULL),(401,9435,175,'MERCADERIAS VARIAS',1.00,'8',90000.00,90000.00,0.00,0.00,0.00,2,18900.00,108900.00,'2024-04-05 10:00:33','2024-04-05 10:00:33',NULL,NULL),(403,9435,177,'Aanulacion comp de referencia',1.00,'8',905000.00,905000.00,0.00,0.00,0.00,7,0.00,905000.00,'2024-04-05 13:56:30','2024-04-05 13:56:30','',NULL),(484,9435,188,'POETT LIQ DESIN LAVAN 4L',40.00,'8',4828.93,193157.20,0.00,0.00,0.00,2,40563.01,233720.21,'2024-04-08 21:02:04','2024-04-08 21:02:04','60',NULL),(485,9435,188,'CIF CREMA C/LAV.',50.00,'8',1528.93,76446.50,0.00,0.00,0.00,2,16053.76,92500.26,'2024-04-08 21:02:04','2024-04-08 21:02:04','61',NULL),(486,9435,188,'POET FRESCURA DE LAVANDA',50.00,'8',1238.84,61942.00,0.00,0.00,0.00,2,13007.82,74949.82,'2024-04-08 21:02:04','2024-04-08 21:02:04','62',NULL),(487,9435,188,'LISOFORM LAVANDA',50.00,'8',2066.12,103306.00,0.00,0.00,0.00,2,21694.26,125000.26,'2024-04-08 21:02:04','2024-04-08 21:02:04','63',NULL),(488,9435,188,'AGUA LAVANDINA X.5 2LT',85.00,'8',1596.69,135718.65,0.00,0.00,0.00,2,28500.92,164219.57,'2024-04-08 21:02:04','2024-04-08 21:02:04','64',NULL),(489,9435,188,'AGUA LAVANDINA X.5 1LT',50.00,'8',844.00,42200.00,0.00,0.00,0.00,2,8862.00,51062.00,'2024-04-08 21:02:04','2024-04-08 21:02:04','65',NULL),(490,9435,188,'BATUQUE FIBRA ESPONJA 1 UN.',50.00,'8',165.29,8264.50,0.00,0.00,0.00,2,1735.55,10000.05,'2024-04-08 21:02:04','2024-04-08 21:02:04','66',NULL),(491,9435,188,'EXTRA LIMPIO TRAP PISO',103.00,'8',1238.84,126899.03,0.00,701.49,0.00,2,26648.80,153547.83,'2024-04-08 21:02:04','2024-04-08 21:02:04','67',NULL),(492,9435,192,'Harina x25 Kg',4.00,'8',11157.03,44628.12,0.00,0.00,0.00,2,9371.91,54000.03,'2024-04-18 12:53:06','2024-04-18 12:53:06','',NULL),(493,9435,192,'Aceite x5L 1 Caja',4.00,'8',11404.95,45619.80,0.00,0.00,0.00,2,9580.16,55199.96,'2024-04-18 12:53:06','2024-04-18 12:53:06','',NULL),(494,9435,192,'Fideo x5kg rivoli 13 Bolsas',5.00,'8',10876.04,54380.20,0.00,0.00,0.00,2,11419.84,65800.04,'2024-04-18 12:53:06','2024-04-18 12:53:06','',NULL),(495,9435,193,'Mercaderias varias',1.00,'8',120000.00,120000.00,0.00,0.00,0.00,7,0.00,120000.00,'2024-04-22 14:26:19','2024-04-22 14:26:19','',NULL),(496,9435,194,'mercaderias varias',1.00,'8',160000.00,160000.00,0.00,0.00,0.00,7,0.00,160000.00,'2024-04-22 14:27:33','2024-04-22 14:27:33','',NULL),(497,9435,195,'Articulos de Librería',1.00,'8',46000.00,46000.00,0.00,0.00,0.00,2,9660.00,55660.00,'2024-04-28 10:46:46','2024-04-28 10:46:46',NULL,NULL),(498,9435,196,'Articulos de Librería',1.00,'8',46000.00,46000.00,0.00,0.00,0.00,2,9660.00,55660.00,'2024-04-28 10:46:50','2024-04-28 10:46:50',NULL,NULL),(499,9435,197,'Articulos de Librería',1.00,'8',46000.00,46000.00,0.00,0.00,0.00,2,9660.00,55660.00,'2024-04-28 10:46:53','2024-04-28 10:46:53',NULL,NULL),(500,9435,198,'Articulos de Librería',1.00,'8',46000.00,46000.00,0.00,0.00,0.00,2,9660.00,55660.00,'2024-04-28 10:46:55','2024-04-28 10:46:55',NULL,NULL),(501,9435,199,'Articulos de Librería',1.00,'8',46000.00,46000.00,0.00,0.00,0.00,2,9660.00,55660.00,'2024-04-28 10:46:57','2024-04-28 10:46:57',NULL,NULL),(502,9435,200,'Articulos de Librería',1.00,'8',46000.00,46000.00,0.00,0.00,0.00,2,9660.00,55660.00,'2024-04-28 10:47:00','2024-04-28 10:47:00',NULL,NULL),(503,9435,201,'Articulos de Librería',1.00,'8',46000.00,46000.00,0.00,0.00,0.00,2,9660.00,55660.00,'2024-04-28 10:47:04','2024-04-28 10:47:04',NULL,NULL),(504,9435,202,'Articulos de telefonia',1.00,'8',40000.00,40000.00,0.00,0.00,0.00,2,8400.00,48400.00,'2024-04-28 10:47:06','2024-04-28 10:47:06',NULL,NULL),(505,9435,203,'Articulos de telefonia',1.00,'8',20000.00,20000.00,0.00,0.00,0.00,2,4200.00,24200.00,'2024-04-28 10:47:09','2024-04-28 10:47:09',NULL,NULL);
INSERT INTO `fact_elec_receipt_details` VALUES (506,9435,204,'Articulos de telefonia',1.00,'8',40000.00,40000.00,0.00,0.00,0.00,2,8400.00,48400.00,'2024-04-28 10:47:13','2024-04-28 10:47:13',NULL,NULL),(509,9435,207,'art de libreria',1.00,'8',120000.00,120000.00,0.00,0.00,0.00,2,25200.00,145200.00,'2024-04-28 10:52:21','2024-04-28 10:52:21','',NULL),(510,9435,208,'Articulos de Librería',1.00,'8',46000.00,46000.00,0.00,0.00,0.00,2,9660.00,55660.00,'2024-04-28 10:53:10','2024-04-28 10:53:10',NULL,NULL),(511,9435,209,'Articulos de Librería',1.00,'8',46000.00,46000.00,0.00,0.00,0.00,2,9660.00,55660.00,'2024-04-28 10:53:16','2024-04-28 10:53:16',NULL,NULL),(512,9435,210,'Articulos de Librería',1.00,'8',46000.00,46000.00,0.00,0.00,0.00,2,9660.00,55660.00,'2024-04-28 10:53:19','2024-04-28 10:53:19',NULL,NULL),(513,9435,211,'Articulos de Librería',1.00,'8',46000.00,46000.00,0.00,0.00,0.00,2,9660.00,55660.00,'2024-04-28 10:53:22','2024-04-28 10:53:22',NULL,NULL),(514,9435,212,'Articulos de Librería',1.00,'8',46000.00,46000.00,0.00,0.00,0.00,2,9660.00,55660.00,'2024-04-28 10:53:27','2024-04-28 10:53:27',NULL,NULL),(515,9435,213,'Articulos de Librería',1.00,'8',46000.00,46000.00,0.00,0.00,0.00,2,9660.00,55660.00,'2024-04-28 10:53:30','2024-04-28 10:53:30',NULL,NULL),(516,9435,214,'Articulos de Librería',1.00,'8',46000.00,46000.00,0.00,0.00,0.00,2,9660.00,55660.00,'2024-04-28 10:53:32','2024-04-28 10:53:32',NULL,NULL),(517,9435,215,'Articulos de telefonia',1.00,'8',40000.00,40000.00,0.00,0.00,0.00,2,8400.00,48400.00,'2024-04-28 10:53:35','2024-04-28 10:53:35',NULL,NULL),(518,9435,216,'Articulos de telefonia',1.00,'8',20000.00,20000.00,0.00,0.00,0.00,2,4200.00,24200.00,'2024-04-28 10:53:37','2024-04-28 10:53:37',NULL,NULL),(519,9435,217,'Articulos de telefonia',1.00,'8',40000.00,40000.00,0.00,0.00,0.00,2,8400.00,48400.00,'2024-04-28 10:53:40','2024-04-28 10:53:40',NULL,NULL),(520,9435,218,'Articulos de Librería',1.00,'8',46000.00,46000.00,0.00,0.00,0.00,2,9660.00,55660.00,'2024-04-28 10:57:26','2024-04-28 10:57:26',NULL,NULL),(521,9435,219,'Articulos de Librería',1.00,'8',46000.00,46000.00,0.00,0.00,0.00,2,9660.00,55660.00,'2024-04-28 10:57:29','2024-04-28 10:57:29',NULL,NULL),(522,9435,220,'Articulos de Librería',1.00,'8',46000.00,46000.00,0.00,0.00,0.00,2,9660.00,55660.00,'2024-04-28 10:57:32','2024-04-28 10:57:32',NULL,NULL),(523,9435,221,'Articulos de Librería',1.00,'8',46000.00,46000.00,0.00,0.00,0.00,2,9660.00,55660.00,'2024-04-28 10:57:35','2024-04-28 10:57:35',NULL,NULL),(524,9435,222,'Articulos de Librería',1.00,'8',46000.00,46000.00,0.00,0.00,0.00,2,9660.00,55660.00,'2024-04-28 10:57:38','2024-04-28 10:57:38',NULL,NULL),(525,9435,223,'Articulos de Librería',1.00,'8',46000.00,46000.00,0.00,0.00,0.00,2,9660.00,55660.00,'2024-04-28 10:57:40','2024-04-28 10:57:40',NULL,NULL),(526,9435,224,'Articulos de Librería',1.00,'8',46000.00,46000.00,0.00,0.00,0.00,2,9660.00,55660.00,'2024-04-28 10:57:43','2024-04-28 10:57:43',NULL,NULL),(527,9435,225,'Articulos de telefonia',1.00,'8',40000.00,40000.00,0.00,0.00,0.00,2,8400.00,48400.00,'2024-04-28 10:57:46','2024-04-28 10:57:46',NULL,NULL),(528,9435,226,'Articulos de telefonia',1.00,'8',20000.00,20000.00,0.00,0.00,0.00,2,4200.00,24200.00,'2024-04-28 10:57:49','2024-04-28 10:57:49',NULL,NULL),(529,9435,227,'Articulos de telefonia',1.00,'8',40000.00,40000.00,0.00,0.00,0.00,2,8400.00,48400.00,'2024-04-28 10:57:51','2024-04-28 10:57:51',NULL,NULL),(530,9435,228,'Articulos de Librería',1.00,'8',90000.00,90000.00,0.00,0.00,0.00,2,18900.00,108900.00,'2024-04-28 11:17:10','2024-04-28 11:17:10',NULL,NULL),(531,9435,229,'Articulos de Librería',1.00,'8',90000.00,90000.00,0.00,0.00,0.00,2,18900.00,108900.00,'2024-04-28 11:17:15','2024-04-28 11:17:15',NULL,NULL),(532,9435,230,'Articulos de Librería',1.00,'8',90000.00,90000.00,0.00,0.00,0.00,2,18900.00,108900.00,'2024-04-28 11:17:19','2024-04-28 11:17:19',NULL,NULL);
INSERT INTO `fact_elec_receipt_details` VALUES (533,9435,231,'Articulos de Librería',1.00,'8',90000.00,90000.00,0.00,0.00,0.00,2,18900.00,108900.00,'2024-04-28 11:17:22','2024-04-28 11:17:22',NULL,NULL),(534,9435,232,'Articulos de Librería',1.00,'8',46000.00,46000.00,0.00,0.00,0.00,2,9660.00,55660.00,'2024-04-28 11:17:24','2024-04-28 11:17:24',NULL,NULL),(535,9435,233,'Articulos de Librería',1.00,'8',46000.00,46000.00,0.00,0.00,0.00,2,9660.00,55660.00,'2024-04-28 11:17:27','2024-04-28 11:17:27',NULL,NULL),(536,9435,234,'Articulos de Librería',1.00,'8',46000.00,46000.00,0.00,0.00,0.00,2,9660.00,55660.00,'2024-04-28 11:17:30','2024-04-28 11:17:30',NULL,NULL),(537,9435,235,'Articulos de telefonia',1.00,'8',40000.00,40000.00,0.00,0.00,0.00,2,8400.00,48400.00,'2024-04-28 11:17:33','2024-04-28 11:17:33',NULL,NULL),(538,9435,236,'Articulos de telefonia',1.00,'8',90000.00,90000.00,0.00,0.00,0.00,2,18900.00,108900.00,'2024-04-28 11:17:35','2024-04-28 11:17:35',NULL,NULL),(539,9435,237,'Articulos de telefonia',1.00,'8',90000.00,90000.00,0.00,0.00,0.00,2,18900.00,108900.00,'2024-04-28 11:17:38','2024-04-28 11:17:38',NULL,NULL),(540,9435,238,'Mercaderias Varias',1.00,'8',95000.00,95000.00,0.00,0.00,0.00,2,19950.00,114950.00,'2024-04-29 21:15:55','2024-04-29 21:15:55',NULL,NULL),(541,9435,239,'Mercaderias Varias',1.00,'8',90000.00,90000.00,0.00,0.00,0.00,2,18900.00,108900.00,'2024-04-29 21:16:00','2024-04-29 21:16:00',NULL,NULL),(542,9435,240,'Mercaderias Varias',1.00,'8',90000.00,90000.00,0.00,0.00,0.00,2,18900.00,108900.00,'2024-04-29 21:16:04','2024-04-29 21:16:04',NULL,NULL),(543,9435,241,'Mercaderias Varias',1.00,'8',90000.00,90000.00,0.00,0.00,0.00,2,18900.00,108900.00,'2024-04-29 21:16:07','2024-04-29 21:16:07',NULL,NULL),(544,9435,242,'Mercaderias Varias',1.00,'8',46000.00,46000.00,0.00,0.00,0.00,2,9660.00,55660.00,'2024-04-29 21:16:11','2024-04-29 21:16:11',NULL,NULL),(545,9435,243,'Mercaderias Varias',1.00,'8',46000.00,46000.00,0.00,0.00,0.00,2,9660.00,55660.00,'2024-04-29 21:16:14','2024-04-29 21:16:14',NULL,NULL),(546,9435,244,'Mercaderias Varias',1.00,'8',90000.00,90000.00,0.00,0.00,0.00,2,18900.00,108900.00,'2024-04-29 21:16:17','2024-04-29 21:16:17',NULL,NULL),(548,9435,246,'Mercaderias Varias',1.00,'8',46000.00,46000.00,0.00,0.00,0.00,2,9660.00,55660.00,'2024-05-03 08:48:26','2024-05-03 08:48:26',NULL,NULL),(549,9435,247,'Mercaderias Varias',1.00,'8',46000.00,46000.00,0.00,0.00,0.00,2,9660.00,55660.00,'2024-05-03 08:48:30','2024-05-03 08:48:30',NULL,NULL),(550,9435,248,'Mercaderias Varias',1.00,'8',46000.00,46000.00,0.00,0.00,0.00,2,9660.00,55660.00,'2024-05-03 08:48:33','2024-05-03 08:48:33',NULL,NULL),(551,9435,249,'Mercaderias Varias',1.00,'8',46000.00,46000.00,0.00,0.00,0.00,2,9660.00,55660.00,'2024-05-03 08:48:36','2024-05-03 08:48:36',NULL,NULL),(552,9435,250,'Mercaderias Varias',1.00,'8',46000.00,46000.00,0.00,0.00,0.00,2,9660.00,55660.00,'2024-05-03 08:48:39','2024-05-03 08:48:39',NULL,NULL),(553,9435,251,'Mercaderias Varias',1.00,'8',46000.00,46000.00,0.00,0.00,0.00,2,9660.00,55660.00,'2024-05-03 08:48:42','2024-05-03 08:48:42',NULL,NULL),(554,9435,252,'Mercaderias Varias',1.00,'8',46000.00,46000.00,0.00,0.00,0.00,2,9660.00,55660.00,'2024-05-03 08:48:45','2024-05-03 08:48:45',NULL,NULL),(555,9435,253,'Mercaderias Varias',1.00,'8',90000.00,90000.00,0.00,0.00,0.00,2,18900.00,108900.00,'2024-05-03 08:50:42','2024-05-03 08:50:42',NULL,NULL),(556,9435,254,'Mercaderias Varias',1.00,'8',90000.00,90000.00,0.00,0.00,0.00,2,18900.00,108900.00,'2024-05-03 08:50:46','2024-05-03 08:50:46',NULL,NULL),(557,9435,255,'Mercaderias Varias',1.00,'8',90000.00,90000.00,0.00,0.00,0.00,2,18900.00,108900.00,'2024-05-03 08:50:49','2024-05-03 08:50:49',NULL,NULL),(558,9435,256,'Mercaderias Varias',1.00,'8',90000.00,90000.00,0.00,0.00,0.00,2,18900.00,108900.00,'2024-05-03 08:50:53','2024-05-03 08:50:53',NULL,NULL),(559,9435,257,'Mercaderias Varias',1.00,'8',90000.00,90000.00,0.00,0.00,0.00,2,18900.00,108900.00,'2024-05-03 08:50:56','2024-05-03 08:50:56',NULL,NULL);
INSERT INTO `fact_elec_receipt_details` VALUES (560,9435,258,'Mercaderias Varias',1.00,'8',90000.00,90000.00,0.00,0.00,0.00,2,18900.00,108900.00,'2024-05-03 08:50:59','2024-05-03 08:50:59',NULL,NULL),(561,9435,259,'Mercaderias Varias',1.00,'8',90000.00,90000.00,0.00,0.00,0.00,2,18900.00,108900.00,'2024-05-03 08:51:03','2024-05-03 08:51:03',NULL,NULL),(562,9435,260,'Mercaderias Varias',1.00,'8',46000.00,46000.00,0.00,0.00,0.00,2,9660.00,55660.00,'2024-05-03 08:55:03','2024-05-03 08:55:03',NULL,NULL),(563,9435,261,'Mercaderias Varias',1.00,'8',46000.00,46000.00,0.00,0.00,0.00,2,9660.00,55660.00,'2024-05-03 08:55:08','2024-05-03 08:55:08',NULL,NULL),(564,9435,262,'Mercaderias Varias',1.00,'8',46000.00,46000.00,0.00,0.00,0.00,2,9660.00,55660.00,'2024-05-03 08:55:11','2024-05-03 08:55:11',NULL,NULL),(565,9435,263,'Mercaderias Varias',1.00,'8',46000.00,46000.00,0.00,0.00,0.00,2,9660.00,55660.00,'2024-05-03 08:55:14','2024-05-03 08:55:14',NULL,NULL),(566,9435,264,'Mercaderias Varias',1.00,'8',46000.00,46000.00,0.00,0.00,0.00,2,9660.00,55660.00,'2024-05-03 08:55:17','2024-05-03 08:55:17',NULL,NULL),(567,9435,265,'Mercaderias Varias',1.00,'8',46000.00,46000.00,0.00,0.00,0.00,2,9660.00,55660.00,'2024-05-03 08:55:21','2024-05-03 08:55:21',NULL,NULL),(568,9435,266,'Mercaderias Varias',1.00,'8',46000.00,46000.00,0.00,0.00,0.00,2,9660.00,55660.00,'2024-05-03 08:55:24','2024-05-03 08:55:24',NULL,NULL),(569,9435,267,'MERCADERIAS VARIAS',1.00,'8',800000.00,800000.00,0.00,0.00,0.00,2,168000.00,968000.00,'2024-05-03 08:56:44','2024-05-03 08:56:44','',NULL),(570,9435,268,'Yerba x kg',1.00,'8',74323.97,74323.97,0.00,0.00,0.00,2,15608.03,89932.00,'2024-05-03 19:25:20','2024-05-03 19:25:20','',NULL),(571,9435,268,'Leche Polvo',5.00,'8',4958.68,24793.40,0.00,0.00,0.00,2,5206.61,30000.01,'2024-05-03 19:25:20','2024-05-03 19:25:20','',NULL),(572,9435,269,'anulacion comprobante de referencia',1.00,'8',99117.36,99117.36,0.00,0.00,0.00,2,20814.65,119932.01,'2024-05-03 19:32:15','2024-05-03 19:32:15','',NULL),(573,9435,270,'Leche Polvo',1.00,'8',49269.42,49269.42,0.00,0.00,0.00,2,10346.58,59616.00,'2024-05-03 19:35:11','2024-05-03 19:35:11','',NULL),(574,9435,270,'Yerba x kg',1.00,'8',49269.42,49269.42,0.00,0.00,0.00,2,10346.58,59616.00,'2024-05-03 19:35:11','2024-05-03 19:35:11','',NULL),(575,9435,271,'leche polvo',1.00,'8',40700.82,40700.82,0.00,0.00,0.00,2,8547.17,49247.99,'2024-05-04 20:30:58','2024-05-04 20:30:58','',NULL),(576,9435,272,'cebolla cabeza',28.00,'8',1403.35,39293.80,0.00,0.00,0.00,2,8251.70,47545.50,'2024-05-05 19:03:02','2024-05-05 19:03:02','',NULL),(577,9435,272,'papa',28.00,'2',824.23,23078.44,0.00,0.00,0.00,2,4846.47,27924.91,'2024-05-05 19:03:02','2024-05-05 19:03:02','',NULL),(578,9435,272,'Fideo suelto rivoli',28.00,'2',5715.00,160020.00,0.00,0.00,0.00,2,33604.20,193624.20,'2024-05-05 19:03:02','2024-05-05 19:03:02','',NULL),(579,9435,272,'Aazucar xkg Diamante',28.00,'8',1079.50,30226.00,0.00,0.00,0.00,2,6347.46,36573.46,'2024-05-05 19:03:02','2024-05-05 19:03:02','',NULL),(580,9435,272,'Arroz don jose ',28.00,'8',2875.00,80500.00,0.00,0.00,0.00,2,16905.00,97405.00,'2024-05-05 19:03:02','2024-05-05 19:03:02','',NULL),(581,9435,272,'Marcrem x kg',14.00,'8',3500.00,49000.00,0.00,0.00,0.00,2,10290.00,59290.00,'2024-05-05 19:03:02','2024-05-05 19:03:02','',NULL),(582,9435,272,'Pure La huerta x 500gr',42.00,'8',1205.23,50619.66,0.00,0.00,0.00,2,10630.13,61249.79,'2024-05-05 19:03:02','2024-05-05 19:03:02','',NULL),(583,9435,272,'Aceite Cañuelas x 1.5lt',14.00,'8',4670.00,65380.00,0.00,0.00,0.00,2,13729.80,79109.80,'2024-05-05 19:03:02','2024-05-05 19:03:02','',NULL),(584,9435,272,'Amanda x kg',28.00,'8',5459.73,152872.44,0.00,0.00,0.00,2,32103.21,184975.65,'2024-05-05 19:03:02','2024-05-05 19:03:02','',NULL),(585,9435,272,'Cristalita Sal Gruesa',14.00,'8',635.00,8890.00,0.00,0.00,0.00,2,1866.90,10756.90,'2024-05-05 19:03:02','2024-05-05 19:03:02','',NULL),(586,9435,272,'Polenta PP',28.00,'8',1268.73,35524.44,0.00,0.00,0.00,2,7460.13,42984.57,'2024-05-05 19:03:02','2024-05-05 19:03:02','',NULL);
INSERT INTO `fact_elec_receipt_details` VALUES (587,9435,272,'Harina Florencia 0000 x 5kg',14.00,'8',5616.67,78633.38,0.00,0.00,0.00,2,16513.01,95146.39,'2024-05-05 19:03:02','2024-05-05 19:03:02','',NULL),(588,9435,272,'Pollo x caja 2 cajas',2.00,'8',47000.00,94000.00,0.00,0.00,0.00,2,19740.00,113740.00,'2024-05-05 19:03:02','2024-05-05 19:03:02','',NULL),(589,9435,272,'ala liquido x 3',1.00,'8',7500.00,7500.00,0.00,0.00,0.00,2,1575.00,9075.00,'2024-05-05 19:03:02','2024-05-05 19:03:02','',NULL),(590,9435,272,'Magistral x 500',2.00,'8',3500.00,7000.00,0.00,0.00,0.00,2,1470.00,8470.00,'2024-05-05 19:03:02','2024-05-05 19:03:02','',NULL),(591,9435,272,'Raid',2.00,'8',4799.00,9598.00,0.00,0.00,0.00,2,2015.58,11613.58,'2024-05-05 19:03:02','2024-05-05 19:03:02','',NULL),(592,9435,272,'Cif crema',2.00,'8',2200.00,4400.00,0.00,0.00,0.00,2,924.00,5324.00,'2024-05-05 19:03:02','2024-05-05 19:03:02','',NULL),(593,9435,272,'rollo de cocina',2.00,'8',2690.00,5380.00,0.00,0.00,0.00,2,1129.80,6509.80,'2024-05-05 19:03:02','2024-05-05 19:03:02','',NULL),(594,9435,272,'Escobillon ',1.00,'8',2900.00,2900.00,0.00,0.00,0.00,2,609.00,3509.00,'2024-05-05 19:03:02','2024-05-05 19:03:02','',NULL),(595,9435,272,'Papel Higienico x 80 mts',2.00,'8',6500.00,13000.00,0.00,0.00,0.00,2,2730.00,15730.00,'2024-05-05 19:03:02','2024-05-05 19:03:02','',NULL),(596,9435,272,'Agua Lavandina x-5',2.00,'8',3499.00,6998.00,0.00,0.00,0.00,2,1469.58,8467.58,'2024-05-05 19:03:02','2024-05-05 19:03:02','',NULL),(597,9435,272,'poet x 4',1.00,'8',5900.00,5900.00,0.00,0.00,0.00,2,1239.00,7139.00,'2024-05-05 19:03:03','2024-05-05 19:03:03','',NULL),(598,9435,272,'Vivere',1.00,'8',1900.00,1900.00,0.00,0.00,0.00,2,399.00,2299.00,'2024-05-05 19:03:03','2024-05-05 19:03:03','',NULL),(599,9435,272,'Ac Dove',1.00,'8',2600.00,2600.00,0.00,0.00,0.00,2,546.00,3146.00,'2024-05-05 19:03:03','2024-05-05 19:03:03','',NULL),(600,9435,272,'Rexona Nutritiv',1.00,'8',3200.00,3200.00,0.00,0.00,0.00,2,672.00,3872.00,'2024-05-05 19:03:03','2024-05-05 19:03:03','',NULL),(601,9435,272,'Bolsa de residuos',1.00,'8',1500.00,1500.00,0.00,0.00,0.00,2,315.00,1815.00,'2024-05-05 19:03:03','2024-05-05 19:03:03','',NULL),(602,9435,272,'Gaseosa manaos ',6.00,'8',1700.00,10200.00,0.00,0.00,0.00,2,2142.00,12342.00,'2024-05-05 19:03:03','2024-05-05 19:03:03','',NULL),(603,9435,272,'Pan',4.00,'2',1700.00,6800.00,0.00,0.00,0.00,2,1428.00,8228.00,'2024-05-05 19:03:03','2024-05-05 19:03:03','',NULL),(604,9435,272,'Chorizo',3.00,'2',3400.00,10200.00,0.00,0.00,0.00,2,2142.00,12342.00,'2024-05-05 19:03:03','2024-05-05 19:03:03','',NULL),(605,9435,272,'Aquarius',1.00,'8',1900.00,1900.00,0.00,0.00,0.00,2,399.00,2299.00,'2024-05-05 19:03:03','2024-05-05 19:03:03','',NULL),(606,9435,272,'Coca cola Bot',2.00,'8',3500.00,7000.00,0.00,0.00,0.00,2,1470.00,8470.00,'2024-05-05 19:03:03','2024-05-05 19:03:03','',NULL),(607,9435,272,'Soda',2.00,'8',1000.00,2000.00,0.00,0.00,0.00,2,420.00,2420.00,'2024-05-05 19:03:03','2024-05-05 19:03:03','',NULL),(608,9435,272,'Heineken lata',4.00,'8',1950.00,7800.00,0.00,0.00,0.00,2,1638.00,9438.00,'2024-05-05 19:03:03','2024-05-05 19:03:03','',NULL),(609,9435,272,'Trio Pepas',1.00,'8',1600.00,1600.00,0.00,0.00,0.00,2,336.00,1936.00,'2024-05-05 19:03:03','2024-05-05 19:03:03','',NULL),(610,9435,272,'Corte',12.00,'2',4500.00,54000.00,0.00,0.00,0.00,2,11340.00,65340.00,'2024-05-05 19:03:03','2024-05-05 19:03:03','',NULL),(611,NULL,273,'MERCADERIAS VARIAS',1.00,'8',95000.00,95000.00,0.00,0.00,0.00,7,0.00,95000.00,'2024-05-05 20:29:13','2024-05-05 20:29:13',NULL,NULL),(612,NULL,274,'MERCADERIAS VARIAS',1.00,'8',95000.00,95000.00,0.00,0.00,0.00,7,0.00,95000.00,'2024-05-05 20:29:16','2024-05-05 20:29:16',NULL,NULL),(613,NULL,275,'MERCADERIAS VARIAS',1.00,'8',95000.00,95000.00,0.00,0.00,0.00,7,0.00,95000.00,'2024-05-05 20:29:18','2024-05-05 20:29:18',NULL,NULL),(614,NULL,276,'MERCADERIAS VARIAS',1.00,'8',95000.00,95000.00,0.00,0.00,0.00,7,0.00,95000.00,'2024-05-05 20:29:19','2024-05-05 20:29:19',NULL,NULL);
INSERT INTO `fact_elec_receipt_details` VALUES (615,NULL,277,'MERCADERIAS VARIAS',1.00,'8',95000.00,95000.00,0.00,0.00,0.00,7,0.00,95000.00,'2024-05-05 20:29:20','2024-05-05 20:29:20',NULL,NULL),(616,NULL,278,'MERCADERIAS VARIAS',1.00,'8',95000.00,95000.00,0.00,0.00,0.00,7,0.00,95000.00,'2024-05-05 20:29:21','2024-05-05 20:29:21',NULL,NULL),(617,NULL,279,'MERCADERIAS VARIAS',1.00,'8',95000.00,95000.00,0.00,0.00,0.00,7,0.00,95000.00,'2024-05-05 20:29:22','2024-05-05 20:29:22',NULL,NULL),(618,NULL,280,'MERCADERIAS VARIAS',1.00,'8',95000.00,95000.00,0.00,0.00,0.00,7,0.00,95000.00,'2024-05-05 20:29:23','2024-05-05 20:29:23',NULL,NULL),(619,NULL,281,'MERCADERIAS VARIAS',1.00,'8',95000.00,95000.00,0.00,0.00,0.00,7,0.00,95000.00,'2024-05-05 20:29:24','2024-05-05 20:29:24',NULL,NULL),(620,NULL,282,'MERCADERIAS VARIAS',1.00,'8',95000.00,95000.00,0.00,0.00,0.00,7,0.00,95000.00,'2024-05-05 20:29:25','2024-05-05 20:29:25',NULL,NULL),(621,NULL,283,'MERCADERIAS VARIAS',1.00,'8',95000.00,95000.00,0.00,0.00,0.00,7,0.00,95000.00,'2024-05-05 20:29:26','2024-05-05 20:29:26',NULL,NULL),(622,NULL,284,'MERCADERIAS VARIAS',1.00,'8',95000.00,95000.00,0.00,0.00,0.00,7,0.00,95000.00,'2024-05-05 20:29:27','2024-05-05 20:29:27',NULL,NULL),(623,NULL,285,'MERCADERIAS VARIAS',1.00,'8',95000.00,95000.00,0.00,0.00,0.00,7,0.00,95000.00,'2024-05-05 20:29:28','2024-05-05 20:29:28',NULL,NULL),(624,NULL,286,'MERCADERIAS VARIAS',1.00,'8',95000.00,95000.00,0.00,0.00,0.00,7,0.00,95000.00,'2024-05-05 20:29:30','2024-05-05 20:29:30',NULL,NULL),(625,NULL,287,'MERCADERIAS VARIAS',1.00,'8',95000.00,95000.00,0.00,0.00,0.00,7,0.00,95000.00,'2024-05-05 20:29:31','2024-05-05 20:29:31',NULL,NULL),(626,NULL,288,'MERCADERIAS VARIAS',1.00,'8',95000.00,95000.00,0.00,0.00,0.00,7,0.00,95000.00,'2024-05-05 20:29:32','2024-05-05 20:29:32',NULL,NULL),(627,NULL,289,'MERCADERIAS VARIAS',1.00,'8',95000.00,95000.00,0.00,0.00,0.00,7,0.00,95000.00,'2024-05-05 20:29:33','2024-05-05 20:29:33',NULL,NULL),(628,NULL,290,'MERCADERIAS VARIAS',1.00,'8',95000.00,95000.00,0.00,0.00,0.00,7,0.00,95000.00,'2024-05-05 20:29:34','2024-05-05 20:29:34',NULL,NULL),(629,NULL,291,'MERCADERIAS VARIAS',1.00,'8',95000.00,95000.00,0.00,0.00,0.00,7,0.00,95000.00,'2024-05-05 20:29:35','2024-05-05 20:29:35',NULL,NULL),(630,NULL,292,'MERCADERIAS VARIAS',1.00,'8',95000.00,95000.00,0.00,0.00,0.00,7,0.00,95000.00,'2024-05-05 20:29:36','2024-05-05 20:29:36',NULL,NULL),(631,NULL,293,'MERCADERIAS VARIAS',1.00,'8',95000.00,95000.00,0.00,0.00,0.00,7,0.00,95000.00,'2024-05-05 20:29:37','2024-05-05 20:29:37',NULL,NULL),(632,NULL,294,'MERCADERIAS VARIAS',1.00,'8',95000.00,95000.00,0.00,0.00,0.00,7,0.00,95000.00,'2024-05-05 20:29:38','2024-05-05 20:29:38',NULL,NULL),(633,NULL,295,'MERCADERIAS VARIAS',1.00,'8',95000.00,95000.00,0.00,0.00,0.00,7,0.00,95000.00,'2024-05-05 20:29:39','2024-05-05 20:29:39',NULL,NULL),(634,9435,296,'Leche Polvo',1.00,'8',83008.27,83008.27,0.00,0.00,0.00,2,17431.74,100440.01,'2024-05-10 11:29:29','2024-05-10 11:29:29','',NULL),(635,9435,296,'Leche liquida',1.00,'8',83008.26,83008.26,0.00,0.00,0.00,2,17431.73,100439.99,'2024-05-10 11:29:29','2024-05-10 11:29:29','',NULL),(636,9435,297,'Arroz',10.00,'8',4274.14,42741.40,0.00,0.00,0.00,2,8975.69,51717.09,'2024-05-10 11:36:05','2024-05-10 11:36:05','',NULL),(637,9435,297,'Fideo',8.00,'8',5342.70,42741.60,0.00,0.00,0.00,2,8975.74,51717.34,'2024-05-10 11:36:05','2024-05-10 11:36:05','',NULL),(638,9435,297,'papa',7.00,'8',6105.90,42741.30,0.00,0.00,0.00,2,8975.67,51716.97,'2024-05-10 11:36:05','2024-05-10 11:36:05','',NULL),(639,9435,297,'cebolla',1.00,'8',76734.38,76734.38,0.00,0.00,0.00,2,16114.22,92848.60,'2024-05-10 11:36:05','2024-05-10 11:36:05','',NULL),(640,9435,298,'Leche polvo',1.00,'8',82644.63,82644.63,0.00,0.00,0.00,2,17355.37,100000.00,'2024-05-10 12:39:36','2024-05-10 12:39:36','',NULL),(641,9435,299,'Leche Polvo',1.00,'8',66942.15,66942.15,0.00,0.00,0.00,2,14057.85,81000.00,'2024-05-10 12:41:18','2024-05-10 12:41:18','',NULL);
INSERT INTO `fact_elec_receipt_details` VALUES (642,9435,300,'Arroz x kg',1.00,'8',41322.31,41322.31,0.00,0.00,0.00,2,8677.69,50000.00,'2024-05-10 12:44:27','2024-05-10 12:44:27','',NULL),(643,9435,300,'Fideos',1.00,'8',41322.31,41322.31,0.00,0.00,0.00,2,8677.69,50000.00,'2024-05-10 12:44:27','2024-05-10 12:44:27','',NULL),(644,9435,301,'Bolsas de Harina x 25 kg ',1.00,'8',259504.13,259504.13,0.00,0.00,0.00,2,54495.87,314000.00,'2024-05-10 15:14:37','2024-05-10 15:14:37','',NULL),(645,9435,302,'Harina x 25 kg ',1.00,'8',82644.63,82644.63,0.00,0.00,0.00,2,17355.37,100000.00,'2024-05-15 13:24:39','2024-05-15 13:24:39','',NULL),(646,NULL,303,'MERCADERIAS VARIAS',1.00,'8',95000.00,95000.00,0.00,0.00,0.00,7,0.00,95000.00,'2024-05-20 16:51:18','2024-05-20 16:51:18',NULL,NULL),(647,NULL,304,'MERCADERIAS VARIAS',1.00,'8',95000.00,95000.00,0.00,0.00,0.00,7,0.00,95000.00,'2024-05-20 16:51:21','2024-05-20 16:51:21',NULL,NULL),(648,NULL,305,'MERCADERIAS VARIAS',1.00,'8',95000.00,95000.00,0.00,0.00,0.00,7,0.00,95000.00,'2024-05-20 16:51:22','2024-05-20 16:51:22',NULL,NULL),(649,NULL,306,'MERCADERIAS VARIAS',1.00,'8',95000.00,95000.00,0.00,0.00,0.00,7,0.00,95000.00,'2024-05-20 16:51:24','2024-05-20 16:51:24',NULL,NULL),(650,NULL,307,'MERCADERIAS VARIAS',1.00,'8',95000.00,95000.00,0.00,0.00,0.00,7,0.00,95000.00,'2024-05-20 16:51:24','2024-05-20 16:51:24',NULL,NULL),(651,NULL,308,'MERCADERIAS VARIAS',1.00,'8',95000.00,95000.00,0.00,0.00,0.00,7,0.00,95000.00,'2024-05-20 16:51:26','2024-05-20 16:51:26',NULL,NULL),(652,NULL,309,'MERCADERIAS VARIAS',1.00,'8',95000.00,95000.00,0.00,0.00,0.00,7,0.00,95000.00,'2024-05-20 16:51:27','2024-05-20 16:51:27',NULL,NULL),(653,NULL,310,'MERCADERIAS VARIAS',1.00,'8',95000.00,95000.00,0.00,0.00,0.00,7,0.00,95000.00,'2024-05-20 16:51:28','2024-05-20 16:51:28',NULL,NULL),(654,NULL,311,'MERCADERIAS VARIAS',1.00,'8',95000.00,95000.00,0.00,0.00,0.00,7,0.00,95000.00,'2024-05-20 16:51:29','2024-05-20 16:51:29',NULL,NULL),(655,NULL,312,'MERCADERIAS VARIAS',1.00,'8',95000.00,95000.00,0.00,0.00,0.00,7,0.00,95000.00,'2024-05-20 16:51:30','2024-05-20 16:51:30',NULL,NULL),(656,NULL,313,'MERCADERIAS VARIAS',1.00,'8',95000.00,95000.00,0.00,0.00,0.00,7,0.00,95000.00,'2024-05-20 16:51:32','2024-05-20 16:51:32',NULL,NULL),(657,NULL,314,'MERCADERIAS VARIAS',1.00,'8',95000.00,95000.00,0.00,0.00,0.00,7,0.00,95000.00,'2024-05-20 16:51:33','2024-05-20 16:51:33',NULL,NULL),(658,NULL,315,'MERCADERIAS VARIAS',1.00,'8',95000.00,95000.00,0.00,0.00,0.00,7,0.00,95000.00,'2024-05-20 16:51:34','2024-05-20 16:51:34',NULL,NULL),(659,NULL,316,'MERCADERIAS VARIAS',1.00,'8',95000.00,95000.00,0.00,0.00,0.00,7,0.00,95000.00,'2024-05-20 16:51:36','2024-05-20 16:51:36',NULL,NULL),(660,NULL,317,'MERCADERIAS VARIAS',1.00,'8',95000.00,95000.00,0.00,0.00,0.00,7,0.00,95000.00,'2024-05-20 16:51:37','2024-05-20 16:51:37',NULL,NULL),(661,NULL,318,'MERCADERIAS VARIAS',1.00,'8',95000.00,95000.00,0.00,0.00,0.00,7,0.00,95000.00,'2024-05-20 16:51:38','2024-05-20 16:51:38',NULL,NULL),(662,NULL,319,'MERCADERIAS VARIAS',1.00,'8',95000.00,95000.00,0.00,0.00,0.00,7,0.00,95000.00,'2024-05-20 16:51:39','2024-05-20 16:51:39',NULL,NULL),(663,NULL,320,'MERCADERIAS VARIAS',1.00,'8',95000.00,95000.00,0.00,0.00,0.00,7,0.00,95000.00,'2024-05-20 16:51:41','2024-05-20 16:51:41',NULL,NULL),(664,NULL,321,'MERCADERIAS VARIAS',1.00,'8',95000.00,95000.00,0.00,0.00,0.00,7,0.00,95000.00,'2024-05-20 16:51:42','2024-05-20 16:51:42',NULL,NULL),(665,NULL,322,'MERCADERIAS VARIAS',1.00,'8',95000.00,95000.00,0.00,0.00,0.00,7,0.00,95000.00,'2024-05-20 16:51:43','2024-05-20 16:51:43',NULL,NULL),(666,NULL,323,'MERCADERIAS VARIAS',1.00,'8',95000.00,95000.00,0.00,0.00,0.00,7,0.00,95000.00,'2024-05-20 16:51:44','2024-05-20 16:51:44',NULL,NULL),(667,NULL,324,'MERCADERIAS VARIAS',1.00,'8',95000.00,95000.00,0.00,0.00,0.00,7,0.00,95000.00,'2024-05-20 16:51:45','2024-05-20 16:51:45',NULL,NULL),(668,NULL,325,'MERCADERIAS VARIAS',1.00,'8',95000.00,95000.00,0.00,0.00,0.00,7,0.00,95000.00,'2024-05-20 16:51:46','2024-05-20 16:51:46',NULL,NULL);
INSERT INTO `fact_elec_receipt_details` VALUES (669,9435,326,'Leche Liquida',1.00,'8',69619.83,69619.83,0.00,0.00,0.00,2,14620.16,84239.99,'2024-05-21 12:02:14','2024-05-21 12:02:14','',NULL),(670,9435,326,'Leche Polvo',1.00,'8',69619.84,69619.84,0.00,0.00,0.00,2,14620.17,84240.01,'2024-05-21 12:02:14','2024-05-21 12:02:14','',NULL),(671,9435,327,'Fideos x kg ',1.00,'8',85950.41,85950.41,0.00,0.00,0.00,2,18049.59,104000.00,'2024-05-21 12:45:14','2024-05-21 12:45:14','',NULL),(672,9435,327,'Arroz x kg',1.00,'8',85950.41,85950.41,0.00,0.00,0.00,2,18049.59,104000.00,'2024-05-21 12:45:14','2024-05-21 12:45:14','',NULL),(673,9435,328,'Leche Polvo ',1.00,'8',206611.57,206611.57,0.00,0.00,0.00,2,43388.43,250000.00,'2024-05-21 12:49:11','2024-05-21 12:49:11','',NULL),(674,9435,328,'Leche Liquida',1.00,'8',206611.57,206611.57,0.00,0.00,0.00,2,43388.43,250000.00,'2024-05-21 12:49:11','2024-05-21 12:49:11','',NULL),(675,9435,329,'Leche Polvo ',1.00,'8',185950.41,185950.41,0.00,0.00,0.00,2,39049.59,225000.00,'2024-05-21 12:52:04','2024-05-21 12:52:04','',NULL),(676,9435,329,'Azucar',1.00,'8',185950.41,185950.41,0.00,0.00,0.00,2,39049.59,225000.00,'2024-05-21 12:52:04','2024-05-21 12:52:04','',NULL),(677,9435,330,'Leche Polvo',1.00,'8',82644.63,82644.63,0.00,0.00,0.00,2,17355.37,100000.00,'2024-05-21 13:07:21','2024-05-21 13:07:21','',NULL),(678,9435,331,'Mercaderias Varias',1.00,'8',46000.00,46000.00,0.00,0.00,0.00,2,9660.00,55660.00,'2024-05-22 12:53:24','2024-05-22 12:53:24',NULL,NULL),(679,9435,332,'Mercaderias Varias',1.00,'8',46000.00,46000.00,0.00,0.00,0.00,2,9660.00,55660.00,'2024-05-22 12:53:31','2024-05-22 12:53:31',NULL,NULL),(680,9435,333,'Mercaderias Varias',1.00,'8',46000.00,46000.00,0.00,0.00,0.00,2,9660.00,55660.00,'2024-05-22 12:53:36','2024-05-22 12:53:36',NULL,NULL),(681,9435,334,'Mercaderias Varias',1.00,'8',46000.00,46000.00,0.00,0.00,0.00,2,9660.00,55660.00,'2024-05-22 12:53:41','2024-05-22 12:53:41',NULL,NULL),(682,9435,335,'Mercaderias Varias',1.00,'8',46000.00,46000.00,0.00,0.00,0.00,2,9660.00,55660.00,'2024-05-22 12:53:46','2024-05-22 12:53:46',NULL,NULL),(683,9435,336,'Mercaderias Varias',1.00,'8',46000.00,46000.00,0.00,0.00,0.00,2,9660.00,55660.00,'2024-05-22 12:53:51','2024-05-22 12:53:51',NULL,NULL),(684,9435,337,'Mercaderias Varias',1.00,'8',46000.00,46000.00,0.00,0.00,0.00,2,9660.00,55660.00,'2024-05-22 12:53:55','2024-05-22 12:53:55',NULL,NULL),(685,9435,338,'Mercaderias Varias',1.00,'8',46000.00,46000.00,0.00,0.00,0.00,2,9660.00,55660.00,'2024-05-22 13:00:48','2024-05-22 13:00:48',NULL,NULL),(686,9435,339,'Mercaderias Varias',1.00,'8',46000.00,46000.00,0.00,0.00,0.00,2,9660.00,55660.00,'2024-05-22 13:00:54','2024-05-22 13:00:54',NULL,NULL),(687,9435,340,'Mercaderias Varias',1.00,'8',46000.00,46000.00,0.00,0.00,0.00,2,9660.00,55660.00,'2024-05-22 13:00:57','2024-05-22 13:00:57',NULL,NULL),(688,9435,341,'Mercaderias Varias',1.00,'8',46000.00,46000.00,0.00,0.00,0.00,2,9660.00,55660.00,'2024-05-22 13:01:01','2024-05-22 13:01:01',NULL,NULL),(689,9435,342,'Mercaderias Varias',1.00,'8',46000.00,46000.00,0.00,0.00,0.00,2,9660.00,55660.00,'2024-05-22 13:01:06','2024-05-22 13:01:06',NULL,NULL),(690,9435,343,'Mercaderias Varias',1.00,'8',46000.00,46000.00,0.00,0.00,0.00,2,9660.00,55660.00,'2024-05-22 13:01:10','2024-05-22 13:01:10',NULL,NULL),(691,9435,344,'Mercaderias Varias',1.00,'8',46000.00,46000.00,0.00,0.00,0.00,2,9660.00,55660.00,'2024-05-22 13:01:15','2024-05-22 13:01:15',NULL,NULL),(692,9435,345,'Leche Polvo',1.00,'8',206611.57,206611.57,0.00,0.00,0.00,2,43388.43,250000.00,'2024-05-27 18:01:32','2024-05-27 18:01:32','',NULL),(693,9435,345,'Leche Liquida',1.00,'8',206611.57,206611.57,0.00,0.00,0.00,2,43388.43,250000.00,'2024-05-27 18:01:33','2024-05-27 18:01:33','',NULL),(694,9435,346,'Leche Polvo',1.00,'8',82644.63,82644.63,0.00,0.00,0.00,2,17355.37,100000.00,'2024-05-28 06:15:31','2024-05-28 06:15:31','',NULL),(695,9435,347,'Leche Polvo',1.00,'8',185950.41,185950.41,0.00,0.00,0.00,2,39049.59,225000.00,'2024-05-28 06:22:56','2024-05-28 06:22:56','',NULL);
INSERT INTO `fact_elec_receipt_details` VALUES (696,9435,347,'Azucar',1.00,'8',185950.41,185950.41,0.00,0.00,0.00,2,39049.59,225000.00,'2024-05-28 06:22:56','2024-05-28 06:22:56','',NULL),(697,9435,348,'Leche Polvo',1.00,'8',246347.11,246347.11,0.00,0.00,0.00,2,51732.89,298080.00,'2024-05-28 07:49:28','2024-05-28 07:49:28','',NULL),(698,9435,349,'Arroz x kg',1.00,'8',76033.06,76033.06,0.00,0.00,0.00,2,15966.94,92000.00,'2024-05-28 17:31:27','2024-05-28 17:31:27','',NULL),(699,9435,349,'Fides x kg',1.00,'8',76033.06,76033.06,0.00,0.00,0.00,2,15966.94,92000.00,'2024-05-28 17:31:27','2024-05-28 17:31:27','',NULL),(700,9435,350,'Leche Liquida',1.00,'8',74380.16,74380.16,0.00,0.00,0.00,2,15619.83,89999.99,'2024-05-28 20:24:09','2024-05-28 20:24:09','',NULL),(701,9435,350,'Leche Polvo',1.00,'8',74380.17,74380.17,0.00,0.00,0.00,2,15619.84,90000.01,'2024-05-28 20:24:09','2024-05-28 20:24:09','',NULL),(702,9435,351,'Arroz x kg',1.00,'8',60247.93,60247.93,0.00,0.00,0.00,2,12652.07,72900.00,'2024-05-28 20:27:02','2024-05-28 20:27:02','',NULL),(703,9435,351,'Fideos x kg',1.00,'8',60247.93,60247.93,0.00,0.00,0.00,2,12652.07,72900.00,'2024-05-28 20:27:02','2024-05-28 20:27:02','',NULL),(704,9435,352,'Arroz x kg',1.00,'8',132231.40,132231.40,0.00,0.00,0.00,2,27768.59,159999.99,'2024-05-28 20:32:31','2024-05-28 20:32:31','',NULL),(705,9435,352,'Fideos xkg',1.00,'8',132231.41,132231.41,0.00,0.00,0.00,2,27768.60,160000.01,'2024-05-28 20:32:31','2024-05-28 20:32:31','',NULL),(706,9435,353,'Leche Polvo',1.00,'8',107107.44,107107.44,0.00,0.00,0.00,2,22492.56,129600.00,'2024-05-28 20:36:56','2024-05-28 20:36:56','',NULL),(707,9435,353,'Leche Liquida',1.00,'8',107107.44,107107.44,0.00,0.00,0.00,2,22492.56,129600.00,'2024-05-28 20:36:56','2024-05-28 20:36:56','',NULL),(708,9435,354,'Polenta x kg',1.00,'8',168595.04,168595.04,0.00,0.00,0.00,2,35404.96,204000.00,'2024-05-28 20:45:55','2024-05-28 20:45:55','',NULL),(709,9435,354,'Arroz x kg',1.00,'8',168595.04,168595.04,0.00,0.00,0.00,2,35404.96,204000.00,'2024-05-28 20:45:55','2024-05-28 20:45:55','',NULL),(710,9435,354,'Fideos x kg',1.00,'8',168595.04,168595.04,0.00,0.00,0.00,2,35404.96,204000.00,'2024-05-28 20:45:55','2024-05-28 20:45:55','',NULL),(711,9435,354,'sal ',1.00,'8',168595.04,168595.04,0.00,0.00,0.00,2,35404.96,204000.00,'2024-05-28 20:45:55','2024-05-28 20:45:55','',NULL),(712,9435,355,'Leche Polvo ',1.00,'8',546247.93,546247.93,0.00,0.00,0.00,2,114712.07,660960.00,'2024-05-28 20:51:40','2024-05-28 20:51:40','',NULL),(713,9435,355,'Leche Liquido ',1.00,'8',546247.93,546247.93,0.00,0.00,0.00,2,114712.07,660960.00,'2024-05-28 20:51:40','2024-05-28 20:51:40','',NULL),(714,9435,356,'Leche Polvo',1.00,'8',31404.96,31404.96,0.00,0.00,0.00,2,6595.04,38000.00,'2024-05-29 10:48:44','2024-05-29 10:48:44','',NULL),(715,9435,357,'Arroz x kg',1.00,'8',58884.30,58884.30,0.00,0.00,0.00,2,12365.70,71250.00,'2024-05-29 10:52:17','2024-05-29 10:52:17','',NULL),(716,9435,357,'Fideos x kg',1.00,'8',58884.30,58884.30,0.00,0.00,0.00,2,12365.70,71250.00,'2024-05-29 10:52:17','2024-05-29 10:52:17','',NULL),(717,9435,357,'Polenta x kg',1.00,'8',58884.30,58884.30,0.00,0.00,0.00,2,12365.70,71250.00,'2024-05-29 10:52:17','2024-05-29 10:52:17','',NULL),(718,9435,357,'sal',1.00,'8',58884.30,58884.30,0.00,0.00,0.00,2,12365.70,71250.00,'2024-05-29 10:52:17','2024-05-29 10:52:17','',NULL),(719,9435,358,'FIDEOS X KG',1.00,'8',32454.63,32454.63,0.00,0.00,0.00,2,6815.47,39270.10,'2024-06-01 12:09:16','2024-06-01 12:09:16','',NULL),(720,9435,358,'ARROZ X KG',1.00,'8',32454.63,32454.63,0.00,0.00,0.00,2,6815.47,39270.10,'2024-06-01 12:09:16','2024-06-01 12:09:16','',NULL),(721,9435,359,'Leche Polvo',1.00,'8',85387.77,85387.77,0.00,0.00,0.00,2,17931.43,103319.20,'2024-06-01 12:23:19','2024-06-01 12:23:19','',NULL),(722,9435,360,'Polenta x kg',1.00,'8',18741.40,18741.40,0.00,0.00,0.00,2,3935.69,22677.09,'2024-06-01 13:34:25','2024-06-01 13:34:25','',NULL);
INSERT INTO `fact_elec_receipt_details` VALUES (723,9435,360,'Fideos x Kg',1.00,'8',18741.41,18741.41,0.00,0.00,0.00,2,3935.70,22677.11,'2024-06-01 13:34:25','2024-06-01 13:34:25','',NULL),(724,9435,361,'Leche Polvo',1.00,'8',49308.43,49308.43,0.00,0.00,0.00,2,10354.77,59663.20,'2024-06-03 10:03:32','2024-06-03 10:03:32','',NULL),(725,9435,362,'Fideos x kg',1.00,'8',26512.23,26512.23,0.00,0.00,0.00,2,5567.57,32079.80,'2024-06-03 10:06:58','2024-06-03 10:06:58','',NULL),(726,9435,363,'Leche Polvo',1.00,'8',34876.70,34876.70,0.00,0.00,0.00,2,7324.11,42200.81,'2024-06-03 10:26:03','2024-06-03 10:26:03','',NULL),(727,9435,364,'Leche Polvo',1.00,'8',53719.01,53719.01,0.00,0.00,0.00,2,11280.99,65000.00,'2024-06-03 15:08:37','2024-06-03 15:08:37','',NULL),(728,9435,364,'Leche Liquida',1.00,'8',53719.01,53719.01,0.00,0.00,0.00,2,11280.99,65000.00,'2024-06-03 15:08:37','2024-06-03 15:08:37','',NULL),(729,9435,365,'fideos x kg',1.00,'8',55096.42,55096.42,0.00,0.00,0.00,2,11570.25,66666.67,'2024-06-03 15:11:47','2024-06-03 15:11:47','',NULL),(730,9435,365,'Polenta',1.00,'8',55096.42,55096.42,0.00,0.00,0.00,2,11570.25,66666.67,'2024-06-03 15:11:47','2024-06-03 15:11:47','',NULL),(731,9435,365,'Arroz x kg',1.00,'8',55096.41,55096.41,0.00,0.00,0.00,2,11570.25,66666.66,'2024-06-03 15:11:47','2024-06-03 15:11:47','',NULL),(732,9435,366,'Polenta xkg',1.00,'8',149862.26,149862.26,0.00,0.00,0.00,2,31471.07,181333.33,'2024-06-04 08:57:41','2024-06-04 08:57:41','',NULL),(733,9435,366,'Arroz x kg',1.00,'8',149862.26,149862.26,0.00,0.00,0.00,2,31471.07,181333.33,'2024-06-04 08:57:41','2024-06-04 08:57:41','',NULL),(734,9435,366,'fideos x kg',1.00,'8',149862.27,149862.27,0.00,0.00,0.00,2,31471.08,181333.35,'2024-06-04 08:57:41','2024-06-04 08:57:41','',NULL),(735,9435,367,'Leche Polvo',1.00,'8',121388.43,121388.43,0.00,0.00,0.00,2,25491.57,146880.00,'2024-06-04 11:27:52','2024-06-04 11:27:52','',NULL),(736,9435,367,'Leche Liquida',1.00,'8',121388.43,121388.43,0.00,0.00,0.00,2,25491.57,146880.00,'2024-06-04 11:27:52','2024-06-04 11:27:52','',NULL),(737,9435,367,'Azucar',1.00,'8',121388.43,121388.43,0.00,0.00,0.00,2,25491.57,146880.00,'2024-06-04 11:27:52','2024-06-04 11:27:52','',NULL),(738,9435,368,'Fideos',1.00,'8',77134.99,77134.99,0.00,0.00,0.00,2,16198.35,93333.34,'2024-06-04 17:52:16','2024-06-04 17:52:16','',NULL),(739,9435,368,'Arroz x kg',1.00,'8',77134.99,77134.99,0.00,0.00,0.00,2,16198.35,93333.34,'2024-06-04 17:52:16','2024-06-04 17:52:16','',NULL),(740,9435,368,'Sal',1.00,'8',77134.98,77134.98,0.00,0.00,0.00,2,16198.35,93333.33,'2024-06-04 17:52:16','2024-06-04 17:52:16','',NULL),(741,9435,369,'Leche Polvo',1.00,'8',93719.01,93719.01,0.00,0.00,0.00,2,19680.99,113400.00,'2024-06-04 17:55:57','2024-06-04 17:55:57','',NULL),(742,9435,369,'Leche Liquida',1.00,'8',93719.01,93719.01,0.00,0.00,0.00,2,19680.99,113400.00,'2024-06-04 17:55:57','2024-06-04 17:55:57','',NULL),(743,9435,370,'Leche Polvo',1.00,'8',50000.00,50000.00,0.00,0.00,0.00,2,10500.00,60500.00,'2024-06-05 20:40:01','2024-06-05 20:40:01','',NULL),(744,9435,370,'Leche Liquida',1.00,'8',50000.00,50000.00,0.00,0.00,0.00,2,10500.00,60500.00,'2024-06-05 20:40:01','2024-06-05 20:40:01','',NULL),(745,9435,370,'Fideos x kg',1.00,'8',41322.31,41322.31,0.00,0.00,0.00,2,8677.69,50000.00,'2024-06-05 20:40:01','2024-06-05 20:40:01','',NULL),(746,9435,370,'Arroz x kg',1.00,'8',41322.31,41322.31,0.00,0.00,0.00,2,8677.69,50000.00,'2024-06-05 20:40:01','2024-06-05 20:40:01','',NULL),(747,9435,370,'Polenta x kg',1.00,'8',41322.31,41322.31,0.00,0.00,0.00,2,8677.69,50000.00,'2024-06-05 20:40:01','2024-06-05 20:40:01','',NULL),(748,9435,371,'Leche polvo',1.00,'8',26776.86,26776.86,0.00,0.00,0.00,2,5623.14,32400.00,'2024-06-05 20:44:56','2024-06-05 20:44:56','',NULL),(749,9435,371,'Fideos xkg',1.00,'8',16528.93,16528.93,0.00,0.00,0.00,2,3471.08,20000.01,'2024-06-05 20:44:56','2024-06-05 20:44:56','',NULL),(750,9435,371,'Arroz x kg',1.00,'8',16528.92,16528.92,0.00,0.00,0.00,2,3471.07,19999.99,'2024-06-05 20:44:56','2024-06-05 20:44:56','',NULL);
INSERT INTO `fact_elec_receipt_details` VALUES (751,9435,372,'Leche en Polvo',1.00,'8',54743.80,54743.80,0.00,0.00,0.00,2,11496.20,66240.00,'2024-06-05 20:56:34','2024-06-05 20:56:34','',NULL),(752,9435,372,'Leche Liquida',1.00,'8',54743.80,54743.80,0.00,0.00,0.00,2,11496.20,66240.00,'2024-06-05 20:56:34','2024-06-05 20:56:34','',NULL),(753,9435,373,'Polenta',1.00,'8',85950.41,85950.41,0.00,0.00,0.00,2,18049.59,104000.00,'2024-06-05 20:59:43','2024-06-05 20:59:43','',NULL),(754,9435,373,'Fideos x kg',1.00,'8',85950.41,85950.41,0.00,0.00,0.00,2,18049.59,104000.00,'2024-06-05 20:59:43','2024-06-05 20:59:43','',NULL),(755,9435,374,'Harina x kg',1.00,'8',59917.36,59917.36,0.00,0.00,0.00,2,12582.65,72500.01,'2024-06-05 21:02:22','2024-06-05 21:02:22','',NULL),(756,9435,375,'Mercaderias Varias',1.00,'8',46000.00,46000.00,0.00,0.00,0.00,2,9660.00,55660.00,'2024-06-05 21:19:07','2024-06-05 21:19:07',NULL,NULL),(757,9435,376,'Mercaderias Varias',1.00,'8',46000.00,46000.00,0.00,0.00,0.00,2,9660.00,55660.00,'2024-06-05 21:19:13','2024-06-05 21:19:13',NULL,NULL),(758,9435,377,'Mercaderias Varias',1.00,'8',46000.00,46000.00,0.00,0.00,0.00,2,9660.00,55660.00,'2024-06-05 21:19:16','2024-06-05 21:19:16',NULL,NULL),(759,9435,378,'Mercaderias Varias',1.00,'8',46000.00,46000.00,0.00,0.00,0.00,2,9660.00,55660.00,'2024-06-05 21:19:20','2024-06-05 21:19:20',NULL,NULL),(760,9435,379,'Mercaderias Varias',1.00,'8',46000.00,46000.00,0.00,0.00,0.00,2,9660.00,55660.00,'2024-06-05 21:19:24','2024-06-05 21:19:24',NULL,NULL),(761,9435,380,'Mercaderias Varias',1.00,'8',46000.00,46000.00,0.00,0.00,0.00,2,9660.00,55660.00,'2024-06-05 21:19:27','2024-06-05 21:19:27',NULL,NULL),(762,9435,381,'Mercaderias Varias',1.00,'8',46000.00,46000.00,0.00,0.00,0.00,2,9660.00,55660.00,'2024-06-05 21:19:31','2024-06-05 21:19:31',NULL,NULL),(763,9435,382,'Mercaderias Varias',1.00,'8',46000.00,46000.00,0.00,0.00,0.00,2,9660.00,55660.00,'2024-06-05 21:21:50','2024-06-05 21:21:50',NULL,NULL),(764,9435,383,'Mercaderias Varias',1.00,'8',46000.00,46000.00,0.00,0.00,0.00,2,9660.00,55660.00,'2024-06-05 21:21:54','2024-06-05 21:21:54',NULL,NULL),(765,9435,384,'Mercaderias Varias',1.00,'8',46000.00,46000.00,0.00,0.00,0.00,2,9660.00,55660.00,'2024-06-05 21:21:57','2024-06-05 21:21:57',NULL,NULL),(766,9435,385,'Mercaderias Varias',1.00,'8',46000.00,46000.00,0.00,0.00,0.00,2,9660.00,55660.00,'2024-06-05 21:22:02','2024-06-05 21:22:02',NULL,NULL),(767,9435,386,'Mercaderias Varias',1.00,'8',46000.00,46000.00,0.00,0.00,0.00,2,9660.00,55660.00,'2024-06-05 21:22:06','2024-06-05 21:22:06',NULL,NULL),(768,9435,387,'Mercaderias Varias',1.00,'8',46000.00,46000.00,0.00,0.00,0.00,2,9660.00,55660.00,'2024-06-05 21:22:09','2024-06-05 21:22:09',NULL,NULL),(769,9435,388,'Mercaderias Varias',1.00,'8',46000.00,46000.00,0.00,0.00,0.00,2,9660.00,55660.00,'2024-06-05 21:22:13','2024-06-05 21:22:13',NULL,NULL),(770,9435,389,'Aceite',45.00,'8',8448.12,380165.40,0.00,0.00,0.00,2,79834.73,460000.13,'2024-06-06 08:27:23','2024-06-06 08:27:23','',NULL),(771,9435,389,'Harina xkg',20.00,'8',19008.26,380165.20,0.00,0.00,0.00,2,79834.69,459999.89,'2024-06-06 08:27:23','2024-06-06 08:27:23','',NULL),(772,9435,390,'Arroz  xkg',1.00,'8',74380.16,74380.16,0.00,0.00,0.00,2,15619.83,89999.99,'2024-06-06 13:33:15','2024-06-06 13:33:15','',NULL),(773,9435,390,'Fideos xkg',1.00,'8',74380.17,74380.17,0.00,0.00,0.00,2,15619.84,90000.01,'2024-06-06 13:33:15','2024-06-06 13:33:15','',NULL),(774,9435,391,'Leche Polvo',1.00,'8',120495.87,120495.87,0.00,0.00,0.00,2,25304.13,145800.00,'2024-06-06 13:43:20','2024-06-06 13:43:20','',NULL),(775,9435,392,'Arroz  x kg',1.00,'8',13223.14,13223.14,0.00,0.00,0.00,2,2776.86,16000.00,'2024-06-08 11:14:02','2024-06-08 11:14:02','',NULL),(776,9435,392,'FIdeos x kg',1.00,'8',13223.14,13223.14,0.00,0.00,0.00,2,2776.86,16000.00,'2024-06-08 11:14:02','2024-06-08 11:14:02','',NULL),(777,9435,392,'sal ',1.00,'8',1000.00,1000.00,0.00,0.00,0.00,2,210.00,1210.00,'2024-06-08 11:14:02','2024-06-08 11:14:02','',NULL);
INSERT INTO `fact_elec_receipt_details` VALUES (778,9435,392,'Papa x kg',6.00,'2',826.45,4958.70,0.00,0.00,0.00,2,1041.33,6000.03,'2024-06-08 11:14:02','2024-06-08 11:14:02','',NULL),(779,9435,392,'cebolla xkg',8.00,'8',900.00,7200.00,0.00,0.00,0.00,2,1512.00,8712.00,'2024-06-08 11:14:02','2024-06-08 11:14:02','',NULL),(780,9435,392,'leche x 800gr',1.00,'8',44876.03,44876.03,0.00,0.00,0.00,2,9423.97,54300.00,'2024-06-08 11:14:02','2024-06-08 11:14:02','',NULL),(781,9435,392,'Pan xkg',20.00,'8',1322.32,26446.40,0.00,0.00,0.00,2,5553.74,32000.14,'2024-06-08 11:14:02','2024-06-08 11:14:02','',NULL),(782,9435,392,'Fragnollo ',1.00,'8',113452.75,113452.75,0.00,0.00,0.00,2,23825.08,137277.83,'2024-06-08 11:14:02','2024-06-08 11:14:02','',NULL),(783,9435,393,'Leche x 800gr',8.00,'8',4958.68,39669.44,0.00,0.00,0.00,2,8330.58,48000.02,'2024-06-08 12:59:50','2024-06-08 12:59:50','',NULL),(784,9435,393,'Yerba',6.00,'8',3471.08,20826.48,0.00,0.00,0.00,2,4373.56,25200.04,'2024-06-08 12:59:50','2024-06-08 12:59:50','',NULL),(785,9435,393,'azucar',5.00,'8',1157.02,5785.10,0.00,0.00,0.00,2,1214.87,6999.97,'2024-06-08 12:59:50','2024-06-08 12:59:50','',NULL),(786,9435,393,'pan',20.00,'8',1322.31,26446.20,0.00,0.00,0.00,2,5553.70,31999.90,'2024-06-08 12:59:50','2024-06-08 12:59:50','',NULL),(787,9435,393,'Yogurt',4.00,'8',1818.18,7272.72,0.00,0.00,0.00,2,1527.27,8799.99,'2024-06-08 12:59:50','2024-06-08 12:59:50','',NULL),(788,9435,393,'Fideos',1.00,'8',7851.24,7851.24,0.00,0.00,0.00,2,1648.76,9500.00,'2024-06-08 12:59:50','2024-06-08 12:59:50','',NULL),(789,9435,393,'Arroz',1.00,'8',13223.14,13223.14,0.00,0.00,0.00,2,2776.86,16000.00,'2024-06-08 12:59:50','2024-06-08 12:59:50','',NULL),(790,9435,393,'papa',10.00,'8',1322.31,13223.10,0.00,0.00,0.00,2,2776.85,15999.95,'2024-06-08 12:59:50','2024-06-08 12:59:50','',NULL),(791,9435,393,'Fragollo',1.00,'8',7851.24,7851.24,0.00,0.00,0.00,2,1648.76,9500.00,'2024-06-08 12:59:50','2024-06-08 12:59:50','',NULL),(792,9435,393,'semola',1.00,'8',7851.24,7851.24,0.00,0.00,0.00,2,1648.76,9500.00,'2024-06-08 12:59:50','2024-06-08 12:59:50','',NULL),(793,9435,393,'maiz pisado',1.00,'8',7851.24,7851.24,0.00,0.00,0.00,2,1648.76,9500.00,'2024-06-08 12:59:50','2024-06-08 12:59:50','',NULL),(794,9435,393,'Leche liquida',1.00,'8',413.23,413.23,0.00,0.00,0.00,2,86.78,500.01,'2024-06-08 12:59:50','2024-06-08 12:59:50','',NULL),(795,9435,393,'sal',1.00,'8',826.45,826.45,0.00,0.00,0.00,2,173.55,1000.00,'2024-06-08 12:59:50','2024-06-08 12:59:50','',NULL),(796,9435,393,'aceite',4.00,'8',2066.12,8264.48,0.00,0.00,0.00,2,1735.54,10000.02,'2024-06-08 12:59:50','2024-06-08 12:59:50','',NULL),(797,9435,393,'carne',10.00,'8',3305.79,33057.90,0.00,0.00,0.00,2,6942.16,40000.06,'2024-06-08 12:59:50','2024-06-08 12:59:50','',NULL),(798,9435,393,'cebolla',10.00,'8',1404.96,14049.60,0.00,0.00,0.00,2,2950.42,17000.02,'2024-06-08 12:59:50','2024-06-08 12:59:50','',NULL),(799,9435,393,'zanahoria',5.00,'8',991.74,4958.70,0.00,0.00,0.00,2,1041.33,6000.03,'2024-06-08 12:59:50','2024-06-08 12:59:50','',NULL),(800,9435,393,'pure de tomate',6.00,'8',826.45,4958.70,0.00,0.00,0.00,2,1041.33,6000.03,'2024-06-08 12:59:50','2024-06-08 12:59:50','',NULL),(801,9435,394,'Leche Polvo',1.00,'8',126520.66,126520.66,0.00,0.00,0.00,2,26569.34,153090.00,'2024-06-13 09:07:44','2024-06-13 09:07:44','',NULL),(802,9435,394,'Leche Liquida',1.00,'8',126520.66,126520.66,0.00,0.00,0.00,2,26569.34,153090.00,'2024-06-13 09:07:44','2024-06-13 09:07:44','',NULL),(803,9435,395,'Fideos  kg',1.00,'8',200826.45,200826.45,0.00,0.00,0.00,2,42173.55,243000.00,'2024-06-13 09:22:56','2024-06-13 09:22:56','',NULL),(804,9435,395,'Arroz x kg',1.00,'8',200826.45,200826.45,0.00,0.00,0.00,2,42173.55,243000.00,'2024-06-13 09:22:56','2024-06-13 09:22:56','',NULL),(805,9435,395,'banana',1.00,'8',200826.45,200826.45,0.00,0.00,0.00,2,42173.55,243000.00,'2024-06-13 09:22:56','2024-06-13 09:22:56','',NULL),(806,9435,395,'polenta',1.00,'8',200826.45,200826.45,0.00,0.00,0.00,2,42173.55,243000.00,'2024-06-13 09:22:56','2024-06-13 09:22:56','',NULL);
INSERT INTO `fact_elec_receipt_details` VALUES (807,9435,396,'Leche Polvo',1.00,'8',162669.42,162669.42,0.00,0.00,0.00,2,34160.58,196830.00,'2024-06-13 20:26:41','2024-06-13 20:26:41','',NULL),(808,9435,396,'Azucar',1.00,'8',162669.42,162669.42,0.00,0.00,0.00,2,34160.58,196830.00,'2024-06-13 20:26:41','2024-06-13 20:26:41','',NULL),(809,9435,396,'Zocoa',1.00,'8',162669.42,162669.42,0.00,0.00,0.00,2,34160.58,196830.00,'2024-06-13 20:26:41','2024-06-13 20:26:41','',NULL),(810,9435,396,'Cafe',1.00,'8',162669.42,162669.42,0.00,0.00,0.00,2,34160.58,196830.00,'2024-06-13 20:26:41','2024-06-13 20:26:41','',NULL),(811,9435,397,'Fideos x kg',1.00,'8',112396.70,112396.70,0.00,0.00,0.00,2,23603.31,136000.01,'2024-06-15 15:40:33','2024-06-15 15:40:33','',NULL),(812,9435,397,'Arroz x kg',1.00,'8',112396.69,112396.69,0.00,0.00,0.00,2,23603.30,135999.99,'2024-06-15 15:40:33','2024-06-15 15:40:33','',NULL),(813,9435,397,'Polenta',1.00,'8',112396.69,112396.69,0.00,0.00,0.00,2,23603.30,135999.99,'2024-06-15 15:40:33','2024-06-15 15:40:33','',NULL),(814,9435,397,'sal',1.00,'8',112396.70,112396.70,0.00,0.00,0.00,2,23603.31,136000.01,'2024-06-15 15:40:33','2024-06-15 15:40:33','',NULL),(815,9435,398,'Leche Polvo',1.00,'8',182082.64,182082.64,0.00,0.00,0.00,2,38237.35,220319.99,'2024-06-15 15:44:38','2024-06-15 15:44:38','',NULL),(816,9435,398,'Leche Liquida',1.00,'8',182082.65,182082.65,0.00,0.00,0.00,2,38237.36,220320.01,'2024-06-15 15:44:38','2024-06-15 15:44:38','',NULL),(817,9435,399,'polenta',1.00,'8',55096.42,55096.42,0.00,0.00,0.00,2,11570.25,66666.67,'2024-06-18 17:09:03','2024-06-18 17:09:03','',NULL),(818,9435,399,'fideos',1.00,'8',55096.42,55096.42,0.00,0.00,0.00,2,11570.25,66666.67,'2024-06-18 17:09:03','2024-06-18 17:09:03','',NULL),(819,9435,399,'arroz',1.00,'8',55096.41,55096.41,0.00,0.00,0.00,2,11570.25,66666.66,'2024-06-18 17:09:03','2024-06-18 17:09:03','',NULL),(820,9435,400,'leche liquida',1.00,'8',37382.92,37382.92,0.00,0.00,0.00,2,7850.41,45233.33,'2024-06-18 17:13:55','2024-06-18 17:13:55','',NULL),(821,9435,400,'leche polvo',1.00,'8',37382.93,37382.93,0.00,0.00,0.00,2,7850.42,45233.35,'2024-06-18 17:13:55','2024-06-18 17:13:55','',NULL),(822,9435,400,'Azucar',1.00,'8',37382.91,37382.91,0.00,0.00,0.00,2,7850.41,45233.32,'2024-06-18 17:13:55','2024-06-18 17:13:55','',NULL),(823,9435,401,'azucar',1.00,'8',38975.21,38975.21,0.00,0.00,0.00,2,8184.79,47160.00,'2024-06-18 17:21:22','2024-06-18 17:21:22','',NULL),(824,9435,401,'Leche Polvo',1.00,'8',38975.21,38975.21,0.00,0.00,0.00,2,8184.79,47160.00,'2024-06-18 17:21:23','2024-06-18 17:21:23','',NULL),(825,9435,401,'Leche Liquida',1.00,'8',38975.21,38975.21,0.00,0.00,0.00,2,8184.79,47160.00,'2024-06-18 17:21:23','2024-06-18 17:21:23','',NULL),(826,9435,402,'Fideos',1.00,'8',57300.28,57300.28,0.00,0.00,0.00,2,12033.06,69333.34,'2024-06-18 17:28:00','2024-06-18 17:28:00','',NULL),(827,9435,402,'arroz',1.00,'8',57300.26,57300.26,0.00,0.00,0.00,2,12033.05,69333.31,'2024-06-18 17:28:00','2024-06-18 17:28:00','',NULL),(828,9435,402,'polenta',1.00,'8',57300.29,57300.29,0.00,0.00,0.00,2,12033.06,69333.35,'2024-06-18 17:28:00','2024-06-18 17:28:00','',NULL),(829,9435,403,'fideos',1.00,'8',96275.48,96275.48,0.00,0.00,0.00,2,20217.85,116493.33,'2024-06-18 17:58:32','2024-06-18 17:58:32','',NULL),(830,9435,403,'Polenta',1.00,'8',96275.48,96275.48,0.00,0.00,0.00,2,20217.85,116493.33,'2024-06-18 17:58:32','2024-06-18 17:58:32','',NULL),(831,9435,403,'Arroz',1.00,'8',96275.49,96275.49,0.00,0.00,0.00,2,20217.85,116493.34,'2024-06-18 17:58:32','2024-06-18 17:58:32','',NULL),(832,9435,404,'cebolla',4.00,'8',7603.30,30413.20,0.00,0.00,0.00,2,6386.77,36799.97,'2024-06-18 18:08:26','2024-06-18 18:08:26','',NULL),(833,9435,404,'tomate',8.00,'8',3801.64,30413.12,0.00,0.00,0.00,2,6386.76,36799.88,'2024-06-18 18:08:26','2024-06-18 18:08:26','',NULL),(834,9435,404,'fideos',5.00,'8',6082.64,30413.20,0.00,0.00,0.00,2,6386.77,36799.97,'2024-06-18 18:08:26','2024-06-18 18:08:26','',NULL);
INSERT INTO `fact_elec_receipt_details` VALUES (835,9435,404,'pimenton',20.00,'8',1520.67,30413.40,0.00,0.00,0.00,2,6386.81,36800.21,'2024-06-18 18:08:26','2024-06-18 18:08:26','',NULL),(836,9435,404,'carne',2.00,'8',15206.60,30413.20,0.00,0.00,0.00,2,6386.77,36799.97,'2024-06-18 18:08:26','2024-06-18 18:08:26','',NULL),(837,9435,405,'Leche liquida',25.00,'8',4926.94,123173.50,0.00,0.00,0.00,2,25866.44,149039.94,'2024-06-18 18:11:10','2024-06-18 18:11:10','',NULL),(838,9435,405,'Leche polvo',20.00,'8',6158.68,123173.60,0.00,0.00,0.00,2,25866.46,149040.06,'2024-06-18 18:11:10','2024-06-18 18:11:10','',NULL),(839,9435,406,'art de libreria',1.00,'8',90000.00,90000.00,0.00,0.00,0.00,2,18900.00,108900.00,'2024-07-03 09:15:54','2024-07-03 09:15:54','',NULL),(844,9435,411,'art de libreria',1.00,'8',95000.00,95000.00,0.00,0.00,0.00,2,19950.00,114950.00,'2024-07-03 09:21:55','2024-07-03 09:21:55','',NULL),(845,9435,412,'ART DE TELEFONIA',1.00,'8',95000.00,95000.00,0.00,0.00,0.00,2,19950.00,114950.00,'2024-07-03 09:31:52','2024-07-03 09:31:52','',NULL),(846,9435,413,'Articulos de libreria',1.00,'8',100000.00,100000.00,0.00,0.00,0.00,2,21000.00,121000.00,'2024-09-05 19:56:41','2024-09-05 19:56:41','',NULL),(847,9435,414,'Articulos de Librería',1.00,'8',46000.00,46000.00,0.00,0.00,0.00,2,9660.00,55660.00,'2024-09-24 16:12:14','2024-09-24 16:12:14',NULL,NULL),(848,9435,415,'Articulos de Librería',1.00,'8',46000.00,46000.00,0.00,0.00,0.00,2,9660.00,55660.00,'2024-09-24 16:12:18','2024-09-24 16:12:18',NULL,NULL),(849,9435,416,'Articulos de Librería',1.00,'8',46000.00,46000.00,0.00,0.00,0.00,2,9660.00,55660.00,'2024-09-24 16:12:21','2024-09-24 16:12:21',NULL,NULL),(850,9435,417,'Articulos de Librería',1.00,'8',46000.00,46000.00,0.00,0.00,0.00,2,9660.00,55660.00,'2024-09-24 16:12:23','2024-09-24 16:12:23',NULL,NULL),(851,9435,418,'Articulos de Librería',1.00,'8',46000.00,46000.00,0.00,0.00,0.00,2,9660.00,55660.00,'2024-09-24 16:12:26','2024-09-24 16:12:26',NULL,NULL),(852,9435,419,'Articulos de Librería',1.00,'8',46000.00,46000.00,0.00,0.00,0.00,2,9660.00,55660.00,'2024-09-24 16:12:28','2024-09-24 16:12:28',NULL,NULL),(853,9435,420,'Articulos de Librería',1.00,'8',46000.00,46000.00,0.00,0.00,0.00,2,9660.00,55660.00,'2024-09-24 16:12:30','2024-09-24 16:12:30',NULL,NULL),(854,9435,421,'Articulos de telefonia',1.00,'8',40000.00,40000.00,0.00,0.00,0.00,2,8400.00,48400.00,'2024-09-24 16:12:33','2024-09-24 16:12:33',NULL,NULL),(855,9435,422,'Articulos de telefonia',1.00,'8',20000.00,20000.00,0.00,0.00,0.00,2,4200.00,24200.00,'2024-09-24 16:12:36','2024-09-24 16:12:36',NULL,NULL),(856,9435,423,'Articulos de telefonia',1.00,'8',40000.00,40000.00,0.00,0.00,0.00,2,8400.00,48400.00,'2024-09-24 16:12:39','2024-09-24 16:12:39',NULL,NULL),(857,9435,424,'Articulos de Librería',1.00,'8',46000.00,46000.00,0.00,0.00,0.00,2,9660.00,55660.00,'2024-09-25 22:08:23','2024-09-25 22:08:23',NULL,NULL),(858,9435,425,'Articulos de Librería',1.00,'8',46000.00,46000.00,0.00,0.00,0.00,2,9660.00,55660.00,'2024-09-25 22:08:26','2024-09-25 22:08:26',NULL,NULL),(859,9435,426,'Articulos de Librería',1.00,'8',46000.00,46000.00,0.00,0.00,0.00,2,9660.00,55660.00,'2024-09-25 22:08:28','2024-09-25 22:08:28',NULL,NULL),(860,9435,427,'Articulos de Librería',1.00,'8',46000.00,46000.00,0.00,0.00,0.00,2,9660.00,55660.00,'2024-09-25 22:08:30','2024-09-25 22:08:30',NULL,NULL),(861,9435,428,'Articulos de Librería',1.00,'8',46000.00,46000.00,0.00,0.00,0.00,2,9660.00,55660.00,'2024-09-25 22:08:33','2024-09-25 22:08:33',NULL,NULL),(862,9435,429,'Articulos de Librería',1.00,'8',46000.00,46000.00,0.00,0.00,0.00,2,9660.00,55660.00,'2024-09-25 22:08:35','2024-09-25 22:08:35',NULL,NULL),(863,9435,430,'Articulos de Librería',1.00,'8',46000.00,46000.00,0.00,0.00,0.00,2,9660.00,55660.00,'2024-09-25 22:08:37','2024-09-25 22:08:37',NULL,NULL),(864,9435,431,'Articulos de telefonia',1.00,'8',40000.00,40000.00,0.00,0.00,0.00,2,8400.00,48400.00,'2024-09-25 22:08:39','2024-09-25 22:08:39',NULL,NULL);
INSERT INTO `fact_elec_receipt_details` VALUES (865,9435,432,'Articulos de telefonia',1.00,'8',20000.00,20000.00,0.00,0.00,0.00,2,4200.00,24200.00,'2024-09-25 22:08:42','2024-09-25 22:08:42',NULL,NULL),(866,9435,433,'Articulos de telefonia',1.00,'8',40000.00,40000.00,0.00,0.00,0.00,2,8400.00,48400.00,'2024-09-25 22:08:44','2024-09-25 22:08:44',NULL,NULL),(867,9435,434,'Articulos de Librería',1.00,'8',46000.00,46000.00,0.00,0.00,0.00,2,9660.00,55660.00,'2024-09-26 20:18:22','2024-09-26 20:18:22',NULL,NULL),(868,9435,435,'Articulos de Librería',1.00,'8',46000.00,46000.00,0.00,0.00,0.00,2,9660.00,55660.00,'2024-09-26 20:18:24','2024-09-26 20:18:24',NULL,NULL),(869,9435,436,'Articulos de Librería',1.00,'8',46000.00,46000.00,0.00,0.00,0.00,2,9660.00,55660.00,'2024-09-26 20:18:26','2024-09-26 20:18:26',NULL,NULL),(870,9435,437,'Articulos de Librería',1.00,'8',46000.00,46000.00,0.00,0.00,0.00,2,9660.00,55660.00,'2024-09-26 20:18:28','2024-09-26 20:18:28',NULL,NULL),(871,9435,438,'Articulos de Librería',1.00,'8',46000.00,46000.00,0.00,0.00,0.00,2,9660.00,55660.00,'2024-09-26 20:18:30','2024-09-26 20:18:30',NULL,NULL),(872,9435,439,'Articulos de Librería',1.00,'8',46000.00,46000.00,0.00,0.00,0.00,2,9660.00,55660.00,'2024-09-26 20:18:32','2024-09-26 20:18:32',NULL,NULL),(873,9435,440,'Articulos de Librería',1.00,'8',46000.00,46000.00,0.00,0.00,0.00,2,9660.00,55660.00,'2024-09-26 20:18:36','2024-09-26 20:18:36',NULL,NULL),(874,9435,441,'Articulos de telefonia',1.00,'8',40000.00,40000.00,0.00,0.00,0.00,2,8400.00,48400.00,'2024-09-26 20:18:39','2024-09-26 20:18:39',NULL,NULL),(875,9435,442,'Articulos de telefonia',1.00,'8',20000.00,20000.00,0.00,0.00,0.00,2,4200.00,24200.00,'2024-09-26 20:18:41','2024-09-26 20:18:41',NULL,NULL),(876,9435,443,'Articulos de telefonia',1.00,'8',40000.00,40000.00,0.00,0.00,0.00,2,8400.00,48400.00,'2024-09-26 20:18:44','2024-09-26 20:18:44',NULL,NULL),(877,9435,444,'Articulos de Librería',1.00,'8',46000.00,46000.00,0.00,0.00,0.00,2,9660.00,55660.00,'2024-09-26 20:45:53','2024-09-26 20:45:53',NULL,NULL),(878,9435,445,'Articulos de Librería',1.00,'8',46000.00,46000.00,0.00,0.00,0.00,2,9660.00,55660.00,'2024-09-26 20:45:55','2024-09-26 20:45:55',NULL,NULL),(879,9435,446,'Articulos de Librería',1.00,'8',46000.00,46000.00,0.00,0.00,0.00,2,9660.00,55660.00,'2024-09-26 20:45:57','2024-09-26 20:45:57',NULL,NULL),(880,9435,447,'Articulos de Librería',1.00,'8',46000.00,46000.00,0.00,0.00,0.00,2,9660.00,55660.00,'2024-09-26 20:45:59','2024-09-26 20:45:59',NULL,NULL),(881,9435,448,'Articulos de Librería',1.00,'8',46000.00,46000.00,0.00,0.00,0.00,2,9660.00,55660.00,'2024-09-26 20:46:02','2024-09-26 20:46:02',NULL,NULL),(882,9435,449,'Articulos de Librería',1.00,'8',46000.00,46000.00,0.00,0.00,0.00,2,9660.00,55660.00,'2024-09-26 20:46:04','2024-09-26 20:46:04',NULL,NULL),(883,9435,450,'Articulos de Librería',1.00,'8',46000.00,46000.00,0.00,0.00,0.00,2,9660.00,55660.00,'2024-09-26 20:46:07','2024-09-26 20:46:07',NULL,NULL),(884,9435,451,'Articulos de telefonia',1.00,'8',40000.00,40000.00,0.00,0.00,0.00,2,8400.00,48400.00,'2024-09-26 20:46:09','2024-09-26 20:46:09',NULL,NULL),(885,9435,452,'Articulos de telefonia',1.00,'8',20000.00,20000.00,0.00,0.00,0.00,2,4200.00,24200.00,'2024-09-26 20:46:11','2024-09-26 20:46:11',NULL,NULL),(886,9435,453,'Articulos de telefonia',1.00,'8',40000.00,40000.00,0.00,0.00,0.00,2,8400.00,48400.00,'2024-09-26 20:46:13','2024-09-26 20:46:13',NULL,NULL),(887,9435,454,'Articulos de Librería',1.00,'8',46000.00,46000.00,0.00,0.00,0.00,2,9660.00,55660.00,'2024-09-26 20:47:06','2024-09-26 20:47:06',NULL,NULL),(888,9435,455,'Articulos de Librería',1.00,'8',46000.00,46000.00,0.00,0.00,0.00,2,9660.00,55660.00,'2024-09-26 20:47:08','2024-09-26 20:47:08',NULL,NULL),(889,9435,456,'Articulos de Librería',1.00,'8',46000.00,46000.00,0.00,0.00,0.00,2,9660.00,55660.00,'2024-09-26 20:47:11','2024-09-26 20:47:11',NULL,NULL);
INSERT INTO `fact_elec_receipt_details` VALUES (890,9435,457,'Articulos de Librería',1.00,'8',46000.00,46000.00,0.00,0.00,0.00,2,9660.00,55660.00,'2024-09-26 20:47:14','2024-09-26 20:47:14',NULL,NULL),(891,9435,458,'Articulos de Librería',1.00,'8',46000.00,46000.00,0.00,0.00,0.00,2,9660.00,55660.00,'2024-09-26 20:47:16','2024-09-26 20:47:16',NULL,NULL),(892,9435,459,'Articulos de Librería',1.00,'8',46000.00,46000.00,0.00,0.00,0.00,2,9660.00,55660.00,'2024-09-26 20:47:18','2024-09-26 20:47:18',NULL,NULL),(893,9435,460,'Articulos de Librería',1.00,'8',46000.00,46000.00,0.00,0.00,0.00,2,9660.00,55660.00,'2024-09-26 20:47:20','2024-09-26 20:47:20',NULL,NULL),(894,9435,461,'Articulos de telefonia',1.00,'8',40000.00,40000.00,0.00,0.00,0.00,2,8400.00,48400.00,'2024-09-26 20:47:22','2024-09-26 20:47:22',NULL,NULL),(895,9435,462,'Articulos de telefonia',1.00,'8',20000.00,20000.00,0.00,0.00,0.00,2,4200.00,24200.00,'2024-09-26 20:47:24','2024-09-26 20:47:24',NULL,NULL),(896,9435,463,'Articulos de telefonia',1.00,'8',40000.00,40000.00,0.00,0.00,0.00,2,8400.00,48400.00,'2024-09-26 20:47:27','2024-09-26 20:47:27',NULL,NULL),(897,9435,464,'Articulos de Librería',1.00,'8',46000.00,46000.00,0.00,0.00,0.00,2,9660.00,55660.00,'2024-09-26 20:57:13','2024-09-26 20:57:13',NULL,NULL),(898,9435,465,'Articulos de Librería',1.00,'8',46000.00,46000.00,0.00,0.00,0.00,2,9660.00,55660.00,'2024-09-26 20:57:15','2024-09-26 20:57:15',NULL,NULL),(899,9435,466,'Articulos de Librería',1.00,'8',46000.00,46000.00,0.00,0.00,0.00,2,9660.00,55660.00,'2024-09-26 20:57:18','2024-09-26 20:57:18',NULL,NULL),(900,9435,467,'Articulos de Librería',1.00,'8',46000.00,46000.00,0.00,0.00,0.00,2,9660.00,55660.00,'2024-09-26 20:57:20','2024-09-26 20:57:20',NULL,NULL),(901,9435,468,'Articulos de Librería',1.00,'8',46000.00,46000.00,0.00,0.00,0.00,2,9660.00,55660.00,'2024-09-26 20:57:23','2024-09-26 20:57:23',NULL,NULL),(902,9435,469,'Articulos de Librería',1.00,'8',46000.00,46000.00,0.00,0.00,0.00,2,9660.00,55660.00,'2024-09-26 20:57:25','2024-09-26 20:57:25',NULL,NULL),(903,9435,470,'Articulos de Librería',1.00,'8',46000.00,46000.00,0.00,0.00,0.00,2,9660.00,55660.00,'2024-09-26 20:57:27','2024-09-26 20:57:27',NULL,NULL),(904,9435,471,'Articulos de telefonia',1.00,'8',40000.00,40000.00,0.00,0.00,0.00,2,8400.00,48400.00,'2024-09-26 20:57:29','2024-09-26 20:57:29',NULL,NULL),(905,9435,472,'Articulos de telefonia',1.00,'8',20000.00,20000.00,0.00,0.00,0.00,2,4200.00,24200.00,'2024-09-26 20:57:32','2024-09-26 20:57:32',NULL,NULL),(906,9435,473,'Articulos de telefonia',1.00,'8',40000.00,40000.00,0.00,0.00,0.00,2,8400.00,48400.00,'2024-09-26 20:57:34','2024-09-26 20:57:34',NULL,NULL),(907,9435,474,'Articulos de Librería',1.00,'8',46000.00,46000.00,0.00,0.00,0.00,2,9660.00,55660.00,'2024-09-30 19:55:20','2024-09-30 19:55:20',NULL,NULL),(908,9435,475,'Articulos de Librería',1.00,'8',46000.00,46000.00,0.00,0.00,0.00,2,9660.00,55660.00,'2024-09-30 19:55:23','2024-09-30 19:55:23',NULL,NULL),(909,9435,476,'Articulos de Librería',1.00,'8',46000.00,46000.00,0.00,0.00,0.00,2,9660.00,55660.00,'2024-09-30 19:55:25','2024-09-30 19:55:25',NULL,NULL),(910,9435,477,'Articulos de Librería',1.00,'8',46000.00,46000.00,0.00,0.00,0.00,2,9660.00,55660.00,'2024-09-30 19:55:27','2024-09-30 19:55:27',NULL,NULL),(911,9435,478,'Articulos de Librería',1.00,'8',46000.00,46000.00,0.00,0.00,0.00,2,9660.00,55660.00,'2024-09-30 19:55:30','2024-09-30 19:55:30',NULL,NULL),(912,9435,479,'Articulos de Librería',1.00,'8',46000.00,46000.00,0.00,0.00,0.00,2,9660.00,55660.00,'2024-09-30 19:55:32','2024-09-30 19:55:32',NULL,NULL),(913,9435,480,'Articulos de Librería',1.00,'8',46000.00,46000.00,0.00,0.00,0.00,2,9660.00,55660.00,'2024-09-30 19:55:34','2024-09-30 19:55:34',NULL,NULL),(914,9435,481,'Articulos de telefonia',1.00,'8',40000.00,40000.00,0.00,0.00,0.00,2,8400.00,48400.00,'2024-09-30 19:55:39','2024-09-30 19:55:39',NULL,NULL);
INSERT INTO `fact_elec_receipt_details` VALUES (915,9435,482,'Articulos de telefonia',1.00,'8',20000.00,20000.00,0.00,0.00,0.00,2,4200.00,24200.00,'2024-09-30 19:55:42','2024-09-30 19:55:42',NULL,NULL),(916,9435,483,'Articulos de telefonia',1.00,'8',40000.00,40000.00,0.00,0.00,0.00,2,8400.00,48400.00,'2024-09-30 19:55:44','2024-09-30 19:55:44',NULL,NULL),(917,9435,484,'Articulos de Librería',1.00,'8',46000.00,46000.00,0.00,0.00,0.00,2,9660.00,55660.00,'2024-10-02 18:48:16','2024-10-02 18:48:16',NULL,NULL),(918,9435,485,'Articulos de Librería',1.00,'8',46000.00,46000.00,0.00,0.00,0.00,2,9660.00,55660.00,'2024-10-02 18:48:20','2024-10-02 18:48:20',NULL,NULL),(919,9435,486,'Articulos de Librería',1.00,'8',46000.00,46000.00,0.00,0.00,0.00,2,9660.00,55660.00,'2024-10-02 18:48:22','2024-10-02 18:48:22',NULL,NULL),(920,9435,487,'Articulos de Librería',1.00,'8',46000.00,46000.00,0.00,0.00,0.00,2,9660.00,55660.00,'2024-10-02 18:48:25','2024-10-02 18:48:25',NULL,NULL),(921,9435,488,'Articulos de Librería',1.00,'8',46000.00,46000.00,0.00,0.00,0.00,2,9660.00,55660.00,'2024-10-02 18:48:27','2024-10-02 18:48:27',NULL,NULL),(922,9435,489,'Articulos de Librería',1.00,'8',46000.00,46000.00,0.00,0.00,0.00,2,9660.00,55660.00,'2024-10-02 18:48:29','2024-10-02 18:48:29',NULL,NULL),(923,9435,490,'Articulos de Librería',1.00,'8',46000.00,46000.00,0.00,0.00,0.00,2,9660.00,55660.00,'2024-10-02 18:48:31','2024-10-02 18:48:31',NULL,NULL),(924,9435,491,'Articulos de telefonia',1.00,'8',40000.00,40000.00,0.00,0.00,0.00,2,8400.00,48400.00,'2024-10-02 18:48:34','2024-10-02 18:48:34',NULL,NULL),(925,9435,492,'Articulos de telefonia',1.00,'8',20000.00,20000.00,0.00,0.00,0.00,2,4200.00,24200.00,'2024-10-02 18:48:36','2024-10-02 18:48:36',NULL,NULL),(926,9435,493,'Articulos de telefonia',1.00,'8',40000.00,40000.00,0.00,0.00,0.00,2,8400.00,48400.00,'2024-10-02 18:48:39','2024-10-02 18:48:39',NULL,NULL),(927,9435,494,'Articulos de Librería',1.00,'8',46000.00,46000.00,0.00,0.00,0.00,2,9660.00,55660.00,'2024-10-02 18:50:15','2024-10-02 18:50:15',NULL,NULL),(928,9435,495,'Articulos de Librería',1.00,'8',46000.00,46000.00,0.00,0.00,0.00,2,9660.00,55660.00,'2024-10-02 18:50:17','2024-10-02 18:50:17',NULL,NULL),(929,9435,496,'Articulos de Librería',1.00,'8',46000.00,46000.00,0.00,0.00,0.00,2,9660.00,55660.00,'2024-10-02 18:50:20','2024-10-02 18:50:20',NULL,NULL),(930,9435,497,'Articulos de Librería',1.00,'8',46000.00,46000.00,0.00,0.00,0.00,2,9660.00,55660.00,'2024-10-02 18:50:22','2024-10-02 18:50:22',NULL,NULL),(931,9435,498,'Articulos de Librería',1.00,'8',46000.00,46000.00,0.00,0.00,0.00,2,9660.00,55660.00,'2024-10-02 18:50:25','2024-10-02 18:50:25',NULL,NULL),(932,9435,499,'Articulos de Librería',1.00,'8',46000.00,46000.00,0.00,0.00,0.00,2,9660.00,55660.00,'2024-10-02 18:50:27','2024-10-02 18:50:27',NULL,NULL),(933,9435,500,'Articulos de Librería',1.00,'8',46000.00,46000.00,0.00,0.00,0.00,2,9660.00,55660.00,'2024-10-02 18:50:29','2024-10-02 18:50:29',NULL,NULL),(934,9435,501,'Articulos de telefonia',1.00,'8',40000.00,40000.00,0.00,0.00,0.00,2,8400.00,48400.00,'2024-10-02 18:50:32','2024-10-02 18:50:32',NULL,NULL),(935,9435,502,'Articulos de telefonia',1.00,'8',20000.00,20000.00,0.00,0.00,0.00,2,4200.00,24200.00,'2024-10-02 18:50:34','2024-10-02 18:50:34',NULL,NULL),(936,9435,503,'Articulos de telefonia',1.00,'8',40000.00,40000.00,0.00,0.00,0.00,2,8400.00,48400.00,'2024-10-02 18:50:38','2024-10-02 18:50:38',NULL,NULL),(937,NULL,504,'MERCADERIAS VARIAS',1.00,'8',95000.00,95000.00,0.00,0.00,0.00,7,0.00,95000.00,'2024-10-05 20:20:27','2024-10-05 20:20:27',NULL,NULL),(938,NULL,505,'MERCADERIAS VARIAS',1.00,'8',95000.00,95000.00,0.00,0.00,0.00,7,0.00,95000.00,'2024-10-05 20:20:28','2024-10-05 20:20:28',NULL,NULL),(939,NULL,506,'MERCADERIAS VARIAS',1.00,'8',95000.00,95000.00,0.00,0.00,0.00,7,0.00,95000.00,'2024-10-05 20:20:29','2024-10-05 20:20:29',NULL,NULL),(940,NULL,507,'MERCADERIAS VARIAS',1.00,'8',95000.00,95000.00,0.00,0.00,0.00,7,0.00,95000.00,'2024-10-05 20:20:30','2024-10-05 20:20:30',NULL,NULL);
INSERT INTO `fact_elec_receipt_details` VALUES (941,NULL,508,'MERCADERIAS VARIAS',1.00,'8',95000.00,95000.00,0.00,0.00,0.00,7,0.00,95000.00,'2024-10-05 20:20:31','2024-10-05 20:20:31',NULL,NULL),(942,NULL,509,'MERCADERIAS VARIAS',1.00,'8',95000.00,95000.00,0.00,0.00,0.00,7,0.00,95000.00,'2024-10-05 20:20:32','2024-10-05 20:20:32',NULL,NULL),(943,NULL,510,'MERCADERIAS VARIAS',1.00,'8',95000.00,95000.00,0.00,0.00,0.00,7,0.00,95000.00,'2024-10-05 20:20:33','2024-10-05 20:20:33',NULL,NULL),(944,NULL,511,'MERCADERIAS VARIAS',1.00,'8',95000.00,95000.00,0.00,0.00,0.00,7,0.00,95000.00,'2024-10-05 20:20:35','2024-10-05 20:20:35',NULL,NULL),(945,NULL,512,'MERCADERIAS VARIAS',1.00,'8',95000.00,95000.00,0.00,0.00,0.00,7,0.00,95000.00,'2024-10-05 20:20:36','2024-10-05 20:20:36',NULL,NULL),(946,NULL,513,'MERCADERIAS VARIAS',1.00,'8',95000.00,95000.00,0.00,0.00,0.00,7,0.00,95000.00,'2024-10-05 20:20:37','2024-10-05 20:20:37',NULL,NULL),(947,NULL,514,'MERCADERIAS VARIAS',1.00,'8',95000.00,95000.00,0.00,0.00,0.00,7,0.00,95000.00,'2024-10-05 20:20:39','2024-10-05 20:20:39',NULL,NULL),(948,NULL,515,'MERCADERIAS VARIAS',1.00,'8',95000.00,95000.00,0.00,0.00,0.00,7,0.00,95000.00,'2024-10-05 20:20:40','2024-10-05 20:20:40',NULL,NULL),(949,NULL,516,'MERCADERIAS VARIAS',1.00,'8',95000.00,95000.00,0.00,0.00,0.00,7,0.00,95000.00,'2024-10-05 20:20:41','2024-10-05 20:20:41',NULL,NULL),(950,NULL,517,'MERCADERIAS VARIAS',1.00,'8',95000.00,95000.00,0.00,0.00,0.00,7,0.00,95000.00,'2024-10-05 20:20:42','2024-10-05 20:20:42',NULL,NULL),(951,NULL,518,'MERCADERIAS VARIAS',1.00,'8',95000.00,95000.00,0.00,0.00,0.00,7,0.00,95000.00,'2024-10-05 20:20:43','2024-10-05 20:20:43',NULL,NULL),(952,NULL,519,'MERCADERIAS VARIAS',1.00,'8',95000.00,95000.00,0.00,0.00,0.00,7,0.00,95000.00,'2024-10-05 20:20:44','2024-10-05 20:20:44',NULL,NULL),(953,NULL,520,'MERCADERIAS VARIAS',1.00,'8',95000.00,95000.00,0.00,0.00,0.00,7,0.00,95000.00,'2024-10-05 20:20:46','2024-10-05 20:20:46',NULL,NULL),(954,NULL,521,'MERCADERIAS VARIAS',1.00,'8',95000.00,95000.00,0.00,0.00,0.00,7,0.00,95000.00,'2024-10-05 20:20:47','2024-10-05 20:20:47',NULL,NULL),(955,NULL,522,'MERCADERIAS VARIAS',1.00,'8',95000.00,95000.00,0.00,0.00,0.00,7,0.00,95000.00,'2024-10-05 20:20:48','2024-10-05 20:20:48',NULL,NULL),(956,NULL,523,'MERCADERIAS VARIAS',1.00,'8',95000.00,95000.00,0.00,0.00,0.00,7,0.00,95000.00,'2024-10-05 20:20:49','2024-10-05 20:20:49',NULL,NULL),(957,NULL,524,'MERCADERIAS VARIAS',1.00,'8',95000.00,95000.00,0.00,0.00,0.00,7,0.00,95000.00,'2024-10-05 20:20:50','2024-10-05 20:20:50',NULL,NULL),(958,NULL,525,'MERCADERIAS VARIAS',1.00,'8',95000.00,95000.00,0.00,0.00,0.00,7,0.00,95000.00,'2024-10-05 20:20:51','2024-10-05 20:20:51',NULL,NULL),(959,NULL,526,'MERCADERIAS VARIAS',1.00,'8',95000.00,95000.00,0.00,0.00,0.00,7,0.00,95000.00,'2024-10-05 20:20:52','2024-10-05 20:20:52',NULL,NULL),(960,NULL,527,'MERCADERIAS VARIAS',1.00,'8',95000.00,95000.00,0.00,0.00,0.00,7,0.00,95000.00,'2024-10-05 20:31:03','2024-10-05 20:31:03',NULL,NULL),(961,NULL,528,'MERCADERIAS VARIAS',1.00,'8',95000.00,95000.00,0.00,0.00,0.00,7,0.00,95000.00,'2024-10-05 20:31:04','2024-10-05 20:31:04',NULL,NULL),(962,NULL,529,'MERCADERIAS VARIAS',1.00,'8',95000.00,95000.00,0.00,0.00,0.00,7,0.00,95000.00,'2024-10-05 20:31:06','2024-10-05 20:31:06',NULL,NULL),(963,NULL,530,'MERCADERIAS VARIAS',1.00,'8',95000.00,95000.00,0.00,0.00,0.00,7,0.00,95000.00,'2024-10-05 20:31:07','2024-10-05 20:31:07',NULL,NULL),(964,NULL,531,'MERCADERIAS VARIAS',1.00,'8',95000.00,95000.00,0.00,0.00,0.00,7,0.00,95000.00,'2024-10-05 20:31:08','2024-10-05 20:31:08',NULL,NULL),(965,NULL,532,'MERCADERIAS VARIAS',1.00,'8',95000.00,95000.00,0.00,0.00,0.00,7,0.00,95000.00,'2024-10-05 20:31:09','2024-10-05 20:31:09',NULL,NULL),(966,NULL,533,'MERCADERIAS VARIAS',1.00,'8',95000.00,95000.00,0.00,0.00,0.00,7,0.00,95000.00,'2024-10-05 20:31:10','2024-10-05 20:31:10',NULL,NULL),(967,NULL,534,'MERCADERIAS VARIAS',1.00,'8',95000.00,95000.00,0.00,0.00,0.00,7,0.00,95000.00,'2024-10-05 20:31:12','2024-10-05 20:31:12',NULL,NULL);
INSERT INTO `fact_elec_receipt_details` VALUES (968,NULL,535,'MERCADERIAS VARIAS',1.00,'8',95000.00,95000.00,0.00,0.00,0.00,7,0.00,95000.00,'2024-10-05 20:31:13','2024-10-05 20:31:13',NULL,NULL),(969,NULL,536,'MERCADERIAS VARIAS',1.00,'8',95000.00,95000.00,0.00,0.00,0.00,7,0.00,95000.00,'2024-10-05 20:31:14','2024-10-05 20:31:14',NULL,NULL),(970,NULL,537,'MERCADERIAS VARIAS',1.00,'8',95000.00,95000.00,0.00,0.00,0.00,7,0.00,95000.00,'2024-10-05 20:31:15','2024-10-05 20:31:15',NULL,NULL),(971,NULL,538,'MERCADERIAS VARIAS',1.00,'8',95000.00,95000.00,0.00,0.00,0.00,7,0.00,95000.00,'2024-10-05 20:31:16','2024-10-05 20:31:16',NULL,NULL),(972,NULL,539,'MERCADERIAS VARIAS',1.00,'8',95000.00,95000.00,0.00,0.00,0.00,7,0.00,95000.00,'2024-10-05 20:31:17','2024-10-05 20:31:17',NULL,NULL),(973,NULL,540,'MERCADERIAS VARIAS',1.00,'8',95000.00,95000.00,0.00,0.00,0.00,7,0.00,95000.00,'2024-10-05 20:31:18','2024-10-05 20:31:18',NULL,NULL),(974,NULL,541,'MERCADERIAS VARIAS',1.00,'8',95000.00,95000.00,0.00,0.00,0.00,7,0.00,95000.00,'2024-10-05 20:31:19','2024-10-05 20:31:19',NULL,NULL),(975,NULL,542,'MERCADERIAS VARIAS',1.00,'8',95000.00,95000.00,0.00,0.00,0.00,7,0.00,95000.00,'2024-10-05 20:31:20','2024-10-05 20:31:20',NULL,NULL),(976,NULL,543,'MERCADERIAS VARIAS',1.00,'8',95000.00,95000.00,0.00,0.00,0.00,7,0.00,95000.00,'2024-10-05 20:31:21','2024-10-05 20:31:21',NULL,NULL),(977,NULL,544,'MERCADERIAS VARIAS',1.00,'8',95000.00,95000.00,0.00,0.00,0.00,7,0.00,95000.00,'2024-10-05 20:31:22','2024-10-05 20:31:22',NULL,NULL),(978,NULL,545,'MERCADERIAS VARIAS',1.00,'8',95000.00,95000.00,0.00,0.00,0.00,7,0.00,95000.00,'2024-10-05 20:31:23','2024-10-05 20:31:23',NULL,NULL),(979,NULL,546,'MERCADERIAS VARIAS',1.00,'8',95000.00,95000.00,0.00,0.00,0.00,7,0.00,95000.00,'2024-10-05 20:31:24','2024-10-05 20:31:24',NULL,NULL),(980,NULL,547,'MERCADERIAS VARIAS',1.00,'8',95000.00,95000.00,0.00,0.00,0.00,7,0.00,95000.00,'2024-10-05 20:31:25','2024-10-05 20:31:25',NULL,NULL),(981,NULL,548,'MERCADERIAS VARIAS',1.00,'8',95000.00,95000.00,0.00,0.00,0.00,7,0.00,95000.00,'2024-10-05 20:31:27','2024-10-05 20:31:27',NULL,NULL),(982,NULL,549,'MERCADERIAS VARIAS',1.00,'8',95000.00,95000.00,0.00,0.00,0.00,7,0.00,95000.00,'2024-10-05 20:31:27','2024-10-05 20:31:27',NULL,NULL),(983,9435,550,'MERCADERIAS VARIAS',1.00,'8',90000.00,90000.00,0.00,0.00,0.00,2,18900.00,108900.00,'2024-10-18 16:17:39','2024-10-18 16:17:39',NULL,NULL),(984,9435,551,'MERCADERIAS VARIAS',1.00,'8',90000.00,90000.00,0.00,0.00,0.00,2,18900.00,108900.00,'2024-10-18 16:17:41','2024-10-18 16:17:41',NULL,NULL),(985,9435,552,'MERCADERIAS VARIAS',1.00,'8',90000.00,90000.00,0.00,0.00,0.00,2,18900.00,108900.00,'2024-10-18 16:17:43','2024-10-18 16:17:43',NULL,NULL),(986,9435,553,'MERCADERIAS VARIAS',1.00,'8',90000.00,90000.00,0.00,0.00,0.00,2,18900.00,108900.00,'2024-10-18 16:17:44','2024-10-18 16:17:44',NULL,NULL),(987,9435,554,'MERCADERIAS VARIAS',1.00,'8',90000.00,90000.00,0.00,0.00,0.00,2,18900.00,108900.00,'2024-10-18 16:17:46','2024-10-18 16:17:46',NULL,NULL),(988,9435,555,'MERCADERIAS VARIAS',1.00,'8',90000.00,90000.00,0.00,0.00,0.00,2,18900.00,108900.00,'2024-10-18 16:17:48','2024-10-18 16:17:48',NULL,NULL),(989,9435,556,'MERCADERIAS VARIAS',1.00,'8',90000.00,90000.00,0.00,0.00,0.00,2,18900.00,108900.00,'2024-10-18 16:17:50','2024-10-18 16:17:50',NULL,NULL),(990,9435,557,'MERCADERIAS VARIAS',1.00,'8',90000.00,90000.00,0.00,0.00,0.00,2,18900.00,108900.00,'2024-10-18 16:25:47','2024-10-18 16:25:47',NULL,NULL),(991,9435,558,'MERCADERIAS VARIAS',1.00,'8',90000.00,90000.00,0.00,0.00,0.00,2,18900.00,108900.00,'2024-10-18 16:25:50','2024-10-18 16:25:50',NULL,NULL),(992,9435,559,'MERCADERIAS VARIAS',1.00,'8',90000.00,90000.00,0.00,0.00,0.00,2,18900.00,108900.00,'2024-10-18 16:25:52','2024-10-18 16:25:52',NULL,NULL),(993,9435,560,'MERCADERIAS VARIAS',1.00,'8',90000.00,90000.00,0.00,0.00,0.00,2,18900.00,108900.00,'2024-10-18 16:25:53','2024-10-18 16:25:53',NULL,NULL);
INSERT INTO `fact_elec_receipt_details` VALUES (994,9435,561,'MERCADERIAS VARIAS',1.00,'8',90000.00,90000.00,0.00,0.00,0.00,2,18900.00,108900.00,'2024-10-18 16:25:55','2024-10-18 16:25:55',NULL,NULL),(995,9435,562,'MERCADERIAS VARIAS',1.00,'8',90000.00,90000.00,0.00,0.00,0.00,2,18900.00,108900.00,'2024-10-18 16:25:58','2024-10-18 16:25:58',NULL,NULL),(996,9435,563,'MERCADERIAS VARIAS',1.00,'8',90000.00,90000.00,0.00,0.00,0.00,2,18900.00,108900.00,'2024-10-18 16:26:00','2024-10-18 16:26:00',NULL,NULL),(997,9435,564,'MERCADERIAS VARIAS',1.00,'8',90000.00,90000.00,0.00,0.00,0.00,2,18900.00,108900.00,'2024-10-18 16:30:44','2024-10-18 16:30:44',NULL,NULL),(998,9435,565,'MERCADERIAS VARIAS',1.00,'8',90000.00,90000.00,0.00,0.00,0.00,2,18900.00,108900.00,'2024-10-18 16:30:46','2024-10-18 16:30:46',NULL,NULL),(999,9435,566,'MERCADERIAS VARIAS',1.00,'8',90000.00,90000.00,0.00,0.00,0.00,2,18900.00,108900.00,'2024-10-18 16:30:48','2024-10-18 16:30:48',NULL,NULL),(1000,9435,567,'MERCADERIAS VARIAS',1.00,'8',90000.00,90000.00,0.00,0.00,0.00,2,18900.00,108900.00,'2024-10-18 16:30:50','2024-10-18 16:30:50',NULL,NULL),(1001,9435,568,'MERCADERIAS VARIAS',1.00,'8',90000.00,90000.00,0.00,0.00,0.00,2,18900.00,108900.00,'2024-10-18 16:30:52','2024-10-18 16:30:52',NULL,NULL),(1002,9435,569,'MERCADERIAS VARIAS',1.00,'8',90000.00,90000.00,0.00,0.00,0.00,2,18900.00,108900.00,'2024-10-18 16:30:54','2024-10-18 16:30:54',NULL,NULL),(1003,9435,570,'MERCADERIAS VARIAS',1.00,'8',90000.00,90000.00,0.00,0.00,0.00,2,18900.00,108900.00,'2024-10-18 16:30:56','2024-10-18 16:30:56',NULL,NULL),(1004,9435,571,'Articulos de Librería',1.00,'8',46000.00,46000.00,0.00,0.00,0.00,2,9660.00,55660.00,'2024-11-04 16:51:48','2024-11-04 16:51:48',NULL,NULL),(1005,9435,572,'Articulos de Librería',1.00,'8',46000.00,46000.00,0.00,0.00,0.00,2,9660.00,55660.00,'2024-11-04 16:51:51','2024-11-04 16:51:51',NULL,NULL),(1006,9435,573,'Articulos de Librería',1.00,'8',46000.00,46000.00,0.00,0.00,0.00,2,9660.00,55660.00,'2024-11-04 16:51:53','2024-11-04 16:51:53',NULL,NULL),(1007,9435,574,'Articulos de Librería',1.00,'8',46000.00,46000.00,0.00,0.00,0.00,2,9660.00,55660.00,'2024-11-04 16:51:55','2024-11-04 16:51:55',NULL,NULL),(1008,9435,575,'Articulos de Librería',1.00,'8',46000.00,46000.00,0.00,0.00,0.00,2,9660.00,55660.00,'2024-11-04 16:51:57','2024-11-04 16:51:57',NULL,NULL),(1009,9435,576,'Articulos de Librería',1.00,'8',46000.00,46000.00,0.00,0.00,0.00,2,9660.00,55660.00,'2024-11-04 16:52:00','2024-11-04 16:52:00',NULL,NULL),(1010,9435,577,'Articulos de Librería',1.00,'8',46000.00,46000.00,0.00,0.00,0.00,2,9660.00,55660.00,'2024-11-04 16:52:02','2024-11-04 16:52:02',NULL,NULL),(1011,9435,578,'Articulos de telefonia',1.00,'8',40000.00,40000.00,0.00,0.00,0.00,2,8400.00,48400.00,'2024-11-04 16:52:04','2024-11-04 16:52:04',NULL,NULL),(1012,9435,579,'Articulos de telefonia',1.00,'8',20000.00,20000.00,0.00,0.00,0.00,2,4200.00,24200.00,'2024-11-04 16:52:08','2024-11-04 16:52:08',NULL,NULL),(1013,9435,580,'Articulos de telefonia',1.00,'8',40000.00,40000.00,0.00,0.00,0.00,2,8400.00,48400.00,'2024-11-04 16:52:11','2024-11-04 16:52:11',NULL,NULL),(1014,9435,581,'Articulos de Librería',1.00,'8',46000.00,46000.00,0.00,0.00,0.00,2,9660.00,55660.00,'2024-11-04 17:20:50','2024-11-04 17:20:50',NULL,NULL),(1015,9435,582,'Articulos de Librería',1.00,'8',46000.00,46000.00,0.00,0.00,0.00,2,9660.00,55660.00,'2024-11-04 17:20:53','2024-11-04 17:20:53',NULL,NULL),(1016,9435,583,'Articulos de Librería',1.00,'8',46000.00,46000.00,0.00,0.00,0.00,2,9660.00,55660.00,'2024-11-04 17:20:56','2024-11-04 17:20:56',NULL,NULL),(1017,9435,584,'Articulos de Librería',1.00,'8',46000.00,46000.00,0.00,0.00,0.00,2,9660.00,55660.00,'2024-11-04 17:20:58','2024-11-04 17:20:58',NULL,NULL),(1018,9435,585,'Articulos de Librería',1.00,'8',46000.00,46000.00,0.00,0.00,0.00,2,9660.00,55660.00,'2024-11-04 17:21:01','2024-11-04 17:21:01',NULL,NULL);
INSERT INTO `fact_elec_receipt_details` VALUES (1019,9435,586,'Articulos de Librería',1.00,'8',46000.00,46000.00,0.00,0.00,0.00,2,9660.00,55660.00,'2024-11-04 17:21:03','2024-11-04 17:21:03',NULL,NULL),(1020,9435,587,'Articulos de Librería',1.00,'8',46000.00,46000.00,0.00,0.00,0.00,2,9660.00,55660.00,'2024-11-04 17:21:06','2024-11-04 17:21:06',NULL,NULL),(1021,9435,588,'Articulos de telefonia',1.00,'8',40000.00,40000.00,0.00,0.00,0.00,2,8400.00,48400.00,'2024-11-04 17:21:08','2024-11-04 17:21:08',NULL,NULL),(1022,9435,589,'Articulos de telefonia',1.00,'8',20000.00,20000.00,0.00,0.00,0.00,2,4200.00,24200.00,'2024-11-04 17:21:10','2024-11-04 17:21:10',NULL,NULL),(1023,9435,590,'Articulos de telefonia',1.00,'8',40000.00,40000.00,0.00,0.00,0.00,2,8400.00,48400.00,'2024-11-04 17:21:13','2024-11-04 17:21:13',NULL,NULL),(1024,9435,591,'Articulos de Librería',1.00,'8',46000.00,46000.00,0.00,0.00,0.00,2,9660.00,55660.00,'2024-11-04 17:25:56','2024-11-04 17:25:56',NULL,NULL),(1025,9435,592,'Articulos de Librería',1.00,'8',46000.00,46000.00,0.00,0.00,0.00,2,9660.00,55660.00,'2024-11-04 17:25:59','2024-11-04 17:25:59',NULL,NULL),(1026,9435,593,'Articulos de Librería',1.00,'8',46000.00,46000.00,0.00,0.00,0.00,2,9660.00,55660.00,'2024-11-04 17:26:01','2024-11-04 17:26:01',NULL,NULL),(1027,9435,594,'Articulos de Librería',1.00,'8',46000.00,46000.00,0.00,0.00,0.00,2,9660.00,55660.00,'2024-11-04 17:26:03','2024-11-04 17:26:03',NULL,NULL),(1028,9435,595,'Articulos de Librería',1.00,'8',46000.00,46000.00,0.00,0.00,0.00,2,9660.00,55660.00,'2024-11-04 17:26:06','2024-11-04 17:26:06',NULL,NULL),(1029,9435,596,'Articulos de Librería',1.00,'8',46000.00,46000.00,0.00,0.00,0.00,2,9660.00,55660.00,'2024-11-04 17:26:10','2024-11-04 17:26:10',NULL,NULL),(1030,9435,597,'Articulos de Librería',1.00,'8',46000.00,46000.00,0.00,0.00,0.00,2,9660.00,55660.00,'2024-11-04 17:26:13','2024-11-04 17:26:13',NULL,NULL),(1031,9435,598,'Articulos de telefonia',1.00,'8',40000.00,40000.00,0.00,0.00,0.00,2,8400.00,48400.00,'2024-11-04 17:26:16','2024-11-04 17:26:16',NULL,NULL),(1032,9435,599,'Articulos de telefonia',1.00,'8',20000.00,20000.00,0.00,0.00,0.00,2,4200.00,24200.00,'2024-11-04 17:26:18','2024-11-04 17:26:18',NULL,NULL),(1033,9435,600,'Articulos de telefonia',1.00,'8',40000.00,40000.00,0.00,0.00,0.00,2,8400.00,48400.00,'2024-11-04 17:26:20','2024-11-04 17:26:20',NULL,NULL),(1034,9435,601,'Articulos de Librería',1.00,'8',46000.00,46000.00,0.00,0.00,0.00,2,9660.00,55660.00,'2024-11-04 17:28:51','2024-11-04 17:28:51',NULL,NULL),(1035,9435,602,'Articulos de Librería',1.00,'8',46000.00,46000.00,0.00,0.00,0.00,2,9660.00,55660.00,'2024-11-04 17:28:53','2024-11-04 17:28:53',NULL,NULL),(1036,9435,603,'Articulos de Librería',1.00,'8',46000.00,46000.00,0.00,0.00,0.00,2,9660.00,55660.00,'2024-11-04 17:28:56','2024-11-04 17:28:56',NULL,NULL),(1037,9435,604,'Articulos de Librería',1.00,'8',46000.00,46000.00,0.00,0.00,0.00,2,9660.00,55660.00,'2024-11-04 17:28:59','2024-11-04 17:28:59',NULL,NULL),(1038,9435,605,'Articulos de Librería',1.00,'8',46000.00,46000.00,0.00,0.00,0.00,2,9660.00,55660.00,'2024-11-04 17:29:02','2024-11-04 17:29:02',NULL,NULL),(1039,9435,606,'Articulos de Librería',1.00,'8',46000.00,46000.00,0.00,0.00,0.00,2,9660.00,55660.00,'2024-11-04 17:29:04','2024-11-04 17:29:04',NULL,NULL),(1040,9435,607,'Articulos de Librería',1.00,'8',46000.00,46000.00,0.00,0.00,0.00,2,9660.00,55660.00,'2024-11-04 17:29:07','2024-11-04 17:29:07',NULL,NULL),(1041,9435,608,'Articulos de telefonia',1.00,'8',40000.00,40000.00,0.00,0.00,0.00,2,8400.00,48400.00,'2024-11-04 17:29:09','2024-11-04 17:29:09',NULL,NULL),(1042,9435,609,'Articulos de telefonia',1.00,'8',20000.00,20000.00,0.00,0.00,0.00,2,4200.00,24200.00,'2024-11-04 17:29:12','2024-11-04 17:29:12',NULL,NULL),(1043,9435,610,'Articulos de telefonia',1.00,'8',40000.00,40000.00,0.00,0.00,0.00,2,8400.00,48400.00,'2024-11-04 17:29:14','2024-11-04 17:29:14',NULL,NULL);
INSERT INTO `fact_elec_receipt_details` VALUES (1044,NULL,611,'MERCADERIAS VARIAS',1.00,'8',95000.00,95000.00,0.00,0.00,0.00,7,0.00,95000.00,'2024-11-04 18:07:41','2024-11-04 18:07:41',NULL,NULL),(1045,NULL,612,'MERCADERIAS VARIAS',1.00,'8',95000.00,95000.00,0.00,0.00,0.00,7,0.00,95000.00,'2024-11-04 18:07:42','2024-11-04 18:07:42',NULL,NULL),(1046,NULL,613,'MERCADERIAS VARIAS',1.00,'8',95000.00,95000.00,0.00,0.00,0.00,7,0.00,95000.00,'2024-11-04 18:07:43','2024-11-04 18:07:43',NULL,NULL),(1047,NULL,614,'MERCADERIAS VARIAS',1.00,'8',95000.00,95000.00,0.00,0.00,0.00,7,0.00,95000.00,'2024-11-04 18:07:44','2024-11-04 18:07:44',NULL,NULL),(1048,NULL,615,'MERCADERIAS VARIAS',1.00,'8',95000.00,95000.00,0.00,0.00,0.00,7,0.00,95000.00,'2024-11-04 18:07:45','2024-11-04 18:07:45',NULL,NULL),(1049,NULL,616,'MERCADERIAS VARIAS',1.00,'8',95000.00,95000.00,0.00,0.00,0.00,7,0.00,95000.00,'2024-11-04 18:07:46','2024-11-04 18:07:46',NULL,NULL),(1050,NULL,617,'MERCADERIAS VARIAS',1.00,'8',95000.00,95000.00,0.00,0.00,0.00,7,0.00,95000.00,'2024-11-04 18:07:47','2024-11-04 18:07:47',NULL,NULL),(1051,NULL,618,'MERCADERIAS VARIAS',1.00,'8',95000.00,95000.00,0.00,0.00,0.00,7,0.00,95000.00,'2024-11-04 18:07:49','2024-11-04 18:07:49',NULL,NULL),(1052,NULL,619,'MERCADERIAS VARIAS',1.00,'8',95000.00,95000.00,0.00,0.00,0.00,7,0.00,95000.00,'2024-11-04 18:07:50','2024-11-04 18:07:50',NULL,NULL),(1053,NULL,620,'MERCADERIAS VARIAS',1.00,'8',95000.00,95000.00,0.00,0.00,0.00,7,0.00,95000.00,'2024-11-04 18:07:51','2024-11-04 18:07:51',NULL,NULL),(1054,NULL,621,'MERCADERIAS VARIAS',1.00,'8',95000.00,95000.00,0.00,0.00,0.00,7,0.00,95000.00,'2024-11-04 18:07:52','2024-11-04 18:07:52',NULL,NULL),(1055,NULL,622,'MERCADERIAS VARIAS',1.00,'8',95000.00,95000.00,0.00,0.00,0.00,7,0.00,95000.00,'2024-11-04 18:07:53','2024-11-04 18:07:53',NULL,NULL),(1056,NULL,623,'MERCADERIAS VARIAS',1.00,'8',95000.00,95000.00,0.00,0.00,0.00,7,0.00,95000.00,'2024-11-04 18:07:54','2024-11-04 18:07:54',NULL,NULL),(1057,NULL,624,'MERCADERIAS VARIAS',1.00,'8',95000.00,95000.00,0.00,0.00,0.00,7,0.00,95000.00,'2024-11-04 18:07:55','2024-11-04 18:07:55',NULL,NULL),(1058,NULL,625,'MERCADERIAS VARIAS',1.00,'8',95000.00,95000.00,0.00,0.00,0.00,7,0.00,95000.00,'2024-11-04 18:07:56','2024-11-04 18:07:56',NULL,NULL),(1059,NULL,626,'MERCADERIAS VARIAS',1.00,'8',95000.00,95000.00,0.00,0.00,0.00,7,0.00,95000.00,'2024-11-04 18:07:58','2024-11-04 18:07:58',NULL,NULL),(1060,NULL,627,'MERCADERIAS VARIAS',1.00,'8',95000.00,95000.00,0.00,0.00,0.00,7,0.00,95000.00,'2024-11-04 18:07:59','2024-11-04 18:07:59',NULL,NULL),(1061,NULL,628,'MERCADERIAS VARIAS',1.00,'8',95000.00,95000.00,0.00,0.00,0.00,7,0.00,95000.00,'2024-11-04 18:08:00','2024-11-04 18:08:00',NULL,NULL),(1062,NULL,629,'MERCADERIAS VARIAS',1.00,'8',95000.00,95000.00,0.00,0.00,0.00,7,0.00,95000.00,'2024-11-04 18:08:01','2024-11-04 18:08:01',NULL,NULL),(1063,NULL,630,'MERCADERIAS VARIAS',1.00,'8',95000.00,95000.00,0.00,0.00,0.00,7,0.00,95000.00,'2024-11-04 18:08:03','2024-11-04 18:08:03',NULL,NULL),(1064,NULL,631,'MERCADERIAS VARIAS',1.00,'8',95000.00,95000.00,0.00,0.00,0.00,7,0.00,95000.00,'2024-11-04 18:08:04','2024-11-04 18:08:04',NULL,NULL),(1065,NULL,632,'MERCADERIAS VARIAS',1.00,'8',95000.00,95000.00,0.00,0.00,0.00,7,0.00,95000.00,'2024-11-04 18:08:05','2024-11-04 18:08:05',NULL,NULL),(1066,NULL,633,'MERCADERIAS VARIAS',1.00,'8',95000.00,95000.00,0.00,0.00,0.00,7,0.00,95000.00,'2024-11-04 18:08:06','2024-11-04 18:08:06',NULL,NULL),(1067,NULL,634,'MERCADERIAS VARIAS',1.00,'8',95000.00,95000.00,0.00,0.00,0.00,7,0.00,95000.00,'2024-11-04 18:16:58','2024-11-04 18:16:58',NULL,NULL),(1068,NULL,635,'MERCADERIAS VARIAS',1.00,'8',95000.00,95000.00,0.00,0.00,0.00,7,0.00,95000.00,'2024-11-04 18:16:59','2024-11-04 18:16:59',NULL,NULL),(1069,NULL,636,'MERCADERIAS VARIAS',1.00,'8',95000.00,95000.00,0.00,0.00,0.00,7,0.00,95000.00,'2024-11-04 18:17:00','2024-11-04 18:17:00',NULL,NULL);
INSERT INTO `fact_elec_receipt_details` VALUES (1070,NULL,637,'MERCADERIAS VARIAS',1.00,'8',95000.00,95000.00,0.00,0.00,0.00,7,0.00,95000.00,'2024-11-04 18:17:02','2024-11-04 18:17:02',NULL,NULL),(1071,NULL,638,'MERCADERIAS VARIAS',1.00,'8',95000.00,95000.00,0.00,0.00,0.00,7,0.00,95000.00,'2024-11-04 18:17:03','2024-11-04 18:17:03',NULL,NULL),(1072,NULL,639,'MERCADERIAS VARIAS',1.00,'8',95000.00,95000.00,0.00,0.00,0.00,7,0.00,95000.00,'2024-11-04 18:17:05','2024-11-04 18:17:05',NULL,NULL),(1073,NULL,640,'MERCADERIAS VARIAS',1.00,'8',95000.00,95000.00,0.00,0.00,0.00,7,0.00,95000.00,'2024-11-04 18:17:06','2024-11-04 18:17:06',NULL,NULL),(1074,NULL,641,'MERCADERIAS VARIAS',1.00,'8',95000.00,95000.00,0.00,0.00,0.00,7,0.00,95000.00,'2024-11-04 18:17:08','2024-11-04 18:17:08',NULL,NULL),(1075,NULL,642,'MERCADERIAS VARIAS',1.00,'8',95000.00,95000.00,0.00,0.00,0.00,7,0.00,95000.00,'2024-11-04 18:17:09','2024-11-04 18:17:09',NULL,NULL),(1076,NULL,643,'MERCADERIAS VARIAS',1.00,'8',95000.00,95000.00,0.00,0.00,0.00,7,0.00,95000.00,'2024-11-04 18:17:11','2024-11-04 18:17:11',NULL,NULL),(1077,NULL,644,'MERCADERIAS VARIAS',1.00,'8',95000.00,95000.00,0.00,0.00,0.00,7,0.00,95000.00,'2024-11-04 18:17:12','2024-11-04 18:17:12',NULL,NULL),(1078,NULL,645,'MERCADERIAS VARIAS',1.00,'8',95000.00,95000.00,0.00,0.00,0.00,7,0.00,95000.00,'2024-11-04 18:17:13','2024-11-04 18:17:13',NULL,NULL),(1079,NULL,646,'MERCADERIAS VARIAS',1.00,'8',95000.00,95000.00,0.00,0.00,0.00,7,0.00,95000.00,'2024-11-04 18:17:14','2024-11-04 18:17:14',NULL,NULL),(1080,NULL,647,'MERCADERIAS VARIAS',1.00,'8',95000.00,95000.00,0.00,0.00,0.00,7,0.00,95000.00,'2024-11-04 18:17:16','2024-11-04 18:17:16',NULL,NULL),(1081,NULL,648,'MERCADERIAS VARIAS',1.00,'8',95000.00,95000.00,0.00,0.00,0.00,7,0.00,95000.00,'2024-11-04 18:17:17','2024-11-04 18:17:17',NULL,NULL),(1082,NULL,649,'MERCADERIAS VARIAS',1.00,'8',95000.00,95000.00,0.00,0.00,0.00,7,0.00,95000.00,'2024-11-04 18:17:18','2024-11-04 18:17:18',NULL,NULL),(1083,NULL,650,'MERCADERIAS VARIAS',1.00,'8',95000.00,95000.00,0.00,0.00,0.00,7,0.00,95000.00,'2024-11-04 18:17:19','2024-11-04 18:17:19',NULL,NULL),(1084,NULL,651,'MERCADERIAS VARIAS',1.00,'8',95000.00,95000.00,0.00,0.00,0.00,7,0.00,95000.00,'2024-11-04 18:17:20','2024-11-04 18:17:20',NULL,NULL),(1085,NULL,652,'MERCADERIAS VARIAS',1.00,'8',95000.00,95000.00,0.00,0.00,0.00,7,0.00,95000.00,'2024-11-04 18:17:21','2024-11-04 18:17:21',NULL,NULL),(1086,NULL,653,'MERCADERIAS VARIAS',1.00,'8',95000.00,95000.00,0.00,0.00,0.00,7,0.00,95000.00,'2024-11-04 18:17:22','2024-11-04 18:17:22',NULL,NULL),(1087,NULL,654,'MERCADERIAS VARIAS',1.00,'8',95000.00,95000.00,0.00,0.00,0.00,7,0.00,95000.00,'2024-11-04 18:17:24','2024-11-04 18:17:24',NULL,NULL),(1088,NULL,655,'MERCADERIAS VARIAS',1.00,'8',95000.00,95000.00,0.00,0.00,0.00,7,0.00,95000.00,'2024-11-04 18:17:25','2024-11-04 18:17:25',NULL,NULL),(1089,NULL,656,'MERCADERIAS VARIAS',1.00,'8',95000.00,95000.00,0.00,0.00,0.00,7,0.00,95000.00,'2024-11-04 18:17:26','2024-11-04 18:17:26',NULL,NULL),(1090,NULL,657,'MERCADERIAS VARIAS',1.00,'8',95000.00,95000.00,0.00,0.00,0.00,7,0.00,95000.00,'2024-11-04 18:27:31','2024-11-04 18:27:31',NULL,NULL),(1091,NULL,658,'MERCADERIAS VARIAS',1.00,'8',95000.00,95000.00,0.00,0.00,0.00,7,0.00,95000.00,'2024-11-04 18:27:33','2024-11-04 18:27:33',NULL,NULL),(1092,NULL,659,'MERCADERIAS VARIAS',1.00,'8',95000.00,95000.00,0.00,0.00,0.00,7,0.00,95000.00,'2024-11-04 18:27:34','2024-11-04 18:27:34',NULL,NULL),(1093,NULL,660,'MERCADERIAS VARIAS',1.00,'8',95000.00,95000.00,0.00,0.00,0.00,7,0.00,95000.00,'2024-11-04 18:27:36','2024-11-04 18:27:36',NULL,NULL),(1094,NULL,661,'MERCADERIAS VARIAS',1.00,'8',95000.00,95000.00,0.00,0.00,0.00,7,0.00,95000.00,'2024-11-04 18:27:37','2024-11-04 18:27:37',NULL,NULL),(1095,NULL,662,'MERCADERIAS VARIAS',1.00,'8',95000.00,95000.00,0.00,0.00,0.00,7,0.00,95000.00,'2024-11-04 18:27:38','2024-11-04 18:27:38',NULL,NULL);
INSERT INTO `fact_elec_receipt_details` VALUES (1096,NULL,663,'MERCADERIAS VARIAS',1.00,'8',95000.00,95000.00,0.00,0.00,0.00,7,0.00,95000.00,'2024-11-04 18:27:39','2024-11-04 18:27:39',NULL,NULL),(1097,NULL,664,'MERCADERIAS VARIAS',1.00,'8',95000.00,95000.00,0.00,0.00,0.00,7,0.00,95000.00,'2024-11-04 18:27:40','2024-11-04 18:27:40',NULL,NULL),(1098,NULL,665,'MERCADERIAS VARIAS',1.00,'8',95000.00,95000.00,0.00,0.00,0.00,7,0.00,95000.00,'2024-11-04 18:27:41','2024-11-04 18:27:41',NULL,NULL),(1099,NULL,666,'MERCADERIAS VARIAS',1.00,'8',95000.00,95000.00,0.00,0.00,0.00,7,0.00,95000.00,'2024-11-04 18:27:42','2024-11-04 18:27:42',NULL,NULL),(1100,NULL,667,'MERCADERIAS VARIAS',1.00,'8',95000.00,95000.00,0.00,0.00,0.00,7,0.00,95000.00,'2024-11-04 18:27:43','2024-11-04 18:27:43',NULL,NULL),(1101,NULL,668,'MERCADERIAS VARIAS',1.00,'8',95000.00,95000.00,0.00,0.00,0.00,7,0.00,95000.00,'2024-11-04 18:27:44','2024-11-04 18:27:44',NULL,NULL),(1102,NULL,669,'MERCADERIAS VARIAS',1.00,'8',95000.00,95000.00,0.00,0.00,0.00,7,0.00,95000.00,'2024-11-04 18:27:45','2024-11-04 18:27:45',NULL,NULL),(1103,NULL,670,'MERCADERIAS VARIAS',1.00,'8',95000.00,95000.00,0.00,0.00,0.00,7,0.00,95000.00,'2024-11-04 18:27:47','2024-11-04 18:27:47',NULL,NULL),(1104,NULL,671,'MERCADERIAS VARIAS',1.00,'8',95000.00,95000.00,0.00,0.00,0.00,7,0.00,95000.00,'2024-11-04 18:27:48','2024-11-04 18:27:48',NULL,NULL),(1105,NULL,672,'MERCADERIAS VARIAS',1.00,'8',95000.00,95000.00,0.00,0.00,0.00,7,0.00,95000.00,'2024-11-04 18:27:49','2024-11-04 18:27:49',NULL,NULL),(1106,NULL,673,'MERCADERIAS VARIAS',1.00,'8',95000.00,95000.00,0.00,0.00,0.00,7,0.00,95000.00,'2024-11-04 18:27:50','2024-11-04 18:27:50',NULL,NULL),(1107,NULL,674,'MERCADERIAS VARIAS',1.00,'8',95000.00,95000.00,0.00,0.00,0.00,7,0.00,95000.00,'2024-11-04 18:27:51','2024-11-04 18:27:51',NULL,NULL),(1108,NULL,675,'MERCADERIAS VARIAS',1.00,'8',95000.00,95000.00,0.00,0.00,0.00,7,0.00,95000.00,'2024-11-04 18:27:52','2024-11-04 18:27:52',NULL,NULL),(1109,NULL,676,'MERCADERIAS VARIAS',1.00,'8',95000.00,95000.00,0.00,0.00,0.00,7,0.00,95000.00,'2024-11-04 18:27:53','2024-11-04 18:27:53',NULL,NULL),(1110,NULL,677,'MERCADERIAS VARIAS',1.00,'8',95000.00,95000.00,0.00,0.00,0.00,7,0.00,95000.00,'2024-11-04 18:27:54','2024-11-04 18:27:54',NULL,NULL),(1111,NULL,678,'MERCADERIAS VARIAS',1.00,'8',95000.00,95000.00,0.00,0.00,0.00,7,0.00,95000.00,'2024-11-04 18:27:56','2024-11-04 18:27:56',NULL,NULL),(1112,NULL,679,'MERCADERIAS VARIAS',1.00,'8',95000.00,95000.00,0.00,0.00,0.00,7,0.00,95000.00,'2024-11-04 18:27:57','2024-11-04 18:27:57',NULL,NULL),(1113,NULL,680,'MERCADERIAS VARIAS',1.00,'8',95000.00,95000.00,0.00,0.00,0.00,7,0.00,95000.00,'2024-11-04 18:33:57','2024-11-04 18:33:57',NULL,NULL),(1114,NULL,681,'MERCADERIAS VARIAS',1.00,'8',95000.00,95000.00,0.00,0.00,0.00,7,0.00,95000.00,'2024-11-04 18:33:58','2024-11-04 18:33:58',NULL,NULL),(1115,NULL,682,'MERCADERIAS VARIAS',1.00,'8',95000.00,95000.00,0.00,0.00,0.00,7,0.00,95000.00,'2024-11-04 18:34:00','2024-11-04 18:34:00',NULL,NULL),(1116,NULL,683,'MERCADERIAS VARIAS',1.00,'8',95000.00,95000.00,0.00,0.00,0.00,7,0.00,95000.00,'2024-11-04 18:34:01','2024-11-04 18:34:01',NULL,NULL),(1117,NULL,684,'MERCADERIAS VARIAS',1.00,'8',95000.00,95000.00,0.00,0.00,0.00,7,0.00,95000.00,'2024-11-04 18:34:02','2024-11-04 18:34:02',NULL,NULL),(1118,NULL,685,'MERCADERIAS VARIAS',1.00,'8',95000.00,95000.00,0.00,0.00,0.00,7,0.00,95000.00,'2024-11-04 18:34:03','2024-11-04 18:34:03',NULL,NULL),(1119,NULL,686,'MERCADERIAS VARIAS',1.00,'8',95000.00,95000.00,0.00,0.00,0.00,7,0.00,95000.00,'2024-11-04 18:34:04','2024-11-04 18:34:04',NULL,NULL),(1120,NULL,687,'MERCADERIAS VARIAS',1.00,'8',95000.00,95000.00,0.00,0.00,0.00,7,0.00,95000.00,'2024-11-04 18:34:05','2024-11-04 18:34:05',NULL,NULL),(1121,NULL,688,'MERCADERIAS VARIAS',1.00,'8',95000.00,95000.00,0.00,0.00,0.00,7,0.00,95000.00,'2024-11-04 18:34:06','2024-11-04 18:34:06',NULL,NULL);
INSERT INTO `fact_elec_receipt_details` VALUES (1122,NULL,689,'MERCADERIAS VARIAS',1.00,'8',95000.00,95000.00,0.00,0.00,0.00,7,0.00,95000.00,'2024-11-04 18:34:08','2024-11-04 18:34:08',NULL,NULL),(1123,NULL,690,'MERCADERIAS VARIAS',1.00,'8',95000.00,95000.00,0.00,0.00,0.00,7,0.00,95000.00,'2024-11-04 18:34:09','2024-11-04 18:34:09',NULL,NULL),(1124,NULL,691,'MERCADERIAS VARIAS',1.00,'8',95000.00,95000.00,0.00,0.00,0.00,7,0.00,95000.00,'2024-11-04 18:34:10','2024-11-04 18:34:10',NULL,NULL),(1125,NULL,692,'MERCADERIAS VARIAS',1.00,'8',95000.00,95000.00,0.00,0.00,0.00,7,0.00,95000.00,'2024-11-04 18:34:12','2024-11-04 18:34:12',NULL,NULL),(1126,NULL,693,'MERCADERIAS VARIAS',1.00,'8',95000.00,95000.00,0.00,0.00,0.00,7,0.00,95000.00,'2024-11-04 18:34:13','2024-11-04 18:34:13',NULL,NULL),(1127,NULL,694,'MERCADERIAS VARIAS',1.00,'8',95000.00,95000.00,0.00,0.00,0.00,7,0.00,95000.00,'2024-11-04 18:34:14','2024-11-04 18:34:14',NULL,NULL),(1128,NULL,695,'MERCADERIAS VARIAS',1.00,'8',95000.00,95000.00,0.00,0.00,0.00,7,0.00,95000.00,'2024-11-04 18:34:15','2024-11-04 18:34:15',NULL,NULL),(1129,NULL,696,'MERCADERIAS VARIAS',1.00,'8',95000.00,95000.00,0.00,0.00,0.00,7,0.00,95000.00,'2024-11-04 18:34:16','2024-11-04 18:34:16',NULL,NULL),(1130,NULL,697,'MERCADERIAS VARIAS',1.00,'8',95000.00,95000.00,0.00,0.00,0.00,7,0.00,95000.00,'2024-11-04 18:34:17','2024-11-04 18:34:17',NULL,NULL),(1131,NULL,698,'MERCADERIAS VARIAS',1.00,'8',95000.00,95000.00,0.00,0.00,0.00,7,0.00,95000.00,'2024-11-04 18:34:19','2024-11-04 18:34:19',NULL,NULL),(1132,NULL,699,'MERCADERIAS VARIAS',1.00,'8',95000.00,95000.00,0.00,0.00,0.00,7,0.00,95000.00,'2024-11-04 18:34:20','2024-11-04 18:34:20',NULL,NULL),(1133,NULL,700,'MERCADERIAS VARIAS',1.00,'8',95000.00,95000.00,0.00,0.00,0.00,7,0.00,95000.00,'2024-11-04 18:34:21','2024-11-04 18:34:21',NULL,NULL),(1134,NULL,701,'MERCADERIAS VARIAS',1.00,'8',95000.00,95000.00,0.00,0.00,0.00,7,0.00,95000.00,'2024-11-04 18:34:22','2024-11-04 18:34:22',NULL,NULL),(1135,NULL,702,'MERCADERIAS VARIAS',1.00,'8',95000.00,95000.00,0.00,0.00,0.00,7,0.00,95000.00,'2024-11-04 18:34:23','2024-11-04 18:34:23',NULL,NULL),(1136,9435,703,'Mercaderías varias',1.00,'8',150000.00,150000.00,0.00,0.00,0.00,7,0.00,150000.00,'2024-11-04 18:37:52','2024-11-04 18:37:52','',NULL),(1137,9435,704,'Articulos de Librería',1.00,'8',46000.00,46000.00,0.00,0.00,0.00,2,9660.00,55660.00,'2024-11-04 21:55:03','2024-11-04 21:55:03',NULL,NULL),(1138,9435,705,'Articulos de Librería',1.00,'8',46000.00,46000.00,0.00,0.00,0.00,2,9660.00,55660.00,'2024-11-04 21:55:05','2024-11-04 21:55:05',NULL,NULL),(1139,9435,706,'Articulos de Librería',1.00,'8',46000.00,46000.00,0.00,0.00,0.00,2,9660.00,55660.00,'2024-11-04 21:55:08','2024-11-04 21:55:08',NULL,NULL),(1140,9435,707,'Articulos de Librería',1.00,'8',46000.00,46000.00,0.00,0.00,0.00,2,9660.00,55660.00,'2024-11-04 21:55:11','2024-11-04 21:55:11',NULL,NULL),(1141,9435,708,'Articulos de Librería',1.00,'8',46000.00,46000.00,0.00,0.00,0.00,2,9660.00,55660.00,'2024-11-04 21:55:15','2024-11-04 21:55:15',NULL,NULL),(1142,9435,709,'Articulos de Librería',1.00,'8',46000.00,46000.00,0.00,0.00,0.00,2,9660.00,55660.00,'2024-11-04 21:55:18','2024-11-04 21:55:18',NULL,NULL),(1143,9435,710,'Articulos de Librería',1.00,'8',46000.00,46000.00,0.00,0.00,0.00,2,9660.00,55660.00,'2024-11-04 21:55:20','2024-11-04 21:55:20',NULL,NULL),(1144,9435,711,'Articulos de telefonia',1.00,'8',40000.00,40000.00,0.00,0.00,0.00,2,8400.00,48400.00,'2024-11-04 21:55:22','2024-11-04 21:55:22',NULL,NULL),(1145,9435,712,'Articulos de telefonia',1.00,'8',20000.00,20000.00,0.00,0.00,0.00,2,4200.00,24200.00,'2024-11-04 21:55:24','2024-11-04 21:55:24',NULL,NULL),(1146,9435,713,'Articulos de telefonia',1.00,'8',40000.00,40000.00,0.00,0.00,0.00,2,8400.00,48400.00,'2024-11-04 21:55:27','2024-11-04 21:55:27',NULL,NULL),(1147,9435,714,'Articulos de Librería',1.00,'8',46000.00,46000.00,0.00,0.00,0.00,2,9660.00,55660.00,'2024-11-05 16:45:15','2024-11-05 16:45:15',NULL,NULL);
INSERT INTO `fact_elec_receipt_details` VALUES (1148,9435,715,'Articulos de Librería',1.00,'8',46000.00,46000.00,0.00,0.00,0.00,2,9660.00,55660.00,'2024-11-05 16:45:19','2024-11-05 16:45:19',NULL,NULL),(1149,9435,716,'Articulos de Librería',1.00,'8',46000.00,46000.00,0.00,0.00,0.00,2,9660.00,55660.00,'2024-11-05 16:45:22','2024-11-05 16:45:22',NULL,NULL),(1150,9435,717,'Articulos de Librería',1.00,'8',46000.00,46000.00,0.00,0.00,0.00,2,9660.00,55660.00,'2024-11-05 16:45:24','2024-11-05 16:45:24',NULL,NULL),(1151,9435,718,'Articulos de Librería',1.00,'8',46000.00,46000.00,0.00,0.00,0.00,2,9660.00,55660.00,'2024-11-05 16:45:26','2024-11-05 16:45:26',NULL,NULL),(1152,9435,719,'Articulos de Librería',1.00,'8',46000.00,46000.00,0.00,0.00,0.00,2,9660.00,55660.00,'2024-11-05 16:45:28','2024-11-05 16:45:28',NULL,NULL),(1153,9435,720,'Articulos de Librería',1.00,'8',46000.00,46000.00,0.00,0.00,0.00,2,9660.00,55660.00,'2024-11-05 16:45:30','2024-11-05 16:45:30',NULL,NULL),(1154,9435,721,'Articulos de telefonia',1.00,'8',40000.00,40000.00,0.00,0.00,0.00,2,8400.00,48400.00,'2024-11-05 16:45:33','2024-11-05 16:45:33',NULL,NULL),(1155,9435,722,'Articulos de telefonia',1.00,'8',20000.00,20000.00,0.00,0.00,0.00,2,4200.00,24200.00,'2024-11-05 16:45:35','2024-11-05 16:45:35',NULL,NULL),(1156,9435,723,'Articulos de telefonia',1.00,'8',40000.00,40000.00,0.00,0.00,0.00,2,8400.00,48400.00,'2024-11-05 16:45:38','2024-11-05 16:45:38',NULL,NULL),(1157,NULL,724,'MERCADERIAS VARIAS',1.00,'8',95000.00,95000.00,0.00,0.00,0.00,7,0.00,95000.00,'2024-11-05 17:04:24','2024-11-05 17:04:24',NULL,NULL),(1158,NULL,725,'MERCADERIAS VARIAS',1.00,'8',95000.00,95000.00,0.00,0.00,0.00,7,0.00,95000.00,'2024-11-05 17:04:25','2024-11-05 17:04:25',NULL,NULL),(1159,NULL,726,'MERCADERIAS VARIAS',1.00,'8',95000.00,95000.00,0.00,0.00,0.00,7,0.00,95000.00,'2024-11-05 17:04:26','2024-11-05 17:04:26',NULL,NULL),(1160,NULL,727,'MERCADERIAS VARIAS',1.00,'8',95000.00,95000.00,0.00,0.00,0.00,7,0.00,95000.00,'2024-11-05 17:04:28','2024-11-05 17:04:28',NULL,NULL),(1161,NULL,728,'MERCADERIAS VARIAS',1.00,'8',95000.00,95000.00,0.00,0.00,0.00,7,0.00,95000.00,'2024-11-05 17:04:29','2024-11-05 17:04:29',NULL,NULL),(1162,NULL,729,'MERCADERIAS VARIAS',1.00,'8',95000.00,95000.00,0.00,0.00,0.00,7,0.00,95000.00,'2024-11-05 17:04:30','2024-11-05 17:04:30',NULL,NULL),(1163,NULL,730,'MERCADERIAS VARIAS',1.00,'8',95000.00,95000.00,0.00,0.00,0.00,7,0.00,95000.00,'2024-11-05 17:04:31','2024-11-05 17:04:31',NULL,NULL),(1164,NULL,731,'MERCADERIAS VARIAS',1.00,'8',95000.00,95000.00,0.00,0.00,0.00,7,0.00,95000.00,'2024-11-05 17:04:32','2024-11-05 17:04:32',NULL,NULL),(1165,NULL,732,'MERCADERIAS VARIAS',1.00,'8',95000.00,95000.00,0.00,0.00,0.00,7,0.00,95000.00,'2024-11-05 17:04:33','2024-11-05 17:04:33',NULL,NULL),(1166,NULL,733,'MERCADERIAS VARIAS',1.00,'8',95000.00,95000.00,0.00,0.00,0.00,7,0.00,95000.00,'2024-11-05 17:04:34','2024-11-05 17:04:34',NULL,NULL),(1167,NULL,734,'MERCADERIAS VARIAS',1.00,'8',95000.00,95000.00,0.00,0.00,0.00,7,0.00,95000.00,'2024-11-05 17:04:35','2024-11-05 17:04:35',NULL,NULL),(1168,NULL,735,'MERCADERIAS VARIAS',1.00,'8',95000.00,95000.00,0.00,0.00,0.00,7,0.00,95000.00,'2024-11-05 17:04:36','2024-11-05 17:04:36',NULL,NULL),(1169,NULL,736,'MERCADERIAS VARIAS',1.00,'8',95000.00,95000.00,0.00,0.00,0.00,7,0.00,95000.00,'2024-11-05 17:04:37','2024-11-05 17:04:37',NULL,NULL),(1170,NULL,737,'MERCADERIAS VARIAS',1.00,'8',95000.00,95000.00,0.00,0.00,0.00,7,0.00,95000.00,'2024-11-05 17:04:38','2024-11-05 17:04:38',NULL,NULL),(1171,NULL,738,'MERCADERIAS VARIAS',1.00,'8',95000.00,95000.00,0.00,0.00,0.00,7,0.00,95000.00,'2024-11-05 17:04:40','2024-11-05 17:04:40',NULL,NULL),(1172,NULL,739,'MERCADERIAS VARIAS',1.00,'8',95000.00,95000.00,0.00,0.00,0.00,7,0.00,95000.00,'2024-11-05 17:04:41','2024-11-05 17:04:41',NULL,NULL),(1173,NULL,740,'MERCADERIAS VARIAS',1.00,'8',95000.00,95000.00,0.00,0.00,0.00,7,0.00,95000.00,'2024-11-05 17:04:43','2024-11-05 17:04:43',NULL,NULL);
INSERT INTO `fact_elec_receipt_details` VALUES (1174,NULL,741,'MERCADERIAS VARIAS',1.00,'8',95000.00,95000.00,0.00,0.00,0.00,7,0.00,95000.00,'2024-11-05 17:04:44','2024-11-05 17:04:44',NULL,NULL),(1175,NULL,742,'MERCADERIAS VARIAS',1.00,'8',95000.00,95000.00,0.00,0.00,0.00,7,0.00,95000.00,'2024-11-05 17:04:45','2024-11-05 17:04:45',NULL,NULL),(1176,NULL,743,'MERCADERIAS VARIAS',1.00,'8',95000.00,95000.00,0.00,0.00,0.00,7,0.00,95000.00,'2024-11-05 17:04:46','2024-11-05 17:04:46',NULL,NULL),(1177,NULL,744,'MERCADERIAS VARIAS',1.00,'8',95000.00,95000.00,0.00,0.00,0.00,7,0.00,95000.00,'2024-11-05 17:04:47','2024-11-05 17:04:47',NULL,NULL),(1178,NULL,745,'MERCADERIAS VARIAS',1.00,'8',95000.00,95000.00,0.00,0.00,0.00,7,0.00,95000.00,'2024-11-05 17:04:48','2024-11-05 17:04:48',NULL,NULL),(1179,NULL,746,'MERCADERIAS VARIAS',1.00,'8',95000.00,95000.00,0.00,0.00,0.00,7,0.00,95000.00,'2024-11-05 17:04:49','2024-11-05 17:04:49',NULL,NULL),(1180,9435,747,'MERCADERIAS VARIAS',1.00,'8',90000.00,90000.00,0.00,0.00,0.00,2,18900.00,108900.00,'2024-12-04 18:43:00','2024-12-04 18:43:00',NULL,NULL),(1181,9435,748,'MERCADERIAS VARIAS',1.00,'8',90000.00,90000.00,0.00,0.00,0.00,2,18900.00,108900.00,'2024-12-04 18:43:03','2024-12-04 18:43:03',NULL,NULL),(1182,9435,749,'MERCADERIAS VARIAS',1.00,'8',90000.00,90000.00,0.00,0.00,0.00,2,18900.00,108900.00,'2024-12-04 18:43:05','2024-12-04 18:43:05',NULL,NULL),(1183,9435,750,'MERCADERIAS VARIAS',1.00,'8',90000.00,90000.00,0.00,0.00,0.00,2,18900.00,108900.00,'2024-12-04 18:43:08','2024-12-04 18:43:08',NULL,NULL),(1184,9435,751,'MERCADERIAS VARIAS',1.00,'8',90000.00,90000.00,0.00,0.00,0.00,2,18900.00,108900.00,'2024-12-04 18:43:10','2024-12-04 18:43:10',NULL,NULL),(1185,9435,752,'MERCADERIAS VARIAS',1.00,'8',90000.00,90000.00,0.00,0.00,0.00,2,18900.00,108900.00,'2024-12-04 18:43:13','2024-12-04 18:43:13',NULL,NULL),(1186,9435,753,'MERCADERIAS VARIAS',1.00,'8',90000.00,90000.00,0.00,0.00,0.00,2,18900.00,108900.00,'2024-12-04 18:43:15','2024-12-04 18:43:15',NULL,NULL),(1187,9435,754,'MERCADERIAS VARIAS',1.00,'8',90000.00,90000.00,0.00,0.00,0.00,2,18900.00,108900.00,'2024-12-04 18:46:10','2024-12-04 18:46:10',NULL,NULL),(1188,9435,755,'MERCADERIAS VARIAS',1.00,'8',90000.00,90000.00,0.00,0.00,0.00,2,18900.00,108900.00,'2024-12-04 18:46:13','2024-12-04 18:46:13',NULL,NULL),(1189,9435,756,'MERCADERIAS VARIAS',1.00,'8',90000.00,90000.00,0.00,0.00,0.00,2,18900.00,108900.00,'2024-12-04 18:46:15','2024-12-04 18:46:15',NULL,NULL),(1190,9435,757,'MERCADERIAS VARIAS',1.00,'8',90000.00,90000.00,0.00,0.00,0.00,2,18900.00,108900.00,'2024-12-04 18:46:18','2024-12-04 18:46:18',NULL,NULL),(1191,9435,758,'MERCADERIAS VARIAS',1.00,'8',90000.00,90000.00,0.00,0.00,0.00,2,18900.00,108900.00,'2024-12-04 18:46:21','2024-12-04 18:46:21',NULL,NULL),(1192,9435,759,'MERCADERIAS VARIAS',1.00,'8',90000.00,90000.00,0.00,0.00,0.00,2,18900.00,108900.00,'2024-12-04 18:46:24','2024-12-04 18:46:24',NULL,NULL),(1193,9435,760,'MERCADERIAS VARIAS',1.00,'8',90000.00,90000.00,0.00,0.00,0.00,2,18900.00,108900.00,'2024-12-04 18:46:27','2024-12-04 18:46:27',NULL,NULL),(1194,9435,761,'MERCADERIAS VARIAS',1.00,'8',90000.00,90000.00,0.00,0.00,0.00,2,18900.00,108900.00,'2024-12-04 18:57:50','2024-12-04 18:57:50',NULL,NULL),(1195,9435,762,'MERCADERIAS VARIAS',1.00,'8',90000.00,90000.00,0.00,0.00,0.00,2,18900.00,108900.00,'2024-12-04 18:57:53','2024-12-04 18:57:53',NULL,NULL),(1196,9435,763,'MERCADERIAS VARIAS',1.00,'8',90000.00,90000.00,0.00,0.00,0.00,2,18900.00,108900.00,'2024-12-04 18:57:56','2024-12-04 18:57:56',NULL,NULL),(1197,9435,764,'MERCADERIAS VARIAS',1.00,'8',90000.00,90000.00,0.00,0.00,0.00,2,18900.00,108900.00,'2024-12-04 18:57:59','2024-12-04 18:57:59',NULL,NULL),(1198,9435,765,'MERCADERIAS VARIAS',1.00,'8',90000.00,90000.00,0.00,0.00,0.00,2,18900.00,108900.00,'2024-12-04 18:58:01','2024-12-04 18:58:01',NULL,NULL),(1199,9435,766,'MERCADERIAS VARIAS',1.00,'8',90000.00,90000.00,0.00,0.00,0.00,2,18900.00,108900.00,'2024-12-04 18:58:04','2024-12-04 18:58:04',NULL,NULL);
INSERT INTO `fact_elec_receipt_details` VALUES (1200,9435,767,'MERCADERIAS VARIAS',1.00,'8',90000.00,90000.00,0.00,0.00,0.00,2,18900.00,108900.00,'2024-12-04 18:58:06','2024-12-04 18:58:06',NULL,NULL),(1201,9435,768,'MERCADERIAS VARIAS',1.00,'8',90000.00,90000.00,0.00,0.00,0.00,2,18900.00,108900.00,'2024-12-04 19:00:51','2024-12-04 19:00:51',NULL,NULL),(1202,9435,769,'MERCADERIAS VARIAS',1.00,'8',90000.00,90000.00,0.00,0.00,0.00,2,18900.00,108900.00,'2024-12-04 19:00:54','2024-12-04 19:00:54',NULL,NULL),(1203,9435,770,'MERCADERIAS VARIAS',1.00,'8',90000.00,90000.00,0.00,0.00,0.00,2,18900.00,108900.00,'2024-12-04 19:00:57','2024-12-04 19:00:57',NULL,NULL),(1204,9435,771,'MERCADERIAS VARIAS',1.00,'8',90000.00,90000.00,0.00,0.00,0.00,2,18900.00,108900.00,'2024-12-04 19:01:00','2024-12-04 19:01:00',NULL,NULL),(1205,9435,772,'MERCADERIAS VARIAS',1.00,'8',90000.00,90000.00,0.00,0.00,0.00,2,18900.00,108900.00,'2024-12-04 19:01:04','2024-12-04 19:01:04',NULL,NULL),(1206,9435,773,'MERCADERIAS VARIAS',1.00,'8',90000.00,90000.00,0.00,0.00,0.00,2,18900.00,108900.00,'2024-12-04 19:01:07','2024-12-04 19:01:07',NULL,NULL),(1207,9435,774,'MERCADERIAS VARIAS',1.00,'8',90000.00,90000.00,0.00,0.00,0.00,2,18900.00,108900.00,'2024-12-04 19:01:10','2024-12-04 19:01:10',NULL,NULL),(1208,9435,775,'MERCADERIAS VARIAS',1.00,'8',90000.00,90000.00,0.00,0.00,0.00,2,18900.00,108900.00,'2024-12-04 19:03:16','2024-12-04 19:03:16',NULL,NULL),(1209,9435,776,'MERCADERIAS VARIAS',1.00,'8',90000.00,90000.00,0.00,0.00,0.00,2,18900.00,108900.00,'2024-12-04 19:03:20','2024-12-04 19:03:20',NULL,NULL),(1210,9435,777,'MERCADERIAS VARIAS',1.00,'8',90000.00,90000.00,0.00,0.00,0.00,2,18900.00,108900.00,'2024-12-04 19:03:23','2024-12-04 19:03:23',NULL,NULL),(1211,9435,778,'MERCADERIAS VARIAS',1.00,'8',90000.00,90000.00,0.00,0.00,0.00,2,18900.00,108900.00,'2024-12-04 19:03:25','2024-12-04 19:03:25',NULL,NULL),(1212,9435,779,'MERCADERIAS VARIAS',1.00,'8',90000.00,90000.00,0.00,0.00,0.00,2,18900.00,108900.00,'2024-12-04 19:03:28','2024-12-04 19:03:28',NULL,NULL),(1213,9435,780,'MERCADERIAS VARIAS',1.00,'8',90000.00,90000.00,0.00,0.00,0.00,2,18900.00,108900.00,'2024-12-04 19:03:31','2024-12-04 19:03:31',NULL,NULL),(1214,9435,781,'MERCADERIAS VARIAS',1.00,'8',90000.00,90000.00,0.00,0.00,0.00,2,18900.00,108900.00,'2024-12-04 19:03:33','2024-12-04 19:03:33',NULL,NULL),(1215,9435,782,'MERCADERIAS VARIAS',1.00,'8',90000.00,90000.00,0.00,0.00,0.00,2,18900.00,108900.00,'2024-12-04 19:52:06','2024-12-04 19:52:06',NULL,NULL),(1216,9435,783,'MERCADERIAS VARIAS',1.00,'8',90000.00,90000.00,0.00,0.00,0.00,2,18900.00,108900.00,'2024-12-04 19:52:09','2024-12-04 19:52:09',NULL,NULL),(1217,9435,784,'MERCADERIAS VARIAS',1.00,'8',90000.00,90000.00,0.00,0.00,0.00,2,18900.00,108900.00,'2024-12-04 19:52:11','2024-12-04 19:52:11',NULL,NULL),(1218,9435,785,'MERCADERIAS VARIAS',1.00,'8',90000.00,90000.00,0.00,0.00,0.00,2,18900.00,108900.00,'2024-12-04 19:52:14','2024-12-04 19:52:14',NULL,NULL),(1219,9435,786,'MERCADERIAS VARIAS',1.00,'8',90000.00,90000.00,0.00,0.00,0.00,2,18900.00,108900.00,'2024-12-04 19:52:17','2024-12-04 19:52:17',NULL,NULL),(1220,9435,787,'MERCADERIAS VARIAS',1.00,'8',90000.00,90000.00,0.00,0.00,0.00,2,18900.00,108900.00,'2024-12-04 19:52:20','2024-12-04 19:52:20',NULL,NULL),(1221,9435,788,'MERCADERIAS VARIAS',1.00,'8',90000.00,90000.00,0.00,0.00,0.00,2,18900.00,108900.00,'2024-12-04 19:52:24','2024-12-04 19:52:24',NULL,NULL),(1222,NULL,789,'MERCADERIAS VARIAS',1.00,'8',95000.00,95000.00,0.00,0.00,0.00,7,0.00,95000.00,'2024-12-04 20:04:52','2024-12-04 20:04:52',NULL,NULL),(1223,NULL,790,'MERCADERIAS VARIAS',1.00,'8',95000.00,95000.00,0.00,0.00,0.00,7,0.00,95000.00,'2024-12-04 20:04:53','2024-12-04 20:04:53',NULL,NULL),(1224,NULL,791,'MERCADERIAS VARIAS',1.00,'8',95000.00,95000.00,0.00,0.00,0.00,7,0.00,95000.00,'2024-12-04 20:04:54','2024-12-04 20:04:54',NULL,NULL),(1225,NULL,792,'MERCADERIAS VARIAS',1.00,'8',95000.00,95000.00,0.00,0.00,0.00,7,0.00,95000.00,'2024-12-04 20:04:55','2024-12-04 20:04:55',NULL,NULL);
INSERT INTO `fact_elec_receipt_details` VALUES (1226,NULL,793,'MERCADERIAS VARIAS',1.00,'8',95000.00,95000.00,0.00,0.00,0.00,7,0.00,95000.00,'2024-12-04 20:04:57','2024-12-04 20:04:57',NULL,NULL),(1227,NULL,794,'MERCADERIAS VARIAS',1.00,'8',95000.00,95000.00,0.00,0.00,0.00,7,0.00,95000.00,'2024-12-04 20:04:58','2024-12-04 20:04:58',NULL,NULL),(1228,NULL,795,'MERCADERIAS VARIAS',1.00,'8',95000.00,95000.00,0.00,0.00,0.00,7,0.00,95000.00,'2024-12-04 20:04:59','2024-12-04 20:04:59',NULL,NULL),(1229,NULL,796,'MERCADERIAS VARIAS',1.00,'8',95000.00,95000.00,0.00,0.00,0.00,7,0.00,95000.00,'2024-12-04 20:05:00','2024-12-04 20:05:00',NULL,NULL),(1230,NULL,797,'MERCADERIAS VARIAS',1.00,'8',95000.00,95000.00,0.00,0.00,0.00,7,0.00,95000.00,'2024-12-04 20:05:02','2024-12-04 20:05:02',NULL,NULL),(1231,NULL,798,'MERCADERIAS VARIAS',1.00,'8',95000.00,95000.00,0.00,0.00,0.00,7,0.00,95000.00,'2024-12-04 20:05:03','2024-12-04 20:05:03',NULL,NULL),(1232,NULL,799,'MERCADERIAS VARIAS',1.00,'8',95000.00,95000.00,0.00,0.00,0.00,7,0.00,95000.00,'2024-12-04 20:05:04','2024-12-04 20:05:04',NULL,NULL),(1233,NULL,800,'MERCADERIAS VARIAS',1.00,'8',95000.00,95000.00,0.00,0.00,0.00,7,0.00,95000.00,'2024-12-04 20:05:06','2024-12-04 20:05:06',NULL,NULL),(1234,NULL,801,'MERCADERIAS VARIAS',1.00,'8',95000.00,95000.00,0.00,0.00,0.00,7,0.00,95000.00,'2024-12-04 20:05:07','2024-12-04 20:05:07',NULL,NULL),(1235,NULL,802,'MERCADERIAS VARIAS',1.00,'8',95000.00,95000.00,0.00,0.00,0.00,7,0.00,95000.00,'2024-12-04 20:05:08','2024-12-04 20:05:08',NULL,NULL),(1236,NULL,803,'MERCADERIAS VARIAS',1.00,'8',95000.00,95000.00,0.00,0.00,0.00,7,0.00,95000.00,'2024-12-04 20:05:09','2024-12-04 20:05:09',NULL,NULL),(1237,NULL,804,'MERCADERIAS VARIAS',1.00,'8',95000.00,95000.00,0.00,0.00,0.00,7,0.00,95000.00,'2024-12-04 20:05:10','2024-12-04 20:05:10',NULL,NULL),(1238,NULL,805,'MERCADERIAS VARIAS',1.00,'8',95000.00,95000.00,0.00,0.00,0.00,7,0.00,95000.00,'2024-12-04 20:05:11','2024-12-04 20:05:11',NULL,NULL),(1239,NULL,806,'MERCADERIAS VARIAS',1.00,'8',95000.00,95000.00,0.00,0.00,0.00,7,0.00,95000.00,'2024-12-04 20:05:12','2024-12-04 20:05:12',NULL,NULL),(1240,NULL,807,'MERCADERIAS VARIAS',1.00,'8',95000.00,95000.00,0.00,0.00,0.00,7,0.00,95000.00,'2024-12-04 20:05:14','2024-12-04 20:05:14',NULL,NULL),(1241,NULL,808,'MERCADERIAS VARIAS',1.00,'8',95000.00,95000.00,0.00,0.00,0.00,7,0.00,95000.00,'2024-12-04 20:06:50','2024-12-04 20:06:50',NULL,NULL),(1242,NULL,809,'MERCADERIAS VARIAS',1.00,'8',95000.00,95000.00,0.00,0.00,0.00,7,0.00,95000.00,'2024-12-04 20:06:52','2024-12-04 20:06:52',NULL,NULL),(1243,NULL,810,'MERCADERIAS VARIAS',1.00,'8',95000.00,95000.00,0.00,0.00,0.00,7,0.00,95000.00,'2024-12-04 20:06:54','2024-12-04 20:06:54',NULL,NULL),(1244,NULL,811,'MERCADERIAS VARIAS',1.00,'8',95000.00,95000.00,0.00,0.00,0.00,7,0.00,95000.00,'2024-12-04 20:06:55','2024-12-04 20:06:55',NULL,NULL),(1245,NULL,812,'MERCADERIAS VARIAS',1.00,'8',95000.00,95000.00,0.00,0.00,0.00,7,0.00,95000.00,'2024-12-04 20:06:56','2024-12-04 20:06:56',NULL,NULL),(1246,NULL,813,'MERCADERIAS VARIAS',1.00,'8',95000.00,95000.00,0.00,0.00,0.00,7,0.00,95000.00,'2024-12-04 20:06:57','2024-12-04 20:06:57',NULL,NULL),(1247,NULL,814,'MERCADERIAS VARIAS',1.00,'8',95000.00,95000.00,0.00,0.00,0.00,7,0.00,95000.00,'2024-12-04 20:06:59','2024-12-04 20:06:59',NULL,NULL),(1248,NULL,815,'MERCADERIAS VARIAS',1.00,'8',95000.00,95000.00,0.00,0.00,0.00,7,0.00,95000.00,'2024-12-04 20:07:00','2024-12-04 20:07:00',NULL,NULL),(1249,NULL,816,'MERCADERIAS VARIAS',1.00,'8',95000.00,95000.00,0.00,0.00,0.00,7,0.00,95000.00,'2024-12-04 20:07:02','2024-12-04 20:07:02',NULL,NULL),(1250,NULL,817,'MERCADERIAS VARIAS',1.00,'8',95000.00,95000.00,0.00,0.00,0.00,7,0.00,95000.00,'2024-12-04 20:07:03','2024-12-04 20:07:03',NULL,NULL),(1251,NULL,818,'MERCADERIAS VARIAS',1.00,'8',95000.00,95000.00,0.00,0.00,0.00,7,0.00,95000.00,'2024-12-04 20:07:04','2024-12-04 20:07:04',NULL,NULL);
INSERT INTO `fact_elec_receipt_details` VALUES (1252,NULL,819,'MERCADERIAS VARIAS',1.00,'8',95000.00,95000.00,0.00,0.00,0.00,7,0.00,95000.00,'2024-12-04 20:07:06','2024-12-04 20:07:06',NULL,NULL),(1253,NULL,820,'MERCADERIAS VARIAS',1.00,'8',95000.00,95000.00,0.00,0.00,0.00,7,0.00,95000.00,'2024-12-04 20:07:07','2024-12-04 20:07:07',NULL,NULL),(1254,NULL,821,'MERCADERIAS VARIAS',1.00,'8',95000.00,95000.00,0.00,0.00,0.00,7,0.00,95000.00,'2024-12-04 20:07:08','2024-12-04 20:07:08',NULL,NULL),(1255,NULL,822,'MERCADERIAS VARIAS',1.00,'8',95000.00,95000.00,0.00,0.00,0.00,7,0.00,95000.00,'2024-12-04 20:07:10','2024-12-04 20:07:10',NULL,NULL),(1256,NULL,823,'MERCADERIAS VARIAS',1.00,'8',95000.00,95000.00,0.00,0.00,0.00,7,0.00,95000.00,'2024-12-04 20:07:11','2024-12-04 20:07:11',NULL,NULL),(1257,NULL,824,'MERCADERIAS VARIAS',1.00,'8',95000.00,95000.00,0.00,0.00,0.00,7,0.00,95000.00,'2024-12-04 20:07:12','2024-12-04 20:07:12',NULL,NULL),(1258,NULL,825,'MERCADERIAS VARIAS',1.00,'8',95000.00,95000.00,0.00,0.00,0.00,7,0.00,95000.00,'2024-12-04 20:07:13','2024-12-04 20:07:13',NULL,NULL),(1259,NULL,826,'MERCADERIAS VARIAS',1.00,'8',95000.00,95000.00,0.00,0.00,0.00,7,0.00,95000.00,'2024-12-04 20:07:15','2024-12-04 20:07:15',NULL,NULL),(1260,NULL,827,'MERCADERIAS VARIAS',1.00,'8',95000.00,95000.00,0.00,0.00,0.00,7,0.00,95000.00,'2024-12-04 20:35:05','2024-12-04 20:35:05',NULL,NULL),(1261,NULL,828,'MERCADERIAS VARIAS',1.00,'8',95000.00,95000.00,0.00,0.00,0.00,7,0.00,95000.00,'2024-12-04 20:35:07','2024-12-04 20:35:07',NULL,NULL),(1262,NULL,829,'MERCADERIAS VARIAS',1.00,'8',95000.00,95000.00,0.00,0.00,0.00,7,0.00,95000.00,'2024-12-04 20:35:08','2024-12-04 20:35:08',NULL,NULL),(1263,NULL,830,'MERCADERIAS VARIAS',1.00,'8',95000.00,95000.00,0.00,0.00,0.00,7,0.00,95000.00,'2024-12-04 20:35:09','2024-12-04 20:35:09',NULL,NULL),(1264,NULL,831,'MERCADERIAS VARIAS',1.00,'8',95000.00,95000.00,0.00,0.00,0.00,7,0.00,95000.00,'2024-12-04 20:35:11','2024-12-04 20:35:11',NULL,NULL),(1265,NULL,832,'MERCADERIAS VARIAS',1.00,'8',95000.00,95000.00,0.00,0.00,0.00,7,0.00,95000.00,'2024-12-04 20:35:12','2024-12-04 20:35:12',NULL,NULL),(1266,NULL,833,'MERCADERIAS VARIAS',1.00,'8',95000.00,95000.00,0.00,0.00,0.00,7,0.00,95000.00,'2024-12-04 20:35:13','2024-12-04 20:35:13',NULL,NULL),(1267,NULL,834,'MERCADERIAS VARIAS',1.00,'8',95000.00,95000.00,0.00,0.00,0.00,7,0.00,95000.00,'2024-12-04 20:35:15','2024-12-04 20:35:15',NULL,NULL),(1268,NULL,835,'MERCADERIAS VARIAS',1.00,'8',95000.00,95000.00,0.00,0.00,0.00,7,0.00,95000.00,'2024-12-04 20:35:16','2024-12-04 20:35:16',NULL,NULL),(1269,NULL,836,'MERCADERIAS VARIAS',1.00,'8',95000.00,95000.00,0.00,0.00,0.00,7,0.00,95000.00,'2024-12-04 20:35:17','2024-12-04 20:35:17',NULL,NULL),(1270,NULL,837,'MERCADERIAS VARIAS',1.00,'8',95000.00,95000.00,0.00,0.00,0.00,7,0.00,95000.00,'2024-12-04 20:35:18','2024-12-04 20:35:18',NULL,NULL),(1271,NULL,838,'MERCADERIAS VARIAS',1.00,'8',95000.00,95000.00,0.00,0.00,0.00,7,0.00,95000.00,'2024-12-04 20:35:20','2024-12-04 20:35:20',NULL,NULL),(1272,NULL,839,'MERCADERIAS VARIAS',1.00,'8',95000.00,95000.00,0.00,0.00,0.00,7,0.00,95000.00,'2024-12-04 20:35:21','2024-12-04 20:35:21',NULL,NULL),(1273,NULL,840,'MERCADERIAS VARIAS',1.00,'8',95000.00,95000.00,0.00,0.00,0.00,7,0.00,95000.00,'2024-12-04 20:35:22','2024-12-04 20:35:22',NULL,NULL),(1274,NULL,841,'MERCADERIAS VARIAS',1.00,'8',95000.00,95000.00,0.00,0.00,0.00,7,0.00,95000.00,'2024-12-04 20:35:23','2024-12-04 20:35:23',NULL,NULL),(1275,NULL,842,'MERCADERIAS VARIAS',1.00,'8',95000.00,95000.00,0.00,0.00,0.00,7,0.00,95000.00,'2024-12-04 20:35:24','2024-12-04 20:35:24',NULL,NULL),(1276,NULL,843,'MERCADERIAS VARIAS',1.00,'8',95000.00,95000.00,0.00,0.00,0.00,7,0.00,95000.00,'2024-12-04 20:35:25','2024-12-04 20:35:25',NULL,NULL),(1277,NULL,844,'MERCADERIAS VARIAS',1.00,'8',95000.00,95000.00,0.00,0.00,0.00,7,0.00,95000.00,'2024-12-04 20:35:27','2024-12-04 20:35:27',NULL,NULL);
INSERT INTO `fact_elec_receipt_details` VALUES (1278,NULL,845,'MERCADERIAS VARIAS',1.00,'8',95000.00,95000.00,0.00,0.00,0.00,7,0.00,95000.00,'2024-12-04 20:35:28','2024-12-04 20:35:28',NULL,NULL),(1279,NULL,846,'MERCADERIAS VARIAS',1.00,'8',95000.00,95000.00,0.00,0.00,0.00,7,0.00,95000.00,'2024-12-04 21:04:43','2024-12-04 21:04:43',NULL,NULL),(1280,NULL,847,'MERCADERIAS VARIAS',1.00,'8',95000.00,95000.00,0.00,0.00,0.00,7,0.00,95000.00,'2024-12-04 21:04:44','2024-12-04 21:04:44',NULL,NULL),(1281,NULL,848,'MERCADERIAS VARIAS',1.00,'8',95000.00,95000.00,0.00,0.00,0.00,7,0.00,95000.00,'2024-12-04 21:04:45','2024-12-04 21:04:45',NULL,NULL),(1282,NULL,849,'MERCADERIAS VARIAS',1.00,'8',95000.00,95000.00,0.00,0.00,0.00,7,0.00,95000.00,'2024-12-04 21:04:47','2024-12-04 21:04:47',NULL,NULL),(1283,NULL,850,'MERCADERIAS VARIAS',1.00,'8',95000.00,95000.00,0.00,0.00,0.00,7,0.00,95000.00,'2024-12-04 21:04:48','2024-12-04 21:04:48',NULL,NULL),(1284,NULL,851,'MERCADERIAS VARIAS',1.00,'8',95000.00,95000.00,0.00,0.00,0.00,7,0.00,95000.00,'2024-12-04 21:04:49','2024-12-04 21:04:49',NULL,NULL),(1285,NULL,852,'MERCADERIAS VARIAS',1.00,'8',95000.00,95000.00,0.00,0.00,0.00,7,0.00,95000.00,'2024-12-04 21:04:51','2024-12-04 21:04:51',NULL,NULL),(1286,NULL,853,'MERCADERIAS VARIAS',1.00,'8',95000.00,95000.00,0.00,0.00,0.00,7,0.00,95000.00,'2024-12-04 21:04:52','2024-12-04 21:04:52',NULL,NULL),(1287,NULL,854,'MERCADERIAS VARIAS',1.00,'8',95000.00,95000.00,0.00,0.00,0.00,7,0.00,95000.00,'2024-12-04 21:04:53','2024-12-04 21:04:53',NULL,NULL),(1288,NULL,855,'MERCADERIAS VARIAS',1.00,'8',95000.00,95000.00,0.00,0.00,0.00,7,0.00,95000.00,'2024-12-04 21:04:55','2024-12-04 21:04:55',NULL,NULL),(1289,NULL,856,'MERCADERIAS VARIAS',1.00,'8',95000.00,95000.00,0.00,0.00,0.00,7,0.00,95000.00,'2024-12-04 21:04:56','2024-12-04 21:04:56',NULL,NULL),(1290,NULL,857,'MERCADERIAS VARIAS',1.00,'8',95000.00,95000.00,0.00,0.00,0.00,7,0.00,95000.00,'2024-12-04 21:04:57','2024-12-04 21:04:57',NULL,NULL),(1291,NULL,858,'MERCADERIAS VARIAS',1.00,'8',95000.00,95000.00,0.00,0.00,0.00,7,0.00,95000.00,'2024-12-04 21:04:59','2024-12-04 21:04:59',NULL,NULL),(1292,NULL,859,'MERCADERIAS VARIAS',1.00,'8',95000.00,95000.00,0.00,0.00,0.00,7,0.00,95000.00,'2024-12-04 21:05:00','2024-12-04 21:05:00',NULL,NULL),(1293,NULL,860,'MERCADERIAS VARIAS',1.00,'8',95000.00,95000.00,0.00,0.00,0.00,7,0.00,95000.00,'2024-12-04 21:05:02','2024-12-04 21:05:02',NULL,NULL),(1294,NULL,861,'MERCADERIAS VARIAS',1.00,'8',95000.00,95000.00,0.00,0.00,0.00,7,0.00,95000.00,'2024-12-04 21:05:03','2024-12-04 21:05:03',NULL,NULL),(1295,NULL,862,'MERCADERIAS VARIAS',1.00,'8',95000.00,95000.00,0.00,0.00,0.00,7,0.00,95000.00,'2024-12-04 21:05:04','2024-12-04 21:05:04',NULL,NULL),(1296,NULL,863,'MERCADERIAS VARIAS',1.00,'8',95000.00,95000.00,0.00,0.00,0.00,7,0.00,95000.00,'2024-12-04 21:05:06','2024-12-04 21:05:06',NULL,NULL),(1297,NULL,864,'MERCADERIAS VARIAS',1.00,'8',95000.00,95000.00,0.00,0.00,0.00,7,0.00,95000.00,'2024-12-04 21:05:07','2024-12-04 21:05:07',NULL,NULL),(1298,NULL,865,'MERCADERIAS VARIAS',1.00,'8',95000.00,95000.00,0.00,0.00,0.00,7,0.00,95000.00,'2025-01-05 13:03:51','2025-01-05 13:03:51',NULL,NULL),(1299,NULL,866,'MERCADERIAS VARIAS',1.00,'8',95000.00,95000.00,0.00,0.00,0.00,7,0.00,95000.00,'2025-01-05 13:03:53','2025-01-05 13:03:53',NULL,NULL),(1300,NULL,867,'MERCADERIAS VARIAS',1.00,'8',95000.00,95000.00,0.00,0.00,0.00,7,0.00,95000.00,'2025-01-05 13:03:54','2025-01-05 13:03:54',NULL,NULL),(1301,NULL,868,'MERCADERIAS VARIAS',1.00,'8',95000.00,95000.00,0.00,0.00,0.00,7,0.00,95000.00,'2025-01-05 13:03:55','2025-01-05 13:03:55',NULL,NULL),(1302,NULL,869,'MERCADERIAS VARIAS',1.00,'8',95000.00,95000.00,0.00,0.00,0.00,7,0.00,95000.00,'2025-01-05 13:03:56','2025-01-05 13:03:56',NULL,NULL),(1303,NULL,870,'MERCADERIAS VARIAS',1.00,'8',95000.00,95000.00,0.00,0.00,0.00,7,0.00,95000.00,'2025-01-05 13:03:58','2025-01-05 13:03:58',NULL,NULL);
INSERT INTO `fact_elec_receipt_details` VALUES (1304,NULL,871,'MERCADERIAS VARIAS',1.00,'8',95000.00,95000.00,0.00,0.00,0.00,7,0.00,95000.00,'2025-01-05 13:03:59','2025-01-05 13:03:59',NULL,NULL),(1305,NULL,872,'MERCADERIAS VARIAS',1.00,'8',95000.00,95000.00,0.00,0.00,0.00,7,0.00,95000.00,'2025-01-05 13:04:00','2025-01-05 13:04:00',NULL,NULL),(1306,NULL,873,'MERCADERIAS VARIAS',1.00,'8',95000.00,95000.00,0.00,0.00,0.00,7,0.00,95000.00,'2025-01-05 13:04:01','2025-01-05 13:04:01',NULL,NULL),(1307,NULL,874,'MERCADERIAS VARIAS',1.00,'8',95000.00,95000.00,0.00,0.00,0.00,7,0.00,95000.00,'2025-01-05 13:04:02','2025-01-05 13:04:02',NULL,NULL),(1308,NULL,875,'MERCADERIAS VARIAS',1.00,'8',95000.00,95000.00,0.00,0.00,0.00,7,0.00,95000.00,'2025-01-05 13:04:03','2025-01-05 13:04:03',NULL,NULL),(1309,NULL,876,'MERCADERIAS VARIAS',1.00,'8',95000.00,95000.00,0.00,0.00,0.00,7,0.00,95000.00,'2025-01-05 13:04:05','2025-01-05 13:04:05',NULL,NULL),(1310,NULL,877,'MERCADERIAS VARIAS',1.00,'8',95000.00,95000.00,0.00,0.00,0.00,7,0.00,95000.00,'2025-01-05 13:04:06','2025-01-05 13:04:06',NULL,NULL),(1311,NULL,878,'MERCADERIAS VARIAS',1.00,'8',95000.00,95000.00,0.00,0.00,0.00,7,0.00,95000.00,'2025-01-05 13:04:07','2025-01-05 13:04:07',NULL,NULL),(1312,NULL,879,'MERCADERIAS VARIAS',1.00,'8',95000.00,95000.00,0.00,0.00,0.00,7,0.00,95000.00,'2025-01-05 13:04:09','2025-01-05 13:04:09',NULL,NULL),(1313,NULL,880,'MERCADERIAS VARIAS',1.00,'8',95000.00,95000.00,0.00,0.00,0.00,7,0.00,95000.00,'2025-01-05 13:04:10','2025-01-05 13:04:10',NULL,NULL),(1314,NULL,881,'MERCADERIAS VARIAS',1.00,'8',95000.00,95000.00,0.00,0.00,0.00,7,0.00,95000.00,'2025-01-05 13:04:11','2025-01-05 13:04:11',NULL,NULL),(1315,NULL,882,'MERCADERIAS VARIAS',1.00,'8',95000.00,95000.00,0.00,0.00,0.00,7,0.00,95000.00,'2025-01-05 13:04:12','2025-01-05 13:04:12',NULL,NULL),(1316,NULL,883,'MERCADERIAS VARIAS',1.00,'8',95000.00,95000.00,0.00,0.00,0.00,7,0.00,95000.00,'2025-01-05 13:04:13','2025-01-05 13:04:13',NULL,NULL),(1317,NULL,884,'MERCADERIAS VARIAS',1.00,'8',95000.00,95000.00,0.00,0.00,0.00,7,0.00,95000.00,'2025-01-05 13:16:56','2025-01-05 13:16:56',NULL,NULL),(1318,NULL,885,'MERCADERIAS VARIAS',1.00,'8',95000.00,95000.00,0.00,0.00,0.00,7,0.00,95000.00,'2025-01-05 13:16:57','2025-01-05 13:16:57',NULL,NULL),(1319,NULL,886,'MERCADERIAS VARIAS',1.00,'8',95000.00,95000.00,0.00,0.00,0.00,7,0.00,95000.00,'2025-01-05 13:16:59','2025-01-05 13:16:59',NULL,NULL),(1320,NULL,887,'MERCADERIAS VARIAS',1.00,'8',95000.00,95000.00,0.00,0.00,0.00,7,0.00,95000.00,'2025-01-05 13:17:00','2025-01-05 13:17:00',NULL,NULL),(1321,NULL,888,'MERCADERIAS VARIAS',1.00,'8',500000.00,500000.00,0.00,0.00,0.00,7,0.00,500000.00,'2025-01-05 13:17:01','2025-01-05 13:17:01',NULL,NULL),(1322,NULL,889,'MERCADERIAS VARIAS',1.00,'8',500000.00,500000.00,0.00,0.00,0.00,7,0.00,500000.00,'2025-01-05 13:17:02','2025-01-05 13:17:02',NULL,NULL),(1323,NULL,890,'MERCADERIAS VARIAS',1.00,'8',95000.00,95000.00,0.00,0.00,0.00,7,0.00,95000.00,'2025-01-05 13:17:04','2025-01-05 13:17:04',NULL,NULL),(1324,NULL,891,'MERCADERIAS VARIAS',1.00,'8',95000.00,95000.00,0.00,0.00,0.00,7,0.00,95000.00,'2025-01-05 13:17:05','2025-01-05 13:17:05',NULL,NULL),(1325,NULL,892,'MERCADERIAS VARIAS',1.00,'8',95000.00,95000.00,0.00,0.00,0.00,7,0.00,95000.00,'2025-01-05 13:17:06','2025-01-05 13:17:06',NULL,NULL),(1326,NULL,893,'MERCADERIAS VARIAS',1.00,'8',95000.00,95000.00,0.00,0.00,0.00,7,0.00,95000.00,'2025-01-05 13:17:08','2025-01-05 13:17:08',NULL,NULL),(1327,NULL,894,'MERCADERIAS VARIAS',1.00,'8',95000.00,95000.00,0.00,0.00,0.00,7,0.00,95000.00,'2025-01-05 13:17:09','2025-01-05 13:17:09',NULL,NULL),(1328,NULL,895,'MERCADERIAS VARIAS',1.00,'8',95000.00,95000.00,0.00,0.00,0.00,7,0.00,95000.00,'2025-01-05 13:17:10','2025-01-05 13:17:10',NULL,NULL),(1329,NULL,896,'MERCADERIAS VARIAS',1.00,'8',95000.00,95000.00,0.00,0.00,0.00,7,0.00,95000.00,'2025-01-05 13:17:12','2025-01-05 13:17:12',NULL,NULL);
INSERT INTO `fact_elec_receipt_details` VALUES (1330,NULL,897,'MERCADERIAS VARIAS',1.00,'8',95000.00,95000.00,0.00,0.00,0.00,7,0.00,95000.00,'2025-01-05 13:17:13','2025-01-05 13:17:13',NULL,NULL),(1331,NULL,898,'MERCADERIAS VARIAS',1.00,'8',95000.00,95000.00,0.00,0.00,0.00,7,0.00,95000.00,'2025-01-05 13:17:14','2025-01-05 13:17:14',NULL,NULL),(1332,NULL,899,'MERCADERIAS VARIAS',1.00,'8',95000.00,95000.00,0.00,0.00,0.00,7,0.00,95000.00,'2025-01-05 13:17:16','2025-01-05 13:17:16',NULL,NULL),(1333,NULL,900,'MERCADERIAS VARIAS',1.00,'8',95000.00,95000.00,0.00,0.00,0.00,7,0.00,95000.00,'2025-01-05 13:17:17','2025-01-05 13:17:17',NULL,NULL),(1334,NULL,901,'MERCADERIAS VARIAS',1.00,'8',95000.00,95000.00,0.00,0.00,0.00,7,0.00,95000.00,'2025-01-05 13:17:19','2025-01-05 13:17:19',NULL,NULL),(1335,NULL,902,'MERCADERIAS VARIAS',1.00,'8',95000.00,95000.00,0.00,0.00,0.00,7,0.00,95000.00,'2025-01-05 13:17:20','2025-01-05 13:17:20',NULL,NULL),(1336,NULL,903,'MERCADERIAS VARIAS',1.00,'8',95000.00,95000.00,0.00,0.00,0.00,7,0.00,95000.00,'2025-01-05 13:20:18','2025-01-05 13:20:18',NULL,NULL),(1337,NULL,904,'MERCADERIAS VARIAS',1.00,'8',107000.00,107000.00,0.00,0.00,0.00,7,0.00,107000.00,'2025-01-05 13:20:20','2025-01-05 13:20:20',NULL,NULL),(1338,NULL,905,'MERCADERIAS VARIAS',1.00,'8',95000.00,95000.00,0.00,0.00,0.00,7,0.00,95000.00,'2025-01-05 13:20:21','2025-01-05 13:20:21',NULL,NULL),(1339,NULL,906,'MERCADERIAS VARIAS',1.00,'8',95000.00,95000.00,0.00,0.00,0.00,7,0.00,95000.00,'2025-01-05 13:20:23','2025-01-05 13:20:23',NULL,NULL),(1340,NULL,907,'MERCADERIAS VARIAS',1.00,'8',500000.00,500000.00,0.00,0.00,0.00,7,0.00,500000.00,'2025-01-05 13:20:24','2025-01-05 13:20:24',NULL,NULL),(1341,NULL,908,'MERCADERIAS VARIAS',1.00,'8',500000.00,500000.00,0.00,0.00,0.00,7,0.00,500000.00,'2025-01-05 13:20:25','2025-01-05 13:20:25',NULL,NULL),(1342,NULL,909,'MERCADERIAS VARIAS',1.00,'8',95000.00,95000.00,0.00,0.00,0.00,7,0.00,95000.00,'2025-01-05 13:20:27','2025-01-05 13:20:27',NULL,NULL),(1343,NULL,910,'MERCADERIAS VARIAS',1.00,'8',95000.00,95000.00,0.00,0.00,0.00,7,0.00,95000.00,'2025-01-05 13:20:28','2025-01-05 13:20:28',NULL,NULL),(1344,NULL,911,'MERCADERIAS VARIAS',1.00,'8',500000.00,500000.00,0.00,0.00,0.00,7,0.00,500000.00,'2025-01-05 13:20:30','2025-01-05 13:20:30',NULL,NULL),(1345,NULL,912,'MERCADERIAS VARIAS',1.00,'8',95000.00,95000.00,0.00,0.00,0.00,7,0.00,95000.00,'2025-01-05 13:20:31','2025-01-05 13:20:31',NULL,NULL),(1346,NULL,913,'MERCADERIAS VARIAS',1.00,'8',95000.00,95000.00,0.00,0.00,0.00,7,0.00,95000.00,'2025-01-05 13:20:32','2025-01-05 13:20:32',NULL,NULL),(1347,NULL,914,'MERCADERIAS VARIAS',1.00,'8',95000.00,95000.00,0.00,0.00,0.00,7,0.00,95000.00,'2025-01-05 13:20:33','2025-01-05 13:20:33',NULL,NULL),(1348,NULL,915,'MERCADERIAS VARIAS',1.00,'8',95000.00,95000.00,0.00,0.00,0.00,7,0.00,95000.00,'2025-01-05 13:20:35','2025-01-05 13:20:35',NULL,NULL),(1349,NULL,916,'MERCADERIAS VARIAS',1.00,'8',95000.00,95000.00,0.00,0.00,0.00,7,0.00,95000.00,'2025-01-05 13:20:36','2025-01-05 13:20:36',NULL,NULL),(1350,NULL,917,'MERCADERIAS VARIAS',1.00,'8',95000.00,95000.00,0.00,0.00,0.00,7,0.00,95000.00,'2025-01-05 13:20:37','2025-01-05 13:20:37',NULL,NULL),(1351,NULL,918,'MERCADERIAS VARIAS',1.00,'8',95000.00,95000.00,0.00,0.00,0.00,7,0.00,95000.00,'2025-01-05 13:20:38','2025-01-05 13:20:38',NULL,NULL),(1352,NULL,919,'MERCADERIAS VARIAS',1.00,'8',107000.00,107000.00,0.00,0.00,0.00,7,0.00,107000.00,'2025-01-05 13:20:40','2025-01-05 13:20:40',NULL,NULL),(1353,NULL,920,'MERCADERIAS VARIAS',1.00,'8',95000.00,95000.00,0.00,0.00,0.00,7,0.00,95000.00,'2025-01-05 13:20:41','2025-01-05 13:20:41',NULL,NULL),(1354,NULL,921,'MERCADERIAS VARIAS',1.00,'8',95000.00,95000.00,0.00,0.00,0.00,7,0.00,95000.00,'2025-01-05 13:20:42','2025-01-05 13:20:42',NULL,NULL);

--
