-- Table structure for table `person_activities`
--

CREATE TABLE `person_activities` (
  `id` int(10) unsigned NOT NULL AUTO_INCREMENT,
  `user_id` int(10) unsigned DEFAULT NULL,
  `person_id` int(10) unsigned NOT NULL,
  `activity_id` int(10) unsigned NOT NULL,
  `is_principal` tinyint(1) NOT NULL DEFAULT '0',
  `created_at` timestamp NULL DEFAULT NULL,
  `updated_at` timestamp NULL DEFAULT NULL,
  `deleted_at` timestamp NULL DEFAULT NULL,
  PRIMARY KEY (`id`),
  KEY `person_activities_person_id_foreign` (`person_id`),
  KEY `person_activities_activity_id_foreign` (`activity_id`),
  CONSTRAINT `person_activities_activity_id_foreign` FOREIGN KEY (`activity_id`) REFERENCES `activities` (`id`),
  CONSTRAINT `person_activities_person_id_foreign` FOREIGN KEY (`person_id`) REFERENCES `persons` (`id`)
) ENGINE=InnoDB AUTO_INCREMENT=16 DEFAULT CHARSET=utf8mb4 COLLATE=utf8mb4_unicode_ci;

--
-- Dumping data for table `person_activities`
--

INSERT INTO `person_activities` VALUES (2,1,40719,1,0,'2021-09-07 18:59:32','2021-09-07 18:59:32',NULL),(4,5631,40720,814,1,'2021-10-29 11:39:17','2021-10-29 11:39:17',NULL),(15,5631,40739,580,1,'2022-06-23 13:52:35','2022-06-23 13:52:35',NULL);

--
-- Table structure for table `person_cobrador`
--

CREATE TABLE `person_cobrador` (
  `id` bigint(20) unsigned NOT NULL AUTO_INCREMENT,
  `person_id` int(10) unsigned NOT NULL,
  `cobrador_id` bigint(20) unsigned NOT NULL,
  `created_at` timestamp NULL DEFAULT NULL,
  `updated_at` timestamp NULL DEFAULT NULL,
  `deleted_at` timestamp NULL DEFAULT NULL,
  PRIMARY KEY (`id`),
  KEY `person_cobrador_person_id_foreign` (`person_id`),
  KEY `person_cobrador_cobrador_id_foreign` (`cobrador_id`),
  CONSTRAINT `person_cobrador_cobrador_id_foreign` FOREIGN KEY (`cobrador_id`) REFERENCES `cobradores` (`id`),
  CONSTRAINT `person_cobrador_person_id_foreign` FOREIGN KEY (`person_id`) REFERENCES `persons` (`id`)
) ENGINE=InnoDB DEFAULT CHARSET=utf8mb4 COLLATE=utf8mb4_unicode_ci;

--
-- Dumping data for table `person_cobrador`
--


--
-- Table structure for table `person_configurations`
--

CREATE TABLE `person_configurations` (
  `id` int(10) unsigned NOT NULL AUTO_INCREMENT,
  `user_id` int(10) unsigned DEFAULT NULL,
  `person_id` int(10) unsigned NOT NULL,
  `period_id` int(10) unsigned DEFAULT NULL,
  `zone_id` int(10) unsigned DEFAULT NULL,
  `settle_calc_by_coef` int(11) NOT NULL DEFAULT '0',
  `created_at` timestamp NULL DEFAULT NULL,
  `updated_at` timestamp NULL DEFAULT NULL,
  `active` int(10) unsigned DEFAULT NULL,
  `enviarMail` int(11) DEFAULT '1',
  `honorario` decimal(16,2) DEFAULT '0.00',
  `cta_cte_tesoreria_cuenta_id` int(10) unsigned DEFAULT NULL,
  `month_close` int(10) unsigned DEFAULT NULL,
  `iva_condition_id` int(10) unsigned DEFAULT NULL,
  `obligation_sell` int(10) unsigned DEFAULT NULL,
  `obligation_buy` int(10) unsigned DEFAULT NULL,
  `obligation_iva` int(10) unsigned DEFAULT NULL,
  `obligation_electronic_receipt` int(10) unsigned DEFAULT NULL,
  `obligation_iibb` int(10) unsigned DEFAULT NULL,
  `obligation_other_taxes` int(10) unsigned DEFAULT NULL,
  `liquidation_start_period` varchar(7) COLLATE utf8mb4_unicode_ci DEFAULT NULL,
  `obligation_salaries` int(10) unsigned DEFAULT NULL,
  `empleada_domestica` tinyint(1) NOT NULL DEFAULT '0',
  `prorratear_iva` tinyint(1) NOT NULL DEFAULT '0',
  `is_itc` tinyint(1) NOT NULL DEFAULT '0',
  `priority_order` int(10) unsigned DEFAULT NULL,
  `person_id_administrador` int(11) DEFAULT NULL,
  `person_id_titular` int(11) DEFAULT NULL,
  `logo_path` varchar(180) COLLATE utf8mb4_unicode_ci DEFAULT NULL,
  `certificado_afip_path` varchar(180) COLLATE utf8mb4_unicode_ci DEFAULT NULL,
  `llave_afip_path` varchar(180) COLLATE utf8mb4_unicode_ci DEFAULT NULL,
  `access_electronic_receipt` int(10) unsigned DEFAULT '0',
  `ruta_logo_fa` varchar(100) COLLATE utf8mb4_unicode_ci DEFAULT NULL,
  `inicio_actividades` date DEFAULT NULL,
  `fecha_de_mono_to_ri` date DEFAULT NULL,
  `iibb` varchar(191) COLLATE utf8mb4_unicode_ci DEFAULT NULL,
  `fe_leyenda` varchar(191) COLLATE utf8mb4_unicode_ci DEFAULT NULL,
  `atencion_iva` tinyint(1) NOT NULL DEFAULT '0',
  `atencion_iva_comentario` varchar(191) COLLATE utf8mb4_unicode_ci DEFAULT NULL,
  `atencion_iibb` tinyint(1) NOT NULL DEFAULT '0',
  `atencion_iibb_comentario` varchar(191) COLLATE utf8mb4_unicode_ci DEFAULT NULL,
  `usar_multimoneda` tinyint(1) NOT NULL DEFAULT '0',
  `is_ag_per_ret` tinyint(1) NOT NULL DEFAULT '0',
  `deleted_at` timestamp NULL DEFAULT NULL,
  PRIMARY KEY (`id`),
  KEY `person_configurations_person_id_foreign` (`person_id`),
  KEY `person_configurations_period_id_foreign` (`period_id`),
  KEY `person_configurations_zone_id_foreign` (`zone_id`),
  KEY `person_configurations_iva_condition_id_foreign` (`iva_condition_id`),
  KEY `person_configurations_cta_cte_tesoreria_cuenta_id_foreign` (`cta_cte_tesoreria_cuenta_id`),
  CONSTRAINT `person_configurations_cta_cte_tesoreria_cuenta_id_foreign` FOREIGN KEY (`cta_cte_tesoreria_cuenta_id`) REFERENCES `cta_cte_tesoreria_cuentas` (`id`),
  CONSTRAINT `person_configurations_iva_condition_id_foreign` FOREIGN KEY (`iva_condition_id`) REFERENCES `iva_conditions` (`id`),
  CONSTRAINT `person_configurations_period_id_foreign` FOREIGN KEY (`period_id`) REFERENCES `periods` (`id`),
  CONSTRAINT `person_configurations_person_id_foreign` FOREIGN KEY (`person_id`) REFERENCES `persons` (`id`),
  CONSTRAINT `person_configurations_zone_id_foreign` FOREIGN KEY (`zone_id`) REFERENCES `zones` (`id`)
) ENGINE=InnoDB AUTO_INCREMENT=12 DEFAULT CHARSET=utf8mb4 COLLATE=utf8mb4_unicode_ci;

--
-- Dumping data for table `person_configurations`
--

INSERT INTO `person_configurations` VALUES (2,1,40719,NULL,NULL,0,'2021-09-07 18:59:32','2021-09-07 18:59:32',2,1,0.00,NULL,12,1,NULL,NULL,NULL,NULL,1,NULL,'2021-1',NULL,0,0,0,2,40719,40719,NULL,NULL,NULL,0,NULL,NULL,NULL,NULL,NULL,0,NULL,0,NULL,0,0,NULL),(3,5631,40720,NULL,NULL,0,'2021-10-29 11:34:28','2021-10-29 11:39:17',2,1,0.00,NULL,12,2,1,1,1,0,4,NULL,'2021-01',0,0,0,0,1,40720,40720,NULL,NULL,NULL,0,NULL,'2021-10-29',NULL,NULL,NULL,0,NULL,0,NULL,0,0,NULL),(11,5631,40739,NULL,NULL,0,'2022-06-23 12:55:03','2022-06-23 13:52:35',2,1,0.00,NULL,12,2,1,1,1,0,3,NULL,'2021-01',0,0,1,0,2,40739,40739,NULL,NULL,NULL,0,NULL,'2022-06-23',NULL,'20-25646333-5',NULL,0,NULL,0,NULL,0,0,NULL);

--
-- Table structure for table `person_liquidators`
--

CREATE TABLE `person_liquidators` (
  `id` int(10) unsigned NOT NULL AUTO_INCREMENT,
  `user_id` int(10) unsigned DEFAULT NULL,
  `person_id` int(10) unsigned NOT NULL,
  `liquidator_id` int(10) unsigned NOT NULL,
  `created_at` timestamp NULL DEFAULT NULL,
  `updated_at` timestamp NULL DEFAULT NULL,
  `deleted_at` timestamp NULL DEFAULT NULL,
  PRIMARY KEY (`id`),
  KEY `person_liquidators_person_id_foreign` (`person_id`),
  KEY `person_liquidators_liquidator_id_foreign` (`liquidator_id`),
  CONSTRAINT `person_liquidators_liquidator_id_foreign` FOREIGN KEY (`liquidator_id`) REFERENCES `liquidators` (`id`),
  CONSTRAINT `person_liquidators_person_id_foreign` FOREIGN KEY (`person_id`) REFERENCES `persons` (`id`)
) ENGINE=InnoDB DEFAULT CHARSET=utf8mb4 COLLATE=utf8mb4_unicode_ci;

--
-- Dumping data for table `person_liquidators`
--


--
-- Table structure for table `person_pay_methods`
--

CREATE TABLE `person_pay_methods` (
  `id` int(10) unsigned NOT NULL AUTO_INCREMENT,
  `user_id` int(10) unsigned DEFAULT NULL,
  `person_id` int(10) unsigned NOT NULL,
  `pay_method_id` int(10) unsigned NOT NULL,
  `created_at` timestamp NULL DEFAULT NULL,
  `updated_at` timestamp NULL DEFAULT NULL,
  `deleted_at` timestamp NULL DEFAULT NULL,
  PRIMARY KEY (`id`),
  KEY `person_pay_methods_person_id_foreign` (`person_id`),
  KEY `person_pay_methods_pay_method_id_foreign` (`pay_method_id`),
  CONSTRAINT `person_pay_methods_pay_method_id_foreign` FOREIGN KEY (`pay_method_id`) REFERENCES `pay_methods` (`id`),
  CONSTRAINT `person_pay_methods_person_id_foreign` FOREIGN KEY (`person_id`) REFERENCES `persons` (`id`)
) ENGINE=InnoDB AUTO_INCREMENT=5 DEFAULT CHARSET=utf8mb4 COLLATE=utf8mb4_unicode_ci;

--
-- Dumping data for table `person_pay_methods`
--

INSERT INTO `person_pay_methods` VALUES (4,5631,40739,2,'2022-06-23 13:52:35','2022-06-23 13:52:35',NULL);

--
-- Table structure for table `person_relationeds`
--

CREATE TABLE `person_relationeds` (
  `id` bigint(20) unsigned NOT NULL AUTO_INCREMENT,
  `user_id` int(10) unsigned DEFAULT NULL,
  `person_id` int(10) unsigned NOT NULL,
  `client_id` int(10) unsigned NOT NULL,
  `cliente_relationed_id` int(10) unsigned NOT NULL,
  `created_at` timestamp NULL DEFAULT NULL,
  `updated_at` timestamp NULL DEFAULT NULL,
  `deleted_at` timestamp NULL DEFAULT NULL,
  PRIMARY KEY (`id`),
  KEY `person_relationeds_person_id_foreign` (`person_id`),
  KEY `person_relationeds_client_id_foreign` (`client_id`),
  KEY `person_relationeds_cliente_relationed_id_foreign` (`cliente_relationed_id`),
  CONSTRAINT `person_relationeds_client_id_foreign` FOREIGN KEY (`client_id`) REFERENCES `persons` (`id`),
  CONSTRAINT `person_relationeds_cliente_relationed_id_foreign` FOREIGN KEY (`cliente_relationed_id`) REFERENCES `persons` (`id`),
  CONSTRAINT `person_relationeds_person_id_foreign` FOREIGN KEY (`person_id`) REFERENCES `persons` (`id`)
) ENGINE=InnoDB DEFAULT CHARSET=utf8mb4 COLLATE=utf8mb4_unicode_ci;

--
-- Dumping data for table `person_relationeds`
--


--
-- Table structure for table `person_types`
--

CREATE TABLE `person_types` (
  `id` int(10) unsigned NOT NULL AUTO_INCREMENT,
  `user_id` int(10) unsigned DEFAULT NULL,
  `description` varchar(180) COLLATE utf8mb4_unicode_ci NOT NULL,
  `created_at` timestamp NULL DEFAULT NULL,
  `updated_at` timestamp NULL DEFAULT NULL,
  `deleted_at` timestamp NULL DEFAULT NULL,
  PRIMARY KEY (`id`),
  UNIQUE KEY `person_types_description_unique` (`description`)
) ENGINE=InnoDB AUTO_INCREMENT=3 DEFAULT CHARSET=utf8mb4 COLLATE=utf8mb4_unicode_ci;

--
-- Dumping data for table `person_types`
--

INSERT INTO `person_types` VALUES (1,NULL,'Persona Humana',NULL,NULL,NULL),(2,NULL,'Persona Juridica',NULL,NULL,NULL);

--
-- Table structure for table `person_zone_actividad`
--

CREATE TABLE `person_zone_actividad` (
  `id` int(10) unsigned NOT NULL AUTO_INCREMENT,
  `user_id` int(10) unsigned DEFAULT NULL,
  `person_id` int(10) unsigned NOT NULL,
  `zone_id` int(10) unsigned NOT NULL,
  `actividad_id` int(10) unsigned NOT NULL,
  `calculo_iibb` int(11) NOT NULL,
  `coef` decimal(16,5) NOT NULL DEFAULT '0.00000',
  `alicuota` decimal(16,5) NOT NULL DEFAULT '0.00000',
  `cm_articulo_regimen_id` int(10) unsigned NOT NULL DEFAULT '1',
  `habilitado` tinyint(1) NOT NULL DEFAULT '1',
  `created_at` timestamp NULL DEFAULT NULL,
  `updated_at` timestamp NULL DEFAULT NULL,
  `deleted_at` timestamp NULL DEFAULT NULL,
  PRIMARY KEY (`id`),
  KEY `person_zone_actividad_person_id_foreign` (`person_id`),
  KEY `person_zone_actividad_zone_id_foreign` (`zone_id`),
  KEY `person_zone_actividad_actividad_id_foreign` (`actividad_id`),
  KEY `person_zone_actividad_cm_articulo_regimen_id_foreign` (`cm_articulo_regimen_id`),
  CONSTRAINT `person_zone_actividad_actividad_id_foreign` FOREIGN KEY (`actividad_id`) REFERENCES `activities` (`id`),
  CONSTRAINT `person_zone_actividad_cm_articulo_regimen_id_foreign` FOREIGN KEY (`cm_articulo_regimen_id`) REFERENCES `cm_articulos_regimenes` (`id`),
  CONSTRAINT `person_zone_actividad_person_id_foreign` FOREIGN KEY (`person_id`) REFERENCES `persons` (`id`),
  CONSTRAINT `person_zone_actividad_zone_id_foreign` FOREIGN KEY (`zone_id`) REFERENCES `zones` (`id`)
) ENGINE=InnoDB AUTO_INCREMENT=16 DEFAULT CHARSET=utf8mb4 COLLATE=utf8mb4_unicode_ci;

--
-- Dumping data for table `person_zone_actividad`
--

INSERT INTO `person_zone_actividad` VALUES (3,5631,40720,22,814,1,0.40520,3.00000,1,1,'2021-10-29 11:39:17','2021-10-29 11:39:17',NULL),(4,5631,40720,23,814,1,0.59480,4.50000,1,1,'2021-10-29 11:39:17','2021-10-29 11:39:17',NULL),(15,5631,40739,23,580,1,0.00000,0.00000,1,1,'2022-06-23 13:52:35','2022-06-23 13:52:35',NULL);

--
-- Table structure for table `person_zones`
--

CREATE TABLE `person_zones` (
  `id` int(10) unsigned NOT NULL AUTO_INCREMENT,
  `user_id` int(10) unsigned DEFAULT NULL,
  `sifere_coef` decimal(8,4) NOT NULL DEFAULT '0.0000',
  `iibb_aliquot` decimal(8,4) NOT NULL DEFAULT '0.0000',
  `zone_id` int(10) unsigned NOT NULL,
  `is_principal` tinyint(1) NOT NULL DEFAULT '0',
  `iibb_perception_id` int(10) unsigned DEFAULT NULL,
  `retention_id` int(10) unsigned DEFAULT NULL,
  `activity_id` int(10) unsigned DEFAULT NULL,
  `created_at` timestamp NULL DEFAULT NULL,
  `updated_at` timestamp NULL DEFAULT NULL,
  `person_id` int(10) unsigned NOT NULL,
  `deleted_at` timestamp NULL DEFAULT NULL,
  PRIMARY KEY (`id`),
  KEY `person_zones_zone_id_foreign` (`zone_id`),
  KEY `person_zones_person_id_foreign` (`person_id`),
  CONSTRAINT `person_zones_person_id_foreign` FOREIGN KEY (`person_id`) REFERENCES `persons` (`id`),
  CONSTRAINT `person_zones_zone_id_foreign` FOREIGN KEY (`zone_id`) REFERENCES `zones` (`id`)
) ENGINE=InnoDB AUTO_INCREMENT=17 DEFAULT CHARSET=utf8mb4 COLLATE=utf8mb4_unicode_ci;

--
-- Dumping data for table `person_zones`
--

INSERT INTO `person_zones` VALUES (1,1,0.0000,0.0000,22,0,NULL,NULL,NULL,'2021-09-07 18:59:32','2021-09-07 18:59:32',40719,NULL),(4,5631,0.0000,0.0000,22,1,NULL,NULL,NULL,'2021-10-29 11:39:17','2021-10-29 11:39:17',40720,NULL),(5,5631,0.0000,0.0000,23,0,NULL,NULL,NULL,'2021-10-29 11:39:17','2021-10-29 11:39:17',40720,NULL),(16,5631,0.0000,0.0000,23,1,NULL,NULL,NULL,'2022-06-23 13:52:35','2022-06-23 13:52:35',40739,NULL);

--
-- Table structure for table `persons`
--

CREATE TABLE `persons` (
  `id` int(10) unsigned NOT NULL AUTO_INCREMENT,
  `user_id` int(10) unsigned DEFAULT NULL,
  `field_name1` varchar(255) COLLATE utf8mb4_unicode_ci NOT NULL,
  `field_name2` varchar(255) COLLATE utf8mb4_unicode_ci DEFAULT NULL,
  `document_type` varchar(10) COLLATE utf8mb4_unicode_ci NOT NULL,
  `document` varchar(30) COLLATE utf8mb4_unicode_ci NOT NULL,
  `cond_frente_al_iva_id` int(10) unsigned DEFAULT NULL,
  `country_id` int(10) unsigned DEFAULT NULL,
  `state_id` int(10) unsigned DEFAULT NULL,
  `zone_id` int(10) unsigned DEFAULT NULL,
  `plan_cuenta_id` int(10) unsigned DEFAULT NULL,
  `iva_creditos_tipo_id` int(10) unsigned DEFAULT NULL,
  `created_at` timestamp NULL DEFAULT NULL,
  `updated_at` timestamp NULL DEFAULT NULL,
  `activity_id` int(10) unsigned DEFAULT NULL,
  `address` varchar(500) COLLATE utf8mb4_unicode_ci DEFAULT NULL,
  `person_type_id` int(10) unsigned DEFAULT NULL,
  `fa_iva_condition_id` int(10) unsigned DEFAULT NULL,
  `fa_codigo_postal` varchar(180) COLLATE utf8mb4_unicode_ci DEFAULT NULL,
  `email` varchar(180) COLLATE utf8mb4_unicode_ci DEFAULT NULL,
  `deleted_at` timestamp NULL DEFAULT NULL,
  PRIMARY KEY (`id`),
  UNIQUE KEY `document_UNIQUE` (`document`),
  KEY `persons_zone_id_foreign` (`zone_id`),
  KEY `persons_person_type_id_foreign` (`person_type_id`),
  KEY `persons_plan_cuenta_id_foreign` (`plan_cuenta_id`),
  KEY `persons_iva_creditos_tipo_id_foreign` (`iva_creditos_tipo_id`),
  KEY `persons_cond_frente_al_iva_id_foreign` (`cond_frente_al_iva_id`),
  CONSTRAINT `persons_cond_frente_al_iva_id_foreign` FOREIGN KEY (`cond_frente_al_iva_id`) REFERENCES `condicion_frente_al_iva` (`id`),
  CONSTRAINT `persons_iva_creditos_tipo_id_foreign` FOREIGN KEY (`iva_creditos_tipo_id`) REFERENCES `iva_creditos_tipos` (`id`),
  CONSTRAINT `persons_person_type_id_foreign` FOREIGN KEY (`person_type_id`) REFERENCES `person_types` (`id`),
  CONSTRAINT `persons_plan_cuenta_id_foreign` FOREIGN KEY (`plan_cuenta_id`) REFERENCES `conta_plan_cuenta` (`id`),
  CONSTRAINT `persons_zone_id_foreign` FOREIGN KEY (`zone_id`) REFERENCES `zones` (`id`)
) ENGINE=InnoDB AUTO_INCREMENT=40899 DEFAULT CHARSET=utf8mb4 COLLATE=utf8mb4_unicode_ci;

--
-- Dumping data for table `persons`
--

INSERT INTO `persons` VALUES (3,NULL,'Larzabal Hernan',NULL,'cuit','20-28468190-9',NULL,NULL,22,22,NULL,NULL,'2018-05-12 20:55:07','2018-05-14 01:54:15',1,NULL,1,NULL,NULL,NULL,NULL),(40717,NULL,'Taxes Software',NULL,'cuit','30-71625124-8',NULL,NULL,22,22,NULL,NULL,NULL,NULL,NULL,NULL,2,NULL,NULL,NULL,NULL),(40718,NULL,'Consumidor Final',NULL,'cuit','20-11111111-2',NULL,NULL,22,22,NULL,NULL,NULL,NULL,NULL,NULL,NULL,NULL,NULL,NULL,NULL),(40719,1,'Caffieri Mariela',NULL,'cuit','27-29146577-9',NULL,NULL,NULL,NULL,NULL,NULL,'2021-09-08 00:59:06','2021-09-08 00:59:06',NULL,NULL,NULL,NULL,NULL,NULL,NULL),(40720,5631,'Grupo Marketing Lat One S.R.L.',NULL,'cuit','30-71569577-0',NULL,NULL,NULL,NULL,NULL,NULL,'2021-10-29 11:34:27','2021-10-29 11:34:27',NULL,NULL,2,NULL,NULL,NULL,NULL),(40721,5631,'PARADISIUS S A',NULL,'cuit','30-70702272-4',NULL,NULL,NULL,NULL,NULL,NULL,'2021-11-19 16:39:55','2021-11-19 16:39:55',NULL,NULL,NULL,NULL,NULL,NULL,NULL),(40722,5631,'DANERI FERNANDO DANIEL',NULL,'cuit','20-24909177-5',NULL,NULL,NULL,NULL,NULL,NULL,'2021-11-19 16:39:55','2021-11-19 16:39:55',NULL,NULL,NULL,NULL,NULL,NULL,NULL),(40723,5631,'TELEFONICA MOVILES ARGENTINA SOCIEDAD ANONIMA',NULL,'cuit','30-67881435-7',NULL,NULL,NULL,NULL,NULL,NULL,'2021-11-19 16:39:55','2021-11-19 16:39:55',NULL,NULL,NULL,NULL,NULL,NULL,NULL),(40724,5631,'55-00000212-6',NULL,'cuit','55-00000212-6',NULL,NULL,NULL,NULL,NULL,NULL,'2021-11-24 08:27:46','2021-11-24 08:27:46',NULL,NULL,NULL,NULL,NULL,NULL,NULL),(40725,5631,'INTEL SOFTWARE DE ARGENTINA S.A.',NULL,'cuit','30-70944960-1',NULL,NULL,NULL,NULL,NULL,NULL,'2021-11-24 08:28:18','2021-11-24 08:28:18',NULL,NULL,NULL,NULL,NULL,NULL,NULL),(40726,5631,'ICU MEDICAL ARGENTINA SRL',NULL,'cuit','30-71168743-9',NULL,NULL,NULL,NULL,NULL,NULL,'2021-11-24 08:28:18','2021-11-24 08:28:18',NULL,NULL,NULL,NULL,NULL,NULL,NULL),(40727,5631,'FIDEM PARTNERS  SA',NULL,'cuit','30-71077103-7',NULL,NULL,NULL,NULL,NULL,NULL,'2021-11-24 08:28:32','2021-11-24 08:28:32',NULL,NULL,NULL,NULL,NULL,NULL,NULL),(40728,5631,'GARCIA VILLEGAS MARIA EUGENIA',NULL,'cuit','27-29478553-7',NULL,NULL,NULL,NULL,NULL,NULL,'2021-11-24 08:30:27','2021-11-24 08:30:27',NULL,NULL,NULL,NULL,NULL,NULL,NULL),(40729,5631,'PEDIDOSYA S.A.',NULL,'cuit','30-71198576-6',NULL,NULL,NULL,NULL,NULL,NULL,'2021-11-24 08:30:52','2021-11-24 08:30:52',NULL,NULL,NULL,NULL,NULL,NULL,NULL),(40730,5631,'URRESTI JOAQUIN ESTEBAN',NULL,'cuit','20-27311592-8',NULL,NULL,NULL,NULL,NULL,NULL,'2021-11-24 08:31:05','2021-11-24 08:31:05',NULL,NULL,NULL,NULL,NULL,NULL,NULL),(40731,5631,'DEFENSA 1069 S.A.',NULL,'cuit','30-71079159-3',NULL,NULL,NULL,NULL,NULL,NULL,'2022-02-02 08:33:10','2022-02-02 08:33:10',NULL,NULL,NULL,NULL,NULL,NULL,NULL),(40739,5631,'Luciano Julián Tellería',NULL,'cuit','20-25646333-5',NULL,NULL,NULL,NULL,NULL,NULL,'2022-06-23 12:55:03','2022-06-23 12:55:03',NULL,NULL,1,NULL,NULL,NULL,NULL),(40740,5631,'CORTESTAMP S A',NULL,'cuit','30-50475708-7',NULL,NULL,NULL,NULL,NULL,NULL,'2022-06-23 12:58:53','2022-06-23 12:58:53',NULL,NULL,NULL,NULL,NULL,NULL,NULL),(40741,5631,'MUNICIPALIDAD DE MERLO',NULL,'cuit','30-99900193-5',NULL,NULL,NULL,NULL,NULL,NULL,'2022-06-23 12:58:53','2022-06-23 12:58:53',NULL,NULL,NULL,NULL,NULL,NULL,NULL),(40742,5631,'FUNDACION DEL AUTOMOVILISMO DEPORTIVO DE LA REPUBLICA ARGENTINA (F.A.D.R.A.)',NULL,'cuit','30-64840455-3',NULL,NULL,NULL,NULL,NULL,NULL,'2022-06-23 12:58:54','2022-06-23 12:58:54',NULL,NULL,NULL,NULL,NULL,NULL,NULL),(40743,5631,'BR MARKETING & ADVERTISING S.R.L.',NULL,'cuit','30-71245707-0',NULL,NULL,NULL,NULL,NULL,NULL,'2022-06-23 13:00:39','2022-06-23 13:00:39',NULL,NULL,NULL,NULL,NULL,NULL,NULL),(40744,5631,'MOTOR PLAY SRL',NULL,'cuit','33-71715923-9',NULL,NULL,NULL,NULL,NULL,NULL,'2022-06-23 13:03:12','2022-06-23 13:03:12',NULL,NULL,NULL,NULL,NULL,NULL,NULL),(40745,5631,'UNIVERSIDAD NACIONAL DEL OESTE',NULL,'cuit','30-71146091-4',NULL,NULL,NULL,NULL,NULL,NULL,'2022-06-23 13:03:48','2022-06-23 13:03:48',NULL,NULL,NULL,NULL,NULL,NULL,NULL);
INSERT INTO `persons` VALUES (40746,5631,'INFOBIT ROSARIO SRL',NULL,'cuit','30-71510510-8',NULL,NULL,NULL,NULL,NULL,NULL,'2022-06-23 13:03:48','2022-06-23 13:03:48',NULL,NULL,NULL,NULL,NULL,NULL,NULL),(40747,5631,'S C JOHNSON  &  SON DE ARGENTINA SOCIEDAD ANONIMA INDUSTRIAL COMERCIAL',NULL,'cuit','30-50374753-3',NULL,NULL,NULL,NULL,NULL,NULL,'2022-06-23 13:03:48','2022-06-23 13:03:48',NULL,NULL,NULL,NULL,NULL,NULL,NULL),(40748,5631,'VERGARA THOMAS IGNACIO',NULL,'cuit','20-38856473-4',NULL,NULL,NULL,NULL,NULL,NULL,'2022-06-23 13:04:04','2022-06-23 13:04:04',NULL,NULL,NULL,NULL,NULL,NULL,NULL),(40749,5631,'OMINT SOCIEDAD ANONIMA DE SERVICIOS',NULL,'cuit','30-55024530-9',NULL,NULL,NULL,NULL,NULL,NULL,'2022-06-23 13:04:54','2022-06-23 13:04:54',NULL,NULL,NULL,NULL,NULL,NULL,NULL),(40750,5631,'LUQUE ADRIAN ULISES',NULL,'cuit','20-17036620-5',NULL,NULL,NULL,NULL,NULL,NULL,'2022-06-23 13:04:54','2022-06-23 13:04:54',NULL,NULL,NULL,NULL,NULL,NULL,NULL),(40751,5631,'PAMPA BIRD S.R.L.',NULL,'cuit','30-71631937-3',NULL,NULL,NULL,NULL,NULL,NULL,'2022-06-23 13:04:54','2022-06-23 13:04:54',NULL,NULL,NULL,NULL,NULL,NULL,NULL),(40752,5631,'PAPELERA DELMAR S.R.L.',NULL,'cuit','30-71520402-5',NULL,NULL,NULL,NULL,NULL,NULL,'2022-06-23 13:04:54','2022-06-23 13:04:54',NULL,NULL,NULL,NULL,NULL,NULL,NULL),(40753,5631,'FUCHINECCO CARLOS MIGUEL',NULL,'cuit','20-22246193-7',NULL,NULL,NULL,NULL,NULL,NULL,'2022-06-23 13:04:54','2022-06-23 13:04:54',NULL,NULL,NULL,NULL,NULL,NULL,NULL),(40754,5631,'AGROPECUARIA BAUSAN SRL',NULL,'cuit','30-71555021-7',NULL,NULL,NULL,NULL,NULL,NULL,'2022-06-23 13:04:54','2022-06-23 13:04:54',NULL,NULL,NULL,NULL,NULL,NULL,NULL),(40755,5631,'MAURICIO JUAN CARLOS',NULL,'cuit','20-08364109-7',NULL,NULL,NULL,NULL,NULL,NULL,'2022-06-23 13:04:54','2022-06-23 13:04:54',NULL,NULL,NULL,NULL,NULL,NULL,NULL),(40756,5631,'NESTLE ARGENTINA S A',NULL,'cuit','30-54676404-0',NULL,NULL,NULL,NULL,NULL,NULL,'2022-06-23 13:33:01','2022-06-23 13:33:01',NULL,NULL,NULL,NULL,NULL,NULL,NULL),(40757,5631,'PACIFICO COMPAÑIA DE SEGUROS S.A.',NULL,'cuit','30-71514171-6',NULL,NULL,NULL,NULL,NULL,NULL,'2022-06-23 13:33:01','2022-06-23 13:33:01',NULL,NULL,NULL,NULL,NULL,NULL,NULL),(40758,5631,'ELECTRO OUTLET SRL',NULL,'cuit','30-71074214-2',NULL,NULL,NULL,NULL,NULL,NULL,'2022-06-23 13:33:01','2022-06-23 13:33:01',NULL,NULL,NULL,NULL,NULL,NULL,NULL),(40759,5631,'TOMATE ALGO SRL',NULL,'cuit','30-71247575-3',NULL,NULL,NULL,NULL,NULL,NULL,'2022-06-23 13:33:02','2022-06-23 13:33:02',NULL,NULL,NULL,NULL,NULL,NULL,NULL),(40760,5631,'COMERCIALIZADORA DE BEBIDAS S.R.L.',NULL,'cuit','30-71616088-9',NULL,NULL,NULL,NULL,NULL,NULL,'2022-06-23 13:33:02','2022-06-23 13:33:02',NULL,NULL,NULL,NULL,NULL,NULL,NULL),(40761,5631,'MULTIPOINT SA',NULL,'cuit','33-67741441-9',NULL,NULL,NULL,NULL,NULL,NULL,'2022-06-23 13:33:02','2022-06-23 13:33:02',NULL,NULL,NULL,NULL,NULL,NULL,NULL),(40762,5631,'DISTRIBUIDORA DE BEBIDAS SRL',NULL,'cuit','30-70942442-0',NULL,NULL,NULL,NULL,NULL,NULL,'2022-06-23 13:33:02','2022-06-23 13:33:02',NULL,NULL,NULL,NULL,NULL,NULL,NULL),(40763,5631,'BUCETA HUGO',NULL,'cuit','20-12397764-6',NULL,NULL,NULL,NULL,NULL,NULL,'2022-06-23 13:33:02','2022-06-23 13:33:02',NULL,NULL,NULL,NULL,NULL,NULL,NULL),(40764,5631,'294 BEBIDAS S.R.L.',NULL,'cuit','30-71549765-0',NULL,NULL,NULL,NULL,NULL,NULL,'2022-06-23 13:33:02','2022-06-23 13:33:02',NULL,NULL,NULL,NULL,NULL,NULL,NULL),(40765,5631,'MASUAH S.R.L.',NULL,'cuit','30-71569937-7',NULL,NULL,NULL,NULL,NULL,NULL,'2022-06-23 13:33:02','2022-06-23 13:33:02',NULL,NULL,NULL,NULL,NULL,NULL,NULL),(40766,5631,'SUPERMERCADOS MAYORISTAS MAKRO SA',NULL,'cuit','30-58962149-9',NULL,NULL,NULL,NULL,NULL,NULL,'2022-06-23 13:33:02','2022-06-23 13:33:02',NULL,NULL,NULL,NULL,NULL,NULL,NULL),(40767,5631,'SWAT CORPORATION S.A.',NULL,'cuit','30-71444057-4',NULL,NULL,NULL,NULL,NULL,NULL,'2022-06-23 13:33:02','2022-06-23 13:33:02',NULL,NULL,NULL,NULL,NULL,NULL,NULL);
INSERT INTO `persons` VALUES (40768,5631,'CARNES FYC',NULL,'cuit','30-71666972-2',NULL,NULL,NULL,NULL,NULL,NULL,'2022-06-23 13:33:02','2022-06-23 13:33:02',NULL,NULL,NULL,NULL,NULL,NULL,NULL),(40769,5631,'LA TIENDA VIRTUAL S.R.L.',NULL,'cuit','30-71602046-7',NULL,NULL,NULL,NULL,NULL,NULL,'2022-06-23 13:33:03','2022-06-23 13:33:03',NULL,NULL,NULL,NULL,NULL,NULL,NULL),(40770,5631,'SCALETTA JUAN PABLO',NULL,'cuit','20-28324984-1',NULL,NULL,NULL,NULL,NULL,NULL,'2022-06-23 13:33:03','2022-06-23 13:33:03',NULL,NULL,NULL,NULL,NULL,NULL,NULL),(40771,5631,'COLEGIO GENERAL BELGRANO SOCIEDAD ANONIMA EDUCACIONAL',NULL,'cuit','30-54118393-7',NULL,NULL,NULL,NULL,NULL,NULL,'2022-06-23 13:33:35','2022-06-23 13:33:35',NULL,NULL,NULL,NULL,NULL,NULL,NULL),(40772,5631,'CLEAN LAB SRL',NULL,'cuit','30-71512491-9',NULL,NULL,NULL,NULL,NULL,NULL,'2022-06-23 13:33:35','2022-06-23 13:33:35',NULL,NULL,NULL,NULL,NULL,NULL,NULL),(40773,5631,'KOKKOLA SRL',NULL,'cuit','30-71530435-6',NULL,NULL,NULL,NULL,NULL,NULL,'2022-06-23 13:33:35','2022-06-23 13:33:35',NULL,NULL,NULL,NULL,NULL,NULL,NULL),(40774,5631,'KLEFENZ MARIANA GABRIELA',NULL,'cuit','27-26542932-2',NULL,NULL,NULL,NULL,NULL,NULL,'2022-06-23 13:33:35','2022-06-23 13:33:35',NULL,NULL,NULL,NULL,NULL,NULL,NULL),(40775,5631,'MIX WARNES S.A.',NULL,'cuit','30-70934987-9',NULL,NULL,NULL,NULL,NULL,NULL,'2022-06-23 13:33:35','2022-06-23 13:33:35',NULL,NULL,NULL,NULL,NULL,NULL,NULL),(40776,5631,'HUPABALBAU SA',NULL,'cuit','30-71641848-7',NULL,NULL,NULL,NULL,NULL,NULL,'2022-06-23 13:33:35','2022-06-23 13:33:35',NULL,NULL,NULL,NULL,NULL,NULL,NULL),(40777,5631,'HIDROAL  SA',NULL,'cuit','30-62872449-7',NULL,NULL,NULL,NULL,NULL,NULL,'2022-06-23 13:33:35','2022-06-23 13:33:35',NULL,NULL,NULL,NULL,NULL,NULL,NULL),(40778,5631,'EL NUEVO EMPORIO SA',NULL,'cuit','33-70703773-9',NULL,NULL,NULL,NULL,NULL,NULL,'2022-06-23 13:33:36','2022-06-23 13:33:36',NULL,NULL,NULL,NULL,NULL,NULL,NULL),(40779,5631,'DGM MAQUINARIAS S.R.L.',NULL,'cuit','30-71420916-3',NULL,NULL,NULL,NULL,NULL,NULL,'2022-06-23 13:33:36','2022-06-23 13:33:36',NULL,NULL,NULL,NULL,NULL,NULL,NULL),(40780,5631,'PUNDANG MAXIMILIANO OSCAR',NULL,'cuit','20-30742520-4',NULL,NULL,NULL,NULL,NULL,NULL,'2022-06-23 13:33:36','2022-06-23 13:33:36',NULL,NULL,NULL,NULL,NULL,NULL,NULL),(40781,5631,'D F MEGAFRIO S R L',NULL,'cuit','30-69255874-6',NULL,NULL,NULL,NULL,NULL,NULL,'2022-06-23 13:33:49','2022-06-23 13:33:49',NULL,NULL,NULL,NULL,NULL,NULL,NULL),(40782,5631,'TIENDA PEPINO',NULL,'cuit','33-71683720-9',NULL,NULL,NULL,NULL,NULL,NULL,'2022-06-23 13:33:49','2022-06-23 13:33:49',NULL,NULL,NULL,NULL,NULL,NULL,NULL),(40783,5631,'COLUCCI DANIEL CARMELO',NULL,'cuit','23-12021675-9',NULL,NULL,NULL,NULL,NULL,NULL,'2022-06-23 13:33:49','2022-06-23 13:33:49',NULL,NULL,NULL,NULL,NULL,NULL,NULL),(40784,5631,'LEPAUL S.R.L.',NULL,'cuit','30-71579904-5',NULL,NULL,NULL,NULL,NULL,NULL,'2022-06-23 13:33:49','2022-06-23 13:33:49',NULL,NULL,NULL,NULL,NULL,NULL,NULL),(40785,5631,'DONISELLI RICARDO ANGEL',NULL,'cuit','20-13236452-5',NULL,NULL,NULL,NULL,NULL,NULL,'2022-06-23 13:33:49','2022-06-23 13:33:49',NULL,NULL,NULL,NULL,NULL,NULL,NULL),(40786,5631,'BEAUTYFULL S.A.',NULL,'cuit','30-71578640-7',NULL,NULL,NULL,NULL,NULL,NULL,'2022-06-23 13:33:49','2022-06-23 13:33:49',NULL,NULL,NULL,NULL,NULL,NULL,NULL),(40787,5631,'PARRILLA ROTELA ADRIAN RUBEN',NULL,'cuit','20-92396926-9',NULL,NULL,NULL,NULL,NULL,NULL,'2022-06-23 13:33:49','2022-06-23 13:33:49',NULL,NULL,NULL,NULL,NULL,NULL,NULL),(40788,5631,'MUÑOZ RAQUEL MERCEDES',NULL,'cuit','27-05971053-8',NULL,NULL,NULL,NULL,NULL,NULL,'2022-06-23 13:33:49','2022-06-23 13:33:49',NULL,NULL,NULL,NULL,NULL,NULL,NULL),(40789,5631,'NUMEN STORE SRL',NULL,'cuit','30-71691248-1',NULL,NULL,NULL,NULL,NULL,NULL,'2022-06-23 13:33:49','2022-06-23 13:33:49',NULL,NULL,NULL,NULL,NULL,NULL,NULL),(40790,5631,'CONEXIONCE S.A.',NULL,'cuit','30-71626502-8',NULL,NULL,NULL,NULL,NULL,NULL,'2022-06-23 13:33:49','2022-06-23 13:33:49',NULL,NULL,NULL,NULL,NULL,NULL,NULL);
INSERT INTO `persons` VALUES (40791,5631,'JUGUEMAR',NULL,'cuit','30-71623387-8',NULL,NULL,NULL,NULL,NULL,NULL,'2022-06-23 13:33:49','2022-06-23 13:33:49',NULL,NULL,NULL,NULL,NULL,NULL,NULL),(40792,5631,'INDUSTRIA AGROGANADERA DEL OESTE S.A.',NULL,'cuit','30-71057462-2',NULL,NULL,NULL,NULL,NULL,NULL,'2022-06-23 13:33:49','2022-06-23 13:33:49',NULL,NULL,NULL,NULL,NULL,NULL,NULL),(40793,5631,'LBH HOME & HOTEL S.A.',NULL,'cuit','30-71149359-6',NULL,NULL,NULL,NULL,NULL,NULL,'2022-06-23 13:33:50','2022-06-23 13:33:50',NULL,NULL,NULL,NULL,NULL,NULL,NULL),(40794,5631,'CACERES EMANUEL HORACIO',NULL,'cuit','20-31951500-4',NULL,NULL,NULL,NULL,NULL,NULL,'2022-06-23 13:33:50','2022-06-23 13:33:50',NULL,NULL,NULL,NULL,NULL,NULL,NULL),(40795,5631,'L3 TECHNOLOGY SRL',NULL,'cuit','30-71508371-6',NULL,NULL,NULL,NULL,NULL,NULL,'2022-06-23 13:33:50','2022-06-23 13:33:50',NULL,NULL,NULL,NULL,NULL,NULL,NULL),(40796,5631,'GERACE ROSA',NULL,'cuit','27-12563405-8',NULL,NULL,NULL,NULL,NULL,NULL,'2022-06-23 13:33:50','2022-06-23 13:33:50',NULL,NULL,NULL,NULL,NULL,NULL,NULL),(40797,5631,'COW MEAT SRL',NULL,'cuit','30-71646932-4',NULL,NULL,NULL,NULL,NULL,NULL,'2022-06-23 13:33:50','2022-06-23 13:33:50',NULL,NULL,NULL,NULL,NULL,NULL,NULL),(40798,5631,'MBTECNIC SRL',NULL,'cuit','30-71486327-0',NULL,NULL,NULL,NULL,NULL,NULL,'2022-06-23 13:34:03','2022-06-23 13:34:03',NULL,NULL,NULL,NULL,NULL,NULL,NULL),(40799,5631,'CLOVER TEAM S.A',NULL,'cuit','33-70990144-9',NULL,NULL,NULL,NULL,NULL,NULL,'2022-06-23 13:34:03','2022-06-23 13:34:03',NULL,NULL,NULL,NULL,NULL,NULL,NULL),(40800,5631,'CARNES WAGYU ARGENTINAS SA',NULL,'cuit','30-70991266-2',NULL,NULL,NULL,NULL,NULL,NULL,'2022-06-23 13:34:04','2022-06-23 13:34:04',NULL,NULL,NULL,NULL,NULL,NULL,NULL),(40801,5631,'GRUPO EDITORIAL PLANETA SAIC',NULL,'cuit','30-62537821-0',NULL,NULL,NULL,NULL,NULL,NULL,'2022-06-23 13:34:04','2022-06-23 13:34:04',NULL,NULL,NULL,NULL,NULL,NULL,NULL),(40802,5631,'GUARINO NICOLAS',NULL,'cuit','20-31094453-0',NULL,NULL,NULL,NULL,NULL,NULL,'2022-06-23 13:34:18','2022-06-23 13:34:18',NULL,NULL,NULL,NULL,NULL,NULL,NULL),(40803,5631,'BIDCOM SRL',NULL,'cuit','30-71106936-0',NULL,NULL,NULL,NULL,NULL,NULL,'2022-06-23 13:34:18','2022-06-23 13:34:18',NULL,NULL,NULL,NULL,NULL,NULL,NULL),(40804,5631,'LIBERTECH SRL',NULL,'cuit','30-71572387-1',NULL,NULL,NULL,NULL,NULL,NULL,'2022-06-23 13:34:18','2022-06-23 13:34:18',NULL,NULL,NULL,NULL,NULL,NULL,NULL),(40805,5631,'BARRIOS CRISTIAN DANIEL',NULL,'cuit','20-23864395-4',NULL,NULL,NULL,NULL,NULL,NULL,'2022-06-23 13:34:18','2022-06-23 13:34:18',NULL,NULL,NULL,NULL,NULL,NULL,NULL),(40806,5631,'TOPTUNINGWEB S.R.L.',NULL,'cuit','30-71535634-8',NULL,NULL,NULL,NULL,NULL,NULL,'2022-06-23 13:34:18','2022-06-23 13:34:18',NULL,NULL,NULL,NULL,NULL,NULL,NULL),(40807,5631,'GERSZUNY JAIME S R L',NULL,'cuit','30-58934906-3',NULL,NULL,NULL,NULL,NULL,NULL,'2022-06-23 13:34:18','2022-06-23 13:34:18',NULL,NULL,NULL,NULL,NULL,NULL,NULL),(40808,5631,'BARRIOS AUGUSTO ANTONIO',NULL,'cuit','20-13302612-7',NULL,NULL,NULL,NULL,NULL,NULL,'2022-06-23 13:34:18','2022-06-23 13:34:18',NULL,NULL,NULL,NULL,NULL,NULL,NULL),(40809,5631,'PALANICA JAMKOWY MIGUEL CARLOS, PALANICA JAMKOWY OSMAR LEANDRO Y PALANICA JAMKOWY GERMAN PABLO LEY 1',NULL,'cuit','30-71591925-3',NULL,NULL,NULL,NULL,NULL,NULL,'2022-06-23 13:34:18','2022-06-23 13:34:18',NULL,NULL,NULL,NULL,NULL,NULL,NULL),(40810,5631,'U.D.G S.R.L.',NULL,'cuit','30-71589341-6',NULL,NULL,NULL,NULL,NULL,NULL,'2022-06-23 13:34:18','2022-06-23 13:34:18',NULL,NULL,NULL,NULL,NULL,NULL,NULL),(40811,5631,'PIEDRALBA TOMAS JULIO',NULL,'cuit','20-34179722-6',NULL,NULL,NULL,NULL,NULL,NULL,'2022-06-23 13:34:19','2022-06-23 13:34:19',NULL,NULL,NULL,NULL,NULL,NULL,NULL),(40812,5631,'ELECTRONOR SRL',NULL,'cuit','30-65265046-1',NULL,NULL,NULL,NULL,NULL,NULL,'2022-06-23 13:34:19','2022-06-23 13:34:19',NULL,NULL,NULL,NULL,NULL,NULL,NULL),(40813,5631,'PUGLIESE GUSTAVO HERNAN',NULL,'cuit','20-23939582-2',NULL,NULL,NULL,NULL,NULL,NULL,'2022-06-23 13:34:31','2022-06-23 13:34:31',NULL,NULL,NULL,NULL,NULL,NULL,NULL);
INSERT INTO `persons` VALUES (40814,5631,'MINGRONE EUGENIO DOMINGO',NULL,'cuit','20-17968525-7',NULL,NULL,NULL,NULL,NULL,NULL,'2022-06-23 13:34:31','2022-06-23 13:34:31',NULL,NULL,NULL,NULL,NULL,NULL,NULL),(40815,5631,'GRUPPO PIETRABELLA S R L',NULL,'cuit','33-70877634-9',NULL,NULL,NULL,NULL,NULL,NULL,'2022-06-23 13:34:31','2022-06-23 13:34:31',NULL,NULL,NULL,NULL,NULL,NULL,NULL),(40816,5631,'SHOP FERRETERO S.R.L.',NULL,'cuit','30-71664839-3',NULL,NULL,NULL,NULL,NULL,NULL,'2022-06-23 13:34:31','2022-06-23 13:34:31',NULL,NULL,NULL,NULL,NULL,NULL,NULL),(40817,5631,'TUNES ANA MARIA',NULL,'cuit','27-04153780-4',NULL,NULL,NULL,NULL,NULL,NULL,'2022-06-23 13:34:31','2022-06-23 13:34:31',NULL,NULL,NULL,NULL,NULL,NULL,NULL),(40818,5631,'CONFORTI LUIS ALBERTO',NULL,'cuit','20-27544542-9',NULL,NULL,NULL,NULL,NULL,NULL,'2022-06-23 13:34:31','2022-06-23 13:34:31',NULL,NULL,NULL,NULL,NULL,NULL,NULL),(40819,5631,'VACAVALIENTE SRL',NULL,'cuit','30-70972869-1',NULL,NULL,NULL,NULL,NULL,NULL,'2022-06-23 13:34:32','2022-06-23 13:34:32',NULL,NULL,NULL,NULL,NULL,NULL,NULL),(40820,5631,'SIMPLEX VILI',NULL,'cuit','30-71492857-7',NULL,NULL,NULL,NULL,NULL,NULL,'2022-06-23 13:34:32','2022-06-23 13:34:32',NULL,NULL,NULL,NULL,NULL,NULL,NULL),(40821,5631,'INDUSTRIAS FERNANDEZ GARRIDO SA',NULL,'cuit','30-71444018-3',NULL,NULL,NULL,NULL,NULL,NULL,'2022-06-23 13:34:32','2022-06-23 13:34:32',NULL,NULL,NULL,NULL,NULL,NULL,NULL),(40822,5631,'BORRA MAGDALENA MONICA',NULL,'cuit','27-06034106-6',NULL,NULL,NULL,NULL,NULL,NULL,'2022-06-23 13:34:32','2022-06-23 13:34:32',NULL,NULL,NULL,NULL,NULL,NULL,NULL),(40823,5631,'LOBO RAMONA AURORA KARINA',NULL,'cuit','27-25174526-4',NULL,NULL,NULL,NULL,NULL,NULL,'2022-06-23 13:34:32','2022-06-23 13:34:32',NULL,NULL,NULL,NULL,NULL,NULL,NULL),(40824,5631,'DISTRI AIRES S.R.L',NULL,'cuit','30-71581946-1',NULL,NULL,NULL,NULL,NULL,NULL,'2022-06-23 13:34:32','2022-06-23 13:34:32',NULL,NULL,NULL,NULL,NULL,NULL,NULL),(40825,5631,'MENDEZ GLADIS ELBA',NULL,'cuit','27-12270236-2',NULL,NULL,NULL,NULL,NULL,NULL,'2022-06-23 13:34:32','2022-06-23 13:34:32',NULL,NULL,NULL,NULL,NULL,NULL,NULL),(40826,5631,'MONZILLO MATIAS DAMIAN',NULL,'cuit','20-37152099-7',NULL,NULL,NULL,NULL,NULL,NULL,'2022-06-23 13:34:44','2022-06-23 13:34:44',NULL,NULL,NULL,NULL,NULL,NULL,NULL),(40827,5631,'BIANCHI CRISTIAN MAXIMILIANO',NULL,'cuit','20-25915024-9',NULL,NULL,NULL,NULL,NULL,NULL,'2022-06-23 13:34:44','2022-06-23 13:34:44',NULL,NULL,NULL,NULL,NULL,NULL,NULL),(40828,5631,'ITPROUSER S.A.',NULL,'cuit','30-71512348-3',NULL,NULL,NULL,NULL,NULL,NULL,'2022-06-23 13:34:44','2022-06-23 13:34:44',NULL,NULL,NULL,NULL,NULL,NULL,NULL),(40829,5631,'CIAPPARELLI MARIA VERONICA',NULL,'cuit','23-21644040-4',NULL,NULL,NULL,NULL,NULL,NULL,'2022-06-23 13:34:57','2022-06-23 13:34:57',NULL,NULL,NULL,NULL,NULL,NULL,NULL),(40830,5631,'BABAY ARGENTINA S.R.L.',NULL,'cuit','30-71695063-4',NULL,NULL,NULL,NULL,NULL,NULL,'2022-06-23 13:34:57','2022-06-23 13:34:57',NULL,NULL,NULL,NULL,NULL,NULL,NULL),(40831,5631,'BESSIA  CENTER SA',NULL,'cuit','33-71252388-9',NULL,NULL,NULL,NULL,NULL,NULL,'2022-06-23 13:34:57','2022-06-23 13:34:57',NULL,NULL,NULL,NULL,NULL,NULL,NULL),(40832,5631,'BULONERA MITRE SA',NULL,'cuit','30-71054868-0',NULL,NULL,NULL,NULL,NULL,NULL,'2022-06-23 13:34:57','2022-06-23 13:34:57',NULL,NULL,NULL,NULL,NULL,NULL,NULL),(40833,5631,'GONZALEZ MAWAD GASTON GABRIEL',NULL,'cuit','20-18886572-1',NULL,NULL,NULL,NULL,NULL,NULL,'2022-06-23 13:34:58','2022-06-23 13:34:58',NULL,NULL,NULL,NULL,NULL,NULL,NULL),(40834,5631,'GOMEZ MARTIN',NULL,'cuit','20-26873577-2',NULL,NULL,NULL,NULL,NULL,NULL,'2022-06-23 13:34:58','2022-06-23 13:34:58',NULL,NULL,NULL,NULL,NULL,NULL,NULL),(40835,5631,'CHELOTTI DAIANA VERONICA',NULL,'cuit','27-35406157-6',NULL,NULL,NULL,NULL,NULL,NULL,'2022-06-23 13:34:58','2022-06-23 13:34:58',NULL,NULL,NULL,NULL,NULL,NULL,NULL),(40836,5631,'RIZZO MARCOS DARIO',NULL,'cuit','20-37378269-7',NULL,NULL,NULL,NULL,NULL,NULL,'2022-06-23 13:34:58','2022-06-23 13:34:58',NULL,NULL,NULL,NULL,NULL,NULL,NULL);
INSERT INTO `persons` VALUES (40837,5631,'SCHMUKLER SARA ELENA',NULL,'cuit','27-18594767-5',NULL,NULL,NULL,NULL,NULL,NULL,'2022-06-23 13:34:58','2022-06-23 13:34:58',NULL,NULL,NULL,NULL,NULL,NULL,NULL),(40838,5631,'VIGORITO VICTOR ALEJANDRO',NULL,'cuit','20-22735222-2',NULL,NULL,NULL,NULL,NULL,NULL,'2022-06-23 13:34:58','2022-06-23 13:34:58',NULL,NULL,NULL,NULL,NULL,NULL,NULL),(40839,5631,'AZZIANI GABRIEL IVAN',NULL,'cuit','20-30688517-1',NULL,NULL,NULL,NULL,NULL,NULL,'2022-06-23 13:34:58','2022-06-23 13:34:58',NULL,NULL,NULL,NULL,NULL,NULL,NULL),(40840,5631,'NAYA SEBASTIAN MAXIMILIANO',NULL,'cuit','20-33186568-1',NULL,NULL,NULL,NULL,NULL,NULL,'2022-06-23 13:34:58','2022-06-23 13:34:58',NULL,NULL,NULL,NULL,NULL,NULL,NULL),(40841,5631,'923 S.R.L.',NULL,'cuit','30-71072489-6',NULL,NULL,NULL,NULL,NULL,NULL,'2022-06-23 13:34:58','2022-06-23 13:34:58',NULL,NULL,NULL,NULL,NULL,NULL,NULL),(40842,5631,'SEGOVIA JUAN IGNACIO',NULL,'cuit','20-35988733-8',NULL,NULL,NULL,NULL,NULL,NULL,'2022-06-23 13:34:58','2022-06-23 13:34:58',NULL,NULL,NULL,NULL,NULL,NULL,NULL),(40843,5631,'SUCESION DE OLIVETO PEDRO PABLO ANTONIO',NULL,'cuit','20-93265461-0',NULL,NULL,NULL,NULL,NULL,NULL,'2022-06-23 13:34:58','2022-06-23 13:34:58',NULL,NULL,NULL,NULL,NULL,NULL,NULL),(40844,5631,'POLYTECH S A',NULL,'cuit','33-64335874-9',NULL,NULL,NULL,NULL,NULL,NULL,'2022-06-23 13:35:12','2022-06-23 13:35:12',NULL,NULL,NULL,NULL,NULL,NULL,NULL),(40845,5631,'ASANY S.R.L.',NULL,'cuit','30-71175913-8',NULL,NULL,NULL,NULL,NULL,NULL,'2022-06-23 13:35:12','2022-06-23 13:35:12',NULL,NULL,NULL,NULL,NULL,NULL,NULL),(40846,5631,'FIBRO  S R L',NULL,'cuit','30-70396924-7',NULL,NULL,NULL,NULL,NULL,NULL,'2022-06-23 13:35:12','2022-06-23 13:35:12',NULL,NULL,NULL,NULL,NULL,NULL,NULL),(40847,5631,'HERSZAGE PATRICIA ADRIANA',NULL,'cuit','27-14744228-4',NULL,NULL,NULL,NULL,NULL,NULL,'2022-06-23 13:35:12','2022-06-23 13:35:12',NULL,NULL,NULL,NULL,NULL,NULL,NULL),(40848,5631,'BUZZONE NATALIA ROMINA',NULL,'cuit','27-27225931-9',NULL,NULL,NULL,NULL,NULL,NULL,'2022-06-23 13:35:12','2022-06-23 13:35:12',NULL,NULL,NULL,NULL,NULL,NULL,NULL),(40849,5631,'CRIOCENTER SOCIEDAD DE RESPONSABILIDAD LIMITADA',NULL,'cuit','30-70931534-6',NULL,NULL,NULL,NULL,NULL,NULL,'2022-06-23 13:35:12','2022-06-23 13:35:12',NULL,NULL,NULL,NULL,NULL,NULL,NULL),(40850,5631,'EDUARDO UDENIO Y COMPAÑIA S A COM IND FIN E INMOB',NULL,'cuit','30-52014280-7',NULL,NULL,NULL,NULL,NULL,NULL,'2022-06-23 13:35:13','2022-06-23 13:35:13',NULL,NULL,NULL,NULL,NULL,NULL,NULL),(40851,5631,'CHUDNOVSKY MIGUEL',NULL,'cuit','20-35123927-2',NULL,NULL,NULL,NULL,NULL,NULL,'2022-06-23 13:35:13','2022-06-23 13:35:13',NULL,NULL,NULL,NULL,NULL,NULL,NULL),(40852,5631,'GRUPO BAZA SRL',NULL,'cuit','30-71593916-5',NULL,NULL,NULL,NULL,NULL,NULL,'2022-06-23 13:35:13','2022-06-23 13:35:13',NULL,NULL,NULL,NULL,NULL,NULL,NULL),(40853,5631,'MAVIMA S.A.',NULL,'cuit','30-70789796-8',NULL,NULL,NULL,NULL,NULL,NULL,'2022-06-23 13:35:13','2022-06-23 13:35:13',NULL,NULL,NULL,NULL,NULL,NULL,NULL),(40854,5631,'MAXPRIN S.R.L.',NULL,'cuit','30-71607587-3',NULL,NULL,NULL,NULL,NULL,NULL,'2022-06-23 13:35:13','2022-06-23 13:35:13',NULL,NULL,NULL,NULL,NULL,NULL,NULL),(40855,5631,'ARANDA FERNANDO ARIEL',NULL,'cuit','20-37782092-5',NULL,NULL,NULL,NULL,NULL,NULL,'2022-06-23 13:35:13','2022-06-23 13:35:13',NULL,NULL,NULL,NULL,NULL,NULL,NULL),(40856,5631,'WAMARO SA',NULL,'cuit','30-70904090-8',NULL,NULL,NULL,NULL,NULL,NULL,'2022-06-23 13:35:25','2022-06-23 13:35:25',NULL,NULL,NULL,NULL,NULL,NULL,NULL),(40857,5631,'PARQUES Y JARDINES S H DE MOLLO GABRIEL Y MILESI MARCELO',NULL,'cuit','30-70766321-5',NULL,NULL,NULL,NULL,NULL,NULL,'2022-06-23 13:35:25','2022-06-23 13:35:25',NULL,NULL,NULL,NULL,NULL,NULL,NULL),(40858,5631,'WORLD TRADING GROUP SRL',NULL,'cuit','30-70909358-0',NULL,NULL,NULL,NULL,NULL,NULL,'2022-06-23 13:35:25','2022-06-23 13:35:25',NULL,NULL,NULL,NULL,NULL,NULL,NULL);
INSERT INTO `persons` VALUES (40859,5631,'FIRST LABEL S.R.L.',NULL,'cuit','30-71662063-4',NULL,NULL,NULL,NULL,NULL,NULL,'2022-06-23 13:35:25','2022-06-23 13:35:25',NULL,NULL,NULL,NULL,NULL,NULL,NULL),(40860,5631,'VAISBERG ALBERTO SALVADOR',NULL,'cuit','20-13827922-8',NULL,NULL,NULL,NULL,NULL,NULL,'2022-06-23 13:35:25','2022-06-23 13:35:25',NULL,NULL,NULL,NULL,NULL,NULL,NULL),(40861,5631,'AIELLO GUILLERMO ARIEL',NULL,'cuit','20-25733459-8',NULL,NULL,NULL,NULL,NULL,NULL,'2022-06-23 13:35:25','2022-06-23 13:35:25',NULL,NULL,NULL,NULL,NULL,NULL,NULL),(40862,5631,'TEAM MALDONADO HNOS S.A.',NULL,'cuit','30-71500449-2',NULL,NULL,NULL,NULL,NULL,NULL,'2022-06-23 13:35:25','2022-06-23 13:35:25',NULL,NULL,NULL,NULL,NULL,NULL,NULL),(40863,5631,'IGNA ON LINE SOCIEDAD DE RESPONSABILIDAD LIMITADA',NULL,'cuit','30-70984770-4',NULL,NULL,NULL,NULL,NULL,NULL,'2022-06-23 13:35:25','2022-06-23 13:35:25',NULL,NULL,NULL,NULL,NULL,NULL,NULL),(40864,5631,'SUPERFOTO S R L',NULL,'cuit','30-70839544-3',NULL,NULL,NULL,NULL,NULL,NULL,'2022-06-23 13:35:25','2022-06-23 13:35:25',NULL,NULL,NULL,NULL,NULL,NULL,NULL),(40865,5631,'SCARPATI HERMANOS SRL',NULL,'cuit','30-60670328-3',NULL,NULL,NULL,NULL,NULL,NULL,'2022-06-23 13:35:25','2022-06-23 13:35:25',NULL,NULL,NULL,NULL,NULL,NULL,NULL),(40866,5631,'ACCESORIOS TEO SRL',NULL,'cuit','30-68308890-7',NULL,NULL,NULL,NULL,NULL,NULL,'2022-06-23 13:35:25','2022-06-23 13:35:25',NULL,NULL,NULL,NULL,NULL,NULL,NULL),(40867,5631,'CHINCHILLAS ELDORADO SRL',NULL,'cuit','30-62077974-8',NULL,NULL,NULL,NULL,NULL,NULL,'2022-06-23 13:35:25','2022-06-23 13:35:25',NULL,NULL,NULL,NULL,NULL,NULL,NULL),(40868,5631,'EL NAUFRAGO S.R.L.',NULL,'cuit','30-71589149-9',NULL,NULL,NULL,NULL,NULL,NULL,'2022-06-23 13:35:26','2022-06-23 13:35:26',NULL,NULL,NULL,NULL,NULL,NULL,NULL),(40869,5631,'MARANSI S.A.',NULL,'cuit','33-70871199-9',NULL,NULL,NULL,NULL,NULL,NULL,'2022-06-23 13:35:26','2022-06-23 13:35:26',NULL,NULL,NULL,NULL,NULL,NULL,NULL),(40870,5631,'CERRI FEDERICO',NULL,'cuit','23-30493177-9',NULL,NULL,NULL,NULL,NULL,NULL,'2022-06-23 13:35:26','2022-06-23 13:35:26',NULL,NULL,NULL,NULL,NULL,NULL,NULL),(40871,5631,'H  G   HERMANOS  S A',NULL,'cuit','30-65461826-3',NULL,NULL,NULL,NULL,NULL,NULL,'2022-06-23 13:35:26','2022-06-23 13:35:26',NULL,NULL,NULL,NULL,NULL,NULL,NULL),(40872,5631,'LEVY IOSEF',NULL,'cuit','20-93754309-4',NULL,NULL,NULL,NULL,NULL,NULL,'2022-06-23 13:35:26','2022-06-23 13:35:26',NULL,NULL,NULL,NULL,NULL,NULL,NULL),(40873,5631,'CAMPOY MABEL ALICIA',NULL,'cuit','27-23480567-9',NULL,NULL,NULL,NULL,NULL,NULL,'2022-06-23 13:35:26','2022-06-23 13:35:26',NULL,NULL,NULL,NULL,NULL,NULL,NULL),(40874,5631,'ELECTROLAND TECNOLOGIA S.R.L.',NULL,'cuit','30-71570583-0',NULL,NULL,NULL,NULL,NULL,NULL,'2022-06-23 13:35:26','2022-06-23 13:35:26',NULL,NULL,NULL,NULL,NULL,NULL,NULL),(40875,5631,'LOYALTY GROUP',NULL,'cuit','30-71717571-5',NULL,NULL,NULL,NULL,NULL,NULL,'2022-06-23 13:38:01','2022-06-23 13:38:01',NULL,NULL,NULL,NULL,NULL,NULL,NULL),(40876,5631,'FERRETERIA INDUSTRIAL LOBATO SRL',NULL,'cuit','30-62094120-0',NULL,NULL,NULL,NULL,NULL,NULL,'2022-06-23 13:38:01','2022-06-23 13:38:01',NULL,NULL,NULL,NULL,NULL,NULL,NULL),(40877,5631,'SYMONDS S.A.',NULL,'cuit','30-71011417-6',NULL,NULL,NULL,NULL,NULL,NULL,'2022-06-23 13:38:01','2022-06-23 13:38:01',NULL,NULL,NULL,NULL,NULL,NULL,NULL),(40878,5631,'CAMARA  DE GRABADORES DE AUTOPARTES DE VEHICULOS AUTOMOTORES Y MOTOVEHICULOS',NULL,'cuit','30-71057330-8',NULL,NULL,NULL,NULL,NULL,NULL,'2022-06-23 13:38:01','2022-06-23 13:38:01',NULL,NULL,NULL,NULL,NULL,NULL,NULL),(40879,5631,'SMART SPORT S.A.',NULL,'cuit','30-71585170-5',NULL,NULL,NULL,NULL,NULL,NULL,'2022-06-23 13:38:01','2022-06-23 13:38:01',NULL,NULL,NULL,NULL,NULL,NULL,NULL),(40880,5631,'PHI-DIGITAL BUENOS AIRES S.A.S.',NULL,'cuit','30-71592235-1',NULL,NULL,NULL,NULL,NULL,NULL,'2022-06-23 13:38:01','2022-06-23 13:38:01',NULL,NULL,NULL,NULL,NULL,NULL,NULL);
INSERT INTO `persons` VALUES (40881,5631,'DDV SRL',NULL,'cuit','30-71154920-6',NULL,NULL,NULL,NULL,NULL,NULL,'2022-06-23 13:38:01','2022-06-23 13:38:01',NULL,NULL,NULL,NULL,NULL,NULL,NULL),(40882,5631,'ROJAS FLAVIO ADRIAN',NULL,'cuit','20-21942335-8',NULL,NULL,NULL,NULL,NULL,NULL,'2022-06-23 13:38:01','2022-06-23 13:38:01',NULL,NULL,NULL,NULL,NULL,NULL,NULL),(40883,5631,'D.ME.D. S.R.L',NULL,'cuit','30-70877997-7',NULL,NULL,NULL,NULL,NULL,NULL,'2022-06-23 13:38:02','2022-06-23 13:38:02',NULL,NULL,NULL,NULL,NULL,NULL,NULL),(40884,5631,'UNION NEGOCIOS FAMILIARES SA',NULL,'cuit','33-71517990-9',NULL,NULL,NULL,NULL,NULL,NULL,'2022-06-23 13:38:02','2022-06-23 13:38:02',NULL,NULL,NULL,NULL,NULL,NULL,NULL),(40885,5631,'DADA LUIS CARLOS DAMIAN',NULL,'cuit','23-28424522-9',NULL,NULL,NULL,NULL,NULL,NULL,'2022-06-23 13:38:02','2022-06-23 13:38:02',NULL,NULL,NULL,NULL,NULL,NULL,NULL),(40886,5631,'ELECT URBANA S.A.',NULL,'cuit','30-71490084-2',NULL,NULL,NULL,NULL,NULL,NULL,'2022-06-23 13:38:02','2022-06-23 13:38:02',NULL,NULL,NULL,NULL,NULL,NULL,NULL),(40887,5631,'ROLANDO ALFREDO NELSON',NULL,'cuit','20-04595129-5',NULL,NULL,NULL,NULL,NULL,NULL,'2022-06-23 13:38:02','2022-06-23 13:38:02',NULL,NULL,NULL,NULL,NULL,NULL,NULL),(40888,5631,'INTERNATIONAL HOME S A',NULL,'cuit','30-70208894-8',NULL,NULL,NULL,NULL,NULL,NULL,'2022-06-23 13:38:02','2022-06-23 13:38:02',NULL,NULL,NULL,NULL,NULL,NULL,NULL),(40889,5631,'GIFEL S.R.L.',NULL,'cuit','30-71520983-3',NULL,NULL,NULL,NULL,NULL,NULL,'2022-06-23 13:38:02','2022-06-23 13:38:02',NULL,NULL,NULL,NULL,NULL,NULL,NULL),(40890,5631,'GARMENDIA FERNANDO FEDERICO',NULL,'cuit','20-35970122-6',NULL,NULL,NULL,NULL,NULL,NULL,'2022-06-23 13:38:02','2022-06-23 13:38:02',NULL,NULL,NULL,NULL,NULL,NULL,NULL),(40891,5631,'INFORMATION TECHNOLOGY S.A.',NULL,'cuit','30-70938883-1',NULL,NULL,NULL,NULL,NULL,NULL,'2022-06-23 13:38:02','2022-06-23 13:38:02',NULL,NULL,NULL,NULL,NULL,NULL,NULL),(40892,5631,'COMERCIALIZADORA MORON S.R.L.',NULL,'cuit','30-71683342-5',NULL,NULL,NULL,NULL,NULL,NULL,'2022-06-23 13:38:02','2022-06-23 13:38:02',NULL,NULL,NULL,NULL,NULL,NULL,NULL),(40893,5631,'IKORSO S R L',NULL,'cuit','30-59089155-6',NULL,NULL,NULL,NULL,NULL,NULL,'2022-06-23 13:38:03','2022-06-23 13:38:03',NULL,NULL,NULL,NULL,NULL,NULL,NULL),(40894,5631,'ELECTRO LANUS S.R.L.',NULL,'cuit','30-70862389-6',NULL,NULL,NULL,NULL,NULL,NULL,'2022-06-23 13:38:03','2022-06-23 13:38:03',NULL,NULL,NULL,NULL,NULL,NULL,NULL),(40895,5631,'CHIRIANO JORGE RUBEN',NULL,'cuit','20-14833727-7',NULL,NULL,NULL,NULL,NULL,NULL,'2022-06-23 13:38:03','2022-06-23 13:38:03',NULL,NULL,NULL,NULL,NULL,NULL,NULL),(40896,5631,'TORRE MARCELO EDUARDO',NULL,'cuit','23-16977572-9',NULL,NULL,NULL,NULL,NULL,NULL,'2022-06-23 13:38:03','2022-06-23 13:38:03',NULL,NULL,NULL,NULL,NULL,NULL,NULL),(40897,5631,'ELECTRICA 631 SRL',NULL,'cuit','30-70916307-4',NULL,NULL,NULL,NULL,NULL,NULL,'2022-06-23 13:38:03','2022-06-23 13:38:03',NULL,NULL,NULL,NULL,NULL,NULL,NULL),(40898,5631,'ABSOLON S.A.',NULL,'cuit','30-71606678-5',NULL,NULL,NULL,NULL,NULL,NULL,'2022-06-23 13:38:03','2022-06-23 13:38:03',NULL,NULL,NULL,NULL,NULL,NULL,NULL);

--
-- Table structure for table `persons_datos`
--

CREATE TABLE `persons_datos` (
  `id` bigint(20) unsigned NOT NULL AUTO_INCREMENT,
  `user_id` int(10) unsigned DEFAULT NULL,
  `person_id` int(10) unsigned NOT NULL,
  `dato_1` longtext COLLATE utf8mb4_unicode_ci,
  `dato_2` longtext COLLATE utf8mb4_unicode_ci,
  `dato_3` longtext COLLATE utf8mb4_unicode_ci,
  `dato_4` longtext COLLATE utf8mb4_unicode_ci,
  `dato_5` longtext COLLATE utf8mb4_unicode_ci,
  `created_at` timestamp NULL DEFAULT NULL,
  `updated_at` timestamp NULL DEFAULT NULL,
  `deleted_at` timestamp NULL DEFAULT NULL,
  PRIMARY KEY (`id`),
  KEY `persons_datos_person_id_foreign` (`person_id`),
  CONSTRAINT `persons_datos_person_id_foreign` FOREIGN KEY (`person_id`) REFERENCES `persons` (`id`)
) ENGINE=InnoDB DEFAULT CHARSET=utf8mb4 COLLATE=utf8mb4_unicode_ci;

--
-- Dumping data for table `persons_datos`
--


--
-- Table structure for table `persons_sicore`
--

CREATE TABLE `persons_sicore` (
  `id` bigint(20) unsigned NOT NULL AUTO_INCREMENT,
  `person_id` int(10) unsigned NOT NULL,
  `is_inscripto` tinyint(1) NOT NULL,
  `sicore_regimen_id` bigint(20) unsigned NOT NULL,
  `deleted_at` timestamp NULL DEFAULT NULL,
  `created_at` timestamp NULL DEFAULT NULL,
  `updated_at` timestamp NULL DEFAULT NULL,
  PRIMARY KEY (`id`),
  KEY `persons_sicore_person_id_foreign` (`person_id`),
  KEY `persons_sicore_sicore_regimen_id_foreign` (`sicore_regimen_id`),
  CONSTRAINT `persons_sicore_person_id_foreign` FOREIGN KEY (`person_id`) REFERENCES `persons` (`id`),
  CONSTRAINT `persons_sicore_sicore_regimen_id_foreign` FOREIGN KEY (`sicore_regimen_id`) REFERENCES `sicore_regimenes` (`id`)
) ENGINE=InnoDB DEFAULT CHARSET=utf8mb4 COLLATE=utf8mb4_unicode_ci;

--
-- Dumping data for table `persons_sicore`
--


--
-- Table structure for table `presupuesto_config`
--

CREATE TABLE `presupuesto_config` (
  `id` int(10) unsigned NOT NULL AUTO_INCREMENT,
  `user_id` int(10) unsigned DEFAULT NULL,
  `person_id` int(10) unsigned NOT NULL,
  `num_inicial` int(10) unsigned NOT NULL DEFAULT '0',
  `created_at` timestamp NULL DEFAULT NULL,
  `updated_at` timestamp NULL DEFAULT NULL,
  `deleted_at` timestamp NULL DEFAULT NULL,
  PRIMARY KEY (`id`),
  KEY `presupuesto_config_person_id_foreign` (`person_id`),
  CONSTRAINT `presupuesto_config_person_id_foreign` FOREIGN KEY (`person_id`) REFERENCES `persons` (`id`)
) ENGINE=InnoDB DEFAULT CHARSET=utf8mb4 COLLATE=utf8mb4_unicode_ci;

--
-- Dumping data for table `presupuesto_config`
--


--
-- Table structure for table `presupuestos`
--

CREATE TABLE `presupuestos` (
  `id` int(10) unsigned NOT NULL AUTO_INCREMENT,
  `user_id` int(10) unsigned NOT NULL,
  `fecha` date NOT NULL DEFAULT '2019-12-23',
  `punto_venta_id` int(10) unsigned NOT NULL,
  `system_tax_id` int(10) unsigned NOT NULL DEFAULT '7',
  `numero` int(10) unsigned NOT NULL,
  `person_id` int(10) unsigned NOT NULL,
  `person_id_receptor` int(10) unsigned NOT NULL DEFAULT '3',
  `texto` longtext COLLATE utf8mb4_unicode_ci,
  `iva_si_no` tinyint(1) NOT NULL DEFAULT '0',
  `neto` decimal(16,2) NOT NULL DEFAULT '0.00',
  `iva` decimal(16,2) NOT NULL DEFAULT '0.00',
  `total` decimal(16,2) NOT NULL DEFAULT '0.00',
  `comentario` varchar(191) COLLATE utf8mb4_unicode_ci DEFAULT NULL,
  `created_at` timestamp NULL DEFAULT NULL,
  `updated_at` timestamp NULL DEFAULT NULL,
  `deleted_at` timestamp NULL DEFAULT NULL,
  PRIMARY KEY (`id`),
  KEY `presupuestos_punto_venta_id_foreign` (`punto_venta_id`),
  KEY `presupuestos_person_id_foreign` (`person_id`),
  KEY `presupuestos_person_id_receptor_foreign` (`person_id_receptor`),
  KEY `presupuestos_system_tax_id_foreign` (`system_tax_id`),
  CONSTRAINT `presupuestos_person_id_foreign` FOREIGN KEY (`person_id`) REFERENCES `persons` (`id`),
  CONSTRAINT `presupuestos_person_id_receptor_foreign` FOREIGN KEY (`person_id_receptor`) REFERENCES `persons` (`id`),
  CONSTRAINT `presupuestos_punto_venta_id_foreign` FOREIGN KEY (`punto_venta_id`) REFERENCES `fact_elec_puntos_venta` (`id`),
  CONSTRAINT `presupuestos_system_tax_id_foreign` FOREIGN KEY (`system_tax_id`) REFERENCES `system_taxes` (`id`)
) ENGINE=InnoDB DEFAULT CHARSET=utf8mb4 COLLATE=utf8mb4_unicode_ci;

--
-- Dumping data for table `presupuestos`
--


--
-- Table structure for table `querys`
--

CREATE TABLE `querys` (
  `id` bigint(20) unsigned NOT NULL AUTO_INCREMENT,
  `user_id` int(10) unsigned DEFAULT NULL,
  `descripcion` varchar(191) COLLATE utf8mb4_unicode_ci DEFAULT NULL,
  `habilitado` tinyint(1) NOT NULL DEFAULT '1',
  `created_at` timestamp NULL DEFAULT NULL,
  `updated_at` timestamp NULL DEFAULT NULL,
  `deleted_at` timestamp NULL DEFAULT NULL,
  PRIMARY KEY (`id`)
) ENGINE=InnoDB AUTO_INCREMENT=2 DEFAULT CHARSET=utf8mb4 COLLATE=utf8mb4_unicode_ci;

--
-- Dumping data for table `querys`
--

INSERT INTO `querys` VALUES (1,NULL,'Factura Electronica Masiva Productos',1,'2022-02-01 18:02:01','2022-02-01 18:02:01',NULL);

--
-- Table structure for table `querys_details`
--

CREATE TABLE `querys_details` (
  `id` bigint(20) unsigned NOT NULL AUTO_INCREMENT,
  `user_id` int(10) unsigned DEFAULT NULL,
  `person_id` int(10) unsigned DEFAULT NULL,
  `query_id` bigint(20) unsigned NOT NULL,
  `descripcion` longtext COLLATE utf8mb4_unicode_ci,
  `created_at` timestamp NULL DEFAULT NULL,
  `updated_at` timestamp NULL DEFAULT NULL,
  `deleted_at` timestamp NULL DEFAULT NULL,
  PRIMARY KEY (`id`),
  KEY `querys_details_query_id_foreign` (`query_id`),
  KEY `querys_details_person_id_foreign` (`person_id`),
  CONSTRAINT `querys_details_person_id_foreign` FOREIGN KEY (`person_id`) REFERENCES `persons` (`id`),
  CONSTRAINT `querys_details_query_id_foreign` FOREIGN KEY (`query_id`) REFERENCES `querys` (`id`)
) ENGINE=InnoDB DEFAULT CHARSET=utf8mb4 COLLATE=utf8mb4_unicode_ci;

--
-- Dumping data for table `querys_details`
--


--
-- Table structure for table `queue_proceso_resultado`
--

CREATE TABLE `queue_proceso_resultado` (
  `id` int(10) unsigned NOT NULL AUTO_INCREMENT,
  `user_id` int(10) unsigned DEFAULT NULL,
  `queue_proceso_id` int(10) unsigned DEFAULT NULL,
  `resultado` longtext COLLATE utf8mb4_unicode_ci,
  `created_at` timestamp NULL DEFAULT NULL,
  `updated_at` timestamp NULL DEFAULT NULL,
  `deleted_at` timestamp NULL DEFAULT NULL,
  PRIMARY KEY (`id`),
  KEY `queue_proceso_resultado_queue_proceso_id_foreign` (`queue_proceso_id`),
  CONSTRAINT `queue_proceso_resultado_queue_proceso_id_foreign` FOREIGN KEY (`queue_proceso_id`) REFERENCES `queue_procesos` (`id`)
) ENGINE=InnoDB DEFAULT CHARSET=utf8mb4 COLLATE=utf8mb4_unicode_ci;

--
-- Dumping data for table `queue_proceso_resultado`
--


--
-- Table structure for table `queue_procesos`
--

CREATE TABLE `queue_procesos` (
  `id` int(10) unsigned NOT NULL AUTO_INCREMENT,
  `user_id` int(10) unsigned DEFAULT NULL,
  `descripcion` text COLLATE utf8mb4_unicode_ci NOT NULL,
  `created_at` timestamp NULL DEFAULT NULL,
  `updated_at` timestamp NULL DEFAULT NULL,
  `deleted_at` timestamp NULL DEFAULT NULL,
  PRIMARY KEY (`id`)
) ENGINE=InnoDB AUTO_INCREMENT=5 DEFAULT CHARSET=utf8mb4 COLLATE=utf8mb4_unicode_ci;

--
-- Dumping data for table `queue_procesos`
--

INSERT INTO `queue_procesos` VALUES (1,NULL,'Importar - Excel',NULL,NULL,NULL),(2,NULL,'Importar - Mis Comprobantes',NULL,NULL,NULL),(3,NULL,'Importar - Portal IVA','2022-03-16 00:39:28','2022-03-16 00:39:28',NULL),(4,NULL,'Importar - Archivos PEM F8011','2022-07-10 23:01:02','2022-07-10 23:01:02',NULL);

--
-- Table structure for table `receipt_taxes`
--

CREATE TABLE `receipt_taxes` (
  `id` int(10) unsigned NOT NULL AUTO_INCREMENT,
  `user_id` int(10) unsigned DEFAULT NULL,
  `receipt_id` int(10) unsigned NOT NULL,
  `tax_id` int(10) unsigned DEFAULT NULL,
  `amount` decimal(16,2) NOT NULL,
  `tax_amount` decimal(16,2) NOT NULL DEFAULT '0.00',
  `taxable_iibb` int(11) NOT NULL DEFAULT '0',
  `iva_iibb` int(11) NOT NULL DEFAULT '0',
  `created_at` timestamp NULL DEFAULT NULL,
  `updated_at` timestamp NULL DEFAULT NULL,
  `deleted_at` timestamp NULL DEFAULT NULL,
  PRIMARY KEY (`id`),
  KEY `receipt_taxes_receipt_id_foreign` (`receipt_id`),
  CONSTRAINT `receipt_taxes_receipt_id_foreign` FOREIGN KEY (`receipt_id`) REFERENCES `receipts` (`id`)
) ENGINE=InnoDB AUTO_INCREMENT=631 DEFAULT CHARSET=utf8mb4 COLLATE=utf8mb4_unicode_ci;

--
-- Dumping data for table `receipt_taxes`
--

INSERT INTO `receipt_taxes` VALUES (1,5631,1,2,6989.32,1467.76,2,1,'2021-11-19 16:39:55','2021-11-19 16:39:55',NULL),(2,5631,2,7,281561.10,0.00,2,1,'2021-11-19 16:39:55','2021-11-19 16:39:55',NULL),(3,5631,3,7,50260.00,0.00,2,1,'2021-11-19 16:39:55','2021-11-19 16:39:55',NULL),(4,5631,4,7,175554.90,0.00,2,1,'2021-11-19 16:39:55','2021-11-19 16:39:55',NULL),(5,5631,5,7,22820.00,0.00,2,1,'2021-11-19 16:39:55','2021-11-19 16:39:55',NULL),(6,5631,6,3,824.00,222.48,2,1,'2021-11-19 16:39:55','2021-11-19 16:39:55',NULL),(7,5631,6,7,52.04,0.00,2,1,'2021-11-19 16:39:55','2021-11-19 16:39:55',NULL),(8,5631,7,2,474908.58,99730.77,2,1,'2021-11-24 08:27:46','2021-11-24 08:27:46',NULL),(9,5631,8,2,32169.70,6755.56,2,1,'2021-11-24 08:28:05','2021-11-24 08:28:05',NULL),(10,5631,9,2,25638.99,5383.76,2,1,'2021-11-24 08:28:18','2021-11-24 08:28:18',NULL),(11,5631,10,2,63304.00,13293.84,2,1,'2021-11-24 08:28:18','2021-11-24 08:28:18',NULL),(12,5631,11,2,26763.00,5620.23,2,1,'2021-11-24 08:28:18','2021-11-24 08:28:18',NULL),(13,5631,12,2,27200.00,5712.00,2,1,'2021-11-24 08:28:18','2021-11-24 08:28:18',NULL),(14,5631,13,2,29269.55,6146.45,2,1,'2021-11-24 08:28:32','2021-11-24 08:28:32',NULL),(15,5631,14,2,21951.72,4610.28,2,1,'2021-11-24 08:28:32','2021-11-24 08:28:32',NULL),(16,5631,15,2,106000.00,22260.00,2,1,'2021-11-24 08:28:32','2021-11-24 08:28:32',NULL),(17,5631,16,2,406.61,85.39,2,1,'2021-11-24 08:28:47','2021-11-24 08:28:47',NULL),(18,5631,17,2,39124.01,8216.23,2,1,'2021-11-24 08:28:47','2021-11-24 08:28:47',NULL),(19,5631,18,2,159041.08,33398.92,2,1,'2021-11-24 08:28:47','2021-11-24 08:28:47',NULL),(20,5631,19,2,406.61,85.39,2,1,'2021-11-24 08:28:48','2021-11-24 08:28:48',NULL),(21,5631,20,2,965000.00,202650.00,2,1,'2021-11-24 08:28:48','2021-11-24 08:28:48',NULL),(22,5631,21,2,270165.00,56734.65,2,1,'2021-11-24 08:29:05','2021-11-24 08:29:05',NULL),(23,5631,22,7,26960.80,0.00,2,1,'2021-11-24 08:29:32','2021-11-24 08:29:32',NULL),(24,5631,23,7,26960.80,0.00,2,1,'2021-11-24 08:29:32','2021-11-24 08:29:32',NULL),(25,5631,24,2,6989.32,1467.76,2,1,'2021-11-24 08:30:27','2021-11-24 08:30:27',NULL),(26,5631,25,7,19745.40,0.00,2,1,'2021-11-24 08:30:27','2021-11-24 08:30:27',NULL),(27,5631,26,7,12440.00,0.00,2,1,'2021-11-24 08:30:27','2021-11-24 08:30:27',NULL),(28,5631,27,7,700.00,0.00,2,1,'2021-11-24 08:30:27','2021-11-24 08:30:27',NULL),(29,5631,28,7,183715.90,0.00,2,1,'2021-11-24 08:30:39','2021-11-24 08:30:39',NULL),(30,5631,29,2,1863.00,391.23,2,1,'2021-11-24 08:30:52','2021-11-24 08:30:52',NULL),(31,5631,29,7,111.78,0.00,2,1,'2021-11-24 08:30:52','2021-11-24 08:30:52',NULL),(32,5631,29,8,31050.00,0.00,2,1,'2021-11-24 08:30:52','2021-11-24 08:30:52',NULL),(33,5631,30,3,70.40,19.00,2,1,'2021-11-24 08:31:05','2021-11-24 08:31:05',NULL),(34,5631,30,7,4.45,0.00,2,1,'2021-11-24 08:31:05','2021-11-24 08:31:05',NULL),(35,5631,31,2,8960.50,1881.70,2,1,'2021-11-24 08:31:05','2021-11-24 08:31:05',NULL),(36,5631,31,7,2300.00,0.00,2,1,'2021-11-24 08:31:05','2021-11-24 08:31:05',NULL),(37,5631,32,7,7390.00,0.00,2,1,'2021-11-24 08:31:20','2021-11-24 08:31:20',NULL),(38,5631,33,7,210000.00,0.00,2,1,'2022-02-02 08:32:51','2022-02-02 08:32:51',NULL),(39,5631,34,2,0.83,0.17,2,1,'2022-02-02 08:33:10','2022-02-02 08:33:10',NULL),(40,5631,35,2,16066.94,3374.06,2,1,'2022-06-23 12:58:53','2022-06-23 12:58:53',NULL),(41,5631,36,1,3800904.98,399095.02,2,1,'2022-06-23 12:58:53','2022-06-23 12:58:53',NULL),(42,5631,37,1,145248.87,15251.13,2,1,'2022-06-23 12:58:53','2022-06-23 12:58:53',NULL),(43,5631,38,1,203348.42,21351.58,2,1,'2022-06-23 12:58:54','2022-06-23 12:58:54',NULL),(44,5631,39,1,183981.90,19318.10,2,1,'2022-06-23 12:58:54','2022-06-23 12:58:54',NULL),(45,5631,40,2,14607.45,3067.56,2,1,'2022-06-23 12:58:54','2022-06-23 12:58:54',NULL),(46,5631,41,2,14671.32,3080.98,2,1,'2022-06-23 12:58:54','2022-06-23 12:58:54',NULL),(47,5631,42,2,16977.68,3565.31,2,1,'2022-06-23 12:58:54','2022-06-23 12:58:54',NULL),(48,5631,43,2,132231.40,27768.59,2,1,'2022-06-23 12:58:54','2022-06-23 12:58:54',NULL);
INSERT INTO `receipt_taxes` VALUES (49,5631,44,1,198506.79,20843.21,2,1,'2022-06-23 12:58:54','2022-06-23 12:58:54',NULL),(50,5631,45,1,105366.52,11063.48,2,1,'2022-06-23 12:58:54','2022-06-23 12:58:54',NULL),(51,5631,46,1,210972.85,22152.15,2,1,'2022-06-23 12:58:54','2022-06-23 12:58:54',NULL),(52,5631,47,1,193665.16,20334.84,2,1,'2022-06-23 12:58:54','2022-06-23 12:58:54',NULL),(53,5631,48,2,14914.04,3131.95,2,1,'2022-06-23 13:00:19','2022-06-23 13:00:19',NULL),(54,5631,49,2,17047.93,3580.07,2,1,'2022-06-23 13:00:19','2022-06-23 13:00:19',NULL),(55,5631,50,2,132231.40,27768.59,2,1,'2022-06-23 13:00:19','2022-06-23 13:00:19',NULL),(56,5631,51,1,208190.05,21859.95,2,1,'2022-06-23 13:00:19','2022-06-23 13:00:19',NULL),(57,5631,52,2,132231.40,27768.59,2,1,'2022-06-23 13:00:19','2022-06-23 13:00:19',NULL),(58,5631,53,1,296606.33,31143.67,2,1,'2022-06-23 13:00:19','2022-06-23 13:00:19',NULL),(59,5631,54,1,286199.10,30050.90,2,1,'2022-06-23 13:00:19','2022-06-23 13:00:19',NULL),(60,5631,55,1,307601.81,32298.19,2,1,'2022-06-23 13:00:39','2022-06-23 13:00:39',NULL),(61,5631,56,1,301990.95,31709.05,2,1,'2022-06-23 13:00:39','2022-06-23 13:00:39',NULL),(62,5631,57,1,291402.71,30597.29,2,1,'2022-06-23 13:00:39','2022-06-23 13:00:39',NULL),(63,5631,58,1,301809.95,31690.05,2,1,'2022-06-23 13:00:39','2022-06-23 13:00:39',NULL),(64,5631,59,2,15978.00,3355.38,2,1,'2022-06-23 13:00:39','2022-06-23 13:00:39',NULL),(65,5631,60,1,301809.95,31690.05,2,1,'2022-06-23 13:00:39','2022-06-23 13:00:39',NULL),(66,5631,61,1,291402.71,30597.29,2,1,'2022-06-23 13:00:39','2022-06-23 13:00:39',NULL),(67,5631,62,2,132231.40,27768.59,2,1,'2022-06-23 13:00:39','2022-06-23 13:00:39',NULL),(68,5631,63,2,132231.40,27768.59,2,1,'2022-06-23 13:00:39','2022-06-23 13:00:39',NULL),(69,5631,64,2,132231.40,27768.59,2,1,'2022-06-23 13:00:39','2022-06-23 13:00:39',NULL),(70,5631,65,2,132231.40,27768.59,2,1,'2022-06-23 13:00:39','2022-06-23 13:00:39',NULL),(71,5631,66,2,132231.40,27768.59,2,1,'2022-06-23 13:00:40','2022-06-23 13:00:40',NULL),(72,5631,67,2,132231.40,27768.59,2,1,'2022-06-23 13:00:40','2022-06-23 13:00:40',NULL),(73,5631,68,1,280995.48,29504.52,2,1,'2022-06-23 13:00:40','2022-06-23 13:00:40',NULL),(74,5631,69,1,291402.71,30597.29,2,1,'2022-06-23 13:00:40','2022-06-23 13:00:40',NULL),(75,5631,70,2,100000.00,21000.00,2,1,'2022-06-23 13:00:40','2022-06-23 13:00:40',NULL),(76,5631,71,2,165289.25,34710.74,2,1,'2022-06-23 13:00:40','2022-06-23 13:00:40',NULL),(77,5631,72,1,3814253.39,400496.61,2,1,'2022-06-23 13:00:40','2022-06-23 13:00:40',NULL),(78,5631,73,1,301809.95,31690.05,2,1,'2022-06-23 13:00:40','2022-06-23 13:00:40',NULL),(79,5631,74,2,6611.57,1388.43,2,1,'2022-06-23 13:01:05','2022-06-23 13:01:05',NULL),(80,5631,75,1,3018099.55,316900.45,2,1,'2022-06-23 13:01:05','2022-06-23 13:01:05',NULL),(81,5631,76,2,280165.29,58834.71,2,1,'2022-06-23 13:01:05','2022-06-23 13:01:05',NULL),(82,5631,77,1,291402.71,30597.29,2,1,'2022-06-23 13:01:05','2022-06-23 13:01:05',NULL),(83,5631,78,1,301809.95,31690.05,2,1,'2022-06-23 13:01:05','2022-06-23 13:01:05',NULL),(84,5631,79,1,3018099.55,316900.45,2,1,'2022-06-23 13:01:05','2022-06-23 13:01:05',NULL),(85,5631,80,2,171900.83,36099.17,2,1,'2022-06-23 13:01:05','2022-06-23 13:01:05',NULL),(86,5631,81,1,296606.33,31143.67,2,1,'2022-06-23 13:01:05','2022-06-23 13:01:05',NULL),(87,5631,82,1,301809.95,31690.05,2,1,'2022-06-23 13:01:05','2022-06-23 13:01:05',NULL),(88,5631,83,1,4662443.44,489556.56,2,1,'2022-06-23 13:01:05','2022-06-23 13:01:05',NULL),(89,5631,84,2,171900.83,36099.17,2,1,'2022-06-23 13:01:34','2022-06-23 13:01:34',NULL),(90,5631,85,1,4657239.82,489010.18,2,1,'2022-06-23 13:01:34','2022-06-23 13:01:34',NULL),(91,5631,86,1,291402.71,30597.29,2,1,'2022-06-23 13:01:34','2022-06-23 13:01:34',NULL),(92,5631,87,2,150000.00,31500.00,2,1,'2022-06-23 13:01:34','2022-06-23 13:01:34',NULL),(93,5631,88,2,171900.83,36099.17,2,1,'2022-06-23 13:01:34','2022-06-23 13:01:34',NULL),(94,5631,89,1,307013.57,32236.43,2,1,'2022-06-23 13:01:34','2022-06-23 13:01:34',NULL);
INSERT INTO `receipt_taxes` VALUES (95,5631,90,2,171900.83,36099.17,2,1,'2022-06-23 13:01:53','2022-06-23 13:01:53',NULL),(96,5631,91,2,100000.00,21000.00,2,1,'2022-06-23 13:01:53','2022-06-23 13:01:53',NULL),(97,5631,92,1,4652036.20,488463.80,2,1,'2022-06-23 13:01:53','2022-06-23 13:01:53',NULL),(98,5631,93,1,304411.76,31963.24,2,1,'2022-06-23 13:01:53','2022-06-23 13:01:53',NULL),(99,5631,94,2,727.27,152.73,2,1,'2022-06-23 13:01:53','2022-06-23 13:01:53',NULL),(100,5631,95,1,307013.57,32236.43,2,1,'2022-06-23 13:01:53','2022-06-23 13:01:53',NULL),(101,5631,96,1,301809.95,31690.05,2,1,'2022-06-23 13:01:54','2022-06-23 13:01:54',NULL),(102,5631,97,1,301809.95,31690.05,2,1,'2022-06-23 13:01:54','2022-06-23 13:01:54',NULL),(103,5631,98,1,293800.90,30849.10,2,1,'2022-06-23 13:01:54','2022-06-23 13:01:54',NULL),(104,5631,99,2,90000.00,18900.00,2,1,'2022-06-23 13:01:54','2022-06-23 13:01:54',NULL),(105,5631,100,2,171900.83,36099.17,2,1,'2022-06-23 13:01:54','2022-06-23 13:01:54',NULL),(106,5631,101,1,296606.33,31143.67,2,1,'2022-06-23 13:02:36','2022-06-23 13:02:36',NULL),(107,5631,102,1,291402.71,30597.29,2,1,'2022-06-23 13:02:36','2022-06-23 13:02:36',NULL),(108,5631,103,2,171900.83,36099.17,2,1,'2022-06-23 13:02:36','2022-06-23 13:02:36',NULL),(109,5631,104,2,90000.00,18900.00,2,1,'2022-06-23 13:02:36','2022-06-23 13:02:36',NULL),(110,5631,105,1,307013.57,32236.43,2,1,'2022-06-23 13:02:36','2022-06-23 13:02:36',NULL),(111,5631,106,1,307013.57,32236.43,2,1,'2022-06-23 13:02:36','2022-06-23 13:02:36',NULL),(112,5631,107,1,34045.25,3574.75,2,1,'2022-06-23 13:02:36','2022-06-23 13:02:36',NULL),(113,5631,108,1,307013.57,32236.43,2,1,'2022-06-23 13:02:36','2022-06-23 13:02:36',NULL),(114,5631,109,1,301809.95,31690.05,2,1,'2022-06-23 13:02:36','2022-06-23 13:02:36',NULL),(115,5631,110,1,389140.27,40859.73,2,1,'2022-06-23 13:02:36','2022-06-23 13:02:36',NULL),(116,5631,111,1,307013.57,32236.43,2,1,'2022-06-23 13:02:37','2022-06-23 13:02:37',NULL),(117,5631,112,1,4662443.44,489556.56,2,1,'2022-06-23 13:02:55','2022-06-23 13:02:55',NULL),(118,5631,113,1,301809.95,31690.05,2,1,'2022-06-23 13:02:55','2022-06-23 13:02:55',NULL),(119,5631,114,2,171900.83,36099.17,2,1,'2022-06-23 13:02:55','2022-06-23 13:02:55',NULL),(120,5631,115,2,125000.00,26250.00,2,1,'2022-06-23 13:02:55','2022-06-23 13:02:55',NULL),(121,5631,116,1,307013.57,32236.43,2,1,'2022-06-23 13:02:55','2022-06-23 13:02:55',NULL),(122,5631,117,1,307013.57,32236.43,2,1,'2022-06-23 13:02:55','2022-06-23 13:02:55',NULL),(123,5631,118,1,301809.95,31690.05,2,1,'2022-06-23 13:02:55','2022-06-23 13:02:55',NULL),(124,5631,119,1,301809.95,31690.05,2,1,'2022-06-23 13:02:55','2022-06-23 13:02:55',NULL),(125,5631,120,1,307013.57,32236.43,2,1,'2022-06-23 13:02:55','2022-06-23 13:02:55',NULL),(126,5631,121,1,301809.95,31690.05,2,1,'2022-06-23 13:02:55','2022-06-23 13:02:55',NULL),(127,5631,122,1,301809.95,31690.05,2,1,'2022-06-23 13:02:55','2022-06-23 13:02:55',NULL),(128,5631,123,2,171900.83,36099.17,2,1,'2022-06-23 13:03:12','2022-06-23 13:03:12',NULL),(129,5631,124,2,140000.00,29400.00,2,1,'2022-06-23 13:03:12','2022-06-23 13:03:12',NULL),(130,5631,125,2,80000.00,16800.00,2,1,'2022-06-23 13:03:12','2022-06-23 13:03:12',NULL),(131,5631,126,1,301809.95,31690.05,2,1,'2022-06-23 13:03:12','2022-06-23 13:03:12',NULL),(132,5631,127,1,307013.57,32236.43,2,1,'2022-06-23 13:03:12','2022-06-23 13:03:12',NULL),(133,5631,128,2,110247.93,23152.07,2,1,'2022-06-23 13:03:12','2022-06-23 13:03:12',NULL),(134,5631,129,1,307013.57,32236.43,2,1,'2022-06-23 13:03:12','2022-06-23 13:03:12',NULL),(135,5631,130,1,301809.95,31690.05,2,1,'2022-06-23 13:03:12','2022-06-23 13:03:12',NULL),(136,5631,131,1,301809.95,31690.05,2,1,'2022-06-23 13:03:12','2022-06-23 13:03:12',NULL),(137,5631,132,1,296606.33,31143.67,2,1,'2022-06-23 13:03:12','2022-06-23 13:03:12',NULL),(138,5631,133,2,356363.64,74836.36,2,1,'2022-06-23 13:03:13','2022-06-23 13:03:13',NULL),(139,5631,134,1,4652036.20,488463.80,2,1,'2022-06-23 13:03:13','2022-06-23 13:03:13',NULL);
INSERT INTO `receipt_taxes` VALUES (140,5631,135,2,80000.00,16800.00,2,1,'2022-06-23 13:03:31','2022-06-23 13:03:31',NULL),(141,5631,136,2,140000.00,29400.00,2,1,'2022-06-23 13:03:31','2022-06-23 13:03:31',NULL),(142,5631,137,2,171900.83,36099.17,2,1,'2022-06-23 13:03:31','2022-06-23 13:03:31',NULL),(143,5631,138,1,307013.57,32236.43,2,1,'2022-06-23 13:03:31','2022-06-23 13:03:31',NULL),(144,5631,139,1,307013.57,32236.43,2,1,'2022-06-23 13:03:31','2022-06-23 13:03:31',NULL),(145,5631,140,1,301809.95,31690.05,2,1,'2022-06-23 13:03:31','2022-06-23 13:03:31',NULL),(146,5631,141,1,307013.57,32236.43,2,1,'2022-06-23 13:03:31','2022-06-23 13:03:31',NULL),(147,5631,142,1,296606.33,31143.67,2,1,'2022-06-23 13:03:31','2022-06-23 13:03:31',NULL),(148,5631,143,1,296606.33,31143.67,2,1,'2022-06-23 13:03:31','2022-06-23 13:03:31',NULL),(149,5631,144,1,307013.57,32236.43,2,1,'2022-06-23 13:03:31','2022-06-23 13:03:31',NULL),(150,5631,145,1,307013.57,32236.43,2,1,'2022-06-23 13:03:31','2022-06-23 13:03:31',NULL),(151,5631,146,2,4958.68,1041.32,2,1,'2022-06-23 13:03:31','2022-06-23 13:03:31',NULL),(152,5631,147,1,307013.57,32236.43,2,1,'2022-06-23 13:03:31','2022-06-23 13:03:31',NULL),(153,5631,148,1,307013.57,32236.43,2,1,'2022-06-23 13:03:32','2022-06-23 13:03:32',NULL),(154,5631,149,1,390271.49,40978.51,2,1,'2022-06-23 13:03:32','2022-06-23 13:03:32',NULL),(155,5631,150,2,355371.90,74628.10,2,1,'2022-06-23 13:03:32','2022-06-23 13:03:32',NULL),(156,5631,151,1,307013.57,32236.43,2,1,'2022-06-23 13:03:32','2022-06-23 13:03:32',NULL),(157,5631,152,1,390271.49,40978.51,2,1,'2022-06-23 13:03:32','2022-06-23 13:03:32',NULL),(158,5631,153,2,353305.79,74194.21,2,1,'2022-06-23 13:03:32','2022-06-23 13:03:32',NULL),(159,5631,154,2,82644.63,17355.37,2,1,'2022-06-23 13:03:48','2022-06-23 13:03:48',NULL),(160,5631,155,2,171900.83,36099.17,2,1,'2022-06-23 13:03:48','2022-06-23 13:03:48',NULL),(161,5631,156,2,90000.00,18900.00,2,1,'2022-06-23 13:03:48','2022-06-23 13:03:48',NULL),(162,5631,157,1,394117.65,41382.35,2,1,'2022-06-23 13:03:48','2022-06-23 13:03:48',NULL),(163,5631,158,1,388235.29,40764.71,2,1,'2022-06-23 13:03:48','2022-06-23 13:03:48',NULL),(164,5631,159,1,392760.18,41239.82,2,1,'2022-06-23 13:03:48','2022-06-23 13:03:48',NULL),(165,5631,160,1,301809.95,31690.05,2,1,'2022-06-23 13:03:48','2022-06-23 13:03:48',NULL),(166,5631,161,1,301809.95,31690.05,2,1,'2022-06-23 13:03:48','2022-06-23 13:03:48',NULL),(167,5631,162,2,1050000.00,220500.00,2,1,'2022-06-23 13:03:48','2022-06-23 13:03:48',NULL),(168,5631,163,1,307013.57,32236.43,2,1,'2022-06-23 13:03:48','2022-06-23 13:03:48',NULL),(169,5631,164,2,171900.83,36099.17,2,1,'2022-06-23 13:04:03','2022-06-23 13:04:03',NULL),(170,5631,165,2,150000.00,31500.00,2,1,'2022-06-23 13:04:03','2022-06-23 13:04:03',NULL),(171,5631,166,1,307013.57,32236.43,2,1,'2022-06-23 13:04:03','2022-06-23 13:04:03',NULL),(172,5631,167,2,1050000.00,220500.00,2,1,'2022-06-23 13:04:03','2022-06-23 13:04:03',NULL),(173,5631,168,1,307013.57,32236.43,2,1,'2022-06-23 13:04:03','2022-06-23 13:04:03',NULL),(174,5631,169,1,301809.95,31690.05,2,1,'2022-06-23 13:04:03','2022-06-23 13:04:03',NULL),(175,5631,170,1,307013.57,32236.43,2,1,'2022-06-23 13:04:03','2022-06-23 13:04:03',NULL),(176,5631,171,1,307013.57,32236.43,2,1,'2022-06-23 13:04:03','2022-06-23 13:04:03',NULL),(177,5631,172,1,296606.33,31143.67,2,1,'2022-06-23 13:04:04','2022-06-23 13:04:04',NULL),(178,5631,173,1,394570.14,41429.86,2,1,'2022-06-23 13:04:04','2022-06-23 13:04:04',NULL),(179,5631,174,1,301809.95,31690.05,2,1,'2022-06-23 13:04:04','2022-06-23 13:04:04',NULL),(180,5631,175,1,393122.17,41277.83,2,1,'2022-06-23 13:04:04','2022-06-23 13:04:04',NULL),(181,5631,176,2,1575000.00,330750.00,2,1,'2022-06-23 13:04:04','2022-06-23 13:04:04',NULL),(182,5631,177,1,5913122.17,620877.83,2,1,'2022-06-23 13:04:04','2022-06-23 13:04:04',NULL),(183,5631,178,2,413223.00,86776.83,2,1,'2022-06-23 13:04:04','2022-06-23 13:04:04',NULL),(184,5631,179,1,1809954.75,190045.25,2,1,'2022-06-23 13:04:04','2022-06-23 13:04:04',NULL);
INSERT INTO `receipt_taxes` VALUES (185,5631,180,1,2714932.13,285067.87,2,1,'2022-06-23 13:04:04','2022-06-23 13:04:04',NULL),(186,5631,181,1,17701.19,1858.62,2,1,'2022-06-23 13:04:54','2022-06-23 13:04:54',NULL),(187,5631,181,7,1416.10,0.00,2,1,'2022-06-23 13:04:54','2022-06-23 13:04:54',NULL),(188,5631,182,2,657.03,137.98,2,1,'2022-06-23 13:04:54','2022-06-23 13:04:54',NULL),(189,5631,183,1,1040723.95,109276.01,2,1,'2022-06-23 13:04:54','2022-06-23 13:04:54',NULL),(190,5631,184,1,1040724.00,109276.02,2,1,'2022-06-23 13:04:54','2022-06-23 13:04:54',NULL),(191,5631,185,2,10280.69,2158.95,2,1,'2022-06-23 13:04:54','2022-06-23 13:04:54',NULL),(192,5631,186,1,6742.12,707.92,2,1,'2022-06-23 13:04:54','2022-06-23 13:04:54',NULL),(193,5631,187,1,117197.00,12305.68,2,1,'2022-06-23 13:04:54','2022-06-23 13:04:54',NULL),(194,5631,187,7,0.01,0.00,2,1,'2022-06-23 13:04:54','2022-06-23 13:04:54',NULL),(195,5631,188,1,1041000.00,109305.00,2,1,'2022-06-23 13:04:54','2022-06-23 13:04:54',NULL),(196,5631,189,2,1490.00,312.90,2,1,'2022-06-23 13:04:54','2022-06-23 13:04:54',NULL),(197,5631,190,1,65159.60,6841.75,2,1,'2022-06-23 13:04:54','2022-06-23 13:04:54',NULL),(198,5631,190,7,0.01,0.00,2,1,'2022-06-23 13:04:54','2022-06-23 13:04:54',NULL),(199,5631,191,1,1014900.00,106564.50,2,1,'2022-06-23 13:04:54','2022-06-23 13:04:54',NULL),(200,5631,192,2,5652.89,1187.10,2,1,'2022-06-23 13:33:01','2022-06-23 13:33:01',NULL),(201,5631,192,8,0.01,0.00,2,1,'2022-06-23 13:33:01','2022-06-23 13:33:01',NULL),(202,5631,193,2,4400.00,924.00,2,1,'2022-06-23 13:33:01','2022-06-23 13:33:01',NULL),(203,5631,193,7,101.20,0.00,2,1,'2022-06-23 13:33:01','2022-06-23 13:33:01',NULL),(204,5631,193,8,4.40,0.00,2,1,'2022-06-23 13:33:01','2022-06-23 13:33:01',NULL),(205,5631,194,1,17701.19,1858.62,2,1,'2022-06-23 13:33:01','2022-06-23 13:33:01',NULL),(206,5631,195,2,32479.34,6820.66,2,1,'2022-06-23 13:33:01','2022-06-23 13:33:01',NULL),(207,5631,196,1,1018099.50,106900.45,2,1,'2022-06-23 13:33:02','2022-06-23 13:33:02',NULL),(208,5631,197,2,1884.29,395.70,2,1,'2022-06-23 13:33:02','2022-06-23 13:33:02',NULL),(209,5631,198,2,4653.73,977.28,2,1,'2022-06-23 13:33:02','2022-06-23 13:33:02',NULL),(210,5631,199,2,29751.24,6247.76,2,1,'2022-06-23 13:33:02','2022-06-23 13:33:02',NULL),(211,5631,200,2,4371.90,918.10,2,1,'2022-06-23 13:33:02','2022-06-23 13:33:02',NULL),(212,5631,201,2,654.54,137.45,2,1,'2022-06-23 13:33:02','2022-06-23 13:33:02',NULL),(213,5631,202,2,3594.21,754.79,2,1,'2022-06-23 13:33:02','2022-06-23 13:33:02',NULL),(214,5631,203,2,1561.98,328.01,2,1,'2022-06-23 13:33:02','2022-06-23 13:33:02',NULL),(215,5631,204,2,2499.25,524.84,2,1,'2022-06-23 13:33:02','2022-06-23 13:33:02',NULL),(216,5631,205,2,2652.97,543.64,2,1,'2022-06-23 13:33:02','2022-06-23 13:33:02',NULL),(217,5631,205,8,77.67,0.00,2,1,'2022-06-23 13:33:02','2022-06-23 13:33:02',NULL),(218,5631,206,1,1008823.50,105926.47,2,1,'2022-06-23 13:33:02','2022-06-23 13:33:02',NULL),(219,5631,207,1,98644.60,10357.68,2,1,'2022-06-23 13:33:02','2022-06-23 13:33:02',NULL),(220,5631,208,1,103350.02,10851.75,2,1,'2022-06-23 13:33:02','2022-06-23 13:33:02',NULL),(221,5631,209,2,1614.87,339.12,2,1,'2022-06-23 13:33:02','2022-06-23 13:33:02',NULL),(222,5631,210,1,1008823.68,105926.49,2,1,'2022-06-23 13:33:02','2022-06-23 13:33:02',NULL),(223,5631,211,1,86879.80,9122.37,2,1,'2022-06-23 13:33:02','2022-06-23 13:33:02',NULL),(224,5631,211,8,0.01,0.00,2,1,'2022-06-23 13:33:02','2022-06-23 13:33:02',NULL),(225,5631,212,2,11637.23,2429.75,2,1,'2022-06-23 13:33:02','2022-06-23 13:33:02',NULL),(226,5631,212,8,377.34,0.00,2,1,'2022-06-23 13:33:02','2022-06-23 13:33:02',NULL),(227,5631,213,2,8676.03,1821.97,2,1,'2022-06-23 13:33:02','2022-06-23 13:33:02',NULL),(228,5631,214,1,1018099.53,106900.45,2,1,'2022-06-23 13:33:02','2022-06-23 13:33:02',NULL),(229,5631,215,1,60137.06,6314.39,2,1,'2022-06-23 13:33:02','2022-06-23 13:33:02',NULL),(230,5631,216,1,81550.00,8562.75,2,1,'2022-06-23 13:33:02','2022-06-23 13:33:02',NULL);
INSERT INTO `receipt_taxes` VALUES (231,5631,217,2,4400.00,924.00,2,1,'2022-06-23 13:33:03','2022-06-23 13:33:03',NULL),(232,5631,217,7,105.60,0.00,2,1,'2022-06-23 13:33:03','2022-06-23 13:33:03',NULL),(233,5631,218,2,4047.93,850.07,2,1,'2022-06-23 13:33:03','2022-06-23 13:33:03',NULL),(234,5631,219,1,116247.25,12205.96,2,1,'2022-06-23 13:33:03','2022-06-23 13:33:03',NULL),(235,5631,220,2,3290.55,691.01,2,1,'2022-06-23 13:33:03','2022-06-23 13:33:03',NULL),(236,5631,221,7,13257.20,0.00,2,1,'2022-06-23 13:33:35','2022-06-23 13:33:35',NULL),(237,5631,222,7,13257.20,0.00,2,1,'2022-06-23 13:33:35','2022-06-23 13:33:35',NULL),(238,5631,223,7,11382.80,0.00,2,1,'2022-06-23 13:33:35','2022-06-23 13:33:35',NULL),(239,5631,224,1,17701.19,1858.62,2,1,'2022-06-23 13:33:35','2022-06-23 13:33:35',NULL),(240,5631,225,2,3966.90,833.05,2,1,'2022-06-23 13:33:35','2022-06-23 13:33:35',NULL),(241,5631,226,1,3610.86,379.14,2,1,'2022-06-23 13:33:35','2022-06-23 13:33:35',NULL),(242,5631,227,2,2350.41,493.59,2,1,'2022-06-23 13:33:35','2022-06-23 13:33:35',NULL),(243,5631,228,1,1018095.30,106900.01,2,1,'2022-06-23 13:33:35','2022-06-23 13:33:35',NULL),(244,5631,229,1,66970.00,7031.85,2,1,'2022-06-23 13:33:35','2022-06-23 13:33:35',NULL),(245,5631,230,2,8663.70,1819.38,2,1,'2022-06-23 13:33:35','2022-06-23 13:33:35',NULL),(246,5631,230,7,259.91,0.00,2,1,'2022-06-23 13:33:35','2022-06-23 13:33:35',NULL),(247,5631,231,2,4958.68,1041.32,2,1,'2022-06-23 13:33:35','2022-06-23 13:33:35',NULL),(248,5631,232,2,2486.48,522.16,2,1,'2022-06-23 13:33:35','2022-06-23 13:33:35',NULL),(249,5631,232,7,74.59,0.00,2,1,'2022-06-23 13:33:35','2022-06-23 13:33:35',NULL),(250,5631,233,2,2272.73,477.27,2,1,'2022-06-23 13:33:35','2022-06-23 13:33:35',NULL),(251,5631,234,1,1018099.53,106900.45,2,1,'2022-06-23 13:33:35','2022-06-23 13:33:35',NULL),(252,5631,235,1,72400.00,7602.00,2,1,'2022-06-23 13:33:35','2022-06-23 13:33:35',NULL),(253,5631,236,2,1116.35,234.43,2,1,'2022-06-23 13:33:35','2022-06-23 13:33:35',NULL),(254,5631,236,7,0.01,0.00,2,1,'2022-06-23 13:33:35','2022-06-23 13:33:35',NULL),(255,5631,237,2,813.06,170.74,2,1,'2022-06-23 13:33:35','2022-06-23 13:33:35',NULL),(256,5631,238,1,1006787.31,105712.67,2,1,'2022-06-23 13:33:35','2022-06-23 13:33:35',NULL),(257,5631,239,2,4296.69,902.31,2,1,'2022-06-23 13:33:35','2022-06-23 13:33:35',NULL),(258,5631,240,2,4905.44,1030.14,2,1,'2022-06-23 13:33:36','2022-06-23 13:33:36',NULL),(259,5631,241,2,6927.61,1454.80,2,1,'2022-06-23 13:33:36','2022-06-23 13:33:36',NULL),(260,5631,242,2,5752.07,1207.93,2,1,'2022-06-23 13:33:36','2022-06-23 13:33:36',NULL),(261,5631,243,2,4414.75,927.10,2,1,'2022-06-23 13:33:36','2022-06-23 13:33:36',NULL),(262,5631,243,7,105.95,0.00,2,1,'2022-06-23 13:33:36','2022-06-23 13:33:36',NULL),(263,5631,244,2,5570.25,1169.75,2,1,'2022-06-23 13:33:36','2022-06-23 13:33:36',NULL),(264,5631,245,2,4859.50,1020.49,2,1,'2022-06-23 13:33:36','2022-06-23 13:33:36',NULL),(265,5631,246,2,3796.77,797.32,2,1,'2022-06-23 13:33:36','2022-06-23 13:33:36',NULL),(266,5631,247,1,1006787.31,105712.67,2,1,'2022-06-23 13:33:36','2022-06-23 13:33:36',NULL),(267,5631,248,7,13257.20,0.00,2,1,'2022-06-23 13:33:49','2022-06-23 13:33:49',NULL),(268,5631,249,7,13257.20,0.00,2,1,'2022-06-23 13:33:49','2022-06-23 13:33:49',NULL),(269,5631,250,7,11382.80,0.00,2,1,'2022-06-23 13:33:49','2022-06-23 13:33:49',NULL),(270,5631,251,1,19913.84,2090.95,2,1,'2022-06-23 13:33:49','2022-06-23 13:33:49',NULL),(271,5631,251,7,796.55,0.00,2,1,'2022-06-23 13:33:49','2022-06-23 13:33:49',NULL),(272,5631,252,1,1006787.31,105712.67,2,1,'2022-06-23 13:33:49','2022-06-23 13:33:49',NULL),(273,5631,253,1,21537.56,2261.44,2,1,'2022-06-23 13:33:49','2022-06-23 13:33:49',NULL),(274,5631,254,2,14619.83,3070.17,2,1,'2022-06-23 13:33:49','2022-06-23 13:33:49',NULL),(275,5631,255,1,1018099.53,106900.45,2,1,'2022-06-23 13:33:49','2022-06-23 13:33:49',NULL),(276,5631,256,1,22623.53,2375.47,2,1,'2022-06-23 13:33:49','2022-06-23 13:33:49',NULL);
INSERT INTO `receipt_taxes` VALUES (277,5631,257,2,2303.48,483.73,2,1,'2022-06-23 13:33:49','2022-06-23 13:33:49',NULL),(278,5631,257,7,92.14,0.00,2,1,'2022-06-23 13:33:49','2022-06-23 13:33:49',NULL),(279,5631,258,2,9190.08,1929.91,2,1,'2022-06-23 13:33:49','2022-06-23 13:33:49',NULL),(280,5631,258,7,0.01,0.00,2,1,'2022-06-23 13:33:49','2022-06-23 13:33:49',NULL),(281,5631,259,2,13900.00,2919.00,2,1,'2022-06-23 13:33:49','2022-06-23 13:33:49',NULL),(282,5631,260,2,16268.59,3416.41,2,1,'2022-06-23 13:33:49','2022-06-23 13:33:49',NULL),(283,5631,261,2,9197.95,1920.19,2,1,'2022-06-23 13:33:49','2022-06-23 13:33:49',NULL),(284,5631,261,7,642.23,0.00,2,1,'2022-06-23 13:33:49','2022-06-23 13:33:49',NULL),(285,5631,262,2,1652.89,347.11,2,1,'2022-06-23 13:33:49','2022-06-23 13:33:49',NULL),(286,5631,263,2,2023.97,425.03,2,1,'2022-06-23 13:33:49','2022-06-23 13:33:49',NULL),(287,5631,264,1,1018099.53,106900.45,2,1,'2022-06-23 13:33:49','2022-06-23 13:33:49',NULL),(288,5631,265,2,2425.80,509.42,2,1,'2022-06-23 13:33:49','2022-06-23 13:33:49',NULL),(289,5631,266,2,1784.88,374.82,2,1,'2022-06-23 13:33:49','2022-06-23 13:33:49',NULL),(290,5631,267,2,7850.41,1648.59,2,1,'2022-06-23 13:33:49','2022-06-23 13:33:49',NULL),(291,5631,268,2,957.85,201.15,2,1,'2022-06-23 13:33:49','2022-06-23 13:33:49',NULL),(292,5631,269,2,706.61,148.39,2,1,'2022-06-23 13:33:49','2022-06-23 13:33:49',NULL),(293,5631,270,1,76969.18,8081.76,2,1,'2022-06-23 13:33:49','2022-06-23 13:33:49',NULL),(294,5631,270,7,1346.96,0.00,2,1,'2022-06-23 13:33:49','2022-06-23 13:33:49',NULL),(295,5631,271,2,5346.25,1122.71,2,1,'2022-06-23 13:33:50','2022-06-23 13:33:50',NULL),(296,5631,271,7,128.32,0.00,2,1,'2022-06-23 13:33:50','2022-06-23 13:33:50',NULL),(297,5631,272,2,5352.00,1123.92,2,1,'2022-06-23 13:33:50','2022-06-23 13:33:50',NULL),(298,5631,272,7,128.44,0.00,2,1,'2022-06-23 13:33:50','2022-06-23 13:33:50',NULL),(299,5631,273,2,1954.55,410.46,2,1,'2022-06-23 13:33:50','2022-06-23 13:33:50',NULL),(300,5631,274,2,5765.90,1210.84,2,1,'2022-06-23 13:33:50','2022-06-23 13:33:50',NULL),(301,5631,275,2,4175.21,876.79,2,1,'2022-06-23 13:33:50','2022-06-23 13:33:50',NULL),(302,5631,276,2,453.72,95.28,2,1,'2022-06-23 13:33:50','2022-06-23 13:33:50',NULL),(303,5631,277,2,3929.75,825.25,2,1,'2022-06-23 13:33:50','2022-06-23 13:33:50',NULL),(304,5631,278,1,1002262.43,105237.56,2,1,'2022-06-23 13:33:50','2022-06-23 13:33:50',NULL),(305,5631,279,2,973.75,204.49,2,1,'2022-06-23 13:33:50','2022-06-23 13:33:50',NULL),(306,5631,280,2,6195.87,1301.13,2,1,'2022-06-23 13:33:50','2022-06-23 13:33:50',NULL),(307,5631,281,2,845.44,177.54,2,1,'2022-06-23 13:33:50','2022-06-23 13:33:50',NULL),(308,5631,281,7,0.01,0.00,2,1,'2022-06-23 13:33:50','2022-06-23 13:33:50',NULL),(309,5631,282,1,177492.39,18636.70,2,1,'2022-06-23 13:33:50','2022-06-23 13:33:50',NULL),(310,5631,282,7,3106.12,0.00,2,1,'2022-06-23 13:33:50','2022-06-23 13:33:50',NULL),(311,5631,283,2,6309.92,1325.08,2,1,'2022-06-23 13:34:03','2022-06-23 13:34:03',NULL),(312,5631,284,1,19913.84,2090.95,2,1,'2022-06-23 13:34:03','2022-06-23 13:34:03',NULL),(313,5631,284,7,796.55,0.00,2,1,'2022-06-23 13:34:03','2022-06-23 13:34:03',NULL),(314,5631,285,7,14612.40,0.00,2,1,'2022-06-23 13:34:03','2022-06-23 13:34:03',NULL),(315,5631,286,7,14612.40,0.00,2,1,'2022-06-23 13:34:03','2022-06-23 13:34:03',NULL),(316,5631,287,7,12555.20,0.00,2,1,'2022-06-23 13:34:03','2022-06-23 13:34:03',NULL),(317,5631,288,2,6610.74,1388.26,2,1,'2022-06-23 13:34:03','2022-06-23 13:34:03',NULL),(318,5631,289,2,1822.56,382.74,2,1,'2022-06-23 13:34:03','2022-06-23 13:34:03',NULL),(319,5631,290,1,1018099.53,106900.45,2,1,'2022-06-23 13:34:03','2022-06-23 13:34:03',NULL),(320,5631,291,2,13351.59,2803.83,2,1,'2022-06-23 13:34:04','2022-06-23 13:34:04',NULL),(321,5631,292,2,6280.99,1319.00,2,1,'2022-06-23 13:34:04','2022-06-23 13:34:04',NULL),(322,5631,292,7,0.01,0.00,2,1,'2022-06-23 13:34:04','2022-06-23 13:34:04',NULL),(323,5631,293,2,2420.52,497.80,2,1,'2022-06-23 13:34:04','2022-06-23 13:34:04',NULL);
INSERT INTO `receipt_taxes` VALUES (324,5631,293,7,167.92,0.00,2,1,'2022-06-23 13:34:04','2022-06-23 13:34:04',NULL),(325,5631,294,1,1006787.31,105712.67,2,1,'2022-06-23 13:34:04','2022-06-23 13:34:04',NULL),(326,5631,295,1,11219.91,1178.09,2,1,'2022-06-23 13:34:04','2022-06-23 13:34:04',NULL),(327,5631,295,7,448.80,0.00,2,1,'2022-06-23 13:34:04','2022-06-23 13:34:04',NULL),(328,5631,296,2,2365.29,496.71,2,1,'2022-06-23 13:34:04','2022-06-23 13:34:04',NULL),(329,5631,297,2,6324.47,1328.14,2,1,'2022-06-23 13:34:04','2022-06-23 13:34:04',NULL),(330,5631,298,1,1018099.53,106900.45,2,1,'2022-06-23 13:34:04','2022-06-23 13:34:04',NULL),(331,5631,299,6,0.00,0.00,2,1,'2022-06-23 13:34:04','2022-06-23 13:34:04',NULL),(332,5631,299,8,3383.49,0.00,2,1,'2022-06-23 13:34:04','2022-06-23 13:34:04',NULL),(333,5631,300,2,13604.87,2791.71,2,1,'2022-06-23 13:34:04','2022-06-23 13:34:04',NULL),(334,5631,300,7,943.00,0.00,2,1,'2022-06-23 13:34:04','2022-06-23 13:34:04',NULL),(335,5631,301,1,1018099.53,106900.45,2,1,'2022-06-23 13:34:04','2022-06-23 13:34:04',NULL),(336,5631,302,7,14612.40,0.00,2,1,'2022-06-23 13:34:18','2022-06-23 13:34:18',NULL),(337,5631,303,7,14612.40,0.00,2,1,'2022-06-23 13:34:18','2022-06-23 13:34:18',NULL),(338,5631,304,7,12555.20,0.00,2,1,'2022-06-23 13:34:18','2022-06-23 13:34:18',NULL),(339,5631,305,2,4414.75,927.10,2,1,'2022-06-23 13:34:18','2022-06-23 13:34:18',NULL),(340,5631,305,7,101.54,0.00,2,1,'2022-06-23 13:34:18','2022-06-23 13:34:18',NULL),(341,5631,305,8,4.41,0.00,2,1,'2022-06-23 13:34:18','2022-06-23 13:34:18',NULL),(342,5631,306,1,22263.69,2337.69,2,1,'2022-06-23 13:34:18','2022-06-23 13:34:18',NULL),(343,5631,306,8,890.55,0.00,2,1,'2022-06-23 13:34:18','2022-06-23 13:34:18',NULL),(344,5631,307,2,5340.50,1121.51,2,1,'2022-06-23 13:34:18','2022-06-23 13:34:18',NULL),(345,5631,307,7,128.17,0.00,2,1,'2022-06-23 13:34:18','2022-06-23 13:34:18',NULL),(346,5631,308,1,1006787.31,105712.67,2,1,'2022-06-23 13:34:18','2022-06-23 13:34:18',NULL),(347,5631,309,2,2966.94,623.06,2,1,'2022-06-23 13:34:18','2022-06-23 13:34:18',NULL),(348,5631,310,2,3339.67,701.33,2,1,'2022-06-23 13:34:18','2022-06-23 13:34:18',NULL),(349,5631,311,1,8596.38,902.62,2,1,'2022-06-23 13:34:18','2022-06-23 13:34:18',NULL),(350,5631,312,2,908.26,190.74,2,1,'2022-06-23 13:34:18','2022-06-23 13:34:18',NULL),(351,5631,313,2,1865.29,391.71,2,1,'2022-06-23 13:34:18','2022-06-23 13:34:18',NULL),(352,5631,314,2,3053.72,641.28,2,1,'2022-06-23 13:34:18','2022-06-23 13:34:18',NULL),(353,5631,315,2,461.16,96.84,2,1,'2022-06-23 13:34:18','2022-06-23 13:34:18',NULL),(354,5631,316,7,6054.35,0.00,2,1,'2022-06-23 13:34:18','2022-06-23 13:34:18',NULL),(355,5631,316,8,6054.35,0.00,2,1,'2022-06-23 13:34:18','2022-06-23 13:34:18',NULL),(356,5631,317,2,2884.30,605.70,2,1,'2022-06-23 13:34:18','2022-06-23 13:34:18',NULL),(357,5631,318,1,1006787.31,105712.67,2,1,'2022-06-23 13:34:18','2022-06-23 13:34:18',NULL),(358,5631,319,2,1088.43,228.57,2,1,'2022-06-23 13:34:18','2022-06-23 13:34:18',NULL),(359,5631,320,1,9578.28,1005.72,2,1,'2022-06-23 13:34:18','2022-06-23 13:34:18',NULL),(360,5631,321,2,2022.36,424.69,2,1,'2022-06-23 13:34:18','2022-06-23 13:34:18',NULL),(361,5631,322,2,1134.70,238.29,2,1,'2022-06-23 13:34:18','2022-06-23 13:34:18',NULL),(362,5631,323,2,1022.28,214.68,2,1,'2022-06-23 13:34:18','2022-06-23 13:34:18',NULL),(363,5631,323,8,40.89,0.00,2,1,'2022-06-23 13:34:18','2022-06-23 13:34:18',NULL),(364,5631,324,1,1006787.31,105712.67,2,1,'2022-06-23 13:34:19','2022-06-23 13:34:19',NULL),(365,5631,325,2,3049.59,640.41,2,1,'2022-06-23 13:34:19','2022-06-23 13:34:19',NULL),(366,5631,326,1,1006787.31,105712.67,2,1,'2022-06-23 13:34:19','2022-06-23 13:34:19',NULL),(367,5631,327,2,5676.86,1192.14,2,1,'2022-06-23 13:34:19','2022-06-23 13:34:19',NULL),(368,5631,328,1,1006787.31,105712.67,2,1,'2022-06-23 13:34:19','2022-06-23 13:34:19',NULL),(369,5631,329,2,4414.75,927.10,2,1,'2022-06-23 13:34:19','2022-06-23 13:34:19',NULL),(370,5631,329,7,105.95,0.00,2,1,'2022-06-23 13:34:19','2022-06-23 13:34:19',NULL);
INSERT INTO `receipt_taxes` VALUES (371,5631,330,7,13553.60,0.00,2,1,'2022-06-23 13:34:19','2022-06-23 13:34:19',NULL),(372,5631,331,7,15686.80,0.00,2,1,'2022-06-23 13:34:19','2022-06-23 13:34:19',NULL),(373,5631,332,7,15686.80,0.00,2,1,'2022-06-23 13:34:19','2022-06-23 13:34:19',NULL),(374,5631,333,1,1006787.31,105712.67,2,1,'2022-06-23 13:34:19','2022-06-23 13:34:19',NULL),(375,5631,334,2,1251.24,262.76,2,1,'2022-06-23 13:34:31','2022-06-23 13:34:31',NULL),(376,5631,335,7,6416.00,0.00,2,1,'2022-06-23 13:34:31','2022-06-23 13:34:31',NULL),(377,5631,336,7,6416.00,0.00,2,1,'2022-06-23 13:34:31','2022-06-23 13:34:31',NULL),(378,5631,337,7,6630.00,0.00,2,1,'2022-06-23 13:34:31','2022-06-23 13:34:31',NULL),(379,5631,338,1,22263.69,2337.69,2,1,'2022-06-23 13:34:31','2022-06-23 13:34:31',NULL),(380,5631,338,7,890.55,0.00,2,1,'2022-06-23 13:34:31','2022-06-23 13:34:31',NULL),(381,5631,339,2,2525.62,530.38,2,1,'2022-06-23 13:34:31','2022-06-23 13:34:31',NULL),(382,5631,340,2,3875.21,813.79,2,1,'2022-06-23 13:34:31','2022-06-23 13:34:31',NULL),(383,5631,341,2,7680.62,1559.14,2,1,'2022-06-23 13:34:31','2022-06-23 13:34:31',NULL),(384,5631,341,7,535.25,0.00,2,1,'2022-06-23 13:34:31','2022-06-23 13:34:31',NULL),(385,5631,342,1,1006787.31,105712.67,2,1,'2022-06-23 13:34:31','2022-06-23 13:34:31',NULL),(386,5631,343,2,3964.46,832.54,2,1,'2022-06-23 13:34:31','2022-06-23 13:34:31',NULL),(387,5631,344,2,1868.17,392.32,2,1,'2022-06-23 13:34:31','2022-06-23 13:34:31',NULL),(388,5631,345,2,2808.26,589.74,2,1,'2022-06-23 13:34:31','2022-06-23 13:34:31',NULL),(389,5631,346,1,1006787.31,105712.67,2,1,'2022-06-23 13:34:31','2022-06-23 13:34:31',NULL),(390,5631,347,1,14570.14,1529.86,2,1,'2022-06-23 13:34:31','2022-06-23 13:34:31',NULL),(391,5631,348,2,1148.76,241.24,2,1,'2022-06-23 13:34:32','2022-06-23 13:34:32',NULL),(392,5631,349,2,2876.00,603.96,2,1,'2022-06-23 13:34:32','2022-06-23 13:34:32',NULL),(393,5631,350,2,14517.44,3048.66,2,1,'2022-06-23 13:34:32','2022-06-23 13:34:32',NULL),(394,5631,351,1,1006787.31,105712.67,2,1,'2022-06-23 13:34:32','2022-06-23 13:34:32',NULL),(395,5631,352,2,1950.40,409.58,2,1,'2022-06-23 13:34:32','2022-06-23 13:34:32',NULL),(396,5631,353,7,8514.00,0.00,2,1,'2022-06-23 13:34:32','2022-06-23 13:34:32',NULL),(397,5631,354,1,117365.43,12323.37,2,1,'2022-06-23 13:34:32','2022-06-23 13:34:32',NULL),(398,5631,354,7,2053.90,0.00,2,1,'2022-06-23 13:34:32','2022-06-23 13:34:32',NULL),(399,5631,355,2,3948.94,806.70,2,1,'2022-06-23 13:34:32','2022-06-23 13:34:32',NULL),(400,5631,355,7,273.20,0.00,2,1,'2022-06-23 13:34:32','2022-06-23 13:34:32',NULL),(401,5631,356,2,8514.00,1787.94,2,1,'2022-06-23 13:34:32','2022-06-23 13:34:32',NULL),(402,5631,356,7,851.40,0.00,2,1,'2022-06-23 13:34:32','2022-06-23 13:34:32',NULL),(403,5631,357,2,2283.47,479.53,2,1,'2022-06-23 13:34:32','2022-06-23 13:34:32',NULL),(404,5631,358,2,8514.00,1787.94,2,1,'2022-06-23 13:34:32','2022-06-23 13:34:32',NULL),(405,5631,359,1,1018099.53,106900.45,2,1,'2022-06-23 13:34:32','2022-06-23 13:34:32',NULL),(406,5631,360,7,15436.80,0.00,2,1,'2022-06-23 13:34:32','2022-06-23 13:34:32',NULL),(407,5631,361,7,15436.80,0.00,2,1,'2022-06-23 13:34:32','2022-06-23 13:34:32',NULL),(408,5631,362,7,13553.60,0.00,2,1,'2022-06-23 13:34:32','2022-06-23 13:34:32',NULL),(409,5631,363,2,5352.00,1123.92,2,1,'2022-06-23 13:34:32','2022-06-23 13:34:32',NULL),(410,5631,363,7,128.44,0.00,2,1,'2022-06-23 13:34:32','2022-06-23 13:34:32',NULL),(411,5631,364,2,4799.88,939.07,2,1,'2022-06-23 13:34:32','2022-06-23 13:34:32',NULL),(412,5631,364,7,326.15,0.00,2,1,'2022-06-23 13:34:32','2022-06-23 13:34:32',NULL),(413,5631,365,2,2243.80,471.20,2,1,'2022-06-23 13:34:32','2022-06-23 13:34:32',NULL),(414,5631,366,1,22263.69,2337.69,2,1,'2022-06-23 13:34:44','2022-06-23 13:34:44',NULL),(415,5631,366,7,890.55,0.00,2,1,'2022-06-23 13:34:44','2022-06-23 13:34:44',NULL),(416,5631,367,1,1006787.31,105712.67,2,1,'2022-06-23 13:34:44','2022-06-23 13:34:44',NULL),(417,5631,368,7,6000.00,0.00,2,1,'2022-06-23 13:34:44','2022-06-23 13:34:44',NULL);
INSERT INTO `receipt_taxes` VALUES (418,5631,369,2,9125.35,1916.32,2,1,'2022-06-23 13:34:44','2022-06-23 13:34:44',NULL),(419,5631,369,7,638.78,0.00,2,1,'2022-06-23 13:34:44','2022-06-23 13:34:44',NULL),(420,5631,370,2,7448.00,1538.16,2,1,'2022-06-23 13:34:44','2022-06-23 13:34:44',NULL),(421,5631,370,7,517.67,0.00,2,1,'2022-06-23 13:34:44','2022-06-23 13:34:44',NULL),(422,5631,371,2,8323.81,1748.00,2,1,'2022-06-23 13:34:44','2022-06-23 13:34:44',NULL),(423,5631,371,7,865.05,0.00,2,1,'2022-06-23 13:34:44','2022-06-23 13:34:44',NULL),(424,5631,372,1,1006787.31,105712.67,2,1,'2022-06-23 13:34:44','2022-06-23 13:34:44',NULL),(425,5631,373,2,6895.79,1448.11,2,1,'2022-06-23 13:34:44','2022-06-23 13:34:44',NULL),(426,5631,374,2,7421.49,1558.51,2,1,'2022-06-23 13:34:44','2022-06-23 13:34:44',NULL),(427,5631,375,2,983.47,206.53,2,1,'2022-06-23 13:34:44','2022-06-23 13:34:44',NULL),(428,5631,376,1,1006787.31,105712.67,2,1,'2022-06-23 13:34:44','2022-06-23 13:34:44',NULL),(429,5631,377,1,1006787.31,105712.67,2,1,'2022-06-23 13:34:45','2022-06-23 13:34:45',NULL),(430,5631,378,2,4259.53,879.15,2,1,'2022-06-23 13:34:45','2022-06-23 13:34:45',NULL),(431,5631,378,7,295.97,0.00,2,1,'2022-06-23 13:34:45','2022-06-23 13:34:45',NULL),(432,5631,379,1,1006787.31,105712.67,2,1,'2022-06-23 13:34:45','2022-06-23 13:34:45',NULL),(433,5631,380,7,2138.00,0.00,2,1,'2022-06-23 13:34:45','2022-06-23 13:34:45',NULL),(434,5631,381,7,2138.00,0.00,2,1,'2022-06-23 13:34:45','2022-06-23 13:34:45',NULL),(435,5631,382,7,2210.00,0.00,2,1,'2022-06-23 13:34:45','2022-06-23 13:34:45',NULL),(436,5631,383,7,20419.00,0.00,2,1,'2022-06-23 13:34:45','2022-06-23 13:34:45',NULL),(437,5631,384,7,18072.00,0.00,2,1,'2022-06-23 13:34:45','2022-06-23 13:34:45',NULL),(438,5631,385,7,20419.00,0.00,2,1,'2022-06-23 13:34:45','2022-06-23 13:34:45',NULL),(439,5631,386,1,1006787.31,105712.67,2,1,'2022-06-23 13:34:45','2022-06-23 13:34:45',NULL),(440,5631,387,2,5340.50,1121.51,2,1,'2022-06-23 13:34:57','2022-06-23 13:34:57',NULL),(441,5631,387,7,122.83,0.00,2,1,'2022-06-23 13:34:57','2022-06-23 13:34:57',NULL),(442,5631,387,8,5.34,0.00,2,1,'2022-06-23 13:34:57','2022-06-23 13:34:57',NULL),(443,5631,388,2,13900.00,2919.00,2,1,'2022-06-23 13:34:57','2022-06-23 13:34:57',NULL),(444,5631,389,1,24633.05,2601.49,2,1,'2022-06-23 13:34:57','2022-06-23 13:34:57',NULL),(445,5631,389,7,985.32,0.00,2,1,'2022-06-23 13:34:57','2022-06-23 13:34:57',NULL),(446,5631,390,2,2891.73,607.27,2,1,'2022-06-23 13:34:57','2022-06-23 13:34:57',NULL),(447,5631,391,1,1006787.31,105712.67,2,1,'2022-06-23 13:34:57','2022-06-23 13:34:57',NULL),(448,5631,392,2,11559.85,2427.57,2,1,'2022-06-23 13:34:57','2022-06-23 13:34:57',NULL),(449,5631,392,7,925.81,0.00,2,1,'2022-06-23 13:34:57','2022-06-23 13:34:57',NULL),(450,5631,393,2,3629.09,762.11,2,1,'2022-06-23 13:34:57','2022-06-23 13:34:57',NULL),(451,5631,394,2,2727.27,572.73,2,1,'2022-06-23 13:34:57','2022-06-23 13:34:57',NULL),(452,5631,395,2,6790.50,1426.01,2,1,'2022-06-23 13:34:57','2022-06-23 13:34:57',NULL),(453,5631,395,7,162.97,0.00,2,1,'2022-06-23 13:34:57','2022-06-23 13:34:57',NULL),(454,5631,396,2,1149.79,241.45,2,1,'2022-06-23 13:34:57','2022-06-23 13:34:57',NULL),(455,5631,397,2,14607.44,3067.56,2,1,'2022-06-23 13:34:57','2022-06-23 13:34:57',NULL),(456,5631,398,2,2529.46,531.19,2,1,'2022-06-23 13:34:57','2022-06-23 13:34:57',NULL),(457,5631,398,7,177.05,0.00,2,1,'2022-06-23 13:34:57','2022-06-23 13:34:57',NULL),(458,5631,399,7,3564.00,0.00,2,1,'2022-06-23 13:34:57','2022-06-23 13:34:57',NULL),(459,5631,400,7,1473.00,0.00,2,1,'2022-06-23 13:34:58','2022-06-23 13:34:58',NULL),(460,5631,401,1,1018099.53,106900.45,2,1,'2022-06-23 13:34:58','2022-06-23 13:34:58',NULL),(461,5631,402,2,2471.07,518.93,2,1,'2022-06-23 13:34:58','2022-06-23 13:34:58',NULL),(462,5631,403,2,2611.57,548.43,2,1,'2022-06-23 13:34:58','2022-06-23 13:34:58',NULL),(463,5631,404,1,1018099.53,106900.45,2,1,'2022-06-23 13:34:58','2022-06-23 13:34:58',NULL);
INSERT INTO `receipt_taxes` VALUES (464,5631,405,2,923.97,194.03,2,1,'2022-06-23 13:34:58','2022-06-23 13:34:58',NULL),(465,5631,406,2,1777.68,373.31,2,1,'2022-06-23 13:34:58','2022-06-23 13:34:58',NULL),(466,5631,407,1,1018099.53,106900.45,2,1,'2022-06-23 13:34:58','2022-06-23 13:34:58',NULL),(467,5631,408,2,879.33,184.66,2,1,'2022-06-23 13:34:58','2022-06-23 13:34:58',NULL),(468,5631,409,1,16674.21,1750.79,2,1,'2022-06-23 13:34:58','2022-06-23 13:34:58',NULL),(469,5631,410,1,22615.38,2374.62,2,1,'2022-06-23 13:34:58','2022-06-23 13:34:58',NULL),(470,5631,411,1,4523.08,474.92,2,1,'2022-06-23 13:34:58','2022-06-23 13:34:58',NULL),(471,5631,412,2,4056.19,851.80,2,1,'2022-06-23 13:34:58','2022-06-23 13:34:58',NULL),(472,5631,413,2,4317.40,906.65,2,1,'2022-06-23 13:34:58','2022-06-23 13:34:58',NULL),(473,5631,414,2,4099.17,860.83,2,1,'2022-06-23 13:34:58','2022-06-23 13:34:58',NULL),(474,5631,415,7,20419.00,0.00,2,1,'2022-06-23 13:34:58','2022-06-23 13:34:58',NULL),(475,5631,416,7,20419.00,0.00,2,1,'2022-06-23 13:34:58','2022-06-23 13:34:58',NULL),(476,5631,417,7,18072.00,0.00,2,1,'2022-06-23 13:34:58','2022-06-23 13:34:58',NULL),(477,5631,418,2,3117.36,654.64,2,1,'2022-06-23 13:34:58','2022-06-23 13:34:58',NULL),(478,5631,419,1,1357534.62,142541.13,2,1,'2022-06-23 13:34:58','2022-06-23 13:34:58',NULL),(479,5631,419,7,0.01,0.00,2,1,'2022-06-23 13:34:58','2022-06-23 13:34:58',NULL),(480,5631,420,1,10677.83,1121.17,2,1,'2022-06-23 13:34:58','2022-06-23 13:34:58',NULL),(481,5631,421,1,10677.83,1121.17,2,1,'2022-06-23 13:34:58','2022-06-23 13:34:58',NULL),(482,5631,422,2,16481.31,3435.03,2,1,'2022-06-23 13:34:58','2022-06-23 13:34:58',NULL),(483,5631,422,7,1149.97,0.00,2,1,'2022-06-23 13:34:58','2022-06-23 13:34:58',NULL),(484,5631,423,1,180307.61,18932.29,2,1,'2022-06-23 13:34:58','2022-06-23 13:34:58',NULL),(485,5631,424,1,324256.80,34046.96,2,1,'2022-06-23 13:34:59','2022-06-23 13:34:59',NULL),(486,5631,425,2,102066.10,21433.88,2,1,'2022-06-23 13:35:12','2022-06-23 13:35:12',NULL),(487,5631,426,1,26204.34,2751.46,2,1,'2022-06-23 13:35:12','2022-06-23 13:35:12',NULL),(488,5631,426,8,1048.17,0.00,2,1,'2022-06-23 13:35:12','2022-06-23 13:35:12',NULL),(489,5631,427,2,1652.07,346.93,2,1,'2022-06-23 13:35:12','2022-06-23 13:35:12',NULL),(490,5631,428,2,3074.37,645.62,2,1,'2022-06-23 13:35:12','2022-06-23 13:35:12',NULL),(491,5631,429,7,1353.00,0.00,2,1,'2022-06-23 13:35:12','2022-06-23 13:35:12',NULL),(492,5631,429,8,1353.00,0.00,2,1,'2022-06-23 13:35:12','2022-06-23 13:35:12',NULL),(493,5631,430,1,1018099.44,106900.44,2,1,'2022-06-23 13:35:12','2022-06-23 13:35:12',NULL),(494,5631,431,2,1297.52,272.48,2,1,'2022-06-23 13:35:12','2022-06-23 13:35:12',NULL),(495,5631,432,2,1982.64,416.35,2,1,'2022-06-23 13:35:12','2022-06-23 13:35:12',NULL),(496,5631,433,1,1018099.53,106900.45,2,1,'2022-06-23 13:35:12','2022-06-23 13:35:12',NULL),(497,5631,434,2,8487.20,1782.31,2,1,'2022-06-23 13:35:12','2022-06-23 13:35:12',NULL),(498,5631,434,8,594.11,0.00,2,1,'2022-06-23 13:35:12','2022-06-23 13:35:12',NULL),(499,5631,435,7,713.00,0.00,2,1,'2022-06-23 13:35:12','2022-06-23 13:35:12',NULL),(500,5631,435,8,713.00,0.00,2,1,'2022-06-23 13:35:12','2022-06-23 13:35:12',NULL),(501,5631,436,2,11232.23,2358.77,2,1,'2022-06-23 13:35:13','2022-06-23 13:35:13',NULL),(502,5631,437,2,11232.23,2358.77,2,1,'2022-06-23 13:35:13','2022-06-23 13:35:13',NULL),(503,5631,438,2,186585.79,39183.01,2,1,'2022-06-23 13:35:13','2022-06-23 13:35:13',NULL),(504,5631,438,8,6530.50,0.00,2,1,'2022-06-23 13:35:13','2022-06-23 13:35:13',NULL),(505,5631,439,2,23800.00,4998.00,2,1,'2022-06-23 13:35:13','2022-06-23 13:35:13',NULL),(506,5631,440,2,5360.58,1125.72,2,1,'2022-06-23 13:35:13','2022-06-23 13:35:13',NULL),(507,5631,441,2,18561.16,3897.84,2,1,'2022-06-23 13:35:13','2022-06-23 13:35:13',NULL),(508,5631,442,2,1223.12,256.85,2,1,'2022-06-23 13:35:13','2022-06-23 13:35:13',NULL),(509,5631,443,1,197122.17,20697.82,2,1,'2022-06-23 13:35:13','2022-06-23 13:35:13',NULL);
INSERT INTO `receipt_taxes` VALUES (510,5631,443,8,0.01,0.00,2,1,'2022-06-23 13:35:13','2022-06-23 13:35:13',NULL),(511,5631,444,2,2119.01,444.99,2,1,'2022-06-23 13:35:13','2022-06-23 13:35:13',NULL),(512,5631,445,2,11293.39,2371.61,2,1,'2022-06-23 13:35:13','2022-06-23 13:35:13',NULL),(513,5631,446,1,1006787.31,105712.67,2,1,'2022-06-23 13:35:13','2022-06-23 13:35:13',NULL),(514,5631,447,2,23146.11,4806.96,2,1,'2022-06-23 13:35:13','2022-06-23 13:35:13',NULL),(515,5631,447,8,1612.55,0.00,2,1,'2022-06-23 13:35:13','2022-06-23 13:35:13',NULL),(516,5631,448,2,5206.00,1093.26,2,1,'2022-06-23 13:35:13','2022-06-23 13:35:13',NULL),(517,5631,449,7,20419.00,0.00,2,1,'2022-06-23 13:35:13','2022-06-23 13:35:13',NULL),(518,5631,450,7,20419.00,0.00,2,1,'2022-06-23 13:35:13','2022-06-23 13:35:13',NULL),(519,5631,451,7,18072.00,0.00,2,1,'2022-06-23 13:35:13','2022-06-23 13:35:13',NULL),(520,5631,452,2,2327.27,488.72,2,1,'2022-06-23 13:35:13','2022-06-23 13:35:13',NULL),(521,5631,453,2,3467.60,728.20,2,1,'2022-06-23 13:35:13','2022-06-23 13:35:13',NULL),(522,5631,454,1,1018099.53,106900.45,2,1,'2022-06-23 13:35:13','2022-06-23 13:35:13',NULL),(523,5631,455,2,575.20,120.79,2,1,'2022-06-23 13:35:13','2022-06-23 13:35:13',NULL),(524,5631,456,2,4109.09,862.91,2,1,'2022-06-23 13:35:13','2022-06-23 13:35:13',NULL),(525,5631,457,2,1800.00,378.00,2,1,'2022-06-23 13:35:24','2022-06-23 13:35:24',NULL),(526,5631,458,2,6096.03,1280.17,2,1,'2022-06-23 13:35:25','2022-06-23 13:35:25',NULL),(527,5631,459,1,26204.34,2751.46,2,1,'2022-06-23 13:35:25','2022-06-23 13:35:25',NULL),(528,5631,459,7,1048.17,0.00,2,1,'2022-06-23 13:35:25','2022-06-23 13:35:25',NULL),(529,5631,460,1,1018099.53,106900.45,2,1,'2022-06-23 13:35:25','2022-06-23 13:35:25',NULL),(530,5631,461,2,16026.45,3365.55,2,1,'2022-06-23 13:35:25','2022-06-23 13:35:25',NULL),(531,5631,462,2,1975.21,414.79,2,1,'2022-06-23 13:35:25','2022-06-23 13:35:25',NULL),(532,5631,463,2,4166.94,875.06,2,1,'2022-06-23 13:35:25','2022-06-23 13:35:25',NULL),(533,5631,464,2,7993.39,1678.61,2,1,'2022-06-23 13:35:25','2022-06-23 13:35:25',NULL),(534,5631,465,2,2140.50,449.51,2,1,'2022-06-23 13:35:25','2022-06-23 13:35:25',NULL),(535,5631,465,7,-0.01,0.00,2,1,'2022-06-23 13:35:25','2022-06-23 13:35:25',NULL),(536,5631,465,8,0.01,0.00,2,1,'2022-06-23 13:35:25','2022-06-23 13:35:25',NULL),(537,5631,466,2,13834.71,2905.29,2,1,'2022-06-23 13:35:25','2022-06-23 13:35:25',NULL),(538,5631,467,2,1966.93,413.06,2,1,'2022-06-23 13:35:25','2022-06-23 13:35:25',NULL),(539,5631,468,2,3608.26,757.74,2,1,'2022-06-23 13:35:25','2022-06-23 13:35:25',NULL),(540,5631,469,2,1814.88,381.12,2,1,'2022-06-23 13:35:25','2022-06-23 13:35:25',NULL),(541,5631,470,2,5618.18,1179.82,2,1,'2022-06-23 13:35:25','2022-06-23 13:35:25',NULL),(542,5631,471,1,1006787.31,105712.67,2,1,'2022-06-23 13:35:25','2022-06-23 13:35:25',NULL),(543,5631,472,2,1357.01,284.97,2,1,'2022-06-23 13:35:25','2022-06-23 13:35:25',NULL),(544,5631,472,7,54.28,0.00,2,1,'2022-06-23 13:35:25','2022-06-23 13:35:25',NULL),(545,5631,473,1,10496.83,1102.17,2,1,'2022-06-23 13:35:25','2022-06-23 13:35:25',NULL),(546,5631,474,2,3950.35,829.57,2,1,'2022-06-23 13:35:25','2022-06-23 13:35:25',NULL),(547,5631,475,2,820.65,172.34,2,1,'2022-06-23 13:35:25','2022-06-23 13:35:25',NULL),(548,5631,476,2,2147.93,451.07,2,1,'2022-06-23 13:35:25','2022-06-23 13:35:25',NULL),(549,5631,477,2,13180.36,2767.88,2,1,'2022-06-23 13:35:25','2022-06-23 13:35:25',NULL),(550,5631,477,7,922.62,0.00,2,1,'2022-06-23 13:35:25','2022-06-23 13:35:25',NULL),(551,5631,478,1,1018099.53,106900.45,2,1,'2022-06-23 13:35:25','2022-06-23 13:35:25',NULL),(552,5631,479,2,15866.94,3332.06,2,1,'2022-06-23 13:35:25','2022-06-23 13:35:25',NULL),(553,5631,480,1,4523.08,474.92,2,1,'2022-06-23 13:35:25','2022-06-23 13:35:25',NULL),(554,5631,481,1,1018099.53,106900.45,2,1,'2022-06-23 13:35:26','2022-06-23 13:35:26',NULL),(555,5631,482,1,4523.08,474.92,2,1,'2022-06-23 13:35:26','2022-06-23 13:35:26',NULL);
INSERT INTO `receipt_taxes` VALUES (556,5631,483,1,14191.86,1490.14,2,1,'2022-06-23 13:35:26','2022-06-23 13:35:26',NULL),(557,5631,484,2,34876.03,7323.97,2,1,'2022-06-23 13:35:26','2022-06-23 13:35:26',NULL),(558,5631,485,2,32810.02,6890.10,2,1,'2022-06-23 13:35:26','2022-06-23 13:35:26',NULL),(559,5631,485,7,1312.41,0.00,2,1,'2022-06-23 13:35:26','2022-06-23 13:35:26',NULL),(560,5631,486,2,4009.09,841.91,2,1,'2022-06-23 13:35:26','2022-06-23 13:35:26',NULL),(561,5631,487,2,8280.17,1738.84,2,1,'2022-06-23 13:35:26','2022-06-23 13:35:26',NULL),(562,5631,488,2,14874.38,3123.62,2,1,'2022-06-23 13:35:26','2022-06-23 13:35:26',NULL),(563,5631,489,2,13611.57,2858.43,2,1,'2022-06-23 13:35:26','2022-06-23 13:35:26',NULL),(564,5631,490,1,6732.19,706.88,2,1,'2022-06-23 13:35:26','2022-06-23 13:35:26',NULL),(565,5631,491,2,1994.83,418.91,2,1,'2022-06-23 13:35:26','2022-06-23 13:35:26',NULL),(566,5631,492,2,3255.69,683.70,2,1,'2022-06-23 13:35:26','2022-06-23 13:35:26',NULL),(567,5631,493,2,2147.93,451.07,2,1,'2022-06-23 13:38:01','2022-06-23 13:38:01',NULL),(568,5631,494,2,16047.38,3337.31,2,1,'2022-06-23 13:38:01','2022-06-23 13:38:01',NULL),(569,5631,494,7,1118.65,0.00,2,1,'2022-06-23 13:38:01','2022-06-23 13:38:01',NULL),(570,5631,495,2,4460.33,936.67,2,1,'2022-06-23 13:38:01','2022-06-23 13:38:01',NULL),(571,5631,496,2,17271.90,3627.10,2,1,'2022-06-23 13:38:01','2022-06-23 13:38:01',NULL),(572,5631,497,1,27776.60,2916.54,2,1,'2022-06-23 13:38:01','2022-06-23 13:38:01',NULL),(573,5631,497,7,1111.06,0.00,2,1,'2022-06-23 13:38:01','2022-06-23 13:38:01',NULL),(574,5631,498,7,3196.00,0.00,2,1,'2022-06-23 13:38:01','2022-06-23 13:38:01',NULL),(575,5631,499,7,21226.00,0.00,2,1,'2022-06-23 13:38:01','2022-06-23 13:38:01',NULL),(576,5631,500,7,18929.00,0.00,2,1,'2022-06-23 13:38:01','2022-06-23 13:38:01',NULL),(577,5631,501,7,21226.00,0.00,2,1,'2022-06-23 13:38:01','2022-06-23 13:38:01',NULL),(578,5631,502,2,7346.28,1542.72,2,1,'2022-06-23 13:38:01','2022-06-23 13:38:01',NULL),(579,5631,503,2,8263.64,1735.36,2,1,'2022-06-23 13:38:01','2022-06-23 13:38:01',NULL),(580,5631,504,2,1683.06,353.44,2,1,'2022-06-23 13:38:01','2022-06-23 13:38:01',NULL),(581,5631,504,8,329.99,0.00,2,1,'2022-06-23 13:38:01','2022-06-23 13:38:01',NULL),(582,5631,505,1,1006787.31,105712.67,2,1,'2022-06-23 13:38:01','2022-06-23 13:38:01',NULL),(583,5631,506,2,6430.17,1350.34,2,1,'2022-06-23 13:38:01','2022-06-23 13:38:01',NULL),(584,5631,507,2,23442.05,4896.02,2,1,'2022-06-23 13:38:02','2022-06-23 13:38:02',NULL),(585,5631,507,7,1637.11,0.00,2,1,'2022-06-23 13:38:02','2022-06-23 13:38:02',NULL),(586,5631,508,2,3938.02,826.98,2,1,'2022-06-23 13:38:02','2022-06-23 13:38:02',NULL),(587,5631,509,2,1793.21,376.57,2,1,'2022-06-23 13:38:02','2022-06-23 13:38:02',NULL),(588,5631,510,2,8263.64,1735.36,2,1,'2022-06-23 13:38:02','2022-06-23 13:38:02',NULL),(589,5631,511,1,1006787.31,105712.67,2,1,'2022-06-23 13:38:02','2022-06-23 13:38:02',NULL),(590,5631,512,2,6884.00,1445.64,2,1,'2022-06-23 13:38:02','2022-06-23 13:38:02',NULL),(591,5631,512,7,165.21,0.00,2,1,'2022-06-23 13:38:02','2022-06-23 13:38:02',NULL),(592,5631,513,2,5340.50,1121.51,2,1,'2022-06-23 13:38:02','2022-06-23 13:38:02',NULL),(593,5631,513,7,128.17,0.00,2,1,'2022-06-23 13:38:02','2022-06-23 13:38:02',NULL),(594,5631,514,2,4612.49,968.62,2,1,'2022-06-23 13:38:02','2022-06-23 13:38:02',NULL),(595,5631,514,7,322.87,0.00,2,1,'2022-06-23 13:38:02','2022-06-23 13:38:02',NULL),(596,5631,515,1,1044000.00,109620.00,2,1,'2022-06-23 13:38:02','2022-06-23 13:38:02',NULL),(597,5631,516,1,14637.61,1619.39,2,1,'2022-06-23 13:38:02','2022-06-23 13:38:02',NULL),(598,5631,516,7,585.50,0.00,2,1,'2022-06-23 13:38:02','2022-06-23 13:38:02',NULL),(599,5631,517,2,500000.00,105000.00,2,1,'2022-06-23 13:38:02','2022-06-23 13:38:02',NULL),(600,5631,518,1,475231.81,49899.34,2,1,'2022-06-23 13:38:02','2022-06-23 13:38:02',NULL),(601,5631,518,7,8316.56,0.00,2,1,'2022-06-23 13:38:02','2022-06-23 13:38:02',NULL);
INSERT INTO `receipt_taxes` VALUES (602,5631,519,2,3239.66,680.33,2,1,'2022-06-23 13:38:02','2022-06-23 13:38:02',NULL),(603,5631,520,2,12462.81,2617.19,2,1,'2022-06-23 13:38:02','2022-06-23 13:38:02',NULL),(604,5631,521,2,7800.48,1638.10,2,1,'2022-06-23 13:38:02','2022-06-23 13:38:02',NULL),(605,5631,521,7,546.03,0.00,2,1,'2022-06-23 13:38:02','2022-06-23 13:38:02',NULL),(606,5631,522,1,430364.66,45188.29,2,1,'2022-06-23 13:38:02','2022-06-23 13:38:02',NULL),(607,5631,522,7,7531.38,0.00,2,1,'2022-06-23 13:38:02','2022-06-23 13:38:02',NULL),(608,5631,523,2,11743.80,2466.20,2,1,'2022-06-23 13:38:02','2022-06-23 13:38:02',NULL),(609,5631,524,2,2206.61,463.39,2,1,'2022-06-23 13:38:02','2022-06-23 13:38:02',NULL),(610,5631,525,2,12395.87,2603.13,2,1,'2022-06-23 13:38:02','2022-06-23 13:38:02',NULL),(611,5631,526,2,4643.80,975.20,2,1,'2022-06-23 13:38:02','2022-06-23 13:38:02',NULL),(612,5631,527,1,1052600.00,110523.00,2,1,'2022-06-23 13:38:02','2022-06-23 13:38:02',NULL),(613,5631,528,1,1007040.00,105739.20,2,1,'2022-06-23 13:38:03','2022-06-23 13:38:03',NULL),(614,5631,529,1,1560730.00,163876.65,2,1,'2022-06-23 13:38:03','2022-06-23 13:38:03',NULL),(615,5631,530,2,1528.93,321.07,2,1,'2022-06-23 13:38:03','2022-06-23 13:38:03',NULL),(616,5631,531,2,1486.78,312.22,2,1,'2022-06-23 13:38:03','2022-06-23 13:38:03',NULL),(617,5631,532,1,484562.89,50879.10,2,1,'2022-06-23 13:38:03','2022-06-23 13:38:03',NULL),(618,5631,532,7,8479.85,0.00,2,1,'2022-06-23 13:38:03','2022-06-23 13:38:03',NULL),(619,5631,533,1,23891.12,2508.57,2,1,'2022-06-23 13:38:03','2022-06-23 13:38:03',NULL),(620,5631,534,1,24434.10,2565.58,2,1,'2022-06-23 13:38:03','2022-06-23 13:38:03',NULL),(621,5631,535,1,1002054.79,105215.75,2,1,'2022-06-23 13:38:03','2022-06-23 13:38:03',NULL),(622,5631,536,1,1000959.79,105100.78,2,1,'2022-06-23 13:38:03','2022-06-23 13:38:03',NULL),(623,5631,537,1,489130.69,51358.72,2,1,'2022-06-23 13:38:03','2022-06-23 13:38:03',NULL),(624,5631,537,7,8559.79,0.00,2,1,'2022-06-23 13:38:03','2022-06-23 13:38:03',NULL),(625,5631,538,2,22314.05,4685.95,2,1,'2022-06-23 13:38:03','2022-06-23 13:38:03',NULL),(626,5631,539,2,3123.97,656.03,2,1,'2022-06-23 13:38:03','2022-06-23 13:38:03',NULL),(627,5631,539,7,124.96,0.00,2,1,'2022-06-23 13:38:03','2022-06-23 13:38:03',NULL),(628,5631,540,2,3304.13,693.87,2,1,'2022-06-23 13:38:03','2022-06-23 13:38:03',NULL),(629,5631,541,1,4872.40,511.60,2,1,'2022-06-23 13:38:03','2022-06-23 13:38:03',NULL),(630,5631,542,1,1800000.00,189000.00,2,1,'2022-06-23 13:38:03','2022-06-23 13:38:03',NULL);

--
-- Table structure for table `receipt_types`
--

CREATE TABLE `receipt_types` (
  `id` int(10) unsigned NOT NULL AUTO_INCREMENT,
  `user_id` int(10) unsigned DEFAULT NULL,
  `created_at` timestamp NULL DEFAULT NULL,
  `updated_at` timestamp NULL DEFAULT NULL,
  `name` varchar(255) COLLATE utf8mb4_unicode_ci NOT NULL,
  `code` varchar(255) COLLATE utf8mb4_unicode_ci DEFAULT NULL,
  `credit` int(11) DEFAULT '0',
  `agroup_iva_module` int(10) unsigned DEFAULT NULL,
  `sell_no_taxabled` int(11) DEFAULT '0',
  `buy_no_taxabled` int(11) DEFAULT '0',
  `iva_condition_id` int(11) DEFAULT NULL,
  `is_fce_pyme` tinyint(1) NOT NULL DEFAULT '0',
  `afip_comprobante_id` int(11) DEFAULT NULL,
  `tipo` varchar(255) COLLATE utf8mb4_unicode_ci DEFAULT NULL,
  `letra` varchar(255) COLLATE utf8mb4_unicode_ci DEFAULT NULL,
  `facta_electronica` int(10) unsigned NOT NULL DEFAULT '0',
  `is_stock_lpg` tinyint(1) NOT NULL DEFAULT '0',
  `show_from_total` tinyint(1) NOT NULL DEFAULT '0',
  `deleted_at` timestamp NULL DEFAULT NULL,
  PRIMARY KEY (`id`)
) ENGINE=InnoDB AUTO_INCREMENT=64 DEFAULT CHARSET=utf8mb4 COLLATE=utf8mb4_unicode_ci;

--
-- Dumping data for table `receipt_types`
--

INSERT INTO `receipt_types` VALUES (1,NULL,NULL,'2019-07-29 22:19:32','Factura A','1',0,1,0,0,2,0,1,'Factura','A',1,0,0,NULL),(2,NULL,NULL,'2019-07-29 22:19:32','Nota de débito A','2',0,1,0,0,2,0,2,'Nota de Débito','A',1,0,0,NULL),(3,NULL,NULL,'2019-07-29 22:19:32','Nota de crédito A','3',1,NULL,0,0,2,0,3,'Nota de Crédito','A',1,0,0,NULL),(4,NULL,NULL,'2021-09-07 18:59:25','Factura B','6',0,2,0,1,2,0,6,'Factura','B',1,0,1,NULL),(5,NULL,NULL,'2021-09-07 18:59:25','Nota de débito B','7',0,2,0,1,2,0,7,'Nota de Débito','B',1,0,1,NULL),(6,NULL,NULL,'2021-09-07 18:59:25','Nota de crédito B','8',1,NULL,0,1,2,0,8,'Nota de Crédito','B',1,0,1,NULL),(7,NULL,NULL,'2019-07-29 22:19:32','Factura C','11',0,0,1,1,1,0,11,'Factura','C',1,0,0,NULL),(8,NULL,NULL,'2019-07-29 22:19:32','Nota de débito C','12',0,0,1,1,1,0,12,'Nota de Débito','C',1,0,0,NULL),(9,NULL,NULL,'2019-07-29 22:19:32','Nota de crédito C','13',1,NULL,1,1,1,0,13,'Nota de Crédito','C',1,0,0,NULL),(10,NULL,NULL,NULL,'RECIBO A','4',0,1,0,0,2,0,4,'RECIBO','A',0,0,0,NULL),(11,NULL,NULL,'2021-09-07 18:59:25','RECIBO B','9',0,2,0,1,2,0,9,'RECIBO','B',0,0,1,NULL),(12,NULL,NULL,NULL,'RECIBO C','15',0,0,1,1,1,0,15,'RECIBO','C',0,0,0,NULL),(13,NULL,NULL,'2020-02-27 02:46:40','Factura E','19',0,0,1,0,2,0,19,'Factura','E',0,0,0,NULL),(14,NULL,NULL,'2020-02-27 02:46:40','Nota de débito E','20',0,0,1,0,2,0,20,'Nota de Débito','E',0,0,0,NULL),(15,NULL,NULL,'2020-02-27 02:46:40','Nota de Crédito E','21',1,NULL,1,0,2,0,21,'Nota de Crédito','E',0,0,0,NULL),(16,NULL,NULL,'2021-09-16 15:51:23','Factura M','51',0,1,0,0,2,0,51,'Factura','M',1,0,0,NULL),(17,NULL,NULL,'2020-02-27 02:46:40','Despacho de Importacion','66',0,NULL,0,0,0,0,66,NULL,NULL,0,0,0,NULL),(18,NULL,NULL,'2021-09-16 15:51:23','Nota de Credito M','53',1,NULL,0,0,2,0,53,'Nota de Crédito','M',1,0,0,NULL),(19,NULL,NULL,'2021-09-16 15:51:23','Nota de Debito M','52',1,1,0,0,2,0,52,'Nota de Débito','M',1,0,0,NULL),(20,NULL,NULL,NULL,'Recibo M','54',0,1,0,0,2,0,54,'RECIBO','M',0,0,0,NULL),(21,NULL,NULL,NULL,'Recibo E',NULL,1,0,1,0,2,0,NULL,'RECIBO','E',0,0,0,NULL),(22,NULL,'2019-05-14 21:22:16','2021-09-07 18:59:24','Liquidacion Primaria de Granos','33',0,1,0,0,2,0,33,'Liquidacion Primaria de Granos','A',0,1,0,NULL),(23,NULL,'2019-11-05 19:00:05','2019-11-05 19:00:05','FACTURA DE CRÉDITO ELECTRÓNICA MiPyMEs (FCE) A','201',0,1,0,0,2,1,201,'FACTURA DE CRÉDITO ELECTRÓNICA MiPyMEs (FCE)','A',1,0,0,NULL),(24,NULL,'2019-11-05 19:00:05','2019-11-05 19:00:05','NOTA DE DEBITO ELECTRÓNICA MiPyMEs (FCE) A','202',0,1,0,0,2,1,202,'NOTA DEBITO DE CRÉDITO ELECTRÓNICA MiPyMEs (FCE)','A',1,0,0,NULL),(25,NULL,'2019-11-05 19:00:05','2019-11-05 19:00:05','NOTA DE CREDITO ELECTRÓNICA MiPyMEs (FCE) A','203',1,NULL,0,0,2,1,203,'NOTA CREDITO DE CRÉDITO ELECTRÓNICA MiPyMEs (FCE)','A',1,0,0,NULL),(26,NULL,'2019-11-05 19:00:05','2021-09-07 18:59:25','FACTURA DE CRÉDITO ELECTRÓNICA MiPyMEs (FCE) B','206',0,2,0,1,2,1,206,'FACTURA DE CRÉDITO ELECTRÓNICA MiPyMEs (FCE)','B',1,0,1,NULL),(27,NULL,'2019-11-05 19:00:05','2021-09-07 18:59:25','NOTA DE DEBITO ELECTRÓNICA MiPyMEs (FCE) B','207',0,2,0,1,2,1,207,'NOTA DEBITO DE CRÉDITO ELECTRÓNICA MiPyMEs (FCE)','B',1,0,1,NULL),(28,NULL,'2019-11-05 19:00:05','2021-09-07 18:59:25','NOTA DE CREDITO ELECTRÓNICA MiPyMEs (FCE) B','208',1,NULL,0,1,2,1,208,'NOTA CREDITO DE CRÉDITO ELECTRÓNICA MiPyMEs (FCE)','B',1,0,1,NULL),(29,NULL,'2019-11-05 19:00:05','2019-11-05 19:00:05','FACTURA DE CRÉDITO ELECTRÓNICA MiPyMEs (FCE) C','211',0,0,1,1,1,1,211,'FACTURA DE CRÉDITO ELECTRÓNICA MiPyMEs (FCE)','C',1,0,0,NULL),(30,NULL,'2019-11-05 19:00:05','2019-11-05 19:00:05','NOTA DE DEBITO ELECTRÓNICA MiPyMEs (FCE) C','212',0,0,1,1,1,1,212,'NOTA DEBITO DE CRÉDITO ELECTRÓNICA MiPyMEs (FCE)','C',1,0,0,NULL),(31,NULL,'2019-11-05 19:00:05','2019-11-05 19:00:05','NOTA DE CRÉDITO ELECTRÓNICA MiPyMEs (FCE) C','213',1,NULL,1,1,1,1,213,'NOTA CREDITO DE CRÉDITO ELECTRÓNICA MiPyMEs (FCE)','C',1,0,0,NULL);
INSERT INTO `receipt_types` VALUES (32,NULL,'2020-01-28 01:59:55','2021-09-07 18:59:25','Tique (Informe Diario Z)','83',0,2,0,0,2,0,83,'Cierre Diario Informe Z','Z',0,0,1,NULL),(33,NULL,'2020-02-19 04:48:11','2020-02-19 04:48:11','Comprobantes de Compra de Bienes No Registrables a Consumidores Finales','49',0,1,0,0,2,0,49,'Comprobantes de Compra de Bienes No Registrables','a Consumidores Finales',0,0,0,NULL),(34,NULL,'2021-09-07 18:59:19','2022-08-17 11:22:02','Cuenta de Venta y Líquido Producto A','60',0,1,0,0,2,1,60,'Cuentas de Venta y Liquido Producto A','A',1,0,0,NULL),(35,NULL,'2021-09-07 18:59:19','2022-08-17 11:22:02','Cuenta de Venta y Líquido Producto B','61',0,2,0,1,2,1,61,'Cuentas de Venta y Liquido Producto B','B',1,0,1,NULL),(36,NULL,'2021-09-07 18:59:19','2021-09-07 18:59:25','Liquidaciones A','63',0,1,0,0,2,1,63,'Liquidaciones A','A',1,0,0,NULL),(37,NULL,'2021-09-07 18:59:19','2021-09-07 18:59:25','Liquidaciones B','64',0,2,0,1,2,1,64,'Liquidaciones B','B',1,0,1,NULL),(38,NULL,'2021-09-07 18:59:25','2021-09-07 18:59:28','Tique Factura A','81',0,1,0,0,2,1,81,'Tique Factura','A',0,0,0,NULL),(39,NULL,'2021-09-07 18:59:25','2021-09-07 18:59:28','Tique Factura B','82',0,2,0,1,2,1,82,'Tique Factura','B',0,0,1,NULL),(40,NULL,'2021-09-07 18:59:25','2021-09-07 18:59:29','OTROS COMPROBANTES QUE NO CUMPLEN O ESTÁN EXCEPTUADOS DE LA R.G. 1415 Y SUS MODIF','99',0,1,1,1,1,1,99,'OTROS COMPROBANTES QUE NO CUMPLEN O ESTÁN EXCEPTUADOS DE LA R.G. 1415 Y SUS MODIF ','OTROS',0,0,0,NULL),(41,NULL,'2021-09-07 18:59:25','2021-09-07 18:59:25','Liquidacion de Compra A - Sector Pecuario','183',0,1,0,0,2,0,183,'Liquidacion de Compra','A',0,0,0,NULL),(42,NULL,'2021-09-07 18:59:25','2021-09-07 18:59:25','Liquidacion de Compra B - Sector Pecuario','185',0,2,0,1,2,0,185,'Liquidacion de Compra','B',0,0,1,NULL),(43,NULL,'2021-09-07 18:59:26','2021-09-07 18:59:28','Liquidacion de Venta Directa A - Sector Pecuario','190',0,1,0,0,2,1,190,'Liquidacion de Venta Directa','A',0,0,0,NULL),(44,NULL,'2021-09-07 18:59:26','2021-09-07 18:59:28','Liquidacion de Venta Directa B - Sector Pecuario','191',0,2,0,1,2,1,191,'Liquidacion de Venta Directa','B',0,0,0,NULL),(45,NULL,'2021-09-07 18:59:28','2021-09-07 18:59:28','Liquidacion Secundaria de Granos','331',0,1,0,0,2,1,331,'Liquidacion Secundaria de Granos','LSG',0,0,0,NULL),(46,NULL,'2021-09-07 18:59:28','2021-09-07 18:59:28','Certificado de Deposito','332',0,1,0,0,2,1,332,'Certificado de Deposito','CD',0,0,0,NULL),(47,NULL,'2021-09-07 18:59:28','2021-09-07 18:59:28','Liquidacion de Servicios Publicos Clase A','17',0,1,0,0,2,1,17,'Liquidacion de Servicios Publicos Clase A','LSPCA',0,0,0,NULL),(48,NULL,'2021-09-07 18:59:29','2021-09-07 18:59:29','Liquidacion de Servicios Publicos Clase B','18',0,2,0,1,2,1,18,'Liquidacion de Servicios Publicos Clase B','LSPCA',1,0,0,NULL),(49,NULL,NULL,NULL,'Factura Clase T','195',0,1,0,0,2,0,195,'Factura Clase T','T',0,0,0,NULL),(50,NULL,NULL,NULL,'Nota de Debito Clase T','196',0,1,0,0,2,0,196,'Factura Clase T','T',0,0,0,NULL),(51,NULL,NULL,NULL,'Nota de Credito Clase T','197',1,NULL,0,0,2,0,197,'Factura Clase T','T',0,0,0,NULL),(52,NULL,NULL,'2022-08-17 11:22:02','Cuenta de Venta y Líquido Producto A - Sector Pecuario','180',0,1,0,0,2,0,180,'Cuenta de Venta y Líquido Producto A','A',0,0,0,NULL),(53,NULL,NULL,'2022-08-17 11:22:02','Cuenta de Venta y Líquido Producto B - Sector Pecuario','182',0,2,0,1,2,0,182,'Cuenta de Venta y Líquido Producto B','B',0,0,0,NULL),(54,NULL,NULL,NULL,'Liquidación de Compra A','183',0,1,0,0,2,0,183,'Liquidación de Compra A ','A',0,0,0,NULL),(55,NULL,NULL,NULL,'Liquidación de Compra B','185',0,2,0,1,2,0,185,'Liquidación de Compra B ','B',0,0,0,NULL),(56,NULL,NULL,NULL,'Liquidación de Compra Directa A','186',0,1,0,0,2,0,186,'Liquidación de Compra Directa A','A',0,0,0,NULL),(57,NULL,NULL,NULL,'Liquidación de Compra Directa B','188',0,2,0,1,2,0,188,'Liquidación de Compra Directa B ','B',0,0,0,NULL);
INSERT INTO `receipt_types` VALUES (58,NULL,NULL,NULL,'Liquidación de Compra Directa C','189',0,0,1,1,1,0,189,'Liquidación de Compra Directa C ','C',0,0,0,NULL),(59,NULL,NULL,NULL,'Liquidación de Venta Directa A','190',0,1,0,0,2,0,190,'Liquidación de Venta Directa A','A',0,0,0,NULL),(60,NULL,NULL,NULL,'Liquidación de Venta Directa B','191',0,2,0,1,2,0,191,'Liquidación de Venta Directa B ','B',0,0,0,NULL),(61,NULL,NULL,NULL,'Tique Factura C','109',0,0,0,1,1,0,109,NULL,'C',1,0,0,NULL),(62,NULL,NULL,NULL,'Tique Nota de Débito A','115',0,1,0,0,2,0,115,'Tique Nota de Débito A','A',1,0,0,NULL),(63,NULL,NULL,NULL,'Tique Nota de Crédito C','114',1,0,1,1,1,0,114,'Tique Nota de Crédito C','C',1,0,0,NULL);

--
-- Table structure for table `receipts`
--

CREATE TABLE `receipts` (
  `id` int(10) unsigned NOT NULL AUTO_INCREMENT,
  `user_id` int(10) unsigned DEFAULT NULL,
  `type_id` int(10) unsigned NOT NULL,
  `type_receipt_id` int(10) unsigned DEFAULT NULL,
  `comprobanteAfip` int(11) DEFAULT NULL,
  `fact_elec_receipt_id` int(10) unsigned DEFAULT NULL,
  `period_id` int(10) unsigned NOT NULL,
  `zone_id` int(10) unsigned DEFAULT NULL,
  `plan_cuenta_id` int(10) unsigned DEFAULT NULL,
  `conta_centro_costo_id` bigint(20) unsigned DEFAULT NULL,
  `activity_id` int(10) unsigned DEFAULT NULL,
  `iva_creditos_tipo_id` int(10) unsigned NOT NULL DEFAULT '1',
  `retention_type_id` int(10) unsigned DEFAULT NULL,
  `dc_orden_id` bigint(20) unsigned DEFAULT NULL,
  `person_id_owner` int(10) unsigned NOT NULL,
  `person_id_relationed` int(10) unsigned DEFAULT NULL,
  `number` int(8) unsigned zerofill DEFAULT NULL,
  `hasta` int(8) unsigned zerofill DEFAULT NULL,
  `reference` int(11) DEFAULT NULL,
  `receipt_date` date DEFAULT NULL,
  `expiration_date` date DEFAULT NULL,
  `code_ticket` int(4) unsigned zerofill DEFAULT NULL,
  `status_id` int(10) unsigned DEFAULT NULL,
  `tax_account_id` int(10) unsigned DEFAULT NULL,
  `amount` decimal(16,2) NOT NULL,
  `pendiente` decimal(10,2) NOT NULL DEFAULT '0.00',
  `moneda_id` int(10) unsigned NOT NULL DEFAULT '1',
  `cotizacion` decimal(9,2) NOT NULL DEFAULT '1.00',
  `file` varchar(255) COLLATE utf8mb4_unicode_ci DEFAULT NULL,
  `created_at` timestamp NULL DEFAULT NULL,
  `updated_at` timestamp NULL DEFAULT NULL,
  `deleted_at` timestamp NULL DEFAULT NULL,
  PRIMARY KEY (`id`),
  KEY `receipts_type_id_foreign` (`type_id`),
  KEY `receipts_type_receipt_id_foreign` (`type_receipt_id`),
  KEY `receipts_tax_account_id_foreign` (`tax_account_id`),
  KEY `receipts_zone_id_foreign` (`zone_id`),
  KEY `receipts_activity_id_foreign` (`activity_id`),
  KEY `receipts_retention_type_id_foreign` (`retention_type_id`),
  KEY `receipts_status_id_foreign` (`status_id`),
  KEY `receipts_person_id_owner_foreign` (`person_id_owner`),
  KEY `receipts_person_id_relationed_foreign` (`person_id_relationed`),
  KEY `receipts_period_id_foreign` (`period_id`),
  KEY `receipts_plan_cuenta_id_foreign` (`plan_cuenta_id`),
  KEY `receipts_fact_elec_receipt_id_foreign` (`fact_elec_receipt_id`),
  KEY `receipts_iva_creditos_tipo_id_foreign` (`iva_creditos_tipo_id`),
  KEY `receipts_conta_centro_costo_id_foreign` (`conta_centro_costo_id`),
  KEY `receipts_dc_orden_id_foreign` (`dc_orden_id`),
  KEY `receipts_moneda_id_foreign` (`moneda_id`),
  CONSTRAINT `receipts_activity_id_foreign` FOREIGN KEY (`activity_id`) REFERENCES `activities` (`id`),
  CONSTRAINT `receipts_conta_centro_costo_id_foreign` FOREIGN KEY (`conta_centro_costo_id`) REFERENCES `conta_centro_costos` (`id`),
  CONSTRAINT `receipts_dc_orden_id_foreign` FOREIGN KEY (`dc_orden_id`) REFERENCES `dc_ordenes` (`id`),
  CONSTRAINT `receipts_fact_elec_receipt_id_foreign` FOREIGN KEY (`fact_elec_receipt_id`) REFERENCES `fact_elec_receipts` (`id`),
  CONSTRAINT `receipts_iva_creditos_tipo_id_foreign` FOREIGN KEY (`iva_creditos_tipo_id`) REFERENCES `iva_creditos_tipos` (`id`),
  CONSTRAINT `receipts_moneda_id_foreign` FOREIGN KEY (`moneda_id`) REFERENCES `monedas` (`id`),
  CONSTRAINT `receipts_period_id_foreign` FOREIGN KEY (`period_id`) REFERENCES `periods` (`id`),
  CONSTRAINT `receipts_person_id_owner_foreign` FOREIGN KEY (`person_id_owner`) REFERENCES `persons` (`id`),
  CONSTRAINT `receipts_person_id_relationed_foreign` FOREIGN KEY (`person_id_relationed`) REFERENCES `persons` (`id`),
  CONSTRAINT `receipts_plan_cuenta_id_foreign` FOREIGN KEY (`plan_cuenta_id`) REFERENCES `conta_plan_cuenta` (`id`),
  CONSTRAINT `receipts_retention_type_id_foreign` FOREIGN KEY (`retention_type_id`) REFERENCES `retention_types` (`id`),
  CONSTRAINT `receipts_status_id_foreign` FOREIGN KEY (`status_id`) REFERENCES `status` (`id`),
  CONSTRAINT `receipts_tax_account_id_foreign` FOREIGN KEY (`tax_account_id`) REFERENCES `tax_accounts` (`id`),
  CONSTRAINT `receipts_type_id_foreign` FOREIGN KEY (`type_id`) REFERENCES `types` (`id`),
  CONSTRAINT `receipts_type_receipt_id_foreign` FOREIGN KEY (`type_receipt_id`) REFERENCES `receipt_types` (`id`),
  CONSTRAINT `receipts_zone_id_foreign` FOREIGN KEY (`zone_id`) REFERENCES `zones` (`id`)
) ENGINE=InnoDB AUTO_INCREMENT=543 DEFAULT CHARSET=utf8mb4 COLLATE=utf8mb4_unicode_ci;

--
-- Dumping data for table `receipts`
--

INSERT INTO `receipts` VALUES (1,5631,2,1,NULL,NULL,1515,22,217,NULL,814,1,NULL,NULL,40720,40721,00001854,NULL,NULL,'2021-01-03','2021-01-03',0002,1,NULL,8457.08,8457.08,1,1.00,NULL,'2021-11-19 16:39:55','2021-11-19 16:39:55',NULL),(2,5631,2,7,NULL,NULL,1515,22,250,NULL,814,1,NULL,NULL,40720,40722,00000086,NULL,NULL,'2021-01-11','2021-01-11',0003,1,NULL,281561.10,281561.10,1,1.00,NULL,'2021-11-19 16:39:55','2021-11-19 16:39:55',NULL),(3,5631,2,7,NULL,NULL,1515,22,250,NULL,814,1,NULL,NULL,40720,40722,00000088,NULL,NULL,'2021-01-21','2021-01-21',0003,1,NULL,50260.00,50260.00,1,1.00,NULL,'2021-11-19 16:39:55','2021-11-19 16:39:55',NULL),(4,5631,2,7,NULL,NULL,1515,22,250,NULL,814,1,NULL,NULL,40720,40722,00000087,NULL,NULL,'2021-01-21','2021-01-21',0003,1,NULL,175554.90,175554.90,1,1.00,NULL,'2021-11-19 16:39:55','2021-11-19 16:39:55',NULL),(5,5631,2,7,NULL,NULL,1515,22,250,NULL,814,1,NULL,NULL,40720,40722,00000089,NULL,NULL,'2021-01-25','2021-01-25',0003,1,NULL,22820.00,22820.00,1,1.00,NULL,'2021-11-19 16:39:55','2021-11-19 16:39:55',NULL),(6,5631,2,1,NULL,NULL,1515,22,217,NULL,814,1,NULL,NULL,40720,40723,00349718,NULL,NULL,'2021-01-25','2021-01-25',2470,1,NULL,1098.52,1098.52,1,1.00,NULL,'2021-11-19 16:39:55','2021-11-19 16:39:55',NULL),(7,5631,1,4,NULL,NULL,1515,22,NULL,NULL,814,1,NULL,NULL,40720,40724,00000052,NULL,NULL,'2021-01-14','2021-01-14',0002,1,NULL,574639.35,574639.35,1,1.00,NULL,'2021-11-24 08:27:46','2021-11-24 08:27:46',NULL),(8,5631,1,4,NULL,NULL,1518,22,NULL,NULL,814,1,NULL,NULL,40720,40724,00000055,NULL,NULL,'2021-04-12','2021-04-12',0002,1,NULL,38925.26,38925.26,1,1.00,NULL,'2021-11-24 08:28:05','2021-11-24 08:28:05',NULL),(9,5631,1,4,NULL,NULL,1522,22,NULL,NULL,814,1,NULL,NULL,40720,40724,00000059,NULL,NULL,'2021-08-19','2021-08-19',0002,1,NULL,31022.75,31022.75,1,1.00,NULL,'2021-11-24 08:28:18','2021-11-24 08:28:18',NULL),(10,5631,1,1,NULL,NULL,1522,22,NULL,NULL,814,1,NULL,NULL,40720,40725,00000146,NULL,NULL,'2021-08-20','2021-08-20',0002,1,NULL,76597.84,76597.84,1,1.00,NULL,'2021-11-24 08:28:18','2021-11-24 08:28:18',NULL),(11,5631,1,1,NULL,NULL,1522,22,NULL,NULL,814,1,NULL,NULL,40720,40725,00000147,NULL,NULL,'2021-08-20','2021-08-20',0002,1,NULL,32383.23,32383.23,1,1.00,NULL,'2021-11-24 08:28:18','2021-11-24 08:28:18',NULL),(12,5631,1,1,NULL,NULL,1522,22,NULL,NULL,814,1,NULL,NULL,40720,40726,00000148,NULL,NULL,'2021-08-31','2021-08-31',0002,1,NULL,32912.00,32912.00,1,1.00,NULL,'2021-11-24 08:28:18','2021-11-24 08:28:18',NULL),(13,5631,1,4,NULL,NULL,1516,22,NULL,NULL,814,1,NULL,NULL,40720,40724,00000053,NULL,NULL,'2021-02-17','2021-02-17',0002,1,NULL,35416.00,35416.00,1,1.00,NULL,'2021-11-24 08:28:32','2021-11-24 08:28:32',NULL),(14,5631,1,4,NULL,NULL,1516,22,NULL,NULL,814,1,NULL,NULL,40720,40724,00000054,NULL,NULL,'2021-02-17','2021-02-17',0002,1,NULL,26562.00,26562.00,1,1.00,NULL,'2021-11-24 08:28:32','2021-11-24 08:28:32',NULL),(15,5631,1,1,NULL,NULL,1516,22,NULL,NULL,814,1,NULL,NULL,40720,40727,00000144,NULL,NULL,'2021-02-26','2021-02-26',0002,1,NULL,128260.00,128260.00,1,1.00,NULL,'2021-11-24 08:28:32','2021-11-24 08:28:32',NULL),(16,5631,1,4,NULL,NULL,1521,22,NULL,NULL,814,1,NULL,NULL,40720,40724,00000056,NULL,NULL,'2021-07-19','2021-07-19',0002,1,NULL,492.00,492.00,1,1.00,NULL,'2021-11-24 08:28:47','2021-11-24 08:28:47',NULL),(17,5631,1,4,NULL,NULL,1521,22,NULL,NULL,814,1,NULL,NULL,40720,40724,00000057,NULL,NULL,'2021-07-19','2021-07-19',0002,1,NULL,47340.24,47340.24,1,1.00,NULL,'2021-11-24 08:28:47','2021-11-24 08:28:47',NULL),(18,5631,1,4,NULL,NULL,1521,22,NULL,NULL,814,1,NULL,NULL,40720,40724,00000058,NULL,NULL,'2021-07-19','2021-07-19',0002,1,NULL,192440.00,192440.00,1,1.00,NULL,'2021-11-24 08:28:47','2021-11-24 08:28:47',NULL),(19,5631,1,6,NULL,NULL,1521,22,NULL,NULL,814,1,NULL,NULL,40720,40724,00000007,NULL,NULL,'2021-07-19','2021-07-19',0002,1,NULL,492.00,492.00,1,1.00,NULL,'2021-11-24 08:28:48','2021-11-24 08:28:48',NULL);
INSERT INTO `receipts` VALUES (20,5631,1,1,NULL,NULL,1521,22,NULL,NULL,814,1,NULL,NULL,40720,40725,00000145,NULL,NULL,'2021-07-23','2021-07-23',0002,1,NULL,1167650.00,1167650.00,1,1.00,NULL,'2021-11-24 08:28:48','2021-11-24 08:28:48',NULL),(21,5631,1,1,NULL,NULL,1523,22,NULL,NULL,814,1,NULL,NULL,40720,40726,00000149,NULL,NULL,'2021-09-08','2021-09-08',0002,1,NULL,326899.65,326899.65,1,1.00,NULL,'2021-11-24 08:29:05','2021-11-24 08:29:05',NULL),(22,5631,2,7,NULL,NULL,1518,22,250,NULL,814,1,NULL,NULL,40720,40722,00000097,NULL,NULL,'2021-04-09','2021-04-09',0003,1,NULL,26960.80,26960.80,1,1.00,NULL,'2021-11-24 08:29:32','2021-11-24 08:29:32',NULL),(23,5631,2,9,NULL,NULL,1518,22,250,NULL,814,1,NULL,NULL,40720,40722,00000008,NULL,NULL,'2021-04-22','2021-04-22',0003,1,NULL,26960.80,26960.80,1,1.00,NULL,'2021-11-24 08:29:32','2021-11-24 08:29:32',NULL),(24,5631,2,1,NULL,NULL,1516,22,217,NULL,814,1,NULL,NULL,40720,40721,00001910,NULL,NULL,'2021-02-01','2021-02-01',0002,1,NULL,8457.08,8457.08,1,1.00,NULL,'2021-11-24 08:30:27','2021-11-24 08:30:27',NULL),(25,5631,2,7,NULL,NULL,1516,22,250,NULL,814,1,NULL,NULL,40720,40722,00000092,NULL,NULL,'2021-02-10','2021-02-10',0003,1,NULL,19745.40,19745.40,1,1.00,NULL,'2021-11-24 08:30:27','2021-11-24 08:30:27',NULL),(26,5631,2,7,NULL,NULL,1516,22,250,NULL,814,1,NULL,NULL,40720,40722,00000094,NULL,NULL,'2021-02-10','2021-02-10',0003,1,NULL,12440.00,12440.00,1,1.00,NULL,'2021-11-24 08:30:27','2021-11-24 08:30:27',NULL),(27,5631,2,7,NULL,NULL,1516,22,250,NULL,814,1,NULL,NULL,40720,40728,00000044,NULL,NULL,'2021-02-18','2021-02-18',0002,1,NULL,700.00,700.00,1,1.00,NULL,'2021-11-24 08:30:27','2021-11-24 08:30:27',NULL),(28,5631,2,7,NULL,NULL,1521,22,250,NULL,814,1,NULL,NULL,40720,40722,00000112,NULL,NULL,'2021-07-15','2021-07-15',0003,1,NULL,183715.90,183715.90,1,1.00,NULL,'2021-11-24 08:30:39','2021-11-24 08:30:39',NULL),(29,5631,2,1,NULL,NULL,1520,22,217,NULL,814,1,NULL,NULL,40720,40729,00013255,NULL,NULL,'2021-06-29','2021-06-29',0008,1,NULL,33416.01,33416.01,1,1.00,NULL,'2021-11-24 08:30:52','2021-11-24 08:30:52',NULL),(30,5631,2,3,NULL,NULL,1517,22,217,NULL,814,1,NULL,NULL,40720,40723,00700493,NULL,NULL,'2021-03-17','2021-03-17',2524,1,NULL,93.85,93.85,1,1.00,NULL,'2021-11-24 08:31:05','2021-11-24 08:31:05',NULL),(31,5631,2,1,NULL,NULL,1517,22,217,NULL,814,1,NULL,NULL,40720,40730,00001006,NULL,NULL,'2021-03-18','2021-03-18',0008,1,NULL,13142.20,13142.20,1,1.00,NULL,'2021-11-24 08:31:05','2021-11-24 08:31:05',NULL),(32,5631,2,7,NULL,NULL,1523,22,250,NULL,814,1,NULL,NULL,40720,40722,00000121,NULL,NULL,'2021-09-06','2021-09-06',0003,1,NULL,7390.00,7390.00,1,1.00,NULL,'2021-11-24 08:31:20','2021-11-24 08:31:20',NULL),(33,5631,2,7,NULL,NULL,1525,22,250,NULL,814,1,NULL,NULL,40720,40719,00000141,NULL,NULL,'2021-11-03','2021-11-03',0003,1,NULL,210000.00,210000.00,1,1.00,NULL,'2022-02-02 08:32:51','2022-02-02 08:32:51',NULL),(34,5631,2,1,NULL,NULL,1526,22,217,NULL,814,1,NULL,NULL,40720,40731,00000749,NULL,NULL,'2021-12-01','2021-12-01',0012,1,NULL,1.00,1.00,1,1.00,NULL,'2022-02-02 08:33:10','2022-02-02 08:33:10',NULL),(35,5631,1,1,NULL,NULL,13737,23,NULL,NULL,580,1,NULL,NULL,40739,40740,00000036,NULL,NULL,'2021-01-06','2021-01-06',0002,1,NULL,19441.00,19441.00,1,1.00,NULL,'2022-06-23 12:58:53','2022-06-23 12:58:53',NULL),(36,5631,1,4,NULL,NULL,13737,23,NULL,NULL,580,1,NULL,NULL,40739,40741,00000259,NULL,NULL,'2021-01-06','2021-01-06',0002,1,NULL,4200000.00,4200000.00,1,1.00,NULL,'2022-06-23 12:58:53','2022-06-23 12:58:53',NULL),(37,5631,1,4,NULL,NULL,13737,23,NULL,NULL,580,1,NULL,NULL,40739,40741,00000260,NULL,NULL,'2021-01-06','2021-01-06',0002,1,NULL,160500.00,160500.00,1,1.00,NULL,'2022-06-23 12:58:53','2022-06-23 12:58:53',NULL),(38,5631,1,4,NULL,NULL,13737,23,NULL,NULL,580,1,NULL,NULL,40739,40741,00000261,NULL,NULL,'2021-01-06','2021-01-06',0002,1,NULL,224700.00,224700.00,1,1.00,NULL,'2022-06-23 12:58:54','2022-06-23 12:58:54',NULL);
INSERT INTO `receipts` VALUES (39,5631,1,4,NULL,NULL,13737,23,NULL,NULL,580,1,NULL,NULL,40739,40741,00000262,NULL,NULL,'2021-01-06','2021-01-06',0002,1,NULL,203300.00,203300.00,1,1.00,NULL,'2022-06-23 12:58:54','2022-06-23 12:58:54',NULL),(40,5631,1,1,NULL,NULL,13737,23,NULL,NULL,580,1,NULL,NULL,40739,40740,00000037,NULL,NULL,'2021-01-14','2021-01-14',0002,1,NULL,17675.01,17675.01,1,1.00,NULL,'2022-06-23 12:58:54','2022-06-23 12:58:54',NULL),(41,5631,1,1,NULL,NULL,13737,23,NULL,NULL,580,1,NULL,NULL,40739,40740,00000038,NULL,NULL,'2021-01-18','2021-01-18',0002,1,NULL,17752.30,17752.30,1,1.00,NULL,'2022-06-23 12:58:54','2022-06-23 12:58:54',NULL),(42,5631,1,1,NULL,NULL,13737,23,NULL,NULL,580,1,NULL,NULL,40739,40740,00000039,NULL,NULL,'2021-01-25','2021-01-25',0002,1,NULL,20542.99,20542.99,1,1.00,NULL,'2022-06-23 12:58:54','2022-06-23 12:58:54',NULL),(43,5631,1,1,NULL,NULL,13737,23,NULL,NULL,580,1,NULL,NULL,40739,40742,00000040,NULL,NULL,'2021-01-25','2021-01-25',0002,1,NULL,159999.99,159999.99,1,1.00,NULL,'2022-06-23 12:58:54','2022-06-23 12:58:54',NULL),(44,5631,1,4,NULL,NULL,13737,23,NULL,NULL,580,1,NULL,NULL,40739,40741,00000263,NULL,NULL,'2021-01-27','2021-01-27',0002,1,NULL,219350.00,219350.00,1,1.00,NULL,'2022-06-23 12:58:54','2022-06-23 12:58:54',NULL),(45,5631,1,4,NULL,NULL,13737,23,NULL,NULL,580,1,NULL,NULL,40739,40741,00000264,NULL,NULL,'2021-01-27','2021-01-27',0002,1,NULL,116430.00,116430.00,1,1.00,NULL,'2022-06-23 12:58:54','2022-06-23 12:58:54',NULL),(46,5631,1,4,NULL,NULL,13737,23,NULL,NULL,580,1,NULL,NULL,40739,40741,00000265,NULL,NULL,'2021-01-27','2021-01-27',0002,1,NULL,233125.00,233125.00,1,1.00,NULL,'2022-06-23 12:58:54','2022-06-23 12:58:54',NULL),(47,5631,1,4,NULL,NULL,13737,23,NULL,NULL,580,1,NULL,NULL,40739,40741,00000266,NULL,NULL,'2021-01-27','2021-01-27',0002,1,NULL,214000.00,214000.00,1,1.00,NULL,'2022-06-23 12:58:54','2022-06-23 12:58:54',NULL),(48,5631,1,1,NULL,NULL,13738,23,NULL,NULL,580,1,NULL,NULL,40739,40740,00000041,NULL,NULL,'2021-02-05','2021-02-05',0002,1,NULL,18045.99,18045.99,1,1.00,NULL,'2022-06-23 13:00:19','2022-06-23 13:00:19',NULL),(49,5631,1,1,NULL,NULL,13738,23,NULL,NULL,580,1,NULL,NULL,40739,40740,00000042,NULL,NULL,'2021-02-05','2021-02-05',0002,1,NULL,20628.00,20628.00,1,1.00,NULL,'2022-06-23 13:00:19','2022-06-23 13:00:19',NULL),(50,5631,1,1,NULL,NULL,13738,23,NULL,NULL,580,1,NULL,NULL,40739,40742,00000043,NULL,NULL,'2021-02-08','2021-02-08',0002,1,NULL,159999.99,159999.99,1,1.00,NULL,'2022-06-23 13:00:19','2022-06-23 13:00:19',NULL),(51,5631,1,4,NULL,NULL,13738,23,NULL,NULL,580,1,NULL,NULL,40739,40741,00000267,NULL,NULL,'2021-02-08','2021-02-08',0002,1,NULL,230050.00,230050.00,1,1.00,NULL,'2022-06-23 13:00:19','2022-06-23 13:00:19',NULL),(52,5631,1,1,NULL,NULL,13738,23,NULL,NULL,580,1,NULL,NULL,40739,40742,00000044,NULL,NULL,'2021-02-17','2021-02-17',0002,1,NULL,159999.99,159999.99,1,1.00,NULL,'2022-06-23 13:00:19','2022-06-23 13:00:19',NULL),(53,5631,1,4,NULL,NULL,13738,23,NULL,NULL,580,1,NULL,NULL,40739,40741,00000268,NULL,NULL,'2021-02-26','2021-02-26',0002,1,NULL,327750.00,327750.00,1,1.00,NULL,'2022-06-23 13:00:19','2022-06-23 13:00:19',NULL),(54,5631,1,4,NULL,NULL,13738,23,NULL,NULL,580,1,NULL,NULL,40739,40741,00000269,NULL,NULL,'2021-02-26','2021-02-26',0002,1,NULL,316250.00,316250.00,1,1.00,NULL,'2022-06-23 13:00:19','2022-06-23 13:00:19',NULL),(55,5631,1,4,NULL,NULL,13739,23,NULL,NULL,580,1,NULL,NULL,40739,40741,00000270,NULL,NULL,'2021-03-11','2021-03-11',0002,1,NULL,339900.00,339900.00,1,1.00,NULL,'2022-06-23 13:00:39','2022-06-23 13:00:39',NULL),(56,5631,1,4,NULL,NULL,13739,23,NULL,NULL,580,1,NULL,NULL,40739,40741,00000271,NULL,NULL,'2021-03-11','2021-03-11',0002,1,NULL,333700.00,333700.00,1,1.00,NULL,'2022-06-23 13:00:39','2022-06-23 13:00:39',NULL),(57,5631,1,4,NULL,NULL,13739,23,NULL,NULL,580,1,NULL,NULL,40739,40741,00000272,NULL,NULL,'2021-03-11','2021-03-11',0002,1,NULL,322000.00,322000.00,1,1.00,NULL,'2022-06-23 13:00:39','2022-06-23 13:00:39',NULL);
INSERT INTO `receipts` VALUES (58,5631,1,4,NULL,NULL,13739,23,NULL,NULL,580,1,NULL,NULL,40739,40741,00000273,NULL,NULL,'2021-03-11','2021-03-11',0002,1,NULL,333500.00,333500.00,1,1.00,NULL,'2022-06-23 13:00:39','2022-06-23 13:00:39',NULL),(59,5631,1,1,NULL,NULL,13739,23,NULL,NULL,580,1,NULL,NULL,40739,40740,00000045,NULL,NULL,'2021-03-15','2021-03-15',0002,1,NULL,19333.38,19333.38,1,1.00,NULL,'2022-06-23 13:00:39','2022-06-23 13:00:39',NULL),(60,5631,1,4,NULL,NULL,13739,23,NULL,NULL,580,1,NULL,NULL,40739,40741,00000274,NULL,NULL,'2021-03-15','2021-03-15',0002,1,NULL,333500.00,333500.00,1,1.00,NULL,'2022-06-23 13:00:39','2022-06-23 13:00:39',NULL),(61,5631,1,4,NULL,NULL,13739,23,NULL,NULL,580,1,NULL,NULL,40739,40741,00000275,NULL,NULL,'2021-03-15','2021-03-15',0002,1,NULL,322000.00,322000.00,1,1.00,NULL,'2022-06-23 13:00:39','2022-06-23 13:00:39',NULL),(62,5631,1,1,NULL,NULL,13739,23,NULL,NULL,580,1,NULL,NULL,40739,40743,00000046,NULL,NULL,'2021-03-26','2021-03-26',0002,1,NULL,159999.99,159999.99,1,1.00,NULL,'2022-06-23 13:00:39','2022-06-23 13:00:39',NULL),(63,5631,1,1,NULL,NULL,13739,23,NULL,NULL,580,1,NULL,NULL,40739,40743,00000047,NULL,NULL,'2021-03-26','2021-03-26',0002,1,NULL,159999.99,159999.99,1,1.00,NULL,'2022-06-23 13:00:39','2022-06-23 13:00:39',NULL),(64,5631,1,1,NULL,NULL,13739,23,NULL,NULL,580,1,NULL,NULL,40739,40743,00000048,NULL,NULL,'2021-03-26','2021-03-26',0002,1,NULL,159999.99,159999.99,1,1.00,NULL,'2022-06-23 13:00:39','2022-06-23 13:00:39',NULL),(65,5631,1,3,NULL,NULL,13739,23,NULL,NULL,580,1,NULL,NULL,40739,40742,00000001,NULL,NULL,'2021-03-26','2021-03-26',0002,1,NULL,159999.99,159999.99,1,1.00,NULL,'2022-06-23 13:00:39','2022-06-23 13:00:39',NULL),(66,5631,1,3,NULL,NULL,13739,23,NULL,NULL,580,1,NULL,NULL,40739,40742,00000002,NULL,NULL,'2021-03-26','2021-03-26',0002,1,NULL,159999.99,159999.99,1,1.00,NULL,'2022-06-23 13:00:40','2022-06-23 13:00:40',NULL),(67,5631,1,3,NULL,NULL,13739,23,NULL,NULL,580,1,NULL,NULL,40739,40742,00000003,NULL,NULL,'2021-03-26','2021-03-26',0002,1,NULL,159999.99,159999.99,1,1.00,NULL,'2022-06-23 13:00:40','2022-06-23 13:00:40',NULL),(68,5631,1,4,NULL,NULL,13739,23,NULL,NULL,580,1,NULL,NULL,40739,40741,00000276,NULL,NULL,'2021-03-26','2021-03-26',0002,1,NULL,310500.00,310500.00,1,1.00,NULL,'2022-06-23 13:00:40','2022-06-23 13:00:40',NULL),(69,5631,1,4,NULL,NULL,13739,23,NULL,NULL,580,1,NULL,NULL,40739,40741,00000277,NULL,NULL,'2021-03-26','2021-03-26',0002,1,NULL,322000.00,322000.00,1,1.00,NULL,'2022-06-23 13:00:40','2022-06-23 13:00:40',NULL),(70,5631,1,1,NULL,NULL,13739,23,NULL,NULL,580,1,NULL,NULL,40739,40742,00000049,NULL,NULL,'2021-03-29','2021-03-29',0002,1,NULL,121000.00,121000.00,1,1.00,NULL,'2022-06-23 13:00:40','2022-06-23 13:00:40',NULL),(71,5631,1,1,NULL,NULL,13739,23,NULL,NULL,580,1,NULL,NULL,40739,40743,00000050,NULL,NULL,'2021-03-29','2021-03-29',0002,1,NULL,199999.99,199999.99,1,1.00,NULL,'2022-06-23 13:00:40','2022-06-23 13:00:40',NULL),(72,5631,1,4,NULL,NULL,13739,23,NULL,NULL,580,1,NULL,NULL,40739,40741,00000278,NULL,NULL,'2021-03-30','2021-03-30',0002,1,NULL,4214750.00,4214750.00,1,1.00,NULL,'2022-06-23 13:00:40','2022-06-23 13:00:40',NULL),(73,5631,1,4,NULL,NULL,13739,23,NULL,NULL,580,1,NULL,NULL,40739,40741,00000279,NULL,NULL,'2021-03-31','2021-03-31',0002,1,NULL,333500.00,333500.00,1,1.00,NULL,'2022-06-23 13:00:40','2022-06-23 13:00:40',NULL),(74,5631,1,1,NULL,NULL,13740,23,NULL,NULL,580,1,NULL,NULL,40739,40743,00000051,NULL,NULL,'2021-04-05','2021-04-05',0002,1,NULL,8000.00,8000.00,1,1.00,NULL,'2022-06-23 13:01:05','2022-06-23 13:01:05',NULL),(75,5631,1,4,NULL,NULL,13740,23,NULL,NULL,580,1,NULL,NULL,40739,40741,00000280,NULL,NULL,'2021-04-06','2021-04-06',0002,1,NULL,3335000.00,3335000.00,1,1.00,NULL,'2022-06-23 13:01:05','2022-06-23 13:01:05',NULL),(76,5631,1,4,NULL,NULL,13740,23,NULL,NULL,580,1,NULL,NULL,40739,40741,00000281,NULL,NULL,'2021-04-06','2021-04-06',0002,1,NULL,339000.00,339000.00,1,1.00,NULL,'2022-06-23 13:01:05','2022-06-23 13:01:05',NULL);
INSERT INTO `receipts` VALUES (77,5631,1,4,NULL,NULL,13740,23,NULL,NULL,580,1,NULL,NULL,40739,40741,00000282,NULL,NULL,'2021-04-06','2021-04-06',0002,1,NULL,322000.00,322000.00,1,1.00,NULL,'2022-06-23 13:01:05','2022-06-23 13:01:05',NULL),(78,5631,1,4,NULL,NULL,13740,23,NULL,NULL,580,1,NULL,NULL,40739,40741,00000283,NULL,NULL,'2021-04-07','2021-04-07',0002,1,NULL,333500.00,333500.00,1,1.00,NULL,'2022-06-23 13:01:05','2022-06-23 13:01:05',NULL),(79,5631,1,6,NULL,NULL,13740,23,NULL,NULL,580,1,NULL,NULL,40739,40741,00000012,NULL,NULL,'2021-04-07','2021-04-07',0002,1,NULL,3335000.00,3335000.00,1,1.00,NULL,'2022-06-23 13:01:05','2022-06-23 13:01:05',NULL),(80,5631,1,1,NULL,NULL,13740,23,NULL,NULL,580,1,NULL,NULL,40739,40743,00000052,NULL,NULL,'2021-04-19','2021-04-19',0002,1,NULL,208000.00,208000.00,1,1.00,NULL,'2022-06-23 13:01:05','2022-06-23 13:01:05',NULL),(81,5631,1,4,NULL,NULL,13740,23,NULL,NULL,580,1,NULL,NULL,40739,40741,00000284,NULL,NULL,'2021-04-22','2021-04-22',0002,1,NULL,327750.00,327750.00,1,1.00,NULL,'2022-06-23 13:01:05','2022-06-23 13:01:05',NULL),(82,5631,1,4,NULL,NULL,13740,23,NULL,NULL,580,1,NULL,NULL,40739,40741,00000285,NULL,NULL,'2021-04-22','2021-04-22',0002,1,NULL,333500.00,333500.00,1,1.00,NULL,'2022-06-23 13:01:05','2022-06-23 13:01:05',NULL),(83,5631,1,4,NULL,NULL,13740,23,NULL,NULL,580,1,NULL,NULL,40739,40741,00000286,NULL,NULL,'2021-04-27','2021-04-27',0002,1,NULL,5152000.00,5152000.00,1,1.00,NULL,'2022-06-23 13:01:05','2022-06-23 13:01:05',NULL),(84,5631,1,1,NULL,NULL,13741,23,NULL,NULL,580,1,NULL,NULL,40739,40743,00000053,NULL,NULL,'2021-05-03','2021-05-03',0002,1,NULL,208000.00,208000.00,1,1.00,NULL,'2022-06-23 13:01:34','2022-06-23 13:01:34',NULL),(85,5631,1,4,NULL,NULL,13741,23,NULL,NULL,580,1,NULL,NULL,40739,40741,00000287,NULL,NULL,'2021-05-04','2021-05-04',0002,1,NULL,5146250.00,5146250.00,1,1.00,NULL,'2022-06-23 13:01:34','2022-06-23 13:01:34',NULL),(86,5631,1,4,NULL,NULL,13741,23,NULL,NULL,580,1,NULL,NULL,40739,40741,00000288,NULL,NULL,'2021-05-04','2021-05-04',0002,1,NULL,322000.00,322000.00,1,1.00,NULL,'2022-06-23 13:01:34','2022-06-23 13:01:34',NULL),(87,5631,1,1,NULL,NULL,13741,23,NULL,NULL,580,1,NULL,NULL,40739,40742,00000054,NULL,NULL,'2021-05-11','2021-05-11',0002,1,NULL,181500.00,181500.00,1,1.00,NULL,'2022-06-23 13:01:34','2022-06-23 13:01:34',NULL),(88,5631,1,1,NULL,NULL,13741,23,NULL,NULL,580,1,NULL,NULL,40739,40743,00000055,NULL,NULL,'2021-05-18','2021-05-18',0002,1,NULL,208000.00,208000.00,1,1.00,NULL,'2022-06-23 13:01:34','2022-06-23 13:01:34',NULL),(89,5631,1,4,NULL,NULL,13741,23,NULL,NULL,580,1,NULL,NULL,40739,40741,00000289,NULL,NULL,'2021-05-28','2021-05-28',0002,1,NULL,339250.00,339250.00,1,1.00,NULL,'2022-06-23 13:01:34','2022-06-23 13:01:34',NULL),(90,5631,1,1,NULL,NULL,13742,23,NULL,NULL,580,1,NULL,NULL,40739,40743,00000056,NULL,NULL,'2021-06-08','2021-06-08',0002,1,NULL,208000.00,208000.00,1,1.00,NULL,'2022-06-23 13:01:53','2022-06-23 13:01:53',NULL),(91,5631,1,1,NULL,NULL,13742,23,NULL,NULL,580,1,NULL,NULL,40739,40742,00000057,NULL,NULL,'2021-06-08','2021-06-08',0002,1,NULL,121000.00,121000.00,1,1.00,NULL,'2022-06-23 13:01:53','2022-06-23 13:01:53',NULL),(92,5631,1,4,NULL,NULL,13742,23,NULL,NULL,580,1,NULL,NULL,40739,40741,00000290,NULL,NULL,'2021-06-09','2021-06-09',0002,1,NULL,5140500.00,5140500.00,1,1.00,NULL,'2022-06-23 13:01:53','2022-06-23 13:01:53',NULL),(93,5631,1,4,NULL,NULL,13742,23,NULL,NULL,580,1,NULL,NULL,40739,40741,00000291,NULL,NULL,'2021-06-09','2021-06-09',0002,1,NULL,336375.00,336375.00,1,1.00,NULL,'2022-06-23 13:01:53','2022-06-23 13:01:53',NULL),(94,5631,1,4,NULL,NULL,13742,23,NULL,NULL,580,1,NULL,NULL,40739,40741,00000292,NULL,NULL,'2021-06-16','2021-06-16',0002,1,NULL,880.00,880.00,1,1.00,NULL,'2022-06-23 13:01:53','2022-06-23 13:01:53',NULL),(95,5631,1,4,NULL,NULL,13742,23,NULL,NULL,580,1,NULL,NULL,40739,40741,00000293,NULL,NULL,'2021-06-24','2021-06-24',0002,1,NULL,339250.00,339250.00,1,1.00,NULL,'2022-06-23 13:01:53','2022-06-23 13:01:53',NULL);
INSERT INTO `receipts` VALUES (96,5631,1,4,NULL,NULL,13742,23,NULL,NULL,580,1,NULL,NULL,40739,40741,00000294,NULL,NULL,'2021-06-24','2021-06-24',0002,1,NULL,333500.00,333500.00,1,1.00,NULL,'2022-06-23 13:01:54','2022-06-23 13:01:54',NULL),(97,5631,1,4,NULL,NULL,13742,23,NULL,NULL,580,1,NULL,NULL,40739,40741,00000295,NULL,NULL,'2021-06-24','2021-06-24',0002,1,NULL,333500.00,333500.00,1,1.00,NULL,'2022-06-23 13:01:54','2022-06-23 13:01:54',NULL),(98,5631,1,4,NULL,NULL,13742,23,NULL,NULL,580,1,NULL,NULL,40739,40741,00000296,NULL,NULL,'2021-06-24','2021-06-24',0002,1,NULL,324650.00,324650.00,1,1.00,NULL,'2022-06-23 13:01:54','2022-06-23 13:01:54',NULL),(99,5631,1,1,NULL,NULL,13742,23,NULL,NULL,580,1,NULL,NULL,40739,40742,00000058,NULL,NULL,'2021-06-29','2021-06-29',0002,1,NULL,108900.00,108900.00,1,1.00,NULL,'2022-06-23 13:01:54','2022-06-23 13:01:54',NULL),(100,5631,1,1,NULL,NULL,13742,23,NULL,NULL,580,1,NULL,NULL,40739,40743,00000059,NULL,NULL,'2021-06-29','2021-06-29',0002,1,NULL,208000.00,208000.00,1,1.00,NULL,'2022-06-23 13:01:54','2022-06-23 13:01:54',NULL),(101,5631,1,4,NULL,NULL,13743,23,NULL,NULL,580,1,NULL,NULL,40739,40741,00000297,NULL,NULL,'2021-07-06','2021-07-06',0002,1,NULL,327750.00,327750.00,1,1.00,NULL,'2022-06-23 13:02:36','2022-06-23 13:02:36',NULL),(102,5631,1,4,NULL,NULL,13743,23,NULL,NULL,580,1,NULL,NULL,40739,40741,00000298,NULL,NULL,'2021-07-06','2021-07-06',0002,1,NULL,322000.00,322000.00,1,1.00,NULL,'2022-06-23 13:02:36','2022-06-23 13:02:36',NULL),(103,5631,1,1,NULL,NULL,13743,23,NULL,NULL,580,1,NULL,NULL,40739,40743,00000060,NULL,NULL,'2021-07-11','2021-07-11',0002,1,NULL,208000.00,208000.00,1,1.00,NULL,'2022-06-23 13:02:36','2022-06-23 13:02:36',NULL),(104,5631,1,1,NULL,NULL,13743,23,NULL,NULL,580,1,NULL,NULL,40739,40742,00000061,NULL,NULL,'2021-07-11','2021-07-11',0002,1,NULL,108900.00,108900.00,1,1.00,NULL,'2022-06-23 13:02:36','2022-06-23 13:02:36',NULL),(105,5631,1,4,NULL,NULL,13743,23,NULL,NULL,580,1,NULL,NULL,40739,40741,00000299,NULL,NULL,'2021-07-13','2021-07-13',0002,1,NULL,339250.00,339250.00,1,1.00,NULL,'2022-06-23 13:02:36','2022-06-23 13:02:36',NULL),(106,5631,1,4,NULL,NULL,13743,23,NULL,NULL,580,1,NULL,NULL,40739,40741,00000300,NULL,NULL,'2021-07-13','2021-07-13',0002,1,NULL,339250.00,339250.00,1,1.00,NULL,'2022-06-23 13:02:36','2022-06-23 13:02:36',NULL),(107,5631,1,4,NULL,NULL,13743,23,NULL,NULL,580,1,NULL,NULL,40739,40741,00000301,NULL,NULL,'2021-07-26','2021-07-26',0002,1,NULL,37620.00,37620.00,1,1.00,NULL,'2022-06-23 13:02:36','2022-06-23 13:02:36',NULL),(108,5631,1,4,NULL,NULL,13743,23,NULL,NULL,580,1,NULL,NULL,40739,40741,00000302,NULL,NULL,'2021-07-26','2021-07-26',0002,1,NULL,339250.00,339250.00,1,1.00,NULL,'2022-06-23 13:02:36','2022-06-23 13:02:36',NULL),(109,5631,1,4,NULL,NULL,13743,23,NULL,NULL,580,1,NULL,NULL,40739,40741,00000303,NULL,NULL,'2021-07-26','2021-07-26',0002,1,NULL,333500.00,333500.00,1,1.00,NULL,'2022-06-23 13:02:36','2022-06-23 13:02:36',NULL),(110,5631,1,4,NULL,NULL,13743,23,NULL,NULL,580,1,NULL,NULL,40739,40741,00000304,NULL,NULL,'2021-07-30','2021-07-30',0002,1,NULL,430000.00,430000.00,1,1.00,NULL,'2022-06-23 13:02:36','2022-06-23 13:02:36',NULL),(111,5631,1,4,NULL,NULL,13743,23,NULL,NULL,580,1,NULL,NULL,40739,40741,00000305,NULL,NULL,'2021-07-30','2021-07-30',0002,1,NULL,339250.00,339250.00,1,1.00,NULL,'2022-06-23 13:02:37','2022-06-23 13:02:37',NULL),(112,5631,1,4,NULL,NULL,13744,23,NULL,NULL,580,1,NULL,NULL,40739,40741,00000306,NULL,NULL,'2021-08-06','2021-08-06',0002,1,NULL,5152000.00,5152000.00,1,1.00,NULL,'2022-06-23 13:02:55','2022-06-23 13:02:55',NULL),(113,5631,1,4,NULL,NULL,13744,23,NULL,NULL,580,1,NULL,NULL,40739,40741,00000307,NULL,NULL,'2021-08-06','2021-08-06',0002,1,NULL,333500.00,333500.00,1,1.00,NULL,'2022-06-23 13:02:55','2022-06-23 13:02:55',NULL),(114,5631,1,1,NULL,NULL,13744,23,NULL,NULL,580,1,NULL,NULL,40739,40743,00000062,NULL,NULL,'2021-08-18','2021-08-18',0002,1,NULL,208000.00,208000.00,1,1.00,NULL,'2022-06-23 13:02:55','2022-06-23 13:02:55',NULL);
INSERT INTO `receipts` VALUES (115,5631,1,1,NULL,NULL,13744,23,NULL,NULL,580,1,NULL,NULL,40739,40742,00000063,NULL,NULL,'2021-08-18','2021-08-18',0002,1,NULL,151250.00,151250.00,1,1.00,NULL,'2022-06-23 13:02:55','2022-06-23 13:02:55',NULL),(116,5631,1,4,NULL,NULL,13744,23,NULL,NULL,580,1,NULL,NULL,40739,40741,00000308,NULL,NULL,'2021-08-18','2021-08-18',0002,1,NULL,339250.00,339250.00,1,1.00,NULL,'2022-06-23 13:02:55','2022-06-23 13:02:55',NULL),(117,5631,1,4,NULL,NULL,13744,23,NULL,NULL,580,1,NULL,NULL,40739,40741,00000309,NULL,NULL,'2021-08-18','2021-08-18',0002,1,NULL,339250.00,339250.00,1,1.00,NULL,'2022-06-23 13:02:55','2022-06-23 13:02:55',NULL),(118,5631,1,4,NULL,NULL,13744,23,NULL,NULL,580,1,NULL,NULL,40739,40741,00000310,NULL,NULL,'2021-08-18','2021-08-18',0002,1,NULL,333500.00,333500.00,1,1.00,NULL,'2022-06-23 13:02:55','2022-06-23 13:02:55',NULL),(119,5631,1,4,NULL,NULL,13744,23,NULL,NULL,580,1,NULL,NULL,40739,40741,00000311,NULL,NULL,'2021-08-23','2021-08-23',0002,1,NULL,333500.00,333500.00,1,1.00,NULL,'2022-06-23 13:02:55','2022-06-23 13:02:55',NULL),(120,5631,1,4,NULL,NULL,13744,23,NULL,NULL,580,1,NULL,NULL,40739,40741,00000312,NULL,NULL,'2021-08-23','2021-08-23',0002,1,NULL,339250.00,339250.00,1,1.00,NULL,'2022-06-23 13:02:55','2022-06-23 13:02:55',NULL),(121,5631,1,4,NULL,NULL,13744,23,NULL,NULL,580,1,NULL,NULL,40739,40741,00000313,NULL,NULL,'2021-08-23','2021-08-23',0002,1,NULL,333500.00,333500.00,1,1.00,NULL,'2022-06-23 13:02:55','2022-06-23 13:02:55',NULL),(122,5631,1,4,NULL,NULL,13744,23,NULL,NULL,580,1,NULL,NULL,40739,40741,00000314,NULL,NULL,'2021-08-23','2021-08-23',0002,1,NULL,333500.00,333500.00,1,1.00,NULL,'2022-06-23 13:02:55','2022-06-23 13:02:55',NULL),(123,5631,1,1,NULL,NULL,13745,23,NULL,NULL,580,1,NULL,NULL,40739,40743,00000064,NULL,NULL,'2021-09-06','2021-09-06',0002,1,NULL,208000.00,208000.00,1,1.00,NULL,'2022-06-23 13:03:12','2022-06-23 13:03:12',NULL),(124,5631,1,1,NULL,NULL,13745,23,NULL,NULL,580,1,NULL,NULL,40739,40742,00000065,NULL,NULL,'2021-09-06','2021-09-06',0002,1,NULL,169400.00,169400.00,1,1.00,NULL,'2022-06-23 13:03:12','2022-06-23 13:03:12',NULL),(125,5631,1,1,NULL,NULL,13745,23,NULL,NULL,580,1,NULL,NULL,40739,40744,00000066,NULL,NULL,'2021-09-10','2021-09-10',0002,1,NULL,96800.00,96800.00,1,1.00,NULL,'2022-06-23 13:03:12','2022-06-23 13:03:12',NULL),(126,5631,1,4,NULL,NULL,13745,23,NULL,NULL,580,1,NULL,NULL,40739,40741,00000315,NULL,NULL,'2021-09-14','2021-09-14',0002,1,NULL,333500.00,333500.00,1,1.00,NULL,'2022-06-23 13:03:12','2022-06-23 13:03:12',NULL),(127,5631,1,4,NULL,NULL,13745,23,NULL,NULL,580,1,NULL,NULL,40739,40741,00000316,NULL,NULL,'2021-09-14','2021-09-14',0002,1,NULL,339250.00,339250.00,1,1.00,NULL,'2022-06-23 13:03:12','2022-06-23 13:03:12',NULL),(128,5631,1,4,NULL,NULL,13745,23,NULL,NULL,580,1,NULL,NULL,40739,40741,00000317,NULL,NULL,'2021-09-14','2021-09-14',0002,1,NULL,133400.00,133400.00,1,1.00,NULL,'2022-06-23 13:03:12','2022-06-23 13:03:12',NULL),(129,5631,1,4,NULL,NULL,13745,23,NULL,NULL,580,1,NULL,NULL,40739,40741,00000318,NULL,NULL,'2021-09-14','2021-09-14',0002,1,NULL,339250.00,339250.00,1,1.00,NULL,'2022-06-23 13:03:12','2022-06-23 13:03:12',NULL),(130,5631,1,4,NULL,NULL,13745,23,NULL,NULL,580,1,NULL,NULL,40739,40741,00000319,NULL,NULL,'2021-09-14','2021-09-14',0002,1,NULL,333500.00,333500.00,1,1.00,NULL,'2022-06-23 13:03:12','2022-06-23 13:03:12',NULL),(131,5631,1,4,NULL,NULL,13745,23,NULL,NULL,580,1,NULL,NULL,40739,40741,00000320,NULL,NULL,'2021-09-14','2021-09-14',0002,1,NULL,333500.00,333500.00,1,1.00,NULL,'2022-06-23 13:03:12','2022-06-23 13:03:12',NULL),(132,5631,1,4,NULL,NULL,13745,23,NULL,NULL,580,1,NULL,NULL,40739,40741,00000321,NULL,NULL,'2021-09-14','2021-09-14',0002,1,NULL,327750.00,327750.00,1,1.00,NULL,'2022-06-23 13:03:12','2022-06-23 13:03:12',NULL),(133,5631,1,4,NULL,NULL,13745,23,NULL,NULL,580,1,NULL,NULL,40739,40741,00000322,NULL,NULL,'2021-09-14','2021-09-14',0002,1,NULL,431200.00,431200.00,1,1.00,NULL,'2022-06-23 13:03:13','2022-06-23 13:03:13',NULL);
INSERT INTO `receipts` VALUES (134,5631,1,4,NULL,NULL,13745,23,NULL,NULL,580,1,NULL,NULL,40739,40741,00000323,NULL,NULL,'2021-09-17','2021-09-17',0002,1,NULL,5140500.00,5140500.00,1,1.00,NULL,'2022-06-23 13:03:13','2022-06-23 13:03:13',NULL),(135,5631,1,1,NULL,NULL,13746,23,NULL,NULL,580,1,NULL,NULL,40739,40744,00000067,NULL,NULL,'2021-10-06','2021-10-06',0002,1,NULL,96800.00,96800.00,1,1.00,NULL,'2022-06-23 13:03:31','2022-06-23 13:03:31',NULL),(136,5631,1,1,NULL,NULL,13746,23,NULL,NULL,580,1,NULL,NULL,40739,40742,00000068,NULL,NULL,'2021-10-06','2021-10-06',0002,1,NULL,169400.00,169400.00,1,1.00,NULL,'2022-06-23 13:03:31','2022-06-23 13:03:31',NULL),(137,5631,1,1,NULL,NULL,13746,23,NULL,NULL,580,1,NULL,NULL,40739,40743,00000069,NULL,NULL,'2021-10-06','2021-10-06',0002,1,NULL,208000.00,208000.00,1,1.00,NULL,'2022-06-23 13:03:31','2022-06-23 13:03:31',NULL),(138,5631,1,4,NULL,NULL,13746,23,NULL,NULL,580,1,NULL,NULL,40739,40741,00000324,NULL,NULL,'2021-10-11','2021-10-11',0002,1,NULL,339250.00,339250.00,1,1.00,NULL,'2022-06-23 13:03:31','2022-06-23 13:03:31',NULL),(139,5631,1,4,NULL,NULL,13746,23,NULL,NULL,580,1,NULL,NULL,40739,40741,00000325,NULL,NULL,'2021-10-11','2021-10-11',0002,1,NULL,339250.00,339250.00,1,1.00,NULL,'2022-06-23 13:03:31','2022-06-23 13:03:31',NULL),(140,5631,1,4,NULL,NULL,13746,23,NULL,NULL,580,1,NULL,NULL,40739,40741,00000326,NULL,NULL,'2021-10-11','2021-10-11',0002,1,NULL,333500.00,333500.00,1,1.00,NULL,'2022-06-23 13:03:31','2022-06-23 13:03:31',NULL),(141,5631,1,4,NULL,NULL,13746,23,NULL,NULL,580,1,NULL,NULL,40739,40741,00000327,NULL,NULL,'2021-10-11','2021-10-11',0002,1,NULL,339250.00,339250.00,1,1.00,NULL,'2022-06-23 13:03:31','2022-06-23 13:03:31',NULL),(142,5631,1,4,NULL,NULL,13746,23,NULL,NULL,580,1,NULL,NULL,40739,40741,00000328,NULL,NULL,'2021-10-11','2021-10-11',0002,1,NULL,327750.00,327750.00,1,1.00,NULL,'2022-06-23 13:03:31','2022-06-23 13:03:31',NULL),(143,5631,1,4,NULL,NULL,13746,23,NULL,NULL,580,1,NULL,NULL,40739,40741,00000329,NULL,NULL,'2021-10-11','2021-10-11',0002,1,NULL,327750.00,327750.00,1,1.00,NULL,'2022-06-23 13:03:31','2022-06-23 13:03:31',NULL),(144,5631,1,4,NULL,NULL,13746,23,NULL,NULL,580,1,NULL,NULL,40739,40741,00000330,NULL,NULL,'2021-10-11','2021-10-11',0002,1,NULL,339250.00,339250.00,1,1.00,NULL,'2022-06-23 13:03:31','2022-06-23 13:03:31',NULL),(145,5631,1,4,NULL,NULL,13746,23,NULL,NULL,580,1,NULL,NULL,40739,40741,00000331,NULL,NULL,'2021-10-11','2021-10-11',0002,1,NULL,339250.00,339250.00,1,1.00,NULL,'2022-06-23 13:03:31','2022-06-23 13:03:31',NULL),(146,5631,1,4,NULL,NULL,13746,23,NULL,NULL,580,1,NULL,NULL,40739,40741,00000332,NULL,NULL,'2021-10-12','2021-10-12',0002,1,NULL,6000.00,6000.00,1,1.00,NULL,'2022-06-23 13:03:31','2022-06-23 13:03:31',NULL),(147,5631,1,4,NULL,NULL,13746,23,NULL,NULL,580,1,NULL,NULL,40739,40741,00000333,NULL,NULL,'2021-10-29','2021-10-29',0002,1,NULL,339250.00,339250.00,1,1.00,NULL,'2022-06-23 13:03:31','2022-06-23 13:03:31',NULL),(148,5631,1,4,NULL,NULL,13746,23,NULL,NULL,580,1,NULL,NULL,40739,40741,00000334,NULL,NULL,'2021-10-29','2021-10-29',0002,1,NULL,339250.00,339250.00,1,1.00,NULL,'2022-06-23 13:03:32','2022-06-23 13:03:32',NULL),(149,5631,1,4,NULL,NULL,13746,23,NULL,NULL,580,1,NULL,NULL,40739,40741,00000335,NULL,NULL,'2021-10-29','2021-10-29',0002,1,NULL,431250.00,431250.00,1,1.00,NULL,'2022-06-23 13:03:32','2022-06-23 13:03:32',NULL),(150,5631,1,4,NULL,NULL,13746,23,NULL,NULL,580,1,NULL,NULL,40739,40741,00000336,NULL,NULL,'2021-10-29','2021-10-29',0002,1,NULL,430000.00,430000.00,1,1.00,NULL,'2022-06-23 13:03:32','2022-06-23 13:03:32',NULL),(151,5631,1,4,NULL,NULL,13746,23,NULL,NULL,580,1,NULL,NULL,40739,40741,00000337,NULL,NULL,'2021-10-29','2021-10-29',0002,1,NULL,339250.00,339250.00,1,1.00,NULL,'2022-06-23 13:03:32','2022-06-23 13:03:32',NULL),(152,5631,1,4,NULL,NULL,13746,23,NULL,NULL,580,1,NULL,NULL,40739,40741,00000338,NULL,NULL,'2021-10-29','2021-10-29',0002,1,NULL,431250.00,431250.00,1,1.00,NULL,'2022-06-23 13:03:32','2022-06-23 13:03:32',NULL);
INSERT INTO `receipts` VALUES (153,5631,1,4,NULL,NULL,13746,23,NULL,NULL,580,1,NULL,NULL,40739,40741,00000339,NULL,NULL,'2021-10-29','2021-10-29',0002,1,NULL,427500.00,427500.00,1,1.00,NULL,'2022-06-23 13:03:32','2022-06-23 13:03:32',NULL),(154,5631,1,4,NULL,NULL,13747,23,NULL,NULL,580,1,NULL,NULL,40739,40745,00000340,NULL,NULL,'2021-11-01','2021-11-01',0002,1,NULL,100000.00,100000.00,1,1.00,NULL,'2022-06-23 13:03:48','2022-06-23 13:03:48',NULL),(155,5631,1,1,NULL,NULL,13747,23,NULL,NULL,580,1,NULL,NULL,40739,40743,00000070,NULL,NULL,'2021-11-03','2021-11-03',0002,1,NULL,208000.00,208000.00,1,1.00,NULL,'2022-06-23 13:03:48','2022-06-23 13:03:48',NULL),(156,5631,1,1,NULL,NULL,13747,23,NULL,NULL,580,1,NULL,NULL,40739,40746,00000071,NULL,NULL,'2021-11-03','2021-11-03',0002,1,NULL,108900.00,108900.00,1,1.00,NULL,'2022-06-23 13:03:48','2022-06-23 13:03:48',NULL),(157,5631,1,4,NULL,NULL,13747,23,NULL,NULL,580,1,NULL,NULL,40739,40741,00000341,NULL,NULL,'2021-11-18','2021-11-18',0002,1,NULL,435500.00,435500.00,1,1.00,NULL,'2022-06-23 13:03:48','2022-06-23 13:03:48',NULL),(158,5631,1,4,NULL,NULL,13747,23,NULL,NULL,580,1,NULL,NULL,40739,40741,00000342,NULL,NULL,'2021-11-18','2021-11-18',0002,1,NULL,429000.00,429000.00,1,1.00,NULL,'2022-06-23 13:03:48','2022-06-23 13:03:48',NULL),(159,5631,1,4,NULL,NULL,13747,23,NULL,NULL,580,1,NULL,NULL,40739,40741,00000343,NULL,NULL,'2021-11-18','2021-11-18',0002,1,NULL,434000.00,434000.00,1,1.00,NULL,'2022-06-23 13:03:48','2022-06-23 13:03:48',NULL),(160,5631,1,4,NULL,NULL,13747,23,NULL,NULL,580,1,NULL,NULL,40739,40741,00000344,NULL,NULL,'2021-11-18','2021-11-18',0002,1,NULL,333500.00,333500.00,1,1.00,NULL,'2022-06-23 13:03:48','2022-06-23 13:03:48',NULL),(161,5631,1,4,NULL,NULL,13747,23,NULL,NULL,580,1,NULL,NULL,40739,40741,00000345,NULL,NULL,'2021-11-18','2021-11-18',0002,1,NULL,333500.00,333500.00,1,1.00,NULL,'2022-06-23 13:03:48','2022-06-23 13:03:48',NULL),(162,5631,1,23,NULL,NULL,13747,23,NULL,NULL,580,1,NULL,NULL,40739,40747,00000001,NULL,NULL,'2021-11-25','2021-11-25',0002,1,NULL,1270500.00,1270500.00,1,1.00,NULL,'2022-06-23 13:03:48','2022-06-23 13:03:48',NULL),(163,5631,1,4,NULL,NULL,13747,23,NULL,NULL,580,1,NULL,NULL,40739,40741,00000346,NULL,NULL,'2021-11-30','2021-11-30',0002,1,NULL,339250.00,339250.00,1,1.00,NULL,'2022-06-23 13:03:48','2022-06-23 13:03:48',NULL),(164,5631,1,1,NULL,NULL,13748,23,NULL,NULL,580,1,NULL,NULL,40739,40743,00000072,NULL,NULL,'2021-12-09','2021-12-09',0002,1,NULL,208000.00,208000.00,1,1.00,NULL,'2022-06-23 13:04:03','2022-06-23 13:04:03',NULL),(165,5631,1,1,NULL,NULL,13748,23,NULL,NULL,580,1,NULL,NULL,40739,40742,00000073,NULL,NULL,'2021-12-09','2021-12-09',0002,1,NULL,181500.00,181500.00,1,1.00,NULL,'2022-06-23 13:04:03','2022-06-23 13:04:03',NULL),(166,5631,1,6,NULL,NULL,13748,23,NULL,NULL,580,1,NULL,NULL,40739,40741,00000013,NULL,NULL,'2021-12-09','2021-12-09',0002,1,NULL,339250.00,339250.00,1,1.00,NULL,'2022-06-23 13:04:03','2022-06-23 13:04:03',NULL),(167,5631,1,25,NULL,NULL,13748,23,NULL,NULL,580,1,NULL,NULL,40739,40747,00000001,NULL,NULL,'2021-12-09','2021-12-09',0002,1,NULL,1270500.00,1270500.00,1,1.00,NULL,'2022-06-23 13:04:03','2022-06-23 13:04:03',NULL),(168,5631,1,4,NULL,NULL,13748,23,NULL,NULL,580,1,NULL,NULL,40739,40741,00000347,NULL,NULL,'2021-12-14','2021-12-14',0002,1,NULL,339250.00,339250.00,1,1.00,NULL,'2022-06-23 13:04:03','2022-06-23 13:04:03',NULL),(169,5631,1,4,NULL,NULL,13748,23,NULL,NULL,580,1,NULL,NULL,40739,40741,00000348,NULL,NULL,'2021-12-14','2021-12-14',0002,1,NULL,333500.00,333500.00,1,1.00,NULL,'2022-06-23 13:04:03','2022-06-23 13:04:03',NULL),(170,5631,1,4,NULL,NULL,13748,23,NULL,NULL,580,1,NULL,NULL,40739,40741,00000349,NULL,NULL,'2021-12-14','2021-12-14',0002,1,NULL,339250.00,339250.00,1,1.00,NULL,'2022-06-23 13:04:03','2022-06-23 13:04:03',NULL),(171,5631,1,4,NULL,NULL,13748,23,NULL,NULL,580,1,NULL,NULL,40739,40741,00000350,NULL,NULL,'2021-12-14','2021-12-14',0002,1,NULL,339250.00,339250.00,1,1.00,NULL,'2022-06-23 13:04:03','2022-06-23 13:04:03',NULL);
INSERT INTO `receipts` VALUES (172,5631,1,4,NULL,NULL,13748,23,NULL,NULL,580,1,NULL,NULL,40739,40741,00000351,NULL,NULL,'2021-12-14','2021-12-14',0002,1,NULL,327750.00,327750.00,1,1.00,NULL,'2022-06-23 13:04:04','2022-06-23 13:04:04',NULL),(173,5631,1,4,NULL,NULL,13748,23,NULL,NULL,580,1,NULL,NULL,40739,40741,00000352,NULL,NULL,'2021-12-14','2021-12-14',0002,1,NULL,436000.00,436000.00,1,1.00,NULL,'2022-06-23 13:04:04','2022-06-23 13:04:04',NULL),(174,5631,1,4,NULL,NULL,13748,23,NULL,NULL,580,1,NULL,NULL,40739,40741,00000353,NULL,NULL,'2021-12-14','2021-12-14',0002,1,NULL,333500.00,333500.00,1,1.00,NULL,'2022-06-23 13:04:04','2022-06-23 13:04:04',NULL),(175,5631,1,4,NULL,NULL,13748,23,NULL,NULL,580,1,NULL,NULL,40739,40741,00000354,NULL,NULL,'2021-12-14','2021-12-14',0002,1,NULL,434400.00,434400.00,1,1.00,NULL,'2022-06-23 13:04:04','2022-06-23 13:04:04',NULL),(176,5631,1,23,NULL,NULL,13748,23,NULL,NULL,580,1,NULL,NULL,40739,40747,00000002,NULL,NULL,'2021-12-17','2021-12-17',0002,1,NULL,1905750.00,1905750.00,1,1.00,NULL,'2022-06-23 13:04:04','2022-06-23 13:04:04',NULL),(177,5631,1,4,NULL,NULL,13748,23,NULL,NULL,580,1,NULL,NULL,40739,40741,00000355,NULL,NULL,'2021-12-21','2021-12-21',0002,1,NULL,6534000.00,6534000.00,1,1.00,NULL,'2022-06-23 13:04:04','2022-06-23 13:04:04',NULL),(178,5631,1,1,NULL,NULL,13748,23,NULL,NULL,580,1,NULL,NULL,40739,40748,00000074,NULL,NULL,'2021-12-27','2021-12-27',0002,1,NULL,499999.83,499999.83,1,1.00,NULL,'2022-06-23 13:04:04','2022-06-23 13:04:04',NULL),(179,5631,1,4,NULL,NULL,13748,23,NULL,NULL,580,1,NULL,NULL,40739,40741,00000356,NULL,NULL,'2021-12-30','2021-12-30',0002,1,NULL,2000000.00,2000000.00,1,1.00,NULL,'2022-06-23 13:04:04','2022-06-23 13:04:04',NULL),(180,5631,1,4,NULL,NULL,13748,23,NULL,NULL,580,1,NULL,NULL,40739,40741,00000357,NULL,NULL,'2021-12-30','2021-12-30',0002,1,NULL,3000000.00,3000000.00,1,1.00,NULL,'2022-06-23 13:04:04','2022-06-23 13:04:04',NULL),(181,5631,2,1,NULL,NULL,13737,23,217,NULL,580,1,NULL,NULL,40739,40749,00845893,NULL,NULL,'2021-01-01','2021-01-01',0021,1,NULL,20975.91,20975.91,1,1.00,NULL,'2022-06-23 13:04:54','2022-06-23 13:04:54',NULL),(182,5631,2,1,NULL,NULL,13737,23,217,NULL,580,1,NULL,NULL,40739,40750,00001634,NULL,NULL,'2021-01-05','2021-01-05',0005,1,NULL,795.01,795.01,1,1.00,NULL,'2022-06-23 13:04:54','2022-06-23 13:04:54',NULL),(183,5631,2,1,NULL,NULL,13737,23,217,NULL,580,1,NULL,NULL,40739,40751,00001007,NULL,NULL,'2021-01-07','2021-01-07',0002,1,NULL,1149999.96,1149999.96,1,1.00,NULL,'2022-06-23 13:04:54','2022-06-23 13:04:54',NULL),(184,5631,2,1,NULL,NULL,13737,23,217,NULL,580,1,NULL,NULL,40739,40751,00001010,NULL,NULL,'2021-01-11','2021-01-11',0002,1,NULL,1150000.02,1150000.02,1,1.00,NULL,'2022-06-23 13:04:54','2022-06-23 13:04:54',NULL),(185,5631,2,1,NULL,NULL,13737,23,217,NULL,580,1,NULL,NULL,40739,40752,00053226,NULL,NULL,'2021-01-12','2021-01-12',0004,1,NULL,12439.64,12439.64,1,1.00,NULL,'2022-06-23 13:04:54','2022-06-23 13:04:54',NULL),(186,5631,2,1,NULL,NULL,13737,23,217,NULL,580,1,NULL,NULL,40739,40753,00021956,NULL,NULL,'2021-01-18','2021-01-18',0004,1,NULL,7450.04,7450.04,1,1.00,NULL,'2022-06-23 13:04:54','2022-06-23 13:04:54',NULL),(187,5631,2,1,NULL,NULL,13737,23,217,NULL,580,1,NULL,NULL,40739,40754,00001364,NULL,NULL,'2021-01-18','2021-01-18',0003,1,NULL,129502.69,129502.69,1,1.00,NULL,'2022-06-23 13:04:54','2022-06-23 13:04:54',NULL),(188,5631,2,1,NULL,NULL,13737,23,217,NULL,580,1,NULL,NULL,40739,40751,00001024,NULL,NULL,'2021-01-19','2021-01-19',0002,1,NULL,1150305.00,1150305.00,1,1.00,NULL,'2022-06-23 13:04:54','2022-06-23 13:04:54',NULL),(189,5631,2,1,NULL,NULL,13737,23,217,NULL,580,1,NULL,NULL,40739,40755,00000139,NULL,NULL,'2021-01-19','2021-01-19',0002,1,NULL,1802.90,1802.90,1,1.00,NULL,'2022-06-23 13:04:54','2022-06-23 13:04:54',NULL),(190,5631,2,1,NULL,NULL,13737,23,217,NULL,580,1,NULL,NULL,40739,40754,00001368,NULL,NULL,'2021-01-22','2021-01-22',0003,1,NULL,72001.36,72001.36,1,1.00,NULL,'2022-06-23 13:04:54','2022-06-23 13:04:54',NULL);
INSERT INTO `receipts` VALUES (191,5631,2,1,NULL,NULL,13737,23,217,NULL,580,1,NULL,NULL,40739,40751,00001025,NULL,NULL,'2021-01-25','2021-01-25',0002,1,NULL,1121464.50,1121464.50,1,1.00,NULL,'2022-06-23 13:04:54','2022-06-23 13:04:54',NULL),(192,5631,2,4,NULL,NULL,13738,23,217,NULL,580,1,NULL,NULL,40739,40756,00586215,NULL,NULL,'2021-02-01','2021-02-01',0443,1,NULL,6840.00,6840.00,1,1.00,NULL,'2022-06-23 13:33:01','2022-06-23 13:33:01',NULL),(193,5631,2,1,NULL,NULL,13738,23,217,NULL,580,1,NULL,NULL,40739,40757,00052521,NULL,NULL,'2021-02-01','2021-02-01',0001,1,NULL,5429.60,5429.60,1,1.00,NULL,'2022-06-23 13:33:01','2022-06-23 13:33:01',NULL),(194,5631,2,1,NULL,NULL,13738,23,217,NULL,580,1,NULL,NULL,40739,40749,00853222,NULL,NULL,'2021-02-01','2021-02-01',0021,1,NULL,19559.81,19559.81,1,1.00,NULL,'2022-06-23 13:33:01','2022-06-23 13:33:01',NULL),(195,5631,2,1,NULL,NULL,13738,23,217,NULL,580,1,NULL,NULL,40739,40758,00002279,NULL,NULL,'2021-02-02','2021-02-02',0031,1,NULL,39300.00,39300.00,1,1.00,NULL,'2022-06-23 13:33:01','2022-06-23 13:33:01',NULL),(196,5631,2,1,NULL,NULL,13738,23,217,NULL,580,1,NULL,NULL,40739,40751,00001054,NULL,NULL,'2021-02-03','2021-02-03',0002,1,NULL,1124999.95,1124999.95,1,1.00,NULL,'2022-06-23 13:33:02','2022-06-23 13:33:02',NULL),(197,5631,2,1,NULL,NULL,13738,23,217,NULL,580,1,NULL,NULL,40739,40759,00000417,NULL,NULL,'2021-02-03','2021-02-03',0006,1,NULL,2279.99,2279.99,1,1.00,NULL,'2022-06-23 13:33:02','2022-06-23 13:33:02',NULL),(198,5631,2,1,NULL,NULL,13738,23,217,NULL,580,1,NULL,NULL,40739,40760,00002051,NULL,NULL,'2021-02-03','2021-02-03',0003,1,NULL,5631.01,5631.01,1,1.00,NULL,'2022-06-23 13:33:02','2022-06-23 13:33:02',NULL),(199,5631,2,1,NULL,NULL,13738,23,217,NULL,580,1,NULL,NULL,40739,40761,00063266,NULL,NULL,'2021-02-03','2021-02-03',0036,1,NULL,35999.00,35999.00,1,1.00,NULL,'2022-06-23 13:33:02','2022-06-23 13:33:02',NULL),(200,5631,2,1,NULL,NULL,13738,23,217,NULL,580,1,NULL,NULL,40739,40762,00003022,NULL,NULL,'2021-02-03','2021-02-03',0007,1,NULL,5290.00,5290.00,1,1.00,NULL,'2022-06-23 13:33:02','2022-06-23 13:33:02',NULL),(201,5631,2,1,NULL,NULL,13738,23,217,NULL,580,1,NULL,NULL,40739,40762,00003023,NULL,NULL,'2021-02-03','2021-02-03',0007,1,NULL,791.99,791.99,1,1.00,NULL,'2022-06-23 13:33:02','2022-06-23 13:33:02',NULL),(202,5631,2,1,NULL,NULL,13738,23,217,NULL,580,1,NULL,NULL,40739,40763,00001672,NULL,NULL,'2021-02-04','2021-02-04',0006,1,NULL,4349.00,4349.00,1,1.00,NULL,'2022-06-23 13:33:02','2022-06-23 13:33:02',NULL),(203,5631,2,1,NULL,NULL,13738,23,217,NULL,580,1,NULL,NULL,40739,40764,00002968,NULL,NULL,'2021-02-04','2021-02-04',0008,1,NULL,1889.99,1889.99,1,1.00,NULL,'2022-06-23 13:33:02','2022-06-23 13:33:02',NULL),(204,5631,2,1,NULL,NULL,13738,23,217,NULL,580,1,NULL,NULL,40739,40765,00001391,NULL,NULL,'2021-02-09','2021-02-09',0004,1,NULL,3024.09,3024.09,1,1.00,NULL,'2022-06-23 13:33:02','2022-06-23 13:33:02',NULL),(205,5631,2,1,NULL,NULL,13738,23,217,NULL,580,1,NULL,NULL,40739,40766,00016432,NULL,NULL,'2021-02-09','2021-02-09',1433,1,NULL,3274.28,3274.28,1,1.00,NULL,'2022-06-23 13:33:02','2022-06-23 13:33:02',NULL),(206,5631,2,1,NULL,NULL,13738,23,217,NULL,580,1,NULL,NULL,40739,40751,00001066,NULL,NULL,'2021-02-10','2021-02-10',0002,1,NULL,1114749.97,1114749.97,1,1.00,NULL,'2022-06-23 13:33:02','2022-06-23 13:33:02',NULL),(207,5631,2,1,NULL,NULL,13738,23,217,NULL,580,1,NULL,NULL,40739,40754,00001380,NULL,NULL,'2021-02-10','2021-02-10',0003,1,NULL,109002.28,109002.28,1,1.00,NULL,'2022-06-23 13:33:02','2022-06-23 13:33:02',NULL),(208,5631,2,1,NULL,NULL,13738,23,217,NULL,580,1,NULL,NULL,40739,40754,00001383,NULL,NULL,'2021-02-16','2021-02-16',0003,1,NULL,114201.77,114201.77,1,1.00,NULL,'2022-06-23 13:33:02','2022-06-23 13:33:02',NULL),(209,5631,2,1,NULL,NULL,13738,23,217,NULL,580,1,NULL,NULL,40739,40764,00003085,NULL,NULL,'2021-02-17','2021-02-17',0008,1,NULL,1953.99,1953.99,1,1.00,NULL,'2022-06-23 13:33:02','2022-06-23 13:33:02',NULL);
INSERT INTO `receipts` VALUES (210,5631,2,1,NULL,NULL,13738,23,217,NULL,580,1,NULL,NULL,40739,40751,00001081,NULL,NULL,'2021-02-18','2021-02-18',0002,1,NULL,1114750.17,1114750.17,1,1.00,NULL,'2022-06-23 13:33:02','2022-06-23 13:33:02',NULL),(211,5631,2,1,NULL,NULL,13738,23,217,NULL,580,1,NULL,NULL,40739,40754,00001389,NULL,NULL,'2021-02-19','2021-02-19',0003,1,NULL,96002.18,96002.18,1,1.00,NULL,'2022-06-23 13:33:02','2022-06-23 13:33:02',NULL),(212,5631,2,1,NULL,NULL,13738,23,217,NULL,580,1,NULL,NULL,40739,40766,00016943,NULL,NULL,'2021-02-19','2021-02-19',1433,1,NULL,14444.32,14444.32,1,1.00,NULL,'2022-06-23 13:33:02','2022-06-23 13:33:02',NULL),(213,5631,2,1,NULL,NULL,13738,23,217,NULL,580,1,NULL,NULL,40739,40767,00005409,NULL,NULL,'2021-02-22','2021-02-22',0006,1,NULL,10498.00,10498.00,1,1.00,NULL,'2022-06-23 13:33:02','2022-06-23 13:33:02',NULL),(214,5631,2,1,NULL,NULL,13738,23,217,NULL,580,1,NULL,NULL,40739,40751,00001089,NULL,NULL,'2021-02-23','2021-02-23',0002,1,NULL,1124999.98,1124999.98,1,1.00,NULL,'2022-06-23 13:33:02','2022-06-23 13:33:02',NULL),(215,5631,2,1,NULL,NULL,13738,23,217,NULL,580,1,NULL,NULL,40739,40754,00001394,NULL,NULL,'2021-02-23','2021-02-23',0003,1,NULL,66451.45,66451.45,1,1.00,NULL,'2022-06-23 13:33:02','2022-06-23 13:33:02',NULL),(216,5631,2,1,NULL,NULL,13738,23,217,NULL,580,1,NULL,NULL,40739,40768,00001012,NULL,NULL,'2021-02-24','2021-02-24',0001,1,NULL,90112.75,90112.75,1,1.00,NULL,'2022-06-23 13:33:02','2022-06-23 13:33:02',NULL),(217,5631,2,3,NULL,NULL,13738,23,217,NULL,580,1,NULL,NULL,40739,40757,00005721,NULL,NULL,'2021-02-25','2021-02-25',0001,1,NULL,5429.60,5429.60,1,1.00,NULL,'2022-06-23 13:33:03','2022-06-23 13:33:03',NULL),(218,5631,2,1,NULL,NULL,13738,23,217,NULL,580,1,NULL,NULL,40739,40769,00000641,NULL,NULL,'2021-02-25','2021-02-25',0001,1,NULL,4898.00,4898.00,1,1.00,NULL,'2022-06-23 13:33:03','2022-06-23 13:33:03',NULL),(219,5631,2,1,NULL,NULL,13738,23,217,NULL,580,1,NULL,NULL,40739,40754,00001403,NULL,NULL,'2021-02-26','2021-02-26',0003,1,NULL,128453.21,128453.21,1,1.00,NULL,'2022-06-23 13:33:03','2022-06-23 13:33:03',NULL),(220,5631,2,1,NULL,NULL,13738,23,217,NULL,580,1,NULL,NULL,40739,40770,00000253,NULL,NULL,'2021-02-27','2021-02-27',0003,1,NULL,3981.56,3981.56,1,1.00,NULL,'2022-06-23 13:33:03','2022-06-23 13:33:03',NULL),(221,5631,2,7,NULL,NULL,13739,23,250,NULL,580,1,NULL,NULL,40739,40771,00078995,NULL,NULL,'2021-03-01','2021-03-01',0009,1,NULL,13257.20,13257.20,1,1.00,NULL,'2022-06-23 13:33:35','2022-06-23 13:33:35',NULL),(222,5631,2,7,NULL,NULL,13739,23,250,NULL,580,1,NULL,NULL,40739,40771,00078996,NULL,NULL,'2021-03-01','2021-03-01',0009,1,NULL,13257.20,13257.20,1,1.00,NULL,'2022-06-23 13:33:35','2022-06-23 13:33:35',NULL),(223,5631,2,7,NULL,NULL,13739,23,250,NULL,580,1,NULL,NULL,40739,40771,00078997,NULL,NULL,'2021-03-01','2021-03-01',0009,1,NULL,11382.80,11382.80,1,1.00,NULL,'2022-06-23 13:33:35','2022-06-23 13:33:35',NULL),(224,5631,2,1,NULL,NULL,13739,23,217,NULL,580,1,NULL,NULL,40739,40749,00860319,NULL,NULL,'2021-03-01','2021-03-01',0021,1,NULL,19559.81,19559.81,1,1.00,NULL,'2022-06-23 13:33:35','2022-06-23 13:33:35',NULL),(225,5631,2,1,NULL,NULL,13739,23,217,NULL,580,1,NULL,NULL,40739,40772,00011106,NULL,NULL,'2021-03-01','2021-03-01',0005,1,NULL,4799.95,4799.95,1,1.00,NULL,'2022-06-23 13:33:35','2022-06-23 13:33:35',NULL),(226,5631,2,1,NULL,NULL,13739,23,217,NULL,580,1,NULL,NULL,40739,40773,00002020,NULL,NULL,'2021-03-03','2021-03-03',0001,1,NULL,3990.00,3990.00,1,1.00,NULL,'2022-06-23 13:33:35','2022-06-23 13:33:35',NULL),(227,5631,2,4,NULL,NULL,13739,23,217,NULL,580,1,NULL,NULL,40739,40774,00009539,NULL,NULL,'2021-03-05','2021-03-05',0005,1,NULL,2844.00,2844.00,1,1.00,NULL,'2022-06-23 13:33:35','2022-06-23 13:33:35',NULL),(228,5631,2,1,NULL,NULL,13739,23,217,NULL,580,1,NULL,NULL,40739,40751,00001117,NULL,NULL,'2021-03-05','2021-03-05',0002,1,NULL,1124995.31,1124995.31,1,1.00,NULL,'2022-06-23 13:33:35','2022-06-23 13:33:35',NULL);
INSERT INTO `receipts` VALUES (229,5631,2,1,NULL,NULL,13739,23,217,NULL,580,1,NULL,NULL,40739,40754,00001417,NULL,NULL,'2021-03-05','2021-03-05',0003,1,NULL,74001.85,74001.85,1,1.00,NULL,'2022-06-23 13:33:35','2022-06-23 13:33:35',NULL),(230,5631,2,1,NULL,NULL,13739,23,217,NULL,580,1,NULL,NULL,40739,40766,00017830,NULL,NULL,'2021-03-08','2021-03-08',1433,1,NULL,10742.99,10742.99,1,1.00,NULL,'2022-06-23 13:33:35','2022-06-23 13:33:35',NULL),(231,5631,2,1,NULL,NULL,13739,23,217,NULL,580,1,NULL,NULL,40739,40775,00002220,NULL,NULL,'2021-03-11','2021-03-11',0005,1,NULL,6000.00,6000.00,1,1.00,NULL,'2022-06-23 13:33:35','2022-06-23 13:33:35',NULL),(232,5631,2,1,NULL,NULL,13739,23,217,NULL,580,1,NULL,NULL,40739,40766,00017963,NULL,NULL,'2021-03-11','2021-03-11',1433,1,NULL,3083.23,3083.23,1,1.00,NULL,'2022-06-23 13:33:35','2022-06-23 13:33:35',NULL),(233,5631,2,1,NULL,NULL,13739,23,217,NULL,580,1,NULL,NULL,40739,40775,00002221,NULL,NULL,'2021-03-11','2021-03-11',0005,1,NULL,2750.00,2750.00,1,1.00,NULL,'2022-06-23 13:33:35','2022-06-23 13:33:35',NULL),(234,5631,2,1,NULL,NULL,13739,23,217,NULL,580,1,NULL,NULL,40739,40751,00001129,NULL,NULL,'2021-03-12','2021-03-12',0002,1,NULL,1124999.98,1124999.98,1,1.00,NULL,'2022-06-23 13:33:35','2022-06-23 13:33:35',NULL),(235,5631,2,1,NULL,NULL,13739,23,217,NULL,580,1,NULL,NULL,40739,40754,00001427,NULL,NULL,'2021-03-12','2021-03-12',0003,1,NULL,80002.00,80002.00,1,1.00,NULL,'2022-06-23 13:33:35','2022-06-23 13:33:35',NULL),(236,5631,2,1,NULL,NULL,13739,23,217,NULL,580,1,NULL,NULL,40739,40766,00018234,NULL,NULL,'2021-03-15','2021-03-15',1433,1,NULL,1350.79,1350.79,1,1.00,NULL,'2022-06-23 13:33:35','2022-06-23 13:33:35',NULL),(237,5631,2,1,NULL,NULL,13739,23,217,NULL,580,1,NULL,NULL,40739,40776,00000026,NULL,NULL,'2021-03-17','2021-03-17',0010,1,NULL,983.80,983.80,1,1.00,NULL,'2022-06-23 13:33:35','2022-06-23 13:33:35',NULL),(238,5631,2,1,NULL,NULL,13739,23,217,NULL,580,1,NULL,NULL,40739,40751,00001150,NULL,NULL,'2021-03-19','2021-03-19',0002,1,NULL,1112499.98,1112499.98,1,1.00,NULL,'2022-06-23 13:33:35','2022-06-23 13:33:35',NULL),(239,5631,2,1,NULL,NULL,13739,23,217,NULL,580,1,NULL,NULL,40739,40777,00015322,NULL,NULL,'2021-03-19','2021-03-19',0033,1,NULL,5199.00,5199.00,1,1.00,NULL,'2022-06-23 13:33:35','2022-06-23 13:33:35',NULL),(240,5631,2,1,NULL,NULL,13739,23,217,NULL,580,1,NULL,NULL,40739,40778,00005274,NULL,NULL,'2021-03-20','2021-03-20',0010,1,NULL,5935.58,5935.58,1,1.00,NULL,'2022-06-23 13:33:36','2022-06-23 13:33:36',NULL),(241,5631,2,1,NULL,NULL,13739,23,217,NULL,580,1,NULL,NULL,40739,40778,00005275,NULL,NULL,'2021-03-20','2021-03-20',0010,1,NULL,8382.41,8382.41,1,1.00,NULL,'2022-06-23 13:33:36','2022-06-23 13:33:36',NULL),(242,5631,2,4,NULL,NULL,13739,23,217,NULL,580,1,NULL,NULL,40739,40756,00623677,NULL,NULL,'2021-03-22','2021-03-22',0443,1,NULL,6960.00,6960.00,1,1.00,NULL,'2022-06-23 13:33:36','2022-06-23 13:33:36',NULL),(243,5631,2,1,NULL,NULL,13739,23,217,NULL,580,1,NULL,NULL,40739,40757,00055357,NULL,NULL,'2021-03-26','2021-03-26',0001,1,NULL,5447.80,5447.80,1,1.00,NULL,'2022-06-23 13:33:36','2022-06-23 13:33:36',NULL),(244,5631,2,1,NULL,NULL,13739,23,217,NULL,580,1,NULL,NULL,40739,40779,00010844,NULL,NULL,'2021-03-27','2021-03-27',0003,1,NULL,6740.00,6740.00,1,1.00,NULL,'2022-06-23 13:33:36','2022-06-23 13:33:36',NULL),(245,5631,2,4,NULL,NULL,13739,23,217,NULL,580,1,NULL,NULL,40739,40780,00003657,NULL,NULL,'2021-03-27','2021-03-27',0001,1,NULL,5879.99,5879.99,1,1.00,NULL,'2022-06-23 13:33:36','2022-06-23 13:33:36',NULL),(246,5631,2,1,NULL,NULL,13739,23,217,NULL,580,1,NULL,NULL,40739,40778,00005469,NULL,NULL,'2021-03-29','2021-03-29',0010,1,NULL,4594.09,4594.09,1,1.00,NULL,'2022-06-23 13:33:36','2022-06-23 13:33:36',NULL),(247,5631,2,1,NULL,NULL,13739,23,217,NULL,580,1,NULL,NULL,40739,40751,00001173,NULL,NULL,'2021-03-31','2021-03-31',0002,1,NULL,1112499.98,1112499.98,1,1.00,NULL,'2022-06-23 13:33:36','2022-06-23 13:33:36',NULL);
INSERT INTO `receipts` VALUES (248,5631,2,7,NULL,NULL,13740,23,250,NULL,580,1,NULL,NULL,40739,40771,00080704,NULL,NULL,'2021-04-01','2021-04-01',0009,1,NULL,13257.20,13257.20,1,1.00,NULL,'2022-06-23 13:33:49','2022-06-23 13:33:49',NULL),(249,5631,2,7,NULL,NULL,13740,23,250,NULL,580,1,NULL,NULL,40739,40771,00080705,NULL,NULL,'2021-04-01','2021-04-01',0009,1,NULL,13257.20,13257.20,1,1.00,NULL,'2022-06-23 13:33:49','2022-06-23 13:33:49',NULL),(250,5631,2,7,NULL,NULL,13740,23,250,NULL,580,1,NULL,NULL,40739,40771,00080706,NULL,NULL,'2021-04-01','2021-04-01',0009,1,NULL,11382.80,11382.80,1,1.00,NULL,'2022-06-23 13:33:49','2022-06-23 13:33:49',NULL),(251,5631,2,1,NULL,NULL,13740,23,217,NULL,580,1,NULL,NULL,40739,40749,00867225,NULL,NULL,'2021-04-02','2021-04-02',0021,1,NULL,22801.34,22801.34,1,1.00,NULL,'2022-06-23 13:33:49','2022-06-23 13:33:49',NULL),(252,5631,2,1,NULL,NULL,13740,23,217,NULL,580,1,NULL,NULL,40739,40751,00001189,NULL,NULL,'2021-04-05','2021-04-05',0002,1,NULL,1112499.98,1112499.98,1,1.00,NULL,'2022-06-23 13:33:49','2022-06-23 13:33:49',NULL),(253,5631,2,1,NULL,NULL,13740,23,217,NULL,580,1,NULL,NULL,40739,40781,00006776,NULL,NULL,'2021-04-06','2021-04-06',0011,1,NULL,23799.00,23799.00,1,1.00,NULL,'2022-06-23 13:33:49','2022-06-23 13:33:49',NULL),(254,5631,2,1,NULL,NULL,13740,23,217,NULL,580,1,NULL,NULL,40739,40782,00001943,NULL,NULL,'2021-04-07','2021-04-07',0001,1,NULL,17690.00,17690.00,1,1.00,NULL,'2022-06-23 13:33:49','2022-06-23 13:33:49',NULL),(255,5631,2,1,NULL,NULL,13740,23,217,NULL,580,1,NULL,NULL,40739,40751,00001197,NULL,NULL,'2021-04-12','2021-04-12',0002,1,NULL,1124999.98,1124999.98,1,1.00,NULL,'2022-06-23 13:33:49','2022-06-23 13:33:49',NULL),(256,5631,2,1,NULL,NULL,13740,23,217,NULL,580,1,NULL,NULL,40739,40781,00006852,NULL,NULL,'2021-04-12','2021-04-12',0011,1,NULL,24999.00,24999.00,1,1.00,NULL,'2022-06-23 13:33:49','2022-06-23 13:33:49',NULL),(257,5631,2,1,NULL,NULL,13740,23,217,NULL,580,1,NULL,NULL,40739,40783,00018852,NULL,NULL,'2021-04-13','2021-04-13',0018,1,NULL,2879.35,2879.35,1,1.00,NULL,'2022-06-23 13:33:49','2022-06-23 13:33:49',NULL),(258,5631,2,4,NULL,NULL,13740,23,217,NULL,580,1,NULL,NULL,40739,40756,00649344,NULL,NULL,'2021-04-14','2021-04-14',0443,1,NULL,11120.00,11120.00,1,1.00,NULL,'2022-06-23 13:33:49','2022-06-23 13:33:49',NULL),(259,5631,2,1,NULL,NULL,13740,23,217,NULL,580,1,NULL,NULL,40739,40784,00000953,NULL,NULL,'2021-04-14','2021-04-14',0003,1,NULL,16819.00,16819.00,1,1.00,NULL,'2022-06-23 13:33:49','2022-06-23 13:33:49',NULL),(260,5631,2,1,NULL,NULL,13740,23,217,NULL,580,1,NULL,NULL,40739,40784,00000954,NULL,NULL,'2021-04-14','2021-04-14',0003,1,NULL,19685.00,19685.00,1,1.00,NULL,'2022-06-23 13:33:49','2022-06-23 13:33:49',NULL),(261,5631,2,1,NULL,NULL,13740,23,217,NULL,580,1,NULL,NULL,40739,40766,00019880,NULL,NULL,'2021-04-14','2021-04-14',1433,1,NULL,11760.37,11760.37,1,1.00,NULL,'2022-06-23 13:33:49','2022-06-23 13:33:49',NULL),(262,5631,2,4,NULL,NULL,13740,23,217,NULL,580,1,NULL,NULL,40739,40785,00006031,NULL,NULL,'2021-04-17','2021-04-17',0003,1,NULL,2000.00,2000.00,1,1.00,NULL,'2022-06-23 13:33:49','2022-06-23 13:33:49',NULL),(263,5631,2,1,NULL,NULL,13740,23,217,NULL,580,1,NULL,NULL,40739,40786,00003161,NULL,NULL,'2021-04-18','2021-04-18',0004,1,NULL,2449.00,2449.00,1,1.00,NULL,'2022-06-23 13:33:49','2022-06-23 13:33:49',NULL),(264,5631,2,1,NULL,NULL,13740,23,217,NULL,580,1,NULL,NULL,40739,40751,00001211,NULL,NULL,'2021-04-19','2021-04-19',0002,1,NULL,1124999.98,1124999.98,1,1.00,NULL,'2022-06-23 13:33:49','2022-06-23 13:33:49',NULL),(265,5631,2,1,NULL,NULL,13740,23,217,NULL,580,1,NULL,NULL,40739,40787,00001100,NULL,NULL,'2021-04-19','2021-04-19',0003,1,NULL,2935.22,2935.22,1,1.00,NULL,'2022-06-23 13:33:49','2022-06-23 13:33:49',NULL),(266,5631,2,1,NULL,NULL,13740,23,217,NULL,580,1,NULL,NULL,40739,40788,00001139,NULL,NULL,'2021-04-20','2021-04-20',0005,1,NULL,2159.70,2159.70,1,1.00,NULL,'2022-06-23 13:33:49','2022-06-23 13:33:49',NULL);
INSERT INTO `receipts` VALUES (267,5631,2,1,NULL,NULL,13740,23,217,NULL,580,1,NULL,NULL,40739,40789,00000191,NULL,NULL,'2021-04-21','2021-04-21',0002,1,NULL,9499.00,9499.00,1,1.00,NULL,'2022-06-23 13:33:49','2022-06-23 13:33:49',NULL),(268,5631,2,1,NULL,NULL,13740,23,217,NULL,580,1,NULL,NULL,40739,40790,00002855,NULL,NULL,'2021-04-21','2021-04-21',0002,1,NULL,1159.00,1159.00,1,1.00,NULL,'2022-06-23 13:33:49','2022-06-23 13:33:49',NULL),(269,5631,2,1,NULL,NULL,13740,23,217,NULL,580,1,NULL,NULL,40739,40791,00000777,NULL,NULL,'2021-04-21','2021-04-21',0004,1,NULL,855.00,855.00,1,1.00,NULL,'2022-06-23 13:33:49','2022-06-23 13:33:49',NULL),(270,5631,2,1,NULL,NULL,13740,23,217,NULL,580,1,NULL,NULL,40739,40792,00041631,NULL,NULL,'2021-04-22','2021-04-22',0005,1,NULL,86397.90,86397.90,1,1.00,NULL,'2022-06-23 13:33:49','2022-06-23 13:33:49',NULL),(271,5631,2,1,NULL,NULL,13740,23,217,NULL,580,1,NULL,NULL,40739,40757,00057485,NULL,NULL,'2021-04-22','2021-04-22',0001,1,NULL,6597.28,6597.28,1,1.00,NULL,'2022-06-23 13:33:50','2022-06-23 13:33:50',NULL),(272,5631,2,1,NULL,NULL,13740,23,217,NULL,580,1,NULL,NULL,40739,40757,00057486,NULL,NULL,'2021-04-22','2021-04-22',0001,1,NULL,6604.36,6604.36,1,1.00,NULL,'2022-06-23 13:33:50','2022-06-23 13:33:50',NULL),(273,5631,2,1,NULL,NULL,13740,23,217,NULL,580,1,NULL,NULL,40739,40762,00005439,NULL,NULL,'2021-04-22','2021-04-22',0007,1,NULL,2365.01,2365.01,1,1.00,NULL,'2022-06-23 13:33:50','2022-06-23 13:33:50',NULL),(274,5631,2,1,NULL,NULL,13740,23,217,NULL,580,1,NULL,NULL,40739,40762,00005440,NULL,NULL,'2021-04-22','2021-04-22',0007,1,NULL,6976.74,6976.74,1,1.00,NULL,'2022-06-23 13:33:50','2022-06-23 13:33:50',NULL),(275,5631,2,1,NULL,NULL,13740,23,217,NULL,580,1,NULL,NULL,40739,40762,00005441,NULL,NULL,'2021-04-22','2021-04-22',0007,1,NULL,5052.00,5052.00,1,1.00,NULL,'2022-06-23 13:33:50','2022-06-23 13:33:50',NULL),(276,5631,2,1,NULL,NULL,13740,23,217,NULL,580,1,NULL,NULL,40739,40762,00005442,NULL,NULL,'2021-04-22','2021-04-22',0007,1,NULL,549.00,549.00,1,1.00,NULL,'2022-06-23 13:33:50','2022-06-23 13:33:50',NULL),(277,5631,2,1,NULL,NULL,13740,23,217,NULL,580,1,NULL,NULL,40739,40793,00003060,NULL,NULL,'2021-04-23','2021-04-23',0023,1,NULL,4755.00,4755.00,1,1.00,NULL,'2022-06-23 13:33:50','2022-06-23 13:33:50',NULL),(278,5631,2,1,NULL,NULL,13740,23,217,NULL,580,1,NULL,NULL,40739,40751,00001226,NULL,NULL,'2021-04-27','2021-04-27',0002,1,NULL,1107499.99,1107499.99,1,1.00,NULL,'2022-06-23 13:33:50','2022-06-23 13:33:50',NULL),(279,5631,2,1,NULL,NULL,13740,23,217,NULL,580,1,NULL,NULL,40739,40794,00001381,NULL,NULL,'2021-04-28','2021-04-28',0004,1,NULL,1178.24,1178.24,1,1.00,NULL,'2022-06-23 13:33:50','2022-06-23 13:33:50',NULL),(280,5631,2,1,NULL,NULL,13740,23,217,NULL,580,1,NULL,NULL,40739,40795,00000391,NULL,NULL,'2021-04-28','2021-04-28',0005,1,NULL,7497.00,7497.00,1,1.00,NULL,'2022-06-23 13:33:50','2022-06-23 13:33:50',NULL),(281,5631,2,1,NULL,NULL,13740,23,217,NULL,580,1,NULL,NULL,40739,40796,00000080,NULL,NULL,'2021-04-28','2021-04-28',0004,1,NULL,1022.99,1022.99,1,1.00,NULL,'2022-06-23 13:33:50','2022-06-23 13:33:50',NULL),(282,5631,2,1,NULL,NULL,13740,23,217,NULL,580,1,NULL,NULL,40739,40797,00004777,NULL,NULL,'2021-04-30','2021-04-30',0002,1,NULL,199235.21,199235.21,1,1.00,NULL,'2022-06-23 13:33:50','2022-06-23 13:33:50',NULL),(283,5631,2,4,NULL,NULL,13741,23,217,NULL,580,1,NULL,NULL,40739,40756,00668153,NULL,NULL,'2021-05-02','2021-05-02',0443,1,NULL,7635.00,7635.00,1,1.00,NULL,'2022-06-23 13:34:03','2022-06-23 13:34:03',NULL),(284,5631,2,1,NULL,NULL,13741,23,217,NULL,580,1,NULL,NULL,40739,40749,00872332,NULL,NULL,'2021-05-02','2021-05-02',0021,1,NULL,22801.34,22801.34,1,1.00,NULL,'2022-06-23 13:34:03','2022-06-23 13:34:03',NULL),(285,5631,2,7,NULL,NULL,13741,23,250,NULL,580,1,NULL,NULL,40739,40771,00082156,NULL,NULL,'2021-05-03','2021-05-03',0009,1,NULL,14612.40,14612.40,1,1.00,NULL,'2022-06-23 13:34:03','2022-06-23 13:34:03',NULL);
INSERT INTO `receipts` VALUES (286,5631,2,7,NULL,NULL,13741,23,250,NULL,580,1,NULL,NULL,40739,40771,00082157,NULL,NULL,'2021-05-03','2021-05-03',0009,1,NULL,14612.40,14612.40,1,1.00,NULL,'2022-06-23 13:34:03','2022-06-23 13:34:03',NULL),(287,5631,2,7,NULL,NULL,13741,23,250,NULL,580,1,NULL,NULL,40739,40771,00082158,NULL,NULL,'2021-05-03','2021-05-03',0009,1,NULL,12555.20,12555.20,1,1.00,NULL,'2022-06-23 13:34:03','2022-06-23 13:34:03',NULL),(288,5631,2,1,NULL,NULL,13741,23,217,NULL,580,1,NULL,NULL,40739,40798,00001947,NULL,NULL,'2021-05-03','2021-05-03',0004,1,NULL,7999.00,7999.00,1,1.00,NULL,'2022-06-23 13:34:03','2022-06-23 13:34:03',NULL),(289,5631,2,4,NULL,NULL,13741,23,217,NULL,580,1,NULL,NULL,40739,40799,00096227,NULL,NULL,'2021-05-04','2021-05-04',0014,1,NULL,2205.30,2205.30,1,1.00,NULL,'2022-06-23 13:34:03','2022-06-23 13:34:03',NULL),(290,5631,2,1,NULL,NULL,13741,23,217,NULL,580,1,NULL,NULL,40739,40751,00001254,NULL,NULL,'2021-05-07','2021-05-07',0002,1,NULL,1124999.98,1124999.98,1,1.00,NULL,'2022-06-23 13:34:03','2022-06-23 13:34:03',NULL),(291,5631,2,1,NULL,NULL,13741,23,217,NULL,580,1,NULL,NULL,40739,40778,00005915,NULL,NULL,'2021-05-07','2021-05-07',0010,1,NULL,16155.42,16155.42,1,1.00,NULL,'2022-06-23 13:34:04','2022-06-23 13:34:04',NULL),(292,5631,2,4,NULL,NULL,13741,23,217,NULL,580,1,NULL,NULL,40739,40756,00677231,NULL,NULL,'2021-05-10','2021-05-10',0443,1,NULL,7600.00,7600.00,1,1.00,NULL,'2022-06-23 13:34:04','2022-06-23 13:34:04',NULL),(293,5631,2,1,NULL,NULL,13741,23,217,NULL,580,1,NULL,NULL,40739,40766,00021086,NULL,NULL,'2021-05-12','2021-05-12',1433,1,NULL,3086.24,3086.24,1,1.00,NULL,'2022-06-23 13:34:04','2022-06-23 13:34:04',NULL),(294,5631,2,1,NULL,NULL,13741,23,217,NULL,580,1,NULL,NULL,40739,40751,00001264,NULL,NULL,'2021-05-13','2021-05-13',0002,1,NULL,1112499.98,1112499.98,1,1.00,NULL,'2022-06-23 13:34:04','2022-06-23 13:34:04',NULL),(295,5631,2,1,NULL,NULL,13741,23,217,NULL,580,1,NULL,NULL,40739,40800,00007507,NULL,NULL,'2021-05-14','2021-05-14',0007,1,NULL,12846.80,12846.80,1,1.00,NULL,'2022-06-23 13:34:04','2022-06-23 13:34:04',NULL),(296,5631,2,1,NULL,NULL,13741,23,217,NULL,580,1,NULL,NULL,40739,40762,00006664,NULL,NULL,'2021-05-15','2021-05-15',0007,1,NULL,2862.00,2862.00,1,1.00,NULL,'2022-06-23 13:34:04','2022-06-23 13:34:04',NULL),(297,5631,2,1,NULL,NULL,13741,23,217,NULL,580,1,NULL,NULL,40739,40778,00006079,NULL,NULL,'2021-05-17','2021-05-17',0010,1,NULL,7652.61,7652.61,1,1.00,NULL,'2022-06-23 13:34:04','2022-06-23 13:34:04',NULL),(298,5631,2,1,NULL,NULL,13741,23,217,NULL,580,1,NULL,NULL,40739,40751,00001287,NULL,NULL,'2021-05-18','2021-05-18',0002,1,NULL,1124999.98,1124999.98,1,1.00,NULL,'2022-06-23 13:34:04','2022-06-23 13:34:04',NULL),(299,5631,2,1,NULL,NULL,13741,23,250,NULL,580,1,NULL,NULL,40739,40801,00002262,NULL,NULL,'2021-05-24','2021-05-24',0101,1,NULL,3383.49,3383.49,1,1.00,NULL,'2022-06-23 13:34:04','2022-06-23 13:34:04',NULL),(300,5631,2,1,NULL,NULL,13741,23,217,NULL,580,1,NULL,NULL,40739,40766,00021972,NULL,NULL,'2021-05-27','2021-05-27',1433,1,NULL,17339.58,17339.58,1,1.00,NULL,'2022-06-23 13:34:04','2022-06-23 13:34:04',NULL),(301,5631,2,1,NULL,NULL,13741,23,217,NULL,580,1,NULL,NULL,40739,40751,00001301,NULL,NULL,'2021-05-28','2021-05-28',0002,1,NULL,1124999.98,1124999.98,1,1.00,NULL,'2022-06-23 13:34:04','2022-06-23 13:34:04',NULL),(302,5631,2,7,NULL,NULL,13742,23,250,NULL,580,1,NULL,NULL,40739,40771,00083832,NULL,NULL,'2021-06-01','2021-06-01',0009,1,NULL,14612.40,14612.40,1,1.00,NULL,'2022-06-23 13:34:18','2022-06-23 13:34:18',NULL),(303,5631,2,7,NULL,NULL,13742,23,250,NULL,580,1,NULL,NULL,40739,40771,00083833,NULL,NULL,'2021-06-01','2021-06-01',0009,1,NULL,14612.40,14612.40,1,1.00,NULL,'2022-06-23 13:34:18','2022-06-23 13:34:18',NULL),(304,5631,2,7,NULL,NULL,13742,23,250,NULL,580,1,NULL,NULL,40739,40771,00083834,NULL,NULL,'2021-06-01','2021-06-01',0009,1,NULL,12555.20,12555.20,1,1.00,NULL,'2022-06-23 13:34:18','2022-06-23 13:34:18',NULL);
INSERT INTO `receipts` VALUES (305,5631,2,1,NULL,NULL,13742,23,217,NULL,580,1,NULL,NULL,40739,40757,00061694,NULL,NULL,'2021-06-01','2021-06-01',0001,1,NULL,5447.80,5447.80,1,1.00,NULL,'2022-06-23 13:34:18','2022-06-23 13:34:18',NULL),(306,5631,2,1,NULL,NULL,13742,23,217,NULL,580,1,NULL,NULL,40739,40749,00876967,NULL,NULL,'2021-06-02','2021-06-02',0021,1,NULL,25491.93,25491.93,1,1.00,NULL,'2022-06-23 13:34:18','2022-06-23 13:34:18',NULL),(307,5631,2,1,NULL,NULL,13742,23,217,NULL,580,1,NULL,NULL,40739,40757,00061834,NULL,NULL,'2021-06-03','2021-06-03',0001,1,NULL,6590.18,6590.18,1,1.00,NULL,'2022-06-23 13:34:18','2022-06-23 13:34:18',NULL),(308,5631,2,1,NULL,NULL,13742,23,217,NULL,580,1,NULL,NULL,40739,40751,00001322,NULL,NULL,'2021-06-04','2021-06-04',0002,1,NULL,1112499.98,1112499.98,1,1.00,NULL,'2022-06-23 13:34:18','2022-06-23 13:34:18',NULL),(309,5631,2,1,NULL,NULL,13742,23,217,NULL,580,1,NULL,NULL,40739,40767,00006071,NULL,NULL,'2021-06-05','2021-06-05',0006,1,NULL,3590.00,3590.00,1,1.00,NULL,'2022-06-23 13:34:18','2022-06-23 13:34:18',NULL),(310,5631,2,1,NULL,NULL,13742,23,217,NULL,580,1,NULL,NULL,40739,40802,00002095,NULL,NULL,'2021-06-05','2021-06-05',0005,1,NULL,4041.00,4041.00,1,1.00,NULL,'2022-06-23 13:34:18','2022-06-23 13:34:18',NULL),(311,5631,2,1,NULL,NULL,13742,23,217,NULL,580,1,NULL,NULL,40739,40803,00017135,NULL,NULL,'2021-06-06','2021-06-06',0010,1,NULL,9499.00,9499.00,1,1.00,NULL,'2022-06-23 13:34:18','2022-06-23 13:34:18',NULL),(312,5631,2,1,NULL,NULL,13742,23,217,NULL,580,1,NULL,NULL,40739,40804,00022905,NULL,NULL,'2021-06-07','2021-06-07',0004,1,NULL,1099.00,1099.00,1,1.00,NULL,'2022-06-23 13:34:18','2022-06-23 13:34:18',NULL),(313,5631,2,1,NULL,NULL,13742,23,217,NULL,580,1,NULL,NULL,40739,40762,00007752,NULL,NULL,'2021-06-07','2021-06-07',0007,1,NULL,2257.00,2257.00,1,1.00,NULL,'2022-06-23 13:34:18','2022-06-23 13:34:18',NULL),(314,5631,2,1,NULL,NULL,13742,23,217,NULL,580,1,NULL,NULL,40739,40804,00023058,NULL,NULL,'2021-06-08','2021-06-08',0004,1,NULL,3695.00,3695.00,1,1.00,NULL,'2022-06-23 13:34:18','2022-06-23 13:34:18',NULL),(315,5631,2,1,NULL,NULL,13742,23,217,NULL,580,1,NULL,NULL,40739,40804,00023059,NULL,NULL,'2021-06-08','2021-06-08',0004,1,NULL,558.00,558.00,1,1.00,NULL,'2022-06-23 13:34:18','2022-06-23 13:34:18',NULL),(316,5631,2,7,NULL,NULL,13742,23,250,NULL,580,1,NULL,NULL,40739,40805,00001586,NULL,NULL,'2021-06-08','2021-06-08',0001,1,NULL,6054.35,6054.35,1,1.00,NULL,'2022-06-23 13:34:18','2022-06-23 13:34:18',NULL),(317,5631,2,1,NULL,NULL,13742,23,217,NULL,580,1,NULL,NULL,40739,40806,00001668,NULL,NULL,'2021-06-08','2021-06-08',0003,1,NULL,3490.00,3490.00,1,1.00,NULL,'2022-06-23 13:34:18','2022-06-23 13:34:18',NULL),(318,5631,2,1,NULL,NULL,13742,23,217,NULL,580,1,NULL,NULL,40739,40751,00001333,NULL,NULL,'2021-06-10','2021-06-10',0002,1,NULL,1112499.98,1112499.98,1,1.00,NULL,'2022-06-23 13:34:18','2022-06-23 13:34:18',NULL),(319,5631,2,1,NULL,NULL,13742,23,217,NULL,580,1,NULL,NULL,40739,40807,00004396,NULL,NULL,'2021-06-14','2021-06-14',0007,1,NULL,1317.00,1317.00,1,1.00,NULL,'2022-06-23 13:34:18','2022-06-23 13:34:18',NULL),(320,5631,2,1,NULL,NULL,13742,23,217,NULL,580,1,NULL,NULL,40739,40808,00002573,NULL,NULL,'2021-06-15','2021-06-15',0006,1,NULL,10584.00,10584.00,1,1.00,NULL,'2022-06-23 13:34:18','2022-06-23 13:34:18',NULL),(321,5631,2,1,NULL,NULL,13742,23,217,NULL,580,1,NULL,NULL,40739,40809,00004901,NULL,NULL,'2021-06-23','2021-06-23',0002,1,NULL,2447.05,2447.05,1,1.00,NULL,'2022-06-23 13:34:18','2022-06-23 13:34:18',NULL),(322,5631,2,1,NULL,NULL,13742,23,217,NULL,580,1,NULL,NULL,40739,40810,00021478,NULL,NULL,'2021-06-23','2021-06-23',0005,1,NULL,1372.99,1372.99,1,1.00,NULL,'2022-06-23 13:34:18','2022-06-23 13:34:18',NULL),(323,5631,2,1,NULL,NULL,13742,23,217,NULL,580,1,NULL,NULL,40739,40766,00023175,NULL,NULL,'2021-06-23','2021-06-23',1433,1,NULL,1277.85,1277.85,1,1.00,NULL,'2022-06-23 13:34:18','2022-06-23 13:34:18',NULL);
INSERT INTO `receipts` VALUES (324,5631,2,1,NULL,NULL,13742,23,217,NULL,580,1,NULL,NULL,40739,40751,00001358,NULL,NULL,'2021-06-24','2021-06-24',0002,1,NULL,1112499.98,1112499.98,1,1.00,NULL,'2022-06-23 13:34:19','2022-06-23 13:34:19',NULL),(325,5631,2,1,NULL,NULL,13742,23,217,NULL,580,1,NULL,NULL,40739,40811,00000154,NULL,NULL,'2021-06-26','2021-06-26',0002,1,NULL,3690.00,3690.00,1,1.00,NULL,'2022-06-23 13:34:19','2022-06-23 13:34:19',NULL),(326,5631,2,1,NULL,NULL,13742,23,217,NULL,580,1,NULL,NULL,40739,40751,00001376,NULL,NULL,'2021-06-28','2021-06-28',0002,1,NULL,1112499.98,1112499.98,1,1.00,NULL,'2022-06-23 13:34:19','2022-06-23 13:34:19',NULL),(327,5631,2,1,NULL,NULL,13742,23,217,NULL,580,1,NULL,NULL,40739,40812,00010109,NULL,NULL,'2021-06-29','2021-06-29',0004,1,NULL,6869.00,6869.00,1,1.00,NULL,'2022-06-23 13:34:19','2022-06-23 13:34:19',NULL),(328,5631,2,1,NULL,NULL,13742,23,217,NULL,580,1,NULL,NULL,40739,40751,00001378,NULL,NULL,'2021-06-29','2021-06-29',0002,1,NULL,1112499.98,1112499.98,1,1.00,NULL,'2022-06-23 13:34:19','2022-06-23 13:34:19',NULL),(329,5631,2,3,NULL,NULL,13742,23,217,NULL,580,1,NULL,NULL,40739,40757,00006641,NULL,NULL,'2021-06-29','2021-06-29',0001,1,NULL,5447.80,5447.80,1,1.00,NULL,'2022-06-23 13:34:19','2022-06-23 13:34:19',NULL),(330,5631,2,7,NULL,NULL,13742,23,250,NULL,580,1,NULL,NULL,40739,40771,00085361,NULL,NULL,'2021-06-30','2021-06-30',0009,1,NULL,13553.60,13553.60,1,1.00,NULL,'2022-06-23 13:34:19','2022-06-23 13:34:19',NULL),(331,5631,2,7,NULL,NULL,13742,23,250,NULL,580,1,NULL,NULL,40739,40771,00085359,NULL,NULL,'2021-06-30','2021-06-30',0009,1,NULL,15686.80,15686.80,1,1.00,NULL,'2022-06-23 13:34:19','2022-06-23 13:34:19',NULL),(332,5631,2,7,NULL,NULL,13742,23,250,NULL,580,1,NULL,NULL,40739,40771,00085360,NULL,NULL,'2021-06-30','2021-06-30',0009,1,NULL,15686.80,15686.80,1,1.00,NULL,'2022-06-23 13:34:19','2022-06-23 13:34:19',NULL),(333,5631,2,1,NULL,NULL,13742,23,217,NULL,580,1,NULL,NULL,40739,40751,00001379,NULL,NULL,'2021-06-30','2021-06-30',0002,1,NULL,1112499.98,1112499.98,1,1.00,NULL,'2022-06-23 13:34:19','2022-06-23 13:34:19',NULL),(334,5631,2,1,NULL,NULL,13743,23,217,NULL,580,1,NULL,NULL,40739,40802,00002589,NULL,NULL,'2021-07-01','2021-07-01',0005,1,NULL,1514.00,1514.00,1,1.00,NULL,'2022-06-23 13:34:31','2022-06-23 13:34:31',NULL),(335,5631,2,7,NULL,NULL,13743,23,250,NULL,580,1,NULL,NULL,40739,40771,00086022,NULL,NULL,'2021-07-02','2021-07-02',0009,1,NULL,6416.00,6416.00,1,1.00,NULL,'2022-06-23 13:34:31','2022-06-23 13:34:31',NULL),(336,5631,2,7,NULL,NULL,13743,23,250,NULL,580,1,NULL,NULL,40739,40771,00086023,NULL,NULL,'2021-07-02','2021-07-02',0009,1,NULL,6416.00,6416.00,1,1.00,NULL,'2022-06-23 13:34:31','2022-06-23 13:34:31',NULL),(337,5631,2,7,NULL,NULL,13743,23,250,NULL,580,1,NULL,NULL,40739,40771,00086024,NULL,NULL,'2021-07-02','2021-07-02',0009,1,NULL,6630.00,6630.00,1,1.00,NULL,'2022-06-23 13:34:31','2022-06-23 13:34:31',NULL),(338,5631,2,1,NULL,NULL,13743,23,217,NULL,580,1,NULL,NULL,40739,40749,00883554,NULL,NULL,'2021-07-02','2021-07-02',0021,1,NULL,25491.93,25491.93,1,1.00,NULL,'2022-06-23 13:34:31','2022-06-23 13:34:31',NULL),(339,5631,2,1,NULL,NULL,13743,23,217,NULL,580,1,NULL,NULL,40739,40813,00076688,NULL,NULL,'2021-07-05','2021-07-05',0003,1,NULL,3056.00,3056.00,1,1.00,NULL,'2022-06-23 13:34:31','2022-06-23 13:34:31',NULL),(340,5631,2,1,NULL,NULL,13743,23,217,NULL,580,1,NULL,NULL,40739,40814,00000140,NULL,NULL,'2021-07-06','2021-07-06',0005,1,NULL,4689.00,4689.00,1,1.00,NULL,'2022-06-23 13:34:31','2022-06-23 13:34:31',NULL),(341,5631,2,1,NULL,NULL,13743,23,217,NULL,580,1,NULL,NULL,40739,40766,00023901,NULL,NULL,'2021-07-07','2021-07-07',1433,1,NULL,9775.01,9775.01,1,1.00,NULL,'2022-06-23 13:34:31','2022-06-23 13:34:31',NULL),(342,5631,2,1,NULL,NULL,13743,23,217,NULL,580,1,NULL,NULL,40739,40751,00001410,NULL,NULL,'2021-07-08','2021-07-08',0002,1,NULL,1112499.98,1112499.98,1,1.00,NULL,'2022-06-23 13:34:31','2022-06-23 13:34:31',NULL);
INSERT INTO `receipts` VALUES (343,5631,2,4,NULL,NULL,13743,23,217,NULL,580,1,NULL,NULL,40739,40815,00006343,NULL,NULL,'2021-07-12','2021-07-12',0022,1,NULL,4797.00,4797.00,1,1.00,NULL,'2022-06-23 13:34:31','2022-06-23 13:34:31',NULL),(344,5631,2,1,NULL,NULL,13743,23,217,NULL,580,1,NULL,NULL,40739,40816,00009363,NULL,NULL,'2021-07-12','2021-07-12',0001,1,NULL,2260.49,2260.49,1,1.00,NULL,'2022-06-23 13:34:31','2022-06-23 13:34:31',NULL),(345,5631,2,1,NULL,NULL,13743,23,217,NULL,580,1,NULL,NULL,40739,40817,00000985,NULL,NULL,'2021-07-12','2021-07-12',0002,1,NULL,3398.00,3398.00,1,1.00,NULL,'2022-06-23 13:34:31','2022-06-23 13:34:31',NULL),(346,5631,2,1,NULL,NULL,13743,23,217,NULL,580,1,NULL,NULL,40739,40751,00001422,NULL,NULL,'2021-07-13','2021-07-13',0002,1,NULL,1112499.98,1112499.98,1,1.00,NULL,'2022-06-23 13:34:31','2022-06-23 13:34:31',NULL),(347,5631,2,1,NULL,NULL,13743,23,217,NULL,580,1,NULL,NULL,40739,40818,00001145,NULL,NULL,'2021-07-13','2021-07-13',0005,1,NULL,16100.00,16100.00,1,1.00,NULL,'2022-06-23 13:34:31','2022-06-23 13:34:31',NULL),(348,5631,2,1,NULL,NULL,13743,23,217,NULL,580,1,NULL,NULL,40739,40819,00000464,NULL,NULL,'2021-07-14','2021-07-14',0013,1,NULL,1390.00,1390.00,1,1.00,NULL,'2022-06-23 13:34:32','2022-06-23 13:34:32',NULL),(349,5631,2,1,NULL,NULL,13743,23,217,NULL,580,1,NULL,NULL,40739,40820,00009412,NULL,NULL,'2021-07-16','2021-07-16',0002,1,NULL,3479.96,3479.96,1,1.00,NULL,'2022-06-23 13:34:32','2022-06-23 13:34:32',NULL),(350,5631,2,1,NULL,NULL,13743,23,217,NULL,580,1,NULL,NULL,40739,40778,00007167,NULL,NULL,'2021-07-17','2021-07-17',0010,1,NULL,17566.10,17566.10,1,1.00,NULL,'2022-06-23 13:34:32','2022-06-23 13:34:32',NULL),(351,5631,2,1,NULL,NULL,13743,23,217,NULL,580,1,NULL,NULL,40739,40751,00001442,NULL,NULL,'2021-07-22','2021-07-22',0002,1,NULL,1112499.98,1112499.98,1,1.00,NULL,'2022-06-23 13:34:32','2022-06-23 13:34:32',NULL),(352,5631,2,1,NULL,NULL,13743,23,217,NULL,580,1,NULL,NULL,40739,40821,00004862,NULL,NULL,'2021-07-23','2021-07-23',0004,1,NULL,2359.98,2359.98,1,1.00,NULL,'2022-06-23 13:34:32','2022-06-23 13:34:32',NULL),(353,5631,2,7,NULL,NULL,13743,23,250,NULL,580,1,NULL,NULL,40739,40822,00000196,NULL,NULL,'2021-07-23','2021-07-23',0003,1,NULL,8514.00,8514.00,1,1.00,NULL,'2022-06-23 13:34:32','2022-06-23 13:34:32',NULL),(354,5631,2,1,NULL,NULL,13743,23,217,NULL,580,1,NULL,NULL,40739,40792,00042710,NULL,NULL,'2021-07-26','2021-07-26',0005,1,NULL,131742.70,131742.70,1,1.00,NULL,'2022-06-23 13:34:32','2022-06-23 13:34:32',NULL),(355,5631,2,1,NULL,NULL,13743,23,217,NULL,580,1,NULL,NULL,40739,40766,00024847,NULL,NULL,'2021-07-26','2021-07-26',1433,1,NULL,5028.84,5028.84,1,1.00,NULL,'2022-06-23 13:34:32','2022-06-23 13:34:32',NULL),(356,5631,2,4,NULL,NULL,13743,23,217,NULL,580,1,NULL,NULL,40739,40823,00000356,NULL,NULL,'2021-07-27','2021-07-27',0003,1,NULL,11153.34,11153.34,1,1.00,NULL,'2022-06-23 13:34:32','2022-06-23 13:34:32',NULL),(357,5631,2,1,NULL,NULL,13743,23,217,NULL,580,1,NULL,NULL,40739,40824,00005134,NULL,NULL,'2021-07-28','2021-07-28',0006,1,NULL,2763.00,2763.00,1,1.00,NULL,'2022-06-23 13:34:32','2022-06-23 13:34:32',NULL),(358,5631,2,10,NULL,NULL,13743,23,217,NULL,580,1,NULL,NULL,40739,40825,00000084,NULL,NULL,'2021-07-28','2021-07-28',0004,1,NULL,10301.94,10301.94,1,1.00,NULL,'2022-06-23 13:34:32','2022-06-23 13:34:32',NULL),(359,5631,2,1,NULL,NULL,13743,23,217,NULL,580,1,NULL,NULL,40739,40751,00001449,NULL,NULL,'2021-07-29','2021-07-29',0002,1,NULL,1124999.98,1124999.98,1,1.00,NULL,'2022-06-23 13:34:32','2022-06-23 13:34:32',NULL),(360,5631,2,7,NULL,NULL,13743,23,250,NULL,580,1,NULL,NULL,40739,40771,00088011,NULL,NULL,'2021-07-30','2021-07-30',0009,1,NULL,15436.80,15436.80,1,1.00,NULL,'2022-06-23 13:34:32','2022-06-23 13:34:32',NULL),(361,5631,2,7,NULL,NULL,13743,23,250,NULL,580,1,NULL,NULL,40739,40771,00088012,NULL,NULL,'2021-07-30','2021-07-30',0009,1,NULL,15436.80,15436.80,1,1.00,NULL,'2022-06-23 13:34:32','2022-06-23 13:34:32',NULL);
INSERT INTO `receipts` VALUES (362,5631,2,7,NULL,NULL,13743,23,250,NULL,580,1,NULL,NULL,40739,40771,00088013,NULL,NULL,'2021-07-30','2021-07-30',0009,1,NULL,13553.60,13553.60,1,1.00,NULL,'2022-06-23 13:34:32','2022-06-23 13:34:32',NULL),(363,5631,2,1,NULL,NULL,13743,23,217,NULL,580,1,NULL,NULL,40739,40757,00065270,NULL,NULL,'2021-07-30','2021-07-30',0001,1,NULL,6604.36,6604.36,1,1.00,NULL,'2022-06-23 13:34:32','2022-06-23 13:34:32',NULL),(364,5631,2,1,NULL,NULL,13743,23,217,NULL,580,1,NULL,NULL,40739,40766,00025094,NULL,NULL,'2021-07-30','2021-07-30',1433,1,NULL,6065.10,6065.10,1,1.00,NULL,'2022-06-23 13:34:32','2022-06-23 13:34:32',NULL),(365,5631,2,1,NULL,NULL,13743,23,217,NULL,580,1,NULL,NULL,40739,40762,00009965,NULL,NULL,'2021-07-31','2021-07-31',0007,1,NULL,2715.00,2715.00,1,1.00,NULL,'2022-06-23 13:34:32','2022-06-23 13:34:32',NULL),(366,5631,2,1,NULL,NULL,13744,23,217,NULL,580,1,NULL,NULL,40739,40749,00892806,NULL,NULL,'2021-08-02','2021-08-02',0021,1,NULL,25491.93,25491.93,1,1.00,NULL,'2022-06-23 13:34:44','2022-06-23 13:34:44',NULL),(367,5631,2,1,NULL,NULL,13744,23,217,NULL,580,1,NULL,NULL,40739,40751,00001478,NULL,NULL,'2021-08-06','2021-08-06',0002,1,NULL,1112499.98,1112499.98,1,1.00,NULL,'2022-06-23 13:34:44','2022-06-23 13:34:44',NULL),(368,5631,2,7,NULL,NULL,13744,23,250,NULL,580,1,NULL,NULL,40739,40826,00000885,NULL,NULL,'2021-08-06','2021-08-06',0004,1,NULL,6000.00,6000.00,1,1.00,NULL,'2022-06-23 13:34:44','2022-06-23 13:34:44',NULL),(369,5631,2,1,NULL,NULL,13744,23,217,NULL,580,1,NULL,NULL,40739,40766,00025613,NULL,NULL,'2021-08-09','2021-08-09',1433,1,NULL,11680.45,11680.45,1,1.00,NULL,'2022-06-23 13:34:44','2022-06-23 13:34:44',NULL),(370,5631,2,1,NULL,NULL,13744,23,217,NULL,580,1,NULL,NULL,40739,40766,00025708,NULL,NULL,'2021-08-11','2021-08-11',1433,1,NULL,9503.83,9503.83,1,1.00,NULL,'2022-06-23 13:34:44','2022-06-23 13:34:44',NULL),(371,5631,2,1,NULL,NULL,13744,23,217,NULL,580,1,NULL,NULL,40739,40766,00025729,NULL,NULL,'2021-08-11','2021-08-11',1433,1,NULL,10936.86,10936.86,1,1.00,NULL,'2022-06-23 13:34:44','2022-06-23 13:34:44',NULL),(372,5631,2,1,NULL,NULL,13744,23,217,NULL,580,1,NULL,NULL,40739,40751,00001490,NULL,NULL,'2021-08-13','2021-08-13',0002,1,NULL,1112499.98,1112499.98,1,1.00,NULL,'2022-06-23 13:34:44','2022-06-23 13:34:44',NULL),(373,5631,2,1,NULL,NULL,13744,23,217,NULL,580,1,NULL,NULL,40739,40778,00007520,NULL,NULL,'2021-08-13','2021-08-13',0010,1,NULL,8343.90,8343.90,1,1.00,NULL,'2022-06-23 13:34:44','2022-06-23 13:34:44',NULL),(374,5631,2,4,NULL,NULL,13744,23,217,NULL,580,1,NULL,NULL,40739,40827,00147664,NULL,NULL,'2021-08-14','2021-08-14',0007,1,NULL,8980.00,8980.00,1,1.00,NULL,'2022-06-23 13:34:44','2022-06-23 13:34:44',NULL),(375,5631,2,1,NULL,NULL,13744,23,217,NULL,580,1,NULL,NULL,40739,40828,00061183,NULL,NULL,'2021-08-20','2021-08-20',1000,1,NULL,1190.00,1190.00,1,1.00,NULL,'2022-06-23 13:34:44','2022-06-23 13:34:44',NULL),(376,5631,2,1,NULL,NULL,13744,23,217,NULL,580,1,NULL,NULL,40739,40751,00001510,NULL,NULL,'2021-08-20','2021-08-20',0002,1,NULL,1112499.98,1112499.98,1,1.00,NULL,'2022-06-23 13:34:44','2022-06-23 13:34:44',NULL),(377,5631,2,1,NULL,NULL,13744,23,217,NULL,580,1,NULL,NULL,40739,40751,00001524,NULL,NULL,'2021-08-26','2021-08-26',0002,1,NULL,1112499.98,1112499.98,1,1.00,NULL,'2022-06-23 13:34:45','2022-06-23 13:34:45',NULL),(378,5631,2,1,NULL,NULL,13744,23,217,NULL,580,1,NULL,NULL,40739,40766,00026592,NULL,NULL,'2021-08-27','2021-08-27',1433,1,NULL,5434.65,5434.65,1,1.00,NULL,'2022-06-23 13:34:45','2022-06-23 13:34:45',NULL),(379,5631,2,1,NULL,NULL,13744,23,217,NULL,580,1,NULL,NULL,40739,40751,00001529,NULL,NULL,'2021-08-30','2021-08-30',0002,1,NULL,1112499.98,1112499.98,1,1.00,NULL,'2022-06-23 13:34:45','2022-06-23 13:34:45',NULL),(380,5631,2,8,NULL,NULL,13744,23,250,NULL,580,1,NULL,NULL,40739,40771,00001334,NULL,NULL,'2021-08-31','2021-08-31',0009,1,NULL,2138.00,2138.00,1,1.00,NULL,'2022-06-23 13:34:45','2022-06-23 13:34:45',NULL);
INSERT INTO `receipts` VALUES (381,5631,2,8,NULL,NULL,13744,23,250,NULL,580,1,NULL,NULL,40739,40771,00001335,NULL,NULL,'2021-08-31','2021-08-31',0009,1,NULL,2138.00,2138.00,1,1.00,NULL,'2022-06-23 13:34:45','2022-06-23 13:34:45',NULL),(382,5631,2,8,NULL,NULL,13744,23,250,NULL,580,1,NULL,NULL,40739,40771,00001336,NULL,NULL,'2021-08-31','2021-08-31',0009,1,NULL,2210.00,2210.00,1,1.00,NULL,'2022-06-23 13:34:45','2022-06-23 13:34:45',NULL),(383,5631,2,7,NULL,NULL,13744,23,250,NULL,580,1,NULL,NULL,40739,40771,00090294,NULL,NULL,'2021-08-31','2021-08-31',0009,1,NULL,20419.00,20419.00,1,1.00,NULL,'2022-06-23 13:34:45','2022-06-23 13:34:45',NULL),(384,5631,2,7,NULL,NULL,13744,23,250,NULL,580,1,NULL,NULL,40739,40771,00090296,NULL,NULL,'2021-08-31','2021-08-31',0009,1,NULL,18072.00,18072.00,1,1.00,NULL,'2022-06-23 13:34:45','2022-06-23 13:34:45',NULL),(385,5631,2,7,NULL,NULL,13744,23,250,NULL,580,1,NULL,NULL,40739,40771,00090295,NULL,NULL,'2021-08-31','2021-08-31',0009,1,NULL,20419.00,20419.00,1,1.00,NULL,'2022-06-23 13:34:45','2022-06-23 13:34:45',NULL),(386,5631,2,1,NULL,NULL,13744,23,217,NULL,580,1,NULL,NULL,40739,40751,00001530,NULL,NULL,'2021-08-31','2021-08-31',0002,1,NULL,1112499.98,1112499.98,1,1.00,NULL,'2022-06-23 13:34:45','2022-06-23 13:34:45',NULL),(387,5631,2,1,NULL,NULL,13745,23,217,NULL,580,1,NULL,NULL,40739,40757,00069399,NULL,NULL,'2021-09-01','2021-09-01',0001,1,NULL,6590.18,6590.18,1,1.00,NULL,'2022-06-23 13:34:57','2022-06-23 13:34:57',NULL),(388,5631,2,3,NULL,NULL,13745,23,217,NULL,580,1,NULL,NULL,40739,40784,00000079,NULL,NULL,'2021-09-02','2021-09-02',0003,1,NULL,16819.00,16819.00,1,1.00,NULL,'2022-06-23 13:34:57','2022-06-23 13:34:57',NULL),(389,5631,2,1,NULL,NULL,13745,23,217,NULL,580,1,NULL,NULL,40739,40749,00896987,NULL,NULL,'2021-09-02','2021-09-02',0021,1,NULL,28219.86,28219.86,1,1.00,NULL,'2022-06-23 13:34:57','2022-06-23 13:34:57',NULL),(390,5631,2,1,NULL,NULL,13745,23,217,NULL,580,1,NULL,NULL,40739,40829,00001650,NULL,NULL,'2021-09-03','2021-09-03',0025,1,NULL,3499.00,3499.00,1,1.00,NULL,'2022-06-23 13:34:57','2022-06-23 13:34:57',NULL),(391,5631,2,1,NULL,NULL,13745,23,217,NULL,580,1,NULL,NULL,40739,40751,00001549,NULL,NULL,'2021-09-06','2021-09-06',0002,1,NULL,1112499.98,1112499.98,1,1.00,NULL,'2022-06-23 13:34:57','2022-06-23 13:34:57',NULL),(392,5631,2,1,NULL,NULL,13745,23,217,NULL,580,1,NULL,NULL,40739,40766,00027186,NULL,NULL,'2021-09-07','2021-09-07',1433,1,NULL,14913.23,14913.23,1,1.00,NULL,'2022-06-23 13:34:57','2022-06-23 13:34:57',NULL),(393,5631,2,4,NULL,NULL,13745,23,217,NULL,580,1,NULL,NULL,40739,40827,00154176,NULL,NULL,'2021-09-08','2021-09-08',0007,1,NULL,4391.20,4391.20,1,1.00,NULL,'2022-06-23 13:34:57','2022-06-23 13:34:57',NULL),(394,5631,2,1,NULL,NULL,13745,23,217,NULL,580,1,NULL,NULL,40739,40830,00001807,NULL,NULL,'2021-09-10','2021-09-10',0003,1,NULL,3300.00,3300.00,1,1.00,NULL,'2022-06-23 13:34:57','2022-06-23 13:34:57',NULL),(395,5631,2,1,NULL,NULL,13745,23,217,NULL,580,1,NULL,NULL,40739,40757,00070027,NULL,NULL,'2021-09-13','2021-09-13',0001,1,NULL,8379.48,8379.48,1,1.00,NULL,'2022-06-23 13:34:57','2022-06-23 13:34:57',NULL),(396,5631,2,1,NULL,NULL,13745,23,217,NULL,580,1,NULL,NULL,40739,40831,00001139,NULL,NULL,'2021-09-13','2021-09-13',0005,1,NULL,1391.24,1391.24,1,1.00,NULL,'2022-06-23 13:34:57','2022-06-23 13:34:57',NULL),(397,5631,2,1,NULL,NULL,13745,23,217,NULL,580,1,NULL,NULL,40739,40832,00003932,NULL,NULL,'2021-09-14','2021-09-14',0005,1,NULL,17675.00,17675.00,1,1.00,NULL,'2022-06-23 13:34:57','2022-06-23 13:34:57',NULL),(398,5631,2,1,NULL,NULL,13745,23,217,NULL,580,1,NULL,NULL,40739,40766,00027582,NULL,NULL,'2021-09-15','2021-09-15',1433,1,NULL,3237.70,3237.70,1,1.00,NULL,'2022-06-23 13:34:57','2022-06-23 13:34:57',NULL),(399,5631,2,8,NULL,NULL,13745,23,250,NULL,580,1,NULL,NULL,40739,40771,00001382,NULL,NULL,'2021-09-16','2021-09-16',0009,1,NULL,3564.00,3564.00,1,1.00,NULL,'2022-06-23 13:34:57','2022-06-23 13:34:57',NULL);
INSERT INTO `receipts` VALUES (400,5631,2,8,NULL,NULL,13745,23,250,NULL,580,1,NULL,NULL,40739,40771,00001383,NULL,NULL,'2021-09-16','2021-09-16',0009,1,NULL,1473.00,1473.00,1,1.00,NULL,'2022-06-23 13:34:58','2022-06-23 13:34:58',NULL),(401,5631,2,1,NULL,NULL,13745,23,217,NULL,580,1,NULL,NULL,40739,40751,00001580,NULL,NULL,'2021-09-17','2021-09-17',0002,1,NULL,1124999.98,1124999.98,1,1.00,NULL,'2022-06-23 13:34:58','2022-06-23 13:34:58',NULL),(402,5631,2,1,NULL,NULL,13745,23,217,NULL,580,1,NULL,NULL,40739,40833,00000100,NULL,NULL,'2021-09-20','2021-09-20',0007,1,NULL,2990.00,2990.00,1,1.00,NULL,'2022-06-23 13:34:58','2022-06-23 13:34:58',NULL),(403,5631,2,1,NULL,NULL,13745,23,217,NULL,580,1,NULL,NULL,40739,40834,00002440,NULL,NULL,'2021-09-20','2021-09-20',0012,1,NULL,3160.00,3160.00,1,1.00,NULL,'2022-06-23 13:34:58','2022-06-23 13:34:58',NULL),(404,5631,2,1,NULL,NULL,13745,23,217,NULL,580,1,NULL,NULL,40739,40751,00001581,NULL,NULL,'2021-09-20','2021-09-20',0002,1,NULL,1124999.98,1124999.98,1,1.00,NULL,'2022-06-23 13:34:58','2022-06-23 13:34:58',NULL),(405,5631,2,1,NULL,NULL,13745,23,217,NULL,580,1,NULL,NULL,40739,40835,00000127,NULL,NULL,'2021-09-20','2021-09-20',0003,1,NULL,1118.00,1118.00,1,1.00,NULL,'2022-06-23 13:34:58','2022-06-23 13:34:58',NULL),(406,5631,2,1,NULL,NULL,13745,23,217,NULL,580,1,NULL,NULL,40739,40836,00001570,NULL,NULL,'2021-09-21','2021-09-21',0003,1,NULL,2150.99,2150.99,1,1.00,NULL,'2022-06-23 13:34:58','2022-06-23 13:34:58',NULL),(407,5631,2,1,NULL,NULL,13745,23,217,NULL,580,1,NULL,NULL,40739,40751,00001593,NULL,NULL,'2021-09-24','2021-09-24',0002,1,NULL,1124999.98,1124999.98,1,1.00,NULL,'2022-06-23 13:34:58','2022-06-23 13:34:58',NULL),(408,5631,2,1,NULL,NULL,13745,23,217,NULL,580,1,NULL,NULL,40739,40837,00000837,NULL,NULL,'2021-09-24','2021-09-24',0009,1,NULL,1063.99,1063.99,1,1.00,NULL,'2022-06-23 13:34:58','2022-06-23 13:34:58',NULL),(409,5631,2,1,NULL,NULL,13745,23,217,NULL,580,1,NULL,NULL,40739,40818,00001424,NULL,NULL,'2021-09-24','2021-09-24',0005,1,NULL,18425.00,18425.00,1,1.00,NULL,'2022-06-23 13:34:58','2022-06-23 13:34:58',NULL),(410,5631,2,4,NULL,NULL,13745,23,217,NULL,580,1,NULL,NULL,40739,40838,00002681,NULL,NULL,'2021-09-27','2021-09-27',0003,1,NULL,24990.00,24990.00,1,1.00,NULL,'2022-06-23 13:34:58','2022-06-23 13:34:58',NULL),(411,5631,2,4,NULL,NULL,13745,23,217,NULL,580,1,NULL,NULL,40739,40838,00002663,NULL,NULL,'2021-09-27','2021-09-27',0003,1,NULL,4998.00,4998.00,1,1.00,NULL,'2022-06-23 13:34:58','2022-06-23 13:34:58',NULL),(412,5631,2,1,NULL,NULL,13745,23,217,NULL,580,1,NULL,NULL,40739,40762,00011879,NULL,NULL,'2021-09-27','2021-09-27',0007,1,NULL,4907.99,4907.99,1,1.00,NULL,'2022-06-23 13:34:58','2022-06-23 13:34:58',NULL),(413,5631,2,1,NULL,NULL,13745,23,217,NULL,580,1,NULL,NULL,40739,40839,00000245,NULL,NULL,'2021-09-28','2021-09-28',0005,1,NULL,5224.05,5224.05,1,1.00,NULL,'2022-06-23 13:34:58','2022-06-23 13:34:58',NULL),(414,5631,2,4,NULL,NULL,13745,23,217,NULL,580,1,NULL,NULL,40739,40774,00013701,NULL,NULL,'2021-09-29','2021-09-29',0005,1,NULL,4960.00,4960.00,1,1.00,NULL,'2022-06-23 13:34:58','2022-06-23 13:34:58',NULL),(415,5631,2,7,NULL,NULL,13745,23,250,NULL,580,1,NULL,NULL,40739,40771,00091897,NULL,NULL,'2021-09-30','2021-09-30',0009,1,NULL,20419.00,20419.00,1,1.00,NULL,'2022-06-23 13:34:58','2022-06-23 13:34:58',NULL),(416,5631,2,7,NULL,NULL,13745,23,250,NULL,580,1,NULL,NULL,40739,40771,00091898,NULL,NULL,'2021-09-30','2021-09-30',0009,1,NULL,20419.00,20419.00,1,1.00,NULL,'2022-06-23 13:34:58','2022-06-23 13:34:58',NULL),(417,5631,2,7,NULL,NULL,13745,23,250,NULL,580,1,NULL,NULL,40739,40771,00091899,NULL,NULL,'2021-09-30','2021-09-30',0009,1,NULL,18072.00,18072.00,1,1.00,NULL,'2022-06-23 13:34:58','2022-06-23 13:34:58',NULL),(418,5631,2,4,NULL,NULL,13745,23,217,NULL,580,1,NULL,NULL,40739,40840,00022285,NULL,NULL,'2021-09-30','2021-09-30',0002,1,NULL,3772.00,3772.00,1,1.00,NULL,'2022-06-23 13:34:58','2022-06-23 13:34:58',NULL);
INSERT INTO `receipts` VALUES (419,5631,2,1,NULL,NULL,13745,23,217,NULL,580,1,NULL,NULL,40739,40841,00007819,NULL,NULL,'2021-09-30','2021-09-30',0003,1,NULL,1500075.76,1500075.76,1,1.00,NULL,'2022-06-23 13:34:58','2022-06-23 13:34:58',NULL),(420,5631,2,1,NULL,NULL,13745,23,217,NULL,580,1,NULL,NULL,40739,40842,00001364,NULL,NULL,'2021-09-30','2021-09-30',0005,1,NULL,11799.00,11799.00,1,1.00,NULL,'2022-06-23 13:34:58','2022-06-23 13:34:58',NULL),(421,5631,2,1,NULL,NULL,13745,23,217,NULL,580,1,NULL,NULL,40739,40842,00001367,NULL,NULL,'2021-09-30','2021-09-30',0005,1,NULL,11799.00,11799.00,1,1.00,NULL,'2022-06-23 13:34:58','2022-06-23 13:34:58',NULL),(422,5631,2,1,NULL,NULL,13745,23,217,NULL,580,1,NULL,NULL,40739,40766,00000024,NULL,NULL,'2021-09-30','2021-09-30',2053,1,NULL,21066.31,21066.31,1,1.00,NULL,'2022-06-23 13:34:58','2022-06-23 13:34:58',NULL),(423,5631,2,1,NULL,NULL,13745,23,217,NULL,580,1,NULL,NULL,40739,40843,00006980,NULL,NULL,'2021-09-30','2021-09-30',0002,1,NULL,199239.90,199239.90,1,1.00,NULL,'2022-06-23 13:34:58','2022-06-23 13:34:58',NULL),(424,5631,2,1,NULL,NULL,13745,23,217,NULL,580,1,NULL,NULL,40739,40843,00006981,NULL,NULL,'2021-09-30','2021-09-30',0002,1,NULL,358303.76,358303.76,1,1.00,NULL,'2022-06-23 13:34:59','2022-06-23 13:34:59',NULL),(425,5631,2,1,NULL,NULL,13746,23,217,NULL,580,1,NULL,NULL,40739,40844,00237146,NULL,NULL,'2021-10-01','2021-10-01',0003,1,NULL,123499.98,123499.98,1,1.00,NULL,'2022-06-23 13:35:12','2022-06-23 13:35:12',NULL),(426,5631,2,1,NULL,NULL,13746,23,217,NULL,580,1,NULL,NULL,40739,40749,00902191,NULL,NULL,'2021-10-02','2021-10-02',0021,1,NULL,30003.97,30003.97,1,1.00,NULL,'2022-06-23 13:35:12','2022-06-23 13:35:12',NULL),(427,5631,2,1,NULL,NULL,13746,23,217,NULL,580,1,NULL,NULL,40739,40845,00004500,NULL,NULL,'2021-10-04','2021-10-04',0003,1,NULL,1999.00,1999.00,1,1.00,NULL,'2022-06-23 13:35:12','2022-06-23 13:35:12',NULL),(428,5631,2,4,NULL,NULL,13746,23,217,NULL,580,1,NULL,NULL,40739,40846,00209855,NULL,NULL,'2021-10-05','2021-10-05',0074,1,NULL,3719.99,3719.99,1,1.00,NULL,'2022-06-23 13:35:12','2022-06-23 13:35:12',NULL),(429,5631,2,7,NULL,NULL,13746,23,250,NULL,580,1,NULL,NULL,40739,40847,00000522,NULL,NULL,'2021-10-06','2021-10-06',0003,1,NULL,1353.00,1353.00,1,1.00,NULL,'2022-06-23 13:35:12','2022-06-23 13:35:12',NULL),(430,5631,2,1,NULL,NULL,13746,23,217,NULL,580,1,NULL,NULL,40739,40751,00001604,NULL,NULL,'2021-10-07','2021-10-07',0002,1,NULL,1124999.88,1124999.88,1,1.00,NULL,'2022-06-23 13:35:12','2022-06-23 13:35:12',NULL),(431,5631,2,1,NULL,NULL,13746,23,217,NULL,580,1,NULL,NULL,40739,40807,00007098,NULL,NULL,'2021-10-09','2021-10-09',0007,1,NULL,1570.00,1570.00,1,1.00,NULL,'2022-06-23 13:35:12','2022-06-23 13:35:12',NULL),(432,5631,2,1,NULL,NULL,13746,23,217,NULL,580,1,NULL,NULL,40739,40848,00002436,NULL,NULL,'2021-10-09','2021-10-09',0005,1,NULL,2398.99,2398.99,1,1.00,NULL,'2022-06-23 13:35:12','2022-06-23 13:35:12',NULL),(433,5631,2,1,NULL,NULL,13746,23,217,NULL,580,1,NULL,NULL,40739,40751,00001618,NULL,NULL,'2021-10-14','2021-10-14',0002,1,NULL,1124999.98,1124999.98,1,1.00,NULL,'2022-06-23 13:35:12','2022-06-23 13:35:12',NULL),(434,5631,2,1,NULL,NULL,13746,23,217,NULL,580,1,NULL,NULL,40739,40766,00000635,NULL,NULL,'2021-10-15','2021-10-15',2058,1,NULL,10863.62,10863.62,1,1.00,NULL,'2022-06-23 13:35:12','2022-06-23 13:35:12',NULL),(435,5631,2,8,NULL,NULL,13746,23,250,NULL,580,1,NULL,NULL,40739,40771,00001414,NULL,NULL,'2021-10-18','2021-10-18',0009,1,NULL,713.00,713.00,1,1.00,NULL,'2022-06-23 13:35:12','2022-06-23 13:35:12',NULL),(436,5631,2,1,NULL,NULL,13746,23,217,NULL,580,1,NULL,NULL,40739,40849,00002413,NULL,NULL,'2021-10-18','2021-10-18',0003,1,NULL,13591.00,13591.00,1,1.00,NULL,'2022-06-23 13:35:13','2022-06-23 13:35:13',NULL),(437,5631,2,1,NULL,NULL,13746,23,217,NULL,580,1,NULL,NULL,40739,40849,00002412,NULL,NULL,'2021-10-18','2021-10-18',0003,1,NULL,13591.00,13591.00,1,1.00,NULL,'2022-06-23 13:35:13','2022-06-23 13:35:13',NULL);
INSERT INTO `receipts` VALUES (438,5631,2,1,NULL,NULL,13746,23,217,NULL,580,1,NULL,NULL,40739,40850,00000740,NULL,NULL,'2021-10-18','2021-10-18',0027,1,NULL,232299.30,232299.30,1,1.00,NULL,'2022-06-23 13:35:13','2022-06-23 13:35:13',NULL),(439,5631,2,1,NULL,NULL,13746,23,217,NULL,580,1,NULL,NULL,40739,40844,00239128,NULL,NULL,'2021-10-18','2021-10-18',0003,1,NULL,28798.00,28798.00,1,1.00,NULL,'2022-06-23 13:35:13','2022-06-23 13:35:13',NULL),(440,5631,2,1,NULL,NULL,13746,23,217,NULL,580,1,NULL,NULL,40739,40778,00001218,NULL,NULL,'2021-10-18','2021-10-18',0007,1,NULL,6486.30,6486.30,1,1.00,NULL,'2022-06-23 13:35:13','2022-06-23 13:35:13',NULL),(441,5631,2,1,NULL,NULL,13746,23,217,NULL,580,1,NULL,NULL,40739,40778,00001219,NULL,NULL,'2021-10-18','2021-10-18',0007,1,NULL,22459.00,22459.00,1,1.00,NULL,'2022-06-23 13:35:13','2022-06-23 13:35:13',NULL),(442,5631,2,1,NULL,NULL,13746,23,217,NULL,580,1,NULL,NULL,40739,40851,00000572,NULL,NULL,'2021-10-19','2021-10-19',0004,1,NULL,1479.97,1479.97,1,1.00,NULL,'2022-06-23 13:35:13','2022-06-23 13:35:13',NULL),(443,5631,2,1,NULL,NULL,13746,23,217,NULL,580,1,NULL,NULL,40739,40852,00005732,NULL,NULL,'2021-10-20','2021-10-20',0002,1,NULL,217820.00,217820.00,1,1.00,NULL,'2022-06-23 13:35:13','2022-06-23 13:35:13',NULL),(444,5631,2,1,NULL,NULL,13746,23,217,NULL,580,1,NULL,NULL,40739,40762,00012561,NULL,NULL,'2021-10-20','2021-10-20',0007,1,NULL,2564.00,2564.00,1,1.00,NULL,'2022-06-23 13:35:13','2022-06-23 13:35:13',NULL),(445,5631,2,1,NULL,NULL,13746,23,217,NULL,580,1,NULL,NULL,40739,40762,00012562,NULL,NULL,'2021-10-20','2021-10-20',0007,1,NULL,13665.00,13665.00,1,1.00,NULL,'2022-06-23 13:35:13','2022-06-23 13:35:13',NULL),(446,5631,2,1,NULL,NULL,13746,23,217,NULL,580,1,NULL,NULL,40739,40751,00001639,NULL,NULL,'2021-10-22','2021-10-22',0002,1,NULL,1112499.98,1112499.98,1,1.00,NULL,'2022-06-23 13:35:13','2022-06-23 13:35:13',NULL),(447,5631,2,1,NULL,NULL,13746,23,217,NULL,580,1,NULL,NULL,40739,40766,00000072,NULL,NULL,'2021-10-25','2021-10-25',2053,1,NULL,29565.62,29565.62,1,1.00,NULL,'2022-06-23 13:35:13','2022-06-23 13:35:13',NULL),(448,5631,2,1,NULL,NULL,13746,23,217,NULL,580,1,NULL,NULL,40739,40755,00000207,NULL,NULL,'2021-10-26','2021-10-26',0002,1,NULL,6299.26,6299.26,1,1.00,NULL,'2022-06-23 13:35:13','2022-06-23 13:35:13',NULL),(449,5631,2,7,NULL,NULL,13746,23,250,NULL,580,1,NULL,NULL,40739,40771,00093464,NULL,NULL,'2021-10-27','2021-10-27',0009,1,NULL,20419.00,20419.00,1,1.00,NULL,'2022-06-23 13:35:13','2022-06-23 13:35:13',NULL),(450,5631,2,7,NULL,NULL,13746,23,250,NULL,580,1,NULL,NULL,40739,40771,00093465,NULL,NULL,'2021-10-27','2021-10-27',0009,1,NULL,20419.00,20419.00,1,1.00,NULL,'2022-06-23 13:35:13','2022-06-23 13:35:13',NULL),(451,5631,2,7,NULL,NULL,13746,23,250,NULL,580,1,NULL,NULL,40739,40771,00093466,NULL,NULL,'2021-10-27','2021-10-27',0009,1,NULL,18072.00,18072.00,1,1.00,NULL,'2022-06-23 13:35:13','2022-06-23 13:35:13',NULL),(452,5631,2,1,NULL,NULL,13746,23,217,NULL,580,1,NULL,NULL,40739,40853,00022900,NULL,NULL,'2021-10-27','2021-10-27',0015,1,NULL,2815.99,2815.99,1,1.00,NULL,'2022-06-23 13:35:13','2022-06-23 13:35:13',NULL),(453,5631,2,1,NULL,NULL,13746,23,217,NULL,580,1,NULL,NULL,40739,40854,00008727,NULL,NULL,'2021-10-29','2021-10-29',0003,1,NULL,4195.80,4195.80,1,1.00,NULL,'2022-06-23 13:35:13','2022-06-23 13:35:13',NULL),(454,5631,2,1,NULL,NULL,13746,23,217,NULL,580,1,NULL,NULL,40739,40751,00001652,NULL,NULL,'2021-10-29','2021-10-29',0002,1,NULL,1124999.98,1124999.98,1,1.00,NULL,'2022-06-23 13:35:13','2022-06-23 13:35:13',NULL),(455,5631,2,1,NULL,NULL,13746,23,217,NULL,580,1,NULL,NULL,40739,40855,00000704,NULL,NULL,'2021-10-29','2021-10-29',0010,1,NULL,695.99,695.99,1,1.00,NULL,'2022-06-23 13:35:13','2022-06-23 13:35:13',NULL),(456,5631,2,1,NULL,NULL,13746,23,217,NULL,580,1,NULL,NULL,40739,40853,00023215,NULL,NULL,'2021-10-29','2021-10-29',0015,1,NULL,4972.00,4972.00,1,1.00,NULL,'2022-06-23 13:35:13','2022-06-23 13:35:13',NULL);
INSERT INTO `receipts` VALUES (457,5631,2,1,NULL,NULL,13747,23,217,NULL,580,1,NULL,NULL,40739,40853,00023352,NULL,NULL,'2021-11-01','2021-11-01',0015,1,NULL,2178.00,2178.00,1,1.00,NULL,'2022-06-23 13:35:24','2022-06-23 13:35:24',NULL),(458,5631,2,1,NULL,NULL,13747,23,217,NULL,580,1,NULL,NULL,40739,40778,00001540,NULL,NULL,'2021-11-01','2021-11-01',0007,1,NULL,7376.20,7376.20,1,1.00,NULL,'2022-06-23 13:35:25','2022-06-23 13:35:25',NULL),(459,5631,2,1,NULL,NULL,13747,23,217,NULL,580,1,NULL,NULL,40739,40749,00912404,NULL,NULL,'2021-11-02','2021-11-02',0021,1,NULL,30003.97,30003.97,1,1.00,NULL,'2022-06-23 13:35:25','2022-06-23 13:35:25',NULL),(460,5631,2,1,NULL,NULL,13747,23,217,NULL,580,1,NULL,NULL,40739,40751,00001675,NULL,NULL,'2021-11-06','2021-11-06',0002,1,NULL,1124999.98,1124999.98,1,1.00,NULL,'2022-06-23 13:35:25','2022-06-23 13:35:25',NULL),(461,5631,2,4,NULL,NULL,13747,23,217,NULL,580,1,NULL,NULL,40739,40856,00002973,NULL,NULL,'2021-11-08','2021-11-08',0081,1,NULL,19392.00,19392.00,1,1.00,NULL,'2022-06-23 13:35:25','2022-06-23 13:35:25',NULL),(462,5631,2,1,NULL,NULL,13747,23,217,NULL,580,1,NULL,NULL,40739,40857,00004429,NULL,NULL,'2021-11-08','2021-11-08',0005,1,NULL,2390.00,2390.00,1,1.00,NULL,'2022-06-23 13:35:25','2022-06-23 13:35:25',NULL),(463,5631,2,4,NULL,NULL,13747,23,217,NULL,580,1,NULL,NULL,40739,40858,00009010,NULL,NULL,'2021-11-08','2021-11-08',0006,1,NULL,5042.00,5042.00,1,1.00,NULL,'2022-06-23 13:35:25','2022-06-23 13:35:25',NULL),(464,5631,2,4,NULL,NULL,13747,23,217,NULL,580,1,NULL,NULL,40739,40859,01306403,NULL,NULL,'2021-11-09','2021-11-09',0001,1,NULL,9672.00,9672.00,1,1.00,NULL,'2022-06-23 13:35:25','2022-06-23 13:35:25',NULL),(465,5631,2,1,NULL,NULL,13747,23,217,NULL,580,1,NULL,NULL,40739,40857,00004453,NULL,NULL,'2021-11-09','2021-11-09',0005,1,NULL,2590.01,2590.01,1,1.00,NULL,'2022-06-23 13:35:25','2022-06-23 13:35:25',NULL),(466,5631,2,1,NULL,NULL,13747,23,217,NULL,580,1,NULL,NULL,40739,40860,00003231,NULL,NULL,'2021-11-09','2021-11-09',0007,1,NULL,16740.00,16740.00,1,1.00,NULL,'2022-06-23 13:35:25','2022-06-23 13:35:25',NULL),(467,5631,2,1,NULL,NULL,13747,23,217,NULL,580,1,NULL,NULL,40739,40861,00001047,NULL,NULL,'2021-11-09','2021-11-09',0005,1,NULL,2379.99,2379.99,1,1.00,NULL,'2022-06-23 13:35:25','2022-06-23 13:35:25',NULL),(468,5631,2,1,NULL,NULL,13747,23,217,NULL,580,1,NULL,NULL,40739,40862,00000589,NULL,NULL,'2021-11-10','2021-11-10',0007,1,NULL,4366.00,4366.00,1,1.00,NULL,'2022-06-23 13:35:25','2022-06-23 13:35:25',NULL),(469,5631,2,1,NULL,NULL,13747,23,217,NULL,580,1,NULL,NULL,40739,40863,00006221,NULL,NULL,'2021-11-10','2021-11-10',0006,1,NULL,2196.00,2196.00,1,1.00,NULL,'2022-06-23 13:35:25','2022-06-23 13:35:25',NULL),(470,5631,2,1,NULL,NULL,13747,23,217,NULL,580,1,NULL,NULL,40739,40864,00028823,NULL,NULL,'2021-11-11','2021-11-11',0007,1,NULL,6798.00,6798.00,1,1.00,NULL,'2022-06-23 13:35:25','2022-06-23 13:35:25',NULL),(471,5631,2,1,NULL,NULL,13747,23,217,NULL,580,1,NULL,NULL,40739,40751,00001685,NULL,NULL,'2021-11-12','2021-11-12',0002,1,NULL,1112499.98,1112499.98,1,1.00,NULL,'2022-06-23 13:35:25','2022-06-23 13:35:25',NULL),(472,5631,2,1,NULL,NULL,13747,23,217,NULL,580,1,NULL,NULL,40739,40766,00000236,NULL,NULL,'2021-11-12','2021-11-12',2055,1,NULL,1696.26,1696.26,1,1.00,NULL,'2022-06-23 13:35:25','2022-06-23 13:35:25',NULL),(473,5631,2,1,NULL,NULL,13747,23,217,NULL,580,1,NULL,NULL,40739,40865,00000401,NULL,NULL,'2021-11-16','2021-11-16',0007,1,NULL,11599.00,11599.00,1,1.00,NULL,'2022-06-23 13:35:25','2022-06-23 13:35:25',NULL),(474,5631,2,1,NULL,NULL,13747,23,217,NULL,580,1,NULL,NULL,40739,40866,00009406,NULL,NULL,'2021-11-16','2021-11-16',0003,1,NULL,4779.92,4779.92,1,1.00,NULL,'2022-06-23 13:35:25','2022-06-23 13:35:25',NULL),(475,5631,2,1,NULL,NULL,13747,23,217,NULL,580,1,NULL,NULL,40739,40866,00009405,NULL,NULL,'2021-11-16','2021-11-16',0003,1,NULL,992.99,992.99,1,1.00,NULL,'2022-06-23 13:35:25','2022-06-23 13:35:25',NULL);
INSERT INTO `receipts` VALUES (476,5631,2,1,NULL,NULL,13747,23,217,NULL,580,1,NULL,NULL,40739,40867,00002625,NULL,NULL,'2021-11-16','2021-11-16',0008,1,NULL,2599.00,2599.00,1,1.00,NULL,'2022-06-23 13:35:25','2022-06-23 13:35:25',NULL),(477,5631,2,1,NULL,NULL,13747,23,217,NULL,580,1,NULL,NULL,40739,40766,00001579,NULL,NULL,'2021-11-16','2021-11-16',2058,1,NULL,16870.86,16870.86,1,1.00,NULL,'2022-06-23 13:35:25','2022-06-23 13:35:25',NULL),(478,5631,2,1,NULL,NULL,13747,23,217,NULL,580,1,NULL,NULL,40739,40751,00001694,NULL,NULL,'2021-11-19','2021-11-19',0002,1,NULL,1124999.98,1124999.98,1,1.00,NULL,'2022-06-23 13:35:25','2022-06-23 13:35:25',NULL),(479,5631,2,1,NULL,NULL,13747,23,217,NULL,580,1,NULL,NULL,40739,40781,00010851,NULL,NULL,'2021-11-23','2021-11-23',0011,1,NULL,19199.00,19199.00,1,1.00,NULL,'2022-06-23 13:35:25','2022-06-23 13:35:25',NULL),(480,5631,2,4,NULL,NULL,13747,23,217,NULL,580,1,NULL,NULL,40739,40838,00002892,NULL,NULL,'2021-11-25','2021-11-25',0003,1,NULL,4998.00,4998.00,1,1.00,NULL,'2022-06-23 13:35:25','2022-06-23 13:35:25',NULL),(481,5631,2,1,NULL,NULL,13747,23,217,NULL,580,1,NULL,NULL,40739,40751,00001708,NULL,NULL,'2021-11-26','2021-11-26',0002,1,NULL,1124999.98,1124999.98,1,1.00,NULL,'2022-06-23 13:35:26','2022-06-23 13:35:26',NULL),(482,5631,2,4,NULL,NULL,13747,23,217,NULL,580,1,NULL,NULL,40739,40838,00002935,NULL,NULL,'2021-11-28','2021-11-28',0003,1,NULL,4998.00,4998.00,1,1.00,NULL,'2022-06-23 13:35:26','2022-06-23 13:35:26',NULL),(483,5631,2,1,NULL,NULL,13747,23,217,NULL,580,1,NULL,NULL,40739,40842,00001411,NULL,NULL,'2021-11-29','2021-11-29',0005,1,NULL,15682.00,15682.00,1,1.00,NULL,'2022-06-23 13:35:26','2022-06-23 13:35:26',NULL),(484,5631,2,1,NULL,NULL,13747,23,217,NULL,580,1,NULL,NULL,40739,40868,00000586,NULL,NULL,'2021-11-29','2021-11-29',0001,1,NULL,42200.00,42200.00,1,1.00,NULL,'2022-06-23 13:35:26','2022-06-23 13:35:26',NULL),(485,5631,2,1,NULL,NULL,13747,23,217,NULL,580,1,NULL,NULL,40739,40869,00001351,NULL,NULL,'2021-11-29','2021-11-29',0175,1,NULL,41012.53,41012.53,1,1.00,NULL,'2022-06-23 13:35:26','2022-06-23 13:35:26',NULL),(486,5631,2,1,NULL,NULL,13747,23,217,NULL,580,1,NULL,NULL,40739,40870,00001759,NULL,NULL,'2021-11-29','2021-11-29',0005,1,NULL,4851.00,4851.00,1,1.00,NULL,'2022-06-23 13:35:26','2022-06-23 13:35:26',NULL),(487,5631,2,1,NULL,NULL,13747,23,217,NULL,580,1,NULL,NULL,40739,40871,00006188,NULL,NULL,'2021-11-30','2021-11-30',0013,1,NULL,10019.01,10019.01,1,1.00,NULL,'2022-06-23 13:35:26','2022-06-23 13:35:26',NULL),(488,5631,2,1,NULL,NULL,13747,23,217,NULL,580,1,NULL,NULL,40739,40872,00018524,NULL,NULL,'2021-11-30','2021-11-30',0005,1,NULL,17998.00,17998.00,1,1.00,NULL,'2022-06-23 13:35:26','2022-06-23 13:35:26',NULL),(489,5631,2,1,NULL,NULL,13747,23,217,NULL,580,1,NULL,NULL,40739,40860,00000342,NULL,NULL,'2021-11-30','2021-11-30',0010,1,NULL,16470.00,16470.00,1,1.00,NULL,'2022-06-23 13:35:26','2022-06-23 13:35:26',NULL),(490,5631,2,1,NULL,NULL,13747,23,217,NULL,580,1,NULL,NULL,40739,40873,00001939,NULL,NULL,'2021-11-30','2021-11-30',0002,1,NULL,7439.07,7439.07,1,1.00,NULL,'2022-06-23 13:35:26','2022-06-23 13:35:26',NULL),(491,5631,2,1,NULL,NULL,13747,23,217,NULL,580,1,NULL,NULL,40739,40874,00033454,NULL,NULL,'2021-11-30','2021-11-30',0005,1,NULL,2413.74,2413.74,1,1.00,NULL,'2022-06-23 13:35:26','2022-06-23 13:35:26',NULL),(492,5631,2,1,NULL,NULL,13747,23,217,NULL,580,1,NULL,NULL,40739,40874,00033453,NULL,NULL,'2021-11-30','2021-11-30',0005,1,NULL,3939.39,3939.39,1,1.00,NULL,'2022-06-23 13:35:26','2022-06-23 13:35:26',NULL),(493,5631,2,1,NULL,NULL,13748,23,217,NULL,580,1,NULL,NULL,40739,40875,00000725,NULL,NULL,'2021-12-01','2021-12-01',0002,1,NULL,2599.00,2599.00,1,1.00,NULL,'2022-06-23 13:38:01','2022-06-23 13:38:01',NULL),(494,5631,2,1,NULL,NULL,13748,23,217,NULL,580,1,NULL,NULL,40739,40766,00001992,NULL,NULL,'2021-12-01','2021-12-01',2058,1,NULL,20503.34,20503.34,1,1.00,NULL,'2022-06-23 13:38:01','2022-06-23 13:38:01',NULL);
INSERT INTO `receipts` VALUES (495,5631,2,1,NULL,NULL,13748,23,217,NULL,580,1,NULL,NULL,40739,40876,00000862,NULL,NULL,'2021-12-01','2021-12-01',0017,1,NULL,5397.00,5397.00,1,1.00,NULL,'2022-06-23 13:38:01','2022-06-23 13:38:01',NULL),(496,5631,2,1,NULL,NULL,13748,23,217,NULL,580,1,NULL,NULL,40739,40877,00141432,NULL,NULL,'2021-12-02','2021-12-02',0031,1,NULL,20899.00,20899.00,1,1.00,NULL,'2022-06-23 13:38:01','2022-06-23 13:38:01',NULL),(497,5631,2,1,NULL,NULL,13748,23,217,NULL,580,1,NULL,NULL,40739,40749,00915904,NULL,NULL,'2021-12-02','2021-12-02',0021,1,NULL,31804.20,31804.20,1,1.00,NULL,'2022-06-23 13:38:01','2022-06-23 13:38:01',NULL),(498,5631,2,7,NULL,NULL,13748,23,250,NULL,580,1,NULL,NULL,40739,40878,04809830,NULL,NULL,'2021-12-03','2021-12-03',0400,1,NULL,3196.00,3196.00,1,1.00,NULL,'2022-06-23 13:38:01','2022-06-23 13:38:01',NULL),(499,5631,2,7,NULL,NULL,13748,23,250,NULL,580,1,NULL,NULL,40739,40771,00094999,NULL,NULL,'2021-12-04','2021-12-04',0009,1,NULL,21226.00,21226.00,1,1.00,NULL,'2022-06-23 13:38:01','2022-06-23 13:38:01',NULL),(500,5631,2,7,NULL,NULL,13748,23,250,NULL,580,1,NULL,NULL,40739,40771,00095000,NULL,NULL,'2021-12-04','2021-12-04',0009,1,NULL,18929.00,18929.00,1,1.00,NULL,'2022-06-23 13:38:01','2022-06-23 13:38:01',NULL),(501,5631,2,7,NULL,NULL,13748,23,250,NULL,580,1,NULL,NULL,40739,40771,00094998,NULL,NULL,'2021-12-04','2021-12-04',0009,1,NULL,21226.00,21226.00,1,1.00,NULL,'2022-06-23 13:38:01','2022-06-23 13:38:01',NULL),(502,5631,2,1,NULL,NULL,13748,23,217,NULL,580,1,NULL,NULL,40739,40879,00000808,NULL,NULL,'2021-12-05','2021-12-05',0010,1,NULL,8889.00,8889.00,1,1.00,NULL,'2022-06-23 13:38:01','2022-06-23 13:38:01',NULL),(503,5631,2,1,NULL,NULL,13748,23,217,NULL,580,1,NULL,NULL,40739,40880,00001620,NULL,NULL,'2021-12-09','2021-12-09',0011,1,NULL,9999.00,9999.00,1,1.00,NULL,'2022-06-23 13:38:01','2022-06-23 13:38:01',NULL),(504,5631,2,1,NULL,NULL,13748,23,217,NULL,580,1,NULL,NULL,40739,40881,00008955,NULL,NULL,'2021-12-10','2021-12-10',0005,1,NULL,2366.49,2366.49,1,1.00,NULL,'2022-06-23 13:38:01','2022-06-23 13:38:01',NULL),(505,5631,2,1,NULL,NULL,13748,23,217,NULL,580,1,NULL,NULL,40739,40751,00001735,NULL,NULL,'2021-12-14','2021-12-14',0002,1,NULL,1112499.98,1112499.98,1,1.00,NULL,'2022-06-23 13:38:01','2022-06-23 13:38:01',NULL),(506,5631,2,1,NULL,NULL,13748,23,217,NULL,580,1,NULL,NULL,40739,40882,00001422,NULL,NULL,'2021-12-14','2021-12-14',0005,1,NULL,7780.51,7780.51,1,1.00,NULL,'2022-06-23 13:38:01','2022-06-23 13:38:01',NULL),(507,5631,2,1,NULL,NULL,13748,23,217,NULL,580,1,NULL,NULL,40739,40766,00002444,NULL,NULL,'2021-12-14','2021-12-14',2058,1,NULL,29975.18,29975.18,1,1.00,NULL,'2022-06-23 13:38:02','2022-06-23 13:38:02',NULL),(508,5631,2,4,NULL,NULL,13748,23,217,NULL,580,1,NULL,NULL,40739,40756,00872658,NULL,NULL,'2021-12-15','2021-12-15',0443,1,NULL,4765.00,4765.00,1,1.00,NULL,'2022-06-23 13:38:02','2022-06-23 13:38:02',NULL),(509,5631,2,1,NULL,NULL,13748,23,217,NULL,580,1,NULL,NULL,40739,40883,00101699,NULL,NULL,'2021-12-15','2021-12-15',0004,1,NULL,2169.78,2169.78,1,1.00,NULL,'2022-06-23 13:38:02','2022-06-23 13:38:02',NULL),(510,5631,2,1,NULL,NULL,13748,23,217,NULL,580,1,NULL,NULL,40739,40884,00002735,NULL,NULL,'2021-12-16','2021-12-16',0005,1,NULL,9999.00,9999.00,1,1.00,NULL,'2022-06-23 13:38:02','2022-06-23 13:38:02',NULL),(511,5631,2,1,NULL,NULL,13748,23,217,NULL,580,1,NULL,NULL,40739,40751,00001736,NULL,NULL,'2021-12-17','2021-12-17',0002,1,NULL,1112499.98,1112499.98,1,1.00,NULL,'2022-06-23 13:38:02','2022-06-23 13:38:02',NULL),(512,5631,2,1,NULL,NULL,13748,23,217,NULL,580,1,NULL,NULL,40739,40757,00078813,NULL,NULL,'2021-12-17','2021-12-17',0001,1,NULL,8494.85,8494.85,1,1.00,NULL,'2022-06-23 13:38:02','2022-06-23 13:38:02',NULL),(513,5631,2,3,NULL,NULL,13748,23,217,NULL,580,1,NULL,NULL,40739,40757,00007868,NULL,NULL,'2021-12-17','2021-12-17',0001,1,NULL,6590.18,6590.18,1,1.00,NULL,'2022-06-23 13:38:02','2022-06-23 13:38:02',NULL);
INSERT INTO `receipts` VALUES (514,5631,2,1,NULL,NULL,13748,23,217,NULL,580,1,NULL,NULL,40739,40766,00000397,NULL,NULL,'2021-12-20','2021-12-20',2055,1,NULL,5903.98,5903.98,1,1.00,NULL,'2022-06-23 13:38:02','2022-06-23 13:38:02',NULL),(515,5631,2,1,NULL,NULL,13748,23,217,NULL,580,1,NULL,NULL,40739,40885,00000007,NULL,NULL,'2021-12-20','2021-12-20',0014,1,NULL,1153620.00,1153620.00,1,1.00,NULL,'2022-06-23 13:38:02','2022-06-23 13:38:02',NULL),(516,5631,2,1,NULL,NULL,13748,23,217,NULL,580,1,NULL,NULL,40739,40800,00008171,NULL,NULL,'2021-12-22','2021-12-22',0007,1,NULL,16842.50,16842.50,1,1.00,NULL,'2022-06-23 13:38:02','2022-06-23 13:38:02',NULL),(517,5631,2,1,NULL,NULL,13748,23,217,NULL,580,1,NULL,NULL,40739,40886,00000797,NULL,NULL,'2021-12-22','2021-12-22',0002,1,NULL,605000.00,605000.00,1,1.00,NULL,'2022-06-23 13:38:02','2022-06-23 13:38:02',NULL),(518,5631,2,1,NULL,NULL,13748,23,217,NULL,580,1,NULL,NULL,40739,40797,00006909,NULL,NULL,'2021-12-22','2021-12-22',0002,1,NULL,533447.71,533447.71,1,1.00,NULL,'2022-06-23 13:38:02','2022-06-23 13:38:02',NULL),(519,5631,2,1,NULL,NULL,13748,23,217,NULL,580,1,NULL,NULL,40739,40887,00002550,NULL,NULL,'2021-12-22','2021-12-22',0003,1,NULL,3919.99,3919.99,1,1.00,NULL,'2022-06-23 13:38:02','2022-06-23 13:38:02',NULL),(520,5631,2,1,NULL,NULL,13748,23,217,NULL,580,1,NULL,NULL,40739,40888,00003633,NULL,NULL,'2021-12-22','2021-12-22',0025,1,NULL,15080.00,15080.00,1,1.00,NULL,'2022-06-23 13:38:02','2022-06-23 13:38:02',NULL),(521,5631,2,1,NULL,NULL,13748,23,217,NULL,580,1,NULL,NULL,40739,40766,00000379,NULL,NULL,'2021-12-22','2021-12-22',2057,1,NULL,9984.61,9984.61,1,1.00,NULL,'2022-06-23 13:38:02','2022-06-23 13:38:02',NULL),(522,5631,2,1,NULL,NULL,13748,23,217,NULL,580,1,NULL,NULL,40739,40797,00006910,NULL,NULL,'2021-12-23','2021-12-23',0002,1,NULL,483084.33,483084.33,1,1.00,NULL,'2022-06-23 13:38:02','2022-06-23 13:38:02',NULL),(523,5631,2,4,NULL,NULL,13748,23,217,NULL,580,1,NULL,NULL,40739,40889,00038561,NULL,NULL,'2021-12-24','2021-12-24',0031,1,NULL,14210.00,14210.00,1,1.00,NULL,'2022-06-23 13:38:02','2022-06-23 13:38:02',NULL),(524,5631,2,4,NULL,NULL,13748,23,217,NULL,580,1,NULL,NULL,40739,40890,00001610,NULL,NULL,'2021-12-24','2021-12-24',0005,1,NULL,2670.00,2670.00,1,1.00,NULL,'2022-06-23 13:38:02','2022-06-23 13:38:02',NULL),(525,5631,2,4,NULL,NULL,13748,23,217,NULL,580,1,NULL,NULL,40739,40891,00007814,NULL,NULL,'2021-12-27','2021-12-27',0019,1,NULL,14999.00,14999.00,1,1.00,NULL,'2022-06-23 13:38:02','2022-06-23 13:38:02',NULL),(526,5631,2,1,NULL,NULL,13748,23,217,NULL,580,1,NULL,NULL,40739,40875,00001513,NULL,NULL,'2021-12-27','2021-12-27',0002,1,NULL,5619.00,5619.00,1,1.00,NULL,'2022-06-23 13:38:02','2022-06-23 13:38:02',NULL),(527,5631,2,1,NULL,NULL,13748,23,217,NULL,580,1,NULL,NULL,40739,40892,00000210,NULL,NULL,'2021-12-27','2021-12-27',0002,1,NULL,1163123.00,1163123.00,1,1.00,NULL,'2022-06-23 13:38:02','2022-06-23 13:38:02',NULL),(528,5631,2,1,NULL,NULL,13748,23,217,NULL,580,1,NULL,NULL,40739,40892,00000209,NULL,NULL,'2021-12-27','2021-12-27',0002,1,NULL,1112779.20,1112779.20,1,1.00,NULL,'2022-06-23 13:38:03','2022-06-23 13:38:03',NULL),(529,5631,2,1,NULL,NULL,13748,23,217,NULL,580,1,NULL,NULL,40739,40892,00000211,NULL,NULL,'2021-12-27','2021-12-27',0002,1,NULL,1724606.65,1724606.65,1,1.00,NULL,'2022-06-23 13:38:03','2022-06-23 13:38:03',NULL),(530,5631,2,1,NULL,NULL,13748,23,217,NULL,580,1,NULL,NULL,40739,40893,00009837,NULL,NULL,'2021-12-27','2021-12-27',0041,1,NULL,1850.00,1850.00,1,1.00,NULL,'2022-06-23 13:38:03','2022-06-23 13:38:03',NULL),(531,5631,2,1,NULL,NULL,13748,23,217,NULL,580,1,NULL,NULL,40739,40876,00001071,NULL,NULL,'2021-12-27','2021-12-27',0017,1,NULL,1799.00,1799.00,1,1.00,NULL,'2022-06-23 13:38:03','2022-06-23 13:38:03',NULL),(532,5631,2,1,NULL,NULL,13748,23,217,NULL,580,1,NULL,NULL,40739,40797,00006940,NULL,NULL,'2021-12-28','2021-12-28',0002,1,NULL,543921.84,543921.84,1,1.00,NULL,'2022-06-23 13:38:03','2022-06-23 13:38:03',NULL);
INSERT INTO `receipts` VALUES (533,5631,2,1,NULL,NULL,13748,23,217,NULL,580,1,NULL,NULL,40739,40792,00044328,NULL,NULL,'2021-12-29','2021-12-29',0005,1,NULL,26399.69,26399.69,1,1.00,NULL,'2022-06-23 13:38:03','2022-06-23 13:38:03',NULL),(534,5631,2,1,NULL,NULL,13748,23,217,NULL,580,1,NULL,NULL,40739,40792,00044327,NULL,NULL,'2021-12-29','2021-12-29',0005,1,NULL,26999.68,26999.68,1,1.00,NULL,'2022-06-23 13:38:03','2022-06-23 13:38:03',NULL),(535,5631,2,1,NULL,NULL,13748,23,217,NULL,580,1,NULL,NULL,40739,40751,00001748,NULL,NULL,'2021-12-29','2021-12-29',0002,1,NULL,1107270.54,1107270.54,1,1.00,NULL,'2022-06-23 13:38:03','2022-06-23 13:38:03',NULL),(536,5631,2,1,NULL,NULL,13748,23,217,NULL,580,1,NULL,NULL,40739,40751,00001749,NULL,NULL,'2021-12-29','2021-12-29',0002,1,NULL,1106060.57,1106060.57,1,1.00,NULL,'2022-06-23 13:38:03','2022-06-23 13:38:03',NULL),(537,5631,2,1,NULL,NULL,13748,23,217,NULL,580,1,NULL,NULL,40739,40797,00006941,NULL,NULL,'2021-12-29','2021-12-29',0002,1,NULL,549049.20,549049.20,1,1.00,NULL,'2022-06-23 13:38:03','2022-06-23 13:38:03',NULL),(538,5631,2,1,NULL,NULL,13748,23,217,NULL,580,1,NULL,NULL,40739,40894,00036854,NULL,NULL,'2021-12-29','2021-12-29',0002,1,NULL,27000.00,27000.00,1,1.00,NULL,'2022-06-23 13:38:03','2022-06-23 13:38:03',NULL),(539,5631,2,1,NULL,NULL,13748,23,217,NULL,580,1,NULL,NULL,40739,40895,00010749,NULL,NULL,'2021-12-29','2021-12-29',0004,1,NULL,3904.96,3904.96,1,1.00,NULL,'2022-06-23 13:38:03','2022-06-23 13:38:03',NULL),(540,5631,2,1,NULL,NULL,13748,23,217,NULL,580,1,NULL,NULL,40739,40896,00002017,NULL,NULL,'2021-12-29','2021-12-29',0005,1,NULL,3998.00,3998.00,1,1.00,NULL,'2022-06-23 13:38:03','2022-06-23 13:38:03',NULL),(541,5631,2,1,NULL,NULL,13748,23,217,NULL,580,1,NULL,NULL,40739,40897,00020954,NULL,NULL,'2021-12-30','2021-12-30',0010,1,NULL,5384.00,5384.00,1,1.00,NULL,'2022-06-23 13:38:03','2022-06-23 13:38:03',NULL),(542,5631,2,1,NULL,NULL,13748,23,217,NULL,580,1,NULL,NULL,40739,40898,00001267,NULL,NULL,'2021-12-30','2021-12-30',0001,1,NULL,1989000.00,1989000.00,1,1.00,NULL,'2022-06-23 13:38:03','2022-06-23 13:38:03',NULL);

--
-- Table structure for table `recibo_config`
--

CREATE TABLE `recibo_config` (
  `id` int(10) unsigned NOT NULL AUTO_INCREMENT,
  `user_id` int(10) unsigned DEFAULT NULL,
  `person_id` int(10) unsigned NOT NULL,
  `num_inicial` int(10) unsigned NOT NULL DEFAULT '0',
  `created_at` timestamp NULL DEFAULT NULL,
  `updated_at` timestamp NULL DEFAULT NULL,
  `deleted_at` timestamp NULL DEFAULT NULL,
  PRIMARY KEY (`id`),
  KEY `recibo_config_person_id_foreign` (`person_id`),
  CONSTRAINT `recibo_config_person_id_foreign` FOREIGN KEY (`person_id`) REFERENCES `persons` (`id`)
) ENGINE=InnoDB DEFAULT CHARSET=utf8mb4 COLLATE=utf8mb4_unicode_ci;

--
-- Dumping data for table `recibo_config`
--


--
-- Table structure for table `recibos`
--

CREATE TABLE `recibos` (
  `id` int(10) unsigned NOT NULL AUTO_INCREMENT,
  `user_id` int(10) unsigned NOT NULL,
  `fecha` date NOT NULL DEFAULT '2019-12-13',
  `punto_venta_id` int(10) unsigned NOT NULL,
  `numero` int(10) unsigned NOT NULL,
  `person_id` int(10) unsigned NOT NULL,
  `person_id_receptor` int(10) unsigned NOT NULL DEFAULT '3',
  `condicion_venta_id` int(10) unsigned NOT NULL DEFAULT '1',
  `cond_frente_iva_id` int(10) unsigned NOT NULL DEFAULT '1',
  `importe` decimal(16,2) NOT NULL DEFAULT '0.00',
  `en_concepto_de` longtext COLLATE utf8mb4_unicode_ci,
  `ret_ganancias` decimal(16,2) NOT NULL DEFAULT '0.00',
  `ret_iva` decimal(16,2) NOT NULL DEFAULT '0.00',
  `ret_iibb` decimal(16,2) NOT NULL DEFAULT '0.00',
  `imp_internos` decimal(16,2) NOT NULL DEFAULT '0.00',
  `imp_municipales` decimal(16,2) NOT NULL DEFAULT '0.00',
  `total_otros_tributos` decimal(16,2) NOT NULL DEFAULT '0.00',
  `total` decimal(16,2) NOT NULL DEFAULT '0.00',
  `comentario` varchar(191) COLLATE utf8mb4_unicode_ci DEFAULT NULL,
  `created_at` timestamp NULL DEFAULT NULL,
  `updated_at` timestamp NULL DEFAULT NULL,
  `deleted_at` timestamp NULL DEFAULT NULL,
  PRIMARY KEY (`id`),
  KEY `recibos_punto_venta_id_foreign` (`punto_venta_id`),
  KEY `recibos_person_id_foreign` (`person_id`),
  KEY `recibos_person_id_receptor_foreign` (`person_id_receptor`),
  KEY `recibos_condicion_venta_id_foreign` (`condicion_venta_id`),
  KEY `recibos_cond_frente_iva_id_foreign` (`cond_frente_iva_id`),
  CONSTRAINT `recibos_cond_frente_iva_id_foreign` FOREIGN KEY (`cond_frente_iva_id`) REFERENCES `fac_elec_cond_frente_iva` (`id`),
  CONSTRAINT `recibos_condicion_venta_id_foreign` FOREIGN KEY (`condicion_venta_id`) REFERENCES `condiciones_venta` (`id`),
  CONSTRAINT `recibos_person_id_foreign` FOREIGN KEY (`person_id`) REFERENCES `persons` (`id`),
  CONSTRAINT `recibos_person_id_receptor_foreign` FOREIGN KEY (`person_id_receptor`) REFERENCES `persons` (`id`),
  CONSTRAINT `recibos_punto_venta_id_foreign` FOREIGN KEY (`punto_venta_id`) REFERENCES `fact_elec_puntos_venta` (`id`)
) ENGINE=InnoDB DEFAULT CHARSET=utf8mb4 COLLATE=utf8mb4_unicode_ci;

--
-- Dumping data for table `recibos`
--


--
-- Table structure for table `remito_config`
--

CREATE TABLE `remito_config` (
  `id` int(10) unsigned NOT NULL AUTO_INCREMENT,
  `user_id` int(10) unsigned NOT NULL,
  `person_id` int(10) unsigned NOT NULL,
  `num_inicial` int(10) unsigned NOT NULL DEFAULT '0',
  `created_at` timestamp NULL DEFAULT NULL,
  `updated_at` timestamp NULL DEFAULT NULL,
  `deleted_at` timestamp NULL DEFAULT NULL,
  PRIMARY KEY (`id`),
  KEY `remito_config_person_id_foreign` (`person_id`),
  CONSTRAINT `remito_config_person_id_foreign` FOREIGN KEY (`person_id`) REFERENCES `persons` (`id`)
) ENGINE=InnoDB DEFAULT CHARSET=utf8mb4 COLLATE=utf8mb4_unicode_ci;

--
-- Dumping data for table `remito_config`
--


--
-- Table structure for table `remitos`
--

CREATE TABLE `remitos` (
  `id` int(10) unsigned NOT NULL AUTO_INCREMENT,
  `user_id` int(10) unsigned NOT NULL,
  `fecha` date NOT NULL DEFAULT '2020-05-25',
  `punto_venta_id` int(10) unsigned NOT NULL,
  `numero` int(10) unsigned NOT NULL,
  `person_id` int(10) unsigned NOT NULL,
  `person_id_receptor` int(10) unsigned NOT NULL DEFAULT '3',
  `condicion_venta_id` int(10) unsigned NOT NULL DEFAULT '1',
  `cond_frente_iva_id` int(10) unsigned NOT NULL DEFAULT '1',
  `en_concepto_de` longtext COLLATE utf8mb4_unicode_ci,
  `comentario` varchar(191) COLLATE utf8mb4_unicode_ci DEFAULT NULL,
  `created_at` timestamp NULL DEFAULT NULL,
  `updated_at` timestamp NULL DEFAULT NULL,
  `deleted_at` timestamp NULL DEFAULT NULL,
  PRIMARY KEY (`id`),
  KEY `remitos_punto_venta_id_foreign` (`punto_venta_id`),
  KEY `remitos_person_id_foreign` (`person_id`),
  KEY `remitos_person_id_receptor_foreign` (`person_id_receptor`),
  KEY `remitos_condicion_venta_id_foreign` (`condicion_venta_id`),
  KEY `remitos_cond_frente_iva_id_foreign` (`cond_frente_iva_id`),
  CONSTRAINT `remitos_cond_frente_iva_id_foreign` FOREIGN KEY (`cond_frente_iva_id`) REFERENCES `fac_elec_cond_frente_iva` (`id`),
  CONSTRAINT `remitos_condicion_venta_id_foreign` FOREIGN KEY (`condicion_venta_id`) REFERENCES `condiciones_venta` (`id`),
  CONSTRAINT `remitos_person_id_foreign` FOREIGN KEY (`person_id`) REFERENCES `persons` (`id`),
  CONSTRAINT `remitos_person_id_receptor_foreign` FOREIGN KEY (`person_id_receptor`) REFERENCES `persons` (`id`),
  CONSTRAINT `remitos_punto_venta_id_foreign` FOREIGN KEY (`punto_venta_id`) REFERENCES `fact_elec_puntos_venta` (`id`)
) ENGINE=InnoDB DEFAULT CHARSET=utf8mb4 COLLATE=utf8mb4_unicode_ci;

--
-- Dumping data for table `remitos`
--


--
-- Table structure for table `reportes`
--

CREATE TABLE `reportes` (
  `id` int(10) unsigned NOT NULL AUTO_INCREMENT,
  `description` varchar(180) COLLATE utf8mb4_unicode_ci NOT NULL,
  `class` int(10) unsigned NOT NULL,
  `class_description` varchar(180) COLLATE utf8mb4_unicode_ci NOT NULL,
  `data_type` varchar(100) COLLATE utf8mb4_unicode_ci NOT NULL,
  `path` varchar(255) COLLATE utf8mb4_unicode_ci DEFAULT NULL,
  `created_at` timestamp NULL DEFAULT NULL,
  `updated_at` timestamp NULL DEFAULT NULL,
  PRIMARY KEY (`id`),
  UNIQUE KEY `reportes_description_unique` (`description`)
) ENGINE=InnoDB AUTO_INCREMENT=8 DEFAULT CHARSET=utf8mb4 COLLATE=utf8mb4_unicode_ci;

--
-- Dumping data for table `reportes`
--

INSERT INTO `reportes` VALUES (1,'Comprobantes',1,'informes','','reportes/informes/comprobantes/comprobantes',NULL,NULL),(3,'Liquidaciones IIBB',1,'informes','','reportes/informes/iibb/iibb',NULL,NULL),(4,'Tablero de Control',3,'tablero','','reportes/tableroControl/index',NULL,NULL),(5,'Liquidaciones IVA',1,'informes','','reportes/informes/iva/iva',NULL,NULL),(6,'Obligaciones Anuales',1,'informes','','reportes/informes/obligaciones_anuales/index','2019-11-29 18:37:49','2019-11-29 18:37:49'),(7,'Estado CUITs',1,'informes','','reportes/informes/control_cuits/index','2019-12-09 00:50:43','2019-12-09 00:50:43');

--
-- Table structure for table `retention_types`
--

CREATE TABLE `retention_types` (
  `id` int(10) unsigned NOT NULL AUTO_INCREMENT,
  `created_at` timestamp NULL DEFAULT NULL,
  `updated_at` timestamp NULL DEFAULT NULL,
  `name` varchar(255) COLLATE utf8mb4_unicode_ci NOT NULL,
  `apply_to` varchar(255) COLLATE utf8mb4_unicode_ci NOT NULL DEFAULT 'iibb',
  `code` varchar(255) COLLATE utf8mb4_unicode_ci DEFAULT NULL,
  `zone_id` int(11) DEFAULT NULL,
  `plan_cuenta_id` int(10) unsigned NOT NULL DEFAULT '1',
  PRIMARY KEY (`id`),
  KEY `retention_types_plan_cuenta_id_foreign` (`plan_cuenta_id`),
  CONSTRAINT `retention_types_plan_cuenta_id_foreign` FOREIGN KEY (`plan_cuenta_id`) REFERENCES `conta_plan_cuenta` (`id`)
) ENGINE=InnoDB AUTO_INCREMENT=29 DEFAULT CHARSET=utf8mb4 COLLATE=utf8mb4_unicode_ci;

--
-- Dumping data for table `retention_types`
--

INSERT INTO `retention_types` VALUES (1,NULL,NULL,'Retenciones de Ganancias','ganancias','GAN',NULL,23),(2,NULL,NULL,'Retenciones de SUSS','sus','SUSS',NULL,162),(3,NULL,NULL,'Retenciones de IVA','iva','Ret IVA',NULL,25),(4,NULL,'2021-09-07 18:59:26','Retencion IIBB de Buenos Aires','iibb',NULL,23,251),(5,NULL,'2021-09-07 18:59:26','Retencion IIBB de Capital Federal','iibb',NULL,22,252),(6,NULL,'2021-09-07 18:59:26','Retencion IIBB de Catamarca','iibb',NULL,24,253),(7,NULL,'2021-09-07 18:59:26','Retencion IIBB de Chaco','iibb',NULL,3,254),(8,NULL,'2021-09-07 18:59:26','Retencion IIBB de Chubut','iibb',NULL,4,255),(9,NULL,'2021-09-07 18:59:26','Retencion IIBB de Córdoba','iibb',NULL,1,256),(10,NULL,'2021-09-07 18:59:26','Retencion IIBB de Corrientes','iibb',NULL,2,257),(11,NULL,'2021-09-07 18:59:26','Retencion IIBB de Entre Ríos','iibb',NULL,5,258),(12,NULL,'2021-09-07 18:59:26','Retencion IIBB de Formosa','iibb',NULL,6,259),(13,NULL,'2021-09-07 18:59:26','Retencion IIBB de Jujuy','iibb',NULL,7,260),(14,NULL,'2021-09-07 18:59:26','Retencion IIBB de La Pampa','iibb',NULL,8,261),(15,NULL,'2021-09-07 18:59:26','Retencion IIBB de La Rioja','iibb',NULL,9,262),(16,NULL,'2021-09-07 18:59:26','Retencion IIBB de Mendoza','iibb',NULL,10,263),(17,NULL,'2021-09-07 18:59:26','Retencion IIBB de Misiones','iibb',NULL,11,264),(18,NULL,'2021-09-07 18:59:26','Retencion IIBB de Neuquén','iibb',NULL,12,265),(19,NULL,'2021-09-07 18:59:26','Retencion IIBB de Pascua Lama','iibb',NULL,25,266),(20,NULL,'2021-09-07 18:59:26','Retencion IIBB de Río Negro','iibb',NULL,13,267),(21,NULL,'2021-09-07 18:59:26','Retencion IIBB de Salta','iibb',NULL,14,268),(22,NULL,'2021-09-07 18:59:26','Retencion IIBB de San Juan','iibb',NULL,15,269),(23,NULL,'2021-09-07 18:59:26','Retencion IIBB de San Luis','iibb',NULL,16,270),(24,NULL,'2021-09-07 18:59:26','Retencion IIBB de Santa Cruz','iibb',NULL,17,271),(25,NULL,'2021-09-07 18:59:26','Retencion IIBB de Santa Fe','iibb',NULL,18,272),(26,NULL,'2021-09-07 18:59:26','Retencion IIBB de Santiago del Estero','iibb',NULL,19,273),(27,NULL,'2021-09-07 18:59:26','Retencion IIBB de Tierra del Fuego','iibb',NULL,20,274),(28,NULL,'2021-09-07 18:59:26','Retencion IIBB de Tucuman','iibb',NULL,21,275);

--
-- Table structure for table `retentions`
--

CREATE TABLE `retentions` (
  `id` bigint(20) unsigned NOT NULL AUTO_INCREMENT,
  `user_id` int(10) unsigned DEFAULT NULL,
  `period_id` int(10) unsigned NOT NULL,
  `person_id` int(10) unsigned NOT NULL,
  `cta_cte_cliente_id` int(10) unsigned DEFAULT NULL,
  `person_id_relationed` int(10) unsigned NOT NULL,
  `retention_type_id` int(10) unsigned NOT NULL,
  `receipt_id` int(10) unsigned NOT NULL,
  `sicore_regimen_id` bigint(20) unsigned DEFAULT NULL,
  `fecha` date NOT NULL DEFAULT '2023-05-30',
  `anio` int(10) unsigned NOT NULL,
  `numero` int(10) unsigned NOT NULL,
  `is_inscripto` tinyint(1) NOT NULL DEFAULT '1',
  `neto_gravado_total` decimal(16,2) NOT NULL DEFAULT '0.00',
  `ret_acum_mes` decimal(16,2) NOT NULL DEFAULT '0.00',
  `monto_no_sujeto_ret` decimal(16,2) NOT NULL DEFAULT '0.00',
  `tasa_aplicable` decimal(16,2) NOT NULL DEFAULT '0.00',
  `neto_sujeto_a_ret` decimal(16,2) NOT NULL DEFAULT '0.00',
  `retencion` decimal(16,2) NOT NULL DEFAULT '0.00',
  `comentario` varchar(191) COLLATE utf8mb4_unicode_ci DEFAULT NULL,
  `created_at` timestamp NULL DEFAULT NULL,
  `updated_at` timestamp NULL DEFAULT NULL,
  `deleted_at` timestamp NULL DEFAULT NULL,
  PRIMARY KEY (`id`),
  KEY `retentions_person_id_foreign` (`person_id`),
  KEY `retentions_person_id_relationed_foreign` (`person_id_relationed`),
  KEY `retentions_period_id_foreign` (`period_id`),
  KEY `retentions_cta_cte_cliente_id_foreign` (`cta_cte_cliente_id`),
  KEY `retentions_retention_type_id_foreign` (`retention_type_id`),
  KEY `retentions_receipt_id_foreign` (`receipt_id`),
  KEY `retentions_sicore_regimen_id_foreign` (`sicore_regimen_id`),
  CONSTRAINT `retentions_cta_cte_cliente_id_foreign` FOREIGN KEY (`cta_cte_cliente_id`) REFERENCES `cta_cte_cliente` (`id`),
  CONSTRAINT `retentions_period_id_foreign` FOREIGN KEY (`period_id`) REFERENCES `periods` (`id`),
  CONSTRAINT `retentions_person_id_foreign` FOREIGN KEY (`person_id`) REFERENCES `persons` (`id`),
  CONSTRAINT `retentions_person_id_relationed_foreign` FOREIGN KEY (`person_id_relationed`) REFERENCES `persons` (`id`),
  CONSTRAINT `retentions_receipt_id_foreign` FOREIGN KEY (`receipt_id`) REFERENCES `receipts` (`id`),
  CONSTRAINT `retentions_retention_type_id_foreign` FOREIGN KEY (`retention_type_id`) REFERENCES `retention_types` (`id`),
  CONSTRAINT `retentions_sicore_regimen_id_foreign` FOREIGN KEY (`sicore_regimen_id`) REFERENCES `sicore_regimenes` (`id`)
) ENGINE=InnoDB DEFAULT CHARSET=utf8mb4 COLLATE=utf8mb4_unicode_ci;

--
-- Dumping data for table `retentions`
--


--
-- Table structure for table `sexo`
--

CREATE TABLE `sexo` (
  `id` int(10) unsigned NOT NULL AUTO_INCREMENT,
  `user_id` int(10) unsigned DEFAULT NULL,
  `descripcion` varchar(191) COLLATE utf8mb4_unicode_ci NOT NULL,
  `habilitado` tinyint(1) NOT NULL DEFAULT '1',
  `created_at` timestamp NULL DEFAULT NULL,
  `updated_at` timestamp NULL DEFAULT NULL,
  `deleted_at` timestamp NULL DEFAULT NULL,
  PRIMARY KEY (`id`),
  UNIQUE KEY `sexo_descripcion_unique` (`descripcion`)
) ENGINE=InnoDB AUTO_INCREMENT=3 DEFAULT CHARSET=utf8mb4 COLLATE=utf8mb4_unicode_ci;

--
-- Dumping data for table `sexo`
--

INSERT INTO `sexo` VALUES (1,NULL,'Masculino',1,'2020-05-28 20:55:23','2020-05-28 20:55:23',NULL),(2,NULL,'Femenino',1,'2020-05-28 20:55:23','2020-05-28 20:55:23',NULL);

--
-- Table structure for table `sicore_alicuotas`
--

CREATE TABLE `sicore_alicuotas` (
  `id` bigint(20) unsigned NOT NULL AUTO_INCREMENT,
  `user_id` int(10) unsigned DEFAULT NULL,
  `anio` int(11) DEFAULT NULL,
  `desde` int(10) unsigned NOT NULL,
  `hasta` int(10) unsigned NOT NULL,
  `impuesto` int(10) unsigned NOT NULL,
  `mas_porcentaje` decimal(8,2) unsigned NOT NULL,
  `excedente` int(11) DEFAULT NULL,
  `created_at` timestamp NULL DEFAULT NULL,
  `updated_at` timestamp NULL DEFAULT NULL,
  `deleted_at` timestamp NULL DEFAULT NULL,
  PRIMARY KEY (`id`)
) ENGINE=InnoDB AUTO_INCREMENT=9 DEFAULT CHARSET=utf8mb4 COLLATE=utf8mb4_unicode_ci;

--
-- Dumping data for table `sicore_alicuotas`
--

INSERT INTO `sicore_alicuotas` VALUES (1,NULL,2022,0,8000,0,0.00,0,NULL,NULL,NULL),(2,NULL,2022,8000,16000,400,9.00,8000,NULL,NULL,NULL),(3,NULL,2022,16000,24000,1120,12.00,16000,NULL,NULL,NULL),(4,NULL,2022,24000,32000,2080,15.00,24000,NULL,NULL,NULL),(5,NULL,2022,32000,48000,3280,19.00,32000,NULL,NULL,NULL),(6,NULL,2022,48000,64000,6320,23.00,48000,NULL,NULL,NULL),(7,NULL,2022,64000,96000,10000,27.00,64000,NULL,NULL,NULL),(8,NULL,2022,96000,999999,18640,31.00,96000,NULL,NULL,NULL);

--
