INSERT INTO `syj_conceptos` VALUES (4492,5563,47,'Asigs Familiares',5060,50600,NULL,6,NULL,1,1,1,1,0,0,0,0,NULL,NULL,1,NULL,NULL,0,1,1,0.00,NULL,NULL,1,1,1,NULL,NULL,1,NULL,0.00,1,0.00,NULL,NULL,NULL,NULL,1,1,1,NULL,NULL,1,NULL,0.00,2,0.00,NULL,0.00,NULL,1,1,1,0.00,0.00,1,1,0.00,0.00,1,1,1,NULL,NULL,1,NULL,NULL,1,'2020-04-07 12:05:36','2023-01-17 15:26:37','2023-01-17 15:26:37'),(4493,5563,47,'Porcentaje ART',5080,50800,NULL,6,NULL,1,1,1,1,0,0,0,0,NULL,NULL,1,NULL,NULL,0,1,1,0.00,NULL,NULL,1,1,1,NULL,NULL,1,NULL,0.00,1,0.00,NULL,NULL,NULL,NULL,1,1,1,NULL,NULL,1,NULL,0.00,2,0.00,NULL,0.00,NULL,1,1,1,0.00,0.00,1,1,0.00,0.00,1,1,1,NULL,NULL,1,NULL,NULL,1,'2020-04-07 12:05:36','2023-01-17 15:26:37','2023-01-17 15:26:37'),(4494,5563,47,'Obra Social s/ No Rem',5100,51000,NULL,6,NULL,1,1,1,1,0,0,0,0,NULL,NULL,1,NULL,NULL,0,1,1,0.00,NULL,NULL,1,1,1,NULL,NULL,1,NULL,0.00,1,0.00,NULL,NULL,NULL,NULL,1,1,1,NULL,NULL,1,NULL,0.00,2,0.00,NULL,0.00,NULL,1,1,1,0.00,0.00,1,1,0.00,0.00,1,1,1,NULL,NULL,1,NULL,NULL,1,'2020-04-07 12:05:36','2023-01-17 15:26:37','2023-01-17 15:26:37'),(4495,5563,47,'Inasistencias Por Enfermedad',1010,10100,NULL,2,NULL,1,1,1,1,0,1,1,0,NULL,NULL,1,NULL,NULL,0,1,3,0.00,NULL,NULL,1,1,1,NULL,NULL,1,NULL,0.00,2,0.00,NULL,NULL,17,NULL,1,1,1,NULL,NULL,1,NULL,0.00,6,0.00,NULL,0.00,2,1,1,1,0.00,0.00,1,1,0.00,0.00,1,1,1,NULL,NULL,1,NULL,NULL,1,'2020-04-07 12:05:36','2023-01-17 15:26:38','2023-01-17 15:26:38'),(4496,5563,47,'Inasistencias por Accidente de Trabajo',1020,10200,NULL,2,NULL,1,1,1,1,0,1,1,0,NULL,NULL,1,NULL,NULL,0,1,3,0.00,NULL,NULL,1,1,1,NULL,NULL,1,NULL,0.00,2,0.00,NULL,NULL,17,NULL,1,1,1,NULL,NULL,1,NULL,0.00,6,0.00,NULL,0.00,2,1,1,1,0.00,0.00,1,1,0.00,0.00,1,1,1,NULL,NULL,1,NULL,NULL,1,'2020-04-07 12:05:36','2023-01-17 15:26:38','2023-01-17 15:26:38'),(4497,5563,47,'Días Trabajados',1040,10400,NULL,2,NULL,1,1,1,1,0,1,1,0,NULL,NULL,1,NULL,NULL,0,1,2,0.00,34,NULL,2,2,3,NULL,NULL,1,NULL,0.00,2,0.00,NULL,NULL,17,NULL,1,1,1,NULL,NULL,1,NULL,0.00,1,0.00,8,0.00,NULL,1,1,1,0.00,0.00,1,1,0.00,0.00,1,1,1,NULL,NULL,1,NULL,NULL,1,'2020-04-07 12:05:36','2023-01-17 15:26:38','2023-01-17 15:26:38'),(4498,5563,47,'Día del Gremio',1110,11100,NULL,2,NULL,1,1,1,1,0,1,1,0,NULL,NULL,1,NULL,NULL,0,1,1,0.00,NULL,NULL,1,1,1,NULL,NULL,1,NULL,0.00,2,0.00,NULL,NULL,18,NULL,1,1,1,NULL,NULL,1,NULL,0.00,6,0.00,NULL,0.00,2,1,1,1,0.00,0.00,1,1,0.00,0.00,1,1,1,NULL,NULL,1,NULL,'En mes Septiembre, cuando se liquide dicho concepto se deberá ingresar manualmente en Dias Trabajados 29 dias.',1,'2020-04-07 12:05:36','2023-01-17 15:26:38','2023-01-17 15:26:38'),(4499,5563,47,'Feriados Nacionales No Trabajados',1111,11109,NULL,2,NULL,1,1,1,1,0,1,1,0,NULL,NULL,1,NULL,NULL,0,1,3,0.00,NULL,NULL,1,1,1,NULL,NULL,1,NULL,0.00,2,0.00,NULL,NULL,18,NULL,1,1,1,NULL,NULL,1,NULL,0.00,6,0.00,NULL,0.00,2,1,1,1,0.00,0.00,1,1,0.00,0.00,1,1,1,NULL,NULL,1,NULL,'Se deberá informar por las novedades la cantidad de dias Feriados Nac. No Trabajados\r\nDicho concepto retorna como Valor, el Básico Diario.',1,'2020-04-07 12:05:36','2023-01-17 15:26:38','2023-01-17 15:26:38'),(4500,5563,47,'SAC',999,999,13,2,NULL,1,1,1,7,0,1,0,0,NULL,NULL,1,NULL,NULL,0,1,3,0.00,36,NULL,1,1,1,NULL,NULL,1,NULL,0.00,2,0.00,NULL,NULL,38,NULL,1,1,1,NULL,NULL,1,25,0.00,6,0.00,NULL,0.00,2,1,1,1,0.00,0.00,1,1,0.00,0.00,1,1,1,NULL,NULL,1,NULL,NULL,1,'2020-04-07 12:05:36','2023-01-17 15:26:38','2023-01-17 15:26:38'),(4501,5563,47,'Cuota Fija ART',5070,50700,NULL,6,NULL,1,1,1,1,0,0,0,0,NULL,NULL,1,NULL,NULL,0,1,1,0.00,NULL,NULL,1,1,1,NULL,NULL,1,NULL,0.00,1,0.00,NULL,NULL,NULL,NULL,1,1,1,NULL,NULL,1,NULL,0.00,2,0.00,NULL,0.00,NULL,1,1,1,0.00,0.00,1,1,0.00,0.00,1,1,1,NULL,NULL,1,NULL,NULL,1,'2020-04-07 12:05:36','2023-01-17 15:26:38','2023-01-17 15:26:38'),(4502,5563,47,'Antigüedad',81,81,22,2,NULL,1,1,1,7,NULL,1,1,NULL,NULL,NULL,1,NULL,NULL,0,1,2,0.00,12,NULL,1,1,1,NULL,NULL,1,NULL,0.00,5,0.00,NULL,NULL,NULL,NULL,3,1,1,2,4,1,NULL,0.00,6,0.00,1,0.00,3,1,1,1,0.00,0.00,1,1,0.00,0.00,1,1,1,NULL,NULL,1,NULL,NULL,1,'2020-04-08 00:09:41','2023-01-17 15:26:38','2023-01-17 15:26:38');
INSERT INTO `syj_conceptos` VALUES (4503,5563,47,'Basico Diario Vacaciones',120,1200,NULL,1,NULL,1,1,1,1,NULL,NULL,NULL,NULL,NULL,NULL,1,NULL,NULL,0,1,1,1.00,NULL,NULL,1,1,1,NULL,NULL,1,NULL,0.00,2,0.00,NULL,NULL,17,NULL,1,1,1,NULL,NULL,1,NULL,0.00,6,0.00,NULL,0.00,2,1,1,1,0.00,0.00,1,1,0.00,0.00,1,1,1,NULL,NULL,1,NULL,NULL,0,'2020-04-08 22:09:47','2023-01-17 15:26:38','2023-01-17 15:26:38'),(4504,5563,47,'Sueldo Conformado Rem',110,1100,NULL,1,NULL,1,1,1,1,NULL,NULL,NULL,NULL,NULL,NULL,1,NULL,NULL,0,1,1,1.00,NULL,NULL,1,1,1,NULL,NULL,1,NULL,0.00,5,0.00,NULL,NULL,NULL,NULL,3,1,1,2,4,1,NULL,0.00,6,0.00,NULL,0.00,2,1,1,1,0.00,0.00,1,1,0.00,0.00,1,1,1,NULL,NULL,1,NULL,'Sumatoria de los conceptos de Control 80+90+100',0,'2020-04-08 22:21:05','2023-01-17 15:26:38','2023-01-17 15:26:38'),(4505,5563,47,'Antiguedad',1050,11113,22,2,NULL,1,1,1,1,1,1,1,NULL,NULL,NULL,1,NULL,NULL,0,1,2,0.00,12,NULL,1,1,1,NULL,NULL,1,NULL,0.00,5,0.00,NULL,NULL,NULL,NULL,3,2,2,2,4,1,NULL,0.00,6,0.00,NULL,0.00,3,1,1,1,0.00,0.00,1,1,0.00,0.00,1,1,1,NULL,NULL,1,NULL,NULL,1,'2020-04-16 19:57:29','2023-01-17 15:26:38','2023-01-17 15:26:38'),(4506,5563,47,'Sueldo Conformado No Rem',170,1700,NULL,1,NULL,1,1,1,1,NULL,NULL,NULL,NULL,NULL,NULL,1,NULL,NULL,0,1,1,1.00,NULL,NULL,1,1,1,NULL,NULL,1,NULL,0.00,5,0.00,NULL,NULL,NULL,NULL,3,1,1,2,4,1,NULL,0.00,6,0.00,NULL,0.00,2,1,1,1,0.00,0.00,1,1,0.00,0.00,1,1,1,NULL,NULL,1,NULL,NULL,0,'2020-04-19 16:08:56','2023-01-17 15:26:38','2023-01-17 15:26:38'),(4507,5563,47,'SAC Indemnización Integración Mes de Despido',2015,20150,NULL,3,NULL,1,1,1,1,NULL,NULL,NULL,NULL,NULL,NULL,1,NULL,NULL,0,1,3,0.00,NULL,NULL,1,1,1,NULL,NULL,1,NULL,0.00,5,1.00,NULL,NULL,NULL,NULL,3,1,1,2,4,1,3,0.00,6,0.00,NULL,0.00,2,1,1,1,0.00,0.00,1,1,0.00,0.00,1,1,1,NULL,NULL,1,NULL,NULL,1,'2020-04-24 23:49:56','2023-01-17 15:26:38','2023-01-17 15:26:38'),(4508,5563,47,'Indemnizacion por Antigüedad',2130,21300,NULL,3,NULL,1,1,1,1,NULL,NULL,NULL,NULL,NULL,NULL,1,NULL,NULL,0,1,2,0.00,14,NULL,1,1,1,NULL,NULL,1,NULL,0.00,2,0.00,NULL,NULL,39,NULL,1,1,1,NULL,NULL,1,28,0.00,6,0.00,NULL,0.00,2,1,1,1,0.00,0.00,1,1,0.00,0.00,1,1,1,NULL,NULL,1,NULL,NULL,1,'2020-04-25 02:24:27','2023-01-17 15:26:38','2023-01-17 15:26:38'),(4509,5563,47,'Presentismo No Rem',180,1800,NULL,1,NULL,1,1,1,1,NULL,NULL,NULL,NULL,NULL,NULL,1,NULL,NULL,0,1,1,8.33,NULL,NULL,1,1,1,NULL,NULL,1,NULL,0.00,5,0.00,NULL,NULL,NULL,NULL,3,1,1,2,4,1,NULL,0.00,6,0.00,NULL,0.00,3,1,1,1,0.00,0.00,1,1,0.00,0.00,1,1,1,NULL,NULL,1,NULL,NULL,1,'2020-05-06 21:50:49','2023-01-17 15:26:38','2023-01-17 15:26:38'),(4510,5563,47,'VIATICOS',2000,1700,31,3,NULL,2,1,1,1,NULL,NULL,NULL,NULL,NULL,NULL,1,NULL,NULL,0,0,3,0.00,NULL,NULL,1,1,1,NULL,NULL,1,NULL,0.00,3,0.00,NULL,NULL,NULL,NULL,1,1,1,NULL,NULL,1,NULL,0.00,6,0.00,NULL,0.00,2,1,1,1,0.00,0.00,1,1,0.00,0.00,1,1,1,NULL,NULL,1,NULL,NULL,0,'2020-05-07 01:26:24','2023-01-17 15:26:38','2023-01-17 15:26:38'),(4511,5563,47,'Sindicato',3012,30120,69,5,NULL,1,1,1,5,NULL,NULL,NULL,NULL,NULL,NULL,1,NULL,NULL,0,0,1,2.00,NULL,NULL,1,1,1,NULL,NULL,1,1,0.00,5,0.00,NULL,NULL,NULL,NULL,2,2,2,2,4,1,NULL,0.00,6,0.00,NULL,0.00,3,1,1,1,0.00,0.00,1,1,0.00,0.00,1,1,1,NULL,NULL,1,NULL,NULL,1,'2020-05-12 23:20:52','2023-01-17 15:26:38','2023-01-17 15:26:38'),(4512,5563,47,'Horas Normales',1,1,1,2,NULL,1,1,1,7,1,1,1,1,NULL,NULL,1,NULL,NULL,0,1,3,0.00,37,NULL,2,2,3,NULL,NULL,1,1,0.00,2,0.00,NULL,NULL,15,NULL,1,1,1,NULL,NULL,1,NULL,0.00,6,0.00,1,0.00,2,1,1,1,0.00,0.00,1,1,0.00,0.00,1,1,1,NULL,NULL,1,NULL,NULL,1,'2020-04-07 12:05:36','2023-01-17 15:26:38','2023-01-17 15:26:38'),(4513,5563,47,'REFRIGERIO',2000,1700,NULL,3,NULL,1,1,1,1,NULL,NULL,NULL,NULL,NULL,NULL,1,NULL,NULL,1,0,3,0.00,NULL,NULL,1,1,1,NULL,NULL,1,NULL,0.00,3,103.55,NULL,NULL,NULL,NULL,1,1,1,NULL,NULL,1,NULL,0.00,6,0.00,NULL,0.00,2,1,1,1,0.00,0.00,1,1,0.00,0.00,1,1,1,NULL,NULL,1,NULL,NULL,0,'2020-05-07 01:26:24','2023-01-17 15:26:38','2023-01-17 15:26:38');
INSERT INTO `syj_conceptos` VALUES (4514,5563,47,'Horas Enfermedad',16,16,1,2,NULL,1,1,1,1,1,1,1,1,NULL,NULL,1,NULL,NULL,0,1,3,0.00,42,NULL,2,2,3,NULL,NULL,1,1,0.00,2,0.00,NULL,NULL,15,NULL,1,1,1,NULL,NULL,1,NULL,0.00,6,0.00,1,0.00,2,1,1,1,0.00,0.00,1,1,0.00,0.00,1,1,1,NULL,NULL,1,NULL,NULL,1,'2020-04-07 15:05:36','2023-01-17 15:26:38','2023-01-17 15:26:38'),(4515,5563,47,'Obra Social 3%',5040,50400,NULL,6,NULL,1,1,1,1,0,0,0,0,NULL,NULL,1,NULL,NULL,0,1,1,0.00,NULL,NULL,1,1,1,NULL,NULL,1,NULL,0.00,1,0.00,NULL,NULL,NULL,NULL,1,1,1,NULL,NULL,1,NULL,0.00,2,0.00,NULL,0.00,NULL,1,1,1,0.00,0.00,1,1,0.00,0.00,1,1,1,NULL,NULL,1,NULL,NULL,1,'2020-04-07 15:05:36','2023-01-17 15:26:38','2023-01-17 15:26:38'),(4516,5563,47,'Horas Feriado no trabajado',23,23,8,2,NULL,1,1,1,1,1,1,1,0,NULL,NULL,1,NULL,NULL,0,1,3,0.00,42,NULL,2,2,3,NULL,NULL,1,1,0.00,2,0.00,NULL,NULL,15,NULL,1,1,1,NULL,NULL,1,31,1.10,6,0.00,1,0.00,2,1,1,1,0.00,0.00,1,1,0.00,0.00,1,1,1,NULL,NULL,1,NULL,NULL,1,'2020-04-07 18:05:36','2023-01-17 15:26:38','2023-01-17 15:26:38'),(4517,5563,47,'Descuento Hs ausencias sin justificación',8,8,1,2,NULL,1,1,1,7,0,1,1,0,NULL,NULL,1,NULL,NULL,0,1,3,0.00,37,NULL,2,2,3,NULL,NULL,1,1,0.00,2,0.00,NULL,NULL,15,NULL,1,1,1,NULL,NULL,1,29,0.00,6,0.00,1,0.00,2,1,1,1,0.00,0.00,1,1,0.00,0.00,1,1,1,NULL,NULL,1,NULL,NULL,1,'2020-04-07 15:05:36','2023-01-17 15:26:38','2023-01-17 15:26:38'),(4518,5563,47,'Hs. Lic. Vacaciones',19,19,20,2,NULL,1,1,1,7,1,1,1,1,NULL,NULL,1,NULL,NULL,0,1,3,0.00,37,NULL,2,2,3,NULL,NULL,1,1,0.00,2,0.00,NULL,NULL,15,NULL,1,1,1,NULL,NULL,1,NULL,0.00,6,0.00,1,0.00,2,1,1,1,0.00,0.00,1,1,0.00,0.00,1,1,1,NULL,NULL,1,NULL,NULL,1,'2020-04-07 15:05:36','2023-01-17 15:26:38','2023-01-17 15:26:38'),(4519,5563,47,'Hs. Suspensión',12,12,1,2,NULL,1,1,1,1,1,1,1,1,NULL,NULL,1,NULL,NULL,0,1,3,0.00,37,NULL,2,2,3,NULL,NULL,1,1,0.00,2,0.00,NULL,NULL,15,NULL,1,1,1,NULL,NULL,1,29,0.00,6,0.00,1,0.00,2,1,1,1,0.00,0.00,1,1,0.00,0.00,1,1,1,NULL,NULL,1,NULL,NULL,1,'2020-04-07 18:05:36','2023-01-17 15:26:38','2023-01-17 15:26:38'),(4520,5563,47,'Desc. Hs llegada tarde',14,14,1,2,NULL,1,1,1,1,1,1,1,1,NULL,NULL,1,NULL,NULL,0,1,3,0.00,37,NULL,2,2,3,NULL,NULL,1,1,0.00,2,0.00,NULL,NULL,15,NULL,1,1,1,NULL,NULL,1,29,0.00,6,0.00,1,0.00,2,1,1,1,0.00,0.00,1,1,0.00,0.00,1,1,1,NULL,NULL,1,NULL,NULL,1,'2020-04-07 21:05:36','2023-01-17 15:26:38','2023-01-17 15:26:38'),(4521,5563,47,'Desc. Lic. s/goce de sueldo',18,18,1,2,NULL,1,1,1,1,1,1,1,1,NULL,NULL,1,NULL,NULL,0,1,3,0.00,37,NULL,2,2,3,NULL,NULL,1,1,0.00,2,0.00,NULL,NULL,15,NULL,1,1,1,NULL,NULL,1,29,0.00,6,0.00,1,0.00,2,1,1,1,0.00,0.00,1,1,0.00,0.00,1,1,1,NULL,NULL,1,NULL,NULL,1,'2020-04-07 18:05:36','2023-01-17 15:26:38','2023-01-17 15:26:38'),(4522,5563,47,'Desc. Hs Lic. Vacaciones',20,20,1,2,NULL,1,1,1,1,1,1,1,1,NULL,NULL,1,NULL,NULL,0,1,3,0.00,37,NULL,2,2,3,NULL,NULL,1,1,0.00,2,0.00,NULL,NULL,15,NULL,1,1,1,NULL,NULL,1,29,0.00,6,0.00,1,0.00,2,1,1,1,0.00,0.00,1,1,0.00,0.00,1,1,1,NULL,NULL,1,NULL,NULL,1,'2020-04-07 18:05:36','2023-01-17 15:26:38','2023-01-17 15:26:38'),(4523,5563,47,'Lic. c/ goce de sueldo',21,21,1,2,NULL,1,1,1,1,1,1,1,1,NULL,NULL,1,NULL,NULL,0,1,3,0.00,42,NULL,2,2,3,NULL,NULL,1,1,0.00,2,0.00,NULL,NULL,15,NULL,1,1,1,NULL,NULL,1,NULL,0.00,6,0.00,1,0.00,2,1,1,1,0.00,0.00,1,1,0.00,0.00,1,1,1,NULL,NULL,1,NULL,NULL,1,'2020-04-07 18:05:36','2023-01-17 15:26:38','2023-01-17 15:26:38'),(4524,5563,47,'ILT 1ros 10 dias (empl)',69,69,9,2,NULL,1,1,1,7,1,1,1,1,NULL,NULL,1,NULL,NULL,0,1,3,0.00,37,NULL,2,2,3,NULL,NULL,1,1,0.00,3,0.00,NULL,NULL,15,NULL,1,1,1,NULL,NULL,1,NULL,0.00,6,0.00,1,0.00,2,1,1,1,0.00,0.00,1,1,0.00,0.00,1,1,1,NULL,NULL,1,NULL,NULL,1,'2020-04-07 15:05:36','2023-01-17 15:26:38','2023-01-17 15:26:38'),(4525,5563,47,'ILT 11 y siguientes (ART)',69,69,10,2,NULL,1,1,1,7,1,1,1,1,NULL,NULL,1,NULL,NULL,0,1,3,0.00,37,NULL,2,2,3,NULL,NULL,1,1,0.00,3,0.00,NULL,NULL,15,NULL,1,1,1,NULL,NULL,1,NULL,0.00,6,0.00,1,0.00,2,1,1,1,0.00,0.00,1,1,0.00,0.00,1,1,1,NULL,NULL,1,NULL,NULL,1,'2020-04-07 18:05:36','2023-01-17 15:26:38','2023-01-17 15:26:38');
INSERT INTO `syj_conceptos` VALUES (4526,5563,47,'SAC sistema',1120,11200,NULL,2,NULL,1,1,1,1,0,1,0,0,NULL,NULL,1,NULL,NULL,0,1,2,0.00,36,NULL,1,1,1,NULL,NULL,1,NULL,0.00,2,0.00,NULL,NULL,38,NULL,1,1,1,NULL,NULL,1,2,0.00,6,0.00,NULL,0.00,2,1,1,1,0.00,0.00,1,1,0.00,0.00,1,1,1,NULL,NULL,1,NULL,NULL,0,'2020-04-07 15:05:36','2023-01-17 15:26:38','2023-01-17 15:26:38'),(4527,5563,47,'Adherente Obra Social (OSUOMRA)',3011,3011,74,5,NULL,2,2,1,3,0,1,0,0,NULL,NULL,1,NULL,NULL,0,1,2,0.00,1,NULL,1,1,1,NULL,NULL,1,NULL,0.00,5,0.00,NULL,NULL,NULL,NULL,2,2,2,2,4,1,21,0.00,6,0.00,NULL,0.00,3,1,1,1,0.00,0.00,1,1,0.00,0.00,1,1,1,NULL,NULL,1,NULL,NULL,1,'2020-04-07 15:05:36','2023-01-17 15:26:38','2023-01-17 15:26:38'),(4528,5563,47,'Detraccion Ley 26.473',95,950,NULL,1,NULL,1,1,1,1,NULL,NULL,NULL,NULL,NULL,NULL,1,NULL,NULL,1,1,1,1.00,NULL,NULL,1,1,1,NULL,NULL,1,NULL,0.00,1,3501.84,NULL,NULL,NULL,NULL,1,1,1,NULL,NULL,1,22,0.00,6,0.00,NULL,0.00,2,1,1,1,0.00,0.00,1,1,0.00,0.00,1,1,1,NULL,NULL,1,NULL,NULL,1,'2022-02-10 23:46:04','2023-01-17 15:26:38','2023-01-17 15:26:38'),(4529,5563,47,'Horas Día del Gremio Trabajadas',6,6,17,2,NULL,1,1,1,7,0,1,1,0,NULL,NULL,1,NULL,NULL,0,1,3,0.00,NULL,NULL,1,1,1,NULL,NULL,1,NULL,0.00,2,0.00,NULL,NULL,29,NULL,3,1,1,2,3,1,1,0.00,6,0.00,NULL,0.00,2,1,1,1,0.00,0.00,1,1,0.00,0.00,1,1,1,NULL,NULL,1,NULL,NULL,1,'2020-04-07 15:05:36','2023-01-17 15:26:38','2023-01-17 15:26:38'),(4530,5563,47,'Horas Día del Gremio',24,24,8,2,NULL,1,1,1,1,1,1,1,0,NULL,NULL,1,NULL,NULL,0,1,3,0.00,42,NULL,2,2,3,NULL,NULL,1,1,0.00,2,0.00,NULL,NULL,15,NULL,1,1,1,NULL,NULL,1,NULL,0.00,6,0.00,1,0.00,2,1,1,1,0.00,0.00,1,1,0.00,0.00,1,1,1,NULL,NULL,1,NULL,NULL,1,'2020-04-07 21:05:36','2023-01-17 15:26:38','2023-01-17 15:26:38'),(4531,5563,47,'Retroactivo por acuerdo vigencia 07-2022',1231,12301,1,2,NULL,1,1,1,1,1,1,1,0,NULL,NULL,1,NULL,NULL,0,1,3,1.00,NULL,NULL,1,1,1,NULL,NULL,1,NULL,0.00,3,0.00,NULL,NULL,NULL,NULL,1,1,1,NULL,NULL,1,NULL,0.00,6,0.00,NULL,0.00,2,1,1,1,0.00,0.00,1,1,0.00,0.00,1,1,1,NULL,NULL,1,NULL,NULL,0,'2020-04-07 15:05:35','2023-01-17 15:26:38','2023-01-17 15:26:38'),(4532,5563,47,'Seguro de Vida y Sepelio',1016,10160,70,5,NULL,1,1,1,1,NULL,NULL,NULL,NULL,NULL,NULL,1,NULL,NULL,0,1,1,1.00,NULL,NULL,1,1,1,NULL,NULL,1,NULL,0.00,3,922.28,NULL,NULL,NULL,NULL,1,1,1,NULL,NULL,1,NULL,0.00,6,0.00,NULL,0.00,2,1,1,1,0.00,0.00,1,1,0.00,0.00,1,1,1,NULL,NULL,1,NULL,NULL,1,'2023-01-17 16:18:05','2023-01-17 15:26:38','2023-01-17 15:26:38'),(4533,5563,47,'Bono NR Dto. 841/2022',1018,101800,63,1,NULL,1,1,1,1,NULL,NULL,NULL,NULL,NULL,NULL,1,NULL,NULL,0,1,1,0.00,NULL,NULL,1,1,1,NULL,NULL,1,NULL,0.00,3,0.00,NULL,NULL,NULL,NULL,1,1,1,NULL,NULL,1,NULL,0.00,1,0.00,NULL,0.00,NULL,1,1,1,0.00,0.00,1,1,0.00,0.00,1,1,1,NULL,NULL,1,NULL,NULL,1,'2023-01-17 16:21:08','2023-01-17 15:26:38','2023-01-17 15:26:38'),(4534,5563,47,'Sueldo Basico',3,3000,1,2,NULL,1,1,1,1,NULL,1,1,1,NULL,NULL,1,NULL,NULL,0,0,3,0.00,NULL,NULL,1,1,1,NULL,NULL,1,1,0.00,2,0.00,NULL,NULL,16,NULL,1,1,1,NULL,NULL,1,5,0.00,6,0.00,NULL,0.00,2,1,1,1,0.00,0.00,1,1,0.00,0.00,1,1,1,NULL,NULL,1,NULL,NULL,1,'2023-01-17 16:35:37','2023-01-17 15:26:38','2023-01-17 15:26:38'),(4535,5563,48,'Comisiones de venta',1220,12200,NULL,2,NULL,2,1,1,1,0,1,1,0,NULL,NULL,1,NULL,NULL,0,1,1,1.00,NULL,NULL,1,1,1,NULL,NULL,1,NULL,0.00,1,0.00,NULL,NULL,NULL,NULL,1,1,1,NULL,NULL,1,NULL,0.00,6,0.00,NULL,0.00,2,1,1,1,0.00,0.00,1,1,0.00,0.00,1,1,1,NULL,NULL,1,NULL,NULL,1,'2020-04-07 12:05:35','2020-04-10 06:56:08',NULL),(4536,5563,48,'Reintegro Ganancias Renta 4ta Categoría',2800,43700,NULL,3,NULL,1,1,1,1,0,0,0,0,NULL,NULL,1,NULL,NULL,0,1,1,1.00,NULL,NULL,1,1,1,NULL,NULL,1,NULL,0.00,1,0.00,NULL,NULL,NULL,NULL,1,1,1,NULL,NULL,1,7,0.00,6,0.00,9,0.00,2,1,1,1,0.00,0.00,1,1,0.00,0.00,1,1,1,NULL,NULL,1,NULL,NULL,0,'2020-04-07 12:05:35','2020-05-06 23:17:25',NULL);
INSERT INTO `syj_conceptos` VALUES (4537,5563,48,'Redondeo',6000,43800,64,3,NULL,1,1,1,1,0,1,0,0,NULL,NULL,1,NULL,NULL,0,1,1,1.00,NULL,NULL,1,1,1,NULL,NULL,1,NULL,0.00,1,0.00,NULL,NULL,NULL,NULL,1,1,1,NULL,NULL,1,NULL,0.00,2,0.00,11,0.00,1,1,1,1,0.00,0.00,1,1,0.00,0.00,1,1,1,NULL,NULL,1,NULL,NULL,1,'2020-04-07 12:05:35','2023-02-08 12:27:49',NULL),(4538,5563,48,'Retención Ganancias Renta 4ta Categoría',4330,43600,NULL,5,NULL,1,1,1,7,0,0,0,0,NULL,NULL,1,NULL,NULL,1,1,1,1.00,NULL,NULL,1,1,1,NULL,NULL,1,NULL,0.00,3,0.00,NULL,NULL,NULL,NULL,1,1,1,NULL,NULL,1,NULL,0.00,6,0.00,NULL,0.00,2,1,1,1,0.00,0.00,1,1,0.00,0.00,1,1,1,NULL,NULL,1,NULL,'Se puede ingresar a mano o lo calcula Taxes, creando un detalle de liquidacion en el empleado',1,'2020-04-07 12:05:35','2020-04-07 12:05:35',NULL),(4539,5563,48,'Adicional voluntario',1210,12100,NULL,2,NULL,2,1,1,1,1,1,1,0,NULL,NULL,1,NULL,NULL,0,1,3,1.00,NULL,NULL,1,1,1,NULL,NULL,1,NULL,0.00,3,0.00,NULL,NULL,NULL,NULL,1,1,1,NULL,NULL,1,NULL,0.00,6,0.00,NULL,0.00,2,1,1,1,0.00,0.00,1,1,0.00,0.00,1,1,1,NULL,NULL,1,NULL,NULL,1,'2020-04-07 12:05:35','2020-04-16 21:28:01',NULL),(4540,5563,48,'Vacaciones',1045,11000,NULL,2,NULL,1,1,1,1,0,1,1,0,NULL,NULL,1,NULL,NULL,0,0,2,0.00,33,NULL,1,1,1,NULL,NULL,1,NULL,0.00,2,0.00,NULL,NULL,18,NULL,1,1,1,NULL,NULL,1,NULL,0.00,6,0.00,NULL,0.00,2,1,1,1,0.00,0.00,1,1,0.00,0.00,1,1,1,NULL,NULL,1,NULL,NULL,1,'2020-04-07 12:05:35','2023-01-17 16:39:42',NULL),(4541,5563,48,'A cuenta futuros aumentos',1230,12300,NULL,2,NULL,2,1,1,1,1,1,1,0,NULL,NULL,1,NULL,NULL,0,1,3,1.00,NULL,NULL,1,1,1,NULL,NULL,1,NULL,0.00,3,0.00,NULL,NULL,NULL,NULL,1,1,1,NULL,NULL,1,NULL,0.00,6,0.00,NULL,0.00,2,1,1,1,0.00,0.00,1,1,0.00,0.00,1,1,1,NULL,NULL,1,NULL,NULL,1,'2020-04-07 12:05:35','2020-05-06 21:00:11',NULL),(4542,5563,48,'Suma no Remunerativa',2920,29200,NULL,3,NULL,1,1,1,1,1,1,0,0,NULL,NULL,1,NULL,NULL,0,1,1,0.00,NULL,NULL,1,1,1,NULL,NULL,1,NULL,0.00,1,0.00,NULL,NULL,NULL,NULL,1,1,1,NULL,NULL,1,NULL,0.00,6,0.00,NULL,0.00,2,1,1,1,0.00,0.00,1,1,0.00,0.00,1,1,1,NULL,NULL,1,NULL,NULL,1,'2020-04-07 12:05:35','2020-05-06 21:58:25',NULL),(4543,5563,48,'SAC Indemnización sustitutiva Mes de Preaviso',2030,29400,NULL,3,NULL,1,1,1,1,0,1,0,0,NULL,NULL,1,NULL,NULL,0,1,1,1.00,NULL,NULL,1,1,1,NULL,NULL,1,NULL,0.00,5,0.00,NULL,NULL,NULL,NULL,3,1,1,2,4,1,NULL,0.00,6,0.00,NULL,0.00,2,1,1,1,0.00,0.00,1,1,0.00,0.00,1,1,1,NULL,NULL,1,NULL,NULL,1,'2020-04-07 12:05:36','2020-04-25 02:16:58',NULL),(4544,5563,48,'Indemnización Por Antigüedad ART 247',2950,29500,NULL,3,NULL,1,1,1,1,0,0,0,0,NULL,NULL,1,NULL,NULL,0,1,1,0.00,NULL,NULL,1,1,1,NULL,NULL,1,NULL,0.00,1,0.00,NULL,NULL,NULL,NULL,1,1,1,NULL,NULL,1,NULL,0.00,6,0.00,NULL,0.00,2,1,1,1,0.00,0.00,1,1,0.00,0.00,1,1,1,NULL,NULL,1,NULL,NULL,1,'2020-04-07 12:05:36','2020-05-06 21:59:56',NULL),(4545,5563,48,'Gratificación por egreso',2100,21000,NULL,3,NULL,1,1,1,1,0,1,0,0,NULL,NULL,1,NULL,NULL,0,1,1,1.00,NULL,NULL,1,1,1,NULL,NULL,1,NULL,0.00,3,0.00,NULL,NULL,NULL,NULL,1,1,1,NULL,NULL,1,NULL,0.00,6,0.00,NULL,0.00,2,1,1,1,0.00,0.00,1,1,0.00,0.00,1,1,1,NULL,NULL,1,NULL,NULL,1,'2020-04-07 12:05:36','2020-05-06 21:15:09',NULL),(4546,5563,48,'Inasistencia por Suspensión',1060,11114,NULL,2,NULL,1,1,1,1,0,1,1,0,NULL,NULL,1,NULL,NULL,0,1,3,0.00,NULL,NULL,1,1,1,NULL,NULL,1,NULL,0.00,5,0.00,NULL,NULL,NULL,NULL,3,1,1,2,4,1,5,0.00,6,0.00,NULL,0.00,2,1,1,1,0.00,0.00,1,1,0.00,0.00,1,1,1,NULL,NULL,1,NULL,'Cargar la cantidad de Dias en Negativo',1,'2020-04-07 12:05:36','2020-04-25 18:25:53',NULL),(4547,5563,48,'Presentismo',1070,11115,NULL,2,NULL,1,1,1,1,0,1,1,0,NULL,NULL,1,NULL,NULL,0,1,1,8.33,NULL,NULL,1,1,1,NULL,NULL,1,NULL,0.00,5,0.00,NULL,NULL,NULL,NULL,3,1,1,2,4,1,NULL,0.00,6,0.00,NULL,0.00,3,2,4,2,-2.00,0.00,1,1,0.00,0.00,3,1,1,2,2,1,NULL,NULL,0,'2020-04-07 12:05:36','2023-01-27 10:55:29',NULL);
INSERT INTO `syj_conceptos` VALUES (4548,5563,48,'Horas Extras al 50%',1080,11121,NULL,2,NULL,1,1,1,1,1,1,1,0,NULL,NULL,1,NULL,NULL,0,1,3,0.00,NULL,NULL,1,1,1,NULL,NULL,1,NULL,0.00,2,0.00,NULL,NULL,30,NULL,3,1,1,2,4,1,1,0.00,6,0.00,NULL,0.00,2,1,1,1,0.00,0.00,1,1,0.00,0.00,1,1,1,NULL,NULL,1,NULL,NULL,1,'2020-04-07 12:05:36','2020-04-25 01:56:05',NULL),(4549,5563,48,'Horas Extras al 100%',1090,11122,NULL,2,NULL,1,1,1,1,1,1,1,0,NULL,NULL,1,NULL,NULL,0,1,3,0.00,NULL,NULL,1,1,1,NULL,NULL,1,NULL,0.00,2,0.00,NULL,NULL,29,NULL,3,1,1,2,4,1,1,0.00,6,0.00,NULL,0.00,2,1,1,1,0.00,0.00,1,1,0.00,0.00,1,1,1,NULL,NULL,1,NULL,NULL,1,'2020-04-07 12:05:36','2020-04-25 01:56:47',NULL),(4550,5563,48,'Horas Feriados Nacionales Trabajados',5,5,17,2,NULL,1,1,1,7,0,1,1,0,NULL,NULL,1,NULL,NULL,0,1,3,0.00,NULL,NULL,1,1,1,NULL,NULL,1,NULL,0.00,2,0.00,NULL,NULL,29,NULL,3,1,1,2,3,1,31,1.10,6,0.00,NULL,0.00,2,1,1,1,0.00,0.00,1,1,0.00,0.00,1,1,1,NULL,NULL,1,NULL,NULL,1,'2020-04-07 12:05:36','2023-01-17 15:37:58','2023-01-17 15:37:58'),(4551,5563,48,'PRV s/Vacaciones',1130,11050,NULL,2,NULL,1,1,1,1,0,1,0,0,NULL,NULL,1,NULL,NULL,0,1,1,0.00,NULL,NULL,1,1,1,NULL,NULL,1,3,0.00,5,0.00,NULL,NULL,NULL,NULL,2,2,3,2,4,3,NULL,0.00,6,0.00,NULL,0.00,2,1,1,1,0.00,0.00,1,1,0.00,0.00,1,1,1,NULL,NULL,1,NULL,NULL,0,'2020-04-07 12:05:36','2020-05-08 19:30:32',NULL),(4552,5563,48,'Licencia por Maternidad',1190,11900,NULL,2,NULL,1,1,1,1,0,1,1,0,NULL,NULL,1,NULL,NULL,0,1,3,0.00,NULL,NULL,1,1,1,NULL,NULL,1,NULL,0.00,5,0.00,NULL,NULL,NULL,NULL,3,1,1,2,4,1,NULL,0.00,1,0.00,NULL,0.00,NULL,1,1,1,0.00,0.00,1,1,0.00,0.00,1,1,1,NULL,NULL,1,NULL,'Si la empleada estuvo el mes completo de Licencia se liquidará por medio del tipo de liquidación ”Licencia por Maternidad”  informando los 30 días.\r\nCaso contrario se liquidará a través de la',1,'2020-04-07 12:05:36','2020-05-06 20:56:02',NULL),(4553,5563,48,'Descuento Licencia por Maternidad',1200,12000,NULL,2,NULL,1,1,1,1,0,1,1,0,NULL,NULL,1,NULL,NULL,0,1,1,1.00,NULL,NULL,1,1,1,NULL,NULL,1,NULL,0.00,5,0.00,NULL,NULL,NULL,NULL,3,1,1,2,4,1,NULL,0.00,6,-1.00,NULL,0.00,6,1,1,1,0.00,0.00,1,1,0.00,0.00,1,1,1,NULL,NULL,1,NULL,NULL,1,'2020-04-07 12:05:36','2020-05-06 20:58:40',NULL),(4554,5563,48,'Indemnización Integración Mes de Despido',2010,20100,NULL,3,NULL,1,1,1,1,0,1,0,0,NULL,NULL,1,NULL,NULL,0,1,1,1.00,NULL,NULL,1,1,1,NULL,NULL,1,5,0.00,5,0.00,NULL,NULL,NULL,NULL,3,1,1,2,4,1,NULL,0.00,6,0.00,NULL,0.00,2,1,1,1,0.00,0.00,1,1,0.00,0.00,1,1,1,NULL,NULL,1,NULL,NULL,1,'2020-04-07 12:05:36','2020-04-24 23:28:21',NULL),(4555,5563,48,'PRV s/Integracion Mes de Despido',2060,20600,NULL,3,NULL,1,1,1,1,0,1,0,0,NULL,NULL,1,NULL,NULL,0,1,1,0.00,NULL,NULL,1,1,1,NULL,NULL,1,6,0.00,5,0.00,NULL,NULL,NULL,NULL,2,2,2,2,4,3,4,0.00,6,0.00,NULL,0.00,2,1,1,1,0.00,0.00,1,1,0.00,0.00,1,1,1,NULL,NULL,1,NULL,NULL,1,'2020-04-07 12:05:36','2020-05-06 21:06:44',NULL),(4556,5563,48,'Indemnización sustitutiva Mes de Preaviso',2025,20250,NULL,3,NULL,1,1,1,1,0,1,0,0,NULL,NULL,1,NULL,NULL,0,1,3,1.00,NULL,NULL,1,1,1,NULL,NULL,1,NULL,0.00,2,0.00,NULL,NULL,38,NULL,1,1,1,NULL,NULL,1,NULL,0.00,6,0.00,NULL,0.00,2,1,1,1,0.00,0.00,1,1,0.00,0.00,1,1,1,NULL,NULL,1,NULL,NULL,1,'2020-04-07 12:05:36','2020-04-30 20:59:57',NULL),(4557,5563,48,'PRV s/Mes de Preaviso',2060,20600,NULL,3,NULL,1,1,1,1,0,1,0,0,NULL,NULL,1,NULL,NULL,0,1,1,0.00,NULL,NULL,1,1,1,NULL,NULL,1,NULL,0.00,1,0.00,NULL,NULL,NULL,NULL,1,1,1,NULL,NULL,1,NULL,0.00,2,0.00,NULL,0.00,NULL,1,1,1,0.00,0.00,1,1,0.00,0.00,1,1,1,NULL,NULL,1,NULL,NULL,0,'2020-04-07 12:05:36','2020-05-06 21:10:39',NULL),(4558,5563,48,'Vacaciones No Gozadas',2101,20000,54,3,NULL,1,1,1,1,0,1,0,0,NULL,NULL,1,NULL,NULL,0,1,3,0.00,NULL,NULL,1,1,1,NULL,NULL,1,8,0.00,5,0.00,NULL,NULL,NULL,NULL,3,1,1,2,4,1,6,0.00,6,0.00,NULL,0.00,2,1,1,1,0.00,0.00,1,1,0.00,0.00,1,1,1,NULL,NULL,1,NULL,'En caso de Liquidar Final sin contar con Liquidaciones de meses anteriores, se deberá cambiar la configuración de la solapa valor unitario por Orgien del Valor: A INGRESAR.',1,'2020-04-07 12:05:36','2023-01-27 10:50:30',NULL);
INSERT INTO `syj_conceptos` VALUES (4559,5563,48,'PRV s/Vacaciones No Gozadas',2060,20600,NULL,3,NULL,1,1,1,1,0,1,0,0,NULL,NULL,1,NULL,NULL,0,1,5,0.00,NULL,NULL,3,1,1,2,2,1,NULL,0.00,5,0.00,NULL,NULL,NULL,NULL,2,2,3,2,4,3,4,0.00,6,0.00,NULL,0.00,2,1,1,1,0.00,0.00,1,1,0.00,0.00,1,1,1,NULL,NULL,1,NULL,NULL,0,'2020-04-07 12:05:36','2020-05-06 21:12:32',NULL),(4560,5563,48,'Feriados Nacionales No Trab. No Rem',2350,23500,NULL,3,NULL,1,1,1,1,0,1,0,0,NULL,NULL,1,NULL,NULL,0,1,1,0.00,NULL,NULL,1,1,1,NULL,NULL,1,NULL,0.00,1,0.00,NULL,NULL,NULL,NULL,1,1,1,NULL,NULL,1,NULL,0.00,2,0.00,NULL,0.00,NULL,1,1,1,0.00,0.00,1,1,0.00,0.00,1,1,1,NULL,NULL,1,NULL,NULL,1,'2020-04-07 12:05:36','2020-05-06 21:17:23',NULL),(4561,5563,48,'Feriados Nacionales Trabajados No Rem',2400,24000,NULL,3,NULL,1,1,1,1,0,1,0,0,NULL,NULL,1,NULL,NULL,0,1,1,0.00,NULL,NULL,1,1,1,NULL,NULL,1,NULL,0.00,1,0.00,NULL,NULL,NULL,NULL,1,1,1,NULL,NULL,1,NULL,0.00,2,0.00,NULL,0.00,NULL,1,1,1,0.00,0.00,1,1,0.00,0.00,1,1,1,NULL,NULL,1,NULL,NULL,1,'2020-04-07 12:05:36','2020-05-06 21:17:59',NULL),(4562,5563,48,'SAC Vacaciones No Gozadas',2120,21200,60,3,NULL,1,1,1,1,0,1,0,0,NULL,NULL,1,NULL,NULL,0,1,1,1.00,NULL,NULL,1,1,1,NULL,NULL,1,NULL,0.00,5,0.00,NULL,NULL,NULL,NULL,3,1,1,2,4,1,3,0.00,6,0.00,NULL,0.00,2,1,1,1,0.00,0.00,1,1,0.00,0.00,1,1,1,NULL,NULL,1,NULL,NULL,1,'2020-04-07 12:05:36','2023-02-08 13:20:06',NULL),(4563,5563,48,'Antigüedad No Remunerativo',2500,25000,NULL,3,NULL,1,1,1,1,0,1,0,0,NULL,NULL,1,NULL,NULL,0,1,2,0.00,12,NULL,1,1,1,NULL,NULL,1,NULL,0.00,5,0.00,NULL,NULL,NULL,NULL,3,1,1,2,4,1,NULL,0.00,6,0.00,NULL,0.00,3,1,1,1,0.00,0.00,1,1,0.00,0.00,1,1,1,NULL,NULL,1,NULL,NULL,0,'2020-04-07 12:05:36','2020-05-08 19:11:41',NULL),(4564,5563,48,'Presentismo No Remunerativo',2550,27501,NULL,3,NULL,1,1,1,1,0,1,0,0,NULL,NULL,1,NULL,NULL,0,1,1,8.33,NULL,NULL,1,1,1,NULL,NULL,1,NULL,0.00,5,0.00,NULL,NULL,NULL,NULL,3,1,1,2,4,1,NULL,0.00,6,0.00,NULL,0.00,3,2,4,2,-2.00,0.00,1,1,0.00,0.00,3,1,1,2,4,1,NULL,NULL,0,'2020-04-07 12:05:36','2020-05-08 19:21:31',NULL),(4565,5563,48,'1º SAC No Rem',2600,26000,NULL,3,NULL,1,1,1,1,0,1,0,0,NULL,NULL,1,NULL,NULL,0,1,5,0.00,NULL,NULL,3,1,1,2,2,1,NULL,0.00,5,0.00,NULL,NULL,NULL,NULL,3,1,1,2,4,1,NULL,0.00,6,0.00,NULL,0.00,2,1,1,1,0.00,0.00,1,1,0.00,0.00,1,1,1,NULL,NULL,1,NULL,NULL,1,'2020-04-07 12:05:36','2020-05-06 21:32:28',NULL),(4566,5563,48,'Horas Extras al 50% s/ No Rem',2650,26500,NULL,3,NULL,1,1,1,1,0,1,0,0,NULL,NULL,1,NULL,NULL,0,1,5,0.00,NULL,NULL,3,1,1,2,2,1,NULL,0.00,5,0.00,NULL,NULL,NULL,NULL,3,1,1,2,4,1,13,0.00,6,0.00,NULL,0.00,2,1,1,1,0.00,0.00,1,1,0.00,0.00,1,1,1,NULL,NULL,1,NULL,NULL,0,'2020-04-07 12:05:36','2020-05-08 19:15:05',NULL),(4567,5563,48,'Horas Extras al 100% s/ No Rem',2700,27000,NULL,3,NULL,1,1,1,1,0,1,0,0,NULL,NULL,1,NULL,NULL,0,1,5,0.00,NULL,NULL,3,1,1,2,2,1,NULL,0.00,5,0.00,NULL,NULL,NULL,NULL,3,1,1,2,4,1,14,0.00,6,0.00,NULL,0.00,2,1,1,1,0.00,0.00,1,1,0.00,0.00,1,1,1,NULL,NULL,1,NULL,NULL,0,'2020-04-07 12:05:36','2020-05-08 19:15:45',NULL),(4568,5563,48,'Inasistencias Injustificadas No Rem',2750,27500,NULL,3,NULL,1,1,1,1,0,1,0,0,NULL,NULL,1,NULL,NULL,0,1,5,0.00,NULL,NULL,3,1,1,2,2,1,NULL,0.00,5,0.00,NULL,NULL,NULL,NULL,3,1,1,2,4,1,5,0.00,6,0.00,NULL,0.00,2,1,1,1,0.00,0.00,1,1,0.00,0.00,1,1,1,NULL,NULL,1,NULL,'Cargar la cantidad de Días en negativo.',1,'2020-04-07 12:05:36','2020-05-06 21:51:31',NULL),(4569,5563,48,'2º SAC No Rem',2610,26100,NULL,3,NULL,1,1,1,1,0,1,0,0,NULL,NULL,1,NULL,NULL,0,1,5,0.00,NULL,NULL,3,1,1,2,2,1,NULL,0.00,5,0.00,NULL,NULL,NULL,NULL,3,1,1,2,4,1,NULL,0.00,6,0.00,NULL,0.00,2,1,1,1,0.00,0.00,1,1,0.00,0.00,1,1,1,NULL,NULL,1,NULL,NULL,1,'2020-04-07 12:05:36','2020-05-06 21:35:45',NULL),(4570,5563,48,'SAC No Remunerativo',2620,26200,NULL,3,NULL,1,1,1,1,0,1,0,0,NULL,NULL,1,NULL,NULL,0,1,2,0.00,36,NULL,1,1,1,NULL,NULL,1,NULL,0.00,5,0.00,NULL,NULL,NULL,NULL,3,1,1,2,4,1,NULL,0.00,6,0.00,NULL,0.00,2,1,1,1,0.00,0.00,1,1,0.00,0.00,1,1,1,NULL,NULL,1,NULL,NULL,1,'2020-04-07 12:05:36','2020-05-06 21:38:23',NULL);
INSERT INTO `syj_conceptos` VALUES (4571,5563,48,'Jubilación',22,30100,65,5,NULL,1,3,1,4,0,1,0,0,NULL,NULL,1,NULL,NULL,0,1,2,0.00,4,NULL,1,1,1,NULL,NULL,1,NULL,0.00,5,0.00,NULL,NULL,NULL,NULL,2,2,2,2,4,1,NULL,0.00,6,0.00,NULL,0.00,3,1,1,1,0.00,0.00,1,1,0.00,0.00,1,1,1,NULL,NULL,1,NULL,NULL,1,'2020-04-07 12:05:36','2023-02-08 12:26:27',NULL),(4572,5563,48,'Ley 19.032',23,3002,66,5,NULL,1,3,1,6,0,1,0,0,NULL,NULL,1,NULL,NULL,1,1,2,0.00,2,NULL,1,1,1,NULL,NULL,1,NULL,0.00,5,0.00,NULL,NULL,NULL,NULL,2,2,2,2,4,1,NULL,0.00,6,0.00,NULL,0.00,3,1,1,1,0.00,0.00,1,1,0.00,0.00,1,1,1,NULL,NULL,1,NULL,NULL,1,'2020-04-07 12:05:36','2023-02-08 12:26:01',NULL),(4573,5563,48,'Obra Social',24,3010,67,5,NULL,1,2,1,3,0,1,0,0,NULL,NULL,1,NULL,NULL,0,1,2,0.00,3,NULL,1,1,1,NULL,NULL,1,NULL,0.00,5,0.00,NULL,NULL,NULL,NULL,2,2,2,2,4,1,21,0.00,6,0.00,NULL,0.00,3,1,1,1,0.00,0.00,1,1,0.00,0.00,1,1,1,NULL,NULL,1,NULL,NULL,1,'2020-04-07 12:05:36','2023-02-08 12:25:09',NULL),(4574,5563,48,'Sindicato',4040,40400,NULL,5,NULL,1,1,1,5,0,1,0,0,NULL,NULL,1,NULL,NULL,0,1,1,2.00,NULL,NULL,1,1,1,NULL,NULL,1,NULL,0.00,5,0.00,NULL,NULL,NULL,NULL,2,2,2,2,4,1,NULL,0.00,6,0.00,NULL,0.00,3,1,1,1,0.00,0.00,1,1,0.00,0.00,1,1,1,NULL,NULL,1,NULL,NULL,0,'2020-04-07 12:05:36','2020-05-13 20:43:36',NULL),(4575,5563,48,'Obra Social s/ No Rem',4100,41000,NULL,4,NULL,1,1,1,1,0,1,0,0,NULL,NULL,1,NULL,NULL,0,1,1,0.00,NULL,NULL,1,1,1,NULL,NULL,1,NULL,0.00,1,0.00,NULL,NULL,NULL,NULL,1,1,1,NULL,NULL,1,NULL,0.00,2,0.00,NULL,0.00,NULL,1,1,1,0.00,0.00,1,1,0.00,0.00,1,1,1,NULL,NULL,1,NULL,NULL,1,'2020-04-07 12:05:36','2020-04-07 12:05:36',NULL),(4576,5563,48,'Sindicato s/ No Rem',4150,41500,NULL,4,NULL,1,1,1,1,0,1,0,0,NULL,NULL,1,NULL,NULL,0,1,1,0.00,NULL,NULL,1,1,1,NULL,NULL,1,NULL,0.00,1,0.00,NULL,NULL,NULL,NULL,1,1,1,NULL,NULL,1,NULL,0.00,2,0.00,NULL,0.00,NULL,1,1,1,0.00,0.00,1,1,0.00,0.00,1,1,1,NULL,NULL,1,NULL,NULL,1,'2020-04-07 12:05:36','2020-04-07 12:05:36',NULL),(4577,5563,48,'Adicional Familiar a cargo Obra Social',4320,43200,NULL,4,NULL,1,1,1,1,0,1,0,0,NULL,NULL,1,NULL,NULL,0,1,1,0.00,NULL,NULL,1,1,1,NULL,NULL,1,NULL,0.00,1,0.00,NULL,NULL,NULL,NULL,1,1,1,NULL,NULL,1,NULL,0.00,2,0.00,NULL,0.00,NULL,1,1,1,0.00,0.00,1,1,0.00,0.00,1,1,1,NULL,NULL,1,NULL,NULL,1,'2020-04-07 12:05:36','2020-04-07 12:05:36',NULL),(4578,5563,48,'Embargo',4060,40600,NULL,5,NULL,2,1,1,1,0,1,0,0,NULL,NULL,1,NULL,NULL,0,1,1,0.00,NULL,NULL,1,1,1,NULL,NULL,1,NULL,0.00,1,0.00,NULL,NULL,NULL,NULL,1,1,1,NULL,NULL,1,NULL,0.00,2,0.00,NULL,0.00,NULL,1,1,1,0.00,0.00,1,1,0.00,0.00,1,1,1,NULL,NULL,1,NULL,NULL,1,'2020-04-07 12:05:36','2020-05-06 22:24:52',NULL),(4579,5563,48,'Beneficio Dto 561/19',4370,43700,62,4,NULL,1,1,1,1,0,1,0,0,NULL,NULL,1,NULL,NULL,0,1,1,0.00,NULL,NULL,1,1,1,NULL,NULL,1,NULL,0.00,1,0.00,NULL,NULL,NULL,NULL,1,1,1,NULL,NULL,1,NULL,0.00,2,0.00,NULL,0.00,NULL,1,1,1,0.00,0.00,1,1,0.00,0.00,1,1,1,NULL,NULL,1,NULL,NULL,1,'2020-04-07 12:05:36','2022-03-24 02:51:09',NULL),(4580,5563,48,'Jubilación',5010,50100,NULL,6,NULL,1,1,1,1,0,0,0,0,NULL,NULL,1,NULL,NULL,0,1,1,0.00,NULL,NULL,1,1,1,NULL,NULL,1,NULL,0.00,1,0.00,NULL,NULL,NULL,NULL,1,1,1,NULL,NULL,1,NULL,0.00,2,0.00,NULL,0.00,NULL,1,1,1,0.00,0.00,1,1,0.00,0.00,1,1,1,NULL,NULL,1,NULL,NULL,1,'2020-04-07 12:05:36','2020-04-08 01:22:45',NULL),(4581,5563,48,'Fondo Nacional de Empleo',5020,50200,NULL,6,NULL,1,1,1,1,0,0,0,0,NULL,NULL,1,NULL,NULL,0,1,1,0.00,NULL,NULL,1,1,1,NULL,NULL,1,NULL,0.00,1,0.00,NULL,NULL,NULL,NULL,1,1,1,NULL,NULL,1,NULL,0.00,2,0.00,NULL,0.00,NULL,1,1,1,0.00,0.00,1,1,0.00,0.00,1,1,1,NULL,NULL,1,NULL,NULL,1,'2020-04-07 12:05:36','2020-05-06 22:16:34',NULL),(4582,5563,48,'INSSJP(Ley 19.032)',5030,50300,NULL,6,NULL,1,1,1,1,0,0,0,0,NULL,NULL,1,NULL,NULL,0,1,1,0.00,NULL,NULL,1,1,1,NULL,NULL,1,NULL,0.00,1,0.00,NULL,NULL,NULL,NULL,1,1,1,NULL,NULL,1,NULL,0.00,2,0.00,NULL,0.00,NULL,1,1,1,0.00,0.00,1,1,0.00,0.00,1,1,1,NULL,NULL,1,NULL,NULL,1,'2020-04-07 12:05:36','2020-05-06 22:17:07',NULL);
INSERT INTO `syj_conceptos` VALUES (4583,5563,48,'Obra Social',5040,50400,NULL,6,NULL,1,1,1,1,0,0,0,0,NULL,NULL,1,NULL,NULL,0,1,1,0.00,NULL,NULL,1,1,1,NULL,NULL,1,NULL,0.00,1,0.00,NULL,NULL,NULL,NULL,1,1,1,NULL,NULL,1,NULL,0.00,2,0.00,NULL,0.00,NULL,1,1,1,0.00,0.00,1,1,0.00,0.00,1,1,1,NULL,NULL,1,NULL,NULL,1,'2020-04-07 12:05:36','2020-04-16 21:51:58',NULL),(4584,5563,48,'Asigs Familiares',5060,50600,NULL,6,NULL,1,1,1,1,0,0,0,0,NULL,NULL,1,NULL,NULL,0,1,1,0.00,NULL,NULL,1,1,1,NULL,NULL,1,NULL,0.00,1,0.00,NULL,NULL,NULL,NULL,1,1,1,NULL,NULL,1,NULL,0.00,2,0.00,NULL,0.00,NULL,1,1,1,0.00,0.00,1,1,0.00,0.00,1,1,1,NULL,NULL,1,NULL,NULL,1,'2020-04-07 12:05:36','2020-05-06 22:17:38',NULL),(4585,5563,48,'Porcentaje ART',5080,50800,NULL,6,NULL,1,1,1,1,0,0,0,0,NULL,NULL,1,NULL,NULL,0,1,1,0.00,NULL,NULL,1,1,1,NULL,NULL,1,NULL,0.00,1,0.00,NULL,NULL,NULL,NULL,1,1,1,NULL,NULL,1,NULL,0.00,2,0.00,NULL,0.00,NULL,1,1,1,0.00,0.00,1,1,0.00,0.00,1,1,1,NULL,NULL,1,NULL,NULL,1,'2020-04-07 12:05:36','2020-05-06 22:18:32',NULL),(4586,5563,48,'Obra Social s/ No Rem',5100,51000,NULL,6,NULL,1,1,1,1,0,0,0,0,NULL,NULL,1,NULL,NULL,0,1,1,0.00,NULL,NULL,1,1,1,NULL,NULL,1,NULL,0.00,1,0.00,NULL,NULL,NULL,NULL,1,1,1,NULL,NULL,1,NULL,0.00,2,0.00,NULL,0.00,NULL,1,1,1,0.00,0.00,1,1,0.00,0.00,1,1,1,NULL,NULL,1,NULL,NULL,1,'2020-04-07 12:05:36','2020-05-06 22:18:56',NULL),(4587,5563,48,'Inasistencias Por Enfermedad',1010,10100,NULL,2,NULL,1,1,1,1,0,1,1,0,NULL,NULL,1,NULL,NULL,0,1,3,0.00,NULL,NULL,1,1,1,NULL,NULL,1,NULL,0.00,2,0.00,NULL,NULL,17,NULL,1,1,1,NULL,NULL,1,NULL,0.00,6,0.00,NULL,0.00,2,1,1,1,0.00,0.00,1,1,0.00,0.00,1,1,1,NULL,NULL,1,NULL,NULL,1,'2020-04-07 12:05:36','2020-04-08 22:00:06',NULL),(4588,5563,48,'Inasistencias por Accidente de Trabajo',1020,10200,NULL,2,NULL,1,1,1,1,0,1,1,0,NULL,NULL,1,NULL,NULL,0,1,3,0.00,NULL,NULL,1,1,1,NULL,NULL,1,NULL,0.00,2,0.00,NULL,NULL,17,NULL,1,1,1,NULL,NULL,1,NULL,0.00,6,0.00,NULL,0.00,2,1,1,1,0.00,0.00,1,1,0.00,0.00,1,1,1,NULL,NULL,1,NULL,NULL,1,'2020-04-07 12:05:36','2020-04-08 22:01:25',NULL),(4589,5563,48,'Días Trabajados',1040,10400,NULL,2,NULL,1,1,1,1,0,1,1,0,NULL,NULL,1,NULL,NULL,0,1,2,0.00,34,NULL,2,2,3,NULL,NULL,1,NULL,0.00,2,0.00,NULL,NULL,17,NULL,1,1,1,NULL,NULL,1,NULL,0.00,1,0.00,8,0.00,NULL,1,1,1,0.00,0.00,1,1,0.00,0.00,1,1,1,NULL,NULL,1,NULL,NULL,1,'2020-04-07 12:05:36','2023-01-17 15:45:54','2023-01-17 15:45:54'),(4590,5563,48,'Día del Gremio',1110,11100,NULL,2,NULL,1,1,1,1,0,1,1,0,NULL,NULL,1,NULL,NULL,0,1,1,0.00,NULL,NULL,1,1,1,NULL,NULL,1,NULL,0.00,2,0.00,NULL,NULL,18,NULL,1,1,1,NULL,NULL,1,NULL,0.00,6,0.00,NULL,0.00,2,1,1,1,0.00,0.00,1,1,0.00,0.00,1,1,1,NULL,NULL,1,NULL,'En mes Septiembre, cuando se liquide dicho concepto se deberá ingresar manualmente en Dias Trabajados 29 dias.',1,'2020-04-07 12:05:36','2020-04-15 22:40:23',NULL),(4591,5563,48,'Feriados Nacionales No Trabajados',1111,11109,NULL,2,NULL,1,1,1,1,0,1,1,0,NULL,NULL,1,NULL,NULL,0,1,3,0.00,NULL,NULL,1,1,1,NULL,NULL,1,NULL,0.00,2,0.00,NULL,NULL,17,NULL,1,1,1,NULL,NULL,1,NULL,0.00,6,0.00,13,1.10,2,1,1,1,0.00,0.00,1,1,0.00,0.00,1,1,1,NULL,NULL,1,NULL,'Se deberá informar por las novedades la cantidad de dias Feriados Nac. No Trabajados\r\nDicho concepto retorna como Valor, el Básico Diario.',1,'2020-04-07 12:05:36','2023-01-17 15:40:07',NULL),(4592,5563,48,'SAC proporcional',999,999,14,2,NULL,1,1,1,7,0,1,0,0,NULL,NULL,1,NULL,NULL,0,1,3,0.00,36,NULL,1,1,1,NULL,NULL,1,NULL,0.00,2,0.00,NULL,NULL,38,NULL,1,1,1,NULL,NULL,1,25,0.00,6,0.00,NULL,0.00,2,1,1,1,0.00,0.00,1,1,0.00,0.00,1,1,1,NULL,NULL,1,NULL,NULL,1,'2020-04-07 12:05:36','2023-02-08 12:01:14',NULL),(4593,5563,48,'Cuota Fija ART',5070,50700,NULL,6,NULL,1,1,1,1,0,0,0,0,NULL,NULL,1,NULL,NULL,0,1,1,0.00,NULL,NULL,1,1,1,NULL,NULL,1,NULL,0.00,1,0.00,NULL,NULL,NULL,NULL,1,1,1,NULL,NULL,1,NULL,0.00,2,0.00,NULL,0.00,NULL,1,1,1,0.00,0.00,1,1,0.00,0.00,1,1,1,NULL,NULL,1,NULL,NULL,1,'2020-04-07 12:05:36','2020-05-06 22:18:04',NULL);
INSERT INTO `syj_conceptos` VALUES (4594,5563,48,'Antigüedad',5,5,22,2,NULL,1,1,1,7,NULL,1,1,NULL,NULL,NULL,1,NULL,NULL,0,1,2,0.00,12,NULL,1,1,1,NULL,NULL,1,NULL,0.00,5,0.00,NULL,NULL,NULL,NULL,3,1,1,2,4,1,NULL,0.00,6,0.00,1,0.00,3,1,1,1,0.00,0.00,1,1,0.00,0.00,1,1,1,NULL,NULL,1,NULL,NULL,1,'2020-04-08 00:09:41','2023-02-08 12:01:48',NULL),(4595,5563,48,'Basico Diario Vacaciones',120,1200,NULL,1,NULL,1,1,1,1,NULL,NULL,NULL,NULL,NULL,NULL,1,NULL,NULL,0,1,1,1.00,NULL,NULL,1,1,1,NULL,NULL,1,NULL,0.00,2,0.00,NULL,NULL,17,NULL,1,1,1,NULL,NULL,1,NULL,0.00,6,0.00,NULL,0.00,2,1,1,1,0.00,0.00,1,1,0.00,0.00,1,1,1,NULL,NULL,1,NULL,NULL,0,'2020-04-08 22:09:47','2022-02-08 01:28:20',NULL),(4596,5563,48,'Sueldo Conformado Rem',110,1100,NULL,1,NULL,1,1,1,1,NULL,NULL,NULL,NULL,NULL,NULL,1,NULL,NULL,0,1,1,1.00,NULL,NULL,1,1,1,NULL,NULL,1,NULL,0.00,5,0.00,NULL,NULL,NULL,NULL,3,1,1,2,4,1,NULL,0.00,6,0.00,NULL,0.00,2,1,1,1,0.00,0.00,1,1,0.00,0.00,1,1,1,NULL,NULL,1,NULL,'Sumatoria de los conceptos de Control 80+90+100',0,'2020-04-08 22:21:05','2022-02-08 01:27:50',NULL),(4597,5563,48,'Antiguedad',1050,11113,22,2,NULL,1,1,1,1,1,1,1,NULL,NULL,NULL,1,NULL,NULL,0,1,2,0.00,12,NULL,1,1,1,NULL,NULL,1,NULL,0.00,5,0.00,NULL,NULL,NULL,NULL,3,2,2,2,4,1,NULL,0.00,6,0.00,NULL,0.00,3,1,1,1,0.00,0.00,1,1,0.00,0.00,1,1,1,NULL,NULL,1,NULL,NULL,1,'2020-04-16 19:57:29','2023-01-17 15:43:39','2023-01-17 15:43:39'),(4598,5563,48,'Sueldo Conformado No Rem',170,1700,NULL,1,NULL,1,1,1,1,NULL,NULL,NULL,NULL,NULL,NULL,1,NULL,NULL,0,1,1,1.00,NULL,NULL,1,1,1,NULL,NULL,1,NULL,0.00,5,0.00,NULL,NULL,NULL,NULL,3,1,1,2,4,1,NULL,0.00,6,0.00,NULL,0.00,2,1,1,1,0.00,0.00,1,1,0.00,0.00,1,1,1,NULL,NULL,1,NULL,NULL,0,'2020-04-19 16:08:56','2022-02-08 01:28:45',NULL),(4599,5563,48,'SAC Indemnización Integración Mes de Despido',2015,20150,NULL,3,NULL,1,1,1,1,NULL,NULL,NULL,NULL,NULL,NULL,1,NULL,NULL,0,1,3,0.00,NULL,NULL,1,1,1,NULL,NULL,1,NULL,0.00,5,1.00,NULL,NULL,NULL,NULL,3,1,1,2,4,1,3,0.00,6,0.00,NULL,0.00,2,1,1,1,0.00,0.00,1,1,0.00,0.00,1,1,1,NULL,NULL,1,NULL,NULL,1,'2020-04-24 23:49:56','2020-04-30 18:52:11',NULL),(4600,5563,48,'Indemnizacion por Antigüedad',2130,21300,NULL,3,NULL,1,1,1,1,NULL,NULL,NULL,NULL,NULL,NULL,1,NULL,NULL,0,1,2,0.00,14,NULL,1,1,1,NULL,NULL,1,NULL,0.00,2,0.00,NULL,NULL,39,NULL,1,1,1,NULL,NULL,1,28,0.00,6,0.00,NULL,0.00,2,1,1,1,0.00,0.00,1,1,0.00,0.00,1,1,1,NULL,NULL,1,NULL,NULL,1,'2020-04-25 02:24:27','2020-04-30 21:12:54',NULL),(4601,5563,48,'Presentismo No Rem',180,1800,NULL,1,NULL,1,1,1,1,NULL,NULL,NULL,NULL,NULL,NULL,1,NULL,NULL,0,1,1,8.33,NULL,NULL,1,1,1,NULL,NULL,1,NULL,0.00,5,0.00,NULL,NULL,NULL,NULL,3,1,1,2,4,1,NULL,0.00,6,0.00,NULL,0.00,3,1,1,1,0.00,0.00,1,1,0.00,0.00,1,1,1,NULL,NULL,1,NULL,NULL,1,'2020-05-06 21:50:49','2020-05-07 02:04:04',NULL),(4602,5563,48,'VIATICOS',2000,1700,31,3,NULL,2,1,1,1,NULL,NULL,NULL,NULL,NULL,NULL,1,NULL,NULL,0,0,3,0.00,NULL,NULL,1,1,1,NULL,NULL,1,NULL,0.00,3,0.00,NULL,NULL,NULL,NULL,1,1,1,NULL,NULL,1,NULL,0.00,6,0.00,NULL,0.00,2,1,1,1,0.00,0.00,1,1,0.00,0.00,1,1,1,NULL,NULL,1,NULL,NULL,0,'2020-05-07 01:26:24','2022-02-08 01:26:10',NULL),(4603,5563,48,'Sindicato',1000,30120,69,5,NULL,1,1,1,5,NULL,NULL,NULL,NULL,NULL,NULL,1,NULL,NULL,0,0,1,2.00,NULL,NULL,1,1,1,NULL,NULL,1,1,0.00,5,0.00,NULL,NULL,NULL,NULL,2,2,2,2,4,1,NULL,0.00,6,0.00,NULL,0.00,3,1,1,1,0.00,0.00,1,1,0.00,0.00,1,1,1,NULL,NULL,1,NULL,NULL,1,'2020-05-12 23:20:52','2023-02-08 12:28:07',NULL),(4604,5563,48,'Horas Normales',1,1,1,2,NULL,1,1,1,7,1,1,1,1,NULL,NULL,1,NULL,NULL,0,1,3,0.00,37,NULL,2,2,3,NULL,NULL,1,1,0.00,2,0.00,NULL,NULL,15,NULL,1,1,1,NULL,NULL,1,NULL,0.00,6,0.00,1,0.00,2,1,1,1,0.00,0.00,1,1,0.00,0.00,1,1,1,NULL,NULL,1,NULL,NULL,1,'2020-04-07 12:05:36','2023-01-17 15:38:10','2023-01-17 15:38:10');
INSERT INTO `syj_conceptos` VALUES (4605,5563,48,'REFRIGERIO',2000,1700,NULL,3,NULL,1,1,1,1,NULL,NULL,NULL,NULL,NULL,NULL,1,NULL,NULL,1,0,3,0.00,NULL,NULL,1,1,1,NULL,NULL,1,NULL,0.00,3,103.55,NULL,NULL,NULL,NULL,1,1,1,NULL,NULL,1,NULL,0.00,6,0.00,NULL,0.00,2,1,1,1,0.00,0.00,1,1,0.00,0.00,1,1,1,NULL,NULL,1,NULL,NULL,0,'2020-05-07 01:26:24','2022-02-08 01:26:44',NULL),(4606,5563,48,'Horas Enfermedad',16,16,1,2,NULL,1,1,1,1,1,1,1,1,NULL,NULL,1,NULL,NULL,0,1,3,0.00,42,NULL,2,2,3,NULL,NULL,1,1,0.00,2,0.00,NULL,NULL,15,NULL,1,1,1,NULL,NULL,1,NULL,0.00,6,0.00,1,0.00,2,1,1,1,0.00,0.00,1,1,0.00,0.00,1,1,1,NULL,NULL,1,NULL,NULL,1,'2020-04-07 15:05:36','2023-01-17 15:38:29','2023-01-17 15:38:29'),(4607,5563,48,'Obra Social 3%',5040,50400,NULL,6,NULL,1,1,1,1,0,0,0,0,NULL,NULL,1,NULL,NULL,0,1,1,0.00,NULL,NULL,1,1,1,NULL,NULL,1,NULL,0.00,1,0.00,NULL,NULL,NULL,NULL,1,1,1,NULL,NULL,1,NULL,0.00,2,0.00,NULL,0.00,NULL,1,1,1,0.00,0.00,1,1,0.00,0.00,1,1,1,NULL,NULL,1,NULL,NULL,1,'2020-04-07 15:05:36','2020-04-17 00:51:58',NULL),(4608,5563,48,'Horas Feriado no trabajado',23,23,8,2,NULL,1,1,1,1,1,1,1,0,NULL,NULL,1,NULL,NULL,0,1,3,0.00,42,NULL,2,2,3,NULL,NULL,1,1,0.00,2,0.00,NULL,NULL,15,NULL,1,1,1,NULL,NULL,1,31,1.10,6,0.00,1,0.00,2,1,1,1,0.00,0.00,1,1,0.00,0.00,1,1,1,NULL,NULL,1,NULL,NULL,1,'2020-04-07 18:05:36','2023-01-17 15:38:39','2023-01-17 15:38:39'),(4609,5563,48,'Descuento Hs ausencias sin justificación',8,8,1,2,NULL,1,1,1,7,0,1,1,0,NULL,NULL,1,NULL,NULL,0,1,3,0.00,37,NULL,2,2,3,NULL,NULL,1,1,0.00,2,0.00,NULL,NULL,15,NULL,1,1,1,NULL,NULL,1,29,0.00,6,0.00,1,0.00,2,1,1,1,0.00,0.00,1,1,0.00,0.00,1,1,1,NULL,NULL,1,NULL,NULL,1,'2020-04-07 15:05:36','2023-01-17 15:41:31','2023-01-17 15:41:31'),(4610,5563,48,'Hs. Lic. Vacaciones',19,19,20,2,NULL,1,1,1,7,1,1,1,1,NULL,NULL,1,NULL,NULL,0,1,3,0.00,37,NULL,2,2,3,NULL,NULL,1,1,0.00,2,0.00,NULL,NULL,15,NULL,1,1,1,NULL,NULL,1,NULL,0.00,6,0.00,1,0.00,2,1,1,1,0.00,0.00,1,1,0.00,0.00,1,1,1,NULL,NULL,1,NULL,NULL,1,'2020-04-07 15:05:36','2023-01-17 15:42:00','2023-01-17 15:42:00'),(4611,5563,48,'Hs. Suspensión',12,12,1,2,NULL,1,1,1,1,1,1,1,1,NULL,NULL,1,NULL,NULL,0,1,3,0.00,37,NULL,2,2,3,NULL,NULL,1,1,0.00,2,0.00,NULL,NULL,15,NULL,1,1,1,NULL,NULL,1,29,0.00,6,0.00,1,0.00,2,1,1,1,0.00,0.00,1,1,0.00,0.00,1,1,1,NULL,NULL,1,NULL,NULL,1,'2020-04-07 18:05:36','2023-01-17 15:41:40','2023-01-17 15:41:40'),(4612,5563,48,'Desc. Hs llegada tarde',14,14,1,2,NULL,1,1,1,1,1,1,1,1,NULL,NULL,1,NULL,NULL,0,1,3,0.00,37,NULL,2,2,3,NULL,NULL,1,1,0.00,2,0.00,NULL,NULL,15,NULL,1,1,1,NULL,NULL,1,29,0.00,6,0.00,1,0.00,2,1,1,1,0.00,0.00,1,1,0.00,0.00,1,1,1,NULL,NULL,1,NULL,NULL,1,'2020-04-07 21:05:36','2022-02-07 23:13:46',NULL),(4613,5563,48,'Desc. Lic. s/goce de sueldo',18,18,1,2,NULL,1,1,1,1,1,1,1,1,NULL,NULL,1,NULL,NULL,0,1,3,0.00,37,NULL,2,2,3,NULL,NULL,1,1,0.00,2,0.00,NULL,NULL,15,NULL,1,1,1,NULL,NULL,1,29,0.00,6,0.00,1,0.00,2,1,1,1,0.00,0.00,1,1,0.00,0.00,1,1,1,NULL,NULL,1,NULL,NULL,1,'2020-04-07 18:05:36','2022-02-07 23:15:26',NULL),(4614,5563,48,'Desc. Hs Lic. Vacaciones',20,20,1,2,NULL,1,1,1,1,1,1,1,1,NULL,NULL,1,NULL,NULL,0,1,3,0.00,37,NULL,2,2,3,NULL,NULL,1,1,0.00,2,0.00,NULL,NULL,15,NULL,1,1,1,NULL,NULL,1,29,0.00,6,0.00,1,0.00,2,1,1,1,0.00,0.00,1,1,0.00,0.00,1,1,1,NULL,NULL,1,NULL,NULL,1,'2020-04-07 18:05:36','2023-01-17 15:42:50','2023-01-17 15:42:50'),(4615,5563,48,'Lic. c/ goce de sueldo',21,21,1,2,NULL,1,1,1,1,1,1,1,1,NULL,NULL,1,NULL,NULL,0,1,3,0.00,42,NULL,2,2,3,NULL,NULL,1,1,0.00,2,0.00,NULL,NULL,15,NULL,1,1,1,NULL,NULL,1,NULL,0.00,6,0.00,1,0.00,2,1,1,1,0.00,0.00,1,1,0.00,0.00,1,1,1,NULL,NULL,1,NULL,NULL,1,'2020-04-07 18:05:36','2022-02-07 23:18:44',NULL),(4616,5563,48,'ILT 1ros 10 dias (empl)',69,69,9,2,NULL,1,1,1,7,1,1,1,1,NULL,NULL,1,NULL,NULL,0,1,3,0.00,37,NULL,2,2,3,NULL,NULL,1,1,0.00,3,0.00,NULL,NULL,15,NULL,1,1,1,NULL,NULL,1,NULL,0.00,6,0.00,1,0.00,2,1,1,1,0.00,0.00,1,1,0.00,0.00,1,1,1,NULL,NULL,1,NULL,NULL,1,'2020-04-07 15:05:36','2022-02-07 23:26:59',NULL);
INSERT INTO `syj_conceptos` VALUES (4617,5563,48,'ILT 11 y siguientes (ART)',69,69,10,2,NULL,1,1,1,7,1,1,1,1,NULL,NULL,1,NULL,NULL,0,1,3,0.00,37,NULL,2,2,3,NULL,NULL,1,1,0.00,3,0.00,NULL,NULL,15,NULL,1,1,1,NULL,NULL,1,NULL,0.00,6,0.00,1,0.00,2,1,1,1,0.00,0.00,1,1,0.00,0.00,1,1,1,NULL,NULL,1,NULL,NULL,1,'2020-04-07 18:05:36','2022-02-07 23:27:56',NULL),(4618,5563,48,'SAC sistema',1120,11200,NULL,2,NULL,1,1,1,1,0,1,0,0,NULL,NULL,1,NULL,NULL,0,1,2,0.00,36,NULL,1,1,1,NULL,NULL,1,NULL,0.00,2,0.00,NULL,NULL,38,NULL,1,1,1,NULL,NULL,1,2,0.00,6,0.00,NULL,0.00,2,1,1,1,0.00,0.00,1,1,0.00,0.00,1,1,1,NULL,NULL,1,NULL,NULL,0,'2020-04-07 15:05:36','2022-02-10 01:49:06',NULL),(4619,5563,48,'Adherente Obra Social (OSUOMRA)',3011,3011,74,5,NULL,2,2,1,3,0,1,0,0,NULL,NULL,1,NULL,NULL,0,1,2,0.00,1,NULL,1,1,1,NULL,NULL,1,NULL,0.00,5,0.00,NULL,NULL,NULL,NULL,2,2,2,2,4,1,21,0.00,6,0.00,NULL,0.00,3,1,1,1,0.00,0.00,1,1,0.00,0.00,1,1,1,NULL,NULL,1,NULL,NULL,1,'2020-04-07 15:05:36','2023-01-17 16:14:39',NULL),(4620,5563,48,'Detraccion Ley 26.473',95,950,NULL,1,NULL,1,1,1,1,NULL,NULL,NULL,NULL,NULL,NULL,1,NULL,NULL,1,1,1,1.00,NULL,NULL,1,1,1,NULL,NULL,1,NULL,0.00,1,3501.84,NULL,NULL,NULL,NULL,1,1,1,NULL,NULL,1,22,0.00,6,0.00,NULL,0.00,2,1,1,1,0.00,0.00,1,1,0.00,0.00,1,1,1,NULL,NULL,1,NULL,NULL,1,'2022-02-10 23:46:04','2022-02-15 19:15:06',NULL),(4621,5563,48,'Horas Día del Gremio Trabajadas',6,6,17,2,NULL,1,1,1,7,0,1,1,0,NULL,NULL,1,NULL,NULL,0,1,3,0.00,NULL,NULL,1,1,1,NULL,NULL,1,NULL,0.00,2,0.00,NULL,NULL,29,NULL,3,1,1,2,3,1,1,0.00,6,0.00,NULL,0.00,2,1,1,1,0.00,0.00,1,1,0.00,0.00,1,1,1,NULL,NULL,1,NULL,NULL,1,'2020-04-07 15:05:36','2023-01-17 15:38:19','2023-01-17 15:38:19'),(4622,5563,48,'Horas Día del Gremio',24,24,8,2,NULL,1,1,1,1,1,1,1,0,NULL,NULL,1,NULL,NULL,0,1,3,0.00,42,NULL,2,2,3,NULL,NULL,1,1,0.00,2,0.00,NULL,NULL,15,NULL,1,1,1,NULL,NULL,1,NULL,0.00,6,0.00,1,0.00,2,1,1,1,0.00,0.00,1,1,0.00,0.00,1,1,1,NULL,NULL,1,NULL,NULL,1,'2020-04-07 21:05:36','2023-01-17 15:38:48','2023-01-17 15:38:48'),(4623,5563,48,'Retroactivo por acuerdo vigencia 07-2022',1231,12301,1,2,NULL,1,1,1,1,1,1,1,0,NULL,NULL,1,NULL,NULL,0,1,3,1.00,NULL,NULL,1,1,1,NULL,NULL,1,NULL,0.00,3,0.00,NULL,NULL,NULL,NULL,1,1,1,NULL,NULL,1,NULL,0.00,6,0.00,NULL,0.00,2,1,1,1,0.00,0.00,1,1,0.00,0.00,1,1,1,NULL,NULL,1,NULL,NULL,0,'2020-04-07 15:05:35','2022-09-17 06:28:42',NULL),(4624,5563,48,'Seguro de Vida y Sepelio',1016,10160,70,5,NULL,1,1,1,1,NULL,NULL,NULL,NULL,NULL,NULL,1,NULL,NULL,0,1,1,1.00,NULL,NULL,1,1,1,NULL,NULL,1,NULL,0.00,3,922.28,NULL,NULL,NULL,NULL,1,1,1,NULL,NULL,1,NULL,0.00,6,0.00,NULL,0.00,2,1,1,1,0.00,0.00,1,1,0.00,0.00,1,1,1,NULL,NULL,1,NULL,NULL,1,'2023-01-17 16:18:05','2023-01-17 16:18:05',NULL),(4625,5563,48,'Bono NR Dto. 841/2022',1018,101800,63,1,NULL,1,1,1,1,NULL,NULL,NULL,NULL,NULL,NULL,1,NULL,NULL,0,1,1,0.00,NULL,NULL,1,1,1,NULL,NULL,1,NULL,0.00,3,0.00,NULL,NULL,NULL,NULL,1,1,1,NULL,NULL,1,NULL,0.00,1,0.00,NULL,0.00,NULL,1,1,1,0.00,0.00,1,1,0.00,0.00,1,1,1,NULL,NULL,1,NULL,NULL,1,'2023-01-17 16:21:08','2023-01-17 16:21:08',NULL),(4626,5563,48,'Sueldo Basico',3,3,1,2,NULL,1,1,1,1,NULL,1,1,1,NULL,NULL,1,NULL,NULL,0,0,3,0.00,NULL,NULL,1,1,1,NULL,NULL,1,1,0.00,2,0.00,NULL,NULL,16,NULL,1,1,1,NULL,NULL,1,5,0.00,6,0.00,NULL,0.00,2,1,1,1,0.00,0.00,1,1,0.00,0.00,1,1,1,NULL,NULL,1,NULL,NULL,1,'2023-01-17 16:35:37','2023-01-17 15:42:32',NULL),(4627,5563,48,'Feriado Nacional no trabajado',4,4,1,2,NULL,1,1,1,1,NULL,1,1,1,NULL,NULL,1,NULL,NULL,0,0,3,0.00,NULL,NULL,1,1,1,NULL,NULL,1,1,0.00,2,0.00,NULL,NULL,16,NULL,1,1,1,NULL,NULL,1,5,0.00,6,0.00,13,1.10,2,1,1,1,0.00,0.00,1,1,0.00,0.00,1,1,1,NULL,NULL,1,NULL,NULL,1,'2023-01-17 19:35:37','2023-01-17 15:49:33',NULL),(4628,5563,49,'Comisiones de venta',1220,12200,NULL,2,NULL,2,1,1,1,0,1,1,0,NULL,NULL,1,NULL,NULL,0,1,1,1.00,NULL,NULL,1,1,1,NULL,NULL,1,NULL,0.00,1,0.00,NULL,NULL,NULL,NULL,1,1,1,NULL,NULL,1,NULL,0.00,6,0.00,NULL,0.00,2,1,1,1,0.00,0.00,1,1,0.00,0.00,1,1,1,NULL,NULL,1,NULL,NULL,1,'2020-04-07 09:05:35','2023-02-08 12:28:50','2023-02-08 12:28:50');
INSERT INTO `syj_conceptos` VALUES (4629,5563,49,'Reintegro Ganancias Renta 4ta Categoría',2800,43700,NULL,3,NULL,1,1,1,1,0,0,0,0,NULL,NULL,1,NULL,NULL,0,1,1,1.00,NULL,NULL,1,1,1,NULL,NULL,1,NULL,0.00,1,0.00,NULL,NULL,NULL,NULL,1,1,1,NULL,NULL,1,7,0.00,6,0.00,9,0.00,2,1,1,1,0.00,0.00,1,1,0.00,0.00,1,1,1,NULL,NULL,1,NULL,NULL,0,'2020-04-07 09:05:35','2023-02-08 12:28:50','2023-02-08 12:28:50'),(4630,5563,49,'Redondeo',2900,43800,64,3,NULL,1,1,1,1,0,1,0,0,NULL,NULL,1,NULL,NULL,0,1,1,1.00,NULL,NULL,1,1,1,NULL,NULL,1,NULL,0.00,1,0.00,NULL,NULL,NULL,NULL,1,1,1,NULL,NULL,1,NULL,0.00,2,0.00,11,0.00,1,1,1,1,0.00,0.00,1,1,0.00,0.00,1,1,1,NULL,NULL,1,NULL,NULL,1,'2020-04-07 09:05:35','2023-02-08 12:28:50','2023-02-08 12:28:50'),(4631,5563,49,'Retención Ganancias Renta 4ta Categoría',4330,43600,73,5,NULL,1,1,1,7,0,0,0,0,NULL,NULL,1,NULL,NULL,1,1,1,1.00,NULL,NULL,1,1,1,NULL,NULL,1,NULL,0.00,3,0.00,NULL,NULL,NULL,NULL,1,1,1,NULL,NULL,1,NULL,0.00,6,0.00,NULL,0.00,2,1,1,1,0.00,0.00,1,1,0.00,0.00,1,1,1,NULL,NULL,1,NULL,'Se puede ingresar a mano o lo calcula Taxes, creando un detalle de liquidacion en el empleado',1,'2020-04-07 09:05:35','2023-02-08 12:28:50','2023-02-08 12:28:50'),(4632,5563,49,'Adicional voluntario',1210,12100,NULL,2,NULL,2,1,1,1,1,1,1,0,NULL,NULL,1,NULL,NULL,0,1,3,1.00,NULL,NULL,1,1,1,NULL,NULL,1,NULL,0.00,3,0.00,NULL,NULL,NULL,NULL,1,1,1,NULL,NULL,1,NULL,0.00,6,0.00,NULL,0.00,2,1,1,1,0.00,0.00,1,1,0.00,0.00,1,1,1,NULL,NULL,1,NULL,NULL,1,'2020-04-07 09:05:35','2023-02-08 12:28:50','2023-02-08 12:28:50'),(4633,5563,49,'Vacaciones',1045,11000,NULL,2,NULL,1,1,1,1,0,1,1,0,NULL,NULL,1,NULL,NULL,0,1,2,0.00,33,NULL,1,1,1,NULL,NULL,1,NULL,0.00,2,0.00,NULL,NULL,18,NULL,1,1,1,NULL,NULL,1,NULL,0.00,6,0.00,NULL,0.00,2,1,1,1,0.00,0.00,1,1,0.00,0.00,1,1,1,NULL,NULL,1,NULL,NULL,0,'2020-04-07 09:05:35','2023-02-08 12:28:50','2023-02-08 12:28:50'),(4634,5563,49,'A cuenta futuros aumentos',1230,12300,1,2,NULL,1,1,1,1,1,1,1,0,NULL,NULL,1,NULL,NULL,0,1,3,1.00,NULL,NULL,1,1,1,NULL,NULL,1,NULL,0.00,3,0.00,NULL,NULL,NULL,NULL,1,1,1,NULL,NULL,1,NULL,0.00,6,0.00,NULL,0.00,2,1,1,1,0.00,0.00,1,1,0.00,0.00,1,1,1,NULL,NULL,1,NULL,NULL,1,'2020-04-07 09:05:35','2023-02-08 12:28:50','2023-02-08 12:28:50'),(4635,5563,49,'Aumento solidario Decreto 14/2020',1240,12400,NULL,2,NULL,1,1,1,1,0,1,1,0,NULL,NULL,1,NULL,NULL,0,1,3,1.00,NULL,NULL,1,1,1,NULL,NULL,1,NULL,0.00,3,4000.00,NULL,NULL,NULL,NULL,1,1,1,NULL,NULL,1,NULL,0.00,6,0.00,NULL,0.00,2,1,1,1,0.00,0.00,1,1,0.00,0.00,1,1,1,NULL,NULL,1,NULL,'Valido hasta...',0,'2020-04-07 09:05:35','2023-02-08 12:28:50','2023-02-08 12:28:50'),(4636,5563,49,'Suma no Remunerativa',2920,29200,NULL,3,NULL,1,1,1,1,1,1,0,0,NULL,NULL,1,NULL,NULL,0,1,1,0.00,NULL,NULL,1,1,1,NULL,NULL,1,NULL,0.00,1,0.00,NULL,NULL,NULL,NULL,1,1,1,NULL,NULL,1,NULL,0.00,6,0.00,NULL,0.00,2,1,1,1,0.00,0.00,1,1,0.00,0.00,1,1,1,NULL,NULL,1,NULL,NULL,1,'2020-04-07 09:05:35','2023-02-08 12:28:50','2023-02-08 12:28:50'),(4637,5563,49,'SAC Indemnización sustitutiva Mes de Preaviso',2030,29400,NULL,3,NULL,1,1,1,1,0,1,0,0,NULL,NULL,1,NULL,NULL,0,1,1,1.00,NULL,NULL,1,1,1,NULL,NULL,1,NULL,0.00,5,0.00,NULL,NULL,NULL,NULL,3,1,1,2,4,1,NULL,0.00,6,0.00,NULL,0.00,2,1,1,1,0.00,0.00,1,1,0.00,0.00,1,1,1,NULL,NULL,1,NULL,NULL,1,'2020-04-07 09:05:36','2023-02-08 12:28:50','2023-02-08 12:28:50'),(4638,5563,49,'Indemnización Por Antigüedad ART 247',2950,29500,NULL,3,NULL,1,1,1,1,0,0,0,0,NULL,NULL,1,NULL,NULL,0,1,1,0.00,NULL,NULL,1,1,1,NULL,NULL,1,NULL,0.00,1,0.00,NULL,NULL,NULL,NULL,1,1,1,NULL,NULL,1,NULL,0.00,6,0.00,NULL,0.00,2,1,1,1,0.00,0.00,1,1,0.00,0.00,1,1,1,NULL,NULL,1,NULL,NULL,1,'2020-04-07 09:05:36','2023-02-08 12:28:50','2023-02-08 12:28:50'),(4639,5563,49,'Gratificación por egreso',2100,21000,NULL,3,NULL,1,1,1,1,0,1,0,0,NULL,NULL,1,NULL,NULL,0,1,1,1.00,NULL,NULL,1,1,1,NULL,NULL,1,NULL,0.00,3,0.00,NULL,NULL,NULL,NULL,1,1,1,NULL,NULL,1,NULL,0.00,6,0.00,NULL,0.00,2,1,1,1,0.00,0.00,1,1,0.00,0.00,1,1,1,NULL,NULL,1,NULL,NULL,1,'2020-04-07 09:05:36','2023-02-08 12:28:50','2023-02-08 12:28:50');
INSERT INTO `syj_conceptos` VALUES (4640,5563,49,'Inasistencia por Suspensión',1060,11114,NULL,2,NULL,1,1,1,1,0,1,1,0,NULL,NULL,1,NULL,NULL,0,1,3,0.00,NULL,NULL,1,1,1,NULL,NULL,1,NULL,0.00,5,0.00,NULL,NULL,NULL,NULL,3,1,1,2,4,1,5,0.00,6,0.00,NULL,0.00,2,1,1,1,0.00,0.00,1,1,0.00,0.00,1,1,1,NULL,NULL,1,NULL,'Cargar la cantidad de Dias en Negativo',1,'2020-04-07 09:05:36','2023-02-08 12:28:50','2023-02-08 12:28:50'),(4641,5563,49,'Presentismo',1070,11115,NULL,2,NULL,1,1,1,1,0,1,1,0,NULL,NULL,1,NULL,NULL,0,1,1,8.33,NULL,NULL,1,1,1,NULL,NULL,1,NULL,0.00,5,0.00,NULL,NULL,NULL,NULL,3,1,1,2,4,1,NULL,0.00,6,0.00,NULL,0.00,3,2,4,2,-2.00,0.00,1,1,0.00,0.00,3,1,1,2,2,1,NULL,NULL,1,'2020-04-07 09:05:36','2023-02-08 12:28:50','2023-02-08 12:28:50'),(4642,5563,49,'Horas Extras al 50%',1080,11121,NULL,2,NULL,1,1,1,1,1,1,1,0,NULL,NULL,1,NULL,NULL,0,1,3,0.00,NULL,NULL,1,1,1,NULL,NULL,1,NULL,0.00,2,0.00,NULL,NULL,30,NULL,3,1,1,2,4,1,1,0.00,6,0.00,NULL,0.00,2,1,1,1,0.00,0.00,1,1,0.00,0.00,1,1,1,NULL,NULL,1,NULL,NULL,1,'2020-04-07 09:05:36','2023-02-08 12:28:50','2023-02-08 12:28:50'),(4643,5563,49,'Horas Extras al 100%',1090,11122,NULL,2,NULL,1,1,1,1,1,1,1,0,NULL,NULL,1,NULL,NULL,0,1,3,0.00,NULL,NULL,1,1,1,NULL,NULL,1,NULL,0.00,2,0.00,NULL,NULL,29,NULL,3,1,1,2,4,1,1,0.00,6,0.00,NULL,0.00,2,1,1,1,0.00,0.00,1,1,0.00,0.00,1,1,1,NULL,NULL,1,NULL,NULL,1,'2020-04-07 09:05:36','2023-02-08 12:28:50','2023-02-08 12:28:50'),(4644,5563,49,'Feriados Nacionales  Trabajados',1112,11110,NULL,2,NULL,1,1,1,1,0,1,1,0,NULL,NULL,1,NULL,NULL,0,1,3,0.00,NULL,NULL,1,1,1,NULL,NULL,1,NULL,0.00,2,0.00,NULL,NULL,18,NULL,3,1,1,2,3,1,NULL,0.00,6,0.00,NULL,0.00,2,1,1,1,0.00,0.00,1,1,0.00,0.00,1,1,1,NULL,NULL,1,NULL,'Se deberá informar por las novedades la cantidad de dias Feriados Nac.Trabajados\r\nDicho concepto retorna como Valor, la suma del Básico /30 + Básico/25.',1,'2020-04-07 09:05:36','2023-02-08 12:28:50','2023-02-08 12:28:50'),(4645,5563,49,'PRV s/Vacaciones',1130,11050,NULL,2,NULL,1,1,1,1,0,1,0,0,NULL,NULL,1,NULL,NULL,0,1,1,0.00,NULL,NULL,1,1,1,NULL,NULL,1,3,0.00,5,0.00,NULL,NULL,NULL,NULL,2,2,3,2,4,3,NULL,0.00,6,0.00,NULL,0.00,2,1,1,1,0.00,0.00,1,1,0.00,0.00,1,1,1,NULL,NULL,1,NULL,NULL,0,'2020-04-07 09:05:36','2023-02-08 12:28:50','2023-02-08 12:28:50'),(4646,5563,49,'Licencia por Maternidad',1190,11900,NULL,2,NULL,1,1,1,1,0,1,1,0,NULL,NULL,1,NULL,NULL,0,1,3,0.00,NULL,NULL,1,1,1,NULL,NULL,1,NULL,0.00,5,0.00,NULL,NULL,NULL,NULL,3,1,1,2,4,1,NULL,0.00,1,0.00,NULL,0.00,NULL,1,1,1,0.00,0.00,1,1,0.00,0.00,1,1,1,NULL,NULL,1,NULL,'Si la empleada estuvo el mes completo de Licencia se liquidará por medio del tipo de liquidación ”Licencia por Maternidad”  informando los 30 días.\r\nCaso contrario se liquidará a través de la',1,'2020-04-07 09:05:36','2023-02-08 12:28:50','2023-02-08 12:28:50'),(4647,5563,49,'Descuento Licencia por Maternidad',1200,12000,76,3,NULL,1,1,1,1,0,1,1,0,NULL,NULL,1,NULL,NULL,0,1,3,1.00,NULL,NULL,1,1,1,NULL,NULL,1,NULL,0.00,3,0.00,NULL,NULL,15,NULL,3,1,1,2,4,1,NULL,0.00,6,-1.00,1,0.00,2,1,1,1,0.00,0.00,1,1,0.00,0.00,1,1,1,NULL,NULL,1,NULL,NULL,1,'2020-04-07 09:05:36','2023-02-08 12:28:50','2023-02-08 12:28:50'),(4648,5563,49,'Indemnización Integración Mes de Despido',2010,20100,NULL,3,NULL,1,1,1,1,0,1,0,0,NULL,NULL,1,NULL,NULL,0,1,1,1.00,NULL,NULL,1,1,1,NULL,NULL,1,5,0.00,5,0.00,NULL,NULL,NULL,NULL,3,1,1,2,4,1,NULL,0.00,6,0.00,NULL,0.00,2,1,1,1,0.00,0.00,1,1,0.00,0.00,1,1,1,NULL,NULL,1,NULL,NULL,1,'2020-04-07 09:05:36','2023-02-08 12:28:50','2023-02-08 12:28:50'),(4649,5563,49,'PRV s/Integracion Mes de Despido',2061,20600,NULL,3,NULL,1,1,1,1,0,1,0,0,NULL,NULL,1,NULL,NULL,0,1,1,0.00,NULL,NULL,1,1,1,NULL,NULL,1,6,0.00,5,0.00,NULL,NULL,NULL,NULL,2,2,2,2,4,3,4,0.00,6,0.00,NULL,0.00,2,1,1,1,0.00,0.00,1,1,0.00,0.00,1,1,1,NULL,NULL,1,NULL,NULL,0,'2020-04-07 09:05:36','2023-02-08 12:28:50','2023-02-08 12:28:50');
INSERT INTO `syj_conceptos` VALUES (4650,5563,49,'Indemnización sustitutiva Mes de Preaviso',2025,20250,NULL,3,NULL,1,1,1,1,0,1,0,0,NULL,NULL,1,NULL,NULL,0,1,3,1.00,NULL,NULL,1,1,1,NULL,NULL,1,NULL,0.00,2,0.00,NULL,NULL,38,NULL,1,1,1,NULL,NULL,1,NULL,0.00,6,0.00,NULL,0.00,2,1,1,1,0.00,0.00,1,1,0.00,0.00,1,1,1,NULL,NULL,1,NULL,NULL,0,'2020-04-07 09:05:36','2023-02-08 12:28:50','2023-02-08 12:28:50'),(4651,5563,49,'PRV s/Mes de Preaviso',2060,20600,NULL,3,NULL,1,1,1,1,0,1,0,0,NULL,NULL,1,NULL,NULL,0,1,1,0.00,NULL,NULL,1,1,1,NULL,NULL,1,NULL,0.00,1,0.00,NULL,NULL,NULL,NULL,1,1,1,NULL,NULL,1,NULL,0.00,2,0.00,NULL,0.00,NULL,1,1,1,0.00,0.00,1,1,0.00,0.00,1,1,1,NULL,NULL,1,NULL,NULL,0,'2020-04-07 09:05:36','2023-02-08 12:28:50','2023-02-08 12:28:50'),(4652,5563,49,'Vacaciones No Gozadas',1006,20000,54,3,NULL,1,1,1,1,0,1,0,0,NULL,NULL,1,NULL,NULL,0,1,3,0.00,NULL,NULL,1,1,1,NULL,NULL,1,1,0.00,3,0.00,NULL,NULL,NULL,NULL,3,1,1,2,4,1,1,0.00,6,0.00,NULL,0.00,2,1,1,1,0.00,0.00,1,1,0.00,0.00,1,1,1,NULL,NULL,1,NULL,'En caso de Liquidar Final sin contar con Liquidaciones de meses anteriores, se deberá cambiar la configuración de la solapa valor unitario por Orgien del Valor: A INGRESAR.',1,'2020-04-07 09:05:36','2023-02-08 12:28:50','2023-02-08 12:28:50'),(4653,5563,49,'PRV s/Vacaciones No Gozadas',2060,20600,NULL,3,NULL,1,1,1,1,0,1,0,0,NULL,NULL,1,NULL,NULL,0,1,5,0.00,NULL,NULL,3,1,1,2,2,1,NULL,0.00,5,0.00,NULL,NULL,NULL,NULL,2,2,3,2,4,3,4,0.00,6,0.00,NULL,0.00,2,1,1,1,0.00,0.00,1,1,0.00,0.00,1,1,1,NULL,NULL,1,NULL,NULL,0,'2020-04-07 09:05:36','2023-02-08 12:28:50','2023-02-08 12:28:50'),(4654,5563,49,'Feriados Nacionales No Trab. No Rem',2350,23500,NULL,3,NULL,1,1,1,1,0,1,0,0,NULL,NULL,1,NULL,NULL,0,1,1,0.00,NULL,NULL,1,1,1,NULL,NULL,1,NULL,0.00,1,0.00,NULL,NULL,NULL,NULL,1,1,1,NULL,NULL,1,NULL,0.00,2,0.00,NULL,0.00,NULL,1,1,1,0.00,0.00,1,1,0.00,0.00,1,1,1,NULL,NULL,1,NULL,NULL,1,'2020-04-07 09:05:36','2023-02-08 12:28:50','2023-02-08 12:28:50'),(4655,5563,49,'Feriados Nacionales Trabajados No Rem',2400,24000,NULL,3,NULL,1,1,1,1,0,1,0,0,NULL,NULL,1,NULL,NULL,0,1,1,0.00,NULL,NULL,1,1,1,NULL,NULL,1,NULL,0.00,1,0.00,NULL,NULL,NULL,NULL,1,1,1,NULL,NULL,1,NULL,0.00,2,0.00,NULL,0.00,NULL,1,1,1,0.00,0.00,1,1,0.00,0.00,1,1,1,NULL,NULL,1,NULL,NULL,1,'2020-04-07 09:05:36','2023-02-08 12:28:50','2023-02-08 12:28:50'),(4656,5563,49,'SAC Vacaciones No Gozadas',2120,21200,60,3,NULL,1,1,1,1,0,1,0,0,NULL,NULL,1,NULL,NULL,0,1,1,1.00,NULL,NULL,1,1,1,NULL,NULL,1,NULL,0.00,5,0.00,NULL,NULL,NULL,NULL,3,1,1,2,4,1,3,0.00,6,0.00,NULL,0.00,2,1,1,1,0.00,0.00,1,1,0.00,0.00,1,1,1,NULL,NULL,1,NULL,NULL,1,'2020-04-07 09:05:36','2023-02-08 12:28:50','2023-02-08 12:28:50'),(4657,5563,49,'Antigüedad No Remunerativo',2500,25000,NULL,3,NULL,1,1,1,1,0,1,0,0,NULL,NULL,1,NULL,NULL,0,1,2,0.00,12,NULL,1,1,1,NULL,NULL,1,NULL,0.00,5,0.00,NULL,NULL,NULL,NULL,3,1,1,2,4,1,NULL,0.00,6,0.00,NULL,0.00,3,1,1,1,0.00,0.00,1,1,0.00,0.00,1,1,1,NULL,NULL,1,NULL,NULL,0,'2020-04-07 09:05:36','2023-02-08 12:28:50','2023-02-08 12:28:50'),(4658,5563,49,'Presentismo No Remunerativo',2550,27501,NULL,3,NULL,1,1,1,1,0,1,0,0,NULL,NULL,1,NULL,NULL,0,1,1,8.33,NULL,NULL,1,1,1,NULL,NULL,1,NULL,0.00,5,0.00,NULL,NULL,NULL,NULL,3,1,1,2,4,1,NULL,0.00,6,0.00,NULL,0.00,3,2,4,2,-2.00,0.00,1,1,0.00,0.00,3,1,1,2,4,1,NULL,NULL,0,'2020-04-07 09:05:36','2023-02-08 12:28:50','2023-02-08 12:28:50'),(4659,5563,49,'1º SAC No Rem',2600,26000,NULL,3,NULL,1,1,1,1,0,1,0,0,NULL,NULL,1,NULL,NULL,0,1,5,0.00,NULL,NULL,3,1,1,2,2,1,NULL,0.00,5,0.00,NULL,NULL,NULL,NULL,3,1,1,2,4,1,NULL,0.00,6,0.00,NULL,0.00,2,1,1,1,0.00,0.00,1,1,0.00,0.00,1,1,1,NULL,NULL,1,NULL,NULL,1,'2020-04-07 09:05:36','2023-02-08 12:28:50','2023-02-08 12:28:50'),(4660,5563,49,'Horas Extras al 50% s/ No Rem',2650,26500,NULL,3,NULL,1,1,1,1,0,1,0,0,NULL,NULL,1,NULL,NULL,0,1,5,0.00,NULL,NULL,3,1,1,2,2,1,NULL,0.00,5,0.00,NULL,NULL,NULL,NULL,3,1,1,2,4,1,13,0.00,6,0.00,NULL,0.00,2,1,1,1,0.00,0.00,1,1,0.00,0.00,1,1,1,NULL,NULL,1,NULL,NULL,0,'2020-04-07 09:05:36','2023-02-08 12:28:50','2023-02-08 12:28:50');
INSERT INTO `syj_conceptos` VALUES (4661,5563,49,'Horas Extras al 100% s/ No Rem',2700,27000,NULL,3,NULL,1,1,1,1,0,1,0,0,NULL,NULL,1,NULL,NULL,0,1,5,0.00,NULL,NULL,3,1,1,2,2,1,NULL,0.00,5,0.00,NULL,NULL,NULL,NULL,3,1,1,2,4,1,14,0.00,6,0.00,NULL,0.00,2,1,1,1,0.00,0.00,1,1,0.00,0.00,1,1,1,NULL,NULL,1,NULL,NULL,0,'2020-04-07 09:05:36','2023-02-08 12:28:50','2023-02-08 12:28:50'),(4662,5563,49,'Inasistencias Injustificadas No Rem',2750,27500,NULL,3,NULL,1,1,1,1,0,1,0,0,NULL,NULL,1,NULL,NULL,0,1,5,0.00,NULL,NULL,3,1,1,2,2,1,NULL,0.00,5,0.00,NULL,NULL,NULL,NULL,3,1,1,2,4,1,5,0.00,6,0.00,NULL,0.00,2,1,1,1,0.00,0.00,1,1,0.00,0.00,1,1,1,NULL,NULL,1,NULL,'Cargar la cantidad de Días en negativo.',1,'2020-04-07 09:05:36','2023-02-08 12:28:50','2023-02-08 12:28:50'),(4663,5563,49,'2º SAC No Rem',2610,26100,NULL,3,NULL,1,1,1,1,0,1,0,0,NULL,NULL,1,NULL,NULL,0,1,5,0.00,NULL,NULL,3,1,1,2,2,1,NULL,0.00,5,0.00,NULL,NULL,NULL,NULL,3,1,1,2,4,1,NULL,0.00,6,0.00,NULL,0.00,2,1,1,1,0.00,0.00,1,1,0.00,0.00,1,1,1,NULL,NULL,1,NULL,NULL,1,'2020-04-07 09:05:36','2023-02-08 12:28:50','2023-02-08 12:28:50'),(4664,5563,49,'SAC No Remunerativo',2620,26200,NULL,3,NULL,1,1,1,1,0,1,0,0,NULL,NULL,1,NULL,NULL,0,1,2,0.00,36,NULL,1,1,1,NULL,NULL,1,NULL,0.00,5,0.00,NULL,NULL,NULL,NULL,3,1,1,2,4,1,NULL,0.00,6,0.00,NULL,0.00,2,1,1,1,0.00,0.00,1,1,0.00,0.00,1,1,1,NULL,NULL,1,NULL,NULL,1,'2020-04-07 09:05:36','2023-02-08 12:28:50','2023-02-08 12:28:50'),(4665,5563,49,'Jubilación',4010,40100,65,5,NULL,1,3,1,4,1,1,0,0,NULL,NULL,1,NULL,NULL,0,1,2,0.00,4,NULL,1,1,1,NULL,NULL,1,NULL,0.00,5,0.00,NULL,NULL,NULL,NULL,2,2,2,2,4,1,NULL,0.00,6,0.00,NULL,0.00,3,1,1,1,0.00,0.00,1,1,0.00,0.00,1,1,1,NULL,NULL,1,NULL,NULL,1,'2020-04-07 09:05:36','2023-02-08 12:28:50','2023-02-08 12:28:50'),(4666,5563,49,'INSSJP (Ley 19.032)',3002,3002,66,5,NULL,1,3,1,6,0,1,0,0,NULL,NULL,1,NULL,NULL,1,1,2,0.00,2,NULL,1,1,1,NULL,NULL,1,NULL,0.00,5,0.00,NULL,NULL,NULL,NULL,2,2,2,2,4,1,NULL,0.00,6,0.00,NULL,0.00,3,1,1,1,0.00,0.00,1,1,0.00,0.00,1,1,1,NULL,NULL,1,NULL,NULL,1,'2020-04-07 09:05:36','2023-02-08 12:28:51','2023-02-08 12:28:51'),(4667,5563,49,'Obra Social',3005,40300,67,5,NULL,1,2,1,3,0,1,0,0,NULL,NULL,1,NULL,NULL,0,1,2,0.00,3,NULL,1,1,1,NULL,NULL,1,1,0.00,5,0.00,NULL,NULL,NULL,NULL,2,2,2,2,4,1,1,0.00,6,0.00,NULL,0.00,3,1,1,1,0.00,0.00,1,1,0.00,0.00,1,1,1,NULL,NULL,1,NULL,NULL,1,'2020-04-07 09:05:36','2023-02-08 12:28:51','2023-02-08 12:28:51'),(4668,5563,49,'Sindicato',4040,40400,NULL,5,NULL,1,1,1,5,0,1,0,0,NULL,NULL,1,NULL,NULL,0,1,1,2.00,NULL,NULL,1,1,1,NULL,NULL,1,NULL,0.00,5,0.00,NULL,NULL,NULL,NULL,2,2,2,2,4,1,NULL,0.00,6,0.00,NULL,0.00,3,1,1,1,0.00,0.00,1,1,0.00,0.00,1,1,1,NULL,NULL,1,NULL,NULL,0,'2020-04-07 09:05:36','2023-02-08 12:28:51','2023-02-08 12:28:51'),(4669,5563,49,'Obra Social s/ No Rem',4100,41000,NULL,4,NULL,1,1,1,1,0,1,0,0,NULL,NULL,1,NULL,NULL,0,1,1,0.00,NULL,NULL,1,1,1,NULL,NULL,1,NULL,0.00,1,0.00,NULL,NULL,NULL,NULL,1,1,1,NULL,NULL,1,NULL,0.00,2,0.00,NULL,0.00,NULL,1,1,1,0.00,0.00,1,1,0.00,0.00,1,1,1,NULL,NULL,1,NULL,NULL,1,'2020-04-07 09:05:36','2023-02-08 12:28:51','2023-02-08 12:28:51'),(4670,5563,49,'Sindicato s/ No Rem',4150,41500,NULL,4,NULL,1,1,1,1,0,1,0,0,NULL,NULL,1,NULL,NULL,0,1,1,0.00,NULL,NULL,1,1,1,NULL,NULL,1,NULL,0.00,1,0.00,NULL,NULL,NULL,NULL,1,1,1,NULL,NULL,1,NULL,0.00,2,0.00,NULL,0.00,NULL,1,1,1,0.00,0.00,1,1,0.00,0.00,1,1,1,NULL,NULL,1,NULL,NULL,1,'2020-04-07 09:05:36','2023-02-08 12:28:51','2023-02-08 12:28:51'),(4671,5563,49,'Adicional Familiar a cargo Obra Social',4320,43200,NULL,4,NULL,1,1,1,1,0,1,0,0,NULL,NULL,1,NULL,NULL,0,1,1,0.00,NULL,NULL,1,1,1,NULL,NULL,1,NULL,0.00,1,0.00,NULL,NULL,NULL,NULL,1,1,1,NULL,NULL,1,NULL,0.00,2,0.00,NULL,0.00,NULL,1,1,1,0.00,0.00,1,1,0.00,0.00,1,1,1,NULL,NULL,1,NULL,NULL,1,'2020-04-07 09:05:36','2023-02-08 12:28:51','2023-02-08 12:28:51');
INSERT INTO `syj_conceptos` VALUES (4672,5563,49,'Embargo',4060,40600,NULL,5,NULL,2,1,1,1,0,1,0,0,NULL,NULL,1,NULL,NULL,0,1,1,0.00,NULL,NULL,1,1,1,NULL,NULL,1,NULL,0.00,1,0.00,NULL,NULL,NULL,NULL,1,1,1,NULL,NULL,1,NULL,0.00,2,0.00,NULL,0.00,NULL,1,1,1,0.00,0.00,1,1,0.00,0.00,1,1,1,NULL,NULL,1,NULL,NULL,1,'2020-04-07 09:05:36','2023-02-08 12:28:51','2023-02-08 12:28:51'),(4673,5563,49,'Beneficio Dto 561/19',4370,43700,NULL,4,NULL,1,1,1,1,0,1,0,0,NULL,NULL,1,NULL,NULL,0,1,1,0.00,NULL,NULL,1,1,1,NULL,NULL,1,NULL,0.00,1,0.00,NULL,NULL,NULL,NULL,1,1,1,NULL,NULL,1,NULL,0.00,2,0.00,NULL,0.00,NULL,1,1,1,0.00,0.00,1,1,0.00,0.00,1,1,1,NULL,NULL,1,NULL,NULL,1,'2020-04-07 09:05:36','2023-02-08 12:28:51','2023-02-08 12:28:51'),(4674,5563,49,'Jubilación',5010,50100,NULL,6,NULL,1,5,1,1,0,0,0,0,NULL,NULL,1,NULL,NULL,0,1,1,1.00,NULL,NULL,1,1,1,NULL,NULL,1,NULL,0.00,2,0.00,NULL,NULL,9,NULL,1,1,1,NULL,NULL,1,NULL,0.00,6,0.00,NULL,0.00,2,1,1,1,0.00,0.00,1,1,0.00,0.00,1,1,1,NULL,NULL,1,NULL,NULL,1,'2020-04-07 09:05:36','2023-02-08 12:28:51','2023-02-08 12:28:51'),(4675,5563,49,'Fondo Nacional de Empleo',5020,50200,NULL,6,NULL,1,1,1,1,0,0,0,0,NULL,NULL,1,NULL,NULL,0,1,1,0.00,NULL,NULL,1,1,1,NULL,NULL,1,NULL,0.00,1,0.00,NULL,NULL,NULL,NULL,1,1,1,NULL,NULL,1,NULL,0.00,2,0.00,NULL,0.00,NULL,1,1,1,0.00,0.00,1,1,0.00,0.00,1,1,1,NULL,NULL,1,NULL,NULL,1,'2020-04-07 09:05:36','2023-02-08 12:28:51','2023-02-08 12:28:51'),(4676,5563,49,'INSSJP(Ley 19.032)',5030,50300,NULL,6,NULL,1,5,1,1,0,0,0,0,NULL,NULL,1,NULL,NULL,0,1,1,1.00,NULL,NULL,1,1,1,NULL,NULL,1,1,0.00,2,0.00,NULL,NULL,7,NULL,1,1,1,NULL,NULL,1,NULL,0.00,6,0.00,NULL,0.00,2,1,1,1,0.00,0.00,1,1,0.00,0.00,1,1,1,NULL,NULL,1,NULL,NULL,1,'2020-04-07 09:05:36','2023-02-08 12:28:51','2023-02-08 12:28:51'),(4677,5563,49,'Obra Social',5040,50400,NULL,6,NULL,1,4,1,1,0,0,0,0,NULL,NULL,1,NULL,NULL,0,1,1,1.00,NULL,NULL,1,1,1,NULL,NULL,1,NULL,0.00,2,0.00,NULL,NULL,8,NULL,1,1,1,NULL,NULL,1,NULL,0.00,6,0.00,NULL,0.00,2,1,1,1,0.00,0.00,1,1,0.00,0.00,1,1,1,NULL,NULL,1,NULL,NULL,1,'2020-04-07 09:05:36','2023-02-08 12:28:51','2023-02-08 12:28:51'),(4678,5563,49,'Asigs Familiares',5060,50600,NULL,6,NULL,1,1,1,1,0,0,0,0,NULL,NULL,1,NULL,NULL,0,1,1,0.00,NULL,NULL,1,1,1,NULL,NULL,1,NULL,0.00,1,0.00,NULL,NULL,NULL,NULL,1,1,1,NULL,NULL,1,NULL,0.00,2,0.00,NULL,0.00,NULL,1,1,1,0.00,0.00,1,1,0.00,0.00,1,1,1,NULL,NULL,1,NULL,NULL,1,'2020-04-07 09:05:36','2023-02-08 12:28:51','2023-02-08 12:28:51'),(4679,5563,49,'Porcentaje ART',5080,50800,NULL,6,NULL,1,1,1,1,0,0,0,0,NULL,NULL,1,NULL,NULL,0,1,1,0.00,NULL,NULL,1,1,1,NULL,NULL,1,NULL,0.00,1,0.00,NULL,NULL,NULL,NULL,1,1,1,NULL,NULL,1,NULL,0.00,2,0.00,NULL,0.00,NULL,1,1,1,0.00,0.00,1,1,0.00,0.00,1,1,1,NULL,NULL,1,NULL,NULL,1,'2020-04-07 09:05:36','2023-02-08 12:28:51','2023-02-08 12:28:51'),(4680,5563,49,'Obra Social s/ No Rem',5100,51000,NULL,6,NULL,1,1,1,1,0,0,0,0,NULL,NULL,1,NULL,NULL,0,1,1,0.00,NULL,NULL,1,1,1,NULL,NULL,1,NULL,0.00,1,0.00,NULL,NULL,NULL,NULL,1,1,1,NULL,NULL,1,NULL,0.00,2,0.00,NULL,0.00,NULL,1,1,1,0.00,0.00,1,1,0.00,0.00,1,1,1,NULL,NULL,1,NULL,NULL,1,'2020-04-07 09:05:36','2023-02-08 12:28:51','2023-02-08 12:28:51'),(4681,5563,49,'Inasistencias Por Enfermedad',1010,10100,NULL,2,NULL,1,1,1,1,0,1,1,0,NULL,NULL,1,NULL,NULL,0,1,3,0.00,NULL,NULL,1,1,1,NULL,NULL,1,NULL,0.00,2,0.00,NULL,NULL,17,NULL,1,1,1,NULL,NULL,1,NULL,0.00,6,0.00,NULL,0.00,2,1,1,1,0.00,0.00,1,1,0.00,0.00,1,1,1,NULL,NULL,1,NULL,NULL,1,'2020-04-07 09:05:36','2023-02-08 12:28:51','2023-02-08 12:28:51'),(4682,5563,49,'Inasistencias por Accidente de Trabajo',1020,10200,NULL,2,NULL,1,1,1,1,0,1,1,0,NULL,NULL,1,NULL,NULL,0,1,3,0.00,NULL,NULL,1,1,1,NULL,NULL,1,NULL,0.00,2,0.00,NULL,NULL,17,NULL,1,1,1,NULL,NULL,1,NULL,0.00,6,0.00,NULL,0.00,2,1,1,1,0.00,0.00,1,1,0.00,0.00,1,1,1,NULL,NULL,1,NULL,NULL,1,'2020-04-07 09:05:36','2023-02-08 12:28:51','2023-02-08 12:28:51');
INSERT INTO `syj_conceptos` VALUES (4683,5563,49,'Días Trabajados',1040,10400,NULL,2,NULL,1,1,1,1,0,1,1,0,NULL,NULL,1,NULL,NULL,0,1,2,0.00,34,NULL,2,2,3,NULL,NULL,1,NULL,0.00,2,0.00,NULL,NULL,17,NULL,1,1,1,NULL,NULL,1,NULL,0.00,1,0.00,8,0.00,NULL,1,1,1,0.00,0.00,1,1,0.00,0.00,1,1,1,NULL,NULL,1,NULL,NULL,1,'2020-04-07 09:05:36','2023-02-08 12:28:51','2023-02-08 12:28:51'),(4684,5563,49,'Día del Gremio',1110,11100,8,2,NULL,1,1,1,1,0,1,1,0,NULL,NULL,1,NULL,NULL,0,1,1,0.00,NULL,NULL,1,1,1,NULL,NULL,1,NULL,0.00,2,0.00,NULL,NULL,18,NULL,1,1,1,NULL,NULL,1,NULL,0.00,6,0.00,NULL,0.00,2,1,1,1,0.00,0.00,1,1,0.00,0.00,1,1,1,NULL,NULL,1,NULL,'En mes Septiembre, cuando se liquide dicho concepto se deberá ingresar manualmente en Dias Trabajados 29 dias.',1,'2020-04-07 09:05:36','2023-02-08 12:28:51','2023-02-08 12:28:51'),(4685,5563,49,'Feriados Nacionales No Trabajados',1111,11109,NULL,2,NULL,1,1,1,1,0,1,1,0,NULL,NULL,1,NULL,NULL,0,1,3,0.00,NULL,NULL,1,1,1,NULL,NULL,1,NULL,0.00,2,0.00,NULL,NULL,18,NULL,1,1,1,NULL,NULL,1,NULL,0.00,6,0.00,NULL,0.00,2,1,1,1,0.00,0.00,1,1,0.00,0.00,1,1,1,NULL,NULL,1,NULL,'Se deberá informar por las novedades la cantidad de dias Feriados Nac. No Trabajados\r\nDicho concepto retorna como Valor, el Básico Diario.',1,'2020-04-07 09:05:36','2023-02-08 12:28:51','2023-02-08 12:28:51'),(4686,5563,49,'SAC',999,999,14,2,NULL,1,1,1,7,0,1,0,0,NULL,NULL,1,NULL,NULL,0,1,3,0.00,36,NULL,1,1,1,NULL,NULL,1,NULL,0.00,2,0.00,NULL,NULL,50,NULL,1,1,1,NULL,NULL,1,25,0.00,6,0.00,NULL,0.00,2,1,1,1,0.00,0.00,1,1,0.00,0.00,1,1,1,NULL,NULL,1,NULL,NULL,1,'2020-04-07 09:05:36','2023-02-08 12:28:51','2023-02-08 12:28:51'),(4687,5563,49,'Cuota Fija ART',5070,50700,NULL,6,NULL,1,1,1,1,0,0,0,0,NULL,NULL,1,NULL,NULL,0,1,1,0.00,NULL,NULL,1,1,1,NULL,NULL,1,NULL,0.00,1,0.00,NULL,NULL,NULL,NULL,1,1,1,NULL,NULL,1,NULL,0.00,2,0.00,NULL,0.00,NULL,1,1,1,0.00,0.00,1,1,0.00,0.00,1,1,1,NULL,NULL,1,NULL,NULL,1,'2020-04-07 09:05:36','2023-02-08 12:28:51','2023-02-08 12:28:51'),(4688,5563,49,'Antigüedad',81,81,22,2,NULL,1,1,1,7,NULL,1,1,NULL,NULL,NULL,1,NULL,NULL,0,1,2,0.00,12,NULL,1,1,1,NULL,NULL,1,NULL,0.00,5,0.00,NULL,NULL,NULL,NULL,3,1,1,2,4,1,NULL,0.00,6,0.00,NULL,0.00,3,1,1,1,0.00,0.00,1,1,0.00,0.00,1,1,1,NULL,NULL,1,NULL,NULL,1,'2020-04-07 21:09:41','2023-02-08 12:28:51','2023-02-08 12:28:51'),(4689,5563,49,'Basico Diario Vacaciones',120,1200,NULL,1,NULL,1,1,1,1,NULL,NULL,NULL,NULL,NULL,NULL,1,NULL,NULL,0,1,1,1.00,NULL,NULL,1,1,1,NULL,NULL,1,NULL,0.00,2,0.00,NULL,NULL,17,NULL,1,1,1,NULL,NULL,1,NULL,0.00,6,0.00,NULL,0.00,2,1,1,1,0.00,0.00,1,1,0.00,0.00,1,1,1,NULL,NULL,1,NULL,NULL,0,'2020-04-08 19:09:47','2023-02-08 12:28:51','2023-02-08 12:28:51'),(4690,5563,49,'Sueldo Conformado Rem',110,1100,NULL,1,NULL,1,1,1,1,NULL,NULL,NULL,NULL,NULL,NULL,1,NULL,NULL,0,1,1,1.00,NULL,NULL,1,1,1,NULL,NULL,1,NULL,0.00,5,0.00,NULL,NULL,NULL,NULL,3,1,1,2,4,1,NULL,0.00,6,0.00,NULL,0.00,2,1,1,1,0.00,0.00,1,1,0.00,0.00,1,1,1,NULL,NULL,1,NULL,'Sumatoria de los conceptos de Control 80+90+100',0,'2020-04-08 19:21:05','2023-02-08 12:28:51','2023-02-08 12:28:51'),(4691,5563,49,'Adic. Asistencia Art. 52',66,66,27,2,NULL,1,1,1,1,1,1,1,NULL,NULL,NULL,1,NULL,NULL,0,1,3,20.00,NULL,NULL,1,1,1,NULL,NULL,1,NULL,0.00,5,0.00,NULL,NULL,NULL,NULL,3,1,1,2,4,1,NULL,0.00,6,0.00,NULL,0.00,3,1,1,1,0.00,0.00,1,1,0.00,0.00,1,1,1,NULL,NULL,1,NULL,NULL,1,'2020-04-08 19:22:54','2023-02-08 12:28:51','2023-02-08 12:28:51'),(4692,5563,49,'Antiguedad',1050,11113,22,2,NULL,1,1,1,1,1,1,1,NULL,NULL,NULL,1,NULL,NULL,0,1,2,0.00,12,NULL,1,1,1,NULL,NULL,1,NULL,0.00,5,0.00,NULL,NULL,NULL,NULL,3,2,2,2,4,1,NULL,0.00,6,0.00,NULL,0.00,3,1,1,1,0.00,0.00,1,1,0.00,0.00,1,1,1,NULL,NULL,1,NULL,NULL,1,'2020-04-16 16:57:29','2023-02-08 12:28:51','2023-02-08 12:28:51');
INSERT INTO `syj_conceptos` VALUES (4693,5563,49,'Horas Extras comunes',1075,11120,NULL,2,NULL,1,1,1,1,NULL,NULL,NULL,NULL,NULL,NULL,1,NULL,NULL,0,1,3,0.00,NULL,NULL,1,1,1,NULL,NULL,1,NULL,0.00,2,0.00,NULL,NULL,31,NULL,3,1,1,2,4,1,1,0.00,6,0.00,NULL,0.00,2,1,1,1,0.00,0.00,1,1,0.00,0.00,1,1,1,NULL,NULL,1,NULL,NULL,1,'2020-04-17 14:52:46','2023-02-08 12:28:51','2023-02-08 12:28:51'),(4694,5563,49,'Sueldo Conformado No Rem',170,1700,NULL,1,NULL,1,1,1,1,NULL,NULL,NULL,NULL,NULL,NULL,1,NULL,NULL,0,1,1,1.00,NULL,NULL,1,1,1,NULL,NULL,1,NULL,0.00,5,0.00,NULL,NULL,NULL,NULL,3,1,1,2,4,1,NULL,0.00,6,0.00,NULL,0.00,2,1,1,1,0.00,0.00,1,1,0.00,0.00,1,1,1,NULL,NULL,1,NULL,NULL,0,'2020-04-19 13:08:56','2023-02-08 12:28:51','2023-02-08 12:28:51'),(4695,5563,49,'SAC Indemnización Integración Mes de Despido',2015,20150,NULL,3,NULL,1,1,1,1,NULL,NULL,NULL,NULL,NULL,NULL,1,NULL,NULL,0,1,3,0.00,NULL,NULL,1,1,1,NULL,NULL,1,NULL,0.00,5,1.00,NULL,NULL,NULL,NULL,3,1,1,2,4,1,3,0.00,6,0.00,NULL,0.00,2,1,1,1,0.00,0.00,1,1,0.00,0.00,1,1,1,NULL,NULL,1,NULL,NULL,1,'2020-04-24 20:49:56','2023-02-08 12:28:51','2023-02-08 12:28:51'),(4696,5563,49,'Indemnizacion por Antigüedad',2130,21300,NULL,3,NULL,1,1,1,1,NULL,NULL,NULL,NULL,NULL,NULL,1,NULL,NULL,0,1,2,0.00,14,NULL,1,1,1,NULL,NULL,1,NULL,0.00,2,0.00,NULL,NULL,39,NULL,1,1,1,NULL,NULL,1,28,0.00,6,0.00,NULL,0.00,2,1,1,1,0.00,0.00,1,1,0.00,0.00,1,1,1,NULL,NULL,1,NULL,NULL,0,'2020-04-24 23:24:27','2023-02-08 12:28:51','2023-02-08 12:28:51'),(4697,5563,49,'Presentismo No Rem',180,1800,NULL,1,NULL,1,1,1,1,NULL,NULL,NULL,NULL,NULL,NULL,1,NULL,NULL,0,1,1,8.33,NULL,NULL,1,1,1,NULL,NULL,1,NULL,0.00,5,0.00,NULL,NULL,NULL,NULL,3,1,1,2,4,1,NULL,0.00,6,0.00,NULL,0.00,3,1,1,1,0.00,0.00,1,1,0.00,0.00,1,1,1,NULL,NULL,1,NULL,NULL,0,'2020-05-06 18:50:49','2023-02-08 12:28:51','2023-02-08 12:28:51'),(4698,5563,49,'VIATICOS',2000,1700,63,3,NULL,2,1,1,1,NULL,NULL,NULL,NULL,NULL,NULL,1,NULL,NULL,0,0,3,0.00,NULL,NULL,1,1,1,NULL,NULL,1,NULL,0.00,3,0.00,NULL,NULL,NULL,NULL,1,1,1,NULL,NULL,1,NULL,0.00,6,0.00,NULL,0.00,2,1,1,1,0.00,0.00,1,1,0.00,0.00,1,1,1,NULL,NULL,1,NULL,NULL,0,'2020-05-06 22:26:24','2023-02-08 12:28:51','2023-02-08 12:28:51'),(4699,5563,49,'UOCRA Sindicato',3052,3052,69,5,NULL,1,1,1,5,NULL,NULL,NULL,NULL,NULL,NULL,1,NULL,NULL,0,0,1,2.50,NULL,NULL,1,1,1,NULL,NULL,1,1,0.00,5,0.00,NULL,NULL,NULL,NULL,2,2,2,2,4,1,NULL,0.00,6,0.00,NULL,0.00,3,1,1,1,0.00,0.00,1,1,0.00,0.00,1,1,1,NULL,NULL,1,NULL,NULL,1,'2020-05-12 20:20:52','2023-02-08 12:28:51','2023-02-08 12:28:51'),(4700,5563,49,'Horas Normales',1,1,1,2,NULL,1,1,1,7,1,1,1,1,NULL,NULL,1,NULL,NULL,0,1,3,0.00,37,NULL,2,2,3,NULL,NULL,1,1,0.00,2,0.00,NULL,NULL,15,NULL,1,1,1,NULL,NULL,1,NULL,0.00,6,0.00,1,0.00,2,1,1,1,0.00,0.00,1,1,0.00,0.00,1,1,1,NULL,NULL,1,NULL,NULL,1,'2020-04-07 09:05:36','2023-02-08 12:28:51','2023-02-08 12:28:51'),(4701,5563,49,'REFRIGERIO',2000,1700,NULL,3,NULL,1,1,1,1,NULL,NULL,NULL,NULL,NULL,NULL,1,NULL,NULL,1,0,3,0.00,NULL,NULL,1,1,1,NULL,NULL,1,NULL,0.00,3,103.55,NULL,NULL,NULL,NULL,1,1,1,NULL,NULL,1,NULL,0.00,6,0.00,NULL,0.00,2,1,1,1,0.00,0.00,1,1,0.00,0.00,1,1,1,NULL,NULL,1,NULL,NULL,0,'2020-05-06 22:26:24','2023-02-08 12:28:51','2023-02-08 12:28:51'),(4702,5563,49,'Plus Feriado',1115,11150,NULL,2,NULL,1,1,1,1,NULL,NULL,NULL,NULL,NULL,NULL,1,NULL,NULL,0,1,3,0.00,NULL,NULL,1,1,1,NULL,NULL,1,NULL,0.00,2,0.00,NULL,NULL,48,NULL,1,1,1,NULL,NULL,1,NULL,0.00,6,0.00,NULL,0.00,2,1,1,1,0.00,0.00,1,1,0.00,0.00,1,1,1,NULL,NULL,1,NULL,NULL,1,'2021-08-29 01:50:50','2023-02-08 12:28:51','2023-02-08 12:28:51'),(4703,5563,49,'Horas Enfermedad',16,16,1,2,NULL,1,1,1,1,1,1,1,1,NULL,NULL,1,NULL,NULL,0,1,3,0.00,42,NULL,2,2,3,NULL,NULL,1,1,0.00,2,0.00,NULL,NULL,15,NULL,1,1,1,NULL,NULL,1,NULL,0.00,6,0.00,1,0.00,2,1,1,1,0.00,0.00,1,1,0.00,0.00,1,1,1,NULL,NULL,1,NULL,NULL,1,'2020-04-07 12:05:36','2023-02-08 12:28:51','2023-02-08 12:28:51');
INSERT INTO `syj_conceptos` VALUES (4704,5563,49,'Obra Social 3%',5040,50400,NULL,6,NULL,1,1,1,1,0,0,0,0,NULL,NULL,1,NULL,NULL,0,1,1,0.00,NULL,NULL,1,1,1,NULL,NULL,1,NULL,0.00,1,0.00,NULL,NULL,NULL,NULL,1,1,1,NULL,NULL,1,NULL,0.00,2,0.00,NULL,0.00,NULL,1,1,1,0.00,0.00,1,1,0.00,0.00,1,1,1,NULL,NULL,1,NULL,NULL,1,'2020-04-07 12:05:36','2023-02-08 12:28:51','2023-02-08 12:28:51'),(4705,5563,49,'Horas Feriado no trabajado',23,23,8,2,NULL,1,1,1,1,1,1,1,0,NULL,NULL,1,NULL,NULL,0,1,3,0.00,42,NULL,2,2,3,NULL,NULL,1,1,0.00,2,0.00,NULL,NULL,15,NULL,1,1,1,NULL,NULL,1,NULL,0.00,6,0.00,1,0.00,2,1,1,1,0.00,0.00,1,1,0.00,0.00,1,1,1,NULL,NULL,1,NULL,NULL,1,'2020-04-07 15:05:36','2023-02-08 12:28:51','2023-02-08 12:28:51'),(4706,5563,49,'Descuento Hs ausencias sin justificación',8,8,1,2,NULL,1,1,1,7,0,1,1,0,NULL,NULL,1,NULL,NULL,0,1,3,0.00,37,NULL,2,2,3,NULL,NULL,1,1,0.00,2,0.00,NULL,NULL,15,NULL,1,1,1,NULL,NULL,1,29,0.00,6,0.00,1,0.00,2,1,1,1,0.00,0.00,1,1,0.00,0.00,1,1,1,NULL,NULL,1,NULL,NULL,1,'2020-04-07 12:05:36','2023-02-08 12:28:51','2023-02-08 12:28:51'),(4707,5563,49,'Hs. Lic. Vacaciones',19,19,20,2,NULL,1,1,1,7,1,1,1,1,NULL,NULL,1,NULL,NULL,0,1,3,0.00,37,NULL,2,2,3,NULL,NULL,1,1,0.00,2,0.00,NULL,NULL,15,NULL,1,1,1,NULL,NULL,1,NULL,0.00,6,0.00,1,0.00,2,1,1,1,0.00,0.00,1,1,0.00,0.00,1,1,1,NULL,NULL,1,NULL,NULL,1,'2020-04-07 12:05:36','2023-02-08 12:28:51','2023-02-08 12:28:51'),(4708,5563,49,'Hs. Suspensión',12,12,1,2,NULL,1,1,1,1,1,1,1,1,NULL,NULL,1,NULL,NULL,0,1,3,0.00,37,NULL,2,2,3,NULL,NULL,1,1,0.00,2,0.00,NULL,NULL,15,NULL,1,1,1,NULL,NULL,1,29,0.00,6,0.00,1,0.00,2,1,1,1,0.00,0.00,1,1,0.00,0.00,1,1,1,NULL,NULL,1,NULL,NULL,1,'2020-04-07 15:05:36','2023-02-08 12:28:51','2023-02-08 12:28:51'),(4709,5563,49,'Desc. Hs llegada tarde',14,14,1,2,NULL,1,1,1,1,1,1,1,1,NULL,NULL,1,NULL,NULL,0,1,3,0.00,37,NULL,2,2,3,NULL,NULL,1,1,0.00,2,0.00,NULL,NULL,15,NULL,1,1,1,NULL,NULL,1,29,0.00,6,0.00,1,0.00,2,1,1,1,0.00,0.00,1,1,0.00,0.00,1,1,1,NULL,NULL,1,NULL,NULL,1,'2020-04-07 18:05:36','2023-02-08 12:28:51','2023-02-08 12:28:51'),(4710,5563,49,'Desc. Lic. s/goce de sueldo',18,18,1,2,NULL,1,1,1,1,1,1,1,1,NULL,NULL,1,NULL,NULL,0,1,3,0.00,37,NULL,2,2,3,NULL,NULL,1,1,0.00,2,0.00,NULL,NULL,15,NULL,1,1,1,NULL,NULL,1,29,0.00,6,0.00,1,0.00,2,1,1,1,0.00,0.00,1,1,0.00,0.00,1,1,1,NULL,NULL,1,NULL,NULL,1,'2020-04-07 15:05:36','2023-02-08 12:28:51','2023-02-08 12:28:51'),(4711,5563,49,'Desc. Hs Lic. Vacaciones',20,20,1,2,NULL,1,1,1,1,1,1,1,1,NULL,NULL,1,NULL,NULL,0,1,3,0.00,37,NULL,2,2,3,NULL,NULL,1,1,0.00,2,0.00,NULL,NULL,15,NULL,1,1,1,NULL,NULL,1,29,0.00,6,0.00,1,0.00,2,1,1,1,0.00,0.00,1,1,0.00,0.00,1,1,1,NULL,NULL,1,NULL,NULL,1,'2020-04-07 15:05:36','2023-02-08 12:28:51','2023-02-08 12:28:51'),(4712,5563,49,'Lic. c/ goce de sueldo',21,21,1,2,NULL,1,1,1,1,1,1,1,1,NULL,NULL,1,NULL,NULL,0,1,3,0.00,42,NULL,2,2,3,NULL,NULL,1,1,0.00,2,0.00,NULL,NULL,15,NULL,1,1,1,NULL,NULL,1,NULL,0.00,6,0.00,1,0.00,2,1,1,1,0.00,0.00,1,1,0.00,0.00,1,1,1,NULL,NULL,1,NULL,NULL,1,'2020-04-07 15:05:36','2023-02-08 12:28:51','2023-02-08 12:28:51'),(4713,5563,49,'ILT 1ros 10 dias (empl)',69,69,9,2,NULL,1,1,1,7,1,1,1,1,NULL,NULL,1,NULL,NULL,0,1,3,0.00,37,NULL,2,2,3,NULL,NULL,1,1,0.00,2,0.00,NULL,NULL,15,NULL,3,1,1,2,4,1,31,1.20,6,0.00,1,0.00,2,1,1,1,0.00,0.00,1,1,0.00,0.00,1,1,1,NULL,NULL,1,NULL,NULL,1,'2020-04-07 12:05:36','2023-02-08 12:28:51','2023-02-08 12:28:51'),(4714,5563,49,'ILT 11 y siguientes (ART)',70,70,10,2,NULL,1,1,1,7,1,1,1,1,NULL,NULL,1,NULL,NULL,0,1,3,0.00,37,NULL,2,2,3,NULL,NULL,1,1,0.00,2,0.00,NULL,NULL,15,NULL,3,1,1,2,4,1,31,1.20,6,0.00,1,0.00,2,1,1,1,0.00,0.00,1,1,0.00,0.00,1,1,1,NULL,NULL,1,NULL,NULL,1,'2020-04-07 15:05:36','2023-02-08 12:28:51','2023-02-08 12:28:51'),(4715,5563,49,'Seguro de Vida Art. 108',3080,3080,70,5,NULL,1,1,1,2,NULL,1,NULL,NULL,NULL,NULL,1,NULL,NULL,0,1,3,1.00,NULL,NULL,1,1,1,NULL,NULL,1,1,0.00,3,2059.48,NULL,NULL,NULL,NULL,2,2,2,2,4,1,NULL,0.00,6,0.00,NULL,0.00,2,1,1,1,0.00,0.00,1,1,0.00,0.00,1,1,1,NULL,NULL,1,NULL,NULL,1,'2020-05-12 23:20:52','2023-02-08 12:28:51','2023-02-08 12:28:51');
INSERT INTO `syj_conceptos` VALUES (4716,5563,49,'SAC sistema',11200,11200,NULL,2,NULL,1,1,1,1,0,1,1,0,NULL,NULL,1,NULL,NULL,0,1,2,0.00,36,NULL,1,1,1,NULL,NULL,1,NULL,0.00,2,0.00,NULL,NULL,38,NULL,1,1,1,NULL,NULL,1,2,0.00,6,0.00,NULL,0.00,2,1,1,1,0.00,0.00,1,1,0.00,0.00,1,1,1,NULL,NULL,1,NULL,NULL,0,'2020-04-07 12:05:36','2023-02-08 12:28:51','2023-02-08 12:28:51'),(4717,5563,49,'Horas Feriados Nacionales Trabajados',5,5,17,2,NULL,1,1,1,7,1,1,1,0,NULL,NULL,1,NULL,NULL,0,1,3,0.00,NULL,NULL,1,1,1,NULL,NULL,1,NULL,0.00,2,0.00,NULL,NULL,29,NULL,3,1,1,2,4,1,1,0.00,6,0.00,NULL,0.00,2,1,1,1,0.00,0.00,1,1,0.00,0.00,1,1,1,NULL,NULL,1,NULL,NULL,1,'2020-04-07 12:05:36','2023-02-08 12:28:51','2023-02-08 12:28:51'),(4718,5563,49,'Detraccion Ley 27430',95,950,NULL,1,NULL,1,1,1,1,NULL,NULL,NULL,NULL,NULL,NULL,1,NULL,NULL,0,1,1,1.00,NULL,NULL,1,1,1,NULL,NULL,1,NULL,0.00,1,3501.84,NULL,NULL,NULL,NULL,1,1,1,NULL,NULL,1,22,0.00,6,0.00,NULL,0.00,2,1,1,1,0.00,0.00,1,1,0.00,0.00,1,1,1,NULL,NULL,1,NULL,NULL,1,'2022-02-10 23:35:42','2023-02-08 12:28:51','2023-02-08 12:28:51'),(4719,5563,49,'Desc. Hs. Reserva Puesto s/goce de haberes',17,17,1,2,NULL,1,1,1,1,1,1,1,1,NULL,NULL,1,NULL,NULL,0,1,3,0.00,37,NULL,2,2,3,NULL,NULL,1,1,0.00,3,0.00,NULL,NULL,15,NULL,1,1,1,NULL,NULL,1,29,0.00,6,0.00,1,0.00,2,1,1,1,0.00,0.00,1,1,0.00,0.00,1,1,1,NULL,NULL,1,NULL,NULL,1,'2020-04-07 18:05:36','2023-02-08 12:28:51','2023-02-08 12:28:51'),(4720,5563,49,'Fondo de Cese Laboral',1900,1900,63,3,NULL,1,1,1,1,NULL,NULL,NULL,NULL,NULL,NULL,1,NULL,NULL,0,1,3,1.00,NULL,NULL,1,1,1,NULL,NULL,1,NULL,0.00,3,0.00,NULL,NULL,NULL,NULL,1,1,1,NULL,NULL,1,NULL,0.00,6,0.00,1,0.00,2,1,1,1,0.00,0.00,1,1,0.00,0.00,1,1,1,NULL,NULL,1,NULL,NULL,1,'2022-02-18 21:53:29','2023-02-08 12:28:51','2023-02-08 12:28:51'),(4721,5563,49,'Vacaciones No Gozadas',2100,20000,NULL,3,NULL,1,1,1,1,0,1,0,0,NULL,NULL,1,NULL,NULL,0,1,1,0.00,NULL,NULL,1,1,1,NULL,NULL,1,8,0.00,5,0.00,NULL,NULL,NULL,NULL,3,1,1,2,4,1,6,0.00,6,0.00,NULL,0.00,2,1,1,1,0.00,0.00,1,1,0.00,0.00,1,1,1,NULL,NULL,1,NULL,'En caso de Liquidar Final sin contar con Liquidaciones de meses anteriores, se deberá cambiar la configuración de la solapa valor unitario por Orgien del Valor: A INGRESAR.',1,'2020-04-07 12:05:36','2023-02-08 12:28:51','2023-02-08 12:28:51'),(4722,5563,49,'Hs. licencia por Maternidad',50,50,37,3,NULL,1,1,1,7,1,1,1,1,NULL,NULL,1,NULL,NULL,0,1,3,0.00,37,NULL,2,2,3,NULL,NULL,1,1,0.00,3,0.00,NULL,NULL,15,NULL,1,1,1,NULL,NULL,1,NULL,0.00,6,0.00,1,0.00,2,1,1,1,0.00,0.00,1,1,0.00,0.00,1,1,1,NULL,NULL,1,NULL,NULL,1,'2020-04-07 12:05:36','2023-02-08 12:28:51','2023-02-08 12:28:51'),(4723,5563,49,'Retroactivo aumento 01-2022',71,71,1,2,NULL,1,1,1,7,0,1,0,0,NULL,NULL,1,NULL,NULL,0,1,3,0.00,36,NULL,1,1,1,NULL,NULL,1,NULL,0.00,3,0.00,NULL,NULL,38,NULL,1,1,1,NULL,NULL,1,1,0.00,6,0.00,NULL,0.00,2,1,1,1,0.00,0.00,1,1,0.00,0.00,1,1,1,NULL,NULL,1,NULL,NULL,1,'2020-04-07 12:05:36','2023-02-08 12:28:51','2023-02-08 12:28:51'),(4724,5563,49,'Horas Licencia por Nacimiento Art.20',22,2200,1,2,NULL,1,1,1,7,1,1,1,1,NULL,NULL,1,NULL,NULL,0,1,3,0.00,37,NULL,2,2,3,NULL,NULL,1,1,0.00,3,0.00,NULL,NULL,15,NULL,1,1,1,NULL,NULL,1,NULL,0.00,6,0.00,1,0.00,2,1,1,1,0.00,0.00,1,1,0.00,0.00,1,1,1,NULL,NULL,1,NULL,NULL,1,'2020-04-07 12:05:36','2023-02-08 12:28:51','2023-02-08 12:28:51'),(4725,5563,49,'Devolución de adelantos de sueldo',2101,2101,63,3,NULL,1,1,1,1,NULL,NULL,NULL,NULL,NULL,NULL,1,NULL,NULL,0,1,3,1.00,NULL,NULL,1,1,1,NULL,NULL,1,12,-1.00,3,0.00,NULL,NULL,NULL,NULL,1,1,1,NULL,NULL,1,NULL,0.00,6,0.00,NULL,0.00,2,1,1,1,0.00,0.00,1,1,0.00,0.00,1,1,1,NULL,NULL,1,NULL,NULL,1,'2020-05-07 01:26:24','2023-02-08 12:28:51','2023-02-08 12:28:51'),(4726,5563,49,'Adelanto de sueldo',2100,2000,63,3,NULL,1,1,1,1,NULL,NULL,NULL,NULL,NULL,NULL,1,NULL,NULL,0,1,3,1.00,NULL,NULL,1,1,1,NULL,NULL,1,1,0.00,3,0.00,NULL,NULL,NULL,NULL,1,1,1,NULL,NULL,1,NULL,0.00,6,0.00,NULL,0.00,2,1,1,1,0.00,0.00,1,1,0.00,0.00,1,1,1,NULL,NULL,1,NULL,NULL,1,'2020-05-07 04:26:24','2023-02-08 12:28:51','2023-02-08 12:28:51');
INSERT INTO `syj_conceptos` VALUES (4727,5563,49,'Horas Día del Gremio',24,2400,8,2,NULL,1,1,1,1,1,1,1,0,NULL,NULL,1,NULL,NULL,0,1,3,0.00,42,NULL,2,2,3,NULL,NULL,1,1,0.00,2,0.00,NULL,NULL,15,NULL,1,1,1,NULL,NULL,1,NULL,0.00,6,0.00,1,0.00,2,1,1,1,0.00,0.00,1,1,0.00,0.00,1,1,1,NULL,NULL,1,NULL,NULL,1,'2020-04-07 18:05:36','2023-02-08 12:28:51','2023-02-08 12:28:51'),(4728,5563,49,'SAC',998,1000,14,2,NULL,1,1,1,7,0,1,0,0,NULL,NULL,1,NULL,NULL,0,1,3,0.00,36,NULL,1,1,1,NULL,NULL,1,NULL,0.00,3,0.00,NULL,NULL,50,NULL,1,1,1,NULL,NULL,1,1,0.00,6,0.00,NULL,0.00,2,1,1,1,0.00,0.00,1,1,0.00,0.00,1,1,1,NULL,NULL,1,NULL,NULL,0,'2020-04-07 12:05:36','2023-02-08 12:28:51','2023-02-08 12:28:51'),(4729,5563,48,'Vacaciones No Gozadas',2102,20000,54,3,NULL,1,1,1,1,0,1,0,0,NULL,NULL,1,NULL,NULL,0,1,3,0.00,NULL,NULL,1,1,1,NULL,NULL,1,8,0.00,7,0.00,330,1,NULL,NULL,3,1,1,2,4,1,6,0.00,6,0.00,NULL,0.00,2,1,1,1,0.00,0.00,1,1,0.00,0.00,1,1,1,NULL,NULL,1,NULL,'En caso de Liquidar Final sin contar con Liquidaciones de meses anteriores, se deberá cambiar la configuración de la solapa valor unitario por Orgien del Valor: A INGRESAR.',1,'2020-04-07 15:05:36','2023-01-27 11:03:52',NULL),(4730,5563,48,'2° Sueldo Anual Complementario',1017,1017,13,2,NULL,1,1,1,7,0,1,0,0,NULL,NULL,1,NULL,NULL,0,1,3,0.00,36,NULL,1,1,1,NULL,NULL,1,NULL,0.00,2,0.00,NULL,NULL,38,NULL,1,1,1,NULL,NULL,1,25,0.00,6,0.00,NULL,0.00,2,1,1,1,0.00,0.00,1,1,0.00,0.00,1,1,1,NULL,NULL,1,NULL,NULL,1,'2020-04-07 15:05:36','2023-02-08 11:58:51',NULL),(4731,5563,48,'1° Sueldo Anual Complementario',1015,1015,12,2,NULL,1,1,1,7,0,1,0,0,NULL,NULL,1,NULL,NULL,0,1,3,0.00,36,NULL,1,1,1,NULL,NULL,1,NULL,0.00,2,0.00,NULL,NULL,38,NULL,1,1,1,NULL,NULL,1,25,0.00,6,0.00,NULL,0.00,2,1,1,1,0.00,0.00,1,1,0.00,0.00,1,1,1,NULL,NULL,1,NULL,NULL,1,'2020-04-07 18:05:36','2023-02-08 12:00:13',NULL),(4732,5563,46,'2 Sueldo Anual Complementario',1017,1017,13,2,NULL,1,1,1,7,0,1,0,0,NULL,NULL,1,NULL,NULL,0,1,3,0.00,36,NULL,1,1,1,NULL,NULL,1,NULL,0.00,2,0.00,NULL,NULL,38,NULL,1,1,1,NULL,NULL,1,25,0.00,6,0.00,NULL,0.00,2,1,1,1,0.00,0.00,1,1,0.00,0.00,1,1,1,NULL,NULL,1,NULL,NULL,1,'2020-04-07 12:05:36','2023-02-08 12:55:43',NULL),(4733,5563,46,'1 Sueldo Anual Complementario',1015,1015,12,2,NULL,1,1,1,7,0,1,0,0,NULL,NULL,1,NULL,NULL,0,1,3,0.00,36,NULL,1,1,1,NULL,NULL,1,NULL,0.00,2,0.00,NULL,NULL,38,NULL,1,1,1,NULL,NULL,1,25,0.00,6,0.00,NULL,0.00,2,1,1,1,0.00,0.00,1,1,0.00,0.00,1,1,1,NULL,NULL,1,NULL,NULL,1,'2020-04-07 15:05:36','2023-07-05 17:14:47',NULL),(4734,5563,40,'SAC proporcional',998,998,14,2,NULL,1,1,1,7,0,1,0,0,NULL,NULL,1,NULL,NULL,0,1,3,0.00,36,NULL,1,1,1,NULL,NULL,1,NULL,0.00,3,0.00,NULL,NULL,38,NULL,1,1,1,NULL,NULL,1,1,0.00,6,0.00,NULL,0.00,2,1,1,1,0.00,0.00,1,1,0.00,0.00,1,1,1,NULL,NULL,1,NULL,NULL,1,'2020-04-07 09:05:36','2023-04-13 16:13:22',NULL),(4735,5563,44,'Dev. Viaticos',19001,1900,63,3,NULL,1,1,1,1,NULL,NULL,NULL,NULL,NULL,NULL,1,NULL,NULL,0,1,3,1.00,NULL,NULL,1,1,1,NULL,NULL,1,1,0.00,3,0.00,NULL,NULL,NULL,NULL,1,1,1,NULL,NULL,1,NULL,0.00,6,0.00,NULL,0.00,2,1,1,1,0.00,0.00,1,1,0.00,0.00,1,1,1,NULL,NULL,1,NULL,NULL,1,'2020-05-07 07:26:24','2023-05-19 21:58:55',NULL),(4736,5563,46,'Vacaciones No Gozadas',2101,20000,54,3,NULL,1,1,1,1,0,1,0,0,NULL,NULL,1,NULL,NULL,0,1,1,0.00,NULL,NULL,1,1,1,NULL,NULL,1,8,0.00,5,0.00,NULL,NULL,NULL,NULL,3,1,1,2,4,1,6,0.00,6,0.00,NULL,0.00,2,1,1,1,0.00,0.00,1,1,0.00,0.00,1,1,1,NULL,NULL,1,NULL,'En caso de Liquidar Final sin contar con Liquidaciones de meses anteriores, se deberá cambiar la configuración de la solapa valor unitario por Orgien del Valor: A INGRESAR.',1,'2020-04-07 12:05:36','2022-09-17 04:51:25',NULL),(4737,5563,42,'Premio Productividad',2302,23002,28,2,NULL,1,1,1,1,1,1,0,0,NULL,NULL,1,NULL,NULL,0,1,3,1.00,NULL,NULL,1,1,1,NULL,NULL,1,NULL,0.00,3,0.00,NULL,NULL,NULL,NULL,1,1,1,NULL,NULL,1,NULL,0.00,6,0.00,NULL,0.00,2,1,1,1,0.00,0.00,1,1,0.00,0.00,1,1,1,NULL,NULL,1,NULL,NULL,1,'2020-04-07 09:05:35','2023-09-06 09:34:43',NULL);
INSERT INTO `syj_conceptos` VALUES (4738,5563,42,'Asig. No Remunerativa Dcto. 438/23',12401,12401,NULL,3,NULL,1,1,1,1,0,1,1,0,NULL,NULL,1,NULL,NULL,0,1,3,1.00,NULL,NULL,1,1,1,NULL,NULL,1,NULL,0.00,3,0.00,NULL,NULL,NULL,NULL,1,1,1,NULL,NULL,1,NULL,0.00,6,0.00,NULL,0.00,2,1,1,1,0.00,0.00,1,1,0.00,0.00,1,1,1,NULL,NULL,1,NULL,'Valido hasta...',1,'2020-04-07 09:05:35','2023-10-12 14:17:41',NULL),(4739,5563,45,'Asig. No Remunerativa Dcto. 438/23',12401,12401,NULL,2,NULL,1,1,1,1,0,1,1,0,NULL,NULL,1,NULL,NULL,0,1,3,1.00,NULL,NULL,1,1,1,NULL,NULL,1,NULL,0.00,3,0.00,NULL,NULL,NULL,NULL,1,1,1,NULL,NULL,1,NULL,0.00,6,0.00,NULL,0.00,2,1,1,1,0.00,0.00,1,1,0.00,0.00,1,1,1,NULL,NULL,1,NULL,'Valido hasta...',1,'2020-04-07 15:05:35','2023-09-19 16:48:39',NULL),(4740,5563,46,'Asig. No Remunerativa Dcto. 438/23',12401,12401,NULL,3,NULL,1,1,1,1,NULL,NULL,NULL,NULL,NULL,NULL,1,NULL,NULL,0,1,3,0.00,NULL,NULL,1,1,1,NULL,NULL,1,1,0.00,3,0.00,NULL,NULL,NULL,NULL,1,1,1,NULL,NULL,1,1,0.00,6,0.00,1,0.00,2,1,1,1,0.00,0.00,1,1,0.00,0.00,1,1,1,NULL,NULL,1,NULL,NULL,1,'2023-01-17 16:21:08','2023-10-06 10:10:15',NULL),(4741,5563,43,'Asig. No Remunerativa Dcto. 438/23',12401,12401,NULL,3,NULL,1,1,1,1,0,1,0,0,NULL,NULL,1,NULL,NULL,0,1,3,0.00,NULL,NULL,1,1,1,NULL,NULL,1,NULL,0.00,3,0.00,NULL,NULL,NULL,NULL,1,1,1,NULL,NULL,1,NULL,0.00,6,0.00,NULL,0.00,2,1,1,1,0.00,0.00,1,1,0.00,0.00,1,1,1,NULL,NULL,1,NULL,NULL,1,'2020-04-07 12:05:36','2023-09-19 17:14:39',NULL),(4742,5563,7,'Asig. No Remunerativa Dcto. 438/23',12401,12401,NULL,3,NULL,1,1,1,1,NULL,NULL,NULL,NULL,NULL,NULL,1,NULL,NULL,0,1,3,0.00,NULL,NULL,1,1,1,NULL,NULL,1,NULL,0.00,3,0.00,NULL,NULL,NULL,NULL,1,1,1,NULL,NULL,1,NULL,0.00,6,0.00,NULL,0.00,2,1,1,1,0.00,0.00,1,1,0.00,0.00,1,1,1,NULL,NULL,1,NULL,NULL,1,'2020-05-06 19:26:24','2023-09-19 18:39:29',NULL),(4743,5563,46,'Viáticos y movilidad',3900,3900,63,3,NULL,1,1,1,1,NULL,0,NULL,NULL,NULL,NULL,1,NULL,NULL,0,0,3,0.00,NULL,NULL,1,1,1,NULL,NULL,1,NULL,0.00,3,0.00,NULL,NULL,NULL,NULL,1,1,1,NULL,NULL,1,NULL,0.00,6,0.00,NULL,0.00,2,1,1,1,0.00,0.00,1,1,0.00,0.00,1,1,1,NULL,NULL,1,NULL,NULL,1,'2020-05-07 01:26:24','2024-08-07 07:32:05',NULL),(4744,5563,44,'CALCULO X ERROR',2002,2002,33,1,NULL,1,1,1,1,NULL,NULL,NULL,NULL,NULL,NULL,1,NULL,NULL,0,1,3,1.00,NULL,NULL,1,1,1,NULL,NULL,1,1,0.00,3,0.00,NULL,NULL,NULL,NULL,1,1,1,NULL,NULL,1,NULL,0.00,6,0.00,NULL,0.00,2,1,1,1,0.00,0.00,1,1,0.00,0.00,1,1,1,NULL,NULL,1,NULL,NULL,1,'2020-05-07 07:26:24','2024-02-18 16:48:27',NULL),(4745,5563,42,'Paritaria 02-2024 1° Quincena',771,771,1,2,NULL,1,1,1,1,0,1,0,0,NULL,NULL,1,NULL,NULL,0,1,3,0.00,36,NULL,1,1,1,NULL,NULL,1,NULL,0.00,3,0.00,NULL,NULL,38,NULL,1,1,1,NULL,NULL,1,1,0.00,6,0.00,NULL,0.00,2,1,1,1,0.00,0.00,1,1,0.00,0.00,1,1,1,NULL,NULL,1,NULL,NULL,0,'2020-04-07 12:05:36','2024-04-19 09:34:52',NULL),(4746,5563,42,'Paritaria 02-2024 2° Quincena',772,772,1,2,NULL,1,1,1,1,0,1,0,0,NULL,NULL,1,NULL,NULL,0,1,3,0.00,36,NULL,1,1,1,NULL,NULL,1,NULL,0.00,3,0.00,NULL,NULL,38,NULL,1,1,1,NULL,NULL,1,1,0.00,6,0.00,NULL,0.00,2,1,1,1,0.00,0.00,1,1,0.00,0.00,1,1,1,NULL,NULL,1,NULL,NULL,0,'2020-04-07 15:05:36','2024-04-19 09:35:16',NULL),(4747,5563,43,'Adelanto de sueldo',12402,12402,63,3,NULL,1,1,1,1,0,0,0,0,NULL,NULL,1,NULL,NULL,0,1,3,0.00,NULL,NULL,1,1,1,NULL,NULL,1,NULL,0.00,3,0.00,NULL,NULL,NULL,NULL,1,1,1,NULL,NULL,1,NULL,0.00,6,0.00,NULL,0.00,2,1,1,1,0.00,0.00,1,1,0.00,0.00,1,1,1,NULL,NULL,1,NULL,NULL,1,'2020-04-07 15:05:36','2024-04-05 10:36:49',NULL),(4748,5563,43,'Dev. de Adelanto de sueldo',12403,12403,63,3,NULL,1,1,1,1,0,1,0,0,NULL,NULL,1,NULL,NULL,0,1,3,0.00,NULL,NULL,1,1,1,NULL,NULL,1,NULL,0.00,3,0.00,NULL,NULL,NULL,NULL,1,1,1,NULL,NULL,1,29,0.00,6,0.00,NULL,0.00,2,1,1,1,0.00,0.00,1,1,0.00,0.00,1,1,1,NULL,NULL,1,NULL,NULL,1,'2020-04-07 18:05:36','2024-04-05 10:38:01',NULL);
INSERT INTO `syj_conceptos` VALUES (4749,5563,43,'Viaticos y movilidad',2001,2001,31,3,NULL,1,1,1,1,NULL,NULL,NULL,NULL,NULL,NULL,1,NULL,NULL,1,0,3,1.00,NULL,NULL,1,1,1,NULL,NULL,1,NULL,0.00,3,0.00,NULL,NULL,NULL,NULL,1,1,1,NULL,NULL,1,NULL,0.00,6,0.00,NULL,0.00,2,1,1,1,0.00,0.00,1,1,0.00,0.00,1,1,1,NULL,NULL,1,NULL,NULL,1,'2020-05-07 01:26:24','2024-04-05 10:46:41',NULL),(4750,5563,46,'Retroactivo por acuerdo 02-2024',1232,12302,1,2,NULL,1,1,1,1,1,1,1,0,NULL,NULL,1,NULL,NULL,0,1,3,1.00,NULL,NULL,1,1,1,NULL,NULL,1,NULL,0.00,3,0.00,NULL,NULL,NULL,NULL,1,1,1,NULL,NULL,1,NULL,0.00,6,0.00,NULL,0.00,2,1,1,1,0.00,0.00,1,1,0.00,0.00,1,1,1,NULL,NULL,1,NULL,NULL,0,'2020-04-07 15:05:35','2024-08-19 15:53:54',NULL),(4751,5563,46,'Retroactivo por acuerdo 03-2024',1233,12303,1,2,NULL,1,1,1,1,1,1,1,0,NULL,NULL,1,NULL,NULL,0,1,3,1.00,NULL,NULL,1,1,1,NULL,NULL,1,NULL,0.00,3,0.00,NULL,NULL,NULL,NULL,1,1,1,NULL,NULL,1,NULL,0.00,6,0.00,NULL,0.00,2,1,1,1,0.00,0.00,1,1,0.00,0.00,1,1,1,NULL,NULL,1,NULL,NULL,0,'2020-04-07 18:05:35','2024-08-19 15:54:09',NULL),(4752,5563,42,'Paritaria 04-2024 1° Quincena',773,773,1,2,NULL,1,1,1,1,0,1,0,0,NULL,NULL,1,NULL,NULL,0,1,3,0.00,36,NULL,1,1,1,NULL,NULL,1,NULL,0.00,3,0.00,NULL,NULL,38,NULL,1,1,1,NULL,NULL,1,1,0.00,6,0.00,NULL,0.00,2,1,1,1,0.00,0.00,1,1,0.00,0.00,1,1,1,NULL,NULL,1,NULL,NULL,0,'2020-04-07 15:05:36','2024-09-04 16:37:44',NULL),(4753,5563,42,'Acuerdo Ext. Solidario 1.5%',3053,3053,69,5,NULL,1,1,1,5,NULL,NULL,NULL,NULL,NULL,NULL,1,NULL,NULL,0,1,1,1.50,NULL,NULL,1,1,1,NULL,NULL,1,1,0.00,5,0.00,NULL,NULL,NULL,NULL,2,2,2,2,4,1,1,0.00,6,0.00,NULL,0.00,3,1,1,1,0.00,0.00,1,1,0.00,0.00,1,1,1,NULL,NULL,1,NULL,NULL,0,'2020-05-12 20:20:52','2024-12-18 10:34:27',NULL),(4754,5563,46,'Retroactivo por acuerdo vigencia 07-2024',1234,12304,1,2,NULL,1,1,1,1,1,1,1,0,NULL,NULL,1,NULL,NULL,0,1,3,1.00,NULL,NULL,1,1,1,NULL,NULL,1,NULL,0.00,3,0.00,NULL,NULL,NULL,NULL,1,1,1,NULL,NULL,1,NULL,0.00,6,0.00,NULL,0.00,2,1,1,1,0.00,0.00,1,1,0.00,0.00,1,1,1,NULL,NULL,1,NULL,NULL,1,'2020-04-07 15:05:35','2024-08-19 15:53:19',NULL),(4755,5563,42,'Paritaria 08-2024 1° Quincena',774,774,1,2,NULL,1,1,1,1,0,1,0,0,NULL,NULL,1,NULL,NULL,0,1,3,0.00,36,NULL,1,1,1,NULL,NULL,1,NULL,0.00,3,0.00,NULL,NULL,38,NULL,1,1,1,NULL,NULL,1,1,0.00,6,0.00,NULL,0.00,2,1,1,1,0.00,0.00,1,1,0.00,0.00,1,1,1,NULL,NULL,1,NULL,NULL,0,'2020-04-07 18:05:36','2024-09-18 14:29:14',NULL),(4756,5563,42,'Retroactivo aumento 10-2024',233,2330,1,2,NULL,1,1,1,1,0,1,0,0,NULL,NULL,1,NULL,NULL,0,1,3,0.00,36,NULL,1,1,1,NULL,NULL,1,NULL,0.00,3,0.00,NULL,NULL,38,NULL,1,1,1,NULL,NULL,1,1,0.00,6,0.00,NULL,0.00,2,1,1,1,0.00,0.00,1,1,0.00,0.00,1,1,1,NULL,NULL,1,NULL,NULL,1,'2020-04-07 12:05:36','2024-12-04 09:14:50',NULL),(4757,5563,42,'Retro. aum. 1° quincena  11-2024',234,2340,1,2,NULL,1,1,1,1,0,1,0,0,NULL,NULL,1,NULL,NULL,0,1,3,0.00,36,NULL,1,1,1,NULL,NULL,1,NULL,0.00,3,0.00,NULL,NULL,38,NULL,1,1,1,NULL,NULL,1,1,0.00,6,0.00,NULL,0.00,2,1,1,1,0.00,0.00,1,1,0.00,0.00,1,1,1,NULL,NULL,1,NULL,NULL,1,'2020-04-07 15:05:36','2024-12-04 09:15:05',NULL),(4758,5563,42,'Bono Extraordinario (Acdo. 10-2024)',2200,22000,63,3,NULL,1,1,1,1,NULL,NULL,NULL,NULL,NULL,NULL,1,NULL,NULL,0,1,3,1.00,NULL,NULL,1,1,1,NULL,NULL,1,NULL,0.00,3,0.00,NULL,NULL,NULL,NULL,1,1,1,NULL,NULL,1,NULL,0.00,6,0.00,1,0.00,2,1,1,1,0.00,0.00,1,1,0.00,0.00,1,1,1,NULL,NULL,1,NULL,NULL,1,'2022-02-18 21:53:29','2024-12-03 23:36:43',NULL),(4759,5563,42,'Ajuste SAC',995,1000,14,2,NULL,1,1,1,1,0,1,0,0,NULL,NULL,1,NULL,NULL,0,1,3,0.00,36,NULL,1,1,1,NULL,NULL,1,NULL,0.00,3,0.00,NULL,NULL,50,NULL,1,1,1,NULL,NULL,1,1,0.00,6,0.00,NULL,0.00,2,1,1,1,0.00,0.00,1,1,0.00,0.00,1,1,1,NULL,NULL,1,NULL,NULL,1,'2020-04-07 12:05:36','2024-12-31 23:51:00',NULL);

--
-- Table structure for table `syj_conceptos_afip`
--

CREATE TABLE `syj_conceptos_afip` (
  `id` int(10) unsigned NOT NULL AUTO_INCREMENT,
  `codigo` varchar(191) COLLATE utf8mb4_unicode_ci NOT NULL,
  `descripcion` varchar(191) COLLATE utf8mb4_unicode_ci NOT NULL,
  `tipo` varchar(191) COLLATE utf8mb4_unicode_ci NOT NULL,
  `habilitado` tinyint(1) NOT NULL DEFAULT '1',
  `marca_repet` int(11) NOT NULL,
  `sipa_apor` int(11) NOT NULL,
  `sipa_cont` int(11) NOT NULL,
  `inssjyp_apor` int(11) NOT NULL,
  `inssjyp_cont` int(11) NOT NULL,
  `ooss_apor` int(11) NOT NULL,
  `ooss_cont` int(11) NOT NULL,
  `fondo_sol_red_apor` int(11) NOT NULL,
  `fondo_sol_red_cont` int(11) NOT NULL,
  `renatea_apor` int(11) NOT NULL,
  `renatea_cont` int(11) NOT NULL,
  `libre_1` int(11) NOT NULL,
  `asig_fam_con` int(11) NOT NULL,
  `libre_2` int(11) NOT NULL,
  `fondo_nac_emp_cont` int(11) NOT NULL,
  `libre_3` int(11) NOT NULL,
  `lrt_cont` int(11) NOT NULL,
  `regim_dif_aport` int(11) NOT NULL,
  `libre_4` int(11) NOT NULL,
  `regim_esp_apor` int(11) NOT NULL,
  `libre_5` int(11) NOT NULL,
  `created_at` timestamp NULL DEFAULT NULL,
  `updated_at` timestamp NULL DEFAULT NULL,
  `deleted_at` timestamp NULL DEFAULT NULL,
  PRIMARY KEY (`id`)
) ENGINE=InnoDB AUTO_INCREMENT=77 DEFAULT CHARSET=utf8mb4 COLLATE=utf8mb4_unicode_ci;

--
-- Dumping data for table `syj_conceptos_afip`
--

INSERT INTO `syj_conceptos_afip` VALUES (1,'110000','Sueldo','Remunerativos',1,0,1,1,1,1,1,1,1,1,1,1,0,1,0,1,0,1,0,1,0,0,NULL,'2021-08-28 19:50:57',NULL),(2,'110001','Preaviso','Remunerativos',1,0,1,1,1,1,1,1,1,1,1,1,0,1,0,1,0,1,0,1,0,0,NULL,'2021-08-28 19:50:57',NULL),(3,'110002','Remuneraciones en especie','Remunerativos',1,0,1,1,1,1,1,1,1,1,1,1,0,1,0,1,0,1,0,1,0,0,NULL,'2021-08-28 19:50:57',NULL),(4,'110003','Comida','Remunerativos',1,0,1,1,1,1,1,1,1,1,1,1,0,1,0,1,0,1,0,1,0,0,NULL,'2021-08-28 19:50:57',NULL),(5,'110004','Habitación','Remunerativos',1,0,1,1,1,1,1,1,1,1,1,1,0,1,0,1,0,1,0,1,0,0,NULL,'2021-08-28 19:50:57',NULL),(6,'110005','Licencias por estudio','Remunerativos',1,0,1,1,1,1,1,1,1,1,1,1,0,1,0,1,0,1,0,1,0,0,NULL,'2021-08-28 19:50:57',NULL),(7,'110006','Donación de sangre','Remunerativos',1,0,1,1,1,1,1,1,1,1,1,1,0,1,0,1,0,1,0,1,0,0,NULL,'2021-08-28 19:50:57',NULL),(8,'110007','Feriado','Remunerativos',1,0,1,1,1,1,1,1,1,1,1,1,0,1,0,1,0,1,0,1,0,0,NULL,'2021-08-28 19:50:57',NULL),(9,'110008','Prest. Dineraria Ley 24577 (primeros 10d)','Remunerativos',1,0,1,1,1,1,1,1,1,1,1,1,0,1,0,1,0,1,0,1,0,0,NULL,'2021-08-28 19:50:57',NULL),(10,'110009','Prest. Dineraria Ley 24577 (a cargo de ART)','Remunerativos',1,0,1,1,1,1,1,1,1,1,1,1,0,1,0,1,0,1,0,1,0,0,NULL,'2021-08-28 19:50:57',NULL),(11,'120000','Sueldo anual complementario','Remunerativos',1,0,1,1,1,1,1,1,1,1,1,1,0,1,0,1,0,1,0,1,0,0,NULL,'2021-08-28 19:50:57',NULL),(12,'120001','SAC 1er semestre','Remunerativos',1,0,1,1,1,1,1,1,1,1,1,1,0,1,0,1,0,1,0,1,0,0,NULL,'2021-08-28 19:50:57',NULL),(13,'120002','SAC 2do semestre','Remunerativos',1,0,1,1,1,1,1,1,1,1,1,1,0,1,0,1,0,1,0,1,0,0,NULL,'2021-08-28 19:50:57',NULL),(14,'120003','SAC proporcional','Remunerativos',1,0,1,1,1,1,1,1,1,1,1,1,0,1,0,1,0,1,0,1,0,0,NULL,'2021-08-28 19:50:57',NULL),(15,'130000','Horas extras','Remunerativos',1,0,1,1,1,1,1,1,1,1,1,1,0,1,0,1,0,1,0,1,0,0,NULL,'2021-08-28 19:50:57',NULL),(16,'130001','Horas extras al 50 %','Remunerativos',1,0,1,1,1,1,1,1,1,1,1,1,0,1,0,1,0,1,0,1,0,0,NULL,'2021-08-28 19:50:57',NULL),(17,'130002','Horas extras al 100 %','Remunerativos',1,0,1,1,1,1,1,1,1,1,1,1,0,1,0,1,0,1,0,1,0,0,NULL,'2021-08-28 19:50:57',NULL),(18,'130003','Horas extras al 200 %','Remunerativos',1,0,1,1,1,1,1,1,1,1,1,1,0,1,0,1,0,1,0,1,0,0,NULL,'2021-08-28 19:50:57',NULL),(19,'140000','Zona desfavorable','Remunerativos',1,0,1,1,1,1,1,1,1,1,1,1,0,1,0,1,0,1,0,1,0,0,NULL,'2021-08-28 19:50:57',NULL),(20,'150000','Adelanto vacacional','Remunerativos',1,0,1,1,1,1,1,1,1,1,1,1,0,1,0,1,0,1,0,1,0,0,NULL,'2021-08-28 19:50:57',NULL),(21,'160000','Adicionales','Remunerativos',1,0,1,1,1,1,1,1,1,1,1,1,0,1,0,1,0,1,0,1,0,0,NULL,'2021-08-28 19:50:57',NULL),(22,'160001','Adicional por antigüedad','Remunerativos',1,0,1,1,1,1,1,1,1,1,1,1,0,1,0,1,0,1,0,1,0,0,NULL,'2021-08-28 19:50:57',NULL),(23,'160002','Adicional por título','Remunerativos',1,0,1,1,1,1,1,1,1,1,1,1,0,1,0,1,0,1,0,1,0,0,NULL,'2021-08-28 19:50:57',NULL),(24,'160003','Adicional por tarea','Remunerativos',1,0,1,1,1,1,1,1,1,1,1,1,0,1,0,1,0,1,0,1,0,0,NULL,'2021-08-28 19:50:57',NULL),(25,'160004','Adicional por desarraigo','Remunerativos',1,0,1,1,1,1,1,1,1,1,1,1,0,1,0,1,0,1,0,1,0,0,NULL,'2021-08-28 19:50:57',NULL),(26,'170000','Gratificaciones y/o Premios','Remunerativos',1,0,1,1,1,1,1,1,1,1,1,1,0,1,0,1,0,1,0,1,0,0,NULL,'2021-08-28 19:50:57',NULL),(27,'170001','Premio por presentismo','Remunerativos',1,0,1,1,1,1,1,1,1,1,1,1,0,1,0,1,0,1,0,1,0,0,NULL,'2021-08-28 19:50:57',NULL),(28,'170002','Premio por producción','Remunerativos',1,0,1,1,1,1,1,1,1,1,1,1,0,1,0,1,0,1,0,1,0,0,NULL,'2021-08-28 19:50:57',NULL),(29,'170003','Comisiones','Remunerativos',1,0,1,1,1,1,1,1,1,1,1,1,0,1,0,1,0,1,0,1,0,0,NULL,'2021-08-28 19:50:57',NULL),(30,'170004','Accesorios','Remunerativos',1,0,1,1,1,1,1,1,1,1,1,1,0,1,0,1,0,1,0,1,0,0,NULL,'2021-08-28 19:50:57',NULL),(31,'170005','Viáticos sin comprobante','Remunerativos',1,0,1,1,1,1,1,1,1,1,1,1,0,1,0,1,0,1,0,1,0,0,NULL,'2021-08-28 19:50:57',NULL);
INSERT INTO `syj_conceptos_afip` VALUES (32,'170006','Propinas habituales no prohibidas','Remunerativos',1,0,1,1,1,1,1,1,1,1,1,1,0,1,0,1,0,1,0,1,0,0,NULL,'2021-08-28 19:50:57',NULL),(33,'499999','Redondeo (Remunerativo)','Remunerativos',1,0,1,1,1,1,1,1,1,1,1,1,0,1,0,1,0,1,0,1,0,0,NULL,'2021-08-28 19:50:57',NULL),(34,'510000','Asignaciones Familiares','No remunerativos',1,0,0,0,0,0,0,0,0,0,0,0,0,0,0,0,0,0,0,0,0,0,NULL,NULL,NULL),(35,'510001','Ayuda escolar','No remunerativos',1,0,0,0,0,0,0,0,0,0,0,0,0,0,0,0,0,0,0,0,0,0,NULL,NULL,NULL),(36,'510002','Asignación por hijo/hijo con discapacidad','No remunerativos',1,0,0,0,0,0,0,0,0,0,0,0,0,0,0,0,0,0,0,0,0,0,NULL,NULL,NULL),(37,'510003','Asignación por maternidad','No remunerativos',1,0,0,0,0,0,0,0,0,0,0,0,0,0,0,0,0,0,0,0,0,0,NULL,NULL,NULL),(38,'510004','Asignación por maternidad down','No remunerativos',1,0,0,0,0,0,0,0,0,0,0,0,0,0,0,0,0,0,0,0,0,0,NULL,NULL,NULL),(39,'510005','Asignación por matrimonio','No remunerativos',1,0,0,0,0,0,0,0,0,0,0,0,0,0,0,0,0,0,0,0,0,0,NULL,NULL,NULL),(40,'510006','Asignación por nacimiento / adopción','No remunerativos',1,0,0,0,0,0,0,0,0,0,0,0,0,0,0,0,0,0,0,0,0,0,NULL,NULL,NULL),(41,'510007','Asignación por prenatal','No remunerativos',1,0,0,0,0,0,0,0,0,0,0,0,0,0,0,0,0,0,0,0,0,0,NULL,NULL,NULL),(42,'520000','Beneficios sociales','No remunerativos',1,0,0,0,0,0,0,0,0,0,0,0,0,0,0,0,0,0,0,0,0,0,NULL,NULL,NULL),(43,'520001','Servicio de comedor','No remunerativos',1,0,0,0,0,0,0,0,0,0,0,0,0,0,0,0,0,0,0,0,0,0,NULL,NULL,NULL),(44,'520002','Gastos médicos','No remunerativos',1,0,0,0,0,0,0,0,0,0,0,0,0,0,0,0,0,0,0,0,0,0,NULL,NULL,NULL),(45,'520003','Provisión de ropa de trabajo','No remunerativos',1,0,0,0,0,0,0,0,0,0,0,0,0,0,0,0,0,0,0,0,0,0,NULL,NULL,NULL),(46,'520004','Guardería','No remunerativos',1,0,0,0,0,0,0,0,0,0,0,0,0,0,0,0,0,0,0,0,0,0,NULL,NULL,NULL),(47,'520005','Provisión de útiles escolares','No remunerativos',1,0,0,0,0,0,0,0,0,0,0,0,0,0,0,0,0,0,0,0,0,0,NULL,NULL,NULL),(48,'520006','Gastos de sepelio','No remunerativos',1,0,0,0,0,0,0,0,0,0,0,0,0,0,0,0,0,0,0,0,0,0,NULL,NULL,NULL),(49,'520007','Cursos de capacitación','No remunerativos',1,0,0,0,0,0,0,0,0,0,0,0,0,0,0,0,0,0,0,0,0,0,NULL,NULL,NULL),(50,'520008','Becas (art. 7 Ley 24.241 y modif.)','No remunerativos',1,0,0,0,0,0,0,0,0,0,0,0,0,0,0,0,0,0,0,0,0,0,NULL,NULL,NULL),(51,'520009','Desempleo (art. 7 Ley 24.241 y modif.)','No remunerativos',1,0,0,0,0,0,0,0,0,0,0,0,0,0,0,0,0,0,0,0,0,0,NULL,NULL,NULL),(52,'520010','Gratificación por cese laboral (art. 7 Ley 24.241 y modif.)','No remunerativos',1,0,0,0,0,0,0,0,0,0,0,0,0,0,0,0,0,0,0,0,0,0,NULL,NULL,NULL),(53,'520011','Indemnización por extinción del contrato de trabajo (art. 7 Ley 24.241 y modif.)','No remunerativos',1,0,0,0,0,0,0,0,0,0,0,0,0,0,0,0,0,0,0,0,0,0,NULL,NULL,NULL),(54,'520012','Vacaciones no gozadas (art. 7 Ley 24.241 y modif.)','No remunerativos',1,0,0,0,0,0,0,0,0,0,0,0,0,0,0,0,0,0,0,0,0,0,NULL,NULL,NULL),(55,'520013','Incapacidad permanente (art. 7 Ley 24.241 y modif.)','No remunerativos',1,0,0,0,0,0,0,0,0,0,0,0,0,0,0,0,0,0,0,0,0,0,NULL,NULL,NULL),(56,'520014','Indemización por despido','No remunerativos',1,0,0,0,0,0,0,0,0,0,0,0,0,0,0,0,0,0,0,0,0,0,NULL,NULL,NULL),(57,'520015','Indemización sustitutiva del preaviso','No remunerativos',1,0,0,0,0,0,0,0,0,0,0,0,0,0,0,0,0,0,0,0,0,0,NULL,NULL,NULL),(58,'520016','Integración mes de despido','No remunerativos',1,0,0,0,0,0,0,0,0,0,0,0,0,0,0,0,0,0,0,0,0,0,NULL,NULL,NULL),(59,'520017','SAC sobre integración o preaviso','No remunerativos',1,0,0,0,0,0,0,0,0,0,0,0,0,0,0,0,0,0,0,0,0,0,NULL,NULL,NULL),(60,'520018','SAC sobre vacaciones no gozadas','No remunerativos',1,0,0,0,0,0,0,0,0,0,0,0,0,0,0,0,0,0,0,0,0,0,NULL,NULL,NULL),(61,'530000','Incrementos no remunerativos (con aportes OS)','No remunerativos',1,0,0,0,0,0,1,0,1,0,0,0,0,0,0,0,0,0,0,0,0,0,NULL,'2021-08-28 19:51:01',NULL),(62,'540000','Incrementos no remunerativos (con aportes y contribuciones OS)','No remunerativos',1,0,0,0,0,0,1,1,1,1,0,0,0,0,0,0,0,0,0,0,0,0,NULL,NULL,NULL);
INSERT INTO `syj_conceptos_afip` VALUES (63,'550000','Importes no remunerativos especiales','No remunerativos',1,0,1,1,1,1,1,1,1,1,1,1,0,1,0,1,0,1,0,1,1,0,NULL,'2021-08-28 19:50:57',NULL),(64,'799999','Redondeo (No Remunerativo)','No remunerativos',1,0,0,0,0,0,0,0,0,0,0,0,0,0,0,0,0,0,0,0,0,0,NULL,NULL,NULL),(65,'810000','Sistema previsional','Descuentos',1,0,0,0,0,0,0,0,0,0,0,0,0,0,0,0,0,0,0,0,0,0,NULL,NULL,NULL),(66,'810001','INSSJyP','Descuentos',1,0,0,0,0,0,0,0,0,0,0,0,0,0,0,0,0,0,0,0,0,0,NULL,NULL,NULL),(67,'810002','Obra Social','Descuentos',1,0,0,0,0,0,0,0,0,0,0,0,0,0,0,0,0,0,0,0,0,0,NULL,NULL,NULL),(68,'810003','Fondo Solidario de Redistribución (ex ANSSAL)','Descuentos',1,0,0,0,0,0,0,0,0,0,0,0,0,0,0,0,0,0,0,0,0,0,NULL,NULL,NULL),(69,'810004','Cuota Sindical','Descuentos',1,0,0,0,0,0,0,0,0,0,0,0,0,0,0,0,0,0,0,0,0,0,NULL,NULL,NULL),(70,'810005','Seguro de Vida','Descuentos',1,0,0,0,0,0,0,0,0,0,0,0,0,0,0,0,0,0,0,0,0,0,NULL,NULL,NULL),(71,'810006','RENATEA (ex RENATRE)','Descuentos',1,0,0,0,0,0,0,0,0,0,0,0,0,0,0,0,0,0,0,0,0,0,NULL,NULL,NULL),(72,'810007','Préstamos','Descuentos',1,0,0,0,0,0,0,0,0,0,0,0,0,0,0,0,0,0,0,0,0,0,NULL,NULL,NULL),(73,'810008','Impuesto a las Ganancias','Descuentos',1,0,0,0,0,0,0,0,0,0,0,0,0,0,0,0,0,0,0,0,0,0,NULL,NULL,NULL),(74,'810009','Obra Social - Adherentes','Descuentos',1,0,0,0,0,0,0,0,0,0,0,0,0,0,0,0,0,0,0,0,0,0,NULL,NULL,NULL),(75,'810010','Fondo Solidario de Redistribución (ex ANSSAL) - Adherentes','Descuentos',1,0,0,0,0,0,0,0,0,0,0,0,0,0,0,0,0,0,0,0,0,0,NULL,NULL,NULL),(76,'820000','Otros descuentos','Descuentos',1,0,0,0,0,0,0,0,0,0,0,0,0,0,0,0,0,0,0,0,0,0,NULL,NULL,NULL);

--
-- Table structure for table `syj_config`
--

CREATE TABLE `syj_config` (
  `id` int(10) unsigned NOT NULL AUTO_INCREMENT,
  `user_id` int(10) unsigned DEFAULT NULL,
  `person_id` int(10) unsigned NOT NULL,
  `tipo_empleador_id` int(10) unsigned NOT NULL,
  `alic_aporte_contri_id` int(10) unsigned NOT NULL,
  `actividad_id` int(10) unsigned NOT NULL,
  `obra_social_id` int(10) unsigned NOT NULL,
  `zonageografica_id` int(10) unsigned NOT NULL,
  `reduccion_zona_geografica` tinyint(1) DEFAULT '0',
  `aplica_art_4_dto_814` tinyint(1) DEFAULT '0',
  `recupero_iva_suss` decimal(20,2) DEFAULT '0.00',
  `art_alicuota_porc` decimal(20,4) DEFAULT '0.0000',
  `art_alicuota_fija` decimal(20,2) DEFAULT '0.00',
  `prima_individual` decimal(20,2) DEFAULT '0.00',
  `prox_nro_rec` int(11) DEFAULT NULL,
  `syj_recibos_modelo_id` int(10) unsigned DEFAULT '1',
  `prox_nro_folio` int(11) DEFAULT NULL,
  `nro_tomo` int(11) DEFAULT NULL,
  `tituloley20744_id` int(10) unsigned DEFAULT NULL,
  `nro_inscr_min_trabajo` int(11) DEFAULT NULL,
  `logo` varchar(191) COLLATE utf8mb4_unicode_ci DEFAULT NULL,
  `firma` varchar(191) COLLATE utf8mb4_unicode_ci DEFAULT NULL,
  `habilitado` tinyint(1) NOT NULL DEFAULT '1',
  `created_at` timestamp NULL DEFAULT NULL,
  `updated_at` timestamp NULL DEFAULT NULL,
  `deleted_at` timestamp NULL DEFAULT NULL,
  PRIMARY KEY (`id`),
  KEY `syj_config_person_id_foreign` (`person_id`),
  KEY `syj_config_tipo_empleador_id_foreign` (`tipo_empleador_id`),
  KEY `syj_config_alic_aporte_contri_id_foreign` (`alic_aporte_contri_id`),
  KEY `syj_config_actividad_id_foreign` (`actividad_id`),
  KEY `syj_config_obra_social_id_foreign` (`obra_social_id`),
  KEY `syj_config_zonageografica_id_foreign` (`zonageografica_id`),
  KEY `syj_config_tituloley20744_id_foreign` (`tituloley20744_id`),
  KEY `syj_config_syj_recibos_modelo_id_foreign` (`syj_recibos_modelo_id`),
  CONSTRAINT `syj_config_actividad_id_foreign` FOREIGN KEY (`actividad_id`) REFERENCES `syj_actividad` (`id`),
  CONSTRAINT `syj_config_alic_aporte_contri_id_foreign` FOREIGN KEY (`alic_aporte_contri_id`) REFERENCES `syj_alicuota_aporte_contribucion` (`id`),
  CONSTRAINT `syj_config_obra_social_id_foreign` FOREIGN KEY (`obra_social_id`) REFERENCES `syj_obra_social` (`id`),
  CONSTRAINT `syj_config_person_id_foreign` FOREIGN KEY (`person_id`) REFERENCES `persons` (`id`),
  CONSTRAINT `syj_config_syj_recibos_modelo_id_foreign` FOREIGN KEY (`syj_recibos_modelo_id`) REFERENCES `syj_recibos_modelos` (`id`),
  CONSTRAINT `syj_config_tipo_empleador_id_foreign` FOREIGN KEY (`tipo_empleador_id`) REFERENCES `syj_tipo_empleador` (`id`),
  CONSTRAINT `syj_config_tituloley20744_id_foreign` FOREIGN KEY (`tituloley20744_id`) REFERENCES `syj_tituloley20744` (`id`),
  CONSTRAINT `syj_config_zonageografica_id_foreign` FOREIGN KEY (`zonageografica_id`) REFERENCES `syj_zonageografica` (`id`)
) ENGINE=InnoDB AUTO_INCREMENT=5 DEFAULT CHARSET=utf8mb4 COLLATE=utf8mb4_unicode_ci;

--
-- Dumping data for table `syj_config`
--

INSERT INTO `syj_config` VALUES (1,5563,40719,2,2,50,74,7,0,0,0.00,5.4000,45.07,0.00,2030,5,1,0,4,0,'','',1,'2021-09-01 11:44:59','2021-11-15 13:51:53',NULL),(2,5563,40731,2,2,4,74,2,0,0,0.00,6.3180,418.00,0.00,2339,2,1,0,4,0,'','',1,'2021-11-16 15:55:23','2024-01-05 14:05:19',NULL),(3,5563,40732,2,2,50,74,1,0,0,0.00,4.0100,200.00,0.00,1493,5,1,0,2,0,'','',1,'2022-02-04 13:34:44','2023-04-11 17:15:49',NULL),(4,5563,40861,2,2,2,130,2,0,0,0.00,8.8610,874.00,0.00,1,2,1,0,2,0,'','',1,'2022-12-20 17:53:08','2024-08-07 07:22:17',NULL);

--
-- Table structure for table `syj_convenio_categoria_columnas`
--

CREATE TABLE `syj_convenio_categoria_columnas` (
  `id` int(10) unsigned NOT NULL AUTO_INCREMENT,
  `user_id` int(10) unsigned DEFAULT NULL,
  `descripcion` varchar(191) COLLATE utf8mb4_unicode_ci DEFAULT NULL,
  `funcion` varchar(191) COLLATE utf8mb4_unicode_ci DEFAULT NULL,
  `habilitado` tinyint(1) NOT NULL DEFAULT '1',
  `created_at` timestamp NULL DEFAULT NULL,
  `updated_at` timestamp NULL DEFAULT NULL,
  `deleted_at` timestamp NULL DEFAULT NULL,
  PRIMARY KEY (`id`)
) ENGINE=InnoDB AUTO_INCREMENT=9 DEFAULT CHARSET=utf8mb4 COLLATE=utf8mb4_unicode_ci;

--
-- Dumping data for table `syj_convenio_categoria_columnas`
--

INSERT INTO `syj_convenio_categoria_columnas` VALUES (1,NULL,'Basico','basico',1,'2020-05-28 20:55:25','2020-05-28 20:55:25',NULL),(2,NULL,'Total Hs Mensuales','total_hs_mens',1,'2020-05-28 20:55:25','2020-05-28 20:55:25',NULL),(3,NULL,'Horas Jornada Completa','hs_jor_compl',1,'2020-05-28 20:55:25','2020-05-28 20:55:25',NULL),(4,NULL,'Adicional 1','adicional_1',1,'2020-05-28 20:55:25','2020-05-28 20:55:25',NULL),(5,NULL,'Adicional 2','adicional_2',1,'2020-05-28 20:55:25','2020-05-28 20:55:25',NULL),(6,NULL,'Adicional 3','adicional_3',1,'2020-05-28 20:55:25','2020-05-28 20:55:25',NULL),(7,NULL,'Adicional 4','adicional_4',1,'2020-05-28 20:55:25','2020-05-28 20:55:25',NULL),(8,NULL,'Adicional 5','adicional_5',1,'2020-05-28 20:55:25','2020-05-28 20:55:25',NULL);

--
-- Table structure for table `syj_convenio_categorias`
--

CREATE TABLE `syj_convenio_categorias` (
  `id` int(10) unsigned NOT NULL AUTO_INCREMENT,
  `user_id` int(10) unsigned DEFAULT NULL,
  `syj_convenio_id` int(10) unsigned NOT NULL,
  `descripcion` varchar(191) COLLATE utf8mb4_unicode_ci DEFAULT NULL,
  `basico` decimal(16,2) NOT NULL,
  `total_hs_mens` decimal(16,2) NOT NULL,
  `hs_jor_compl` decimal(16,2) NOT NULL,
  `adicional_1` decimal(16,2) NOT NULL,
  `adicional_2` decimal(16,2) NOT NULL,
  `adicional_3` decimal(16,2) NOT NULL,
  `adicional_4` decimal(16,2) NOT NULL,
  `adicional_5` decimal(16,2) NOT NULL,
  `habilitado` tinyint(1) NOT NULL DEFAULT '1',
  `created_at` timestamp NULL DEFAULT NULL,
  `updated_at` timestamp NULL DEFAULT NULL,
  `deleted_at` timestamp NULL DEFAULT NULL,
  PRIMARY KEY (`id`),
  KEY `syj_convenio_categorias_syj_convenio_id_foreign` (`syj_convenio_id`),
  CONSTRAINT `syj_convenio_categorias_syj_convenio_id_foreign` FOREIGN KEY (`syj_convenio_id`) REFERENCES `syj_convenios` (`id`)
) ENGINE=InnoDB AUTO_INCREMENT=339 DEFAULT CHARSET=utf8mb4 COLLATE=utf8mb4_unicode_ci;

--
-- Dumping data for table `syj_convenio_categorias`
--

INSERT INTO `syj_convenio_categorias` VALUES (25,5563,5,'Administrativa A',35395.20,192.00,8.00,0.00,0.00,0.00,0.00,0.00,1,'2020-04-07 03:01:58','2022-02-10 16:11:24','2022-02-10 16:11:24'),(26,5563,5,'Auxiliar B',35891.01,192.00,8.00,0.00,0.00,0.00,0.00,0.00,1,'2020-04-07 03:01:58','2022-02-10 16:11:24','2022-02-10 16:11:24'),(27,5563,5,'Auxiliar Especializado A',18482.38,200.00,8.00,0.00,0.00,0.00,0.00,0.00,1,'2020-04-07 03:01:58','2022-02-10 16:11:24','2022-02-10 16:11:24'),(28,5563,5,'Auxiliar Especializado B',18448.32,200.00,8.00,0.00,0.00,0.00,0.00,0.00,1,'2020-04-07 03:01:58','2022-02-10 16:11:24','2022-02-10 16:11:24'),(29,5563,5,'Cajeros B',18397.39,200.00,8.00,0.00,0.00,0.00,0.00,0.00,1,'2020-04-07 03:01:58','2022-02-10 16:11:24','2022-02-10 16:11:24'),(30,5563,5,'Maestranza A',17938.64,200.00,8.00,0.00,0.00,0.00,0.00,0.00,1,'2020-04-07 03:01:58','2022-02-10 16:11:24','2022-02-10 16:11:24'),(31,5563,5,'Personal Auxilar A',18278.39,200.00,8.00,0.00,0.00,0.00,0.00,0.00,1,'2020-04-07 03:01:58','2022-02-10 16:11:24','2022-02-10 16:11:24'),(32,5563,5,'Vendedores B',36552.38,192.00,8.00,0.00,0.00,0.00,0.00,0.00,1,'2020-04-07 03:01:58','2022-02-10 16:11:24','2022-02-10 16:11:24'),(33,1,6,'Administrativa A',35395.20,192.00,8.00,0.00,0.00,0.00,0.00,0.00,1,'2020-04-07 03:01:58','2020-05-06 16:30:07',NULL),(34,1,6,'Auxiliar B',35891.01,192.00,8.00,0.00,0.00,0.00,0.00,0.00,1,'2020-04-07 03:01:58','2020-05-06 16:31:59',NULL),(35,1,6,'Auxiliar Especializado A',18482.38,200.00,8.00,0.00,0.00,0.00,0.00,0.00,1,'2020-04-07 03:01:58','2020-05-06 16:32:01',NULL),(36,1,6,'Auxiliar Especializado B',18448.32,200.00,8.00,0.00,0.00,0.00,0.00,0.00,1,'2020-04-07 03:01:58','2020-05-06 16:32:07',NULL),(37,1,6,'Cajeros B',18397.39,200.00,8.00,0.00,0.00,0.00,0.00,0.00,1,'2020-04-07 03:01:58','2020-05-06 16:33:25',NULL),(38,1,6,'Maestranza A',17938.64,200.00,8.00,0.00,0.00,0.00,0.00,0.00,1,'2020-04-07 03:01:58','2020-05-06 16:32:12',NULL),(39,1,6,'Personal Auxilar A',18278.39,200.00,8.00,0.00,0.00,0.00,0.00,0.00,1,'2020-04-07 03:01:58','2020-05-06 16:32:18',NULL),(40,1,6,'Vendedores B',36552.38,192.00,8.00,0.00,0.00,0.00,0.00,0.00,1,'2020-04-07 03:01:58','2020-05-06 16:32:24',NULL),(41,1,7,'Director',0.00,192.00,8.00,0.00,0.00,0.00,0.00,0.00,1,'2020-04-07 03:01:58','2020-05-12 12:37:52',NULL),(42,5563,7,'Gerente',1383500.00,200.00,9.00,0.00,0.00,0.00,0.00,0.00,1,'2020-04-07 03:01:58','2024-12-17 13:52:54',NULL),(95,88,13,'CATEGORIA 1',127.01,192.00,8.00,0.00,0.00,0.00,0.00,0.00,1,'2020-04-07 03:01:58','2020-05-13 10:33:33',NULL),(96,88,13,'CATEGORIA 2',500.00,192.00,8.00,0.00,0.00,0.00,0.00,0.00,1,'2020-04-07 03:01:58','2020-05-13 10:33:52',NULL),(104,88,14,'2da CATEGORIA',38681.74,192.00,8.00,0.00,0.00,0.00,0.00,0.00,1,'2020-04-07 03:01:58','2020-05-13 15:18:05',NULL),(105,88,14,'4ta. CATEGORIA',35160.69,192.00,8.00,0.00,0.00,0.00,0.00,0.00,1,'2020-05-13 12:33:41','2020-05-13 12:33:41',NULL),(106,88,14,'ADMINISTRATIVA DE 3ra. CATEGORIA',0.00,192.00,8.00,0.00,0.00,0.00,0.00,0.00,1,'2020-05-13 12:34:18','2020-05-13 12:34:18',NULL),(107,88,14,'INSTRUMENTADORA 3ra. CATEGORIA',0.00,192.00,8.00,0.00,0.00,0.00,0.00,0.00,1,'2020-05-13 12:34:47','2020-05-13 12:34:47',NULL),(110,88,15,'ASISTENTE GERIATRICA',35762.82,200.00,8.00,0.00,0.00,0.00,0.00,0.00,1,'2020-05-13 12:34:18','2020-05-13 15:46:16',NULL),(112,88,15,'PERSONAL DE LAVADERO Y ROPERIA',34987.49,200.00,8.00,0.00,0.00,0.00,0.00,0.00,1,'2020-05-13 15:46:58','2020-05-13 15:46:58',NULL),(113,88,15,'MUCAMA DE PISO, CONSULTORIO EXTERNO Y GERIATRICO',34793.74,200.00,8.00,0.00,0.00,0.00,0.00,0.00,1,'2020-05-13 15:48:01','2020-05-13 15:48:01',NULL),(114,88,15,'OFICIAL MANTENIMIENTO',39994.89,200.00,8.00,0.00,0.00,0.00,0.00,0.00,1,'2020-05-13 15:48:48','2020-05-13 15:48:48',NULL),(115,88,15,'MEDIO OFICIAL MANTENIMIENTO',37668.62,200.00,8.00,0.00,0.00,0.00,0.00,0.00,1,'2020-05-13 15:49:23','2020-05-13 15:49:23',NULL),(116,88,15,'PRIMER COCINERO/A',39994.89,200.00,8.00,0.00,0.00,0.00,0.00,0.00,1,'2020-05-13 15:51:12','2020-05-13 15:51:12',NULL);
INSERT INTO `syj_convenio_categorias` VALUES (117,88,15,'SEGUNDO COCINERO/A',37798.01,200.00,8.00,0.00,0.00,0.00,0.00,0.00,1,'2020-05-13 15:51:47','2020-05-13 15:51:47',NULL),(118,88,15,'AYUDANTE DE COCINA Y CACEROLERO',37022.75,200.00,8.00,0.00,0.00,0.00,0.00,0.00,1,'2020-05-13 15:52:40','2020-05-13 15:52:40',NULL),(119,88,15,'PEONES DE COCINA',34793.74,200.00,8.00,0.00,0.00,0.00,0.00,0.00,1,'2020-05-13 15:53:19','2020-05-13 15:53:19',NULL),(120,88,15,'ADMINISTRATIVO 3RA CATEGORIA',36667.37,200.00,8.00,0.00,0.00,0.00,0.00,0.00,1,'2020-05-13 15:54:04','2020-05-13 15:54:04',NULL),(121,88,15,'CADETE',32693.59,200.00,8.00,0.00,0.00,0.00,0.00,0.00,1,'2020-05-13 15:54:30','2020-05-13 15:54:30',NULL),(122,88,15,'AUXILIAR DE ENFERMERIA',37281.06,200.00,8.00,0.00,0.00,0.00,0.00,0.00,1,'2020-05-13 15:55:06','2020-05-13 15:55:06',NULL),(123,5563,16,'OFICIAL',670.00,88.00,9.00,0.00,0.00,0.00,0.00,0.00,1,'2020-04-07 03:01:58','2023-02-23 14:43:47',NULL),(124,5563,16,'MEDIO OFICIAL',575.00,88.00,9.00,0.00,0.00,0.00,0.00,0.00,1,'2020-04-07 03:01:58','2023-06-13 18:44:48',NULL),(125,88,17,'1RA CATEGORIA: JEFE',40000.00,192.00,8.00,0.00,0.00,0.00,0.00,0.00,1,'2020-04-07 03:01:58','2020-05-19 11:21:34',NULL),(126,88,17,'2DA CATEGORIA: ADM. POLIVALENTE A',35891.01,192.00,8.00,0.00,0.00,0.00,0.00,0.00,1,'2020-04-07 03:01:58','2020-05-19 11:22:03',NULL),(127,88,17,'3RA CATEGORIA: ADM. POLIVALENTE B',18482.38,200.00,8.00,0.00,0.00,0.00,0.00,0.00,1,'2020-04-07 03:01:58','2020-05-19 11:22:26',NULL),(128,88,17,'4TA CATEGORIA: ADM. POLIVALENTE C',37370.26,200.00,8.00,0.00,0.00,0.00,0.00,0.00,1,'2020-04-07 03:01:58','2020-05-19 14:11:06',NULL),(129,88,17,'5TA. CATEGORIA: CADETE',18397.39,200.00,8.00,0.00,0.00,0.00,0.00,0.00,1,'2020-04-07 03:01:58','2020-05-19 11:23:26',NULL),(133,88,18,'MEZCLADOR',137.53,176.00,8.00,0.00,0.00,0.00,0.00,0.00,1,'2020-04-07 03:01:58','2020-05-19 14:28:33',NULL),(134,88,18,'PRENSERO',129.62,176.00,8.00,0.00,0.00,0.00,0.00,0.00,1,'2020-04-07 03:01:58','2020-05-19 14:28:42',NULL),(135,88,19,'CATEGORIA E',120.57,180.00,8.00,0.00,0.00,0.00,0.00,0.00,1,'2020-04-07 03:01:58','2020-05-19 15:26:59',NULL),(136,88,19,'CATEGORIA C',500.00,180.00,8.00,0.00,0.00,0.00,0.00,0.00,1,'2020-04-07 03:01:58','2020-05-19 15:27:16',NULL),(142,88,20,'BARMAN',17938.64,192.00,8.00,0.00,0.00,0.00,0.00,0.00,1,'2020-04-07 03:01:58','2020-05-20 09:11:49',NULL),(143,88,20,'COCINERO',18278.39,192.00,8.00,0.00,0.00,0.00,0.00,0.00,1,'2020-04-07 03:01:58','2020-05-20 09:12:01',NULL),(144,88,20,'MOZO',24840.00,192.00,8.00,0.00,0.00,0.00,0.00,0.00,1,'2020-04-07 03:01:58','2020-05-20 09:12:27',NULL),(152,88,21,'OFICIAL',26800.00,192.00,8.00,0.00,0.00,0.00,0.00,0.00,1,'2020-04-07 03:01:58','2020-05-28 11:58:12',NULL),(159,88,22,'Conductor de 1ra Categoria',40921.80,240.00,8.00,0.00,0.00,0.00,0.00,0.00,1,'2020-04-07 03:01:58','2020-05-20 14:30:18',NULL),(160,88,22,'Peon especializado',37734.60,240.00,8.00,0.00,0.00,0.00,0.00,0.00,1,'2020-04-07 03:01:58','2020-05-20 14:30:49',NULL),(172,88,24,'CATEGORIA A',18448.32,192.00,8.00,0.00,0.00,0.00,0.00,0.00,1,'2020-04-07 03:01:58','2020-05-22 10:04:13',NULL),(174,88,24,'CATEGORIA B',17938.64,192.00,8.00,0.00,0.00,0.00,0.00,0.00,1,'2020-04-07 03:01:58','2020-05-22 10:04:26',NULL),(175,88,24,'CATEGORIA C',18278.39,192.00,8.00,0.00,0.00,0.00,0.00,0.00,1,'2020-04-07 03:01:58','2020-05-22 10:04:41',NULL),(176,88,24,'CATEGORIA D',57530.00,192.00,8.00,0.00,0.00,0.00,0.00,0.00,1,'2020-04-07 03:01:58','2020-05-22 10:04:59',NULL),(204,1,34,'VIGILADOR GENERAL',25500.00,200.00,8.00,0.00,0.00,0.00,0.00,0.00,1,'2020-04-07 03:01:58','2020-05-22 11:40:59',NULL),(205,1,34,'VIGILADOR PRINCIPAL',29821.00,200.00,8.00,0.00,0.00,0.00,0.00,0.00,1,'2020-04-07 03:01:58','2020-05-22 11:41:29',NULL),(206,1,34,'ADMINISTRATIVO',28742.00,200.00,8.00,0.00,0.00,0.00,0.00,0.00,1,'2020-04-07 03:01:58','2020-05-22 11:41:56',NULL),(207,NULL,35,'Generica',1.00,1.00,1.00,0.00,0.00,0.00,0.00,0.00,1,'2021-10-23 09:01:57','2021-10-26 09:35:42',NULL);
INSERT INTO `syj_convenio_categorias` VALUES (208,5563,16,'Ayudante',568.00,88.00,9.00,0.00,0.00,0.00,0.00,0.00,1,'2021-11-15 14:25:52','2023-02-23 14:44:14',NULL),(209,5563,16,'OFICIAL ESPECIALIZADO',787.00,88.00,9.00,0.00,0.00,0.00,0.00,0.00,1,'2021-11-15 14:28:42','2023-02-23 14:43:29',NULL),(210,5563,36,'GRUPO I: 1° CATEGORIA: Capataz de Obra',107861.00,192.00,9.00,0.00,0.00,0.00,0.00,0.00,1,'2020-04-07 06:01:58','2021-11-17 18:36:35',NULL),(211,5563,36,'GRUPO I: 2° CATEGORIA: Capataz de Tarea, fase o especialidad',98180.00,192.00,9.00,0.00,0.00,0.00,0.00,0.00,1,'2020-04-07 06:01:58','2021-11-17 18:36:43',NULL),(212,5563,36,'GRUPO I: 3° CATEGORIA: Capataz de Segunda',89723.00,192.00,9.00,0.00,0.00,0.00,0.00,0.00,1,'2020-04-07 06:01:58','2021-11-17 18:36:51',NULL),(213,5563,36,'GRUPO II: 1° CATEGORIA: Analista Administrativo',85015.00,200.00,9.00,0.00,0.00,0.00,0.00,0.00,1,'2020-04-07 06:01:58','2021-11-17 18:33:16',NULL),(214,5563,36,'GRUPO II: 2° CATEGORIA: Auxiliar Administrativo',78481.00,200.00,9.00,0.00,0.00,0.00,0.00,0.00,1,'2020-04-07 06:01:58','2021-11-17 18:34:35',NULL),(215,5563,36,'GRUPO II: 3° CATEGORIA: Ayudante Administrativo',71644.00,200.00,9.00,0.00,0.00,0.00,0.00,0.00,1,'2020-04-07 06:01:58','2021-11-17 18:35:34',NULL),(216,5563,36,'GRUPO II: 4° CATEGORIA: Ayudante Administrativo de segunda',72027.00,200.00,9.00,0.00,0.00,0.00,0.00,0.00,1,'2020-04-07 06:01:58','2022-04-05 17:14:35',NULL),(217,5563,36,'GRUPO III: 1° CATEGORIA: Analista Técnico',92956.00,192.00,9.00,0.00,0.00,0.00,0.00,0.00,1,'2020-04-07 06:01:58','2021-11-17 18:38:00',NULL),(218,5563,37,'Administrativa A',35395.20,192.00,8.00,0.00,0.00,0.00,0.00,0.00,1,'2020-04-07 06:01:58','2021-11-17 18:27:54','2021-11-17 18:27:54'),(219,5563,37,'Auxiliar B',35891.01,192.00,8.00,0.00,0.00,0.00,0.00,0.00,1,'2020-04-07 06:01:58','2021-11-17 18:27:54','2021-11-17 18:27:54'),(220,5563,37,'Auxiliar Especializado A',18482.38,200.00,8.00,0.00,0.00,0.00,0.00,0.00,1,'2020-04-07 06:01:58','2021-11-17 18:27:54','2021-11-17 18:27:54'),(221,5563,37,'Auxiliar Especializado B',18448.32,200.00,8.00,0.00,0.00,0.00,0.00,0.00,1,'2020-04-07 06:01:58','2021-11-17 18:27:54','2021-11-17 18:27:54'),(222,5563,37,'Cajeros B',18397.39,200.00,8.00,0.00,0.00,0.00,0.00,0.00,1,'2020-04-07 06:01:58','2021-11-17 18:27:54','2021-11-17 18:27:54'),(223,5563,37,'Maestranza A',17938.64,200.00,8.00,0.00,0.00,0.00,0.00,0.00,1,'2020-04-07 06:01:58','2021-11-17 18:27:54','2021-11-17 18:27:54'),(224,5563,37,'Personal Auxilar A',18278.39,200.00,8.00,0.00,0.00,0.00,0.00,0.00,1,'2020-04-07 06:01:58','2021-11-17 18:27:54','2021-11-17 18:27:54'),(225,5563,37,'Vendedores B',36552.38,192.00,8.00,0.00,0.00,0.00,0.00,0.00,1,'2020-04-07 06:01:58','2021-11-17 18:27:54','2021-11-17 18:27:54'),(226,5563,36,'GRUPO III: 2° CATEGORIA: Auxiliar Técnico',86125.00,200.00,9.00,0.00,0.00,0.00,0.00,0.00,1,'2021-11-17 18:39:02','2021-11-17 18:39:02',NULL),(227,5563,36,'GRUPO III: 3° CATEGORIA: Ayudante Técnico',79092.00,200.00,9.00,0.00,0.00,0.00,0.00,0.00,1,'2021-11-17 18:40:03','2021-11-17 18:40:03',NULL),(228,5563,36,'GRUPO III: 4° CATEGORIA: Ayudante Técnico de Segunda',102742.00,200.00,9.00,0.00,0.00,0.00,0.00,0.00,1,'2021-11-17 18:40:31','2022-09-16 10:52:01',NULL),(229,5563,36,'GRUPO IV: 1° CATEGORIA: Analista de Sistemas',92956.00,200.00,9.00,0.00,0.00,0.00,0.00,0.00,1,'2021-11-17 18:41:20','2021-11-17 18:43:13',NULL),(230,5563,36,'GRUPO IV: 2° CATEGORIA: Técnico en Sistemas de Primera',86125.00,200.00,9.00,0.00,0.00,0.00,0.00,0.00,1,'2021-11-17 18:42:10','2021-11-17 18:42:38',NULL),(231,5563,36,'GRUPO IV: 3° CATEGORIA: Técnico en Sistemas de Segunda',69843.00,200.00,9.00,0.00,0.00,0.00,0.00,0.00,1,'2021-11-17 18:43:47','2021-11-17 18:43:47',NULL),(232,5563,36,'GRUPO V: 1° CATEGORIA: Maestranza de Primera',50235.00,200.00,9.00,0.00,0.00,0.00,0.00,0.00,1,'2021-11-17 18:44:29','2021-11-17 18:44:29',NULL);
INSERT INTO `syj_convenio_categorias` VALUES (233,5563,36,'GRUPO V: 2° CATEGORIA: Maestranza de Segunda',44446.00,200.00,9.00,0.00,0.00,0.00,0.00,0.00,1,'2021-11-17 18:45:00','2021-11-17 18:45:00',NULL),(234,5563,38,'GRUPO I: 1° CATEGORIA: Capataz de Obra',107861.00,192.00,9.00,0.00,0.00,0.00,0.00,0.00,1,'2020-04-07 09:01:58','2022-02-08 13:10:05','2022-02-08 13:10:05'),(235,5563,38,'GRUPO I: 2° CATEGORIA: Capataz de Tarea, fase o especialidad',98180.00,192.00,9.00,0.00,0.00,0.00,0.00,0.00,1,'2020-04-07 09:01:58','2022-02-08 13:10:05','2022-02-08 13:10:05'),(236,5563,38,'GRUPO I: 3° CATEGORIA: Capataz de Segunda',89723.00,192.00,9.00,0.00,0.00,0.00,0.00,0.00,1,'2020-04-07 09:01:58','2022-02-08 13:10:05','2022-02-08 13:10:05'),(237,5563,38,'GRUPO II: 1° CATEGORIA: Analista Administrativo',85015.00,200.00,9.00,0.00,0.00,0.00,0.00,0.00,1,'2020-04-07 09:01:58','2022-02-08 13:10:05','2022-02-08 13:10:05'),(238,5563,38,'GRUPO II: 2° CATEGORIA: Auxiliar Administrativo',78481.00,200.00,9.00,0.00,0.00,0.00,0.00,0.00,1,'2020-04-07 09:01:58','2022-02-08 13:10:05','2022-02-08 13:10:05'),(239,5563,38,'GRUPO II: 3° CATEGORIA: Ayudante Administrativo',71644.00,200.00,9.00,0.00,0.00,0.00,0.00,0.00,1,'2020-04-07 09:01:58','2022-02-08 13:10:05','2022-02-08 13:10:05'),(240,5563,38,'GRUPO II: 4° CATEGORIA: Ayudante Administrativo de segunda',62673.00,200.00,9.00,0.00,0.00,0.00,0.00,0.00,1,'2020-04-07 09:01:58','2022-02-08 13:10:05','2022-02-08 13:10:05'),(241,5563,38,'GRUPO III: 1° CATEGORIA: Analista Técnico',92956.00,192.00,9.00,0.00,0.00,0.00,0.00,0.00,1,'2020-04-07 09:01:58','2022-02-08 13:10:05','2022-02-08 13:10:05'),(242,5563,38,'GRUPO III: 2° CATEGORIA: Auxiliar Técnico',86125.00,200.00,9.00,0.00,0.00,0.00,0.00,0.00,1,'2021-11-17 21:39:02','2022-02-08 13:10:05','2022-02-08 13:10:05'),(243,5563,38,'GRUPO III: 3° CATEGORIA: Ayudante Técnico',79092.00,200.00,9.00,0.00,0.00,0.00,0.00,0.00,1,'2021-11-17 21:40:03','2022-02-08 13:10:05','2022-02-08 13:10:05'),(244,5563,38,'GRUPO III: 4° CATEGORIA: Ayudante Técnico de Segunda',69843.00,200.00,9.00,0.00,0.00,0.00,0.00,0.00,1,'2021-11-17 21:40:31','2022-02-08 13:10:05','2022-02-08 13:10:05'),(245,5563,38,'GRUPO IV: 1° CATEGORIA: Analista de Sistemas',92956.00,200.00,9.00,0.00,0.00,0.00,0.00,0.00,1,'2021-11-17 21:41:20','2022-02-08 13:10:05','2022-02-08 13:10:05'),(246,5563,38,'GRUPO IV: 2° CATEGORIA: Técnico en Sistemas de Primera',86125.00,200.00,9.00,0.00,0.00,0.00,0.00,0.00,1,'2021-11-17 21:42:10','2022-02-08 13:10:05','2022-02-08 13:10:05'),(247,5563,38,'GRUPO IV: 3° CATEGORIA: Técnico en Sistemas de Segunda',69843.00,200.00,9.00,0.00,0.00,0.00,0.00,0.00,1,'2021-11-17 21:43:47','2022-02-08 13:10:05','2022-02-08 13:10:05'),(248,5563,38,'GRUPO V: 1° CATEGORIA: Maestranza de Primera',50235.00,200.00,9.00,0.00,0.00,0.00,0.00,0.00,1,'2021-11-17 21:44:29','2022-02-08 13:10:05','2022-02-08 13:10:05'),(249,5563,38,'GRUPO V: 2° CATEGORIA: Maestranza de Segunda',44446.00,200.00,9.00,0.00,0.00,0.00,0.00,0.00,1,'2021-11-17 21:45:00','2022-02-08 13:10:05','2022-02-08 13:10:05'),(250,5563,39,'Supervisor de Fabrica de 4°',172840.00,200.00,9.00,0.00,0.00,0.00,0.00,0.00,1,'2020-04-07 12:01:58','2022-09-16 11:03:54',NULL),(251,5563,39,'GRUPO I: 2° CATEGORIA: Capataz de Tarea, fase o especialidad',98180.00,192.00,9.00,0.00,0.00,0.00,0.00,0.00,1,'2020-04-07 12:01:58','2022-02-08 09:58:07','2022-02-08 09:58:07'),(252,5563,39,'GRUPO I: 3° CATEGORIA: Capataz de Segunda',89723.00,192.00,9.00,0.00,0.00,0.00,0.00,0.00,1,'2020-04-07 12:01:58','2022-02-08 10:00:11','2022-02-08 10:00:11'),(253,5563,39,'GRUPO II: 1° CATEGORIA: Analista Administrativo',85015.00,200.00,9.00,0.00,0.00,0.00,0.00,0.00,1,'2020-04-07 12:01:58','2022-02-08 10:00:05','2022-02-08 10:00:05'),(254,5563,39,'GRUPO II: 2° CATEGORIA: Auxiliar Administrativo',78481.00,200.00,9.00,0.00,0.00,0.00,0.00,0.00,1,'2020-04-07 12:01:58','2022-02-08 10:00:00','2022-02-08 10:00:00');
INSERT INTO `syj_convenio_categorias` VALUES (255,5563,39,'GRUPO II: 3° CATEGORIA: Ayudante Administrativo',71644.00,200.00,9.00,0.00,0.00,0.00,0.00,0.00,1,'2020-04-07 12:01:58','2022-02-08 09:59:54','2022-02-08 09:59:54'),(256,5563,39,'GRUPO II: 4° CATEGORIA: Ayudante Administrativo de segunda',62673.00,200.00,9.00,0.00,0.00,0.00,0.00,0.00,1,'2020-04-07 12:01:58','2022-02-08 09:59:50','2022-02-08 09:59:50'),(257,5563,39,'GRUPO III: 1° CATEGORIA: Analista Técnico',92956.00,192.00,9.00,0.00,0.00,0.00,0.00,0.00,1,'2020-04-07 12:01:58','2022-02-08 09:59:44','2022-02-08 09:59:44'),(258,5563,39,'GRUPO III: 2° CATEGORIA: Auxiliar Técnico',86125.00,200.00,9.00,0.00,0.00,0.00,0.00,0.00,1,'2021-11-18 00:39:02','2022-02-08 09:59:39','2022-02-08 09:59:39'),(259,5563,39,'GRUPO III: 3° CATEGORIA: Ayudante Técnico',79092.00,200.00,9.00,0.00,0.00,0.00,0.00,0.00,1,'2021-11-18 00:40:03','2022-02-08 09:59:01','2022-02-08 09:59:01'),(260,5563,39,'GRUPO III: 4° CATEGORIA: Ayudante Técnico de Segunda',69843.00,200.00,9.00,0.00,0.00,0.00,0.00,0.00,1,'2021-11-18 00:40:31','2022-02-08 09:59:23','2022-02-08 09:59:23'),(261,5563,39,'GRUPO IV: 1° CATEGORIA: Analista de Sistemas',92956.00,200.00,9.00,0.00,0.00,0.00,0.00,0.00,1,'2021-11-18 00:41:20','2022-02-08 09:59:14','2022-02-08 09:59:14'),(262,5563,39,'GRUPO IV: 2° CATEGORIA: Técnico en Sistemas de Primera',86125.00,200.00,9.00,0.00,0.00,0.00,0.00,0.00,1,'2021-11-18 00:42:10','2022-02-08 09:58:42','2022-02-08 09:58:42'),(263,5563,39,'GRUPO IV: 3° CATEGORIA: Técnico en Sistemas de Segunda',69843.00,200.00,9.00,0.00,0.00,0.00,0.00,0.00,1,'2021-11-18 00:43:47','2022-02-08 09:58:56','2022-02-08 09:58:56'),(264,5563,39,'GRUPO V: 1° CATEGORIA: Maestranza de Primera',50235.00,200.00,9.00,0.00,0.00,0.00,0.00,0.00,1,'2021-11-18 00:44:29','2022-02-08 09:58:36','2022-02-08 09:58:36'),(265,5563,39,'GRUPO V: 2° CATEGORIA: Maestranza de Segunda',44446.00,200.00,9.00,0.00,0.00,0.00,0.00,0.00,1,'2021-11-18 00:45:00','2022-02-08 09:58:27','2022-02-08 09:58:27'),(266,5563,40,'Oficial Inspector',526.15,90.00,9.00,0.00,0.00,0.00,0.00,0.00,1,'2020-04-07 06:01:58','2022-09-16 11:18:50',NULL),(267,5563,40,'Oficial de Primera',412.34,90.00,9.00,0.00,0.00,0.00,0.00,0.00,1,'2020-04-07 06:01:58','2022-06-03 09:12:50',NULL),(268,5563,40,'Oficial',395.65,90.00,9.00,0.00,0.00,0.00,0.00,0.00,1,'2021-11-15 17:25:52','2022-06-03 09:13:13',NULL),(269,5563,40,'Medio Oficial',377.48,90.00,9.00,0.00,0.00,0.00,0.00,0.00,1,'2021-11-15 17:28:42','2022-06-03 09:13:36',NULL),(270,5563,40,'Peon',338.54,90.00,9.00,0.00,0.00,0.00,0.00,0.00,1,'2022-02-08 13:16:15','2022-06-03 09:13:52',NULL),(271,5563,36,'GRUPO III: 4° CATEGORIA: Ayudante Técnico de Segunda',68494.60,133.00,6.00,0.00,0.00,0.00,0.00,0.00,1,'2022-02-10 12:12:55','2022-09-16 10:53:29',NULL),(272,5563,41,'OFICIAL',311.99,88.00,9.00,0.00,0.00,0.00,0.00,0.00,1,'2020-04-07 06:01:58','2022-02-17 10:37:05','2022-02-17 10:37:05'),(273,5563,41,'MEDIO OFICIAL',287.65,88.00,9.00,0.00,0.00,0.00,0.00,0.00,1,'2020-04-07 06:01:58','2022-02-17 10:37:05','2022-02-17 10:37:05'),(274,5563,41,'Ayudante',264.08,88.00,9.00,0.00,0.00,0.00,0.00,0.00,1,'2021-11-15 17:25:52','2022-02-17 10:37:05','2022-02-17 10:37:05'),(275,5563,41,'OFICIAL ESPECIALIZADO',366.15,88.00,9.00,0.00,0.00,0.00,0.00,0.00,1,'2021-11-15 17:28:42','2022-02-17 10:37:05','2022-02-17 10:37:05'),(276,5563,42,'OFICIAL',3782.00,88.00,8.00,0.00,0.00,0.00,0.00,0.00,1,'2020-04-07 06:01:58','2024-12-17 13:49:52',NULL),(277,5563,42,'MEDIO OFICIAL',3487.00,88.00,8.00,0.00,0.00,0.00,0.00,0.00,1,'2020-04-07 06:01:58','2024-12-17 13:50:00',NULL),(278,5563,42,'Ayudante',3201.00,88.00,8.00,0.00,0.00,0.00,0.00,0.00,1,'2021-11-15 17:25:52','2024-12-17 13:50:13',NULL),(279,5563,42,'OFICIAL ESPECIALIZADO',4439.00,88.00,8.00,0.00,0.00,0.00,0.00,0.00,1,'2021-11-15 17:28:42','2024-12-17 13:50:24',NULL),(280,5563,43,'GRUPO I: 1° CATEGORIA: Capataz de Obra',107861.00,192.00,9.00,0.00,0.00,0.00,0.00,0.00,1,'2020-04-07 09:01:58','2022-08-04 22:18:00','2022-08-04 22:18:00');
INSERT INTO `syj_convenio_categorias` VALUES (281,5563,43,'GRUPO I: 2° CATEGORIA: Capataz de Tarea, fase o especialidad',98180.00,192.00,9.00,0.00,0.00,0.00,0.00,0.00,1,'2020-04-07 09:01:58','2022-08-04 22:24:23','2022-08-04 22:24:23'),(282,5563,43,'GRUPO I: 3° CATEGORIA: Capataz de Segunda',89723.00,192.00,9.00,0.00,0.00,0.00,0.00,0.00,1,'2020-04-07 09:01:58','2022-08-04 22:24:26','2022-08-04 22:24:26'),(283,5563,43,'GRUPO II: 1° CATEGORIA: Analista Administrativo',85015.00,200.00,9.00,0.00,0.00,0.00,0.00,0.00,1,'2020-04-07 09:01:58','2022-08-04 22:24:35','2022-08-04 22:24:35'),(284,5563,43,'GRUPO II: 2° CATEGORIA: Auxiliar Administrativo',78481.00,200.00,9.00,0.00,0.00,0.00,0.00,0.00,1,'2020-04-07 09:01:58','2022-08-04 22:24:15','2022-08-04 22:24:15'),(285,5563,43,'GRUPO II: 3° CATEGORIA: Ayudante Administrativo',71644.00,200.00,9.00,0.00,0.00,0.00,0.00,0.00,1,'2020-04-07 09:01:58','2022-08-04 22:24:06','2022-08-04 22:24:06'),(286,5563,43,'4° CAT. Ayudante Administrativo de 2°',440354.00,200.00,9.00,0.00,0.00,0.00,0.00,0.00,1,'2020-04-07 09:01:58','2024-04-04 14:47:10',NULL),(287,5563,43,'GRUPO III: 1° CATEGORIA: Analista Técnico',92956.00,192.00,9.00,0.00,0.00,0.00,0.00,0.00,1,'2020-04-07 09:01:58','2022-08-04 22:23:16','2022-08-04 22:23:16'),(288,5563,43,'GRUPO III: 2° CATEGORIA: Auxiliar Técnico',86125.00,200.00,9.00,0.00,0.00,0.00,0.00,0.00,1,'2021-11-17 21:39:02','2022-08-04 22:23:07','2022-08-04 22:23:07'),(289,5563,43,'GRUPO III: 3° CATEGORIA: Ayudante Técnico',79092.00,200.00,9.00,0.00,0.00,0.00,0.00,0.00,1,'2021-11-17 21:40:03','2022-08-04 22:22:59','2022-08-04 22:22:59'),(290,5563,43,'GRUPO III: 4° CATEGORIA: Ayudante Técnico de Segunda',96320.00,200.00,9.00,0.00,0.00,0.00,0.00,0.00,1,'2021-11-17 21:40:31','2022-08-04 22:22:43','2022-08-04 22:22:43'),(291,5563,43,'GRUPO IV: 1° CATEGORIA: Analista de Sistemas',92956.00,200.00,9.00,0.00,0.00,0.00,0.00,0.00,1,'2021-11-17 21:41:20','2022-08-04 22:22:33','2022-08-04 22:22:33'),(292,5563,43,'GRUPO IV: 2° CATEGORIA: Técnico en Sistemas de Primera',86125.00,200.00,9.00,0.00,0.00,0.00,0.00,0.00,1,'2021-11-17 21:42:10','2022-08-04 22:22:26','2022-08-04 22:22:26'),(293,5563,43,'GRUPO IV: 3° CATEGORIA: Técnico en Sistemas de Segunda',69843.00,200.00,9.00,0.00,0.00,0.00,0.00,0.00,1,'2021-11-17 21:43:47','2022-08-04 22:18:43','2022-08-04 22:18:43'),(294,5563,43,'GRUPO V: 1° CATEGORIA: Maestranza de Primera',50235.00,200.00,9.00,0.00,0.00,0.00,0.00,0.00,1,'2021-11-17 21:44:29','2022-08-04 22:18:31','2022-08-04 22:18:31'),(295,5563,43,'GRUPO V: 2° CATEGORIA: Maestranza de Segunda',44446.00,200.00,9.00,0.00,0.00,0.00,0.00,0.00,1,'2021-11-17 21:45:00','2022-08-04 22:18:21','2022-08-04 22:18:21'),(296,5563,43,'GRUPO III: 4° CATEGORIA: Ayudante Técnico de Segunda',48299.33,133.00,6.00,0.00,0.00,0.00,0.00,0.00,1,'2022-02-10 15:12:55','2022-08-04 22:18:14','2022-08-04 22:18:14'),(297,5563,43,'3° CAT: Ayudante Administrativo',503393.00,200.00,9.00,0.00,0.00,0.00,0.00,0.00,1,'2022-09-02 18:38:11','2024-04-04 14:47:47',NULL),(298,5563,44,'OFICIAL',311.99,88.00,8.00,0.00,0.00,0.00,0.00,0.00,1,'2020-04-07 09:01:58','2024-12-30 23:49:37',NULL),(299,5563,44,'MEDIO OFICIAL',287.65,88.00,8.00,0.00,0.00,0.00,0.00,0.00,1,'2020-04-07 09:01:58','2024-12-30 23:49:48',NULL),(300,5563,44,'Ayudante',264.08,88.00,8.00,0.00,0.00,0.00,0.00,0.00,1,'2021-11-15 20:25:52','2024-12-30 23:50:00',NULL),(301,5563,44,'OFICIAL ESPECIALIZADO',379.81,88.00,8.00,0.00,0.00,0.00,0.00,0.00,1,'2021-11-15 20:28:42','2024-12-31 19:21:46',NULL),(302,5563,45,'4° CAT. Ayudante Administrativo de 2°',62673.00,200.00,9.00,0.00,0.00,0.00,0.00,0.00,1,'2020-04-07 12:01:58','2024-12-30 23:51:21',NULL),(303,5563,45,'3° CAT: Ayudante Administrativo',116097.00,200.00,9.00,0.00,0.00,0.00,0.00,0.00,1,'2022-09-02 21:38:11','2022-10-05 11:12:03',NULL),(304,5563,45,'3° CAT: Capataz de Segunda',50344.00,200.00,8.00,0.00,0.00,0.00,0.00,0.00,1,'2022-10-05 16:22:31','2022-10-10 08:37:22',NULL);
INSERT INTO `syj_convenio_categorias` VALUES (305,5563,46,'Oficial Múltiple',4508.40,200.00,9.00,0.00,0.00,0.00,0.00,0.00,1,'2020-04-07 09:01:58','2024-10-18 16:41:17',NULL),(306,5563,46,'Oficial',4185.47,90.00,9.00,0.00,0.00,0.00,0.00,0.00,1,'2020-04-07 09:01:58','2024-10-18 16:41:02',NULL),(307,5563,46,'Operario Espdo Múltiple',4000.60,90.00,9.00,0.00,0.00,0.00,0.00,0.00,1,'2021-11-15 20:25:52','2024-10-18 16:40:38',NULL),(308,5563,46,'Operario Especializado',3784.13,90.00,9.00,0.00,0.00,0.00,0.00,0.00,1,'2021-11-15 20:28:42','2024-10-18 16:40:22',NULL),(309,5563,46,'Medio Oficial',3537.33,90.00,9.00,0.00,0.00,0.00,0.00,0.00,1,'2022-02-08 16:16:15','2024-10-18 16:40:03',NULL),(310,5563,46,'Operario Calificado',3282.12,90.00,9.00,0.00,0.00,0.00,0.00,0.00,1,'2022-12-20 19:28:19','2024-10-18 16:39:43',NULL),(311,5563,46,'Ingresante',3029.88,90.00,9.00,0.00,0.00,0.00,0.00,0.00,1,'2022-12-20 19:30:34','2024-10-18 16:39:15',NULL),(312,5563,46,'Técnico de 5°',727835.69,200.00,9.00,0.00,0.00,0.00,0.00,0.00,1,'2023-01-17 13:38:30','2024-07-16 09:54:32',NULL),(313,5563,46,'HERRERO - OFICIAL - RAMA HERRERIAS DE OBRA Y CARPINTERIA METALICA',4181.73,90.00,9.00,0.00,0.00,0.00,0.00,0.00,1,'2023-01-17 14:09:36','2024-10-18 16:38:43',NULL),(314,5563,47,'Oficial Múltiple',765.52,90.00,9.00,0.00,0.00,0.00,0.00,0.00,1,'2020-04-07 12:01:58','2023-01-17 15:26:38','2023-01-17 15:26:38'),(315,5563,47,'Oficial',710.69,90.00,9.00,0.00,0.00,0.00,0.00,0.00,1,'2020-04-07 12:01:58','2023-01-17 15:26:38','2023-01-17 15:26:38'),(316,5563,47,'Oficial Espdo Múltiple',679.30,90.00,9.00,0.00,0.00,0.00,0.00,0.00,1,'2021-11-15 23:25:52','2023-01-17 15:26:38','2023-01-17 15:26:38'),(317,5563,47,'Operario Especializado',642.55,90.00,9.00,0.00,0.00,0.00,0.00,0.00,1,'2021-11-15 23:28:42','2023-01-17 15:26:38','2023-01-17 15:26:38'),(318,5563,47,'Medio Oficial',600.64,90.00,9.00,0.00,0.00,0.00,0.00,0.00,1,'2022-02-08 19:16:15','2023-01-17 15:26:38','2023-01-17 15:26:38'),(319,5563,47,'Operario Calificado',557.32,90.00,9.00,0.00,0.00,0.00,0.00,0.00,1,'2022-12-20 22:28:19','2023-01-17 15:26:38','2023-01-17 15:26:38'),(320,5563,47,'Ingresante',514.47,90.00,9.00,0.00,0.00,0.00,0.00,0.00,1,'2022-12-20 22:30:34','2023-01-17 15:26:38','2023-01-17 15:26:38'),(321,5563,47,'Técnico de 5°',139091.83,200.00,9.00,0.00,0.00,0.00,0.00,0.00,1,'2023-01-17 16:38:30','2023-01-17 15:26:38','2023-01-17 15:26:38'),(322,5563,47,'HERRERO - OFICIAL - RAMA HERRERIAS DE OBRA Y CARPINTERIA METALICA',710.69,90.00,9.00,0.00,0.00,0.00,0.00,0.00,1,'2023-01-17 17:09:36','2023-01-17 15:26:38','2023-01-17 15:26:38'),(323,5563,48,'Oficial Múltiple',765.52,90.00,9.00,0.00,0.00,0.00,0.00,0.00,1,'2020-04-07 12:01:58','2023-01-17 15:33:30','2023-01-17 15:33:30'),(324,5563,48,'Oficial',710.69,90.00,9.00,0.00,0.00,0.00,0.00,0.00,1,'2020-04-07 12:01:58','2023-01-17 15:33:37','2023-01-17 15:33:37'),(325,5563,48,'Oficial Espdo Múltiple',679.30,90.00,9.00,0.00,0.00,0.00,0.00,0.00,1,'2021-11-15 23:25:52','2023-01-17 15:33:34','2023-01-17 15:33:34'),(326,5563,48,'Operario Especializado',642.55,90.00,9.00,0.00,0.00,0.00,0.00,0.00,1,'2021-11-15 23:28:42','2023-01-17 15:33:40','2023-01-17 15:33:40'),(327,5563,48,'Medio Oficial',600.64,90.00,9.00,0.00,0.00,0.00,0.00,0.00,1,'2022-02-08 19:16:15','2023-01-17 15:33:44','2023-01-17 15:33:44'),(328,5563,48,'Operario Calificado',557.32,90.00,9.00,0.00,0.00,0.00,0.00,0.00,1,'2022-12-20 22:28:19','2023-01-17 15:33:48','2023-01-17 15:33:48'),(329,5563,48,'Ingresante',514.47,90.00,9.00,0.00,0.00,0.00,0.00,0.00,1,'2022-12-20 22:30:34','2023-01-17 15:33:55','2023-01-17 15:33:55'),(330,5563,48,'HERRERO - OFICIAL - RAMA HERRERIAS DE OBRA Y CARPINTERIA METALICA',133658.00,200.00,9.00,0.00,0.00,0.00,0.00,0.00,1,'2023-01-17 16:38:30','2023-01-17 15:34:24',NULL),(331,5563,48,'HERRERO - OFICIAL - RAMA HERRERIAS DE OBRA Y CARPINTERIA METALICA',710.69,90.00,9.00,0.00,0.00,0.00,0.00,0.00,1,'2023-01-17 17:09:36','2023-01-17 15:34:02','2023-01-17 15:34:02');
INSERT INTO `syj_convenio_categorias` VALUES (332,5563,49,'OFICIAL',670.00,88.00,8.00,0.00,0.00,0.00,0.00,0.00,1,'2020-04-07 09:01:58','2023-02-08 12:28:51','2023-02-08 12:28:51'),(333,5563,49,'MEDIO OFICIAL',618.00,88.00,8.00,0.00,0.00,0.00,0.00,0.00,1,'2020-04-07 09:01:58','2023-02-08 12:28:51','2023-02-08 12:28:51'),(334,5563,49,'Ayudante',568.00,88.00,8.00,0.00,0.00,0.00,0.00,0.00,1,'2021-11-15 20:25:52','2023-02-08 12:28:51','2023-02-08 12:28:51'),(335,5563,49,'OFICIAL ESPECIALIZADO',787.00,88.00,8.00,0.00,0.00,0.00,0.00,0.00,1,'2021-11-15 20:28:42','2023-02-08 12:28:51','2023-02-08 12:28:51'),(336,5563,43,'1° CAT: CAPATAZ DE OBRA',757853.00,200.00,8.00,0.00,0.00,0.00,0.00,0.00,1,'2024-03-18 16:44:50','2024-04-04 14:48:12',NULL),(337,5563,43,'3° CAT: CAPATAZ DE SEGUNDA',630418.00,200.00,8.00,0.00,0.00,0.00,0.00,0.00,1,'2024-03-18 16:45:35','2024-04-04 14:48:44',NULL),(338,5563,43,'3° CAT: AYUDANTE TÉCNICO',555721.00,200.00,9.00,0.00,0.00,0.00,0.00,0.00,1,'2024-03-18 16:47:57','2024-04-04 14:49:12',NULL);

--
-- Table structure for table `syj_convenio_formatosicoss`
--

CREATE TABLE `syj_convenio_formatosicoss` (
  `user_id` int(10) unsigned DEFAULT NULL,
  `syj_convenio_id` int(10) unsigned DEFAULT NULL,
  `syj_formato_sicoss_id` int(10) unsigned DEFAULT NULL,
  `created_at` timestamp NULL DEFAULT NULL,
  `updated_at` timestamp NULL DEFAULT NULL,
  `deleted_at` timestamp NULL DEFAULT NULL,
  KEY `syj_convenio_formatosicoss_syj_convenio_id_foreign` (`syj_convenio_id`),
  KEY `syj_convenio_formatosicoss_syj_formato_sicoss_id_foreign` (`syj_formato_sicoss_id`),
  CONSTRAINT `syj_convenio_formatosicoss_syj_convenio_id_foreign` FOREIGN KEY (`syj_convenio_id`) REFERENCES `syj_convenios` (`id`),
  CONSTRAINT `syj_convenio_formatosicoss_syj_formato_sicoss_id_foreign` FOREIGN KEY (`syj_formato_sicoss_id`) REFERENCES `syj_formato_sicoss` (`id`)
) ENGINE=InnoDB DEFAULT CHARSET=utf8mb4 COLLATE=utf8mb4_unicode_ci;

--
-- Dumping data for table `syj_convenio_formatosicoss`
--

INSERT INTO `syj_convenio_formatosicoss` VALUES (NULL,5,1,NULL,'2022-02-10 16:11:24','2022-02-10 16:11:24'),(1,6,1,NULL,NULL,NULL),(1,7,1,NULL,NULL,NULL),(88,13,1,NULL,NULL,NULL),(88,14,1,NULL,NULL,NULL),(88,15,1,NULL,NULL,NULL),(88,16,1,NULL,NULL,NULL),(88,17,1,NULL,NULL,NULL),(88,18,1,NULL,NULL,NULL),(88,19,1,NULL,NULL,NULL),(88,20,1,NULL,NULL,NULL),(88,21,1,NULL,NULL,NULL),(88,22,1,NULL,NULL,NULL),(88,24,1,NULL,NULL,NULL),(1,34,1,NULL,NULL,NULL),(NULL,5,2,'2021-08-28 19:50:56','2022-02-10 16:11:24','2022-02-10 16:11:24'),(NULL,6,2,'2021-08-28 19:50:56','2021-08-28 19:50:56',NULL),(NULL,7,2,'2021-08-28 19:50:56','2021-08-28 19:50:56',NULL),(NULL,13,2,'2021-08-28 19:50:56','2021-08-28 19:50:56',NULL),(NULL,14,2,'2021-08-28 19:50:56','2021-08-28 19:50:56',NULL),(NULL,15,2,'2021-08-28 19:50:56','2021-08-28 19:50:56',NULL),(NULL,16,2,'2021-08-28 19:50:56','2021-08-28 19:50:56',NULL),(NULL,17,2,'2021-08-28 19:50:57','2021-08-28 19:50:57',NULL),(NULL,18,2,'2021-08-28 19:50:57','2021-08-28 19:50:57',NULL),(NULL,19,2,'2021-08-28 19:50:57','2021-08-28 19:50:57',NULL),(NULL,20,2,'2021-08-28 19:50:57','2021-08-28 19:50:57',NULL),(NULL,21,2,'2021-08-28 19:50:57','2021-08-28 19:50:57',NULL),(NULL,22,2,'2021-08-28 19:50:57','2021-08-28 19:50:57',NULL),(NULL,24,2,'2021-08-28 19:50:57','2021-08-28 19:50:57',NULL),(NULL,34,2,'2021-08-28 19:50:57','2021-08-28 19:50:57',NULL),(NULL,35,1,NULL,NULL,NULL),(NULL,35,2,NULL,NULL,NULL),(5563,36,1,NULL,NULL,NULL),(5563,36,2,'2021-08-28 22:50:56','2021-08-28 22:50:56',NULL),(5563,37,1,NULL,'2021-11-17 18:27:54','2021-11-17 18:27:54'),(5563,37,2,'2021-08-28 22:50:56','2021-11-17 18:27:54','2021-11-17 18:27:54'),(5563,38,1,NULL,'2022-02-08 13:10:05','2022-02-08 13:10:05'),(5563,38,2,'2021-08-29 01:50:56','2022-02-08 13:10:05','2022-02-08 13:10:05'),(5563,39,1,NULL,NULL,NULL),(5563,39,2,'2021-08-29 04:50:56','2021-08-29 04:50:56',NULL),(5563,40,1,NULL,NULL,NULL),(5563,40,2,'2021-08-28 22:50:56','2021-08-28 22:50:56',NULL),(5563,41,1,NULL,'2022-02-17 10:37:05','2022-02-17 10:37:05'),(5563,41,2,'2021-08-28 22:50:56','2022-02-17 10:37:05','2022-02-17 10:37:05'),(5563,42,1,NULL,NULL,NULL),(5563,42,2,'2021-08-28 22:50:56','2021-08-28 22:50:56',NULL),(5563,43,1,NULL,NULL,NULL),(5563,43,2,'2021-08-29 01:50:56','2021-08-29 01:50:56',NULL),(5563,44,1,NULL,NULL,NULL),(5563,44,2,'2021-08-29 01:50:56','2021-08-29 01:50:56',NULL),(5563,45,1,NULL,NULL,NULL),(5563,45,2,'2021-08-29 04:50:56','2021-08-29 04:50:56',NULL),(6952,46,1,NULL,NULL,NULL),(6952,46,2,'2021-08-29 01:50:56','2021-08-29 01:50:56',NULL),(5563,47,1,NULL,'2023-01-17 15:26:38','2023-01-17 15:26:38'),(5563,47,2,'2021-08-29 04:50:56','2023-01-17 15:26:38','2023-01-17 15:26:38'),(5563,48,1,NULL,NULL,NULL),(5563,48,2,'2021-08-29 04:50:56','2021-08-29 04:50:56',NULL),(5563,49,1,NULL,'2023-02-08 12:28:51','2023-02-08 12:28:51'),(5563,49,2,'2021-08-29 01:50:56','2023-02-08 12:28:51','2023-02-08 12:28:51');

--
-- Table structure for table `syj_convenios`
--

CREATE TABLE `syj_convenios` (
  `id` int(10) unsigned NOT NULL AUTO_INCREMENT,
  `user_id` int(10) unsigned DEFAULT NULL,
  `descripcion` varchar(191) COLLATE utf8mb4_unicode_ci DEFAULT NULL,
  `syj_emp_afecta_id` int(10) unsigned NOT NULL,
  `habilitado` tinyint(1) NOT NULL DEFAULT '1',
  `created_at` timestamp NULL DEFAULT NULL,
  `updated_at` timestamp NULL DEFAULT NULL,
  `deleted_at` timestamp NULL DEFAULT NULL,
  PRIMARY KEY (`id`),
  KEY `syj_convenios_syj_emp_afecta_id_foreign` (`syj_emp_afecta_id`),
  CONSTRAINT `syj_convenios_syj_emp_afecta_id_foreign` FOREIGN KEY (`syj_emp_afecta_id`) REFERENCES `syj_emp_afecta` (`id`)
) ENGINE=InnoDB AUTO_INCREMENT=50 DEFAULT CHARSET=utf8mb4 COLLATE=utf8mb4_unicode_ci;

--
-- Dumping data for table `syj_convenios`
--

INSERT INTO `syj_convenios` VALUES (5,5563,'CONVENIO GENERICO',2,1,'2020-04-07 03:01:58','2022-02-10 16:11:24','2022-02-10 16:11:24'),(6,88,'COMERCIO 130/75',2,1,'2020-05-11 15:11:16','2021-08-28 19:50:53',NULL),(7,1,'DIRECTORES - GERENTES',2,1,'2020-05-12 12:36:54','2021-08-28 19:50:53',NULL),(13,88,'TINTOREROS 0526/08',3,1,'2020-05-13 10:17:46','2020-05-13 10:48:47',NULL),(14,88,'SANIDAD 108/75',2,1,'2020-05-13 12:21:02','2020-05-13 12:21:26',NULL),(15,88,'SANIDAD 122/75',2,1,'2020-05-13 15:40:51','2020-05-13 15:40:51',NULL),(16,5563,'UOCRA 76/75 (IMC)',3,1,'2020-05-19 09:56:17','2022-02-22 16:18:12',NULL),(17,88,'SOECRA - COCHERIAS 749/18',2,1,'2020-05-19 11:20:07','2021-08-28 19:50:53',NULL),(18,88,'SOCAYA 179/75',3,1,'2020-05-19 14:24:18','2020-05-19 14:24:18',NULL),(19,88,'AOTRA 500/07',3,1,'2020-05-19 15:21:50','2020-05-19 15:21:50',NULL),(20,88,'UTHGRA 389/04',2,1,'2020-05-20 08:56:34','2021-08-28 19:50:53',NULL),(21,88,'SOMRA 281/96',2,1,'2020-05-20 11:46:24','2021-08-28 19:50:53',NULL),(22,88,'CAMIONEROS 40/89',2,1,'2020-05-20 13:28:57','2021-08-28 19:50:53',NULL),(24,88,'ATILRA 02/88',2,1,'2020-05-21 20:24:45','2021-08-28 19:50:53',NULL),(34,88,'UPSRA - Seguridad 507/07',2,1,'2020-05-22 12:48:31','2021-08-28 19:50:53',NULL),(35,NULL,'Empleado Eventual',1,1,'2021-10-23 09:01:57','2021-10-23 09:01:57',NULL),(36,5563,'UECARA 660/13',2,1,'2021-11-17 18:23:34','2021-11-17 18:23:34',NULL),(37,5563,'UECARA 660/13',2,1,'2021-11-17 18:23:38','2021-11-17 18:27:54','2021-11-17 18:27:54'),(38,5563,'SMATA - 27/88',2,1,'2022-02-04 15:35:23','2022-02-08 13:10:05','2022-02-08 13:10:05'),(39,5563,'ASIMRA RAMA 4 - 253/95',2,1,'2022-02-04 15:36:37','2022-02-04 15:36:37',NULL),(40,5563,'SMATA 27/88',3,1,'2022-02-08 13:10:37','2022-02-08 13:10:37',NULL),(41,5563,'SATI - UOCRA 76/75',3,1,'2022-02-11 20:28:04','2022-02-17 10:37:05','2022-02-17 10:37:05'),(42,5563,'SATI - UOCRA 76/75',3,1,'2022-02-17 10:37:23','2022-02-17 10:37:23',NULL),(43,5563,'SATI - UECARA 660/13',2,1,'2022-03-07 13:27:48','2022-03-07 13:27:48',NULL),(44,5563,'SATI - UOCRA 76/75 (antiguos)',3,1,'2022-10-05 13:42:40','2022-10-05 13:42:40',NULL),(45,5563,'SATI - UECARA 660/13 (antiguos)',2,1,'2022-10-05 13:43:08','2022-10-05 13:43:08',NULL),(46,5563,'UOM- CCT 260/75-RAMA 16 (ROSSO)',3,1,'2022-12-20 19:11:04','2023-01-17 15:18:33',NULL),(47,5563,'UOM- CCT 260/75-RAMA 16 (ROSSO) - mensual',2,1,'2023-01-17 15:17:56','2023-01-17 15:26:38','2023-01-17 15:26:38'),(48,5563,'UOM- CCT 260/75-RAMA 16 MENSUAL (ROSSO)',2,1,'2023-01-17 15:32:23','2023-01-17 15:32:39',NULL),(49,5563,'ROSSO - UOCRA 76/75',3,1,'2023-01-25 23:55:22','2023-02-08 12:28:51','2023-02-08 12:28:51');

--
-- Table structure for table `syj_domicilios`
--

CREATE TABLE `syj_domicilios` (
  `id` int(10) unsigned NOT NULL AUTO_INCREMENT,
  `user_id` int(10) unsigned DEFAULT NULL,
  `person_id` int(10) unsigned NOT NULL,
  `pais_id` int(10) unsigned NOT NULL,
  `zone_id` int(10) unsigned NOT NULL,
  `localidad_id` int(10) unsigned NOT NULL,
  `calle` varchar(191) COLLATE utf8mb4_unicode_ci DEFAULT NULL,
  `numero` int(11) DEFAULT NULL,
  `piso` varchar(191) COLLATE utf8mb4_unicode_ci DEFAULT NULL,
  `depto` varchar(191) COLLATE utf8mb4_unicode_ci DEFAULT NULL,
  `cod_postal` int(11) DEFAULT NULL,
  `sucursal` varchar(191) COLLATE utf8mb4_unicode_ci DEFAULT NULL,
  `is_legal` tinyint(1) NOT NULL DEFAULT '0',
  `habilitado` tinyint(1) NOT NULL DEFAULT '1',
  `created_at` timestamp NULL DEFAULT NULL,
  `updated_at` timestamp NULL DEFAULT NULL,
  `deleted_at` timestamp NULL DEFAULT NULL,
  PRIMARY KEY (`id`),
  KEY `syj_domicilios_person_id_foreign` (`person_id`),
  KEY `syj_domicilios_pais_id_foreign` (`pais_id`),
  KEY `syj_domicilios_zone_id_foreign` (`zone_id`),
  KEY `syj_domicilios_localidad_id_foreign` (`localidad_id`),
  CONSTRAINT `syj_domicilios_localidad_id_foreign` FOREIGN KEY (`localidad_id`) REFERENCES `localidad` (`id`),
  CONSTRAINT `syj_domicilios_pais_id_foreign` FOREIGN KEY (`pais_id`) REFERENCES `pais` (`id`),
  CONSTRAINT `syj_domicilios_person_id_foreign` FOREIGN KEY (`person_id`) REFERENCES `persons` (`id`),
  CONSTRAINT `syj_domicilios_zone_id_foreign` FOREIGN KEY (`zone_id`) REFERENCES `zones` (`id`)
) ENGINE=InnoDB AUTO_INCREMENT=6 DEFAULT CHARSET=utf8mb4 COLLATE=utf8mb4_unicode_ci;

--
-- Dumping data for table `syj_domicilios`
--

INSERT INTO `syj_domicilios` VALUES (1,5563,40719,1,23,2,'Av. Pte. Arturo Illia',11561,'-','-',1667,'1',1,1,'2021-09-01 11:35:10','2021-09-01 11:35:10',NULL),(2,5563,40731,1,23,5,'Av. Pte. Arturo Illia',11561,'','',1667,'1',1,1,'2021-11-16 15:55:14','2022-02-23 10:59:21',NULL),(3,5563,40732,1,23,9,'JOSE MAZZINI',1930,'','',1686,'1',1,1,'2022-02-04 14:11:30','2022-02-04 14:13:27',NULL),(4,5563,40861,1,23,25,'DR URCOLA  Cod. Postal 1644',3146,'','',1644,'1',0,0,'2022-12-20 20:05:25','2024-08-07 07:27:23',NULL),(5,6952,40861,1,23,26,'MARCONI',1953,'','',1609,'1',1,1,'2022-12-20 20:09:40','2022-12-20 20:09:40',NULL);

--
-- Table structure for table `syj_emp_afecta`
--

CREATE TABLE `syj_emp_afecta` (
  `id` int(10) unsigned NOT NULL AUTO_INCREMENT,
  `user_id` int(10) unsigned DEFAULT NULL,
  `descripcion` varchar(191) COLLATE utf8mb4_unicode_ci NOT NULL,
  `habilitado` tinyint(1) NOT NULL DEFAULT '1',
  `created_at` timestamp NULL DEFAULT NULL,
  `updated_at` timestamp NULL DEFAULT NULL,
  `deleted_at` timestamp NULL DEFAULT NULL,
  PRIMARY KEY (`id`),
  UNIQUE KEY `syj_emp_afecta_descripcion_unique` (`descripcion`)
) ENGINE=InnoDB AUTO_INCREMENT=4 DEFAULT CHARSET=utf8mb4 COLLATE=utf8mb4_unicode_ci;

--
-- Dumping data for table `syj_emp_afecta`
--

INSERT INTO `syj_emp_afecta` VALUES (1,NULL,'Todos',1,'2020-05-28 20:55:23','2020-05-28 20:55:23',NULL),(2,NULL,'Mensual/Jornal',1,'2020-05-28 20:55:23','2020-05-28 20:55:23',NULL),(3,NULL,'Quincenal',1,'2020-05-28 20:55:23','2020-05-28 20:55:23',NULL);

--
-- Table structure for table `syj_emp_alcance`
--

CREATE TABLE `syj_emp_alcance` (
  `id` int(10) unsigned NOT NULL AUTO_INCREMENT,
  `user_id` int(10) unsigned DEFAULT NULL,
  `descripcion` varchar(191) COLLATE utf8mb4_unicode_ci NOT NULL,
  `habilitado` tinyint(1) NOT NULL DEFAULT '1',
  `created_at` timestamp NULL DEFAULT NULL,
  `updated_at` timestamp NULL DEFAULT NULL,
  `deleted_at` timestamp NULL DEFAULT NULL,
  PRIMARY KEY (`id`),
  UNIQUE KEY `syj_emp_alcance_descripcion_unique` (`descripcion`)
) ENGINE=InnoDB AUTO_INCREMENT=3 DEFAULT CHARSET=utf8mb4 COLLATE=utf8mb4_unicode_ci;

--
-- Dumping data for table `syj_emp_alcance`
--

INSERT INTO `syj_emp_alcance` VALUES (1,NULL,'General',1,'2020-05-28 20:55:23','2020-05-28 20:55:23',NULL),(2,NULL,'Por Empleado',1,'2020-05-28 20:55:23','2020-05-28 20:55:23',NULL);

--
-- Table structure for table `syj_emp_cod_siniestro`
--

CREATE TABLE `syj_emp_cod_siniestro` (
  `id` int(10) unsigned NOT NULL AUTO_INCREMENT,
  `user_id` int(10) unsigned DEFAULT NULL,
  `codigo_afip` varchar(191) COLLATE utf8mb4_unicode_ci NOT NULL,
  `descripcion` varchar(191) COLLATE utf8mb4_unicode_ci NOT NULL,
  `habilitado` tinyint(1) NOT NULL DEFAULT '1',
  `created_at` timestamp NULL DEFAULT NULL,
  `updated_at` timestamp NULL DEFAULT NULL,
  `deleted_at` timestamp NULL DEFAULT NULL,
  PRIMARY KEY (`id`),
  UNIQUE KEY `syj_emp_cod_siniestro_codigo_afip_unique` (`codigo_afip`)
) ENGINE=InnoDB AUTO_INCREMENT=15 DEFAULT CHARSET=utf8mb4 COLLATE=utf8mb4_unicode_ci;

--
-- Dumping data for table `syj_emp_cod_siniestro`
--

INSERT INTO `syj_emp_cod_siniestro` VALUES (1,NULL,'0','No Incapacitado',1,'2020-05-28 20:55:24','2020-05-28 20:55:24',NULL),(2,NULL,'1','ILT Incapacidad Laboral Temporaria',1,'2020-05-28 20:55:24','2020-05-28 20:55:24',NULL),(3,NULL,'2','ILPPP Incap Lab Perman Parcial Provisoria',1,'2020-05-28 20:55:24','2020-05-28 20:55:24',NULL),(4,NULL,'3','ILPPD Incap Lab Perman Parcial Definitiva',1,'2020-05-28 20:55:24','2020-05-28 20:55:24',NULL),(5,NULL,'4','ILPTP Incap Lab Perman Total Provisoria',1,'2020-05-28 20:55:24','2020-05-28 20:55:24',NULL),(6,NULL,'5','Capital de recomp Art 15,ap 3 Ley 24557',1,'2020-05-28 20:55:24','2020-05-28 20:55:24',NULL),(7,NULL,'6','Ajuste Definitivo ILPPD de pago mensual',1,'2020-05-28 20:55:24','2020-05-28 20:55:24',NULL),(8,NULL,'7','RENTA PERIOD ILPPD Inc Lab Perm Parc Def>50%',1,'2020-05-28 20:55:24','2020-05-28 20:55:24',NULL),(9,NULL,'8','SRT/SSN F Garantia/F Res ILT Incap Lab Temp',1,'2020-05-28 20:55:24','2020-05-28 20:55:24',NULL),(10,NULL,'9','SRT/SSN F Gtia/F Res ILPPP Inc Lab Perm Parc',1,'2020-05-28 20:55:24','2020-05-28 20:55:24',NULL),(11,NULL,'10','SRT/SSN F Gtia/F Res ILPTP Inc Lab Perm Total',1,'2020-05-28 20:55:24','2020-05-28 20:55:24',NULL),(12,NULL,'11','SRT/SSN F Gtia/F Res ILPPD Inc Lab Perm Par D',1,'2020-05-28 20:55:24','2020-05-28 20:55:24',NULL),(13,NULL,'12','ILPPD Beneficios devengados art 11 p.4',1,'2020-05-28 20:55:24','2020-05-28 20:55:24',NULL),(14,NULL,'13','INFORME Incr salarial de trabaj siniest a ART',1,'2020-05-28 20:55:24','2020-05-28 20:55:24',NULL);

--
-- Table structure for table `syj_emp_condicion`
--

CREATE TABLE `syj_emp_condicion` (
  `id` int(10) unsigned NOT NULL AUTO_INCREMENT,
  `user_id` int(10) unsigned DEFAULT NULL,
  `descripcion` varchar(191) COLLATE utf8mb4_unicode_ci NOT NULL,
  `codigo_afip` int(10) unsigned NOT NULL,
  `habilitado` tinyint(1) NOT NULL DEFAULT '1',
  `created_at` timestamp NULL DEFAULT NULL,
  `updated_at` timestamp NULL DEFAULT NULL,
  `deleted_at` timestamp NULL DEFAULT NULL,
  PRIMARY KEY (`id`),
  UNIQUE KEY `syj_emp_condicion_descripcion_unique` (`descripcion`)
) ENGINE=InnoDB AUTO_INCREMENT=15 DEFAULT CHARSET=utf8mb4 COLLATE=utf8mb4_unicode_ci;

--
-- Dumping data for table `syj_emp_condicion`
--

INSERT INTO `syj_emp_condicion` VALUES (1,NULL,'Jubilado Decreto Nº 894/01 y/o Dec 2288/02',0,1,'2020-05-28 20:55:24','2020-05-28 20:55:24',NULL),(2,NULL,'SERVICIOS COMUNES Mayor de 18 años',1,1,'2020-05-28 20:55:24','2020-05-28 20:55:34',NULL),(3,NULL,'Jubilado',2,1,'2020-05-28 20:55:24','2020-05-28 20:55:34',NULL),(4,NULL,'Menor',3,1,'2020-05-28 20:55:24','2020-05-28 20:55:34',NULL),(5,NULL,'Menor Anterior',4,0,'2020-05-28 20:55:24','2021-09-16 15:50:37',NULL),(6,NULL,'SERVICIOS DIFERENCIADOS Mayor de 18 años',5,1,'2020-05-28 20:55:24','2020-05-28 20:55:34',NULL),(7,NULL,'Pre-Jubilables Sin relacion de dependencia-s/',6,1,'2020-05-28 20:55:24','2020-05-28 20:55:34',NULL),(8,NULL,'MEDIDA DE NO INNOVAR SERV COMUNES',7,0,'2020-05-28 20:55:24','2021-09-16 15:50:37',NULL),(9,NULL,'MEDIDA DE NO INNOVAR SERV DIFERENCIADOS',8,0,'2020-05-28 20:55:24','2021-09-16 15:50:37',NULL),(10,NULL,'Jubilado Decreto Nº 206/00 y/o Decreto 894/01',9,1,'2020-05-28 20:55:24','2020-05-28 20:55:34',NULL),(11,NULL,'Pensión (NO SIPA)',10,1,'2020-05-28 20:55:24','2020-05-28 20:55:34',NULL),(12,NULL,'Pensión no contributiva (NO SIPA)',11,1,'2020-05-28 20:55:24','2020-05-28 20:55:34',NULL),(13,NULL,'Art. 8º Ley Nº 27426',12,1,'2021-09-16 15:50:37','2021-09-16 15:50:37',NULL),(14,NULL,'Servicios Diferenciados no alcanzados por el Dto. 633/2018',13,1,'2021-09-16 15:50:37','2021-09-16 15:50:37',NULL);

--
-- Table structure for table `syj_emp_estado`
--

CREATE TABLE `syj_emp_estado` (
  `id` int(10) unsigned NOT NULL AUTO_INCREMENT,
  `user_id` int(10) unsigned DEFAULT NULL,
  `descripcion` varchar(191) COLLATE utf8mb4_unicode_ci NOT NULL,
  `habilitado` tinyint(1) NOT NULL DEFAULT '1',
  `created_at` timestamp NULL DEFAULT NULL,
  `updated_at` timestamp NULL DEFAULT NULL,
  `deleted_at` timestamp NULL DEFAULT NULL,
  PRIMARY KEY (`id`),
  UNIQUE KEY `syj_emp_estado_descripcion_unique` (`descripcion`)
) ENGINE=InnoDB AUTO_INCREMENT=4 DEFAULT CHARSET=utf8mb4 COLLATE=utf8mb4_unicode_ci;

--
-- Dumping data for table `syj_emp_estado`
--

INSERT INTO `syj_emp_estado` VALUES (1,NULL,'Habilitado',1,'2020-05-28 20:55:23','2020-05-28 20:55:23',NULL),(2,NULL,'Inhabilitado',1,'2020-05-28 20:55:23','2020-05-28 20:55:23',NULL),(3,NULL,'Baja',1,'2020-05-28 20:55:23','2020-05-28 20:55:23',NULL);

--
-- Table structure for table `syj_emp_mod_contratacion`
--

CREATE TABLE `syj_emp_mod_contratacion` (
  `id` int(10) unsigned NOT NULL AUTO_INCREMENT,
  `user_id` int(10) unsigned DEFAULT NULL,
  `codigo_afip` varchar(191) COLLATE utf8mb4_unicode_ci NOT NULL,
  `descripcion` varchar(191) COLLATE utf8mb4_unicode_ci NOT NULL,
  `habilitado` tinyint(1) NOT NULL DEFAULT '1',
  `created_at` timestamp NULL DEFAULT NULL,
  `updated_at` timestamp NULL DEFAULT NULL,
  `deleted_at` timestamp NULL DEFAULT NULL,
  PRIMARY KEY (`id`),
  UNIQUE KEY `syj_emp_mod_contratacion_codigo_afip_unique` (`codigo_afip`)
) ENGINE=InnoDB AUTO_INCREMENT=123 DEFAULT CHARSET=utf8mb4 COLLATE=utf8mb4_unicode_ci;

--
-- Dumping data for table `syj_emp_mod_contratacion`
--

INSERT INTO `syj_emp_mod_contratacion` VALUES (1,NULL,'1','A tiempo parcial:Indeterminado/permanente',1,'2020-05-28 20:55:24','2020-05-28 20:55:24',NULL),(2,NULL,'2','Becarios/Residencias medicas Ley 22127',1,'2020-05-28 20:55:24','2020-05-28 20:55:24',NULL),(3,NULL,'3','De aprendizaje l.25013',1,'2020-05-28 20:55:24','2020-05-28 20:55:24',NULL),(4,NULL,'8','A tiempo completo indet/Trabajo permanente',1,'2020-05-28 20:55:24','2020-05-28 20:55:24',NULL),(5,NULL,'10','Pasantias-sin obra social',1,'2020-05-28 20:55:24','2020-05-28 20:55:24',NULL),(6,NULL,'11','Trabajo de temporada',1,'2020-05-28 20:55:24','2020-05-28 20:55:24',NULL),(7,NULL,'12','Trabajo eventual',1,'2020-05-28 20:55:24','2020-05-28 20:55:24',NULL),(8,NULL,'14','Nuevo Periodo de Prueba',1,'2020-05-28 20:55:24','2020-05-28 20:55:24',NULL),(9,NULL,'15','Pto Nuevo Varones y Mujeres de 25 a 44 años',1,'2020-05-28 20:55:24','2020-05-28 20:55:24',NULL),(10,NULL,'16','Nuevo Periodo de Prueba Trab Disc Art 34',1,'2020-05-28 20:55:24','2020-05-28 20:55:24',NULL),(11,NULL,'17','Pto Nuevo Menor de 25 años, Varones y Mujeres',1,'2020-05-28 20:55:24','2020-05-28 20:55:24',NULL),(12,NULL,'18','Trabajador Discapacitado Art 34 Ley 24147',1,'2020-05-28 20:55:24','2020-05-28 20:55:24',NULL),(13,NULL,'19','Puesto Nuevo. Varones y Mujeres 25 a 44 años',1,'2020-05-28 20:55:24','2020-05-28 20:55:24',NULL),(14,NULL,'20','Pto Nuevo Menor de 25 años, Varones y Mujeres',1,'2020-05-28 20:55:24','2020-05-28 20:55:24',NULL),(15,NULL,'21','A tiempo parcial det(contrato a plazo fijo)',1,'2020-05-28 20:55:24','2020-05-28 20:55:24',NULL),(16,NULL,'22','A Tiempo completo det(contrato a plazo fijo)',1,'2020-05-28 20:55:24','2020-05-28 20:55:24',NULL),(17,NULL,'23','Personal no permanente L 22248',1,'2020-05-28 20:55:24','2020-05-28 20:55:24',NULL),(18,NULL,'24','Personal de la Construccion L 22250',1,'2020-05-28 20:55:24','2020-05-28 20:55:24',NULL),(19,NULL,'25','Empleo publico provincial',1,'2020-05-28 20:55:24','2020-05-28 20:55:24',NULL),(20,NULL,'26','Benef de programa de empleo, capacit y recup',1,'2020-05-28 20:55:24','2020-05-28 20:55:24',NULL),(21,NULL,'27','Pasantias Ley 26427-con obra social-',1,'2020-05-28 20:55:24','2020-05-28 20:55:24',NULL),(22,NULL,'28','Programas Jefes y Jefas de Hogar',1,'2020-05-28 20:55:24','2020-05-28 20:55:24',NULL),(23,NULL,'29','Decreto Nº 1212/03 Aportante Autonomo',1,'2020-05-28 20:55:24','2020-05-28 20:55:24',NULL),(24,NULL,'30','Nuevo Periodo de Prueba Trabaj Discap Art 87',1,'2020-05-28 20:55:24','2020-05-28 20:55:24',NULL),(25,NULL,'31','Trabajador Discapacitado Art 87 L 24013',1,'2020-05-28 20:55:24','2020-05-28 20:55:24',NULL),(26,NULL,'44','Changa Solidaria CCT 62/75',1,'2020-05-28 20:55:24','2020-05-28 20:55:24',NULL),(27,NULL,'45','Personal no permanente hoteles CCT 362/03',1,'2020-05-28 20:55:24','2020-05-28 20:55:24',NULL),(28,NULL,'46','Planta transitoria Adm Pub Nac,Prov y/o Munic',1,'2020-05-28 20:55:24','2020-05-28 20:55:24',NULL),(29,NULL,'47','Representacion Gremial',1,'2020-05-28 20:55:24','2020-05-28 20:55:24',NULL),(30,NULL,'48','Art 4 L 24241 Traslado temp desde el exterior',1,'2020-05-28 20:55:24','2020-05-28 20:55:24',NULL),(31,NULL,'49','Directores-empleado SA con OS y LRT',1,'2020-05-28 20:55:24','2020-05-28 20:55:24',NULL),(32,NULL,'51','Pasantias Ley 26247-con OS- benef pens de dis',1,'2020-05-28 20:55:24','2020-05-28 20:55:24',NULL),(33,NULL,'95','Planes Ministerio de Trabajo',1,'2020-05-28 20:55:24','2020-05-28 20:55:24',NULL),(34,NULL,'96','Plan Trabajo por San Luis Ley 5411/03',1,'2020-05-28 20:55:24','2020-05-28 20:55:24',NULL),(35,NULL,'97','Programa Trabajo para jovenes tucumanos',1,'2020-05-28 20:55:24','2020-05-28 20:55:24',NULL),(36,NULL,'98','BONUS 2da oportunidad',1,'2020-05-28 20:55:24','2020-05-28 20:55:24',NULL),(37,NULL,'99','LRT(Directores SA,municipios,org cent y desc',1,'2020-05-28 20:55:24','2020-05-28 20:55:24',NULL),(38,NULL,'110','Trabajo Permanente Prest.Continua Ley 26727',1,'2020-05-28 20:55:24','2020-05-28 20:55:24',NULL);
INSERT INTO `syj_emp_mod_contratacion` VALUES (39,NULL,'111','Trabajo Temporario Ley 26727',1,'2020-05-28 20:55:24','2020-05-28 20:55:24',NULL),(40,NULL,'112','Trabajo Permanente Discontinuo Ley 26727',1,'2020-05-28 20:55:24','2020-05-28 20:55:24',NULL),(41,NULL,'113','Trabajo por eq.o cuadrilla familiar Ley 26727',1,'2020-05-28 20:55:24','2020-05-28 20:55:24',NULL),(42,NULL,'114','Trabajo temporario con Reducción Ley 26727',0,'2020-05-28 20:55:24','2021-09-16 15:50:37',NULL),(43,NULL,'115','Trabajo permanente disc con reducción ley 267',0,'2020-05-28 20:55:24','2021-09-16 15:50:37',NULL),(44,NULL,'201','Puesto Nuevo art 16 Ley 26467 benef prim 12m',0,'2020-05-28 20:55:24','2021-09-16 15:50:37',NULL),(45,NULL,'202','Pto Nuevo art 16 Ley 26467 trab discap Art 34',0,'2020-05-28 20:55:24','2021-09-16 15:50:37',NULL),(46,NULL,'203','Pto nuevo art 16 Ley 26467 trab disc Art 87',0,'2020-05-28 20:55:24','2021-09-16 15:50:37',NULL),(47,NULL,'204','Pto nuevo art 16 L 26467-meses 13 a 24-benef',0,'2020-05-28 20:55:24','2021-09-16 15:50:37',NULL),(48,NULL,'205','Pto nuevo art 16 L 26467 trab disc Art 34 L24',0,'2020-05-28 20:55:24','2021-09-16 15:50:37',NULL),(49,NULL,'206','Pto nuevo art 16 L 26467 trab disc Art 87 L28',0,'2020-05-28 20:55:24','2021-09-16 15:50:38',NULL),(50,NULL,'301','Art.19 Ley 26940. Tiempo indeterminado',0,'2020-05-28 20:55:24','2022-12-28 17:51:37',NULL),(51,NULL,'302','Art.19 L 26940- Trab. disc. art.34 L 24147 TI',0,'2020-05-28 20:55:24','2022-12-28 17:51:37',NULL),(52,NULL,'303','Art.19 L 26940- Trab. disc. art.34 L 24013 TI',0,'2020-05-28 20:55:24','2022-12-28 17:51:37',NULL),(53,NULL,'304','Art.19 L 26940. Tiempo parcial. Art. 92 LCT',0,'2020-05-28 20:55:24','2022-12-28 17:51:37',NULL),(54,NULL,'305','Art.19 L 26940.Trab. disc. art. 34 L 24147 TP',0,'2020-05-28 20:55:24','2022-12-28 17:51:37',NULL),(55,NULL,'306','Art.19 L 26940.Trab. disc. art. 87 L 24013 TP',0,'2020-05-28 20:55:24','2022-12-28 17:51:37',NULL),(56,NULL,'307','Art.24 L 26940. Hta 15 emp. Prim. 12 meses',0,'2020-05-28 20:55:24','2021-09-16 15:50:38',NULL),(57,NULL,'308','Art24 L 26940 Hta 15 emp. Prim. 12 mes TD A34',0,'2020-05-28 20:55:24','2021-09-16 15:50:38',NULL),(58,NULL,'309','Art24 L 26940 Hta 15 emp. Prim. 12 mes TD A87',0,'2020-05-28 20:55:24','2021-09-16 15:50:38',NULL),(59,NULL,'310','Art 24 L 26940 Hta 15 emp. 2dos12 meses',0,'2020-05-28 20:55:24','2021-09-16 15:50:38',NULL),(60,NULL,'311','Art 24 L 26940 Hta 15 emp. 2dos12 meses',0,'2020-05-28 20:55:24','2021-09-16 15:50:38',NULL),(61,NULL,'312','Art 24 L 26940 Hta 15 emp. 2dos12 meses',0,'2020-05-28 20:55:24','2021-09-16 15:50:38',NULL),(62,NULL,'313','Art 24 L 26940 Hta 16 a 80 emp. Tiempo indet',0,'2020-05-28 20:55:24','2021-09-16 15:50:38',NULL),(63,NULL,'314','Art 24 L 26940 Hta 16 a 80 emp. Tiempo indet',0,'2020-05-28 20:55:24','2021-09-16 15:50:38',NULL),(64,NULL,'315','Art 24 L 26940 Hta 16 a 80 emp. Tiempo indet',0,'2020-05-28 20:55:24','2021-09-16 15:50:38',NULL),(65,NULL,'989','CCG Tabaco Salta',1,'2020-05-28 20:55:24','2020-05-28 20:55:24',NULL),(66,NULL,'990','CCG Tabaco Jujuy',1,'2020-05-28 20:55:24','2020-05-28 20:55:24',NULL),(67,NULL,'991','CCG Vitivinicola de Rio Negro',0,'2020-05-28 20:55:24','2021-09-16 15:50:38',NULL),(68,NULL,'992','CCG Multiproducto del Chaco',1,'2020-05-28 20:55:24','2020-05-28 20:55:24',NULL),(69,NULL,'993','CCG Frutihortícola de San Juan',1,'2020-05-28 20:55:24','2020-05-28 20:55:24',NULL),(70,NULL,'994','CCG Yerba Mate Misiones',1,'2020-05-28 20:55:24','2020-05-28 20:55:24',NULL),(71,NULL,'995','CCG Vitivinícola de San Juan',0,'2020-05-28 20:55:24','2021-09-16 15:50:38',NULL),(72,NULL,'996','CCG Vitivinícola de Mendoza',0,'2020-05-28 20:55:24','2022-12-28 17:51:37',NULL),(73,NULL,'997','CCG forestal del Chaco',1,'2020-05-28 20:55:24','2020-05-28 20:55:24',NULL),(74,NULL,'998','CCG tabaco Virginia del Chaco',1,'2020-05-28 20:55:24','2020-05-28 20:55:24',NULL),(75,NULL,'999','Art11 L 26476 Trabajador registrado Rect. FI',0,'2020-05-28 20:55:24','2021-09-16 15:50:38',NULL);
INSERT INTO `syj_emp_mod_contratacion` VALUES (76,NULL,'59','Taller Protegido de Producción Ley 26816, art. 2º punto 2',1,'2021-09-16 15:50:37','2021-09-16 15:50:37',NULL),(77,NULL,'60','Taller Protegido Especial para el Empleo (TPEE) Ley 26816, art. 2º punto1',1,'2021-09-16 15:50:37','2021-09-16 15:50:37',NULL),(78,NULL,'61','Actor - Interprete en Empleador Contratante Ley 27.203- c/Obra Social',1,'2021-09-16 15:50:37','2021-09-16 15:50:37',NULL),(79,NULL,'62','Actor - Interprete en Empleador Contratante Ley 27.203- s/Obra Social',1,'2021-09-16 15:50:37','2021-09-16 15:50:37',NULL),(80,NULL,'102','Personal permanente discontinuo con ART(para uso de la EU Decreto Nro 762/14)',1,'2021-09-16 15:50:37','2021-09-16 15:50:37',NULL),(81,NULL,'103','Retiro Voluntario - Decreto 263/2018 y otros',1,'2021-09-16 15:50:37','2021-09-16 15:50:37',NULL),(82,NULL,'401','Puesto nuevo Art 2 inc. a Decreto 191/ 2021. Primeros 12 meses',1,'2021-09-16 15:50:37','2021-09-16 15:50:37',NULL),(83,NULL,'404','Puesto nuevo Art 2 inc. d Decreto 191/ 2021. Primeros 12 meses',1,'2021-09-16 15:50:37','2021-09-16 15:50:37',NULL),(84,NULL,'407','Tiempo parcial. Puesto nuevo Art 2 inc. a Decreto 191/ 2021. Primeros 12 meses',1,'2021-09-16 15:50:37','2021-09-16 15:50:37',NULL),(85,NULL,'410','Tiempo parcial. Puesto nuevo Art 2 inc. d Decreto 191/ 2021. Primeros 12 meses',1,'2021-09-16 15:50:37','2021-09-16 15:50:37',NULL),(86,NULL,'413','Discapacitado Ley 24.013 y Puesto nuevo Art 2 inc. a Decreto 191/ 2021',1,'2021-09-16 15:50:37','2021-09-16 15:50:37',NULL),(87,NULL,'414','Discapacitado Ley 24.013 y Puesto nuevo Art 2 inc. d Decreto 191/ 2021',1,'2021-09-16 15:50:37','2021-09-16 15:50:37',NULL),(88,NULL,'415','Discapacitado Ley 24.013 y Tiempo parcial Puesto nuevo Art 2 inc. a Decreto 191/ 2021',1,'2021-09-16 15:50:37','2021-09-16 15:50:37',NULL),(89,NULL,'416','Discapacitado Ley 24.013 y Tiempo parcial Puesto nuevo Art 2 inc. d Decreto 191/ 2021',1,'2021-09-16 15:50:37','2021-09-16 15:50:37',NULL),(90,NULL,'984','CCG foresto industrial del Chaco',1,'2021-09-16 15:50:37','2021-09-16 15:50:37',NULL),(91,NULL,'988','CCG limón Tucumán, Salta y Jujuy',1,'2021-09-16 15:50:37','2021-09-16 15:50:37',NULL),(92,NULL,'63','Acciones de Entrenamiento para el Trabajo - Res 1107/2022',1,'2022-12-28 17:51:36','2022-12-28 17:51:36',NULL),(93,NULL,'402','Puesto nuevo Art 2 inc. b Decreto 191/ 2021. Segundos 12 meses',1,'2022-12-28 17:51:36','2022-12-28 17:51:36',NULL),(94,NULL,'405','Puesto nuevo Art 2 inc. e Decreto 191/ 2021 segundos 12 meses',1,'2022-12-28 17:51:36','2022-12-28 17:51:36',NULL),(95,NULL,'408','Tiempo parcial. Puesto nuevo Art 2 inc. b Decreto 191/ 2021. Segundos 12 meses',1,'2022-12-28 17:51:36','2022-12-28 17:51:36',NULL),(96,NULL,'411','Tiempo parcial. Puesto nuevo Art 2 inc. e Decreto 191/ 2021. Segundos 12 meses',1,'2022-12-28 17:51:36','2022-12-28 17:51:36',NULL),(97,NULL,'501','Puesto Nuevo Art 2 inc. a. Dec. 493/2021',1,'2022-12-28 17:51:36','2022-12-28 17:51:36',NULL),(98,NULL,'502','Puesto Nuevo Art 2 inc. b.Dec. 493/2021',1,'2022-12-28 17:51:36','2022-12-28 17:51:36',NULL),(99,NULL,'503','Tiempo parcial. Puesto Nuevo Art 2 inc. a.Dec. 493/2021',1,'2022-12-28 17:51:36','2022-12-28 17:51:36',NULL),(100,NULL,'504','Tiempo parcial. Puesto Nuevo Art 2 inc. b.Dec. 493/2021',1,'2022-12-28 17:51:36','2022-12-28 17:51:36',NULL),(101,NULL,'505','Discapacitado Ley 24.013 y Puesto nuevo Art 2 inc. a. Dec. 493/2021',1,'2022-12-28 17:51:36','2022-12-28 17:51:36',NULL),(102,NULL,'506','Discapacitado Ley 24.013 y Tiempo parcial Puesto Nuevo Art 2 inc. a.Dec. 493/2021',1,'2022-12-28 17:51:36','2022-12-28 17:51:36',NULL),(103,NULL,'507','Trabajo permanente prestación continua Ley 26727. Puesto Nuevo Art 2 inc. a. Dec. 493/2021',1,'2022-12-28 17:51:36','2022-12-28 17:51:36',NULL),(104,NULL,'508','Trabajo permanente prestación continua Ley 26727. Puesto Nuevo Art 2 inc. b. Dec. 493/2021',1,'2022-12-28 17:51:36','2022-12-28 17:51:36',NULL);
INSERT INTO `syj_emp_mod_contratacion` VALUES (105,NULL,'509','Trabajo permanente discontinuo ley 26727. Puesto Nuevo Art 2 inc. a.  Dec. 493/2021',1,'2022-12-28 17:51:37','2022-12-28 17:51:37',NULL),(106,NULL,'510','Trabajo permanente discontinuo ley 26727. Puesto Nuevo Art 2 inc. b. Dec. 493/2021',1,'2022-12-28 17:51:37','2022-12-28 17:51:37',NULL),(107,NULL,'511','Pthen cpe.descripcion_peris:= ersonal de la Construcción L 22250 Puesto Nuevo Art 2 inc. a. Dec. 493/2021',1,'2022-12-28 17:51:37','2022-12-28 17:51:37',NULL),(108,NULL,'512','Personal de la Construcción L 22250 Puesto Nuevo Art 2 inc. b. Dec. 493/2021',1,'2022-12-28 17:51:37','2022-12-28 17:51:37',NULL),(109,NULL,'601','Contrato por plazo indeterminado a tiempo completo (art 90 Ley 20744) Art 2 Decreto 551/2022. Reduccion 100%.',1,'2022-12-28 17:51:37','2022-12-28 17:51:37',NULL),(110,NULL,'602','Contrato por plazo indeterminado a tiempo parcial (art 90 y art 92 Ley 20744) Art 2 Decreto 551/2022. Reduccion 50%.',1,'2022-12-28 17:51:37','2022-12-28 17:51:37',NULL),(111,NULL,'603','Contrato de trabajo a plazo fijo a tiempo completo ( art 93 Ley 20744) Art 2 Decreto 551/2022. Reduccion 100%.',1,'2022-12-28 17:51:37','2022-12-28 17:51:37',NULL),(112,NULL,'604','Contrato de trabajo a plazo fijo a tiempo parcial ( art 92 y art 93 Ley 20744) Art 2 Decreto 551/2022. Reduccion 50%.',1,'2022-12-28 17:51:37','2022-12-28 17:51:37',NULL),(113,NULL,'605','Contrato trabajo de temporada a tiempo completo ( art 96 Ley 20744) Art 2 Decreto 551/2022. Reduccion 100%.',1,'2022-12-28 17:51:37','2022-12-28 17:51:37',NULL),(114,NULL,'606','Contrato trabajo de temporada a tiempo parcial ( art 92 y art 96 Ley 20744) Art 2 Decreto 551/2022 Reduccion 50%.',1,'2022-12-28 17:51:37','2022-12-28 17:51:37',NULL),(115,NULL,'607','Contrato de trabajo agrario permanente prestación continua a tiempo completo (Ley 26727). Puesto Nuevo Art 2 Decreto 551/2022 Reduccion 100%.',1,'2022-12-28 17:51:37','2022-12-28 17:51:37',NULL),(116,NULL,'608','Contrato de trabajo agrario permanente prestación continua a tiempo parcial (Ley 26727). Puesto Nuevo Art 2 Decreto 551/2022 Reduccion 50%.',1,'2022-12-28 17:51:37','2022-12-28 17:51:37',NULL),(117,NULL,'609','Contrato de trabajo agrario permanente discontinuo a tiempo completo (Ley 26727). Puesto Nuevo Art 2 Decreto 551/2022 Reduccion 100%',1,'2022-12-28 17:51:37','2022-12-28 17:51:37',NULL),(118,NULL,'610','Contrato de trabajo agrario permanente discontinuo a tiempo parcial (Ley 26727). Puesto Nuevo Art 2 Decreto 551/2022 Reduccion 50%.',1,'2022-12-28 17:51:37','2022-12-28 17:51:37',NULL),(119,NULL,'611','Contrato de trabajo agrario de temporada a tiempo completo (Ley 26727). Puesto Nuevo Art 2 Decreto 551/2022 Reduccion 100%.',1,'2022-12-28 17:51:37','2022-12-28 17:51:37',NULL),(120,NULL,'612','Contrato de trabajo agrario de temporada a tiempo parcial (Ley 26727). Puesto Nuevo Art 2 Decreto 551/2022 Reduccion 50%.',1,'2022-12-28 17:51:37','2022-12-28 17:51:37',NULL),(121,NULL,'613','Personal de la Construcción a tiempo completo (Ley 22250) Puesto Nuevo Art 2. Decreto 551/2022 Reduccion 100%.',1,'2022-12-28 17:51:37','2022-12-28 17:51:37',NULL),(122,NULL,'614','Personal de la Construcción a tiempo parcial (Ley 22250 y art 92 Ley 20744) Puesto Nuevo Art 2. Decreto 551/2022 Reduccion 50%.',1,'2022-12-28 17:51:37','2022-12-28 17:51:37',NULL);

--
-- Table structure for table `syj_emp_parentesco`
--

CREATE TABLE `syj_emp_parentesco` (
  `id` int(10) unsigned NOT NULL AUTO_INCREMENT,
  `user_id` int(10) unsigned DEFAULT NULL,
  `descripcion` varchar(191) COLLATE utf8mb4_unicode_ci NOT NULL,
  `habilitado` tinyint(1) NOT NULL DEFAULT '1',
  `created_at` timestamp NULL DEFAULT NULL,
  `updated_at` timestamp NULL DEFAULT NULL,
  `deleted_at` timestamp NULL DEFAULT NULL,
  PRIMARY KEY (`id`)
) ENGINE=InnoDB AUTO_INCREMENT=10 DEFAULT CHARSET=utf8mb4 COLLATE=utf8mb4_unicode_ci;

--
-- Dumping data for table `syj_emp_parentesco`
--

INSERT INTO `syj_emp_parentesco` VALUES (1,NULL,'Cónyuge',1,'2020-05-28 20:55:24','2020-05-28 20:55:24',NULL),(2,NULL,'Concubino/a',1,'2020-05-28 20:55:24','2020-05-28 20:55:24',NULL),(3,NULL,'Hijo soltero menor de 18 años',1,'2020-05-28 20:55:24','2025-02-18 16:12:56',NULL),(4,NULL,'Hijo soltero menor de 18 años cursando est.re',1,'2020-05-28 20:55:24','2025-02-18 16:12:56',NULL),(5,NULL,'Hijo del cónyuge menor de 18 años',1,'2020-05-28 20:55:24','2025-02-18 16:12:56',NULL),(6,NULL,'Hijo de cónyuge soltero de 18 años cursando est.re',1,'2020-05-28 20:55:24','2025-02-18 16:12:56',NULL),(7,NULL,'Menor bajo guarda o tutela',1,'2020-05-28 20:55:24','2020-05-28 20:55:24',NULL),(8,NULL,'Familiar a cargo',1,'2020-05-28 20:55:24','2020-05-28 20:55:24',NULL),(9,NULL,'Mayor de 25 años discapacitado',1,'2020-05-28 20:55:24','2020-05-28 20:55:24',NULL);

--
-- Table structure for table `syj_emp_situacion_revista`
--

CREATE TABLE `syj_emp_situacion_revista` (
  `id` int(10) unsigned NOT NULL AUTO_INCREMENT,
  `user_id` int(10) unsigned DEFAULT NULL,
  `descripcion` varchar(191) COLLATE utf8mb4_unicode_ci NOT NULL,
  `codigo_afip` int(10) unsigned NOT NULL,
  `habilitado` tinyint(1) NOT NULL DEFAULT '1',
  `created_at` timestamp NULL DEFAULT NULL,
  `updated_at` timestamp NULL DEFAULT NULL,
  `deleted_at` timestamp NULL DEFAULT NULL,
  PRIMARY KEY (`id`),
  UNIQUE KEY `syj_emp_situacion_revista_descripcion_unique` (`descripcion`)
) ENGINE=InnoDB AUTO_INCREMENT=34 DEFAULT CHARSET=utf8mb4 COLLATE=utf8mb4_unicode_ci;

--
-- Dumping data for table `syj_emp_situacion_revista`
--

INSERT INTO `syj_emp_situacion_revista` VALUES (1,NULL,'Baja por Fallecimiento',0,1,'2020-05-28 20:55:24','2020-05-28 20:55:24',NULL),(2,NULL,'Activo',1,1,'2020-05-28 20:55:24','2020-05-28 20:55:34',NULL),(3,NULL,'Bajas otras Causales',2,0,'2020-05-28 20:55:24','2021-09-16 15:50:37',NULL),(4,NULL,'Activo Decreto Nº796/97',3,0,'2020-05-28 20:55:24','2021-09-16 15:50:37',NULL),(5,NULL,'Baja otras causales Decreto Nº796/97',4,0,'2020-05-28 20:55:24','2021-09-16 15:50:37',NULL),(6,NULL,'Licencia por Maternidad',5,1,'2020-05-28 20:55:24','2020-05-28 20:55:34',NULL),(7,NULL,'Suspensiones otras Causales',6,1,'2020-05-28 20:55:24','2020-05-28 20:55:34',NULL),(8,NULL,'Baja por Despido',7,0,'2020-05-28 20:55:24','2021-09-16 15:50:37',NULL),(9,NULL,'Baja por Despido Decreto Nº796/97',8,0,'2020-05-28 20:55:24','2021-09-16 15:50:37',NULL),(10,NULL,'Suspendido Ley 20744 art 223 bis',9,1,'2020-05-28 20:55:24','2020-05-28 20:55:34',NULL),(11,NULL,'Licencia por excedencia',10,1,'2020-05-28 20:55:24','2020-05-28 20:55:34',NULL),(12,NULL,'Licencia por Maternidad Down',11,1,'2020-05-28 20:55:24','2020-05-28 20:55:34',NULL),(13,NULL,'Licencia por Vacaciones',12,1,'2020-05-28 20:55:24','2020-05-28 20:55:34',NULL),(14,NULL,'Licencia sin goce de haberes',13,1,'2020-05-28 20:55:24','2020-05-28 20:55:34',NULL),(15,NULL,'Reserva de puesto',14,1,'2020-05-28 20:55:24','2020-05-28 20:55:34',NULL),(16,NULL,'ESE Cese transitorio de serv(art6,inc6y7 D34',15,1,'2020-05-28 20:55:24','2020-05-28 20:55:34',NULL),(17,NULL,'Personal Siniestrado de terc uso por la ART',16,1,'2020-05-28 20:55:24','2020-05-28 20:55:34',NULL),(18,NULL,'Reingreso por disposicion judicial',17,1,'2020-05-28 20:55:24','2020-05-28 20:55:34',NULL),(19,NULL,'ILT primeros 10 dias',18,1,'2020-05-28 20:55:24','2020-05-28 20:55:34',NULL),(20,NULL,'ILT dias 11 y siguientes',19,1,'2020-05-28 20:55:24','2020-05-28 20:55:34',NULL),(21,NULL,'Trabajador siniestrado en nomina de ART',20,1,'2020-05-28 20:55:24','2020-05-28 20:55:34',NULL),(22,NULL,'Trabajador de temporada Reserva de puesto',21,1,'2020-05-28 20:55:24','2020-05-28 20:55:34',NULL),(23,NULL,'Activo- Funciones en el exterior',31,1,'2020-05-28 20:55:24','2020-05-28 20:55:34',NULL),(24,NULL,'Licencia por paternidad',32,1,'2020-05-28 20:55:24','2020-05-28 20:55:34',NULL),(25,NULL,'Licencia por fuerza mayor (Art. 221 LCT)',33,1,'2020-05-28 20:55:24','2020-05-28 20:55:34',NULL),(26,NULL,'Empleado event. en EU (p/su uso ESE) mes com',42,1,'2020-05-28 20:55:24','2020-05-28 20:55:34',NULL),(27,NULL,'Empleado event. en EU (p/su uso ESE) mes inc',43,1,'2020-05-28 20:55:24','2020-05-28 20:55:34',NULL),(28,NULL,'Conservación del emp. p/accidente o enf.incu',44,1,'2020-05-28 20:55:24','2020-05-28 20:55:34',NULL),(29,NULL,'Suspenciones por causas disciplinarias',45,1,'2020-05-28 20:55:24','2020-05-28 20:55:34',NULL),(30,NULL,'Activo - LSD (sin remuneracion)',30,1,'2021-09-16 15:50:37','2021-09-16 15:50:37',NULL),(31,NULL,'Suspendido. Res. 397/2020 MTEySS c/Aportes OS',48,1,'2021-09-16 15:50:37','2021-09-16 15:50:37',NULL),(32,NULL,'Susp. período parcial L 20744 art.223bis / Res. 397 MTEySS',49,1,'2021-09-16 15:50:37','2021-09-16 15:50:37',NULL),(33,NULL,'Dto 792/20 - Mayores 60 años, embarazadas, grupo de riesgo',50,1,'2021-09-16 15:50:37','2021-09-16 15:50:37',NULL);

--
-- Table structure for table `syj_empleado_concepto`
--

CREATE TABLE `syj_empleado_concepto` (
  `user_id` int(10) unsigned DEFAULT NULL,
  `syj_empleado_id` int(10) unsigned DEFAULT NULL,
  `syj_concepto_id` int(10) unsigned DEFAULT NULL,
  `pers_descripcion` tinyint(1) NOT NULL DEFAULT '0',
  `descripcion` varchar(191) COLLATE utf8mb4_unicode_ci DEFAULT NULL,
  `pers_cantidad` tinyint(1) NOT NULL DEFAULT '0',
  `cantidad` decimal(16,2) NOT NULL DEFAULT '0.00',
  `pers_valor` tinyint(1) NOT NULL DEFAULT '0',
  `valor` decimal(16,2) NOT NULL DEFAULT '0.00',
  `pers_importe` tinyint(1) NOT NULL DEFAULT '0',
  `importe` decimal(16,2) NOT NULL DEFAULT '0.00',
  `created_at` timestamp NULL DEFAULT NULL,
  `updated_at` timestamp NULL DEFAULT NULL,
  KEY `syj_empleado_concepto_syj_empleado_id_foreign` (`syj_empleado_id`),
  KEY `syj_empleado_concepto_syj_concepto_id_foreign` (`syj_concepto_id`),
  CONSTRAINT `syj_empleado_concepto_syj_concepto_id_foreign` FOREIGN KEY (`syj_concepto_id`) REFERENCES `syj_conceptos` (`id`),
  CONSTRAINT `syj_empleado_concepto_syj_empleado_id_foreign` FOREIGN KEY (`syj_empleado_id`) REFERENCES `syj_empleados` (`id`)
) ENGINE=InnoDB DEFAULT CHARSET=utf8mb4 COLLATE=utf8mb4_unicode_ci;

--
-- Dumping data for table `syj_empleado_concepto`
--

INSERT INTO `syj_empleado_concepto` VALUES (5563,74,3502,0,'Adicional por Titulo (Art. 33.2 - Inc. C)',0,1.00,0,2744.00,0,0.00,'2022-02-08 15:08:43','2022-02-08 15:08:43'),(5563,81,3854,0,'Aporte Extr. Solidario ASIMRA',0,1.50,0,0.00,0,0.00,'2022-07-26 13:46:53','2022-07-26 13:46:53'),(5563,200,4331,0,'Ap. Extr. Solidario UECARA',1,1.00,0,0.00,0,0.00,'2022-11-17 17:56:14','2022-11-17 17:56:14'),(5563,84,3853,0,'Ap. Extr. Solidario UECARA',0,1.50,0,0.00,0,0.00,'2022-12-29 17:44:13','2022-12-29 17:44:13'),(5563,95,3854,0,'Aporte Extr. Solidario ASIMRA',0,1.50,0,0.00,0,0.00,'2022-12-29 17:44:58','2022-12-29 17:44:58'),(5563,102,3853,0,'Ap. Extr. Solidario UECARA',0,1.50,0,0.00,0,0.00,'2023-04-11 14:53:15','2023-04-11 14:53:15'),(5563,93,3851,0,'Adherente Obra Social (OSMATA)',1,1.00,0,0.00,0,0.00,'2023-04-19 17:15:19','2023-04-19 17:15:19');

--
-- Table structure for table `syj_empleado_excluir_concepto`
--

CREATE TABLE `syj_empleado_excluir_concepto` (
  `user_id` int(10) unsigned DEFAULT NULL,
  `syj_empleado_id` int(10) unsigned DEFAULT NULL,
  `syj_concepto_id` int(10) unsigned DEFAULT NULL,
  `created_at` timestamp NULL DEFAULT NULL,
  `updated_at` timestamp NULL DEFAULT NULL,
  KEY `syj_empleado_excluir_concepto_syj_empleado_id_foreign` (`syj_empleado_id`),
  KEY `syj_empleado_excluir_concepto_syj_concepto_id_foreign` (`syj_concepto_id`),
  CONSTRAINT `syj_empleado_excluir_concepto_syj_concepto_id_foreign` FOREIGN KEY (`syj_concepto_id`) REFERENCES `syj_conceptos` (`id`),
  CONSTRAINT `syj_empleado_excluir_concepto_syj_empleado_id_foreign` FOREIGN KEY (`syj_empleado_id`) REFERENCES `syj_empleados` (`id`)
) ENGINE=InnoDB DEFAULT CHARSET=utf8mb4 COLLATE=utf8mb4_unicode_ci;

--
-- Dumping data for table `syj_empleado_excluir_concepto`
--

INSERT INTO `syj_empleado_excluir_concepto` VALUES (5563,81,3708,'2022-07-26 13:46:53','2022-07-26 13:46:53'),(5563,200,4294,'2022-11-17 17:56:14','2022-11-17 17:56:14'),(5563,84,3482,'2022-12-29 17:44:13','2022-12-29 17:44:13'),(5563,95,3708,'2022-12-29 17:44:58','2022-12-29 17:44:58'),(5563,102,3482,'2023-04-11 14:53:15','2023-04-11 14:53:15');

--
-- Table structure for table `syj_empleados`
--

CREATE TABLE `syj_empleados` (
  `id` int(10) unsigned NOT NULL AUTO_INCREMENT,
  `user_id` int(10) unsigned DEFAULT NULL,
  `person_id` int(10) unsigned NOT NULL,
  `has_user` tinyint(1) NOT NULL DEFAULT '0',
  `has_user_sim_gcias` tinyint(1) DEFAULT NULL,
  `legajo` int(11) DEFAULT NULL,
  `apeynombre` varchar(191) COLLATE utf8mb4_unicode_ci NOT NULL,
  `apecasado` varchar(191) COLLATE utf8mb4_unicode_ci DEFAULT NULL,
  `fecha_nacimiento` date DEFAULT NULL,
  `sexo_id` int(10) unsigned DEFAULT NULL,
  `nacionalidad_id` int(10) unsigned DEFAULT NULL,
  `estado_civil_id` int(10) unsigned DEFAULT NULL,
  `pais_id` int(10) unsigned DEFAULT NULL,
  `zone_id` int(10) unsigned DEFAULT NULL,
  `localidad_id` int(10) unsigned DEFAULT NULL,
  `domicilio` varchar(191) COLLATE utf8mb4_unicode_ci DEFAULT NULL,
  `altnumero` varchar(191) COLLATE utf8mb4_unicode_ci DEFAULT NULL,
  `piso` varchar(191) COLLATE utf8mb4_unicode_ci DEFAULT NULL,
  `depto` varchar(191) COLLATE utf8mb4_unicode_ci DEFAULT NULL,
  `cod_postal` varchar(191) COLLATE utf8mb4_unicode_ci DEFAULT NULL,
  `telefono` varchar(191) COLLATE utf8mb4_unicode_ci DEFAULT NULL,
  `movil` varchar(191) COLLATE utf8mb4_unicode_ci DEFAULT NULL,
  `email` varchar(191) COLLATE utf8mb4_unicode_ci DEFAULT NULL,
  `tipo_documento_id` int(10) unsigned DEFAULT NULL,
  `num_documento` varchar(191) COLLATE utf8mb4_unicode_ci DEFAULT NULL,
  `cuil` varchar(191) COLLATE utf8mb4_unicode_ci DEFAULT NULL,
  `syj_emp_estado_id` int(10) unsigned DEFAULT NULL,
  `foto` text COLLATE utf8mb4_unicode_ci,
  `syj_obra_social_id` int(10) unsigned DEFAULT NULL,
  `syj_obra_social_plan_id` int(10) unsigned DEFAULT NULL,
  `syj_forma_pago_id` int(10) unsigned DEFAULT NULL,
  `ctacte_banco_id` int(10) unsigned DEFAULT NULL,
  `num_cta_banco` varchar(191) COLLATE utf8mb4_unicode_ci DEFAULT NULL,
  `cbu` varchar(191) COLLATE utf8mb4_unicode_ci DEFAULT NULL,
  `syj_domicilio_id_laboral` int(10) unsigned DEFAULT NULL,
  `syj_domicilio_id_pago` int(10) unsigned DEFAULT NULL,
  `afiliado_sindicato` tinyint(1) NOT NULL DEFAULT '0',
  `is_pers_temp` tinyint(1) NOT NULL DEFAULT '0',
  `is_zona_patagonica` tinyint(1) NOT NULL DEFAULT '0',
  `is_syj_empleado_event` tinyint(1) unsigned NOT NULL DEFAULT '0',
  `is_comprador` tinyint(1) NOT NULL DEFAULT '0',
  `jefe_empleado_id` int(10) unsigned DEFAULT NULL,
  `syj_empleado_event_id` int(10) unsigned NOT NULL DEFAULT '1',
  `num_construccion` varchar(191) COLLATE utf8mb4_unicode_ci DEFAULT NULL,
  `num_fondo_cese_desemp` varchar(191) COLLATE utf8mb4_unicode_ci DEFAULT NULL,
  `syj_convenio_id` int(10) unsigned DEFAULT NULL,
  `syj_convenio_categoria_id` int(10) unsigned DEFAULT NULL,
  `syj_clase_tipo_liquidacion_id` int(10) unsigned DEFAULT NULL,
  `basico` decimal(16,2) NOT NULL DEFAULT '0.00',
  `basico_person` tinyint(1) NOT NULL DEFAULT '0',
  `adic_fijo` decimal(16,2) NOT NULL DEFAULT '0.00',
  `hs_jornada` decimal(16,2) NOT NULL DEFAULT '0.00',
  `neto_pactado` decimal(16,2) NOT NULL DEFAULT '0.00',
  `syj_seccion_id` int(10) unsigned DEFAULT NULL,
  `syj_cargo_id` int(10) unsigned DEFAULT NULL,
  `syj_centro_costo_id` int(10) unsigned DEFAULT NULL,
  `fecha_ingreso` date DEFAULT NULL,
  `fecha_recon_ing` date DEFAULT NULL,
  `hs_inicio` time DEFAULT NULL,
  `hs_fin` time DEFAULT NULL,
  `inv_deposito_id` bigint(20) unsigned DEFAULT NULL,
  `fecha_baja` date DEFAULT NULL,
  `syj_motivo_egreso_id` int(10) unsigned DEFAULT NULL,
  `liq_en_cero` tinyint(1) NOT NULL DEFAULT '0',
  `syj_tipo_empleador_id` int(10) unsigned DEFAULT NULL,
  `syj_alicuota_apor_cont_id` int(10) unsigned DEFAULT NULL,
  `syj_emp_situacion_revista_id` int(10) unsigned DEFAULT NULL,
  `syj_emp_condicion_id` int(10) unsigned DEFAULT NULL,
  `syj_actividad_id` int(10) unsigned DEFAULT NULL,
  `syj_emp_mod_contratacion_id` int(10) unsigned DEFAULT NULL,
  `syj_emp_cod_siniestro_id` int(10) unsigned DEFAULT NULL,
  `syj_zonageografica_id` int(10) unsigned DEFAULT NULL,
  `syj_regimen_id` int(10) unsigned DEFAULT NULL,
  `is_asignaciones_fami` tinyint(1) NOT NULL DEFAULT '0',
  `is_trabajador_cct` tinyint(1) NOT NULL DEFAULT '0',
  `cant_adherentes` int(10) unsigned DEFAULT '0',
  `cant_hijos` int(10) unsigned DEFAULT '0',
  `is_conyuge` int(10) unsigned DEFAULT '0',
  `art_porcentaje` decimal(20,4) DEFAULT '0.0000',
  `art_fijo` decimal(16,2) NOT NULL DEFAULT '0.00',
  `is_seg_colec_vida_obl` tinyint(1) NOT NULL DEFAULT '0',
  `prima_individual` decimal(16,2) NOT NULL DEFAULT '0.00',
  `syj_emp_sit_revista_1_id` int(10) unsigned DEFAULT NULL,
  `dia_inicio_1` varchar(191) COLLATE utf8mb4_unicode_ci DEFAULT NULL,
  `syj_emp_sit_revista_2_id` int(10) unsigned DEFAULT NULL,
  `dia_inicio_2` varchar(191) COLLATE utf8mb4_unicode_ci DEFAULT NULL,
  `syj_emp_sit_revista_3_id` int(10) unsigned DEFAULT NULL,
  `dia_inicio_3` varchar(191) COLLATE utf8mb4_unicode_ci DEFAULT NULL,
  `dias_propor_tope` varchar(191) COLLATE utf8mb4_unicode_ci DEFAULT '0',
  `nota` text COLLATE utf8mb4_unicode_ci,
  `observaciones_del_recibo` text COLLATE utf8mb4_unicode_ci,
  `color` varchar(7) COLLATE utf8mb4_unicode_ci DEFAULT NULL,
  `habilitado` tinyint(1) NOT NULL DEFAULT '1',
  `created_at` timestamp NULL DEFAULT NULL,
  `updated_at` timestamp NULL DEFAULT NULL,
  `deleted_at` timestamp NULL DEFAULT NULL,
  PRIMARY KEY (`id`),
  KEY `syj_empleados_person_id_foreign` (`person_id`),
  KEY `syj_empleados_sexo_id_foreign` (`sexo_id`),
  KEY `syj_empleados_nacionalidad_id_foreign` (`nacionalidad_id`),
  KEY `syj_empleados_estado_civil_id_foreign` (`estado_civil_id`),
  KEY `syj_empleados_pais_id_foreign` (`pais_id`),
  KEY `syj_empleados_zone_id_foreign` (`zone_id`),
  KEY `syj_empleados_localidad_id_foreign` (`localidad_id`),
  KEY `syj_empleados_tipo_documento_id_foreign` (`tipo_documento_id`),
  KEY `syj_empleados_syj_emp_estado_id_foreign` (`syj_emp_estado_id`),
  KEY `syj_empleados_syj_convenio_id_foreign` (`syj_convenio_id`),
  KEY `syj_empleados_syj_convenio_categoria_id_foreign` (`syj_convenio_categoria_id`),
  KEY `syj_empleados_syj_seccion_id_foreign` (`syj_seccion_id`),
  KEY `syj_empleados_syj_cargo_id_foreign` (`syj_cargo_id`),
  KEY `syj_empleados_syj_centro_costo_id_foreign` (`syj_centro_costo_id`),
  KEY `syj_empleados_syj_motivo_egreso_id_foreign` (`syj_motivo_egreso_id`),
  KEY `syj_empleados_syj_tipo_empleador_id_foreign` (`syj_tipo_empleador_id`),
  KEY `syj_empleados_syj_alicuota_apor_cont_id_foreign` (`syj_alicuota_apor_cont_id`),
  KEY `syj_empleados_syj_obra_social_id_foreign` (`syj_obra_social_id`),
  KEY `syj_empleados_syj_obra_social_plan_id_foreign` (`syj_obra_social_plan_id`),
  KEY `syj_empleados_syj_clase_tipo_liquidacion_id_foreign` (`syj_clase_tipo_liquidacion_id`),
  KEY `syj_empleados_syj_forma_pago_id_foreign` (`syj_forma_pago_id`),
  KEY `syj_empleados_ctacte_banco_id_foreign` (`ctacte_banco_id`),
  KEY `syj_empleados_syj_domicilio_id_laboral_foreign` (`syj_domicilio_id_laboral`),
  KEY `syj_empleados_syj_domicilio_id_pago_foreign` (`syj_domicilio_id_pago`),
  KEY `syj_empleados_syj_emp_situacion_revista_id_foreign` (`syj_emp_situacion_revista_id`),
  KEY `syj_empleados_syj_emp_condicion_id_foreign` (`syj_emp_condicion_id`),
  KEY `syj_empleados_syj_actividad_id_foreign` (`syj_actividad_id`),
  KEY `syj_empleados_syj_emp_mod_contratacion_id_foreign` (`syj_emp_mod_contratacion_id`),
  KEY `syj_empleados_syj_emp_cod_siniestro_id_foreign` (`syj_emp_cod_siniestro_id`),
  KEY `syj_empleados_syj_zonageografica_id_foreign` (`syj_zonageografica_id`),
  KEY `syj_empleados_syj_regimen_id_foreign` (`syj_regimen_id`),
  KEY `syj_empleados_syj_emp_sit_revista_1_id_foreign` (`syj_emp_sit_revista_1_id`),
  KEY `syj_empleados_syj_emp_sit_revista_2_id_foreign` (`syj_emp_sit_revista_2_id`),
  KEY `syj_empleados_syj_emp_sit_revista_3_id_foreign` (`syj_emp_sit_revista_3_id`),
  KEY `syj_empleados_syj_empleado_event_id_foreign` (`syj_empleado_event_id`),
  KEY `syj_empleados_jefe_empleado_id_foreign` (`jefe_empleado_id`),
  KEY `syj_empleados_inv_deposito_id_foreign` (`inv_deposito_id`),
  CONSTRAINT `syj_empleados_ctacte_banco_id_foreign` FOREIGN KEY (`ctacte_banco_id`) REFERENCES `ctacte_bancos` (`id`),
  CONSTRAINT `syj_empleados_estado_civil_id_foreign` FOREIGN KEY (`estado_civil_id`) REFERENCES `estado_civil` (`id`),
  CONSTRAINT `syj_empleados_inv_deposito_id_foreign` FOREIGN KEY (`inv_deposito_id`) REFERENCES `inv_depositos` (`id`) ON DELETE SET NULL,
  CONSTRAINT `syj_empleados_jefe_empleado_id_foreign` FOREIGN KEY (`jefe_empleado_id`) REFERENCES `syj_empleados` (`id`),
  CONSTRAINT `syj_empleados_localidad_id_foreign` FOREIGN KEY (`localidad_id`) REFERENCES `localidad` (`id`),
  CONSTRAINT `syj_empleados_nacionalidad_id_foreign` FOREIGN KEY (`nacionalidad_id`) REFERENCES `nacionalidad` (`id`),
  CONSTRAINT `syj_empleados_pais_id_foreign` FOREIGN KEY (`pais_id`) REFERENCES `pais` (`id`),
  CONSTRAINT `syj_empleados_person_id_foreign` FOREIGN KEY (`person_id`) REFERENCES `persons` (`id`),
  CONSTRAINT `syj_empleados_sexo_id_foreign` FOREIGN KEY (`sexo_id`) REFERENCES `sexo` (`id`),
  CONSTRAINT `syj_empleados_syj_actividad_id_foreign` FOREIGN KEY (`syj_actividad_id`) REFERENCES `syj_actividad` (`id`),
  CONSTRAINT `syj_empleados_syj_alicuota_apor_cont_id_foreign` FOREIGN KEY (`syj_alicuota_apor_cont_id`) REFERENCES `syj_alicuota_aporte_contribucion` (`id`),
  CONSTRAINT `syj_empleados_syj_cargo_id_foreign` FOREIGN KEY (`syj_cargo_id`) REFERENCES `syj_cargos` (`id`),
  CONSTRAINT `syj_empleados_syj_centro_costo_id_foreign` FOREIGN KEY (`syj_centro_costo_id`) REFERENCES `syj_centros_costos` (`id`),
  CONSTRAINT `syj_empleados_syj_clase_tipo_liquidacion_id_foreign` FOREIGN KEY (`syj_clase_tipo_liquidacion_id`) REFERENCES `syj_clase_tipo_liquidacion` (`id`),
  CONSTRAINT `syj_empleados_syj_convenio_categoria_id_foreign` FOREIGN KEY (`syj_convenio_categoria_id`) REFERENCES `syj_convenio_categorias` (`id`),
  CONSTRAINT `syj_empleados_syj_convenio_id_foreign` FOREIGN KEY (`syj_convenio_id`) REFERENCES `syj_convenios` (`id`),
  CONSTRAINT `syj_empleados_syj_domicilio_id_laboral_foreign` FOREIGN KEY (`syj_domicilio_id_laboral`) REFERENCES `syj_domicilios` (`id`),
  CONSTRAINT `syj_empleados_syj_domicilio_id_pago_foreign` FOREIGN KEY (`syj_domicilio_id_pago`) REFERENCES `syj_domicilios` (`id`),
  CONSTRAINT `syj_empleados_syj_emp_cod_siniestro_id_foreign` FOREIGN KEY (`syj_emp_cod_siniestro_id`) REFERENCES `syj_emp_cod_siniestro` (`id`),
  CONSTRAINT `syj_empleados_syj_emp_condicion_id_foreign` FOREIGN KEY (`syj_emp_condicion_id`) REFERENCES `syj_emp_condicion` (`id`),
  CONSTRAINT `syj_empleados_syj_emp_estado_id_foreign` FOREIGN KEY (`syj_emp_estado_id`) REFERENCES `syj_emp_estado` (`id`),
  CONSTRAINT `syj_empleados_syj_emp_mod_contratacion_id_foreign` FOREIGN KEY (`syj_emp_mod_contratacion_id`) REFERENCES `syj_emp_mod_contratacion` (`id`),
  CONSTRAINT `syj_empleados_syj_emp_sit_revista_1_id_foreign` FOREIGN KEY (`syj_emp_sit_revista_1_id`) REFERENCES `syj_emp_situacion_revista` (`id`),
  CONSTRAINT `syj_empleados_syj_emp_sit_revista_2_id_foreign` FOREIGN KEY (`syj_emp_sit_revista_2_id`) REFERENCES `syj_emp_situacion_revista` (`id`),
  CONSTRAINT `syj_empleados_syj_emp_sit_revista_3_id_foreign` FOREIGN KEY (`syj_emp_sit_revista_3_id`) REFERENCES `syj_emp_situacion_revista` (`id`),
  CONSTRAINT `syj_empleados_syj_emp_situacion_revista_id_foreign` FOREIGN KEY (`syj_emp_situacion_revista_id`) REFERENCES `syj_emp_situacion_revista` (`id`),
  CONSTRAINT `syj_empleados_syj_empleado_event_id_foreign` FOREIGN KEY (`syj_empleado_event_id`) REFERENCES `syj_empleados_event` (`id`),
  CONSTRAINT `syj_empleados_syj_forma_pago_id_foreign` FOREIGN KEY (`syj_forma_pago_id`) REFERENCES `syj_forma_pago` (`id`),
  CONSTRAINT `syj_empleados_syj_motivo_egreso_id_foreign` FOREIGN KEY (`syj_motivo_egreso_id`) REFERENCES `syj_motivo_egreso` (`id`),
  CONSTRAINT `syj_empleados_syj_obra_social_id_foreign` FOREIGN KEY (`syj_obra_social_id`) REFERENCES `syj_obra_social` (`id`),
  CONSTRAINT `syj_empleados_syj_obra_social_plan_id_foreign` FOREIGN KEY (`syj_obra_social_plan_id`) REFERENCES `syj_obra_social_planes` (`id`),
  CONSTRAINT `syj_empleados_syj_regimen_id_foreign` FOREIGN KEY (`syj_regimen_id`) REFERENCES `syj_regimen` (`id`),
  CONSTRAINT `syj_empleados_syj_seccion_id_foreign` FOREIGN KEY (`syj_seccion_id`) REFERENCES `syj_secciones` (`id`),
  CONSTRAINT `syj_empleados_syj_tipo_empleador_id_foreign` FOREIGN KEY (`syj_tipo_empleador_id`) REFERENCES `syj_tipo_empleador` (`id`),
  CONSTRAINT `syj_empleados_syj_zonageografica_id_foreign` FOREIGN KEY (`syj_zonageografica_id`) REFERENCES `syj_zonageografica` (`id`),
  CONSTRAINT `syj_empleados_tipo_documento_id_foreign` FOREIGN KEY (`tipo_documento_id`) REFERENCES `tipo_documento` (`id`),
  CONSTRAINT `syj_empleados_zone_id_foreign` FOREIGN KEY (`zone_id`) REFERENCES `zones` (`id`)
) ENGINE=InnoDB AUTO_INCREMENT=304 DEFAULT CHARSET=utf8mb4 COLLATE=utf8mb4_unicode_ci;

--
-- Dumping data for table `syj_empleados`
--

INSERT INTO `syj_empleados` VALUES (1,5563,40719,0,NULL,1,'juan','perez','2001-02-01',1,1,5,1,NULL,1,'Julian Alvarez','2458',NULL,NULL,'1425',NULL,NULL,NULL,2,'24265381','20-24265381-6',1,NULL,74,NULL,1,77,'11111111111 11111111111','11111111111 11111111111',1,1,1,0,0,0,0,NULL,1,NULL,NULL,16,124,2,148.17,0,0.00,8.00,0.00,1,1,1,'2021-09-01','2021-09-01',NULL,NULL,NULL,NULL,NULL,0,2,2,2,1,50,4,1,1,1,0,0,0,0,NULL,5.4000,45.07,1,0.00,2,'1',2,'1',2,'1','0','Aguinaldos','Aguinaldos',NULL,1,'2021-09-01 12:36:03','2021-11-15 13:57:32','2021-11-15 13:57:32'),(2,5563,40719,0,NULL,1,'VELOZO AGUSTIN O',NULL,NULL,NULL,NULL,NULL,NULL,NULL,NULL,NULL,NULL,NULL,NULL,NULL,NULL,NULL,NULL,6,'19055045','20-19055045-2',1,NULL,NULL,NULL,NULL,NULL,NULL,NULL,NULL,NULL,0,0,0,0,0,NULL,1,NULL,NULL,5,NULL,NULL,0.00,0,0.00,0.00,0.00,NULL,NULL,NULL,'2020-09-09','2020-09-09',NULL,NULL,NULL,NULL,NULL,0,NULL,NULL,NULL,NULL,NULL,NULL,NULL,NULL,NULL,0,0,0,0,0,5.4000,45.07,0,0.00,NULL,NULL,NULL,NULL,NULL,NULL,'0',NULL,NULL,NULL,1,'2021-11-15 13:58:25','2021-11-16 13:27:51','2021-11-16 13:27:51'),(3,5563,40719,0,NULL,2,'PAEZ CRISTIAN ADRIAN O',NULL,NULL,NULL,NULL,NULL,NULL,NULL,NULL,NULL,NULL,NULL,NULL,NULL,NULL,NULL,NULL,6,'23937875','20-23937875-8',1,NULL,NULL,NULL,NULL,NULL,NULL,NULL,NULL,NULL,0,0,0,0,0,NULL,1,NULL,NULL,5,NULL,NULL,0.00,0,0.00,0.00,0.00,NULL,NULL,NULL,'2020-09-09','2020-09-09',NULL,NULL,NULL,NULL,NULL,0,NULL,NULL,NULL,NULL,NULL,NULL,NULL,NULL,NULL,0,0,0,0,0,5.4000,45.07,0,0.00,NULL,NULL,NULL,NULL,NULL,NULL,'0',NULL,NULL,NULL,1,'2021-11-15 13:58:25','2021-11-16 13:26:57','2021-11-16 13:26:57'),(4,5563,40719,0,NULL,3,'CAMARGO JULIO DANIEL O',NULL,NULL,NULL,NULL,NULL,NULL,NULL,NULL,NULL,NULL,NULL,NULL,NULL,NULL,NULL,NULL,6,'27477928','20-27477928-5',1,NULL,NULL,NULL,NULL,NULL,NULL,NULL,NULL,NULL,0,0,0,0,0,NULL,1,NULL,NULL,5,NULL,NULL,0.00,0,0.00,0.00,0.00,NULL,NULL,NULL,'1969-12-31','1969-12-31',NULL,NULL,NULL,NULL,NULL,0,NULL,NULL,NULL,NULL,NULL,NULL,NULL,NULL,NULL,0,0,0,0,0,5.4000,45.07,0,0.00,NULL,NULL,NULL,NULL,NULL,NULL,'0',NULL,NULL,NULL,1,'2021-11-15 13:58:25','2021-11-16 13:26:35','2021-11-16 13:26:35'),(5,5563,40719,0,NULL,4,'SUAREZ CARLOS SEBASTIAN O',NULL,NULL,NULL,NULL,NULL,NULL,NULL,NULL,NULL,NULL,NULL,NULL,NULL,NULL,NULL,NULL,6,'30610942','20-30610942-2',1,NULL,NULL,NULL,NULL,NULL,NULL,NULL,NULL,NULL,0,0,0,0,0,NULL,1,NULL,NULL,5,NULL,NULL,0.00,0,0.00,0.00,0.00,NULL,NULL,NULL,'2021-10-05','2021-10-05',NULL,NULL,NULL,NULL,NULL,0,NULL,NULL,NULL,NULL,NULL,NULL,NULL,NULL,NULL,0,0,0,0,0,5.4000,45.07,0,0.00,NULL,NULL,NULL,NULL,NULL,NULL,'0',NULL,NULL,NULL,1,'2021-11-15 13:58:25','2021-11-16 13:27:46','2021-11-16 13:27:46'),(6,5563,40719,0,NULL,5,'DIAZ LUCAS DANIEL O',NULL,NULL,NULL,NULL,NULL,NULL,NULL,NULL,NULL,NULL,NULL,NULL,NULL,NULL,NULL,NULL,6,'33018767','20-33018767-1',1,NULL,NULL,NULL,NULL,NULL,NULL,NULL,NULL,NULL,0,0,0,0,0,NULL,1,NULL,NULL,5,NULL,NULL,0.00,0,0.00,0.00,0.00,NULL,NULL,NULL,'2020-10-07','2020-10-07',NULL,NULL,NULL,NULL,NULL,0,NULL,NULL,NULL,NULL,NULL,NULL,NULL,NULL,NULL,0,0,0,0,0,5.4000,45.07,0,0.00,NULL,NULL,NULL,NULL,NULL,NULL,'0',NULL,NULL,NULL,1,'2021-11-15 13:58:25','2021-11-16 13:26:39','2021-11-16 13:26:39'),(7,5563,40719,0,NULL,6,'BILLORDO GONZALEZ GUILLERMO GUIDO O',NULL,NULL,NULL,NULL,NULL,NULL,NULL,NULL,NULL,NULL,NULL,NULL,NULL,NULL,NULL,NULL,6,'33659247','20-33659247-0',1,NULL,NULL,NULL,NULL,NULL,NULL,NULL,NULL,NULL,0,0,0,0,0,NULL,1,NULL,NULL,5,NULL,NULL,0.00,0,0.00,0.00,0.00,NULL,NULL,NULL,'2021-04-21','2021-04-21',NULL,NULL,NULL,NULL,NULL,0,NULL,NULL,NULL,NULL,NULL,NULL,NULL,NULL,NULL,0,0,0,0,0,5.4000,45.07,0,0.00,NULL,NULL,NULL,NULL,NULL,NULL,'0',NULL,NULL,NULL,1,'2021-11-15 13:58:25','2021-11-16 13:26:23','2021-11-16 13:26:23');
INSERT INTO `syj_empleados` VALUES (8,5563,40719,0,NULL,7,'ASEGUIN MARCOS DAVID ALFREDO O',NULL,NULL,NULL,NULL,NULL,NULL,NULL,NULL,NULL,NULL,NULL,NULL,NULL,NULL,NULL,NULL,6,'36824350','20-36824350-8',1,NULL,NULL,NULL,NULL,NULL,NULL,NULL,NULL,NULL,0,0,0,0,0,NULL,1,NULL,NULL,5,NULL,NULL,0.00,0,0.00,0.00,0.00,NULL,NULL,NULL,'2021-03-20','2021-03-20',NULL,NULL,NULL,NULL,NULL,0,NULL,NULL,NULL,NULL,NULL,NULL,NULL,NULL,NULL,0,0,0,0,0,5.4000,45.07,0,0.00,NULL,NULL,NULL,NULL,NULL,NULL,'0',NULL,NULL,NULL,1,'2021-11-15 13:58:25','2021-11-16 13:26:14','2021-11-16 13:26:14'),(9,5563,40719,0,NULL,13,'AGUILERA DANIEL ALEJANDRO O.',NULL,'2001-05-04',1,1,5,1,NULL,2,'Panama','7575',NULL,NULL,'1657',NULL,NULL,NULL,6,'37356248','20-37356248-4',1,NULL,200,NULL,5,29,NULL,'2590027120360717330134',1,1,1,0,0,0,0,NULL,1,NULL,NULL,16,123,2,311.99,0,0.00,8.00,0.00,1,1,1,'2021-06-01','2021-06-01',NULL,NULL,NULL,NULL,NULL,0,2,2,2,2,50,18,1,2,1,0,1,0,0,0,5.4000,45.07,1,0.00,2,'1',2,'0',2,'0','0',NULL,NULL,NULL,1,'2021-11-15 13:58:25','2021-11-16 13:26:04','2021-11-16 13:26:04'),(10,5563,40719,0,NULL,9,'ALANIS ASTUDILLO MAXIMILIANO MARTIN O',NULL,NULL,NULL,NULL,NULL,NULL,NULL,NULL,NULL,NULL,NULL,NULL,NULL,NULL,NULL,NULL,6,'37361040','20-37361040-3',1,NULL,NULL,NULL,NULL,NULL,NULL,NULL,NULL,NULL,0,0,0,0,0,NULL,1,NULL,NULL,5,NULL,NULL,0.00,0,0.00,0.00,0.00,NULL,NULL,NULL,'2021-11-02','2021-11-02',NULL,NULL,NULL,NULL,NULL,0,NULL,NULL,NULL,NULL,NULL,NULL,NULL,NULL,NULL,0,0,0,0,0,5.4000,45.07,0,0.00,NULL,NULL,NULL,NULL,NULL,NULL,'0',NULL,NULL,NULL,1,'2021-11-15 13:58:25','2021-11-16 13:26:10','2021-11-16 13:26:10'),(11,5563,40719,0,NULL,10,'PAEZ OSCAR MAXIMILIANO O',NULL,NULL,NULL,NULL,NULL,NULL,NULL,NULL,NULL,NULL,NULL,NULL,NULL,NULL,NULL,NULL,6,'38848625','20-38848625-3',1,NULL,NULL,NULL,NULL,NULL,NULL,NULL,NULL,NULL,0,0,0,0,0,NULL,1,NULL,NULL,5,NULL,NULL,0.00,0,0.00,0.00,0.00,NULL,NULL,NULL,'2021-06-09','2021-06-09',NULL,NULL,NULL,NULL,NULL,0,NULL,NULL,NULL,NULL,NULL,NULL,NULL,NULL,NULL,0,0,0,0,0,5.4000,45.07,0,0.00,NULL,NULL,NULL,NULL,NULL,NULL,'0',NULL,NULL,NULL,1,'2021-11-15 13:58:25','2021-11-16 13:27:01','2021-11-16 13:27:01'),(12,5563,40719,0,NULL,11,'FIGUEROA FACUNDO AGUSTIN O',NULL,NULL,NULL,NULL,NULL,NULL,NULL,NULL,NULL,NULL,NULL,NULL,NULL,NULL,NULL,NULL,6,'39876741','20-39876741-2',1,NULL,NULL,NULL,NULL,NULL,NULL,NULL,NULL,NULL,0,0,0,0,0,NULL,1,NULL,NULL,5,NULL,NULL,0.00,0,0.00,0.00,0.00,NULL,NULL,NULL,'2020-09-14','2020-09-14',NULL,NULL,NULL,NULL,NULL,0,NULL,NULL,NULL,NULL,NULL,NULL,NULL,NULL,NULL,0,0,0,0,0,5.4000,45.07,0,0.00,NULL,NULL,NULL,NULL,NULL,NULL,'0',NULL,NULL,NULL,1,'2021-11-15 13:58:25','2021-11-16 13:26:43','2021-11-16 13:26:43'),(13,5563,40719,0,NULL,12,'SOSA JARA LAUTARO GABRIEL O',NULL,NULL,NULL,NULL,NULL,NULL,NULL,NULL,NULL,NULL,NULL,NULL,NULL,NULL,NULL,NULL,6,'45682415','20-45682415-4',1,NULL,NULL,NULL,NULL,NULL,NULL,NULL,NULL,NULL,0,0,0,0,0,NULL,1,NULL,NULL,5,NULL,NULL,0.00,0,0.00,0.00,0.00,NULL,NULL,NULL,'2021-06-16','2021-06-16',NULL,NULL,NULL,NULL,NULL,0,NULL,NULL,NULL,NULL,NULL,NULL,NULL,NULL,NULL,0,0,0,0,0,5.4000,45.07,0,0.00,NULL,NULL,NULL,NULL,NULL,NULL,'0',NULL,NULL,NULL,1,'2021-11-15 13:58:25','2021-11-16 13:27:29','2021-11-16 13:27:29'),(14,5563,40719,0,NULL,13,'BILLORDO LEANDRO TOMAS O.',NULL,NULL,NULL,NULL,NULL,NULL,NULL,NULL,NULL,NULL,NULL,NULL,NULL,NULL,NULL,NULL,6,'46117286','20-46117286-6',1,NULL,NULL,NULL,NULL,NULL,NULL,NULL,NULL,NULL,0,0,0,0,0,NULL,1,NULL,NULL,5,NULL,NULL,0.00,0,0.00,0.00,0.00,NULL,NULL,NULL,'1969-12-31','1969-12-31',NULL,NULL,NULL,NULL,NULL,0,NULL,NULL,NULL,NULL,NULL,NULL,NULL,NULL,NULL,0,0,0,0,0,5.4000,45.07,0,0.00,NULL,NULL,NULL,NULL,NULL,NULL,'0',NULL,NULL,NULL,1,'2021-11-15 13:58:25','2021-11-16 13:26:29','2021-11-16 13:26:29');
INSERT INTO `syj_empleados` VALUES (15,5563,40719,0,NULL,14,'RODRIGUEZ HIDALGO JAIME RAFAEL O.',NULL,NULL,NULL,NULL,NULL,NULL,NULL,NULL,NULL,NULL,NULL,NULL,NULL,NULL,NULL,NULL,6,'63013005','20-63013005-1',1,NULL,NULL,NULL,NULL,NULL,NULL,NULL,NULL,NULL,0,0,0,0,0,NULL,1,NULL,NULL,5,NULL,NULL,0.00,0,0.00,0.00,0.00,NULL,NULL,NULL,'1969-12-31','1969-12-31',NULL,NULL,NULL,NULL,NULL,0,NULL,NULL,NULL,NULL,NULL,NULL,NULL,NULL,NULL,0,0,0,0,0,5.4000,45.07,0,0.00,NULL,NULL,NULL,NULL,NULL,NULL,'0',NULL,NULL,NULL,1,'2021-11-15 13:58:25','2021-11-16 13:27:34','2021-11-16 13:27:34'),(16,5563,40719,0,NULL,15,'PERALTA OSVALDO ALEJANDRO O.',NULL,NULL,NULL,NULL,NULL,NULL,NULL,NULL,NULL,NULL,NULL,NULL,NULL,NULL,NULL,NULL,6,'31489838','23-31489838-9',1,NULL,NULL,NULL,NULL,NULL,NULL,NULL,NULL,NULL,0,0,0,0,0,NULL,1,NULL,NULL,5,NULL,NULL,0.00,0,0.00,0.00,0.00,NULL,NULL,NULL,'1969-12-31','1969-12-31',NULL,NULL,NULL,NULL,NULL,0,NULL,NULL,NULL,NULL,NULL,NULL,NULL,NULL,NULL,0,0,0,0,0,5.4000,45.07,0,0.00,NULL,NULL,NULL,NULL,NULL,NULL,'0',NULL,NULL,NULL,1,'2021-11-15 13:58:25','2021-11-16 13:27:21','2021-11-16 13:27:21'),(17,5563,40719,0,NULL,16,'JARA ELIZABETH GABRIELA',NULL,NULL,NULL,NULL,NULL,NULL,NULL,NULL,NULL,NULL,NULL,NULL,NULL,NULL,NULL,NULL,6,'22169673','27-22169673-0',1,NULL,NULL,NULL,NULL,NULL,NULL,NULL,NULL,NULL,0,0,0,0,0,NULL,1,NULL,NULL,5,NULL,NULL,0.00,0,0.00,0.00,0.00,NULL,NULL,NULL,'2015-12-01','2015-12-01',NULL,NULL,NULL,NULL,NULL,0,NULL,NULL,NULL,NULL,NULL,NULL,NULL,NULL,NULL,0,0,0,0,0,5.4000,45.07,0,0.00,NULL,NULL,NULL,NULL,NULL,NULL,'0',NULL,NULL,NULL,1,'2021-11-15 13:58:25','2021-11-16 13:26:53','2021-11-16 13:26:53'),(18,5563,40719,0,NULL,17,'FIGUEROA LUIS CARLOS O.',NULL,NULL,NULL,NULL,NULL,NULL,NULL,NULL,NULL,NULL,NULL,NULL,NULL,NULL,NULL,NULL,6,'32906441','27-32906441-2',1,NULL,NULL,NULL,NULL,NULL,NULL,NULL,NULL,NULL,0,0,0,0,0,NULL,1,NULL,NULL,5,NULL,NULL,0.00,0,0.00,0.00,0.00,NULL,NULL,NULL,'1969-12-31','1969-12-31',NULL,NULL,NULL,NULL,NULL,0,NULL,NULL,NULL,NULL,NULL,NULL,NULL,NULL,NULL,0,0,0,0,0,5.4000,45.07,0,0.00,NULL,NULL,NULL,NULL,NULL,NULL,'0',NULL,NULL,NULL,1,'2021-11-15 13:58:25','2021-11-16 13:26:49','2021-11-16 13:26:49'),(19,5563,40719,0,NULL,18,'SOSA JARA MELANIE DAHYANA O',NULL,NULL,NULL,NULL,NULL,NULL,NULL,NULL,NULL,NULL,NULL,NULL,NULL,NULL,NULL,NULL,6,'43133948','27-43133948-5',1,NULL,NULL,NULL,NULL,NULL,NULL,NULL,NULL,NULL,0,0,0,0,0,NULL,1,NULL,NULL,5,NULL,NULL,0.00,0,0.00,0.00,0.00,NULL,NULL,NULL,'2021-06-16','2021-06-16',NULL,NULL,NULL,NULL,NULL,0,NULL,NULL,NULL,NULL,NULL,NULL,NULL,NULL,NULL,0,0,0,0,0,5.4000,45.07,0,0.00,NULL,NULL,NULL,NULL,NULL,NULL,'0',NULL,NULL,NULL,1,'2021-11-15 13:58:25','2021-11-16 13:27:41','2021-11-16 13:27:41'),(20,5563,40719,0,NULL,19,'HERNANDEZ ACOSTA CARTRIN ROMA O.',NULL,NULL,NULL,NULL,NULL,NULL,NULL,NULL,NULL,NULL,NULL,NULL,NULL,NULL,NULL,NULL,6,'95999435','27-95999435-3',1,NULL,NULL,NULL,NULL,NULL,NULL,NULL,NULL,NULL,0,0,0,0,0,NULL,1,NULL,NULL,5,NULL,NULL,0.00,0,0.00,0.00,0.00,NULL,NULL,NULL,'1969-12-31','1969-12-31',NULL,NULL,NULL,NULL,NULL,0,NULL,NULL,NULL,NULL,NULL,NULL,NULL,NULL,NULL,0,0,0,0,0,5.4000,45.07,0,0.00,NULL,NULL,NULL,NULL,NULL,NULL,'0',NULL,NULL,NULL,1,'2021-11-15 13:58:25','2021-11-16 13:26:46','2021-11-16 13:26:46'),(21,5563,40731,0,NULL,106,'VELOZO AGUSTIN',NULL,'2021-11-16',1,1,5,1,NULL,5,NULL,NULL,NULL,NULL,NULL,NULL,NULL,NULL,6,'19055045','20-19055045-2',1,NULL,74,NULL,5,29,NULL,'2590027120360716030189',2,2,1,0,0,0,0,NULL,1,NULL,NULL,16,124,2,298.39,0,0.00,8.00,0.00,2,7,2,'2020-09-09','2020-09-09',NULL,NULL,NULL,NULL,NULL,0,2,2,2,2,50,18,1,7,1,0,1,0,0,0,5.4000,50.00,1,0.00,2,'1',2,'0',2,'0','0',NULL,NULL,NULL,1,'2021-11-16 15:58:39','2022-02-18 09:33:15','2022-02-18 09:33:15');
INSERT INTO `syj_empleados` VALUES (22,5563,40731,0,NULL,126,'PAEZ CRISTIAN ADRIAN',NULL,'2021-11-16',1,1,6,1,NULL,6,NULL,NULL,NULL,NULL,NULL,NULL,NULL,NULL,6,'23937875','20-23937875-8',1,NULL,74,NULL,5,29,NULL,'2590027120358037330109',2,2,1,0,0,0,0,NULL,1,NULL,NULL,16,124,2,298.39,0,0.00,8.00,0.00,2,7,2,'2020-09-09','2020-09-09',NULL,NULL,NULL,NULL,NULL,0,2,2,2,2,50,18,1,7,1,0,1,0,0,0,5.4000,50.00,1,0.00,2,'1',2,'0',2,'0','0',NULL,NULL,NULL,1,'2021-11-16 15:58:39','2022-02-18 09:33:15','2022-02-18 09:33:15'),(23,5563,40731,0,NULL,20,'CAMARGO JULIO DANIEL',NULL,'2021-11-16',1,1,5,1,NULL,5,NULL,NULL,NULL,NULL,NULL,NULL,NULL,NULL,6,'27477928','20-27477928-5',1,NULL,27,NULL,5,29,NULL,'2590027120360716230169',2,2,1,0,0,0,0,NULL,1,NULL,NULL,16,209,2,379.81,0,0.00,8.00,0.00,2,9,2,'2019-08-31','2019-08-31',NULL,NULL,NULL,NULL,NULL,0,2,2,2,2,50,18,1,7,1,0,1,0,0,0,5.4000,50.00,1,0.00,2,'1',2,'0',2,'0','0',NULL,NULL,NULL,1,'2021-11-16 15:58:39','2022-02-18 09:33:15','2022-02-18 09:33:15'),(24,5563,40731,0,NULL,59,'SUAREZ CARLOS SEBASTIAN',NULL,'2021-11-16',1,1,5,1,NULL,5,NULL,NULL,NULL,NULL,NULL,NULL,NULL,NULL,6,'30610942','20-30610942-2',1,NULL,74,NULL,1,NULL,NULL,NULL,2,2,1,0,0,0,0,NULL,1,NULL,NULL,16,208,2,273.93,0,0.00,8.00,0.00,2,6,2,'2021-10-05','2021-10-05',NULL,NULL,NULL,NULL,NULL,0,2,2,2,2,50,18,1,7,1,0,1,0,0,0,5.4000,50.00,1,0.00,2,'1',2,'0',2,'0','0',NULL,NULL,NULL,1,'2021-11-16 15:58:39','2022-02-18 09:33:15','2022-02-18 09:33:15'),(25,5563,40731,0,NULL,128,'DIAZ LUCAS DANIEL',NULL,'2021-11-16',1,1,5,1,NULL,5,NULL,NULL,NULL,NULL,NULL,NULL,NULL,NULL,6,'33018767','20-33018767-1',1,NULL,74,NULL,5,29,NULL,'2590027120359105030178',2,2,1,0,0,0,0,NULL,1,NULL,NULL,16,123,2,323.63,0,0.00,8.00,0.00,2,8,2,'2020-10-07','2020-10-07',NULL,NULL,NULL,NULL,NULL,0,2,2,2,2,50,18,1,7,1,0,1,0,0,0,5.4000,50.00,1,0.00,2,'1',2,'0',2,'0','0',NULL,NULL,NULL,1,'2021-11-16 15:58:39','2022-02-18 09:33:15','2022-02-18 09:33:15'),(26,5563,40731,0,NULL,61,'BILLORDO GONZALEZ GUILLERMO GUIDO',NULL,'2021-11-16',1,1,5,1,NULL,6,NULL,NULL,NULL,NULL,NULL,NULL,NULL,NULL,6,'33659247','20-33659247-0',1,NULL,74,NULL,5,29,NULL,'2590027120378954130149',2,2,1,0,0,0,0,NULL,1,NULL,NULL,16,209,2,379.81,0,0.00,8.00,0.00,2,9,2,'2021-04-21','2021-04-21',NULL,NULL,NULL,NULL,NULL,0,2,2,2,2,50,18,1,7,1,0,1,0,0,0,5.4000,50.00,1,0.00,2,'1',2,'0',2,'0','0',NULL,NULL,NULL,1,'2021-11-16 15:58:39','2022-02-18 09:33:15','2022-02-18 09:33:15'),(27,5563,40731,0,NULL,146,'ASEGUIN MARCOS DAVID ALFREDO',NULL,'2021-11-16',1,1,5,1,NULL,5,NULL,NULL,NULL,NULL,NULL,NULL,NULL,NULL,6,'36824350','20-36824350-8',1,NULL,74,NULL,5,29,NULL,'2590027120378954230139',2,2,1,0,0,0,0,NULL,1,NULL,NULL,16,124,2,298.39,0,0.00,8.00,0.00,2,7,2,'2021-03-20','2021-03-20',NULL,NULL,NULL,NULL,NULL,0,2,2,2,2,50,18,1,7,1,0,1,0,0,0,5.4000,50.00,1,0.00,2,'1',2,'0',2,'0','0',NULL,NULL,NULL,1,'2021-11-16 15:58:39','2022-02-18 09:33:15','2022-02-18 09:33:15'),(28,5563,40731,0,NULL,13,'AGUILERA DANIEL ALEJANDRO',NULL,'1993-05-04',1,1,5,1,NULL,7,'PANAMA','7575',NULL,NULL,'1682',NULL,NULL,NULL,6,'37356248','20-37356248-4',1,NULL,200,NULL,5,29,NULL,'2590027120360717330134',2,2,1,0,0,0,0,NULL,1,NULL,NULL,16,209,2,379.81,0,0.00,8.00,0.00,2,9,2,'2021-06-01','2021-06-01',NULL,NULL,NULL,NULL,NULL,0,2,2,2,2,50,18,1,7,1,0,1,0,0,0,5.4000,50.00,1,0.01,2,'1',2,'0',2,'0','0',NULL,NULL,NULL,1,'2021-11-16 15:58:39','2022-02-18 09:33:15','2022-02-18 09:33:15'),(29,5563,40731,0,NULL,158,'ALANIS ASTUDILLO MAXIMILIANO MARTIN',NULL,'2021-11-16',1,1,5,1,NULL,5,NULL,NULL,NULL,NULL,NULL,NULL,NULL,NULL,6,'37361040','20-37361040-3',1,NULL,74,NULL,1,NULL,NULL,NULL,2,2,1,0,0,0,0,NULL,1,NULL,NULL,16,123,2,323.63,0,0.00,8.00,0.00,2,8,2,'2021-11-02','2021-11-02',NULL,NULL,NULL,NULL,NULL,0,2,2,2,2,50,18,1,7,1,0,1,0,0,0,5.4000,50.00,1,0.00,2,'1',2,'0',2,'0','0',NULL,NULL,NULL,1,'2021-11-16 15:58:39','2022-02-18 09:33:15','2022-02-18 09:33:15');
INSERT INTO `syj_empleados` VALUES (30,5563,40731,0,NULL,154,'PAEZ OSCAR MAXIMILIANO',NULL,'2021-11-16',1,1,5,1,NULL,5,NULL,NULL,NULL,NULL,NULL,NULL,NULL,NULL,6,'38848625','20-38848625-3',1,NULL,74,NULL,1,1,NULL,'1111111111111111111111',2,2,1,0,0,0,0,NULL,1,NULL,NULL,16,124,2,298.39,0,0.00,8.00,0.00,2,7,2,'2021-06-09','2021-06-09',NULL,NULL,NULL,NULL,NULL,0,2,2,2,2,50,18,1,7,1,0,1,0,0,0,5.4000,50.00,1,0.00,2,'1',2,'0',2,'0','0',NULL,NULL,NULL,1,'2021-11-16 15:58:39','2022-02-18 09:33:15','2022-02-18 09:33:15'),(31,5563,40731,0,NULL,18,'FIGUEROA FACUNDO AGUSTIN',NULL,'2021-11-16',1,1,5,1,NULL,5,NULL,NULL,NULL,NULL,NULL,NULL,NULL,NULL,6,'39876741','20-39876741-2',1,NULL,74,NULL,5,29,NULL,'2590027120358037630179',2,2,1,0,0,0,0,NULL,1,NULL,NULL,16,123,2,323.63,0,0.00,8.00,0.00,2,8,2,'2020-09-14','2020-09-14',NULL,NULL,NULL,NULL,NULL,0,2,2,2,2,50,18,1,7,1,0,1,0,0,0,5.4000,50.00,1,0.00,2,'1',2,'0',2,'0','0',NULL,NULL,NULL,1,'2021-11-16 15:58:39','2022-02-18 09:33:15','2022-02-18 09:33:15'),(32,5563,40731,0,NULL,157,'SOSA JARA LAUTARO GABRIEL',NULL,'2021-11-16',1,1,5,1,NULL,5,NULL,NULL,NULL,NULL,NULL,NULL,NULL,NULL,6,'45682415','20-45682415-4',1,NULL,74,NULL,1,NULL,NULL,NULL,2,2,1,0,0,0,0,NULL,1,NULL,NULL,16,208,2,273.93,0,0.00,6.00,0.00,2,6,3,'2021-06-16','2021-06-16',NULL,NULL,NULL,NULL,NULL,0,2,2,2,2,50,18,1,7,1,0,1,0,0,0,5.4000,50.00,1,0.00,2,'1',2,'0',2,'0','0',NULL,NULL,NULL,1,'2021-11-16 15:58:39','2022-02-18 09:33:15','2022-02-18 09:33:15'),(33,5563,40731,0,NULL,75,'BILLORDO LEANDRO TOMAS',NULL,'2021-11-16',1,1,4,1,NULL,1,'Iguazu','1900',NULL,NULL,'1425',NULL,NULL,NULL,6,'46117286','20-46117286-6',1,NULL,200,NULL,5,29,NULL,'2590027120360717930174',2,2,1,0,0,0,0,NULL,1,NULL,NULL,16,123,2,323.63,0,0.00,8.00,0.00,2,8,2,'2020-08-13','2020-08-13',NULL,NULL,NULL,NULL,NULL,0,2,2,2,2,50,18,1,7,1,0,1,0,0,0,5.4000,50.00,1,0.00,2,'1',2,'0',2,'0','0',NULL,NULL,NULL,1,'2021-11-16 15:58:39','2022-02-18 09:33:15','2022-02-18 09:33:15'),(34,5563,40731,0,NULL,153,'RODRIGUEZ HIDALGO JAIME RAFAEL',NULL,'2021-11-16',1,2,5,242,NULL,5,NULL,NULL,NULL,NULL,NULL,NULL,NULL,NULL,6,'63013005','20-63013005-1',1,NULL,74,NULL,1,NULL,NULL,NULL,2,2,1,0,0,0,0,NULL,1,NULL,NULL,16,124,2,298.39,0,0.00,8.00,0.00,2,7,2,'2021-06-01','2021-06-01',NULL,NULL,NULL,NULL,NULL,0,2,2,2,2,50,18,1,7,1,0,1,0,0,0,5.4000,50.00,1,0.00,2,'1',2,'0',2,'0','0',NULL,NULL,NULL,1,'2021-11-16 15:58:39','2022-02-18 09:33:15','2022-02-18 09:33:15'),(35,5563,40731,0,NULL,15,'PERALTA OSVALDO ALEJANDRO',NULL,'2021-11-16',1,1,4,1,NULL,6,NULL,NULL,NULL,NULL,NULL,NULL,NULL,NULL,6,'31489838','23-31489838-9',1,NULL,74,NULL,5,29,NULL,'2590027120358037430199',2,2,1,0,0,0,0,NULL,1,NULL,NULL,16,209,2,379.81,0,0.00,8.00,0.00,2,9,2,'2019-11-01','2019-11-01',NULL,NULL,NULL,NULL,NULL,0,2,2,2,2,50,18,1,7,1,0,1,0,0,0,5.4000,50.00,1,0.00,2,'1',2,'0',2,'0','0',NULL,NULL,NULL,1,'2021-11-16 15:58:40','2022-02-18 09:33:15','2022-02-18 09:33:15'),(36,5563,40731,0,NULL,35,'JARA ELIZABETH GABRIELA',NULL,'2021-11-16',2,1,6,1,NULL,5,NULL,NULL,NULL,NULL,NULL,NULL,NULL,NULL,6,'22169673','27-22169673-0',1,NULL,130,NULL,5,29,NULL,'0720157488000025865668',2,2,1,0,0,0,0,NULL,1,NULL,NULL,36,216,1,62673.00,0,0.00,9.00,0.00,3,10,3,'2015-12-01','2015-12-01',NULL,NULL,NULL,NULL,NULL,0,2,2,2,2,50,18,1,7,1,0,1,0,2,0,5.4000,50.00,1,0.00,2,'1',2,'0',2,'0','0',NULL,NULL,NULL,1,'2021-11-16 15:58:40','2022-02-18 09:33:15','2022-02-18 09:33:15'),(37,5563,40731,0,NULL,16,'FIGUEROA LUIS CARLOS',NULL,'1988-02-04',1,1,5,1,NULL,6,'E. CARRIEGO','8101',NULL,NULL,'1744',NULL,NULL,NULL,6,'32906441','27-32906441-2',1,NULL,114,NULL,5,29,NULL,'2590027120360716830109',2,2,1,0,0,0,0,NULL,1,NULL,NULL,16,209,2,379.81,0,0.00,8.00,0.00,2,9,2,'2021-08-09','2021-08-09',NULL,NULL,NULL,NULL,NULL,0,2,2,2,2,50,18,1,7,1,0,1,0,0,0,5.4000,50.00,1,0.00,2,'1',2,'0',2,'0','0',NULL,NULL,NULL,1,'2021-11-16 15:58:40','2022-02-18 09:33:15','2022-02-18 09:33:15');
INSERT INTO `syj_empleados` VALUES (38,5563,40731,0,NULL,156,'SOSA JARA MELANIE DAHYANA',NULL,'2021-11-16',2,1,5,1,NULL,5,NULL,NULL,NULL,NULL,NULL,NULL,NULL,NULL,6,'43133948','27-43133948-5',1,NULL,74,NULL,5,29,NULL,'2590027120386683530156',2,2,1,0,0,0,0,NULL,1,NULL,NULL,16,208,2,273.93,0,0.00,6.00,0.00,3,6,3,'2021-06-16','2021-06-16',NULL,NULL,NULL,NULL,NULL,0,2,2,2,2,50,18,1,7,1,0,1,0,0,0,5.4000,50.00,1,0.00,2,'1',2,'0',2,'0','0',NULL,NULL,NULL,1,'2021-11-16 15:58:40','2022-02-18 09:33:15','2022-02-18 09:33:15'),(39,5563,40731,0,NULL,133,'HERNANDEZ ACOSTA CARTRIN ROMA',NULL,'2021-11-16',2,2,4,242,NULL,5,NULL,NULL,NULL,NULL,NULL,NULL,NULL,NULL,6,'95999435','27-95999435-3',1,NULL,74,NULL,5,29,NULL,'2590027120374528030116',2,2,1,0,0,0,0,NULL,1,NULL,NULL,16,123,2,323.63,0,0.00,8.00,0.00,2,8,2,'2021-01-04','1969-12-31',NULL,NULL,NULL,NULL,NULL,0,2,2,2,2,50,18,1,7,1,0,1,0,0,0,5.4000,50.00,1,0.00,2,'1',2,'0',2,'0','0',NULL,NULL,NULL,1,'2021-11-16 15:58:40','2022-02-18 09:33:15','2022-02-18 09:33:15'),(40,5563,40731,0,NULL,10,'FIGUEROA, DIEGO FRANCISCO',NULL,'2021-11-17',1,1,5,1,NULL,6,'Carriego','4420',NULL,NULL,'1744',NULL,NULL,NULL,2,'34515257','20-34515257-2',1,NULL,22,NULL,5,29,NULL,'2590027120360717030164',2,2,1,0,0,0,0,NULL,1,NULL,NULL,16,209,1,379.81,0,0.00,8.00,0.00,2,9,2,'2021-11-17','2021-11-17',NULL,NULL,NULL,NULL,NULL,0,2,2,2,2,50,18,1,7,1,0,1,0,0,NULL,5.4000,50.00,1,0.00,2,'17',2,'0',2,'0','0',NULL,NULL,NULL,1,'2021-11-17 18:03:41','2022-02-18 09:33:15','2022-02-18 09:33:15'),(41,5563,40732,0,NULL,1,'SANCHEZ ESTEBAN O.S',NULL,NULL,NULL,NULL,NULL,NULL,NULL,NULL,NULL,NULL,NULL,NULL,NULL,NULL,NULL,NULL,6,'14648236','20-14648236-9',1,NULL,NULL,NULL,NULL,NULL,NULL,NULL,NULL,NULL,0,0,0,0,0,NULL,1,NULL,NULL,5,NULL,NULL,0.00,0,0.00,0.00,0.00,NULL,NULL,NULL,'2016-02-20','2016-02-20',NULL,NULL,NULL,NULL,NULL,0,NULL,NULL,NULL,NULL,NULL,NULL,NULL,NULL,NULL,0,0,0,0,0,4.0100,49.48,0,0.00,NULL,NULL,NULL,NULL,NULL,NULL,'0',NULL,NULL,NULL,1,'2022-02-05 07:34:37','2022-02-08 21:43:25','2022-02-08 21:43:25'),(42,5563,40732,0,NULL,2,'GELMINI ERNESTO MANUEL O.S.D',NULL,NULL,NULL,NULL,NULL,NULL,NULL,NULL,NULL,NULL,NULL,NULL,NULL,NULL,NULL,NULL,6,'17548044','20-17548044-8',1,NULL,NULL,NULL,NULL,NULL,NULL,NULL,NULL,NULL,0,0,0,0,0,NULL,1,NULL,NULL,5,NULL,NULL,0.00,0,0.00,0.00,0.00,NULL,NULL,NULL,'2008-02-20','2008-02-20',NULL,NULL,NULL,NULL,NULL,0,NULL,NULL,NULL,NULL,NULL,NULL,NULL,NULL,NULL,0,0,0,0,0,4.0100,49.48,0,0.00,NULL,NULL,NULL,NULL,NULL,NULL,'0',NULL,NULL,NULL,1,'2022-02-05 07:34:37','2022-02-08 21:43:25','2022-02-08 21:43:25'),(43,5563,40732,0,NULL,3,'MATIONDAKIO FABIAN ALEJANDRO O.S',NULL,NULL,NULL,NULL,NULL,NULL,NULL,NULL,NULL,NULL,NULL,NULL,NULL,NULL,NULL,NULL,6,'18621461','20-18621461-8',1,NULL,NULL,NULL,NULL,NULL,NULL,NULL,NULL,NULL,0,0,0,0,0,NULL,1,NULL,NULL,5,NULL,NULL,0.00,0,0.00,0.00,0.00,NULL,NULL,NULL,'2028-11-20','2028-11-20',NULL,NULL,NULL,NULL,NULL,0,NULL,NULL,NULL,NULL,NULL,NULL,NULL,NULL,NULL,0,0,0,0,0,4.0100,49.48,0,0.00,NULL,NULL,NULL,NULL,NULL,NULL,'0',NULL,NULL,NULL,1,'2022-02-05 07:34:37','2022-02-08 21:43:25','2022-02-08 21:43:25'),(44,5563,40732,0,NULL,42,'BASSIGNANI CRISTIAN GABRIEL',NULL,'1972-03-17',1,1,6,1,NULL,9,NULL,NULL,NULL,NULL,NULL,NULL,NULL,NULL,6,'22653956','20-22653956-6',1,NULL,74,NULL,1,NULL,NULL,NULL,3,3,1,0,0,0,0,NULL,1,NULL,NULL,16,123,2,311.99,0,0.00,8.00,0.00,4,13,4,'2001-12-20','2001-12-20',NULL,NULL,NULL,NULL,NULL,0,2,2,2,2,50,18,1,1,1,0,1,0,0,0,4.0100,49.48,0,24.35,2,'1',2,'1',2,'1','0',NULL,NULL,NULL,1,'2022-02-05 07:34:37','2022-02-08 21:43:52','2022-02-08 21:43:52');
INSERT INTO `syj_empleados` VALUES (45,5563,40732,0,NULL,5,'GAUNA ROMAN GABRIEL O.',NULL,NULL,NULL,NULL,NULL,NULL,NULL,NULL,NULL,NULL,NULL,NULL,NULL,NULL,NULL,NULL,6,'22787987','20-22787987-5',1,NULL,NULL,NULL,NULL,NULL,NULL,NULL,NULL,NULL,0,0,0,0,0,NULL,1,NULL,NULL,5,NULL,NULL,0.00,0,0.00,0.00,0.00,NULL,NULL,NULL,'2016-02-20','2016-02-20',NULL,NULL,NULL,NULL,NULL,0,NULL,NULL,NULL,NULL,NULL,NULL,NULL,NULL,NULL,0,0,0,0,0,4.0100,49.48,0,0.00,NULL,NULL,NULL,NULL,NULL,NULL,'0',NULL,NULL,NULL,1,'2022-02-05 07:34:37','2022-02-08 21:43:25','2022-02-08 21:43:25'),(46,5563,40732,0,NULL,6,'FASCIOLO GABRIEL OSVALDO O.S',NULL,NULL,NULL,NULL,NULL,NULL,NULL,NULL,NULL,NULL,NULL,NULL,NULL,NULL,NULL,NULL,6,'23297946','20-23297946-2',1,NULL,NULL,NULL,NULL,NULL,NULL,NULL,NULL,NULL,0,0,0,0,0,NULL,1,NULL,NULL,5,NULL,NULL,0.00,0,0.00,0.00,0.00,NULL,NULL,NULL,'2001-08-20','2001-08-20',NULL,NULL,NULL,NULL,NULL,0,NULL,NULL,NULL,NULL,NULL,NULL,NULL,NULL,NULL,0,0,0,0,0,4.0100,49.48,0,0.00,NULL,NULL,NULL,NULL,NULL,NULL,'0',NULL,NULL,NULL,1,'2022-02-05 07:34:37','2022-02-08 21:43:25','2022-02-08 21:43:25'),(47,5563,40732,0,NULL,70,'ANTIGUES RODOLFO JOSE BERNARDO',NULL,'2022-02-08',1,1,5,1,NULL,9,NULL,NULL,NULL,NULL,NULL,NULL,NULL,NULL,6,'24047830','20-24047830-8',1,NULL,74,NULL,1,NULL,NULL,NULL,3,3,1,0,0,0,0,NULL,1,NULL,NULL,16,208,2,264.08,0,0.00,9.00,0.00,4,11,4,'2021-10-18','2021-10-18',NULL,NULL,NULL,NULL,NULL,0,2,2,2,2,50,16,1,1,1,0,1,0,0,0,4.0100,49.48,1,24.38,2,'1',2,'1',2,'1','0',NULL,NULL,NULL,1,'2022-02-05 07:34:37','2022-02-08 21:43:52','2022-02-08 21:43:52'),(48,5563,40732,0,NULL,8,'MONTENEGRO MARIO O.S',NULL,NULL,NULL,NULL,NULL,NULL,NULL,NULL,NULL,NULL,NULL,NULL,NULL,NULL,NULL,NULL,6,'24265381','20-24265381-6',1,NULL,NULL,NULL,NULL,NULL,NULL,NULL,NULL,NULL,0,0,0,0,0,NULL,1,NULL,NULL,5,NULL,NULL,0.00,0,0.00,0.00,0.00,NULL,NULL,NULL,'2001-10-20','2001-10-20',NULL,NULL,NULL,NULL,NULL,0,NULL,NULL,NULL,NULL,NULL,NULL,NULL,NULL,NULL,0,0,0,0,0,4.0100,49.48,0,0.00,NULL,NULL,NULL,NULL,NULL,NULL,'0',NULL,NULL,NULL,1,'2022-02-05 07:34:37','2022-02-08 21:43:25','2022-02-08 21:43:25'),(49,5563,40732,0,NULL,9,'MARZANA LEANDRO CHRISTIAN O.S.',NULL,NULL,NULL,NULL,NULL,NULL,NULL,NULL,NULL,NULL,NULL,NULL,NULL,NULL,NULL,NULL,6,'25478311','20-25478311-1',1,NULL,NULL,NULL,NULL,NULL,NULL,NULL,NULL,NULL,0,0,0,0,0,NULL,1,NULL,NULL,5,NULL,NULL,0.00,0,0.00,0.00,0.00,NULL,NULL,NULL,'2002-09-20','2002-09-20',NULL,NULL,NULL,NULL,NULL,0,NULL,NULL,NULL,NULL,NULL,NULL,NULL,NULL,NULL,0,0,0,0,0,4.0100,49.48,0,0.00,NULL,NULL,NULL,NULL,NULL,NULL,'0',NULL,NULL,NULL,1,'2022-02-05 07:34:37','2022-02-08 21:43:25','2022-02-08 21:43:25'),(50,5563,40732,0,NULL,10,'GOMEZ CARMELO ALCIDES OS',NULL,NULL,NULL,NULL,NULL,NULL,NULL,NULL,NULL,NULL,NULL,NULL,NULL,NULL,NULL,NULL,6,'27722709','20-27722709-7',1,NULL,NULL,NULL,NULL,NULL,NULL,NULL,NULL,NULL,0,0,0,0,0,NULL,1,NULL,NULL,5,NULL,NULL,0.00,0,0.00,0.00,0.00,NULL,NULL,NULL,'2001-10-20','2001-10-20',NULL,NULL,NULL,NULL,NULL,0,NULL,NULL,NULL,NULL,NULL,NULL,NULL,NULL,NULL,0,0,0,0,0,4.0100,49.48,0,0.00,NULL,NULL,NULL,NULL,NULL,NULL,'0',NULL,NULL,NULL,1,'2022-02-05 07:34:37','2022-02-08 21:43:25','2022-02-08 21:43:25'),(51,5563,40732,0,NULL,11,'JAIME MARIO HERNAN O.S',NULL,NULL,NULL,NULL,NULL,NULL,NULL,NULL,NULL,NULL,NULL,NULL,NULL,NULL,NULL,NULL,6,'28461689','20-28461689-9',1,NULL,NULL,NULL,NULL,NULL,NULL,NULL,NULL,NULL,0,0,0,0,0,NULL,1,NULL,NULL,5,NULL,NULL,0.00,0,0.00,0.00,0.00,NULL,NULL,NULL,'2016-11-20','2016-11-20',NULL,NULL,NULL,NULL,NULL,0,NULL,NULL,NULL,NULL,NULL,NULL,NULL,NULL,NULL,0,0,0,0,0,4.0100,49.48,0,0.00,NULL,NULL,NULL,NULL,NULL,NULL,'0',NULL,NULL,NULL,1,'2022-02-05 07:34:37','2022-02-08 21:43:25','2022-02-08 21:43:25');
INSERT INTO `syj_empleados` VALUES (52,5563,40732,0,NULL,41,'DUARTE CHRISTIAN DANIEL',NULL,'1980-01-01',1,1,6,1,NULL,9,NULL,NULL,NULL,NULL,NULL,NULL,NULL,NULL,6,'29197889','20-29197889-5',1,NULL,74,NULL,1,NULL,NULL,NULL,3,3,1,0,0,0,0,NULL,1,NULL,NULL,16,123,2,311.99,0,0.00,9.00,0.00,4,13,4,'2020-12-01','2020-12-01',NULL,NULL,NULL,NULL,NULL,0,2,2,2,2,50,18,1,1,1,0,1,0,0,0,4.0100,49.48,1,24.35,2,'1',2,'1',2,'1','0',NULL,NULL,NULL,1,'2022-02-05 07:34:37','2022-02-08 21:43:52','2022-02-08 21:43:52'),(53,5563,40732,0,NULL,69,'ALDERETE LEONARDO RODOLFO',NULL,'1983-08-18',1,1,5,1,NULL,9,NULL,NULL,NULL,NULL,NULL,NULL,NULL,NULL,6,'30386468','20-30386468-8',1,NULL,131,NULL,1,NULL,NULL,NULL,3,3,1,0,0,0,0,NULL,1,NULL,NULL,39,250,1,99201.00,0,0.00,9.00,0.00,4,18,4,'2021-08-16','2021-08-16',NULL,NULL,NULL,NULL,NULL,0,2,2,2,2,50,16,1,1,1,0,1,0,0,0,4.0100,49.48,1,24.35,2,'1',2,'1',2,'1','0',NULL,NULL,NULL,1,'2022-02-05 07:34:37','2022-02-08 21:43:52','2022-02-08 21:43:52'),(54,5563,40732,0,NULL,14,'FERRITTO LUIS SEBASTIAN O',NULL,NULL,NULL,NULL,NULL,NULL,NULL,NULL,NULL,NULL,NULL,NULL,NULL,NULL,NULL,NULL,6,'30866578','20-30866578-0',1,NULL,NULL,NULL,NULL,NULL,NULL,NULL,NULL,NULL,0,0,0,0,0,NULL,1,NULL,NULL,5,NULL,NULL,0.00,0,0.00,0.00,0.00,NULL,NULL,NULL,'2019-10-07','2019-10-07',NULL,NULL,NULL,NULL,NULL,0,NULL,NULL,NULL,NULL,NULL,NULL,NULL,NULL,NULL,0,0,0,0,0,4.0100,49.48,0,0.00,NULL,NULL,NULL,NULL,NULL,NULL,'0',NULL,NULL,NULL,1,'2022-02-05 07:34:37','2022-02-08 21:43:25','2022-02-08 21:43:25'),(55,5563,40732,0,NULL,15,'ROMERO LEONARDO GUSTAVO O.S',NULL,NULL,NULL,NULL,NULL,NULL,NULL,NULL,NULL,NULL,NULL,NULL,NULL,NULL,NULL,NULL,6,'30896165','20-30896165-7',1,NULL,NULL,NULL,NULL,NULL,NULL,NULL,NULL,NULL,0,0,0,0,0,NULL,1,NULL,NULL,5,NULL,NULL,0.00,0,0.00,0.00,0.00,NULL,NULL,NULL,'2008-11-20','2008-11-20',NULL,NULL,NULL,NULL,NULL,0,NULL,NULL,NULL,NULL,NULL,NULL,NULL,NULL,NULL,0,0,0,0,0,4.0100,49.48,0,0.00,NULL,NULL,NULL,NULL,NULL,NULL,'0',NULL,NULL,NULL,1,'2022-02-05 07:34:37','2022-02-08 21:43:25','2022-02-08 21:43:25'),(56,5563,40732,0,NULL,16,'RAMIREZ HECTOR ANDRES O.S',NULL,NULL,NULL,NULL,NULL,NULL,NULL,NULL,NULL,NULL,NULL,NULL,NULL,NULL,NULL,NULL,6,'31179310','20-31179310-2',1,NULL,NULL,NULL,NULL,NULL,NULL,NULL,NULL,NULL,0,0,0,0,0,NULL,1,NULL,NULL,5,NULL,NULL,0.00,0,0.00,0.00,0.00,NULL,NULL,NULL,'2016-01-20','2016-01-20',NULL,NULL,NULL,NULL,NULL,0,NULL,NULL,NULL,NULL,NULL,NULL,NULL,NULL,NULL,0,0,0,0,0,4.0100,49.48,0,0.00,NULL,NULL,NULL,NULL,NULL,NULL,'0',NULL,NULL,NULL,1,'2022-02-05 07:34:37','2022-02-08 21:43:25','2022-02-08 21:43:25'),(57,5563,40732,0,NULL,17,'MINOLA ADRIAN ARIEL O.S',NULL,NULL,NULL,NULL,NULL,NULL,NULL,NULL,NULL,NULL,NULL,NULL,NULL,NULL,NULL,NULL,6,'31801047','20-31801047-2',1,NULL,NULL,NULL,NULL,NULL,NULL,NULL,NULL,NULL,0,0,0,0,0,NULL,1,NULL,NULL,5,NULL,NULL,0.00,0,0.00,0.00,0.00,NULL,NULL,NULL,'2005-12-20','2005-12-20',NULL,NULL,NULL,NULL,NULL,0,NULL,NULL,NULL,NULL,NULL,NULL,NULL,NULL,NULL,0,0,0,0,0,4.0100,49.48,0,0.00,NULL,NULL,NULL,NULL,NULL,NULL,'0',NULL,NULL,NULL,1,'2022-02-05 07:34:37','2022-02-08 21:43:25','2022-02-08 21:43:25'),(58,5563,40732,0,NULL,18,'LOPEZ JULIAN ARIEL O.S',NULL,NULL,NULL,NULL,NULL,NULL,NULL,NULL,NULL,NULL,NULL,NULL,NULL,NULL,NULL,NULL,6,'32250892','20-32250892-2',1,NULL,NULL,NULL,NULL,NULL,NULL,NULL,NULL,NULL,0,0,0,0,0,NULL,1,NULL,NULL,5,NULL,NULL,0.00,0,0.00,0.00,0.00,NULL,NULL,NULL,'2021-01-20','2021-01-20',NULL,NULL,NULL,NULL,NULL,0,NULL,NULL,NULL,NULL,NULL,NULL,NULL,NULL,NULL,0,0,0,0,0,4.0100,49.48,0,0.00,NULL,NULL,NULL,NULL,NULL,NULL,'0',NULL,NULL,NULL,1,'2022-02-05 07:34:37','2022-02-08 21:43:25','2022-02-08 21:43:25');
INSERT INTO `syj_empleados` VALUES (59,5563,40732,0,NULL,19,'VILLALBA CESAR NORBERTO O.S',NULL,NULL,NULL,NULL,NULL,NULL,NULL,NULL,NULL,NULL,NULL,NULL,NULL,NULL,NULL,NULL,6,'32692627','20-32692627-3',1,NULL,NULL,NULL,NULL,NULL,NULL,NULL,NULL,NULL,0,0,0,0,0,NULL,1,NULL,NULL,5,NULL,NULL,0.00,0,0.00,0.00,0.00,NULL,NULL,NULL,'2018-12-20','2018-12-20',NULL,NULL,NULL,NULL,NULL,0,NULL,NULL,NULL,NULL,NULL,NULL,NULL,NULL,NULL,0,0,0,0,0,4.0100,49.48,0,0.00,NULL,NULL,NULL,NULL,NULL,NULL,'0',NULL,NULL,NULL,1,'2022-02-05 07:34:37','2022-02-08 21:43:25','2022-02-08 21:43:25'),(60,5563,40732,0,NULL,20,'BENITEZ ROQUE LUIS',NULL,'1987-02-19',1,1,5,1,NULL,1,NULL,NULL,NULL,NULL,NULL,NULL,NULL,NULL,6,'32811203','20-32811203-6',1,NULL,74,NULL,5,NULL,NULL,'1910025455102501156971',3,3,1,0,0,0,0,NULL,1,NULL,NULL,16,123,2,311.99,0,0.00,9.00,0.00,4,13,4,'2019-02-16','2019-02-16',NULL,NULL,NULL,NULL,NULL,0,2,2,2,2,50,18,1,1,1,0,1,0,0,0,4.0100,49.48,1,24.35,2,'1',2,'1',2,'1','0',NULL,NULL,NULL,1,'2022-02-05 07:34:37','2022-02-08 21:43:52','2022-02-08 21:43:52'),(61,5563,40732,0,NULL,21,'MALDONADO OSCAR ADRIAN',NULL,NULL,NULL,NULL,NULL,NULL,NULL,NULL,NULL,NULL,NULL,NULL,NULL,NULL,NULL,NULL,6,'34212441','20-34212441-1',1,NULL,NULL,NULL,NULL,NULL,NULL,NULL,NULL,NULL,0,0,0,0,0,NULL,1,NULL,NULL,5,NULL,NULL,0.00,0,0.00,0.00,0.00,NULL,NULL,NULL,'2019-10-07','2019-10-07',NULL,NULL,NULL,NULL,NULL,0,NULL,NULL,NULL,NULL,NULL,NULL,NULL,NULL,NULL,0,0,0,0,0,4.0100,49.48,0,0.00,NULL,NULL,NULL,NULL,NULL,NULL,'0',NULL,NULL,NULL,1,'2022-02-05 07:34:37','2022-02-08 21:43:25','2022-02-08 21:43:25'),(62,5563,40732,0,NULL,22,'SALGUERO EZEQUIEL SEBASTIAN O.S',NULL,NULL,NULL,NULL,NULL,NULL,NULL,NULL,NULL,NULL,NULL,NULL,NULL,NULL,NULL,NULL,6,'34543673','20-34543673-2',1,NULL,NULL,NULL,NULL,NULL,NULL,NULL,NULL,NULL,0,0,0,0,0,NULL,1,NULL,NULL,5,NULL,NULL,0.00,0,0.00,0.00,0.00,NULL,NULL,NULL,'2001-10-20','2001-10-20',NULL,NULL,NULL,NULL,NULL,0,NULL,NULL,NULL,NULL,NULL,NULL,NULL,NULL,NULL,0,0,0,0,0,4.0100,49.48,0,0.00,NULL,NULL,NULL,NULL,NULL,NULL,'0',NULL,NULL,NULL,1,'2022-02-05 07:34:37','2022-02-08 21:43:25','2022-02-08 21:43:25'),(63,5563,40732,0,NULL,48,'ACUÑA JAVIER ALEJANDRO',NULL,'1990-09-02',1,1,5,1,NULL,9,NULL,NULL,NULL,NULL,NULL,NULL,NULL,NULL,6,'35603869','20-35603869-0',1,'empleados/40719/40732/63/fotos/URumSZrgiWpOSsJvbO1ceSovDtBazzigYQmWRzOC.jpg',74,NULL,1,NULL,NULL,NULL,3,3,0,0,0,0,0,NULL,1,NULL,NULL,16,208,2,264.08,0,0.00,9.00,0.00,4,11,4,'2021-10-18','2021-10-18',NULL,NULL,NULL,NULL,NULL,0,2,2,2,2,50,18,1,1,1,0,1,0,0,0,4.0100,49.48,1,24.35,2,'1',2,'1',2,'1','0',NULL,NULL,NULL,1,'2022-02-05 07:34:37','2022-02-08 21:43:52','2022-02-08 21:43:52'),(64,5563,40732,0,NULL,24,'WELSH ADRIAN MAXIMILIANO O.S',NULL,NULL,NULL,NULL,NULL,NULL,NULL,NULL,NULL,NULL,NULL,NULL,NULL,NULL,NULL,NULL,6,'36188889','20-36188889-9',1,NULL,NULL,NULL,NULL,NULL,NULL,NULL,NULL,NULL,0,0,0,0,0,NULL,1,NULL,NULL,5,NULL,NULL,0.00,0,0.00,0.00,0.00,NULL,NULL,NULL,'2022-09-20','2022-09-20',NULL,NULL,NULL,NULL,NULL,0,NULL,NULL,NULL,NULL,NULL,NULL,NULL,NULL,NULL,0,0,0,0,0,4.0100,49.48,0,0.00,NULL,NULL,NULL,NULL,NULL,NULL,'0',NULL,NULL,NULL,1,'2022-02-05 07:34:37','2022-02-08 21:43:25','2022-02-08 21:43:25'),(65,5563,40732,0,NULL,25,'SOÑEZ LEANDRO JEREMIAS O.S',NULL,NULL,NULL,NULL,NULL,NULL,NULL,NULL,NULL,NULL,NULL,NULL,NULL,NULL,NULL,NULL,6,'38465407','20-38465407-0',1,NULL,NULL,NULL,NULL,NULL,NULL,NULL,NULL,NULL,0,0,0,0,0,NULL,1,NULL,NULL,5,NULL,NULL,0.00,0,0.00,0.00,0.00,NULL,NULL,NULL,'2016-02-02','2016-02-02',NULL,NULL,NULL,NULL,NULL,0,NULL,NULL,NULL,NULL,NULL,NULL,NULL,NULL,NULL,0,0,0,0,0,4.0100,49.48,0,0.00,NULL,NULL,NULL,NULL,NULL,NULL,'0',NULL,NULL,NULL,1,'2022-02-05 07:34:37','2022-02-08 21:43:25','2022-02-08 21:43:25');
INSERT INTO `syj_empleados` VALUES (66,5563,40732,0,NULL,26,'WELSH MATIAS JUAN MARCELO O.S',NULL,NULL,NULL,NULL,NULL,NULL,NULL,NULL,NULL,NULL,NULL,NULL,NULL,NULL,NULL,NULL,6,'38625716','20-38625716-8',1,NULL,NULL,NULL,NULL,NULL,NULL,NULL,NULL,NULL,0,0,0,0,0,NULL,1,NULL,NULL,5,NULL,NULL,0.00,0,0.00,0.00,0.00,NULL,NULL,NULL,'2022-09-20','2022-09-20',NULL,NULL,NULL,NULL,NULL,0,NULL,NULL,NULL,NULL,NULL,NULL,NULL,NULL,NULL,0,0,0,0,0,4.0100,49.48,0,0.00,NULL,NULL,NULL,NULL,NULL,NULL,'0',NULL,NULL,NULL,1,'2022-02-05 07:34:37','2022-02-08 21:43:25','2022-02-08 21:43:25'),(67,5563,40732,0,NULL,27,'DUARTE LEANDRO AGUSTIN OS.',NULL,NULL,NULL,NULL,NULL,NULL,NULL,NULL,NULL,NULL,NULL,NULL,NULL,NULL,NULL,NULL,6,'38826762','20-38826762-4',1,NULL,NULL,NULL,NULL,NULL,NULL,NULL,NULL,NULL,0,0,0,0,0,NULL,1,NULL,NULL,5,NULL,NULL,0.00,0,0.00,0.00,0.00,NULL,NULL,NULL,'2001-08-20','2001-08-20',NULL,NULL,NULL,NULL,NULL,0,NULL,NULL,NULL,NULL,NULL,NULL,NULL,NULL,NULL,0,0,0,0,0,4.0100,49.48,0,0.00,NULL,NULL,NULL,NULL,NULL,NULL,'0',NULL,NULL,NULL,1,'2022-02-05 07:34:37','2022-02-08 21:43:25','2022-02-08 21:43:25'),(68,5563,40732,0,NULL,28,'PENSO DANIEL ALEJANDRO ALBERTO O.S',NULL,NULL,NULL,NULL,NULL,NULL,NULL,NULL,NULL,NULL,NULL,NULL,NULL,NULL,NULL,NULL,6,'39408216','20-39408216-4',1,NULL,NULL,NULL,NULL,NULL,NULL,NULL,NULL,NULL,0,0,0,0,0,NULL,1,NULL,NULL,5,NULL,NULL,0.00,0,0.00,0.00,0.00,NULL,NULL,NULL,'2016-01-20','2016-01-20',NULL,NULL,NULL,NULL,NULL,0,NULL,NULL,NULL,NULL,NULL,NULL,NULL,NULL,NULL,0,0,0,0,0,4.0100,49.48,0,0.00,NULL,NULL,NULL,NULL,NULL,NULL,'0',NULL,NULL,NULL,1,'2022-02-05 07:34:37','2022-02-08 21:43:25','2022-02-08 21:43:25'),(69,5563,40732,0,NULL,1,'BENITEZ GONZALO FRANCISCO',NULL,'1998-06-10',1,1,5,1,NULL,9,NULL,NULL,NULL,NULL,NULL,NULL,NULL,NULL,6,'41196764','20-41196764-7',1,NULL,74,NULL,1,NULL,NULL,NULL,3,3,1,0,0,0,0,NULL,1,NULL,NULL,16,208,2,264.08,0,0.00,9.00,0.00,4,11,4,'2001-01-20','2001-01-20',NULL,NULL,NULL,NULL,NULL,0,2,2,2,2,50,18,1,1,1,0,1,0,0,0,4.0100,49.48,1,24.35,2,'1',2,'1',2,'1','0',NULL,NULL,NULL,1,'2022-02-05 07:34:37','2022-02-08 21:43:52','2022-02-08 21:43:52'),(70,5563,40732,0,NULL,61,'BORLICHE JUAN SEBASTIAN',NULL,'1999-01-01',1,1,5,1,NULL,9,NULL,NULL,NULL,NULL,NULL,NULL,NULL,NULL,6,'41693466','20-41693466-6',1,NULL,74,NULL,1,NULL,NULL,NULL,3,3,1,0,0,0,0,NULL,1,NULL,NULL,16,208,2,264.08,0,0.00,9.00,0.00,4,11,4,'2021-08-12','2021-08-12',NULL,NULL,NULL,NULL,NULL,0,2,2,2,2,50,18,1,1,1,0,1,0,0,0,4.0100,49.48,1,24.35,2,'1',2,'1',2,'1','0',NULL,NULL,NULL,1,'2022-02-05 07:34:37','2022-02-08 21:43:52','2022-02-08 21:43:52'),(71,5563,40732,0,NULL,52,'ARCURI DARIO CARLOS EZEQUIEL',NULL,'1990-11-01',1,1,5,1,NULL,9,NULL,NULL,NULL,NULL,NULL,NULL,NULL,NULL,6,'33556242','23-33556242-9',1,NULL,27,NULL,1,NULL,NULL,NULL,3,3,1,0,0,0,0,NULL,1,NULL,NULL,16,208,2,264.08,0,0.00,9.00,0.00,4,11,4,'2021-01-20','2021-01-20',NULL,NULL,NULL,NULL,NULL,0,2,2,2,2,50,4,1,1,1,0,1,0,0,0,4.0100,49.48,1,24.35,2,'1',2,'1',2,'1','0',NULL,NULL,NULL,1,'2022-02-05 07:40:35','2022-02-08 21:43:52','2022-02-08 21:43:52'),(72,5563,40732,0,NULL,32,'MARTIN LAUTARO DANIEL O.S',NULL,NULL,NULL,NULL,NULL,NULL,NULL,NULL,NULL,NULL,NULL,NULL,NULL,NULL,NULL,NULL,6,'44833746','20-44833746-5',1,NULL,NULL,NULL,NULL,NULL,NULL,NULL,NULL,NULL,0,0,0,0,0,NULL,1,NULL,NULL,5,NULL,NULL,0.00,0,0.00,0.00,0.00,NULL,NULL,NULL,'2016-11-20','2016-11-20',NULL,NULL,NULL,NULL,NULL,0,NULL,NULL,NULL,NULL,NULL,NULL,NULL,NULL,NULL,0,0,0,0,0,4.0100,49.48,0,0.00,NULL,NULL,NULL,NULL,NULL,NULL,'0',NULL,NULL,NULL,1,'2022-02-05 07:42:18','2022-02-05 07:42:34','2022-02-05 07:42:34');
INSERT INTO `syj_empleados` VALUES (73,5563,40732,0,NULL,33,'MARTIN LAUTARO DANIEL O.S',NULL,NULL,NULL,NULL,NULL,NULL,NULL,NULL,NULL,NULL,NULL,NULL,NULL,NULL,NULL,NULL,6,'44833746','20-44833746-5',1,NULL,NULL,NULL,NULL,NULL,NULL,NULL,NULL,NULL,0,0,0,0,0,NULL,1,NULL,NULL,5,NULL,NULL,0.00,0,0.00,0.00,0.00,NULL,NULL,NULL,'2016-01-20','2016-01-20',NULL,NULL,NULL,NULL,NULL,0,NULL,NULL,NULL,NULL,NULL,NULL,NULL,NULL,NULL,0,0,0,0,0,4.0100,49.48,0,0.00,NULL,NULL,NULL,NULL,NULL,NULL,'0',NULL,NULL,NULL,1,'2022-02-05 07:42:18','2022-02-08 21:43:25','2022-02-08 21:43:25'),(74,5563,40732,0,NULL,39,'ARIAS SAINT GERMES GONZALO',NULL,'1999-01-01',1,1,5,1,NULL,9,NULL,NULL,NULL,NULL,NULL,NULL,NULL,NULL,6,'42374214','20-42374214-4',1,NULL,236,NULL,1,NULL,NULL,NULL,3,3,1,0,0,0,0,NULL,1,NULL,NULL,36,228,1,69843.00,0,0.00,6.00,0.00,4,17,4,'2021-03-16','2021-03-16',NULL,NULL,NULL,NULL,NULL,0,2,2,2,2,50,18,1,1,1,0,1,0,0,0,4.0100,49.48,1,24.35,2,'1',2,'1',2,'1','0',NULL,NULL,NULL,1,'2022-02-05 07:44:39','2022-02-08 21:43:52','2022-02-08 21:43:52'),(75,5563,40732,0,NULL,35,'ARIAS SAINT GERMES GONZALO OS',NULL,NULL,NULL,NULL,NULL,NULL,NULL,NULL,NULL,NULL,NULL,NULL,NULL,NULL,NULL,NULL,6,'42374214','20-42374214-4',1,NULL,NULL,NULL,NULL,NULL,NULL,NULL,NULL,NULL,0,0,0,0,0,NULL,1,NULL,NULL,5,NULL,NULL,0.00,0,0.00,0.00,0.00,NULL,NULL,NULL,'1969-12-31','1969-12-31',NULL,NULL,NULL,NULL,NULL,0,NULL,NULL,NULL,NULL,NULL,NULL,NULL,NULL,NULL,0,0,0,0,0,4.0100,49.48,0,0.00,NULL,NULL,NULL,NULL,NULL,NULL,'0',NULL,NULL,NULL,1,'2022-02-05 07:44:39','2022-02-05 07:45:00','2022-02-05 07:45:00'),(76,5563,40732,0,NULL,36,'ARIAS SAINT GERMES GONZALO OS',NULL,NULL,NULL,NULL,NULL,NULL,NULL,NULL,NULL,NULL,NULL,NULL,NULL,NULL,NULL,NULL,6,'42374214','20-42374214-4',1,NULL,NULL,NULL,NULL,NULL,NULL,NULL,NULL,NULL,0,0,0,0,0,NULL,1,NULL,NULL,5,NULL,NULL,0.00,0,0.00,0.00,0.00,NULL,NULL,NULL,'1969-12-31','1969-12-31',NULL,NULL,NULL,NULL,NULL,0,NULL,NULL,NULL,NULL,NULL,NULL,NULL,NULL,NULL,0,0,0,0,0,4.0100,49.48,0,0.00,NULL,NULL,NULL,NULL,NULL,NULL,'0',NULL,NULL,NULL,1,'2022-02-05 07:44:39','2022-02-05 07:45:06','2022-02-05 07:45:06'),(77,5563,40732,0,NULL,12,'SOÑEZ CARLOS MARIA',NULL,'1959-12-14',1,1,5,1,NULL,1,NULL,NULL,NULL,NULL,NULL,NULL,NULL,NULL,2,'13943281','23-13943281-9',1,'empleados/40719/40732//fotos/IHqRIBBLebZvPVymXttIIUrefEFpm2LdKAfydPBC.jpg',130,NULL,5,NULL,NULL,'1910025455102501159185',3,3,1,0,0,0,0,NULL,1,NULL,NULL,16,208,2,264.08,0,0.00,9.00,0.00,4,11,4,'2019-11-08','2019-11-08',NULL,NULL,NULL,NULL,NULL,0,2,2,2,2,50,4,1,1,1,0,1,0,1,NULL,4.0100,49.48,1,24.35,2,'1',2,'1',2,'1','0',NULL,NULL,NULL,1,'2022-02-05 08:22:23','2022-02-08 21:43:25','2022-02-08 21:43:25'),(78,5563,40732,0,NULL,23,'BRESSAN RICARDO ERNESTO',NULL,'1963-05-22',1,1,5,1,NULL,1,NULL,NULL,NULL,NULL,NULL,NULL,NULL,NULL,2,'16348314','27-16348314-4',1,'empleados/40719/40732//fotos/BmQbgMsd43DVTGP7okSMHFDqYPTgnZUWRXJWkXSe.jpg',74,NULL,5,NULL,NULL,'1910025455102501159499',3,3,1,0,0,0,0,NULL,1,NULL,NULL,16,124,2,287.65,0,0.00,9.00,0.00,4,12,4,'2019-10-07','2019-10-07',NULL,NULL,NULL,NULL,NULL,0,2,2,2,1,50,4,1,1,1,0,1,0,0,NULL,4.0100,49.48,1,24.35,2,'1',2,'1',2,'1','0',NULL,NULL,NULL,1,'2022-02-05 08:28:11','2022-02-08 21:43:52','2022-02-08 21:43:52'),(79,5563,40732,0,NULL,74,'LAIRIHON DAMIAN BRUNO DANIEL',NULL,'2022-02-05',1,1,5,1,NULL,1,NULL,NULL,NULL,NULL,NULL,NULL,NULL,NULL,2,'35799627','23-35799627-9',1,NULL,200,NULL,1,NULL,NULL,NULL,3,3,0,0,0,0,0,NULL,1,NULL,NULL,16,208,1,264.08,0,0.00,9.00,0.00,4,11,4,'2021-11-16','2021-11-16',NULL,NULL,NULL,NULL,NULL,0,2,2,2,1,50,4,1,1,1,0,0,0,0,NULL,4.0100,49.48,1,24.35,2,'1',2,'1',2,'1','0',NULL,NULL,NULL,1,'2022-02-05 08:32:48','2022-02-08 21:43:25','2022-02-08 21:43:25');
INSERT INTO `syj_empleados` VALUES (80,5563,40732,0,NULL,48,'ACUÑA JAVIER ALEJANDRO',NULL,'1990-09-02',1,1,5,1,23,9,NULL,NULL,NULL,NULL,NULL,NULL,NULL,NULL,6,'35603869','20-35603869-0',3,NULL,74,NULL,5,NULL,NULL,'0140102403402574024814',3,3,1,0,0,0,0,NULL,1,NULL,NULL,16,208,2,568.00,0,0.00,9.00,0.00,4,11,4,'2021-10-18','2021-10-18',NULL,NULL,NULL,'2022-06-15',4,0,2,2,2,2,50,18,1,1,1,0,1,0,0,0,4.0100,200.00,1,0.00,2,'1',2,'0',2,'0','0',NULL,NULL,NULL,1,'2022-02-09 00:26:33','2023-04-11 17:15:49',NULL),(81,5563,40732,1,NULL,69,'ALDERETE LEONARDO RODOLFO',NULL,'1983-08-18',1,1,5,1,23,9,NULL,NULL,NULL,NULL,NULL,NULL,NULL,'leonardoalder@gmail.com',6,'30386468','20-30386468-8',3,NULL,78,NULL,5,NULL,NULL,'1500041100008762339932',3,3,1,0,0,0,0,NULL,1,NULL,NULL,39,250,1,172840.00,0,0.00,9.00,0.00,4,18,4,'2021-08-16','2021-08-16',NULL,NULL,NULL,'2022-05-15',4,0,2,2,2,2,50,16,1,1,1,0,1,0,0,0,4.0100,200.00,1,0.00,2,'1',2,'0',2,'0','0',NULL,NULL,NULL,1,'2022-02-09 00:26:33','2023-04-11 17:15:49',NULL),(82,5563,40732,1,NULL,70,'ANTIGUES RODOLFO JOSE BERNARDO',NULL,'1975-04-29',1,1,5,1,23,9,NULL,NULL,NULL,NULL,NULL,NULL,NULL,'rodolfoantigues@gmail.com',6,'24047830','20-24047830-8',3,NULL,74,NULL,1,NULL,NULL,NULL,3,3,0,0,0,0,0,NULL,1,NULL,NULL,16,208,2,568.00,0,0.00,9.00,0.00,4,11,4,'2021-10-18','2021-10-18',NULL,NULL,NULL,'2022-04-15',4,0,2,2,2,2,50,18,1,1,1,0,1,0,0,0,4.0100,200.00,1,0.00,2,'1',2,'0',2,'0','0',NULL,NULL,NULL,1,'2022-02-09 00:26:33','2023-04-11 17:15:49',NULL),(83,5563,40732,0,NULL,52,'ARCURI DARIO CARLOS EZEQUIEL',NULL,'1991-01-01',1,1,5,1,23,9,'J.F. KENNEDY','576',NULL,'DTO. 2','B1686',NULL,'112343-8857',NULL,6,'33556242','23-33556242-9',3,NULL,27,NULL,1,NULL,NULL,NULL,3,3,0,0,0,0,0,NULL,1,NULL,NULL,16,208,2,568.00,0,0.00,9.00,0.00,4,11,4,'2021-01-21','2021-01-21',NULL,NULL,NULL,'2023-01-30',1,1,2,2,2,2,50,18,1,1,1,0,1,0,0,0,4.0100,200.00,1,0.00,2,'1',2,'0',2,'0','0',NULL,NULL,NULL,1,'2022-02-09 00:26:33','2023-04-20 16:02:27',NULL),(84,5563,40732,1,NULL,39,'ARIAS SAINT GERMES GONZALO',NULL,'2000-01-31',1,1,5,1,23,9,NULL,NULL,NULL,NULL,NULL,NULL,NULL,'gonzaloariasimc@gmail.com',6,'42374214','20-42374214-4',3,NULL,236,NULL,5,NULL,NULL,'1430001713018856350015',3,3,0,0,0,0,0,NULL,1,NULL,NULL,36,271,1,50662.00,1,0.00,6.00,0.00,4,17,4,'2021-03-16','2021-03-16',NULL,NULL,NULL,'2022-08-01',2,0,2,2,2,2,50,18,1,1,1,0,1,0,0,0,4.0100,200.00,1,0.00,2,'1',2,'0',2,'0','0',NULL,NULL,NULL,1,'2022-02-09 00:26:33','2023-04-11 17:15:49',NULL),(85,5563,40732,1,NULL,42,'BASSIGNANI CRISTIAN GABRIEL',NULL,'1972-03-17',1,1,5,1,23,9,'Conesa','5524',NULL,NULL,'B1650',NULL,'11 2720-0622','cbassignani17@gmail.com',6,'22653956','20-22653956-6',3,NULL,74,NULL,5,NULL,NULL,'0070191030004011077948',3,3,0,0,0,0,0,NULL,1,NULL,NULL,16,123,2,670.00,0,0.00,9.00,0.00,4,13,4,'2020-12-01','2020-12-01',NULL,NULL,NULL,'2022-05-30',2,0,2,2,2,2,50,18,1,1,1,0,1,0,0,0,4.0100,200.00,1,0.00,2,'1',2,'0',2,'0','0',NULL,NULL,NULL,1,'2022-02-09 00:26:33','2023-04-11 17:15:49',NULL),(86,5563,40732,1,NULL,71,'BENITEZ GONZALO FRANCISCO',NULL,'1998-06-10',1,1,5,1,23,9,NULL,NULL,NULL,NULL,NULL,NULL,NULL,'ym6929681@gmail.com',6,'41196764','20-41196764-7',3,NULL,74,NULL,5,NULL,NULL,'0140073103501860346240',3,3,0,0,0,0,0,NULL,1,NULL,NULL,16,208,2,568.00,0,0.00,9.00,0.00,4,11,4,'2021-10-18','2021-10-18',NULL,NULL,NULL,'2022-06-15',4,0,2,2,2,2,50,18,1,1,1,0,1,0,0,0,4.0100,200.00,1,0.00,2,'1',2,'0',2,'0','0',NULL,NULL,NULL,1,'2022-02-09 00:26:33','2023-04-11 17:15:49',NULL),(87,5563,40732,1,NULL,1,'BENITEZ ROQUE LUIS',NULL,'1987-02-19',1,1,5,1,23,9,NULL,NULL,NULL,NULL,NULL,NULL,NULL,'rokecai07@gmail.com',6,'32811203','20-32811203-6',3,NULL,74,NULL,5,NULL,NULL,'1910025455102501156971',3,3,0,0,0,0,0,NULL,1,NULL,NULL,16,123,2,670.00,0,0.00,9.00,0.00,4,13,4,'2019-02-16','2019-02-16',NULL,NULL,NULL,'2023-01-30',1,1,2,2,2,2,50,18,1,1,1,0,1,0,0,0,4.0100,200.00,1,0.00,2,'1',2,'0',2,'0','0',NULL,NULL,NULL,1,'2022-02-09 00:26:33','2023-04-20 15:59:17',NULL);
INSERT INTO `syj_empleados` VALUES (88,5563,40732,0,NULL,61,'BORLICHE JUAN SEBASTIAN',NULL,'1991-01-01',1,1,5,1,23,16,'Catamarca','119',NULL,NULL,'B1657',NULL,NULL,NULL,6,'41693466','20-41693466-6',3,NULL,74,NULL,1,NULL,NULL,NULL,3,3,0,0,0,0,0,NULL,1,NULL,NULL,16,208,2,568.00,0,0.00,9.00,0.00,4,11,4,'2021-08-12','2021-08-12',NULL,NULL,NULL,'2022-10-06',1,1,2,2,2,2,50,18,1,1,1,0,1,0,0,0,4.0100,200.00,1,0.00,2,'1',2,'0',2,'0','0',NULL,NULL,NULL,1,'2022-02-09 00:26:33','2023-04-19 17:14:38',NULL),(89,5563,40732,1,NULL,23,'BRESSAN RICARDO ERNESTO',NULL,'1963-05-22',1,1,5,1,23,9,NULL,NULL,NULL,NULL,NULL,NULL,NULL,'ricardobressan52@gmail.com',6,'16348314','27-16348314-4',3,NULL,74,NULL,5,NULL,NULL,'0070030630004029074272',3,3,0,0,0,0,0,NULL,1,NULL,NULL,16,124,2,575.00,0,0.00,9.00,0.00,4,12,4,'2019-10-07','2019-10-07',NULL,NULL,NULL,'2023-01-30',1,0,2,2,2,2,50,18,1,1,1,0,1,0,0,0,4.0100,200.00,1,0.00,2,'1',2,'0',2,'0','0',NULL,NULL,NULL,1,'2022-02-09 00:26:33','2023-06-13 18:44:48',NULL),(90,5563,40732,1,NULL,41,'DUARTE CHRISTIAN DANIEL',NULL,'1975-01-17',1,1,5,1,23,9,NULL,NULL,NULL,NULL,NULL,NULL,NULL,'titi_170175@hotmail.com',6,'29197889','20-29197889-5',3,NULL,74,NULL,5,NULL,NULL,'0170142140000004596709',3,3,0,0,0,0,0,NULL,1,NULL,NULL,16,123,2,670.00,0,0.00,9.00,0.00,4,13,4,'2020-12-01','2020-12-01',NULL,NULL,NULL,'2022-04-08',2,0,2,2,2,2,50,18,1,1,1,0,1,0,0,0,4.0100,200.00,1,0.00,2,'1',2,'0',2,'0','0',NULL,NULL,NULL,1,'2022-02-09 00:26:33','2023-04-11 17:15:49',NULL),(91,5563,40732,1,NULL,53,'DUARTE LEANDRO AGUSTIN',NULL,'1995-04-24',1,1,5,1,23,10,'Catamarca','1557',NULL,NULL,'B1657',NULL,NULL,'leandroagustinduarte@gmail.com',6,'38826762','20-38826762-4',3,NULL,19,NULL,5,NULL,NULL,'1910025455102501249235',3,3,0,0,0,0,0,NULL,1,NULL,NULL,16,208,2,568.00,0,0.00,9.00,0.00,4,11,4,'2021-02-08','2021-02-08',NULL,NULL,NULL,'2022-08-22',2,1,2,2,2,2,50,18,1,1,1,0,1,0,0,0,4.0100,200.00,1,0.00,2,'1',2,'0',2,'0','0',NULL,NULL,NULL,1,'2022-02-09 00:26:33','2023-04-11 17:15:49',NULL),(92,5563,40732,1,NULL,55,'FASCIOLO GABRIEL OSVALDO',NULL,'1973-04-22',1,1,5,1,23,9,NULL,NULL,NULL,NULL,NULL,NULL,NULL,'gabibestial@gmail.com',6,'23297946','20-23297946-2',3,NULL,74,NULL,5,NULL,NULL,'0170126140000013395195',3,3,0,0,0,0,0,NULL,1,NULL,NULL,16,208,2,568.00,0,0.00,9.00,0.00,4,11,4,'2021-02-08','2021-02-08',NULL,NULL,NULL,'2023-01-30',1,1,2,2,2,2,50,18,1,1,1,0,1,0,0,0,4.0100,200.00,1,0.00,2,'1',2,'0',2,'0','0',NULL,NULL,NULL,1,'2022-02-09 00:26:33','2023-04-20 16:03:12',NULL),(93,5563,40732,1,NULL,21,'FERRITTO LUIS SEBASTIAN',NULL,'1984-04-12',1,1,5,1,23,9,NULL,NULL,NULL,NULL,NULL,NULL,NULL,'sebastianferritto84@gmail.com',6,'30866578','20-30866578-0',3,NULL,128,NULL,5,NULL,NULL,'1910025455102501266467',3,3,0,0,0,0,0,NULL,1,NULL,NULL,40,266,2,526.15,0,0.00,9.00,0.00,4,16,4,'2019-10-07','2019-10-07',NULL,NULL,NULL,'2022-10-27',2,1,2,2,2,2,50,4,1,1,1,0,1,0,0,0,4.0100,200.00,1,0.00,2,'1',2,'0',2,'0','0',NULL,NULL,NULL,1,'2022-02-09 00:26:33','2023-04-19 17:15:19',NULL),(94,5563,40732,1,NULL,3,'GAUNA ROMAN GABRIEL',NULL,'1968-02-28',1,1,5,1,23,9,NULL,NULL,NULL,NULL,NULL,NULL,NULL,'romangauna68@gmail.com',6,'22787987','20-22787987-5',3,NULL,74,NULL,5,NULL,NULL,'1910025455102501157035',3,3,0,0,0,0,0,NULL,1,NULL,NULL,16,208,2,568.00,0,0.00,9.00,0.00,4,11,4,'2019-02-16','2019-02-16',NULL,NULL,NULL,'2022-03-22',2,0,2,2,2,2,50,18,1,1,1,0,1,0,0,0,4.0100,200.00,1,0.00,2,'1',3,'22',2,'0','22',NULL,NULL,NULL,1,'2022-02-09 00:26:33','2023-04-11 17:15:49',NULL),(95,5563,40732,1,NULL,56,'GELMINI ERNESTO MANUEL',NULL,'1965-12-26',1,1,5,1,23,9,NULL,NULL,NULL,NULL,NULL,NULL,NULL,'ernesto9383@hotmail.com',6,'17548044','20-17548044-8',3,NULL,131,NULL,5,NULL,NULL,'0270030420044473430018',3,3,0,0,0,0,0,NULL,1,NULL,NULL,39,250,1,172840.00,0,0.00,9.00,0.00,4,18,4,'2021-02-08','2021-02-08',NULL,NULL,NULL,'2022-08-16',2,0,2,2,2,2,50,4,1,1,1,0,1,0,0,0,4.0100,200.00,1,0.00,2,'1',2,'0',2,'0','0',NULL,NULL,NULL,1,'2022-02-09 00:26:33','2023-04-11 17:15:49',NULL);
INSERT INTO `syj_empleados` VALUES (96,5563,40732,1,NULL,65,'GOMEZ CARMELO ALCIDES',NULL,'1980-07-16',1,1,5,1,23,9,NULL,NULL,NULL,NULL,NULL,NULL,NULL,'carmelogomez_80@hotmail.com',6,'27722709','20-27722709-7',3,NULL,200,NULL,5,NULL,NULL,'0720733688000002910204',3,3,0,0,0,0,0,NULL,1,NULL,NULL,16,124,2,575.00,0,0.00,9.00,0.00,4,12,4,'2021-05-05','2021-05-05',NULL,NULL,NULL,'2023-01-30',1,1,2,2,2,2,50,18,1,1,1,0,1,0,0,0,4.0100,200.00,1,0.00,2,'1',2,'0',2,'0','0',NULL,NULL,NULL,1,'2022-02-09 00:26:33','2023-06-13 18:44:48',NULL),(97,5563,40732,1,NULL,67,'JAIME MARIO HERNAN',NULL,'1980-11-18',1,1,5,1,23,9,NULL,NULL,NULL,NULL,NULL,NULL,NULL,'mhjaime80@gmail.com',6,'28461689','20-28461689-9',3,NULL,74,NULL,5,NULL,NULL,'0170215840000007713482',3,3,0,0,0,0,0,NULL,1,NULL,NULL,16,208,2,568.00,0,0.00,9.00,0.00,4,11,4,'2022-07-21','2022-07-21',NULL,NULL,NULL,'2023-01-30',1,1,2,2,2,2,50,18,1,1,1,0,1,0,0,0,4.0100,200.00,1,0.00,2,'1',2,'0',2,'0','0',NULL,NULL,NULL,1,'2022-02-09 00:26:33','2023-04-20 16:04:14',NULL),(98,5563,40732,1,NULL,74,'LAIRIHON DAMIAN BRUNO DANIEL',NULL,'1990-11-21',1,1,5,1,23,9,NULL,NULL,NULL,NULL,NULL,NULL,NULL,'brunolairihon21@gmail.com',6,'35799627','23-35799627-9',3,NULL,200,NULL,1,NULL,NULL,NULL,3,3,0,0,0,0,0,NULL,1,NULL,NULL,16,208,2,568.00,0,0.00,9.00,0.00,4,11,4,'2021-11-16','2021-11-16',NULL,NULL,NULL,'2022-04-15',4,0,2,2,2,2,50,18,1,1,1,0,1,0,0,0,4.0100,200.00,1,0.00,2,'1',2,'0',2,'0','0',NULL,NULL,NULL,1,'2022-02-09 00:26:33','2023-04-11 17:15:49',NULL),(99,5563,40732,1,NULL,51,'LOPEZ JULIAN ARIEL',NULL,'1986-04-07',1,1,5,1,23,9,'Mazzini','2063',NULL,NULL,NULL,NULL,'1151112291','julilopez0129@gmail.com',6,'32250892','20-32250892-2',3,NULL,227,NULL,5,NULL,NULL,'1910025455102501249099',3,3,0,0,0,0,0,NULL,1,NULL,NULL,16,208,2,568.00,0,0.00,9.00,0.00,4,11,4,'2021-01-21','2021-01-21',NULL,NULL,NULL,'2023-01-30',1,1,2,2,2,2,50,18,1,1,1,0,1,0,0,0,4.0100,200.00,1,0.00,2,'1',2,'0',2,'0','0',NULL,NULL,NULL,1,'2022-02-09 00:26:33','2023-04-20 16:01:56',NULL),(100,5563,40732,1,NULL,20,'MALDONADO OSCAR ADRIAN',NULL,'1988-10-14',1,1,5,1,23,9,NULL,NULL,NULL,NULL,NULL,NULL,NULL,'adrian.imcindustrial@gmail.com',6,'34212441','20-34212441-1',3,NULL,128,NULL,5,NULL,NULL,'1910033955103300523317',3,3,0,0,0,0,0,NULL,1,NULL,NULL,40,266,2,526.15,0,0.00,9.00,0.00,4,16,4,'2019-10-07','2019-10-07',NULL,NULL,NULL,'2022-10-13',2,1,2,2,2,2,50,4,1,1,1,0,1,0,0,0,4.0100,200.00,1,0.00,2,'1',2,'0',2,'0','0',NULL,NULL,NULL,1,'2022-02-09 00:26:33','2023-04-19 17:15:56',NULL),(101,5563,40732,1,NULL,73,'MARTIN LAUTARO DANIEL',NULL,'1983-03-08',1,1,5,1,23,9,NULL,NULL,NULL,NULL,NULL,NULL,NULL,'lautaromartin848@gmail.com',6,'44833746','20-44833746-5',3,NULL,74,NULL,5,NULL,NULL,'0070250030004040457852',3,3,0,0,0,0,0,NULL,1,NULL,NULL,16,208,2,568.00,0,0.00,9.00,0.00,4,11,4,'2021-11-16','2021-11-16',NULL,NULL,NULL,'2022-06-15',4,0,2,2,2,2,50,18,1,1,1,0,0,0,0,0,4.0100,200.00,1,0.00,2,'1',2,'0',2,'0','0',NULL,NULL,NULL,1,'2022-02-09 00:26:33','2023-04-11 17:15:49',NULL),(102,5563,40732,1,NULL,19,'MARZANA LEANDRO CHRISTIAN',NULL,'1976-09-25',1,1,5,1,23,9,NULL,NULL,NULL,NULL,NULL,NULL,NULL,'leandromarzan@gmail.com',6,'25478311','20-25478311-1',1,NULL,180,NULL,5,NULL,NULL,'0070030630004027753339',3,3,0,0,0,0,0,NULL,1,NULL,NULL,36,228,1,102742.00,1,0.00,9.00,0.00,4,17,4,'2019-09-02','2019-09-02',NULL,NULL,NULL,NULL,NULL,1,2,2,2,2,50,18,1,1,1,0,1,0,0,0,4.0100,200.00,1,0.00,2,'1',2,'0',2,'0','0',NULL,NULL,NULL,1,'2022-02-09 00:26:33','2023-04-11 17:15:49',NULL),(103,5563,40732,1,NULL,7,'MATIONDAKIO FABIAN ALEJANDRO',NULL,'1967-11-02',1,1,5,1,23,9,'Catamarca y Ruta 8','s/n',NULL,NULL,'B1426',NULL,NULL,'mationdakiofabian33@gmail.com.ar',6,'18621461','20-18621461-8',3,NULL,74,NULL,5,NULL,NULL,'1910025455102501157103',3,3,0,0,0,0,0,NULL,1,NULL,NULL,16,208,2,568.00,0,0.00,9.00,0.00,4,11,4,'2019-11-28','2019-11-28',NULL,NULL,NULL,'2022-10-06',1,1,2,2,2,2,50,18,1,1,1,0,1,0,0,0,4.0100,200.00,1,0.00,2,'1',2,'0',2,'0','0',NULL,NULL,NULL,1,'2022-02-09 00:26:33','2023-04-19 17:13:30',NULL);
INSERT INTO `syj_empleados` VALUES (104,5563,40732,1,NULL,36,'MINOLA ADRIAN ARIEL',NULL,'1985-09-15',1,1,5,1,23,6,'Luis Belaustegui','2755',NULL,NULL,'B1738',NULL,'1140496426','adrianminola932@gmail.com',6,'31801047','20-31801047-2',1,NULL,74,NULL,5,NULL,NULL,'1910025455102501159703',3,3,0,0,0,0,0,NULL,1,NULL,NULL,16,208,2,568.00,0,0.00,9.00,0.00,4,11,4,'2019-12-05','2019-12-05',NULL,NULL,NULL,NULL,NULL,1,2,2,2,2,50,18,1,1,1,0,1,0,0,0,4.0100,200.00,1,0.00,2,'1',2,'0',2,'0','0',NULL,NULL,NULL,1,'2022-02-09 00:26:33','2023-04-11 17:15:49',NULL),(105,5563,40732,1,NULL,60,'MONTENEGRO MARIO',NULL,'1975-01-23',1,1,5,1,23,17,'RIO III Y ESPORA','5',NULL,'CASA','B1657',NULL,'1156590240','montenegromario715@gmail.com',6,'24265381','20-24265381-6',3,NULL,74,NULL,5,NULL,NULL,'0070250030004038486066',3,3,0,0,0,0,0,NULL,1,NULL,NULL,16,208,2,568.00,0,0.00,9.00,0.00,4,11,4,'2021-08-12','2021-08-12',NULL,NULL,NULL,'2023-01-30',1,1,2,2,2,2,50,18,1,1,1,0,1,0,0,0,4.0100,200.00,1,0.00,2,'1',2,'0',2,'0','0',NULL,NULL,NULL,1,'2022-02-09 00:26:33','2023-04-20 16:04:51',NULL),(106,5563,40732,0,NULL,72,'PENSO DANIEL ALEJANDRO ALBERTO',NULL,'1996-01-27',1,1,5,1,23,9,NULL,NULL,NULL,NULL,NULL,NULL,NULL,NULL,6,'39408216','20-39408216-4',3,NULL,74,NULL,1,NULL,NULL,NULL,3,3,0,0,0,0,0,NULL,1,NULL,NULL,16,123,2,670.00,0,0.00,9.00,0.00,4,13,4,'2021-11-16','2021-11-16',NULL,NULL,NULL,'2022-04-15',4,0,2,2,2,2,50,18,1,1,1,0,1,0,0,0,4.0100,200.00,1,0.00,2,'1',2,'0',2,'0','0',NULL,NULL,NULL,1,'2022-02-09 00:26:33','2023-04-11 17:15:49',NULL),(107,5563,40732,0,NULL,66,'RAMIREZ HECTOR ANDRES',NULL,'1984-09-22',1,1,5,1,23,9,NULL,NULL,NULL,NULL,NULL,NULL,NULL,'abyjara8725@gmail.com',6,'31179310','20-31179310-2',3,NULL,74,NULL,1,NULL,NULL,NULL,3,3,0,0,0,0,0,NULL,1,NULL,NULL,16,123,2,670.00,0,0.00,9.00,0.00,4,13,4,'2021-08-12','2021-08-12',NULL,NULL,NULL,'2022-04-15',4,0,2,2,2,2,50,18,1,1,1,0,1,0,0,0,4.0100,200.00,1,0.00,2,'1',2,'0',2,'0','0',NULL,NULL,NULL,1,'2022-02-09 00:26:33','2023-04-11 17:15:49',NULL),(108,5563,40732,0,NULL,26,'ROMERO LEONARDO GUSTAVO',NULL,'1984-04-09',1,1,5,1,23,9,NULL,NULL,NULL,NULL,NULL,NULL,NULL,NULL,6,'30896165','20-30896165-7',3,NULL,128,NULL,5,NULL,NULL,'1910025455102501159635',3,3,0,0,0,0,0,NULL,1,NULL,NULL,16,208,2,568.00,0,0.00,9.00,0.00,4,11,4,'2019-11-08','2019-11-08',NULL,NULL,NULL,'2022-02-11',2,0,2,2,2,2,50,18,1,1,1,0,1,0,0,0,4.0100,200.00,1,0.00,2,'1',2,'0',2,'0','0',NULL,NULL,NULL,1,'2022-02-09 00:26:33','2023-04-11 17:15:49',NULL),(109,5563,40732,1,NULL,68,'SALGUERO EZEQUIEL SEBASTIAN',NULL,'1988-12-08',1,1,5,1,23,9,NULL,NULL,NULL,NULL,NULL,NULL,NULL,'salgueroezequiel37@gmail.com',6,'34543673','20-34543673-2',1,NULL,74,NULL,5,NULL,NULL,'0720463488000035704986',3,3,0,0,0,0,0,NULL,1,NULL,NULL,16,124,2,575.00,0,0.00,9.00,0.00,4,12,4,'2021-06-01','2021-06-01',NULL,NULL,NULL,NULL,NULL,1,2,2,2,2,50,18,1,1,1,0,1,0,0,0,4.0100,200.00,1,0.00,2,'1',2,'0',2,'0','0',NULL,NULL,NULL,1,'2022-02-09 00:26:33','2023-06-13 18:44:48',NULL),(110,5563,40732,1,NULL,11,'SANCHEZ ESTEBAN',NULL,'1961-09-02',1,1,5,1,23,14,'FRAY JUSTO SANTA MARIA DE ORO','15',NULL,NULL,'B1613',NULL,'44653210','sanchezzesteban23@gmail.com',6,'14648236','20-14648236-9',3,NULL,74,NULL,5,NULL,NULL,'1910025455102501159017',3,3,0,0,0,0,0,NULL,1,NULL,NULL,16,124,2,575.00,0,0.00,9.00,0.00,4,12,4,'2019-02-16','2019-02-16',NULL,NULL,NULL,'2023-01-30',1,1,2,2,2,2,50,18,1,1,1,0,1,0,0,0,4.0100,200.00,1,0.00,2,'1',2,'0',2,'0','0',NULL,NULL,NULL,1,'2022-02-09 00:26:33','2023-06-13 18:44:48',NULL),(111,5563,40732,1,NULL,12,'SOÑEZ CARLOS MARIA',NULL,'1959-12-14',1,1,5,1,23,9,NULL,NULL,NULL,NULL,NULL,NULL,NULL,'carlossonez414@gmail.com',6,'13943281','23-13943281-9',3,NULL,130,NULL,5,NULL,NULL,'1910025455102501159185',3,3,0,0,0,0,0,NULL,1,NULL,NULL,16,208,2,568.00,0,0.00,9.00,0.00,4,11,4,'2019-11-08','2019-11-08',NULL,NULL,NULL,'2023-01-30',1,1,2,2,2,2,50,18,1,1,1,0,1,0,1,0,4.0100,200.00,1,0.00,2,'1',2,'0',2,'0','0',NULL,NULL,NULL,1,'2022-02-09 00:26:33','2023-04-20 16:00:25',NULL);
INSERT INTO `syj_empleados` VALUES (112,5563,40732,0,NULL,13,'SOÑEZ LEANDRO JEREMIAS',NULL,'1994-07-29',1,1,5,1,23,9,NULL,NULL,NULL,NULL,NULL,NULL,NULL,NULL,6,'38465407','20-38465407-0',3,NULL,74,NULL,5,NULL,NULL,'1910025455102501159253',3,3,1,0,0,0,0,NULL,1,NULL,NULL,16,123,2,670.00,0,0.00,9.00,0.00,4,13,4,'2019-02-16','2019-02-16',NULL,NULL,NULL,'2023-01-30',1,1,2,2,2,2,50,18,1,1,1,0,1,0,0,0,4.0100,200.00,1,0.00,2,'1',2,'0',2,'0','0',NULL,NULL,NULL,1,'2022-02-09 00:26:33','2023-04-20 16:00:54',NULL),(113,5563,40732,1,NULL,45,'VILLALBA CESAR NORBERTO',NULL,'1986-11-20',1,1,5,1,23,9,NULL,NULL,NULL,NULL,NULL,NULL,NULL,'maximoluz1986@gmail.com',6,'32692627','20-32692627-3',3,NULL,74,NULL,5,NULL,NULL,'0720157488000039484118',3,3,0,0,0,0,0,NULL,1,NULL,NULL,16,124,2,575.00,0,0.00,9.00,0.00,4,12,4,'2020-12-18','2020-12-18',NULL,NULL,NULL,'2022-03-17',2,0,2,2,2,2,50,18,1,1,1,0,1,0,0,0,4.0100,200.00,1,0.00,2,'1',13,'7',2,'14','17',NULL,NULL,NULL,1,'2022-02-09 00:26:33','2023-06-13 18:44:48',NULL),(114,5563,40732,1,NULL,37,'WELSH ADRIAN MAXIMILIANO',NULL,'1991-09-03',1,1,5,1,23,6,'Caxaraville','260',NULL,NULL,'B1761','+541169794814',NULL,'ciro0922@gmail.com',6,'36188889','20-36188889-9',3,NULL,74,NULL,5,NULL,NULL,'0720147588000037762236',3,3,0,0,0,0,0,NULL,1,NULL,NULL,16,124,2,575.00,0,0.00,9.00,0.00,4,12,4,'2020-07-21','2020-07-21',NULL,NULL,NULL,'2022-07-29',2,1,2,2,2,2,50,18,1,1,1,0,1,0,0,0,4.0100,200.00,1,0.00,2,'1',2,'0',2,'0','0',NULL,NULL,NULL,1,'2022-02-09 00:26:33','2023-06-13 18:44:48',NULL),(115,5563,40732,1,NULL,38,'WELSH MATIAS JUAN MARCELO',NULL,'1994-12-14',1,1,5,1,23,9,NULL,NULL,NULL,NULL,NULL,NULL,NULL,'matyas.we@gmail.com',6,'38625716','20-38625716-8',1,NULL,74,NULL,5,NULL,NULL,'0150905601000119301628',3,3,0,0,0,0,0,NULL,1,NULL,NULL,16,124,2,575.00,0,0.00,9.00,0.00,4,12,4,'2020-07-21','2020-07-21',NULL,NULL,NULL,NULL,NULL,1,2,2,2,2,50,18,1,1,1,0,1,0,0,0,4.0100,200.00,1,0.00,2,'1',2,'0',2,'0','0',NULL,NULL,NULL,1,'2022-02-09 00:26:33','2023-06-13 18:44:48',NULL),(116,5563,40731,0,NULL,1,'FERREIRA COLMAN AMADO GABRIEL O',NULL,NULL,NULL,NULL,NULL,NULL,NULL,NULL,NULL,NULL,NULL,NULL,NULL,NULL,NULL,NULL,6,'18855685','20-18855685-0',1,NULL,NULL,NULL,NULL,NULL,NULL,NULL,NULL,NULL,0,0,0,0,0,NULL,1,NULL,NULL,5,NULL,NULL,0.00,0,0.00,0.00,0.00,NULL,NULL,NULL,'2021-12-17','2021-12-17',NULL,NULL,NULL,NULL,NULL,0,NULL,NULL,NULL,NULL,NULL,NULL,NULL,NULL,NULL,0,0,0,0,0,5.4000,50.00,0,0.00,NULL,NULL,NULL,NULL,NULL,NULL,'0',NULL,NULL,NULL,1,'2022-02-18 12:55:26','2022-02-18 13:05:28','2022-02-18 13:05:28'),(117,5563,40731,0,NULL,2,'VELOZO AGUSTIN O',NULL,NULL,NULL,NULL,NULL,NULL,NULL,NULL,NULL,NULL,NULL,NULL,NULL,NULL,NULL,NULL,6,'19055045','20-19055045-2',1,NULL,NULL,NULL,NULL,NULL,NULL,NULL,NULL,NULL,0,0,0,0,0,NULL,1,NULL,NULL,5,NULL,NULL,0.00,0,0.00,0.00,0.00,NULL,NULL,NULL,'2020-09-09','2020-09-09',NULL,NULL,NULL,NULL,NULL,0,NULL,NULL,NULL,NULL,NULL,NULL,NULL,NULL,NULL,0,0,0,0,0,5.4000,50.00,0,0.00,NULL,NULL,NULL,NULL,NULL,NULL,'0',NULL,NULL,NULL,1,'2022-02-18 12:55:26','2022-02-18 13:05:28','2022-02-18 13:05:28'),(118,5563,40731,0,NULL,3,'PAEZ CRISTIAN ADRIAN O',NULL,NULL,NULL,NULL,NULL,NULL,NULL,NULL,NULL,NULL,NULL,NULL,NULL,NULL,NULL,NULL,6,'23937875','20-23937875-8',1,NULL,NULL,NULL,NULL,NULL,NULL,NULL,NULL,NULL,0,0,0,0,0,NULL,1,NULL,NULL,5,NULL,NULL,0.00,0,0.00,0.00,0.00,NULL,NULL,NULL,'2020-09-09','2020-09-09',NULL,NULL,NULL,NULL,NULL,0,NULL,NULL,NULL,NULL,NULL,NULL,NULL,NULL,NULL,0,0,0,0,0,5.4000,50.00,0,0.00,NULL,NULL,NULL,NULL,NULL,NULL,'0',NULL,NULL,NULL,1,'2022-02-18 12:55:26','2022-02-18 13:05:28','2022-02-18 13:05:28');
INSERT INTO `syj_empleados` VALUES (119,5563,40731,0,NULL,4,'CAMARGO JULIO DANIEL O',NULL,NULL,NULL,NULL,NULL,NULL,NULL,NULL,NULL,NULL,NULL,NULL,NULL,NULL,NULL,NULL,6,'27477928','20-27477928-5',1,NULL,NULL,NULL,NULL,NULL,NULL,NULL,NULL,NULL,0,0,0,0,0,NULL,1,NULL,NULL,5,NULL,NULL,0.00,0,0.00,0.00,0.00,NULL,NULL,NULL,'1969-12-31','1969-12-31',NULL,NULL,NULL,NULL,NULL,0,NULL,NULL,NULL,NULL,NULL,NULL,NULL,NULL,NULL,0,0,0,0,0,5.4000,50.00,0,0.00,NULL,NULL,NULL,NULL,NULL,NULL,'0',NULL,NULL,NULL,1,'2022-02-18 12:55:26','2022-02-18 13:05:28','2022-02-18 13:05:28'),(120,5563,40731,0,NULL,5,'SUAREZ CARLOS SEBASTIAN O',NULL,NULL,NULL,NULL,NULL,NULL,NULL,NULL,NULL,NULL,NULL,NULL,NULL,NULL,NULL,NULL,6,'30610942','20-30610942-2',1,NULL,NULL,NULL,NULL,NULL,NULL,NULL,NULL,NULL,0,0,0,0,0,NULL,1,NULL,NULL,5,NULL,NULL,0.00,0,0.00,0.00,0.00,NULL,NULL,NULL,'2021-10-05','2021-10-05',NULL,NULL,NULL,NULL,NULL,0,NULL,NULL,NULL,NULL,NULL,NULL,NULL,NULL,NULL,0,0,0,0,0,5.4000,50.00,0,0.00,NULL,NULL,NULL,NULL,NULL,NULL,'0',NULL,NULL,NULL,1,'2022-02-18 12:55:26','2022-02-18 13:05:28','2022-02-18 13:05:28'),(121,5563,40731,0,NULL,6,'CONTRERAS JUAN CARLOS O',NULL,NULL,NULL,NULL,NULL,NULL,NULL,NULL,NULL,NULL,NULL,NULL,NULL,NULL,NULL,NULL,6,'31896179','20-31896179-5',1,NULL,NULL,NULL,NULL,NULL,NULL,NULL,NULL,NULL,0,0,0,0,0,NULL,1,NULL,NULL,5,NULL,NULL,0.00,0,0.00,0.00,0.00,NULL,NULL,NULL,'2021-12-29','2021-12-29',NULL,NULL,NULL,NULL,NULL,0,NULL,NULL,NULL,NULL,NULL,NULL,NULL,NULL,NULL,0,0,0,0,0,5.4000,50.00,0,0.00,NULL,NULL,NULL,NULL,NULL,NULL,'0',NULL,NULL,NULL,1,'2022-02-18 12:55:26','2022-02-18 13:05:28','2022-02-18 13:05:28'),(122,5563,40731,0,NULL,7,'ALCARAZ PABLO NICOLAS O',NULL,NULL,NULL,NULL,NULL,NULL,NULL,NULL,NULL,NULL,NULL,NULL,NULL,NULL,NULL,NULL,6,'32575258','20-32575258-1',1,NULL,NULL,NULL,NULL,NULL,NULL,NULL,NULL,NULL,0,0,0,0,0,NULL,1,NULL,NULL,5,NULL,NULL,0.00,0,0.00,0.00,0.00,NULL,NULL,NULL,'2021-12-17','2021-12-17',NULL,NULL,NULL,NULL,NULL,0,NULL,NULL,NULL,NULL,NULL,NULL,NULL,NULL,NULL,0,0,0,0,0,5.4000,50.00,0,0.00,NULL,NULL,NULL,NULL,NULL,NULL,'0',NULL,NULL,NULL,1,'2022-02-18 12:55:26','2022-02-18 13:05:28','2022-02-18 13:05:28'),(123,5563,40731,0,NULL,8,'DIAZ LUCAS DANIEL O',NULL,NULL,NULL,NULL,NULL,NULL,NULL,NULL,NULL,NULL,NULL,NULL,NULL,NULL,NULL,NULL,6,'33018767','20-33018767-1',1,NULL,NULL,NULL,NULL,NULL,NULL,NULL,NULL,NULL,0,0,0,0,0,NULL,1,NULL,NULL,5,NULL,NULL,0.00,0,0.00,0.00,0.00,NULL,NULL,NULL,'2020-10-07','2020-10-07',NULL,NULL,NULL,NULL,NULL,0,NULL,NULL,NULL,NULL,NULL,NULL,NULL,NULL,NULL,0,0,0,0,0,5.4000,50.00,0,0.00,NULL,NULL,NULL,NULL,NULL,NULL,'0',NULL,NULL,NULL,1,'2022-02-18 12:55:26','2022-02-18 13:05:28','2022-02-18 13:05:28'),(124,5563,40731,0,NULL,9,'DUARTE ALVAREZ JAVIER DARIO O',NULL,NULL,NULL,NULL,NULL,NULL,NULL,NULL,NULL,NULL,NULL,NULL,NULL,NULL,NULL,NULL,6,'33786651','20-33786651-5',1,NULL,NULL,NULL,NULL,NULL,NULL,NULL,NULL,NULL,0,0,0,0,0,NULL,1,NULL,NULL,5,NULL,NULL,0.00,0,0.00,0.00,0.00,NULL,NULL,NULL,'2021-12-10','2021-12-10',NULL,NULL,NULL,NULL,NULL,0,NULL,NULL,NULL,NULL,NULL,NULL,NULL,NULL,NULL,0,0,0,0,0,5.4000,50.00,0,0.00,NULL,NULL,NULL,NULL,NULL,NULL,'0',NULL,NULL,NULL,1,'2022-02-18 12:55:26','2022-02-18 13:05:28','2022-02-18 13:05:28'),(125,5563,40731,0,NULL,10,'ROMERO OSCAR EDUARDO O',NULL,NULL,NULL,NULL,NULL,NULL,NULL,NULL,NULL,NULL,NULL,NULL,NULL,NULL,NULL,NULL,6,'34283784','20-34283784-1',1,NULL,NULL,NULL,NULL,NULL,NULL,NULL,NULL,NULL,0,0,0,0,0,NULL,1,NULL,NULL,5,NULL,NULL,0.00,0,0.00,0.00,0.00,NULL,NULL,NULL,'2022-01-19','2022-01-19',NULL,NULL,NULL,NULL,NULL,0,NULL,NULL,NULL,NULL,NULL,NULL,NULL,NULL,NULL,0,0,0,0,0,5.4000,50.00,0,0.00,NULL,NULL,NULL,NULL,NULL,NULL,'0',NULL,NULL,NULL,1,'2022-02-18 12:55:26','2022-02-18 13:05:28','2022-02-18 13:05:28');
INSERT INTO `syj_empleados` VALUES (126,5563,40731,0,NULL,11,'FIGUEROA DIEGO FRANCISCO O',NULL,NULL,NULL,NULL,NULL,NULL,NULL,NULL,NULL,NULL,NULL,NULL,NULL,NULL,NULL,NULL,6,'34515257','20-34515257-2',1,NULL,NULL,NULL,NULL,NULL,NULL,NULL,NULL,NULL,0,0,0,0,0,NULL,1,NULL,NULL,5,NULL,NULL,0.00,0,0.00,0.00,0.00,NULL,NULL,NULL,'2021-11-17','2021-11-17',NULL,NULL,NULL,NULL,NULL,0,NULL,NULL,NULL,NULL,NULL,NULL,NULL,NULL,NULL,0,0,0,0,0,5.4000,50.00,0,0.00,NULL,NULL,NULL,NULL,NULL,NULL,'0',NULL,NULL,NULL,1,'2022-02-18 12:55:26','2022-02-18 13:05:28','2022-02-18 13:05:28'),(127,5563,40731,0,NULL,12,'ASEGUIN MARCOS DAVID ALFREDO O',NULL,NULL,NULL,NULL,NULL,NULL,NULL,NULL,NULL,NULL,NULL,NULL,NULL,NULL,NULL,NULL,6,'36824350','20-36824350-8',1,NULL,NULL,NULL,NULL,NULL,NULL,NULL,NULL,NULL,0,0,0,0,0,NULL,1,NULL,NULL,5,NULL,NULL,0.00,0,0.00,0.00,0.00,NULL,NULL,NULL,'2021-03-20','2021-03-20',NULL,NULL,NULL,NULL,NULL,0,NULL,NULL,NULL,NULL,NULL,NULL,NULL,NULL,NULL,0,0,0,0,0,5.4000,50.00,0,0.00,NULL,NULL,NULL,NULL,NULL,NULL,'0',NULL,NULL,NULL,1,'2022-02-18 12:55:26','2022-02-18 13:05:28','2022-02-18 13:05:28'),(128,5563,40731,0,NULL,13,'AGUILERA DANIEL ALEJANDRO O.',NULL,NULL,NULL,NULL,NULL,NULL,NULL,NULL,NULL,NULL,NULL,NULL,NULL,NULL,NULL,NULL,6,'37356248','20-37356248-4',1,NULL,NULL,NULL,NULL,NULL,NULL,NULL,NULL,NULL,0,0,0,0,0,NULL,1,NULL,NULL,5,NULL,NULL,0.00,0,0.00,0.00,0.00,NULL,NULL,NULL,'1969-12-31','1969-12-31',NULL,NULL,NULL,NULL,NULL,0,NULL,NULL,NULL,NULL,NULL,NULL,NULL,NULL,NULL,0,0,0,0,0,5.4000,50.00,0,0.00,NULL,NULL,NULL,NULL,NULL,NULL,'0',NULL,NULL,NULL,1,'2022-02-18 12:55:26','2022-02-18 13:05:28','2022-02-18 13:05:28'),(129,5563,40731,0,NULL,14,'ALANIS ASTUDILLO MAXIMILIANO MARTIN O',NULL,NULL,NULL,NULL,NULL,NULL,NULL,NULL,NULL,NULL,NULL,NULL,NULL,NULL,NULL,NULL,6,'37361040','20-37361040-3',1,NULL,NULL,NULL,NULL,NULL,NULL,NULL,NULL,NULL,0,0,0,0,0,NULL,1,NULL,NULL,5,NULL,NULL,0.00,0,0.00,0.00,0.00,NULL,NULL,NULL,'2021-11-02','2021-11-02',NULL,NULL,NULL,NULL,NULL,0,NULL,NULL,NULL,NULL,NULL,NULL,NULL,NULL,NULL,0,0,0,0,0,5.4000,50.00,0,0.00,NULL,NULL,NULL,NULL,NULL,NULL,'0',NULL,NULL,NULL,1,'2022-02-18 12:55:26','2022-02-18 13:05:28','2022-02-18 13:05:28'),(130,5563,40731,0,NULL,15,'VELOZO DAMIAN RENE O',NULL,NULL,NULL,NULL,NULL,NULL,NULL,NULL,NULL,NULL,NULL,NULL,NULL,NULL,NULL,NULL,6,'37941092','20-37941092-9',1,NULL,NULL,NULL,NULL,NULL,NULL,NULL,NULL,NULL,0,0,0,0,0,NULL,1,NULL,NULL,5,NULL,NULL,0.00,0,0.00,0.00,0.00,NULL,NULL,NULL,'2022-01-18','2022-01-18',NULL,NULL,NULL,NULL,NULL,0,NULL,NULL,NULL,NULL,NULL,NULL,NULL,NULL,NULL,0,0,0,0,0,5.4000,50.00,0,0.00,NULL,NULL,NULL,NULL,NULL,NULL,'0',NULL,NULL,NULL,1,'2022-02-18 12:55:26','2022-02-18 13:05:28','2022-02-18 13:05:28'),(131,5563,40731,0,NULL,16,'ROMERO MATIAS GABRIEL O',NULL,NULL,NULL,NULL,NULL,NULL,NULL,NULL,NULL,NULL,NULL,NULL,NULL,NULL,NULL,NULL,6,'38677945','20-38677945-8',1,NULL,NULL,NULL,NULL,NULL,NULL,NULL,NULL,NULL,0,0,0,0,0,NULL,1,NULL,NULL,5,NULL,NULL,0.00,0,0.00,0.00,0.00,NULL,NULL,NULL,'2022-01-19','2022-01-19',NULL,NULL,NULL,NULL,NULL,0,NULL,NULL,NULL,NULL,NULL,NULL,NULL,NULL,NULL,0,0,0,0,0,5.4000,50.00,0,0.00,NULL,NULL,NULL,NULL,NULL,NULL,'0',NULL,NULL,NULL,1,'2022-02-18 12:55:26','2022-02-18 13:05:28','2022-02-18 13:05:28'),(132,5563,40731,0,NULL,17,'PAEZ OSCAR MAXIMILIANO O',NULL,NULL,NULL,NULL,NULL,NULL,NULL,NULL,NULL,NULL,NULL,NULL,NULL,NULL,NULL,NULL,6,'38848625','20-38848625-3',1,NULL,NULL,NULL,NULL,NULL,NULL,NULL,NULL,NULL,0,0,0,0,0,NULL,1,NULL,NULL,5,NULL,NULL,0.00,0,0.00,0.00,0.00,NULL,NULL,NULL,'2021-06-09','2021-06-09',NULL,NULL,NULL,NULL,NULL,0,NULL,NULL,NULL,NULL,NULL,NULL,NULL,NULL,NULL,0,0,0,0,0,5.4000,50.00,0,0.00,NULL,NULL,NULL,NULL,NULL,NULL,'0',NULL,NULL,NULL,1,'2022-02-18 12:55:26','2022-02-18 13:05:28','2022-02-18 13:05:28');
INSERT INTO `syj_empleados` VALUES (133,5563,40731,0,NULL,18,'PRIETO RICHARD MIGUEL ANGEL O',NULL,NULL,NULL,NULL,NULL,NULL,NULL,NULL,NULL,NULL,NULL,NULL,NULL,NULL,NULL,NULL,6,'39849040','20-39849040-2',1,NULL,NULL,NULL,NULL,NULL,NULL,NULL,NULL,NULL,0,0,0,0,0,NULL,1,NULL,NULL,5,NULL,NULL,0.00,0,0.00,0.00,0.00,NULL,NULL,NULL,'2021-12-31','2021-12-31',NULL,NULL,NULL,NULL,NULL,0,NULL,NULL,NULL,NULL,NULL,NULL,NULL,NULL,NULL,0,0,0,0,0,5.4000,50.00,0,0.00,NULL,NULL,NULL,NULL,NULL,NULL,'0',NULL,NULL,NULL,1,'2022-02-18 12:55:26','2022-02-18 13:05:28','2022-02-18 13:05:28'),(134,5563,40731,0,NULL,19,'FIGUEROA FACUNDO AGUSTIN O',NULL,NULL,NULL,NULL,NULL,NULL,NULL,NULL,NULL,NULL,NULL,NULL,NULL,NULL,NULL,NULL,6,'39876741','20-39876741-2',1,NULL,NULL,NULL,NULL,NULL,NULL,NULL,NULL,NULL,0,0,0,0,0,NULL,1,NULL,NULL,5,NULL,NULL,0.00,0,0.00,0.00,0.00,NULL,NULL,NULL,'2020-09-14','2020-09-14',NULL,NULL,NULL,NULL,NULL,0,NULL,NULL,NULL,NULL,NULL,NULL,NULL,NULL,NULL,0,0,0,0,0,5.4000,50.00,0,0.00,NULL,NULL,NULL,NULL,NULL,NULL,'0',NULL,NULL,NULL,1,'2022-02-18 12:55:26','2022-02-18 13:05:28','2022-02-18 13:05:28'),(135,5563,40731,0,NULL,20,'TORRES HIGA ARIEL ALEJANDRO O',NULL,NULL,NULL,NULL,NULL,NULL,NULL,NULL,NULL,NULL,NULL,NULL,NULL,NULL,NULL,NULL,6,'41622945','20-41622945-8',1,NULL,NULL,NULL,NULL,NULL,NULL,NULL,NULL,NULL,0,0,0,0,0,NULL,1,NULL,NULL,5,NULL,NULL,0.00,0,0.00,0.00,0.00,NULL,NULL,NULL,'2021-12-31','2021-12-31',NULL,NULL,NULL,NULL,NULL,0,NULL,NULL,NULL,NULL,NULL,NULL,NULL,NULL,NULL,0,0,0,0,0,5.4000,50.00,0,0.00,NULL,NULL,NULL,NULL,NULL,NULL,'0',NULL,NULL,NULL,1,'2022-02-18 12:55:26','2022-02-18 13:05:28','2022-02-18 13:05:28'),(136,5563,40731,0,NULL,21,'SOSA JARA LAUTARO GABRIEL O',NULL,NULL,NULL,NULL,NULL,NULL,NULL,NULL,NULL,NULL,NULL,NULL,NULL,NULL,NULL,NULL,6,'45682415','20-45682415-4',1,NULL,NULL,NULL,NULL,NULL,NULL,NULL,NULL,NULL,0,0,0,0,0,NULL,1,NULL,NULL,5,NULL,NULL,0.00,0,0.00,0.00,0.00,NULL,NULL,NULL,'2021-06-16','2021-06-16',NULL,NULL,NULL,NULL,NULL,0,NULL,NULL,NULL,NULL,NULL,NULL,NULL,NULL,NULL,0,0,0,0,0,5.4000,50.00,0,0.00,NULL,NULL,NULL,NULL,NULL,NULL,'0',NULL,NULL,NULL,1,'2022-02-18 12:55:26','2022-02-18 13:05:28','2022-02-18 13:05:28'),(137,5563,40731,0,NULL,22,'ALOR ROJAS RONALD ALEXIS O',NULL,NULL,NULL,NULL,NULL,NULL,NULL,NULL,NULL,NULL,NULL,NULL,NULL,NULL,NULL,NULL,6,'94017748','20-94017748-1',1,NULL,NULL,NULL,NULL,NULL,NULL,NULL,NULL,NULL,0,0,0,0,0,NULL,1,NULL,NULL,5,NULL,NULL,0.00,0,0.00,0.00,0.00,NULL,NULL,NULL,'2021-12-10','2021-12-10',NULL,NULL,NULL,NULL,NULL,0,NULL,NULL,NULL,NULL,NULL,NULL,NULL,NULL,NULL,0,0,0,0,0,5.4000,50.00,0,0.00,NULL,NULL,NULL,NULL,NULL,NULL,'0',NULL,NULL,NULL,1,'2022-02-18 12:55:26','2022-02-18 13:05:28','2022-02-18 13:05:28'),(138,5563,40731,0,NULL,23,'PERALTA OSVALDO ALEJANDRO O.',NULL,NULL,NULL,NULL,NULL,NULL,NULL,NULL,NULL,NULL,NULL,NULL,NULL,NULL,NULL,NULL,6,'31489838','23-31489838-9',1,NULL,NULL,NULL,NULL,NULL,NULL,NULL,NULL,NULL,0,0,0,0,0,NULL,1,NULL,NULL,5,NULL,NULL,0.00,0,0.00,0.00,0.00,NULL,NULL,NULL,'1969-12-31','1969-12-31',NULL,NULL,NULL,NULL,NULL,0,NULL,NULL,NULL,NULL,NULL,NULL,NULL,NULL,NULL,0,0,0,0,0,5.4000,50.00,0,0.00,NULL,NULL,NULL,NULL,NULL,NULL,'0',NULL,NULL,NULL,1,'2022-02-18 12:55:26','2022-02-18 13:05:28','2022-02-18 13:05:28'),(139,5563,40731,0,NULL,24,'JARA ELIZABETH GABRIELA',NULL,NULL,NULL,NULL,NULL,NULL,NULL,NULL,NULL,NULL,NULL,NULL,NULL,NULL,NULL,NULL,6,'22169673','27-22169673-0',1,NULL,NULL,NULL,NULL,NULL,NULL,NULL,NULL,NULL,0,0,0,0,0,NULL,1,NULL,NULL,5,NULL,NULL,0.00,0,0.00,0.00,0.00,NULL,NULL,NULL,'2015-12-01','2015-12-01',NULL,NULL,NULL,NULL,NULL,0,NULL,NULL,NULL,NULL,NULL,NULL,NULL,NULL,NULL,0,0,0,0,0,5.4000,50.00,0,0.00,NULL,NULL,NULL,NULL,NULL,NULL,'0',NULL,NULL,NULL,1,'2022-02-18 12:55:26','2022-02-18 13:05:28','2022-02-18 13:05:28');
INSERT INTO `syj_empleados` VALUES (140,5563,40731,0,NULL,25,'FIGUEROA LUIS CARLOS O.',NULL,NULL,NULL,NULL,NULL,NULL,NULL,NULL,NULL,NULL,NULL,NULL,NULL,NULL,NULL,NULL,6,'32906441','27-32906441-2',1,NULL,NULL,NULL,NULL,NULL,NULL,NULL,NULL,NULL,0,0,0,0,0,NULL,1,NULL,NULL,5,NULL,NULL,0.00,0,0.00,0.00,0.00,NULL,NULL,NULL,'1969-12-31','1969-12-31',NULL,NULL,NULL,NULL,NULL,0,NULL,NULL,NULL,NULL,NULL,NULL,NULL,NULL,NULL,0,0,0,0,0,5.4000,50.00,0,0.00,NULL,NULL,NULL,NULL,NULL,NULL,'0',NULL,NULL,NULL,1,'2022-02-18 12:55:26','2022-02-18 13:05:28','2022-02-18 13:05:28'),(141,5563,40731,0,NULL,26,'SOSA JARA MELANIE DAHYANA O',NULL,NULL,NULL,NULL,NULL,NULL,NULL,NULL,NULL,NULL,NULL,NULL,NULL,NULL,NULL,NULL,6,'43133948','27-43133948-5',1,NULL,NULL,NULL,NULL,NULL,NULL,NULL,NULL,NULL,0,0,0,0,0,NULL,1,NULL,NULL,5,NULL,NULL,0.00,0,0.00,0.00,0.00,NULL,NULL,NULL,'2021-06-16','2021-06-16',NULL,NULL,NULL,NULL,NULL,0,NULL,NULL,NULL,NULL,NULL,NULL,NULL,NULL,NULL,0,0,0,0,0,5.4000,50.00,0,0.00,NULL,NULL,NULL,NULL,NULL,NULL,'0',NULL,NULL,NULL,1,'2022-02-18 12:55:26','2022-02-18 13:05:28','2022-02-18 13:05:28'),(142,5563,40731,0,NULL,27,'VILLASANA ACOSTA VALENTINA DEL VALLE O',NULL,NULL,NULL,NULL,NULL,NULL,NULL,NULL,NULL,NULL,NULL,NULL,NULL,NULL,NULL,NULL,6,'95804285','27-95804285-5',1,NULL,NULL,NULL,NULL,NULL,NULL,NULL,NULL,NULL,0,0,0,0,0,NULL,1,NULL,NULL,5,NULL,NULL,0.00,0,0.00,0.00,0.00,NULL,NULL,NULL,'2022-01-17','2022-01-17',NULL,NULL,NULL,NULL,NULL,0,NULL,NULL,NULL,NULL,NULL,NULL,NULL,NULL,NULL,0,0,0,0,0,5.4000,50.00,0,0.00,NULL,NULL,NULL,NULL,NULL,NULL,'0',NULL,NULL,NULL,1,'2022-02-18 12:55:26','2022-02-18 13:05:28','2022-02-18 13:05:28'),(143,5563,40731,0,NULL,28,'HERNANDEZ ACOSTA CARTRIN ROMA O.',NULL,NULL,NULL,NULL,NULL,NULL,NULL,NULL,NULL,NULL,NULL,NULL,NULL,NULL,NULL,NULL,6,'95999435','27-95999435-3',1,NULL,NULL,NULL,NULL,NULL,NULL,NULL,NULL,NULL,0,0,0,0,0,NULL,1,NULL,NULL,5,NULL,NULL,0.00,0,0.00,0.00,0.00,NULL,NULL,NULL,'1969-12-31','1969-12-31',NULL,NULL,NULL,NULL,NULL,0,NULL,NULL,NULL,NULL,NULL,NULL,NULL,NULL,NULL,0,0,0,0,0,5.4000,50.00,0,0.00,NULL,NULL,NULL,NULL,NULL,NULL,'0',NULL,NULL,NULL,1,'2022-02-18 12:55:26','2022-02-18 13:05:28','2022-02-18 13:05:28'),(144,5563,40731,0,NULL,13,'AGUILERA DANIEL ALEJANDRO',NULL,'1993-05-04',1,1,4,1,23,7,'PANAMA','7575',NULL,NULL,'1682',NULL,'1135169420','danielaguilera932017@gnail.com',6,'37356248','20-37356248-4',1,NULL,74,1,5,NULL,NULL,'2590027120360717330134',2,2,0,0,0,0,0,NULL,1,NULL,NULL,42,279,2,4439.00,0,0.00,8.00,0.00,2,9,2,'2024-01-29','2024-01-29',NULL,NULL,NULL,NULL,NULL,0,2,2,2,6,4,18,1,2,1,0,0,0,0,0,6.3180,418.00,1,0.00,2,'1',2,'0',2,'0','0',NULL,NULL,NULL,1,'2022-02-18 14:46:49','2024-12-31 20:44:15',NULL),(145,5563,40731,0,NULL,158,'ALANIS ASTUDILLO MAXIMILIANO MARTIN',NULL,'1993-05-01',1,1,5,1,23,10,'PORTELA','2615','PB',NULL,NULL,NULL,'1164183364','maxi.astudillo52@gmail.com',6,'37361040','20-37361040-3',1,NULL,74,1,5,NULL,NULL,'0720088588000039198622',2,2,0,0,0,0,0,NULL,1,NULL,NULL,44,298,2,311.99,0,0.00,8.00,0.00,2,8,2,'2021-11-02','2021-11-02',NULL,NULL,NULL,NULL,2,0,2,2,2,2,50,18,1,2,1,0,0,0,0,0,6.3180,418.00,1,0.00,2,'1',2,'0',2,'0','0',NULL,NULL,NULL,1,'2022-02-18 14:46:49','2024-12-31 01:24:26',NULL),(146,5563,40731,0,NULL,160,'ALCARAZ PABLO NICOLAS',NULL,'1999-01-01',1,1,5,1,23,5,NULL,NULL,NULL,NULL,NULL,NULL,NULL,NULL,6,'32575258','20-32575258-1',1,NULL,74,1,5,NULL,NULL,'0720088588000039199236',2,2,0,0,0,0,0,NULL,1,NULL,NULL,44,300,2,264.08,0,0.00,8.00,0.00,2,6,2,'2021-12-17','2021-12-17',NULL,NULL,NULL,'2022-06-27',2,0,2,2,2,2,50,18,1,2,1,0,0,0,0,0,6.3180,418.00,1,0.00,2,'1',2,'0',2,'0','0',NULL,NULL,NULL,1,'2022-02-18 14:46:49','2024-12-31 11:21:11',NULL);
INSERT INTO `syj_empleados` VALUES (147,5563,40731,0,NULL,159,'ALOR ROJAS RONALD ALEXIS',NULL,'1999-01-01',1,2,5,1,23,5,NULL,NULL,NULL,NULL,NULL,NULL,NULL,NULL,6,'94017748','20-94017748-1',1,NULL,236,1,5,NULL,NULL,'0720088588000039198868',2,2,0,0,0,0,0,NULL,1,NULL,NULL,44,299,2,287.65,0,0.00,8.00,0.00,2,7,2,'2021-12-10','2021-12-10',NULL,NULL,NULL,'2022-05-02',2,0,2,2,2,2,50,18,1,2,1,0,0,0,0,0,6.3180,418.00,1,0.00,2,'1',2,'0',2,'0','0',NULL,NULL,NULL,1,'2022-02-18 14:46:49','2024-12-31 10:36:35',NULL),(148,5563,40731,0,NULL,146,'ASEGUIN MARCOS DAVID ALFREDO',NULL,'1992-06-04',1,1,4,1,23,11,'PASCO','4247',NULL,NULL,'B1616EJP',NULL,'1123814956','marcosaseguin1@gmail.com',6,'36824350','20-36824350-8',1,NULL,74,1,1,2,NULL,NULL,2,2,0,0,0,0,0,NULL,1,NULL,NULL,44,299,2,287.65,0,0.00,8.00,0.00,2,7,2,'2021-03-20','2021-03-20',NULL,NULL,NULL,NULL,2,0,2,2,2,6,4,18,1,2,1,0,1,0,0,0,6.3180,418.00,1,0.00,2,'1',2,'0',2,'0','0',NULL,NULL,NULL,1,'2022-02-18 14:46:49','2024-12-30 23:49:48',NULL),(149,5563,40731,0,NULL,20,'CAMARGO JULIO DANIEL',NULL,'1980-02-27',1,1,5,1,23,5,'Esmeralda','3040','1','A','1660',NULL,'1126070292','daniel.carmargo80@icloud.com',6,'27477928','20-27477928-5',1,NULL,27,1,5,29,NULL,'2590027120360716230169',2,2,0,0,0,0,0,NULL,1,NULL,NULL,44,301,2,379.81,0,0.00,8.00,0.00,2,9,2,'2021-12-23','2021-12-23',NULL,NULL,NULL,NULL,2,0,2,2,2,6,4,18,1,2,1,0,1,0,0,0,6.3180,418.00,1,0.00,2,'1',2,'0',2,'0','0',NULL,NULL,NULL,1,'2022-02-18 14:46:50','2024-12-31 19:21:46',NULL),(150,5563,40731,0,NULL,164,'CONTRERAS JUAN CARLOS',NULL,'1999-01-01',1,1,5,1,23,5,NULL,NULL,NULL,NULL,NULL,NULL,NULL,NULL,6,'31896179','20-31896179-5',1,NULL,74,1,1,NULL,NULL,NULL,2,2,0,0,0,0,0,NULL,1,NULL,NULL,44,298,2,311.99,1,0.00,8.00,0.00,2,8,2,'2021-12-29','2021-12-29',NULL,NULL,NULL,'2022-01-31',2,0,2,2,2,2,50,18,1,2,1,0,0,0,0,0,6.3180,418.00,1,0.00,2,'1',2,'0',2,'0','0',NULL,NULL,NULL,1,'2022-02-18 14:46:50','2024-12-31 18:58:15',NULL),(151,5563,40731,0,NULL,128,'DIAZ LUCAS DANIEL',NULL,'1987-04-30',1,1,5,1,23,5,'Bragado','4520',NULL,NULL,'1665',NULL,'1167344425','no tiene',6,'33018767','20-33018767-1',1,NULL,74,1,5,NULL,NULL,'2590027120359105030178',2,2,1,0,0,0,0,NULL,1,NULL,NULL,44,298,2,311.99,0,0.00,8.00,0.00,2,8,2,'2020-10-07','2020-10-16',NULL,NULL,NULL,NULL,2,0,2,2,2,6,42,18,1,2,1,0,1,0,0,0,6.3180,418.00,1,0.00,2,'7',2,'0',2,'0','0',NULL,NULL,NULL,1,'2022-02-18 14:46:50','2024-12-31 00:59:15',NULL),(152,5563,40731,0,NULL,85,'DUARTE ALVAREZ JAVIER DARIO',NULL,'1999-01-01',1,1,5,1,23,5,NULL,NULL,NULL,NULL,NULL,NULL,NULL,NULL,6,'33786651','20-33786651-5',1,NULL,126,1,5,NULL,NULL,'0720088588000039199618',2,2,0,0,0,0,0,NULL,1,NULL,NULL,44,298,2,311.99,0,0.00,8.00,0.00,2,8,2,'2021-12-10','2020-12-01',NULL,NULL,NULL,'2022-06-03',2,0,2,2,2,6,42,18,1,2,1,0,1,0,0,0,6.3180,418.00,1,0.00,2,'1',2,'0',2,'0','0',NULL,NULL,NULL,1,'2022-02-18 14:46:50','2024-12-31 17:08:32',NULL),(153,5563,40731,0,NULL,161,'FERREIRA COLMAN AMADO GABRIEL',NULL,'1999-01-01',1,1,5,1,23,5,NULL,NULL,NULL,NULL,NULL,NULL,NULL,NULL,6,'18855685','20-18855685-0',1,NULL,136,1,5,NULL,NULL,'0720088588000039198936',2,2,0,0,0,0,0,NULL,1,NULL,NULL,44,298,2,311.99,0,0.00,8.00,0.00,2,8,2,'2021-12-17','2021-12-17',NULL,NULL,NULL,'2022-05-26',2,0,2,2,2,2,50,18,1,2,1,0,0,0,0,0,6.3180,418.00,1,0.00,2,'1',2,'0',2,'0','0',NULL,NULL,NULL,1,'2022-02-18 14:46:50','2024-12-31 11:22:03',NULL),(154,5563,40731,0,NULL,10,'FIGUEROA DIEGO FRANCISCO',NULL,'1988-02-04',1,1,4,1,23,6,'Davaine /  Esq Storni','S/N',NULL,NULL,'1744',NULL,'1133773600','dffigueroa32@gmail.com',6,'34515257','20-34515257-2',1,NULL,251,1,5,29,NULL,'2590027120360717030164',2,2,0,0,0,0,0,NULL,1,NULL,NULL,44,301,2,379.81,0,0.00,8.00,0.00,2,9,2,'2021-11-17','2021-11-17',NULL,NULL,NULL,NULL,2,0,2,2,2,6,4,18,1,2,1,0,1,0,0,0,6.3180,418.00,1,0.00,2,'1',2,'0',2,'0','0',NULL,NULL,NULL,1,'2022-02-18 14:46:50','2024-12-31 19:21:46',NULL);
INSERT INTO `syj_empleados` VALUES (155,5563,40731,0,NULL,18,'FIGUEROA FACUNDO AGUSTIN',NULL,'1996-08-14',1,1,4,1,23,6,'Davaine','2250',NULL,NULL,'1743',NULL,'1155053825',NULL,6,'39876741','20-39876741-2',1,NULL,74,1,5,NULL,NULL,'2590027120358037630179',2,2,0,0,0,0,0,NULL,1,NULL,NULL,44,298,2,311.99,0,0.00,8.00,0.00,2,8,2,'2020-09-14','2020-09-14',NULL,NULL,NULL,NULL,2,0,2,2,2,6,42,18,1,2,1,0,1,0,0,0,6.3180,418.00,1,0.00,2,'1',2,'0',2,'0','0',NULL,NULL,NULL,1,'2022-02-18 14:46:50','2024-12-30 23:49:37',NULL),(156,5563,40731,0,NULL,16,'FIGUEROA LUIS CARLOS',NULL,'1986-12-25',1,1,5,1,23,6,'E. CARRIEGO','8101',NULL,NULL,'1744',NULL,'1124631051',NULL,6,'32906441','27-32906441-2',1,NULL,114,1,5,29,NULL,'2590027120360716830109',2,2,0,0,0,0,0,NULL,1,NULL,NULL,44,301,2,379.81,0,0.00,8.00,0.00,2,9,2,'2021-08-09','2021-08-09',NULL,NULL,NULL,NULL,2,0,2,2,2,6,4,18,1,2,1,0,1,0,0,0,6.3180,418.00,1,0.00,2,'1',2,'0',2,'0','0',NULL,NULL,NULL,1,'2022-02-18 14:46:50','2024-12-31 19:21:46',NULL),(157,5563,40731,0,NULL,133,'HERNANDEZ ACOSTA CARTRIN ROMA',NULL,'1991-07-02',2,2,6,1,23,12,'Francisco Cocchararo','4970',NULL,NULL,NULL,NULL,'1150011215','roma.hernandez@satisrl.com.ar',6,'95999435','27-95999435-3',1,NULL,74,1,5,NULL,NULL,'2590027120374528030116',2,2,0,0,0,0,0,NULL,1,NULL,NULL,44,298,2,311.99,0,0.00,8.00,0.00,2,8,2,'2021-01-04','2021-01-04',NULL,NULL,NULL,NULL,2,0,2,2,2,6,4,18,1,2,1,0,1,0,0,0,6.3180,418.00,1,0.00,2,'1',2,'0',2,'0','5',NULL,NULL,NULL,1,'2022-02-18 14:46:50','2024-12-30 23:49:37',NULL),(158,5563,40731,0,NULL,35,'JARA ELIZABETH GABRIELA',NULL,'1972-09-03',2,1,6,1,23,13,'Av. Patricias Argentinas','4597',NULL,NULL,'1619',NULL,'1154774559','elizabeth.jara@satisrl.com.ar',6,'22169673','27-22169673-0',1,NULL,130,1,5,NULL,NULL,'0720157488000025865668',2,2,0,0,0,0,0,NULL,1,NULL,NULL,45,302,1,62673.00,0,0.00,9.00,0.00,3,10,3,'2015-12-01','2015-12-01',NULL,NULL,NULL,NULL,NULL,0,2,2,2,2,4,4,1,2,1,0,1,0,0,0,6.3180,418.00,1,0.00,2,'1',2,'0',2,'0','0',NULL,NULL,NULL,1,'2022-02-18 14:46:50','2024-12-30 23:51:21',NULL),(159,5563,40731,0,NULL,126,'PAEZ CRISTIAN ADRIAN',NULL,'1972-06-24',1,1,5,1,23,6,'Davaine','4800',NULL,NULL,'1744',NULL,'1158470840',NULL,6,'23937875','20-23937875-8',1,NULL,74,1,5,29,NULL,'2590027120358037330109',2,2,0,0,0,0,0,NULL,1,NULL,NULL,42,276,2,3782.00,0,0.00,8.00,0.00,2,8,2,'2022-11-11','2022-11-11',NULL,NULL,NULL,NULL,1,0,2,2,2,6,4,18,1,2,1,0,1,0,0,0,6.3180,418.00,1,0.00,2,'1',2,'0',2,'0','0',NULL,NULL,NULL,1,'2022-02-18 14:46:50','2024-12-31 20:45:00',NULL),(160,5563,40731,0,NULL,154,'PAEZ OSCAR MAXIMILIANO',NULL,'1995-02-16',1,1,5,1,23,6,'Davaine','4800',NULL,NULL,'1744',NULL,'3364609199',NULL,6,'38848625','20-38848625-3',1,NULL,74,1,1,NULL,NULL,NULL,2,2,0,0,0,0,0,NULL,1,NULL,NULL,44,299,2,287.65,0,0.00,8.00,0.00,2,7,2,'2021-06-09','2021-06-09',NULL,NULL,NULL,'2020-04-27',2,0,2,2,2,6,4,18,1,2,1,0,0,0,0,0,6.3180,418.00,1,0.00,2,'1',13,'14',2,'21','0',NULL,NULL,NULL,1,'2022-02-18 14:46:50','2024-12-31 00:43:38',NULL),(161,5563,40731,0,NULL,15,'PERALTA OSVALDO ALEJANDRO',NULL,'1985-05-26',1,1,4,1,22,1,'Honduras','4463',NULL,NULL,'1414',NULL,'1131395347',NULL,6,'31489838','23-31489838-9',1,NULL,74,1,5,29,NULL,'2590027120358037430199',2,2,0,0,0,0,0,NULL,1,NULL,NULL,44,301,2,379.81,0,0.00,8.00,0.00,2,9,2,'2019-11-01','2019-11-01',NULL,NULL,NULL,NULL,2,0,2,2,2,6,4,18,1,2,1,0,1,0,0,0,6.3180,418.00,1,0.00,2,'1',2,'0',2,'0','0',NULL,NULL,NULL,1,'2022-02-18 14:46:50','2024-12-31 19:21:46',NULL),(162,5563,40731,0,NULL,162,'PRIETO RICHARD MIGUEL ANGEL',NULL,'1999-01-01',1,1,5,1,23,5,NULL,NULL,NULL,NULL,NULL,NULL,NULL,NULL,6,'39849040','20-39849040-2',1,NULL,74,1,5,NULL,NULL,'0720088588000039199304',2,2,0,0,0,0,0,NULL,1,NULL,NULL,44,300,2,264.08,0,0.00,8.00,0.00,2,6,2,'2021-12-31','2021-12-31',NULL,NULL,NULL,'2023-01-30',2,0,2,2,2,6,42,18,1,2,1,0,0,0,0,0,6.3180,418.00,1,0.00,2,'1',2,'0',2,'0','0',NULL,NULL,NULL,1,'2022-02-18 14:46:50','2024-12-31 11:22:42',NULL);
INSERT INTO `syj_empleados` VALUES (163,5563,40731,0,NULL,168,'ROMERO MATIAS GABRIEL',NULL,'1999-01-01',1,1,5,1,23,5,NULL,NULL,NULL,NULL,NULL,NULL,NULL,NULL,6,'38677945','20-38677945-8',1,NULL,198,1,5,NULL,NULL,'0720088588000039199540',2,2,0,0,0,0,0,NULL,1,NULL,NULL,44,300,2,264.08,0,0.00,8.00,0.00,2,6,2,'2022-01-19','2022-01-19',NULL,NULL,NULL,'2022-05-11',2,0,2,2,2,2,50,18,1,2,1,0,0,0,0,0,6.3180,418.00,1,0.00,2,'1',2,'0',2,'0','0',NULL,NULL,NULL,1,'2022-02-18 14:46:50','2024-12-31 19:19:14',NULL),(164,5563,40731,0,NULL,167,'ROMERO OSCAR EDUARDO',NULL,'1999-01-01',1,1,5,1,23,5,NULL,NULL,NULL,NULL,NULL,NULL,NULL,NULL,6,'34283784','20-34283784-1',1,NULL,74,1,5,NULL,NULL,'0720088588000039199090',2,2,0,0,0,0,0,NULL,1,NULL,NULL,44,300,2,264.08,0,0.00,8.00,0.00,2,7,2,'2022-01-19','2022-01-19',NULL,NULL,NULL,'2022-07-07',2,0,2,2,2,2,50,18,1,2,1,0,0,0,0,0,6.3180,418.00,1,0.00,2,'1',2,'0',2,'0','0',NULL,NULL,NULL,1,'2022-02-18 14:46:50','2024-12-31 19:18:49',NULL),(165,5563,40731,0,NULL,157,'SOSA JARA LAUTARO GABRIEL',NULL,'2004-05-17',1,1,5,1,23,13,'Av. Patricias Argentinas','4597',NULL,NULL,'1619',NULL,'1154790777',NULL,6,'45682415','20-45682415-4',1,NULL,74,1,5,16,NULL,'0720088588000039444954',2,2,0,0,0,0,0,NULL,1,NULL,NULL,42,279,2,4439.00,0,0.00,6.00,0.00,2,9,2,'2021-06-16','2021-06-16',NULL,NULL,NULL,NULL,NULL,0,2,2,2,6,4,18,1,2,1,0,1,0,0,0,6.3180,418.00,1,0.00,13,'1',2,'15',2,'0','0',NULL,NULL,NULL,1,'2022-02-18 14:46:50','2024-12-31 20:46:32',NULL),(166,5563,40731,0,NULL,156,'SOSA JARA MELANIE DAHYANA',NULL,'2001-02-12',2,1,5,1,23,13,'Av. Patricias Argentinas','4597',NULL,NULL,'1619',NULL,NULL,NULL,6,'43133948','27-43133948-5',1,NULL,74,1,5,2,NULL,'0110041930004128738479',2,2,0,0,0,0,0,NULL,1,NULL,NULL,42,278,2,3201.00,0,0.00,6.00,0.00,2,6,2,'2021-06-16','2021-06-16',NULL,NULL,NULL,NULL,NULL,0,2,2,2,6,4,18,1,2,1,0,1,0,0,0,6.3180,418.00,1,0.00,13,'1',2,'15',2,'0','0',NULL,NULL,NULL,1,'2022-02-18 14:46:50','2024-12-31 20:45:52',NULL),(167,5563,40731,0,NULL,59,'SUAREZ CARLOS SEBASTIAN',NULL,'1984-04-04',1,1,5,1,23,14,'A. Gallardo','2874',NULL,NULL,NULL,NULL,'1123773126',NULL,6,'30610942','20-30610942-2',1,NULL,74,1,1,NULL,NULL,NULL,2,2,0,0,0,0,0,NULL,1,NULL,NULL,44,300,2,264.08,0,0.00,8.00,0.00,2,6,2,'2021-10-05','2021-10-05',NULL,NULL,NULL,NULL,2,0,2,2,2,2,50,18,1,2,1,0,0,0,0,0,6.3180,418.00,1,0.00,2,'1',2,'0',2,'0','0',NULL,NULL,NULL,1,'2022-02-18 14:46:50','2024-12-30 23:50:00',NULL),(168,5563,40731,0,NULL,163,'TORRES HIGA ARIEL ALEJANDRO',NULL,'1999-01-01',1,1,5,1,23,5,NULL,NULL,NULL,NULL,NULL,NULL,NULL,NULL,6,'41622945','20-41622945-8',1,NULL,74,1,5,NULL,NULL,'0720088588000039199168',2,2,0,0,0,0,0,NULL,1,NULL,NULL,44,300,2,264.08,0,0.00,8.00,0.00,2,6,2,'2021-12-31','2021-12-31',NULL,NULL,NULL,'2022-08-08',2,0,2,2,2,2,50,18,1,2,1,0,0,0,0,0,6.3180,418.00,1,0.00,2,'1',2,'0',2,'0','0',NULL,NULL,NULL,1,'2022-02-18 14:46:50','2024-12-31 11:23:26',NULL),(169,5563,40731,0,NULL,106,'VELOZO AGUSTIN',NULL,'1991-06-15',1,1,5,1,23,5,'Ottawa','2127',NULL,NULL,'1660',NULL,'1170320336','velozoagustin574@gmail.com',6,'19055045','20-19055045-2',1,NULL,74,1,5,NULL,NULL,'2590027120360716030189',2,2,0,0,0,0,0,NULL,1,NULL,NULL,44,299,2,287.65,0,0.00,8.00,0.00,2,7,2,'2020-09-09','2020-09-09',NULL,NULL,NULL,NULL,2,0,2,2,2,6,42,18,1,2,1,0,0,0,0,0,6.3180,418.00,1,0.00,2,'1',19,'5',20,'16','29',NULL,NULL,NULL,1,'2022-02-18 14:46:50','2024-12-30 23:49:48',NULL),(170,5563,40731,0,NULL,166,'VELOZO DAMIAN RENE',NULL,'1999-01-01',1,1,5,1,23,5,NULL,NULL,NULL,NULL,NULL,NULL,NULL,NULL,6,'37941092','20-37941092-9',1,NULL,74,1,5,NULL,NULL,'0720088588000039199472',2,2,0,0,0,0,0,NULL,1,NULL,NULL,44,298,2,311.99,0,0.00,8.00,0.00,2,8,2,'2022-01-18','2022-01-18',NULL,NULL,NULL,'2022-12-19',2,0,2,2,2,6,42,18,1,2,1,0,0,0,0,0,6.3180,418.00,1,0.00,2,'1',2,'0',2,'0','0',NULL,NULL,NULL,1,'2022-02-18 14:46:50','2024-12-31 19:18:09',NULL);
INSERT INTO `syj_empleados` VALUES (171,5563,40731,0,NULL,165,'VILLASANA ACOSTA VALENTINA DEL VALLE',NULL,'1999-01-01',2,2,5,1,23,5,NULL,NULL,NULL,NULL,NULL,NULL,NULL,NULL,6,'95804285','27-95804285-5',1,NULL,74,1,5,NULL,NULL,'0720088588000039198790',2,2,0,0,0,0,0,NULL,1,NULL,NULL,42,278,2,3201.00,0,0.00,8.00,0.00,2,6,2,'2022-01-17','2022-01-17',NULL,NULL,NULL,NULL,NULL,0,2,2,2,6,4,18,1,2,1,0,1,0,0,0,6.3180,418.00,1,0.00,2,'1',2,'0',2,'0','0',NULL,NULL,NULL,1,'2022-02-18 14:46:50','2024-12-31 20:47:53',NULL),(174,5563,40731,0,NULL,169,'TORRICO JONATHAN LUIS ALBERTO',NULL,'1999-01-01',1,1,5,1,NULL,6,NULL,NULL,NULL,NULL,NULL,NULL,NULL,NULL,6,'33037095','20-33037095-6',3,NULL,74,NULL,1,NULL,NULL,NULL,2,2,0,0,0,0,0,NULL,1,NULL,NULL,42,278,2,3201.00,0,0.00,8.00,0.00,2,6,2,'2022-04-04','2022-04-04',NULL,NULL,NULL,'2022-08-10',2,0,2,2,2,2,50,18,1,2,1,0,1,0,0,0,6.3180,418.00,1,0.00,2,'1',2,'0',2,'0','0',NULL,NULL,NULL,1,'2022-04-20 17:27:33','2024-12-17 13:50:13',NULL),(175,5563,40731,0,NULL,170,'JERONIMO EMMANUEL NICOLAS',NULL,'2000-01-01',1,1,5,1,NULL,6,NULL,NULL,NULL,NULL,NULL,NULL,NULL,NULL,6,'33905744','20-33905744-4',3,NULL,114,NULL,1,NULL,NULL,NULL,2,2,0,0,0,0,0,NULL,1,NULL,NULL,42,278,2,3201.00,0,0.00,8.00,0.00,2,6,2,'2022-04-04','2022-04-04',NULL,NULL,NULL,'2022-09-14',2,0,2,2,2,6,42,18,1,2,1,0,1,0,0,0,6.3180,418.00,0,0.00,2,'1',2,'0',2,'0','0',NULL,NULL,NULL,1,'2022-04-20 17:27:33','2024-12-17 13:50:13',NULL),(176,5563,40731,0,NULL,171,'NAVARRETE THOMAS SEBASTIAN',NULL,'2000-01-01',1,1,5,1,NULL,6,NULL,NULL,NULL,NULL,NULL,NULL,NULL,NULL,6,'42681554','20-42681554-1',1,NULL,30,NULL,5,16,NULL,'0720088588000039445018',2,2,0,0,0,0,0,NULL,1,NULL,NULL,42,276,2,3782.00,0,0.00,8.00,0.00,2,7,2,'2023-12-28','2023-12-28',NULL,NULL,NULL,NULL,2,0,2,2,2,6,4,18,1,2,1,0,0,0,0,0,6.3180,418.00,1,0.00,2,'1',2,'0',2,'0','0',NULL,NULL,NULL,1,'2022-04-20 17:27:33','2024-12-17 13:49:52',NULL),(177,5563,40731,0,NULL,172,'LEDESMA SERGIO ARIEL',NULL,'2000-01-01',1,1,5,1,NULL,6,NULL,NULL,NULL,NULL,NULL,NULL,NULL,NULL,6,'39879407','23-39879407-9',3,NULL,74,NULL,1,NULL,NULL,NULL,2,2,0,0,0,0,0,NULL,1,NULL,NULL,42,278,2,3201.00,0,0.00,8.00,0.00,2,6,2,'2022-04-04','2022-04-04',NULL,NULL,NULL,'2022-05-27',2,0,2,2,2,2,50,18,1,2,1,0,1,0,0,0,6.3180,418.00,1,0.00,2,'1',2,'0',2,'0','27',NULL,NULL,NULL,1,'2022-04-20 17:27:33','2024-12-17 13:50:13',NULL),(178,5563,40731,0,NULL,173,'ESQUIVEL PABLO ENRIQUE',NULL,'1996-09-22',1,1,5,1,NULL,1,'Posadas 2695','2695',NULL,NULL,NULL,NULL,NULL,NULL,2,'39793188','23-39793188-9',3,NULL,74,NULL,5,16,NULL,'0720088588000039445186',2,2,0,0,0,0,0,NULL,1,NULL,NULL,42,277,2,549.00,1,0.00,8.00,0.00,2,7,2,'2022-05-10','2022-05-10',NULL,NULL,NULL,'2022-11-22',6,0,2,2,19,6,42,18,2,2,1,0,1,0,0,NULL,6.3180,418.00,1,0.00,2,'1',2,'0',2,'0','0',NULL,NULL,NULL,1,'2022-05-18 14:14:19','2024-01-05 14:05:19',NULL),(179,5563,40731,0,NULL,177,'WELSH ADRIAN MAXIMILIANO',NULL,'1991-09-03',1,1,5,1,NULL,19,'CAXARAVILLE','260','PB','Casa','1761',NULL,'1134976916',NULL,2,'36188889','20-36188889-9',3,NULL,74,74,5,16,'147-377622/3','0720147588000037762236',2,2,0,0,0,0,0,NULL,1,NULL,NULL,42,276,2,3782.00,0,0.00,8.00,0.00,2,8,2,'2022-06-07','2022-06-07',NULL,NULL,NULL,'2022-10-03',2,0,2,2,2,6,42,18,1,2,1,0,0,0,0,NULL,6.3180,418.00,1,0.00,2,'1',2,'0',2,'0','25',NULL,NULL,NULL,1,'2022-06-21 16:57:48','2024-12-17 13:49:52',NULL),(180,5563,40731,0,NULL,176,'BENITEZ FERNANDO ALFREDO',NULL,'1982-06-11',1,1,5,1,NULL,19,'Rodriguez','673',NULL,NULL,'1716',NULL,'1140407938',NULL,2,'29408183','20-29408183-7',3,NULL,74,NULL,1,16,'088-3958351','0720088588000039583518',2,2,0,0,0,0,0,NULL,1,NULL,NULL,42,279,2,4439.00,0,0.00,8.00,0.00,2,9,2,'2022-06-07','2022-06-07',NULL,NULL,NULL,'2023-04-17',2,0,2,2,2,6,42,18,1,2,1,0,0,0,0,NULL,6.3180,418.00,1,0.00,2,'1',2,'0',2,'0','25',NULL,NULL,NULL,1,'2022-06-21 17:14:28','2024-12-17 13:50:24',NULL);
INSERT INTO `syj_empleados` VALUES (181,5563,40731,0,NULL,174,'ECHENIQUE JUAN CARLOS',NULL,'1997-12-27',1,1,5,1,NULL,14,'Zuviria','2550',NULL,NULL,'1663',NULL,'111111111',NULL,2,'40869982','20-40869982-8',3,NULL,74,NULL,5,16,'088-3958368','0720088588000039583686',2,2,0,0,0,0,0,NULL,1,NULL,NULL,42,278,2,3201.00,0,0.00,8.00,0.00,2,6,2,'2022-06-06','2022-06-06',NULL,NULL,NULL,'2023-04-10',2,0,2,2,2,6,42,18,1,2,1,0,0,0,0,NULL,6.3180,418.00,1,0.00,2,'1',2,'0',2,'0','26',NULL,NULL,NULL,1,'2022-06-21 17:29:05','2024-12-17 13:50:13',NULL),(182,5563,40731,0,NULL,175,'SANABRIA VERA RODRIGO ANDRES',NULL,'1988-02-05',1,2,5,178,NULL,20,'Ricardo Gutierrez','2358',NULL,NULL,'1635',NULL,'1111111111',NULL,2,'96102911','20-96102911-3',3,NULL,74,NULL,5,16,'088-3958337','0720088588000039583372',2,2,0,0,0,0,0,NULL,1,NULL,NULL,42,276,2,3782.00,0,0.00,8.00,0.00,2,8,2,'2024-01-03','2024-01-03',NULL,NULL,NULL,'2024-01-25',2,0,2,2,2,6,4,18,1,2,1,0,1,0,0,NULL,6.3180,418.00,1,0.00,2,'1',2,'0',2,'0','0',NULL,NULL,NULL,1,'2022-06-21 17:56:24','2024-12-17 13:49:52',NULL),(183,5563,40731,0,NULL,179,'GAITAN RODRIGO MIGUEL',NULL,'1999-03-07',1,1,5,1,NULL,1,NULL,NULL,NULL,NULL,NULL,NULL,NULL,NULL,2,'41764087','20-41764087-9',3,NULL,74,74,1,NULL,NULL,NULL,2,2,0,0,0,0,0,NULL,1,NULL,NULL,42,278,2,3201.00,0,0.00,8.00,0.00,2,6,2,'2022-07-08','2022-07-08',NULL,NULL,NULL,'2022-09-28',6,0,2,2,2,6,42,18,1,2,1,0,0,0,0,NULL,6.3180,418.00,1,0.00,2,'1',2,'0',2,'0','23',NULL,NULL,NULL,1,'2022-07-20 13:51:05','2024-12-17 13:50:13',NULL),(184,5563,40731,0,NULL,140,'OJEDA ALAN IVAN',NULL,'1999-12-12',1,1,5,1,NULL,1,'Oliver','949',NULL,NULL,NULL,NULL,'1141403485',NULL,2,'40672545','20-40672545-7',3,NULL,74,NULL,1,16,NULL,'0720088588000000765790',2,2,0,0,0,0,0,NULL,1,NULL,NULL,44,299,2,287.65,0,0.00,8.00,0.00,2,7,2,'2021-03-09','2021-03-09',NULL,NULL,NULL,'2021-05-05',2,0,2,2,2,6,42,18,1,2,1,0,0,0,0,NULL,6.3180,418.00,1,0.00,2,'20',2,'0',2,'0','11',NULL,NULL,NULL,1,'2022-07-20 14:27:17','2024-12-30 23:49:48',NULL),(185,5563,40731,0,NULL,55,'GONZALEZ ISAIAS EMANUEL',NULL,'1995-09-09',1,1,5,1,NULL,1,'Bagnat','2247',NULL,NULL,'B1714',NULL,NULL,NULL,2,'45777908','23-45777908-9',3,NULL,74,NULL,1,NULL,NULL,NULL,2,2,0,0,0,0,0,NULL,1,NULL,NULL,44,298,2,232.82,1,0.00,8.00,0.00,2,8,2,'2020-12-16','2020-12-16',NULL,NULL,NULL,'2021-07-30',2,0,2,2,2,6,42,18,1,2,1,0,1,0,0,NULL,6.3180,418.00,1,0.00,2,'1',2,'0',2,'0','0',NULL,NULL,NULL,1,'2022-07-26 13:05:22','2024-12-30 13:29:16',NULL),(186,5563,40731,0,NULL,180,'MANEVY SEBASTIAN',NULL,'1987-01-07',1,1,5,1,NULL,6,'Beethoven','250',NULL,NULL,'B1738',NULL,NULL,NULL,2,'32679445','20-32679445-8',3,NULL,74,NULL,1,16,NULL,'0720088588000039583440',2,2,0,0,0,0,0,NULL,1,NULL,NULL,42,277,2,3487.00,0,0.00,8.00,0.00,2,7,2,'2022-07-25','2022-07-25',NULL,NULL,NULL,'2023-10-05',1,0,2,2,2,6,42,18,1,2,1,0,1,0,0,NULL,6.3180,418.00,1,0.00,2,'1',2,'0',2,'0','0',NULL,NULL,NULL,1,'2022-07-26 13:19:42','2024-12-17 13:50:00',NULL),(187,5563,40731,0,NULL,118,'RAMIREZ ALMEIDA GUSTAVO MARCELO',NULL,'2022-10-05',1,1,5,1,NULL,6,NULL,NULL,NULL,NULL,NULL,NULL,NULL,NULL,6,'21850512','20-21850512-1',3,NULL,74,NULL,1,NULL,NULL,NULL,2,2,1,0,0,0,0,NULL,1,NULL,NULL,42,279,2,4439.00,0,0.00,8.00,0.00,2,9,2,'2022-10-05','2022-10-05',NULL,NULL,NULL,'2022-12-22',2,0,2,2,2,6,42,18,1,2,1,0,1,0,0,0,6.3180,418.00,1,0.00,2,'5',2,'0',2,'0','0',NULL,NULL,NULL,1,'2022-08-20 09:16:57','2024-12-17 13:50:24',NULL),(188,5563,40731,0,NULL,17,'SOSA FRANCISCO ALFONSO',NULL,'2022-10-05',1,1,5,1,NULL,15,NULL,NULL,NULL,NULL,NULL,NULL,NULL,NULL,6,'23849680','20-23849680-3',3,NULL,74,NULL,3,29,'27-35803723011','1111111111111111111111',2,2,1,0,0,0,0,NULL,1,NULL,NULL,44,299,2,287.65,0,0.00,8.00,0.00,2,7,2,'2019-06-04','2019-06-04',NULL,NULL,NULL,'2020-01-21',1,0,2,2,2,6,42,18,1,2,1,0,1,0,0,0,6.3180,418.00,1,0.00,2,'1',2,'0',2,'0','0',NULL,NULL,NULL,1,'2022-08-20 09:16:57','2024-12-30 23:49:48',NULL);
INSERT INTO `syj_empleados` VALUES (189,5563,40731,0,NULL,123,'UMERES MATIAS SEBASTIAN',NULL,'2022-10-05',1,1,5,1,NULL,11,NULL,NULL,NULL,NULL,NULL,NULL,NULL,NULL,6,'31883255','20-31883255-3',3,NULL,74,NULL,1,NULL,NULL,NULL,2,2,1,0,0,0,0,NULL,1,NULL,NULL,44,299,2,287.65,0,0.00,8.00,0.00,2,7,2,'2019-12-02','2019-12-02',NULL,NULL,NULL,'2020-01-21',1,0,2,2,2,6,42,18,1,2,1,0,1,0,0,0,6.3180,418.00,1,0.00,2,'1',2,'0',2,'0','0',NULL,NULL,NULL,1,'2022-08-20 09:16:57','2024-12-30 23:49:48',NULL),(190,5563,40731,0,NULL,61,'BILLORDO GONZALEZ GUILLERMO GUIDO',NULL,'2022-10-05',1,1,5,1,NULL,6,NULL,NULL,NULL,NULL,NULL,NULL,NULL,NULL,6,'33659247','20-33659247-0',3,NULL,22,NULL,1,NULL,NULL,NULL,2,2,1,0,0,0,0,NULL,1,NULL,NULL,44,301,2,379.81,0,0.00,8.00,0.00,2,9,2,'2021-04-21','2021-04-21',NULL,NULL,NULL,'2021-11-08',2,0,2,2,2,6,4,18,1,2,1,0,1,0,0,0,6.3180,418.00,1,0.00,2,'28',2,'0',2,'0','2',NULL,NULL,NULL,1,'2022-08-20 09:16:57','2024-12-31 19:21:46',NULL),(191,5563,40731,0,NULL,107,'OLIVERA JOSE LUIS',NULL,'2022-10-05',1,1,5,1,NULL,1,NULL,NULL,NULL,NULL,NULL,NULL,NULL,NULL,6,'36411344','20-36411344-8',3,NULL,74,NULL,1,NULL,NULL,NULL,2,2,1,0,0,0,0,NULL,1,NULL,NULL,44,300,2,134.27,1,0.00,8.00,0.00,2,6,2,'2019-06-04','2019-06-04',NULL,NULL,NULL,'2020-01-07',2,0,2,2,2,6,42,18,1,2,1,0,1,0,0,0,6.3180,418.00,1,0.00,2,'1',2,'0',2,'0','0',NULL,NULL,NULL,1,'2022-08-20 09:16:57','2024-01-05 14:05:19',NULL),(192,5563,40731,0,NULL,127,'CARABAJAL JESUS GABRIEL',NULL,'2022-10-05',1,1,5,1,NULL,5,NULL,NULL,NULL,NULL,NULL,NULL,NULL,NULL,6,'36663425','20-36663425-9',3,NULL,74,NULL,1,NULL,NULL,NULL,2,2,1,0,0,0,0,NULL,1,NULL,NULL,44,300,2,264.08,0,0.00,8.00,0.00,2,6,2,'2021-12-10','2021-12-10',NULL,NULL,NULL,'2020-01-30',1,0,2,2,2,6,42,18,1,2,1,0,1,0,0,0,6.3180,418.00,1,0.00,2,'1',2,'0',2,'0','0',NULL,NULL,NULL,1,'2022-08-20 09:16:57','2024-12-31 18:45:43',NULL),(193,5563,40731,0,NULL,129,'SAYAVEDRA FRANCO LEONEL O',NULL,'2022-10-05',1,1,5,1,NULL,6,NULL,NULL,NULL,NULL,NULL,NULL,NULL,NULL,6,'39710685','20-39710685-4',3,NULL,74,NULL,1,NULL,NULL,NULL,2,2,1,0,0,0,0,NULL,1,NULL,NULL,44,300,2,134.27,1,0.00,8.00,0.00,2,6,2,'2019-12-03','2019-12-03',NULL,NULL,NULL,'2020-01-21',1,0,2,2,2,6,42,18,1,2,1,0,1,0,0,0,6.3180,418.00,1,0.00,2,'1',2,'0',2,'0','0',NULL,NULL,NULL,1,'2022-08-20 09:16:57','2024-01-05 14:05:19',NULL),(194,5563,40731,0,NULL,124,'UMERES GABRIEL RODRIGO',NULL,'2022-10-05',1,1,5,1,NULL,11,NULL,NULL,NULL,NULL,NULL,NULL,NULL,NULL,6,'40349548','20-40349548-5',3,NULL,74,NULL,1,NULL,NULL,NULL,2,2,1,0,0,0,0,NULL,1,NULL,NULL,44,299,2,287.65,0,0.00,8.00,0.00,2,7,2,'2021-03-01','2021-03-01',NULL,NULL,NULL,'2021-06-07',1,0,2,2,2,6,42,18,1,2,1,0,1,0,0,0,6.3180,418.00,1,0.00,2,'1',2,'0',2,'0','0',NULL,NULL,NULL,1,'2022-08-20 09:16:57','2024-12-30 23:49:48',NULL),(195,5563,40731,0,NULL,120,'RAMIREZ LUCAS MARCELO',NULL,'2022-10-05',1,1,5,1,NULL,6,NULL,NULL,NULL,NULL,NULL,NULL,NULL,NULL,6,'41969123','20-41969123-3',3,NULL,74,NULL,1,NULL,NULL,NULL,2,2,1,0,0,0,0,NULL,1,NULL,NULL,44,299,2,287.65,0,0.00,8.00,0.00,2,7,2,'2019-11-22','2019-11-22',NULL,NULL,NULL,'2020-01-21',2,0,2,2,2,6,42,18,1,2,1,0,1,0,0,0,6.3180,418.00,1,0.00,2,'1',2,'0',2,'0','0',NULL,NULL,NULL,1,'2022-08-20 09:16:57','2024-12-30 23:49:48',NULL),(196,5563,40731,0,NULL,50,'GONZALEZ JONATHAN MISAEL',NULL,'2022-10-05',1,1,5,1,NULL,6,NULL,NULL,NULL,NULL,NULL,NULL,NULL,NULL,6,'45777945','20-45777945-4',3,NULL,74,NULL,1,NULL,NULL,NULL,2,2,1,0,0,0,0,NULL,1,NULL,NULL,44,299,2,201.75,1,0.00,8.00,0.00,2,7,2,'2020-12-16','2020-12-16',NULL,NULL,NULL,'2021-01-15',2,0,2,2,2,6,42,18,1,2,1,0,1,0,0,0,6.3180,418.00,0,0.00,2,'1',2,'0',2,'0','0',NULL,NULL,NULL,1,'2022-08-20 09:16:57','2024-01-05 14:05:19',NULL);
INSERT INTO `syj_empleados` VALUES (197,5563,40731,0,NULL,119,'HERRERA AUGUSTO FEDERICO',NULL,'2022-10-05',1,1,5,1,NULL,15,NULL,NULL,NULL,NULL,NULL,NULL,NULL,NULL,6,'32125014','23-32125014-9',3,NULL,74,NULL,1,NULL,NULL,NULL,2,2,1,0,0,0,0,NULL,1,NULL,NULL,44,299,2,287.65,0,0.00,8.00,0.00,2,7,2,'2019-11-22','2019-11-22',NULL,NULL,NULL,'2020-01-21',2,0,2,2,2,6,42,18,1,2,1,0,1,0,0,0,6.3180,418.00,1,0.00,2,'01',2,'0',2,'0','0',NULL,NULL,NULL,1,'2022-08-20 09:16:57','2024-12-30 23:49:48',NULL),(198,5563,40731,0,NULL,60,'GOMEZ LUIS DANIEL',NULL,'2022-10-05',1,1,5,1,NULL,1,NULL,NULL,NULL,NULL,NULL,NULL,NULL,NULL,6,'32795352','20-32795352-5',3,NULL,74,NULL,1,NULL,NULL,NULL,2,2,1,0,0,0,0,NULL,1,NULL,NULL,44,299,2,287.65,0,0.00,6.00,0.00,2,7,2,'2020-05-01','2020-05-01',NULL,NULL,NULL,'2021-09-17',2,0,2,2,2,6,42,18,1,2,1,0,1,0,0,0,6.3180,418.00,1,0.00,2,'1',2,'0',2,'0','0',NULL,NULL,NULL,1,'2022-08-20 09:18:30','2024-12-30 23:49:48',NULL),(199,5563,40731,0,NULL,193,'LOPEZ ELIAS JOEL',NULL,'2022-10-08',1,1,5,1,NULL,6,NULL,NULL,NULL,NULL,NULL,NULL,NULL,NULL,6,'43396887','20-43396887-6',3,NULL,74,NULL,1,NULL,NULL,NULL,2,2,1,0,0,0,0,NULL,1,NULL,NULL,44,300,2,264.08,0,0.00,8.00,0.00,2,6,2,'2020-01-21','2020-01-21',NULL,NULL,NULL,'2020-03-16',1,0,2,2,2,6,42,18,1,2,1,0,1,0,0,0,6.3180,418.00,1,0.00,2,'21',2,'0',2,'0','21',NULL,NULL,NULL,1,'2022-08-20 09:22:31','2024-12-30 23:50:00',NULL),(200,5563,40731,0,NULL,125,'CHENG TSANG RAFAEL HONKIT',NULL,'2022-10-05',1,2,5,242,NULL,1,NULL,NULL,NULL,NULL,NULL,NULL,NULL,NULL,6,'95903898','20-95903898-9',3,NULL,73,NULL,1,NULL,NULL,NULL,2,2,1,0,0,0,0,NULL,1,NULL,NULL,45,304,1,50344.00,0,0.00,8.00,0.00,2,20,2,'2019-10-22','2019-10-22',NULL,NULL,NULL,'2020-03-16',1,0,2,2,2,6,42,18,1,2,1,0,1,0,0,0,6.3180,418.00,1,0.00,2,'1',2,'0',2,'0','0',NULL,NULL,NULL,1,'2022-08-20 09:22:31','2024-01-05 14:05:19',NULL),(201,5563,40731,0,NULL,117,'PORTILLO ALEJANDRO',NULL,'2022-10-05',1,1,5,1,NULL,6,NULL,NULL,NULL,NULL,NULL,NULL,NULL,NULL,6,'34543959','20-34543959-6',3,NULL,74,NULL,1,NULL,NULL,NULL,2,2,1,0,0,0,0,NULL,1,NULL,NULL,44,299,2,287.65,0,0.00,8.00,0.00,2,7,2,'2019-11-22','2019-11-22',NULL,NULL,NULL,'2020-04-30',2,0,2,2,2,6,42,18,1,2,1,0,1,0,0,0,6.3180,418.00,0,0.00,2,'1',2,'0',2,'0','0',NULL,NULL,NULL,1,'2022-08-20 09:25:44','2024-12-30 23:49:48',NULL),(202,5563,40731,0,NULL,75,'BILLORDO LEANDRO TOMAS',NULL,'2022-10-05',1,1,5,1,NULL,1,NULL,NULL,NULL,NULL,NULL,NULL,NULL,NULL,6,'46117286','20-46117286-6',3,NULL,74,NULL,5,NULL,NULL,'2590027120360717930174',2,2,1,0,0,0,0,NULL,1,NULL,NULL,44,298,2,311.99,0,0.00,8.00,0.00,2,8,2,'2021-09-13','2021-09-13',NULL,NULL,NULL,'2021-11-05',2,0,2,2,2,6,42,18,1,1,1,0,0,0,0,0,6.3180,418.00,1,0.00,2,'3',2,'0',2,'0','8',NULL,NULL,NULL,1,'2022-08-20 09:28:34','2024-12-31 10:27:26',NULL),(203,5563,40731,0,NULL,136,'SANTO JONATAN NAHUEL',NULL,'2023-07-21',1,1,5,1,NULL,2,NULL,NULL,NULL,NULL,NULL,NULL,NULL,NULL,6,'34412512','20-34412512-1',3,NULL,74,NULL,1,NULL,NULL,NULL,2,2,0,0,0,0,0,NULL,1,NULL,NULL,44,300,2,264.08,0,0.00,8.00,0.00,2,6,2,'2021-01-04','2021-01-04',NULL,NULL,NULL,'2021-06-28',2,0,2,2,2,6,42,18,1,2,1,0,1,0,0,0,6.3180,418.00,0,0.00,2,'1',2,'0',2,'0','0',NULL,NULL,NULL,1,'2022-08-20 09:33:45','2024-12-30 23:50:00',NULL),(204,5563,40731,0,NULL,135,'MERCADO MIGUEL ANGEL',NULL,'2023-07-21',1,1,5,1,NULL,2,NULL,NULL,NULL,NULL,NULL,NULL,NULL,NULL,6,'34463609','20-34463609-6',3,NULL,74,NULL,1,NULL,NULL,NULL,2,2,0,0,0,0,0,NULL,1,NULL,NULL,44,299,2,287.65,0,0.00,8.00,0.00,2,7,2,'2021-01-04','2021-01-04',NULL,NULL,NULL,'2021-08-20',2,0,2,2,2,6,42,18,1,2,1,0,0,0,0,0,6.3180,418.00,0,0.00,2,'1',2,'0',2,'0','0',NULL,NULL,NULL,1,'2022-08-20 09:33:45','2024-12-30 23:49:48',NULL);
INSERT INTO `syj_empleados` VALUES (205,5563,40731,0,NULL,134,'LOPEZ CALDERON MIGUEL JOSE',NULL,'2023-07-21',1,2,5,1,NULL,2,NULL,NULL,NULL,NULL,NULL,NULL,NULL,NULL,6,'96080955','20-96080955-7',3,NULL,74,NULL,1,NULL,NULL,NULL,2,2,0,0,0,0,0,NULL,1,NULL,NULL,44,298,2,311.99,0,0.00,8.00,0.00,2,8,2,'2021-01-04','2021-01-04',NULL,NULL,NULL,'2021-07-30',2,0,2,2,2,6,42,18,1,2,1,0,0,0,0,0,6.3180,418.00,0,0.00,2,'1',2,'0',2,'0','0',NULL,NULL,NULL,1,'2022-08-20 09:33:45','2024-12-30 23:49:37',NULL),(207,5563,40731,0,NULL,132,'GUARINO PABLO GASTON',NULL,'2023-07-21',1,1,5,1,NULL,3,NULL,NULL,NULL,NULL,NULL,NULL,NULL,NULL,6,'22676843','20-22676843-3',3,NULL,74,NULL,1,NULL,NULL,NULL,2,2,0,0,0,0,0,NULL,1,NULL,NULL,44,300,2,264.08,0,0.00,8.00,0.00,2,6,2,'2021-01-04','2021-01-04',NULL,NULL,NULL,'2021-01-08',6,1,2,2,2,6,42,18,1,2,1,0,1,0,0,0,6.3180,418.00,0,0.00,2,'1',2,'0',2,'0','0',NULL,NULL,NULL,1,'2022-08-20 09:36:43','2024-12-30 23:50:00',NULL),(208,5563,40731,0,NULL,137,'VELAZQUEZ JORGE ALBERTO',NULL,'2023-07-21',1,1,5,1,NULL,1,NULL,NULL,NULL,NULL,NULL,NULL,NULL,NULL,6,'22892078','23-22892078-9',3,NULL,74,NULL,1,NULL,NULL,NULL,2,2,0,0,0,0,0,NULL,1,NULL,NULL,44,300,2,188.22,1,0.00,8.00,0.00,2,6,2,'2021-01-04','2021-01-04',NULL,NULL,NULL,'2021-01-08',6,1,2,2,2,6,42,18,1,2,1,0,0,0,0,0,6.3180,418.00,0,0.00,2,'1',2,'0',2,'0','0',NULL,NULL,NULL,1,'2022-08-20 09:36:43','2024-01-05 14:05:19',NULL),(209,5563,40731,0,NULL,105,'SOSA VICTOR ZENON',NULL,'2022-10-05',1,1,5,1,NULL,15,NULL,NULL,NULL,NULL,NULL,NULL,NULL,NULL,6,'42879071','20-42879071-6',3,NULL,74,NULL,1,NULL,NULL,NULL,2,2,1,0,0,0,0,NULL,1,NULL,NULL,44,299,2,287.65,0,0.00,8.00,0.00,2,7,2,'2019-05-06','2019-05-08',NULL,NULL,NULL,NULL,NULL,0,2,2,2,6,42,18,1,2,1,0,1,0,0,0,6.3180,418.00,1,0.00,2,'1',2,'0',2,'0','0',NULL,NULL,NULL,1,'2022-08-20 09:37:47','2024-12-30 23:49:48',NULL),(212,5563,40731,0,NULL,137,'ROMERO MARCOS GABRIEL',NULL,'2024-02-17',1,1,5,1,NULL,3,NULL,NULL,NULL,NULL,NULL,NULL,NULL,NULL,6,'25483339','20-25483339-9',3,NULL,74,NULL,1,NULL,NULL,NULL,2,2,0,0,0,0,0,NULL,1,NULL,NULL,44,300,2,264.08,0,0.00,8.00,0.00,2,6,2,'2021-03-01','2021-03-01',NULL,NULL,NULL,'2021-03-18',2,0,2,2,2,6,4,18,1,2,1,0,1,0,0,0,6.3180,418.00,0,0.00,2,'1',2,'0',2,'0','0',NULL,NULL,NULL,1,'2022-08-20 09:39:55','2024-12-30 23:50:00',NULL),(213,5563,40731,0,NULL,7,'MEZA LUIS ALBERTO',NULL,'2022-10-05',1,1,5,1,NULL,6,'TUYUTI','2121',NULL,NULL,'1744',NULL,NULL,NULL,6,'30591510','20-30591510-7',3,NULL,74,NULL,5,NULL,NULL,'2590027120360716330159',2,2,1,0,0,0,0,NULL,1,NULL,NULL,44,301,2,379.81,0,0.00,8.00,0.00,2,9,2,'2017-05-08','2017-05-08',NULL,NULL,NULL,'2021-03-13',2,0,2,2,2,6,42,18,1,2,1,0,1,0,0,0,6.3180,418.00,1,0.00,2,'1',2,'0',2,'0','0',NULL,NULL,NULL,1,'2022-08-20 09:39:55','2024-12-31 19:21:46',NULL),(214,5563,40731,0,NULL,145,'RICCIARDI EMILIANO RAUL',NULL,'2024-02-17',1,1,5,1,NULL,3,NULL,NULL,NULL,NULL,NULL,NULL,NULL,NULL,6,'32753627','20-32753627-4',3,NULL,74,NULL,1,NULL,NULL,NULL,2,2,0,0,0,0,0,NULL,1,NULL,NULL,44,300,2,264.08,0,0.00,8.00,0.00,2,6,2,'2021-03-20','2021-03-20',NULL,NULL,NULL,'2021-03-25',2,0,2,2,2,6,4,18,1,2,1,0,0,0,0,0,6.3180,418.00,1,0.00,2,'20',2,'0',2,'0','5',NULL,NULL,NULL,1,'2022-08-20 09:39:55','2024-12-30 23:50:00',NULL),(215,5563,40731,0,NULL,206,'MORALES WALTER ANIBAL',NULL,'2024-02-17',1,1,5,1,NULL,2,NULL,NULL,NULL,NULL,NULL,NULL,NULL,NULL,6,'43506042','20-43506042-1',3,NULL,74,NULL,1,NULL,NULL,NULL,2,2,0,0,0,0,0,NULL,1,NULL,NULL,44,300,2,264.08,0,0.00,8.00,0.00,2,6,2,'2021-03-20','2021-03-20',NULL,NULL,NULL,'2021-03-25',2,0,2,2,2,6,4,18,1,2,1,0,1,0,0,0,6.3180,418.00,1,0.00,2,'20',2,'0',2,'0','5',NULL,NULL,NULL,1,'2022-08-20 09:39:55','2024-12-30 23:50:00',NULL);
INSERT INTO `syj_empleados` VALUES (216,5563,40731,0,NULL,139,'GONZALEZ JONATAN PEDRO',NULL,'2022-10-05',1,1,5,1,NULL,6,NULL,NULL,NULL,NULL,NULL,NULL,NULL,NULL,6,'38370279','20-38370279-9',3,NULL,74,NULL,1,NULL,NULL,NULL,2,2,0,0,0,0,0,NULL,1,NULL,NULL,44,299,2,287.65,0,0.00,8.00,0.00,2,7,2,'2021-03-09','2021-03-09',NULL,NULL,NULL,'2021-04-28',2,0,2,2,2,6,4,18,1,2,1,0,1,0,0,0,6.3180,418.00,1,0.00,2,'1',2,'0',2,'0','0',NULL,NULL,NULL,1,'2022-08-20 09:41:09','2024-12-30 23:49:48',NULL),(217,5563,40731,0,NULL,141,'ALVAREZ AGUSTIN EMILIANO',NULL,'2024-02-17',1,1,5,1,NULL,2,NULL,NULL,NULL,NULL,NULL,NULL,NULL,NULL,6,'40720066','20-40720066-8',3,NULL,74,NULL,1,NULL,NULL,NULL,2,2,0,0,0,0,0,NULL,1,NULL,NULL,44,300,2,264.08,0,0.00,8.00,0.00,2,6,2,'2021-03-11','2021-03-11',NULL,NULL,NULL,'2021-04-02',2,0,2,2,2,6,4,18,1,2,1,0,0,0,0,0,6.3180,418.00,1,0.00,2,'11',2,'0',2,'0','0',NULL,NULL,NULL,1,'2022-08-20 09:41:09','2024-12-30 23:50:00',NULL),(220,5563,40731,0,NULL,143,'MONTIEL PABLO MARTIN',NULL,'2024-02-17',1,1,5,1,NULL,2,NULL,NULL,NULL,NULL,NULL,NULL,NULL,NULL,6,'35243410','20-35243410-9',3,NULL,74,74,1,NULL,NULL,NULL,2,2,0,0,0,0,0,NULL,1,NULL,NULL,44,300,2,264.08,0,0.00,8.00,0.00,2,6,2,'2021-03-11','2021-03-11',NULL,NULL,NULL,'2021-05-18',2,0,2,2,2,6,4,18,1,2,1,0,0,0,0,0,6.3180,418.00,1,0.00,2,'11',2,'0',2,'0','0',NULL,NULL,NULL,1,'2022-08-20 09:49:37','2024-12-30 23:50:00',NULL),(221,5563,40731,0,NULL,149,'MOYA LUIS SEBASTIAN',NULL,'2024-02-17',1,1,5,1,NULL,2,NULL,NULL,NULL,NULL,NULL,NULL,NULL,NULL,6,'35742377','20-35742377-6',3,NULL,74,74,1,NULL,NULL,NULL,2,2,0,0,0,0,0,NULL,1,NULL,NULL,44,300,2,264.08,0,0.00,8.00,0.00,3,6,2,'2021-03-25','2021-03-25',NULL,NULL,NULL,'2021-05-03',2,0,2,2,2,6,4,18,1,2,1,0,1,0,0,0,6.3180,418.00,0,0.00,2,'25',2,'0',2,'0','25',NULL,NULL,NULL,1,'2022-08-20 09:49:37','2024-12-30 23:50:00',NULL),(222,5563,40731,0,NULL,138,'GOMEZ ARIEL MATIAS',NULL,'2024-02-17',1,1,5,1,NULL,5,NULL,NULL,NULL,NULL,NULL,NULL,NULL,NULL,6,'43088665','20-43088665-8',3,NULL,74,NULL,1,NULL,NULL,NULL,2,2,0,0,0,0,0,NULL,1,NULL,NULL,44,300,2,264.08,0,0.00,8.00,0.00,2,6,2,'2021-03-01','2021-03-01',NULL,NULL,NULL,'2021-05-13',2,0,2,2,2,6,4,18,1,2,1,0,1,0,0,0,6.3180,418.00,1,0.00,2,'1',2,'0',2,'0','0',NULL,NULL,NULL,1,'2022-08-20 09:49:37','2024-12-30 23:50:00',NULL),(223,5563,40731,0,NULL,142,'MARTINEZ CRISTALDO GASTON MATIAS',NULL,'2024-02-17',1,1,5,1,NULL,2,NULL,NULL,NULL,NULL,NULL,NULL,NULL,NULL,6,'37895447','24-37895447-5',3,NULL,74,NULL,1,NULL,NULL,NULL,2,2,0,0,0,0,0,NULL,1,NULL,NULL,44,300,2,264.08,0,0.00,8.00,0.00,2,6,2,'2021-03-11','2021-03-11',NULL,NULL,NULL,'2021-05-05',2,0,2,2,2,6,4,18,1,2,1,0,0,0,0,0,6.3180,418.00,1,0.00,2,'11',2,'0',2,'0','0',NULL,NULL,NULL,1,'2022-08-20 09:49:37','2024-12-30 23:50:00',NULL),(227,5563,40731,0,NULL,80,'CASTILLO MARTIN ANTONIO',NULL,'2022-10-05',1,1,5,1,NULL,6,NULL,NULL,NULL,NULL,NULL,NULL,NULL,NULL,6,'37174773','20-37174773-8',3,NULL,74,NULL,5,NULL,NULL,'2590027120360717230144',2,2,1,0,0,0,0,NULL,1,NULL,NULL,44,299,2,287.65,0,0.00,8.00,0.00,2,7,2,'2018-08-01','2018-08-01',NULL,NULL,NULL,'2021-06-29',2,0,2,2,2,6,42,18,1,2,1,0,1,0,0,0,6.3180,418.00,1,0.00,2,'1',2,'0',2,'0','0',NULL,NULL,NULL,1,'2022-08-20 09:50:56','2024-12-30 23:49:48',NULL),(228,5563,40731,0,NULL,158,'MEDINA PAULO ANDRES',NULL,'2024-12-29',1,1,5,1,NULL,3,NULL,NULL,NULL,NULL,NULL,NULL,NULL,NULL,6,'38931722','20-38931722-6',3,NULL,74,NULL,1,NULL,NULL,NULL,2,2,0,0,0,0,0,NULL,1,NULL,NULL,44,300,2,264.08,0,0.00,8.00,0.00,2,6,2,'2021-06-22','2021-06-22',NULL,NULL,NULL,'2021-08-17',2,0,2,2,2,6,4,18,1,2,1,0,1,0,0,0,6.3180,418.00,1,0.00,2,'1',2,'0',2,'0','0',NULL,NULL,NULL,1,'2022-08-20 09:50:56','2024-12-30 23:50:00',NULL);
INSERT INTO `syj_empleados` VALUES (229,5563,40731,0,NULL,144,'ARRIETA LUCAS MIGUEL',NULL,'2024-02-17',1,1,5,1,NULL,2,NULL,NULL,NULL,NULL,NULL,NULL,NULL,NULL,6,'42493529','20-42493529-9',3,NULL,74,NULL,1,NULL,NULL,NULL,2,2,0,0,0,0,0,NULL,1,NULL,NULL,44,299,2,287.65,0,0.00,8.00,0.00,2,7,2,'2021-03-12','2021-03-12',NULL,NULL,NULL,'2021-06-24',2,0,2,2,2,6,4,18,1,2,1,0,0,0,0,0,6.3180,418.00,1,0.00,2,'13',2,'0',2,'0','0',NULL,NULL,NULL,1,'2022-08-20 09:50:56','2024-12-30 23:49:48',NULL),(230,5563,40731,0,NULL,147,'MOLINA MARCOS RAMON',NULL,'2024-02-17',1,1,5,1,NULL,2,NULL,NULL,NULL,NULL,NULL,NULL,NULL,NULL,6,'45308188','20-45308188-6',3,NULL,74,74,1,NULL,NULL,NULL,2,2,0,0,0,0,0,NULL,1,NULL,NULL,44,300,2,264.08,0,0.00,8.00,0.00,2,6,2,'2021-03-20','2021-03-20',NULL,NULL,NULL,'2021-06-22',2,0,2,2,2,6,4,18,1,2,1,0,0,0,0,0,6.3180,418.00,1,0.00,2,'1',2,'0',2,'0','0',NULL,NULL,NULL,1,'2022-08-20 09:50:56','2024-12-30 23:50:00',NULL),(231,5563,40731,0,NULL,150,'ESCOBAR JUSTO ADRIAN',NULL,'2024-02-17',1,1,5,1,NULL,2,NULL,NULL,NULL,NULL,NULL,NULL,NULL,NULL,6,'33558124','20-33558124-6',3,NULL,74,NULL,1,NULL,NULL,NULL,2,2,0,0,0,0,0,NULL,1,NULL,NULL,44,300,2,264.08,0,0.00,8.00,0.00,2,6,2,'2021-04-15','2021-04-15',NULL,NULL,NULL,'2021-07-30',2,0,2,2,2,6,4,18,1,2,1,0,0,0,0,0,6.3180,418.00,1,0.00,2,'1',2,'0',2,'0','0',NULL,NULL,NULL,1,'2022-08-20 09:51:26','2024-12-30 23:50:00',NULL),(232,5563,40731,0,NULL,152,'GUERREÑO SERGIO DANIEL',NULL,'2024-02-17',1,1,5,1,NULL,2,NULL,NULL,NULL,NULL,NULL,NULL,NULL,NULL,6,'40545953','20-40545953-2',3,NULL,74,74,1,NULL,NULL,NULL,2,2,0,0,0,0,0,NULL,1,NULL,NULL,44,300,2,264.08,0,0.00,8.00,0.00,3,6,2,'2021-04-23','2021-04-23',NULL,NULL,NULL,'2021-07-12',2,0,2,2,2,6,4,18,1,2,1,0,0,0,0,0,6.3180,418.00,1,0.00,2,'1',2,'0',2,'0','0',NULL,NULL,NULL,1,'2022-08-20 09:51:26','2024-12-30 23:50:00',NULL),(233,5563,40731,0,NULL,131,'BENITEZ MARTIN LEANDRO',NULL,'2023-07-21',1,1,5,1,NULL,2,NULL,NULL,NULL,NULL,NULL,NULL,NULL,NULL,6,'43395893','20-43395893-5',3,NULL,74,NULL,1,NULL,NULL,NULL,2,2,0,0,0,0,0,NULL,1,NULL,NULL,44,300,2,264.08,0,0.00,8.00,0.00,2,6,2,'2021-01-04','2021-01-04',NULL,NULL,NULL,'2024-07-01',2,1,2,2,2,6,42,18,1,2,1,0,1,0,0,0,6.3180,418.00,0,0.00,2,'1',2,'0',2,'0','0',NULL,NULL,NULL,1,'2022-08-20 09:51:26','2024-12-30 23:50:00',NULL),(236,5563,40731,0,NULL,151,'MENDEZ FRANCO EMANUEL',NULL,'2024-02-17',1,1,5,1,NULL,2,NULL,NULL,NULL,NULL,NULL,NULL,NULL,NULL,6,'19018508','20-19018508-8',3,NULL,74,NULL,1,NULL,NULL,NULL,2,2,0,0,0,0,0,NULL,1,NULL,NULL,44,300,2,264.08,0,0.00,8.00,0.00,2,6,2,'2021-04-23','2021-04-23',NULL,NULL,NULL,'2021-08-19',2,0,2,2,2,6,4,18,1,2,1,0,0,0,0,0,6.3180,418.00,1,0.00,2,'1',2,'0',2,'0','0',NULL,NULL,NULL,1,'2022-08-20 09:52:22','2024-12-30 23:50:00',NULL),(237,5563,40731,0,NULL,62,'BENITEZ LEANDRO RODRIGO',NULL,'2022-10-05',1,1,5,1,NULL,5,NULL,NULL,NULL,NULL,NULL,NULL,NULL,NULL,6,'32010952','20-32010952-4',3,NULL,74,NULL,5,NULL,NULL,'2590027120360716430149',2,2,1,0,0,0,0,NULL,1,NULL,NULL,44,301,2,379.81,0,0.00,8.00,0.00,2,9,2,'2018-05-16','2018-05-16',NULL,NULL,NULL,'2021-08-02',2,0,2,2,2,6,42,18,1,2,1,0,1,0,0,0,6.3180,418.00,1,0.00,2,'1',2,'0',2,'0','0',NULL,NULL,NULL,1,'2022-08-20 09:52:22','2024-12-31 19:21:46',NULL),(238,5563,40731,0,NULL,155,'BILLORDO BRUZZESE BRUNO NICOLAS',NULL,'2024-02-17',1,1,5,1,NULL,2,NULL,NULL,NULL,NULL,NULL,NULL,NULL,NULL,6,'43250778','20-43250778-6',3,NULL,74,NULL,1,NULL,NULL,NULL,2,2,0,0,0,0,0,NULL,1,NULL,NULL,44,300,2,264.08,0,0.00,8.00,0.00,2,6,2,'2021-06-10','2021-06-10',NULL,NULL,NULL,'2021-08-03',2,0,2,2,2,6,4,18,1,2,1,0,0,0,0,0,6.3180,418.00,1,0.00,2,'1',2,'0',2,'0','0',NULL,NULL,NULL,1,'2022-08-20 09:52:22','2024-12-30 23:50:00',NULL);
INSERT INTO `syj_empleados` VALUES (239,5563,40731,0,NULL,153,'RODRIGUEZ HIDALGO JAIME RAFAEL',NULL,'2024-02-17',1,2,5,242,NULL,2,NULL,NULL,NULL,NULL,NULL,NULL,NULL,NULL,6,'63013005','20-63013005-1',3,NULL,74,74,1,NULL,NULL,NULL,2,2,0,0,0,0,0,NULL,1,NULL,NULL,44,299,2,287.65,0,0.00,8.00,0.00,2,7,2,'2021-06-01','2021-06-01',NULL,NULL,NULL,'2021-12-07',2,0,2,2,2,6,4,18,1,2,1,0,0,0,0,0,6.3180,418.00,1,0.00,2,'1',2,'1',2,'1','0',NULL,NULL,NULL,1,'2022-08-20 09:53:35','2024-12-31 10:28:10',NULL),(240,5563,40731,0,NULL,181,'BENITEZ EDUARDO CESAR',NULL,'1979-11-11',1,1,5,1,NULL,10,'América','3512',NULL,NULL,'B1286',NULL,NULL,NULL,2,'27696569','20-27696569-8',3,NULL,74,NULL,5,NULL,NULL,'0720088588000000765554',2,2,0,0,0,0,0,NULL,1,NULL,NULL,42,276,2,3782.00,0,0.00,8.00,0.00,2,8,2,'2022-08-16','2022-08-16',NULL,NULL,NULL,'2023-06-01',2,0,2,2,2,6,42,18,1,2,1,0,0,0,0,NULL,6.3180,418.00,1,0.00,2,'1',2,'0',2,'0','0',NULL,NULL,NULL,1,'2022-09-01 15:38:09','2024-12-17 13:49:52',NULL),(241,5563,40731,0,NULL,182,'PEREZ CARLOS ANDRES',NULL,'1985-02-19',1,1,5,1,NULL,10,'Saladillo','2571',NULL,NULL,'B1832',NULL,NULL,NULL,2,'31345705','20-31345705-3',1,NULL,74,NULL,5,NULL,NULL,'0720088588000000765868',2,2,0,0,0,0,0,NULL,1,NULL,NULL,42,279,2,4439.00,0,0.00,8.00,0.00,2,9,2,'2022-08-16','2022-08-16',NULL,NULL,NULL,NULL,NULL,0,2,2,2,6,4,18,1,2,1,0,1,0,0,NULL,6.3180,418.00,1,0.00,2,'1',2,'0',2,'0','0',NULL,NULL,NULL,1,'2022-09-01 15:48:41','2024-12-17 13:50:24',NULL),(242,5563,40731,0,NULL,183,'FECHA WALTER REYNALDO',NULL,'1999-01-27',1,1,5,1,NULL,23,'Tilcara','780',NULL,NULL,'B1776',NULL,NULL,NULL,2,'41716760','23-41716760-9',3,NULL,74,NULL,5,NULL,NULL,'0720088588000000765936',2,2,0,0,0,0,0,NULL,1,NULL,NULL,42,276,2,3782.00,0,0.00,8.00,0.00,2,8,2,'2022-08-18','2022-08-18',NULL,NULL,NULL,'2023-06-01',2,0,2,2,2,6,42,18,1,2,1,0,0,0,0,NULL,6.3180,418.00,1,0.00,2,'1',2,'0',2,'0','0',NULL,NULL,NULL,1,'2022-09-01 16:02:23','2024-12-17 13:49:52',NULL),(243,5563,40719,0,NULL,1,'VELAZCO MARIANA GABRIELA',NULL,'1981-03-11',2,1,5,1,NULL,1,NULL,NULL,NULL,NULL,NULL,NULL,NULL,NULL,2,'28798949','27-28798949-6',1,NULL,2,NULL,1,NULL,NULL,NULL,1,1,0,0,0,0,0,NULL,1,NULL,NULL,7,41,1,240000.00,1,0.00,9.00,0.00,1,2,1,'2022-09-01','2022-09-01',NULL,NULL,NULL,NULL,NULL,0,9,4,2,1,50,4,1,7,1,0,0,0,0,NULL,5.4000,45.07,0,0.00,2,'1',2,'0',2,'0','0',NULL,NULL,NULL,1,'2022-09-12 15:39:26','2022-09-12 15:39:26',NULL),(244,5563,40731,0,NULL,184,'BOGADO DIEGO ORLANDO',NULL,'2022-10-18',1,1,5,1,NULL,1,NULL,NULL,NULL,NULL,NULL,NULL,NULL,NULL,2,'28493929','20-28493929-9',3,NULL,74,NULL,1,NULL,NULL,NULL,2,2,1,0,0,0,0,NULL,1,NULL,NULL,42,276,2,3782.00,0,0.00,8.00,0.00,2,8,2,'2022-10-14','2022-10-14',NULL,NULL,NULL,'2022-12-02',2,0,2,2,2,6,42,18,1,2,1,0,1,0,0,NULL,6.3180,418.00,1,0.00,2,'1',2,'0',2,'0','0',NULL,NULL,NULL,1,'2022-10-18 19:01:13','2024-12-17 13:49:52',NULL),(245,5563,40731,0,NULL,185,'MALDONADO OSCAR ADRIAN',NULL,'1988-10-14',1,1,5,1,NULL,1,NULL,NULL,NULL,NULL,NULL,NULL,NULL,NULL,2,'34212441','20-34212441-1',3,NULL,74,NULL,1,NULL,NULL,NULL,2,2,1,0,0,0,0,NULL,1,NULL,NULL,42,276,2,3782.00,0,0.00,8.00,0.00,2,8,2,'2022-10-27','2022-10-27',NULL,NULL,NULL,'2022-12-30',2,0,2,2,2,6,42,18,1,2,1,0,1,0,0,NULL,6.3180,418.00,1,0.00,2,'1',2,'0',2,'0','0',NULL,NULL,NULL,1,'2022-11-07 07:55:07','2024-12-17 13:49:52',NULL),(246,5563,40731,0,NULL,189,'FARIAS GUSTAVO DANIEL',NULL,'1977-09-06',1,1,5,1,NULL,21,'ESPOSOS CURIE','1241',NULL,NULL,NULL,NULL,NULL,NULL,6,'26216122','20-26216122-7',3,NULL,25,NULL,1,NULL,NULL,NULL,2,2,0,0,0,0,0,NULL,1,NULL,NULL,42,277,2,3487.00,0,0.00,8.00,0.00,2,7,2,'2022-11-11','2022-11-11',NULL,NULL,NULL,'2022-10-28',2,0,2,2,2,6,42,18,1,2,1,0,1,0,0,0,6.3180,418.00,1,0.00,2,'11',2,'0',2,'0','19',NULL,NULL,NULL,1,'2022-11-17 17:50:14','2024-12-17 13:50:00',NULL);
INSERT INTO `syj_empleados` VALUES (247,5563,40731,0,NULL,186,'MANEVY OSCAR ADALBERTO',NULL,'1982-12-29',1,1,5,1,NULL,6,'BEATO ESCRIVA DE BALAGUER','3945',NULL,NULL,NULL,NULL,NULL,NULL,6,'29784192','20-29784192-1',3,NULL,74,NULL,5,16,NULL,'0720088588000000765240',2,2,0,0,0,0,0,NULL,1,NULL,NULL,42,277,2,3487.00,0,0.00,8.00,0.00,2,7,2,'2022-11-11','2022-11-11',NULL,NULL,NULL,'2023-05-08',1,0,2,2,2,6,42,18,1,2,1,0,1,0,0,0,6.3180,418.00,1,0.00,2,'1',2,'0',2,'0','0',NULL,NULL,NULL,1,'2022-11-17 17:50:14','2024-12-17 13:50:00',NULL),(248,5563,40731,0,NULL,191,'OJEDA DIEGO ALBERTO ALEXIS',NULL,'2022-11-18',1,1,5,1,NULL,18,NULL,NULL,NULL,NULL,NULL,NULL,NULL,NULL,6,'31386284','20-31386284-5',3,NULL,198,NULL,5,16,NULL,'0720088588000000766168',2,2,0,0,0,0,0,NULL,1,NULL,NULL,42,278,2,3201.00,0,0.00,8.00,0.00,2,6,2,'2022-11-17','2022-11-17',NULL,NULL,NULL,'2022-12-22',2,0,2,2,2,6,42,18,1,2,1,0,1,0,0,0,6.3180,418.00,1,0.00,2,'17',2,'0',2,'0','14',NULL,NULL,NULL,1,'2022-11-17 17:50:14','2024-12-17 13:50:13',NULL),(249,5563,40731,0,NULL,90,'BENITEZ ROQUE LUIS',NULL,'1987-02-19',1,1,5,1,NULL,5,'MARCOS PAZ','4111',NULL,NULL,NULL,NULL,NULL,NULL,6,'32811203','20-32811203-6',3,NULL,74,NULL,5,16,NULL,'0720088588000000770086',2,2,0,0,0,0,0,NULL,1,NULL,NULL,42,276,2,3782.00,0,0.00,8.00,0.00,2,8,2,'2022-11-11','2022-11-11',NULL,NULL,NULL,'2024-03-15',1,0,2,2,13,6,4,18,1,2,1,0,1,0,0,0,6.3180,418.00,1,0.00,2,'1',13,'26',2,'0','0',NULL,NULL,NULL,1,'2022-11-17 17:50:14','2024-12-17 13:49:52',NULL),(250,5563,40731,0,NULL,187,'GALEANO FEDERICO DANIEL',NULL,'1999-02-22',1,1,5,1,NULL,5,'ANDRES BALNQUI','3979',NULL,NULL,NULL,NULL,NULL,NULL,6,'41739588','20-41739588-2',3,NULL,74,NULL,5,NULL,NULL,'0720088588000000766090',2,2,0,0,0,0,0,NULL,1,NULL,NULL,42,276,2,3782.00,0,0.00,8.00,0.00,2,8,2,'2022-11-11','2022-11-11',NULL,NULL,NULL,NULL,NULL,0,2,2,2,6,42,18,1,2,1,0,1,0,0,0,6.3180,418.00,1,0.00,20,'1',2,'28',2,'0','0',NULL,NULL,NULL,1,'2022-11-17 17:50:14','2024-12-17 13:49:52',NULL),(251,5563,40731,0,NULL,190,'VARANDA PACHECO RAMIRO TADEO',NULL,'2022-11-18',1,1,5,1,NULL,7,NULL,NULL,NULL,NULL,NULL,NULL,NULL,NULL,6,'43727413','20-43727413-5',3,NULL,74,NULL,5,NULL,NULL,'0720088588000000765622',2,2,0,0,0,0,0,NULL,1,NULL,NULL,42,276,2,3782.00,0,0.00,8.00,0.00,2,8,2,'2022-11-17','2022-11-17',NULL,NULL,NULL,'2023-06-02',2,0,2,2,2,6,42,18,1,2,1,0,1,0,0,0,6.3180,418.00,0,0.00,2,'1',2,'0',2,'0','0',NULL,NULL,NULL,1,'2022-11-17 17:50:14','2024-12-17 13:49:52',NULL),(252,5563,40731,0,NULL,188,'HEREBIA CORONEL SEVERIANO',NULL,'2002-11-12',1,2,5,242,NULL,20,'URUGUAY','626',NULL,NULL,NULL,NULL,NULL,NULL,6,'95860241','20-95860241-4',3,NULL,74,NULL,5,16,NULL,'0720088588000000765318',2,2,0,0,0,0,0,NULL,1,NULL,NULL,42,277,2,3487.00,0,0.00,8.00,0.00,2,7,2,'2023-12-16','2023-12-16',NULL,NULL,NULL,'2024-01-22',2,0,2,2,2,6,4,18,1,2,1,0,1,0,0,0,6.3180,418.00,1,0.00,2,'1',2,'0',2,'0','0',NULL,NULL,NULL,1,'2022-11-17 17:50:14','2024-12-17 13:50:00',NULL),(253,5563,40731,0,NULL,193,'RODRIGUEZ MARTIN LEONARDO',NULL,'1983-10-01',1,1,5,1,NULL,1,NULL,NULL,NULL,NULL,NULL,NULL,NULL,NULL,6,'30455667','20-30455667-7',3,NULL,210,NULL,1,16,NULL,'0720088588000000851022',2,2,0,0,0,0,0,NULL,1,NULL,NULL,42,276,2,3782.00,0,0.00,8.00,0.00,2,8,2,'2022-12-16','2022-12-16',NULL,NULL,NULL,'2023-05-03',2,0,2,2,2,6,42,18,1,2,1,0,0,0,0,0,6.3180,418.00,1,0.00,2,'1',2,'0',2,'0','0',NULL,NULL,NULL,1,'2022-12-20 17:46:09','2024-12-17 13:49:52',NULL),(254,5563,40731,0,NULL,194,'YANACON EZEQUIEL SEBASTIAN',NULL,'1995-06-17',1,1,5,1,NULL,10,'Boedo','1184',NULL,NULL,NULL,NULL,NULL,NULL,6,'38835612','20-38835612-0',3,NULL,236,NULL,1,16,NULL,'0720088588000000851190',2,2,0,0,0,0,0,NULL,1,NULL,NULL,42,276,2,3782.00,0,0.00,8.00,0.00,2,8,2,'2022-12-16','2022-12-16',NULL,NULL,NULL,'2023-05-03',2,0,2,2,2,6,42,18,1,3,1,0,1,0,0,0,6.3180,418.00,1,0.00,2,'1',2,'0',2,'0','0',NULL,NULL,NULL,1,'2022-12-20 17:46:09','2024-12-17 13:49:52',NULL);
INSERT INTO `syj_empleados` VALUES (255,5563,40861,0,NULL,8,'BARRIENTOS DIEGO MARTIN',NULL,'1981-10-21',1,1,5,1,NULL,29,NULL,NULL,NULL,NULL,NULL,NULL,NULL,NULL,6,'29119876','20-29119876-8',1,NULL,130,NULL,5,3,'5051/5226228','0140124603505152262287',4,4,1,0,0,0,0,NULL,1,NULL,NULL,46,305,2,4508.40,0,0.00,9.00,0.00,7,23,6,'2016-08-01','2016-08-01',NULL,NULL,NULL,NULL,NULL,0,2,2,2,2,50,4,1,2,1,0,1,0,0,0,8.8610,874.00,1,0.00,2,'1',2,'0',2,'0','0',NULL,NULL,NULL,1,'2022-12-20 19:02:56','2024-12-17 09:57:17',NULL),(256,5563,40861,0,NULL,7,'PAEZ CRISTIAN MANUEL',NULL,'1992-07-31',1,1,5,1,NULL,24,'La Esperanza','3030',NULL,NULL,NULL,NULL,NULL,NULL,6,'38008870','20-38008870-4',1,'empleados/40719/40861/256/fotos/zn9bZTyFzFk6nJexmsYcNTcBkH2Qd59vLaW13Ne6.png',130,NULL,5,3,'5051/5226236','0140124603505152262362',4,4,1,0,0,0,0,NULL,1,NULL,NULL,46,313,2,4181.73,0,0.00,9.00,0.00,7,23,6,'2016-08-01','2016-08-01',NULL,NULL,NULL,NULL,NULL,0,2,2,2,2,50,4,1,2,1,0,1,0,0,0,8.8610,874.00,1,0.00,2,'1',2,'0',2,'0','0',NULL,NULL,NULL,1,'2022-12-20 19:02:56','2024-12-17 09:57:34',NULL),(257,5563,40861,0,NULL,17,'PALACIOS AGUSTIN RAMON',NULL,'2000-06-22',1,1,5,1,NULL,24,'SANTA ROSA','3000',NULL,NULL,NULL,NULL,'+54 9 11 2587-9265',NULL,6,'42801792','20-42801792-8',3,'empleados/40719/40861/257/fotos/mwjsncFPxiZFVPFbCeB2E3QeTxB207gtuvghysEH.png',130,NULL,5,3,'5051/5226244','0140124603505152262447',4,4,1,0,0,0,0,NULL,1,NULL,NULL,48,330,1,133658.00,0,0.00,9.00,0.00,7,21,7,'2022-02-25','2022-02-25',NULL,NULL,NULL,'2023-01-17',2,0,5,2,2,2,42,1,1,2,1,0,1,0,0,0,8.8610,874.00,0,0.00,2,'1',2,'0',2,'0','0',NULL,NULL,NULL,1,'2022-12-20 19:02:56','2024-08-07 07:22:17',NULL),(258,5563,40731,0,NULL,192,'ZAYA GABRIEL SEBASTIAN',NULL,'2022-12-21',1,1,5,1,NULL,5,NULL,NULL,NULL,NULL,NULL,NULL,NULL,NULL,6,'34035736','20-34035736-2',1,NULL,236,NULL,5,NULL,NULL,'0170140740000004331643',2,2,0,0,0,0,0,NULL,1,NULL,NULL,42,279,2,4439.00,0,0.00,8.00,0.00,2,9,2,'2022-12-07','2022-12-07',NULL,NULL,NULL,NULL,NULL,0,2,2,2,6,4,18,1,2,1,0,1,0,0,0,6.3180,418.00,1,0.00,2,'1',2,'0',2,'0','0',NULL,NULL,NULL,1,'2022-12-21 19:08:11','2024-12-17 13:50:24',NULL),(259,5563,40731,0,NULL,195,'MLODZIEJEWSKI HERNAN ANDRES',NULL,'1972-09-01',1,1,5,1,NULL,1,'ALMAFUERTE','504',NULL,NULL,'1864',NULL,NULL,NULL,6,'22742378','20-22742378-2',3,NULL,74,NULL,1,NULL,NULL,NULL,2,2,0,0,0,0,0,NULL,1,NULL,NULL,42,278,2,3201.00,0,0.00,8.00,0.00,2,6,2,'2022-12-22','2022-12-22',NULL,NULL,NULL,'2022-12-22',7,1,2,2,2,6,42,18,1,2,1,0,0,0,0,0,6.3180,418.00,0,0.00,2,'22',2,'0',2,'0','9',NULL,NULL,NULL,1,'2022-12-22 12:55:07','2024-12-17 13:50:13',NULL),(260,5563,40731,0,NULL,196,'MLODZIEJEWSKI RICARDO NICOLAS',NULL,'1982-09-01',1,1,5,1,NULL,1,NULL,NULL,NULL,NULL,NULL,NULL,NULL,NULL,6,'29492979','20-29492979-8',3,NULL,27,NULL,1,16,NULL,'0720088588000000850340',2,2,0,0,0,0,0,NULL,1,NULL,NULL,42,278,2,3201.00,0,0.00,8.00,0.00,2,6,2,'2022-12-22','2022-12-22',NULL,NULL,NULL,'2023-05-03',2,0,2,2,2,6,42,18,1,2,1,0,0,0,0,0,6.3180,418.00,1,0.00,2,'1',2,'0',2,'0','0',NULL,NULL,NULL,1,'2022-12-22 12:55:07','2024-12-17 13:50:13',NULL),(261,5563,40731,0,NULL,197,'RAMIREZ JULIO DAVID LEONARDO',NULL,'1994-01-06',1,1,5,1,NULL,1,NULL,NULL,NULL,NULL,NULL,NULL,NULL,NULL,6,'37868851','20-37868851-6',3,NULL,74,74,5,16,NULL,'0720088588000000850418',2,2,0,0,0,0,0,NULL,1,NULL,NULL,42,278,2,3201.00,0,0.00,8.00,0.00,2,6,2,'2022-12-22','2022-12-22',NULL,NULL,NULL,'2023-03-03',2,0,2,2,2,6,42,18,1,2,1,0,0,0,0,0,6.3180,418.00,1,0.00,2,'1',2,'0',2,'0','0',NULL,NULL,NULL,1,'2022-12-22 12:55:07','2024-12-17 13:50:13',NULL),(262,5563,40731,0,NULL,199,'CACERES GUSTAVO FEDERICO',NULL,'1988-04-26',1,1,5,1,NULL,1,'DAVAINE','1900',NULL,NULL,'1738',NULL,NULL,NULL,6,'33781789','20-33781789-1',3,NULL,74,NULL,1,NULL,NULL,NULL,2,2,0,0,0,0,0,NULL,1,NULL,NULL,42,278,2,3201.00,0,0.00,8.00,0.00,2,6,2,'2022-12-26','2022-12-26',NULL,NULL,NULL,'2023-01-09',2,0,2,2,2,6,42,18,1,2,1,0,0,0,0,0,6.3180,418.00,0,0.00,2,'26',2,'0',2,'0','6',NULL,NULL,NULL,1,'2022-12-30 15:37:40','2024-12-17 13:50:13',NULL);
INSERT INTO `syj_empleados` VALUES (263,5563,40731,0,NULL,202,'VANEGAS HUGO ESTEBAN',NULL,'1989-07-05',1,1,5,1,NULL,1,'DAVAINE','S/N',NULL,NULL,'1738',NULL,NULL,NULL,6,'34738265','20-34738265-6',3,NULL,114,NULL,1,NULL,NULL,NULL,2,2,0,0,0,0,0,NULL,1,NULL,NULL,42,278,2,3201.00,0,0.00,8.00,0.00,2,6,2,'2022-12-26','2022-12-26',NULL,NULL,NULL,'2023-01-31',2,0,2,2,2,6,42,18,1,2,1,0,0,0,0,0,6.3180,418.00,1,0.00,2,'26',2,'0',2,'0','6',NULL,NULL,NULL,1,'2022-12-30 15:37:40','2024-12-17 13:50:13',NULL),(264,5563,40731,0,NULL,201,'MARILUNGO MATIAS MARTIN O',NULL,'1990-10-18',1,1,5,1,NULL,1,NULL,NULL,NULL,NULL,NULL,NULL,NULL,NULL,6,'36077077','20-36077077-0',3,NULL,198,NULL,1,NULL,NULL,NULL,2,2,0,0,0,0,0,NULL,1,NULL,NULL,42,278,2,3201.00,0,0.00,8.00,0.00,2,6,2,'2022-12-26','2022-12-26',NULL,NULL,NULL,'2023-01-06',2,0,2,2,2,6,42,18,1,2,1,0,0,0,0,0,6.3180,418.00,1,0.00,2,'26',2,'0',2,'0','6',NULL,NULL,NULL,1,'2022-12-30 15:37:40','2024-12-17 13:50:13',NULL),(265,5563,40731,0,NULL,198,'BARRAZA FRANCO DANIEL',NULL,'2023-01-02',1,1,5,1,NULL,1,'DAVAINE','2296',NULL,NULL,'1738',NULL,NULL,NULL,6,'44448556','20-44448556-7',3,NULL,74,NULL,1,NULL,NULL,NULL,2,2,0,0,0,0,0,NULL,1,NULL,NULL,42,278,2,3201.00,0,0.00,8.00,0.00,2,6,2,'2022-12-26','2022-12-26',NULL,NULL,NULL,'2023-01-31',2,0,2,2,2,6,42,18,1,2,1,0,0,0,0,0,6.3180,418.00,0,0.00,2,'26',2,'0',2,'0','6',NULL,NULL,NULL,1,'2022-12-30 15:37:40','2024-12-17 13:50:13',NULL),(266,5563,40731,0,NULL,200,'FARIAS HECTOR ISMAEL',NULL,'1981-07-03',1,1,5,1,NULL,1,'AGUIRRE','1880',NULL,NULL,'1738',NULL,NULL,NULL,6,'29054512','23-29054512-9',3,NULL,74,NULL,1,NULL,NULL,NULL,2,2,0,0,0,0,0,NULL,1,NULL,NULL,42,278,2,3201.00,0,0.00,8.00,0.00,2,6,2,'2022-12-26','2022-12-26',NULL,NULL,NULL,'2023-01-31',2,0,2,2,2,6,42,18,1,2,1,0,0,0,0,0,6.3180,418.00,0,0.00,2,'26',2,'0',2,'0','5',NULL,NULL,NULL,1,'2022-12-30 15:37:40','2024-12-17 13:50:13',NULL),(267,5563,40731,0,NULL,232,'GALVAN MATIAS ARNALDO O',NULL,NULL,NULL,NULL,NULL,NULL,NULL,NULL,NULL,NULL,NULL,NULL,NULL,NULL,NULL,NULL,6,'38669765','20-38669765-6',1,NULL,NULL,NULL,NULL,NULL,NULL,NULL,NULL,NULL,0,0,0,0,0,NULL,1,NULL,NULL,5,NULL,NULL,0.00,0,0.00,0.00,0.00,NULL,NULL,NULL,'2023-01-04','2023-01-04',NULL,NULL,NULL,NULL,NULL,0,NULL,NULL,NULL,NULL,NULL,NULL,NULL,NULL,NULL,0,0,0,0,0,4.6800,164.00,0,0.00,NULL,NULL,NULL,NULL,NULL,NULL,'0',NULL,NULL,NULL,1,'2023-01-10 12:21:30','2023-01-17 00:57:26','2023-01-17 00:57:26'),(268,5563,40861,0,NULL,24,'PEREZ LUGO CLAUDIO',NULL,'2001-07-04',1,2,5,178,NULL,6,'GALARZA','10100',NULL,NULL,'1744',NULL,NULL,NULL,6,'94329724','20-94329724-0',3,'empleados/40719/40861/268/fotos/lvX34DRuCJnI6ur3s0MmIM0sRE1WlxQFKnR5Wn8y.bmp',130,130,1,NULL,NULL,NULL,4,4,0,0,0,0,0,NULL,1,NULL,NULL,46,311,2,3029.88,0,0.00,9.00,0.00,7,23,6,'2023-01-24','2023-01-24',NULL,NULL,NULL,'2023-06-06',2,0,2,2,2,2,50,4,1,2,1,0,1,0,0,0,8.8610,874.00,1,0.00,2,'01',2,'0',2,'0','0',NULL,NULL,NULL,1,'2023-01-25 23:16:57','2024-10-18 16:39:15',NULL),(269,5563,40861,0,NULL,5,'CANDIA OJEDA ALCIDES',NULL,'1970-07-13',1,2,5,178,NULL,5,'LAS TRES MARIAS','6083',NULL,NULL,'1665',NULL,NULL,NULL,6,'94509594','20-94509594-7',3,'empleados/40719/40861/269/fotos/AzKwzXkLEAMyFjw8NqX5Rhime3phqsSXU9BagBgU.bmp',130,NULL,1,NULL,NULL,NULL,4,4,0,0,0,0,0,NULL,1,NULL,NULL,46,310,2,3282.12,0,0.00,9.00,0.00,7,24,6,'2023-01-19','2023-01-19',NULL,NULL,NULL,'2023-06-06',2,0,2,2,2,2,50,4,1,2,1,0,1,0,0,0,8.8610,874.00,0,0.00,2,'1',2,'0',2,'0','0',NULL,NULL,NULL,1,'2023-01-25 23:16:57','2024-10-18 16:39:43',NULL),(270,5563,40861,0,NULL,20,'GODOY BASILIO',NULL,'1965-06-14',1,2,5,178,NULL,5,'LAS TRES MARIAS','5722',NULL,NULL,NULL,NULL,NULL,NULL,6,'95179099','20-95179099-1',3,NULL,130,130,1,NULL,NULL,NULL,4,4,0,0,0,0,0,NULL,1,NULL,NULL,46,311,2,3029.88,0,0.00,9.00,0.00,7,24,6,'2023-01-19','2023-01-19',NULL,NULL,NULL,'2023-06-06',2,0,2,2,2,2,50,4,1,2,1,0,1,0,0,0,8.8610,874.00,1,0.00,2,'1',2,'0',2,'0','0',NULL,NULL,NULL,1,'2023-01-25 23:16:57','2024-10-18 16:39:15',NULL);
INSERT INTO `syj_empleados` VALUES (271,5563,40861,0,NULL,21,'FERNANDEZ MOSQUEDA BERNARDO ADAN',NULL,'1966-08-20',1,2,5,178,NULL,6,'BARTOLOMÉ DÍAZ','S/N',NULL,NULL,NULL,NULL,NULL,NULL,6,'94200195','23-94200195-9',3,NULL,130,130,1,NULL,NULL,NULL,4,4,0,0,0,0,0,NULL,1,NULL,NULL,46,311,2,3029.88,0,0.00,9.00,0.00,7,25,6,'2023-01-19','2023-01-19',NULL,NULL,NULL,'2023-06-06',2,0,2,2,2,2,50,4,1,2,1,0,1,0,0,0,8.8610,874.00,1,0.00,2,'1',2,'0',2,'0','0',NULL,NULL,NULL,1,'2023-01-25 23:16:57','2024-10-18 16:39:15',NULL),(272,5563,40861,0,NULL,22,'DUARTE SOTELO OVIDIO UBALDO',NULL,'2023-02-08',1,2,5,178,NULL,20,'RIO ATUEL','1922',NULL,NULL,NULL,NULL,NULL,NULL,6,'95859361','23-95859361-9',3,NULL,130,NULL,1,NULL,NULL,NULL,4,4,0,0,0,0,0,NULL,1,NULL,NULL,46,311,2,3029.88,0,0.00,9.00,0.00,7,25,6,'2023-01-19','2023-01-19',NULL,NULL,NULL,'2023-06-26',2,0,2,2,2,2,50,4,1,2,1,0,1,0,0,0,8.8610,874.00,0,0.00,2,'1',2,'0',2,'0','0',NULL,NULL,NULL,1,'2023-01-25 23:16:57','2024-10-18 16:39:15',NULL),(273,5563,40731,0,NULL,203,'CARRIZO SANTIAGO DAVID',NULL,'1985-02-26',1,1,5,1,NULL,34,'SINCLAIR','154',NULL,NULL,'1856',NULL,NULL,NULL,6,'31135442','20-31135442-7',3,NULL,155,NULL,5,16,NULL,'0720088588000001024618',2,2,0,0,0,0,0,NULL,1,NULL,NULL,42,277,2,3487.00,0,0.00,8.00,0.00,2,7,2,'2023-01-25','2023-01-25',NULL,NULL,NULL,'2023-05-08',2,0,2,2,19,6,42,18,1,2,1,0,1,0,0,0,6.3180,418.00,1,0.00,2,'1',19,'5',2,'0','0',NULL,NULL,NULL,1,'2023-01-31 22:31:14','2024-12-17 13:50:00',NULL),(274,5563,40731,0,NULL,204,'LUCERO JEREMIAS EFRAIN',NULL,'2002-04-08',1,1,5,1,NULL,38,'Libertad','310',NULL,NULL,NULL,NULL,NULL,NULL,6,'43928934','20-43928934-2',1,NULL,74,NULL,5,16,NULL,'0720088588000001024786',2,2,0,0,0,0,0,NULL,1,NULL,NULL,42,276,2,3782.00,0,0.00,8.00,0.00,2,8,2,'2023-02-02','2023-02-02',NULL,NULL,NULL,NULL,NULL,0,2,2,2,6,4,18,1,2,1,0,1,0,0,0,6.3180,418.00,0,0.00,2,'1',2,'0',2,'0','0',NULL,NULL,NULL,1,'2023-02-18 18:59:07','2024-12-17 13:49:52',NULL),(275,5563,40731,0,NULL,205,'LESCANO JOEL AGUSTIN',NULL,'2002-06-20',1,1,5,1,NULL,14,'Florencio Sanchez','3732',NULL,NULL,NULL,NULL,NULL,NULL,6,'44301590','20-44301590-7',3,NULL,74,NULL,1,16,NULL,'0720088588000001024854',2,2,0,0,0,0,0,NULL,1,NULL,NULL,42,278,2,3201.00,0,0.00,8.00,0.00,2,6,2,'2023-02-02','2023-02-02',NULL,NULL,NULL,'2023-05-04',2,0,2,2,2,6,42,18,1,2,1,0,1,0,0,0,6.3180,418.00,0,0.00,2,'1',2,'0',2,'0','0',NULL,NULL,NULL,1,'2023-02-18 18:59:07','2024-12-17 13:50:13',NULL),(277,5563,40731,0,NULL,206,'AVILA JUAN ANDRES',NULL,'1990-04-19',1,1,5,1,NULL,23,'Bolívar','486',NULL,NULL,NULL,NULL,NULL,NULL,6,'35346686','20-35346686-1',3,NULL,149,149,5,16,NULL,'0720088588000001024922',2,2,0,0,0,0,0,NULL,1,NULL,NULL,42,277,2,3487.00,0,0.00,8.00,0.00,2,7,2,'2023-03-09','2023-03-09',NULL,NULL,NULL,NULL,NULL,0,2,2,2,6,42,18,1,2,1,0,1,0,0,0,6.3180,418.00,0,0.00,2,'1',2,'0',2,'0','0',NULL,NULL,NULL,1,'2023-03-21 09:42:04','2024-12-17 13:50:00',NULL),(278,5563,40731,0,NULL,207,'PELLICORI FRANCISCO MAXIMILIANO',NULL,'1983-10-05',1,1,3,1,NULL,39,'Av. Espora','2806',NULL,NULL,NULL,NULL,NULL,NULL,6,'30374008','20-30374008-3',1,NULL,28,NULL,5,6,NULL,'0170140740000003921225',2,2,0,0,0,0,0,NULL,1,NULL,NULL,42,276,2,3782.00,0,0.00,8.00,0.00,2,8,2,'2023-04-03','2023-04-03',NULL,NULL,NULL,NULL,NULL,0,2,2,2,6,4,18,1,2,1,0,1,0,0,0,6.3180,418.00,1,0.00,2,'1',2,'0',2,'0','0',NULL,NULL,NULL,1,'2023-04-18 13:37:39','2024-12-17 13:49:52',NULL),(279,5563,40731,0,NULL,208,'GALEANO FERNANDO EZEQUIEL',NULL,'2000-09-09',1,1,5,1,NULL,15,'Gascon','3396',NULL,NULL,NULL,NULL,NULL,NULL,6,'43013307','20-43013307-2',3,NULL,74,NULL,5,2,NULL,'0110041930004128800479',2,2,0,0,0,0,0,NULL,1,NULL,NULL,42,276,2,3782.00,0,0.00,8.00,0.00,2,8,2,'2023-04-11','2023-04-11',NULL,NULL,NULL,'2024-03-11',2,0,2,2,2,6,4,18,1,2,1,0,1,0,0,0,6.3180,418.00,1,0.00,2,'1',2,'0',2,'0','0',NULL,NULL,NULL,1,'2023-04-18 13:37:39','2024-12-17 13:49:52',NULL);
INSERT INTO `syj_empleados` VALUES (280,5563,40731,0,NULL,210,'BONO PABLO EZEQUIEL',NULL,'2001-10-27',1,1,5,1,NULL,5,'Manzana 1, Casa N°7 (Barrio Cerrado)','S/N',NULL,NULL,NULL,NULL,NULL,NULL,6,'43777142','20-43777142-2',3,NULL,74,NULL,5,2,NULL,'0110041930004128800547',2,2,0,0,0,0,0,NULL,1,NULL,NULL,42,278,2,3201.00,0,0.00,8.00,0.00,2,6,2,'2023-04-11','2023-04-11',NULL,NULL,NULL,'2024-02-20',1,0,2,2,2,6,4,18,1,2,1,0,1,0,0,0,6.3180,418.00,1,0.00,19,'1',20,'5',2,'14','0',NULL,NULL,NULL,1,'2023-04-18 13:37:39','2024-12-17 13:50:13',NULL),(281,5563,40731,0,NULL,209,'ESCOBAR VELAZQUEZ JORGE DANIEL',NULL,'2000-08-01',1,2,5,242,NULL,5,'Cardenas','1279',NULL,NULL,NULL,NULL,NULL,NULL,6,'95108769','20-95108769-7',3,NULL,74,NULL,1,NULL,NULL,NULL,2,2,0,0,0,0,0,NULL,1,NULL,NULL,42,278,2,3201.00,0,0.00,8.00,0.00,2,6,2,'2023-04-11','2023-04-11',NULL,NULL,NULL,'2023-06-02',2,0,2,2,2,6,42,18,1,2,1,0,1,0,0,0,6.3180,418.00,1,0.00,2,'11',2,'0',2,'0','20',NULL,NULL,NULL,1,'2023-04-18 13:37:39','2024-12-17 13:50:13',NULL),(282,5563,40731,0,NULL,212,'TIMPANO GASTON HERNAN',NULL,'2023-05-17',1,1,5,1,NULL,13,'CALLE 101','875',NULL,NULL,NULL,NULL,NULL,NULL,6,'30320662','20-30320662-1',3,NULL,74,NULL,1,NULL,NULL,NULL,2,2,0,0,0,0,0,NULL,1,NULL,NULL,42,277,2,3487.00,0,0.00,8.00,0.00,2,7,2,'2023-05-04','2023-05-04',NULL,NULL,NULL,'2023-08-07',2,0,2,2,2,6,42,18,1,2,1,0,1,0,0,0,6.3180,418.00,1,0.00,2,'1',2,'0',2,'0','0',NULL,NULL,NULL,1,'2023-05-17 13:55:42','2024-12-17 13:50:00',NULL),(283,5563,40731,0,NULL,213,'GONZALEZ ALBERTO EZEQUIEL',NULL,'1987-06-27',1,1,5,1,NULL,13,'FRANCISCO CANARO','3253',NULL,NULL,NULL,NULL,NULL,NULL,6,'32994726','20-32994726-3',1,NULL,74,NULL,5,2,NULL,'0110041930004128821665',2,2,0,0,0,0,0,NULL,1,NULL,NULL,42,279,2,4439.00,0,0.00,8.00,0.00,2,9,2,'2024-12-03','2024-12-03',NULL,NULL,NULL,NULL,2,0,2,2,2,6,4,18,1,2,1,0,1,0,0,0,6.3180,418.00,1,0.00,2,'1',2,'0',2,'0','0',NULL,NULL,NULL,1,'2023-05-17 13:55:42','2024-12-17 14:01:55',NULL),(284,5563,40731,0,NULL,211,'SAAVEDRA MATIAS E',NULL,'1990-11-22',1,1,5,1,NULL,10,'IPARRAGUIRRE','251',NULL,NULL,NULL,NULL,NULL,NULL,6,'35358168','20-35358168-7',3,NULL,236,NULL,5,2,NULL,'0110041930004128800301',2,2,0,0,0,0,0,NULL,1,NULL,NULL,42,279,2,4439.00,0,0.00,8.00,0.00,2,8,2,'2024-02-14','2024-02-14',NULL,NULL,NULL,'2024-06-11',2,0,2,2,2,6,4,18,1,2,1,0,1,0,0,0,6.3180,418.00,1,0.00,2,'1',2,'0',2,'0','15',NULL,NULL,NULL,1,'2023-05-17 13:55:42','2024-12-17 13:50:24',NULL),(286,5563,40731,0,NULL,214,'SALA MARIANO',NULL,'1983-03-02',1,1,5,1,NULL,39,'CALLE 119','1003',NULL,NULL,NULL,NULL,NULL,NULL,6,'31532294','20-31532294-5',3,NULL,74,NULL,5,16,NULL,'0720024388000014221422',2,2,0,0,0,0,0,NULL,1,NULL,NULL,42,279,2,4439.00,0,0.00,8.00,0.00,2,8,2,'2023-06-14','2023-06-14',NULL,NULL,NULL,'2024-06-12',2,0,2,2,2,6,4,18,1,2,1,0,1,0,0,0,6.3180,418.00,1,0.00,2,'1',2,'0',2,'0','0',NULL,NULL,NULL,1,'2023-06-20 17:49:30','2024-12-17 13:50:24',NULL),(287,5563,40731,0,NULL,215,'BENITEZ OSCAR',NULL,'1979-01-08',1,1,5,1,NULL,41,'Rio de la Plata','5226',NULL,NULL,'1876',NULL,NULL,NULL,6,'27051340','23-27051340-9',3,NULL,74,74,5,4,NULL,'1500054100030013159228',2,2,1,0,0,0,0,NULL,1,NULL,NULL,42,276,2,3782.00,0,0.00,8.00,0.00,2,8,2,'2023-09-04','2023-09-04',NULL,NULL,NULL,'2023-12-21',2,0,2,2,2,6,4,18,1,2,1,0,1,0,0,NULL,6.3180,418.00,1,0.00,2,'1',2,'0',2,'0','0',NULL,NULL,NULL,1,'2023-09-18 17:12:35','2024-12-17 13:49:52',NULL),(288,5563,40731,0,NULL,216,'BENITEZ GONZALO FRANCISCO',NULL,'2023-11-04',1,1,5,1,NULL,5,'Sarandi','1958',NULL,NULL,'1665',NULL,NULL,NULL,6,'41196764','20-41196764-7',3,NULL,74,NULL,1,NULL,NULL,NULL,2,2,0,0,0,0,0,NULL,1,NULL,NULL,42,278,2,3201.00,0,0.00,8.00,0.00,2,6,2,'2023-10-18','2023-10-18',NULL,NULL,NULL,'2023-11-29',1,0,2,2,2,6,4,18,1,2,1,0,1,0,0,0,6.3180,418.00,1,0.00,2,'1',2,'0',2,'0','0',NULL,NULL,NULL,1,'2023-11-04 08:09:20','2024-12-17 13:50:13',NULL);
INSERT INTO `syj_empleados` VALUES (289,5563,40731,0,NULL,217,'BUSTO LAUTARO',NULL,'2001-08-14',1,1,5,1,NULL,29,'Elvira','1891',NULL,NULL,'1611',NULL,NULL,NULL,6,'43404236','20-43404236-5',3,NULL,74,NULL,5,NULL,NULL,'0720071788000038415368',2,2,0,0,0,0,0,NULL,1,NULL,NULL,42,278,2,3201.00,0,0.00,8.00,0.00,2,6,2,'2023-11-16','2023-11-16',NULL,NULL,NULL,'2024-02-05',2,0,2,2,2,6,4,18,1,2,1,0,1,0,0,0,6.3180,418.00,1,0.00,2,'1',2,'0',2,'0','0',NULL,NULL,NULL,1,'2023-12-05 16:26:31','2024-12-17 13:50:13',NULL),(290,5563,40731,0,NULL,224,'MOREIRA EMANUEL JEREMIAS',NULL,'1994-01-11',1,1,5,1,NULL,6,'CASIMIRO DAVAINE','1854',NULL,NULL,'1744',NULL,NULL,NULL,6,'37696063','20-37696063-4',3,NULL,74,NULL,1,NULL,NULL,NULL,2,2,0,0,0,0,0,NULL,1,NULL,NULL,42,278,2,3201.00,0,0.00,8.00,0.00,2,6,2,'2023-12-28','2023-12-28',NULL,NULL,NULL,'2024-01-15',2,1,2,2,2,6,4,18,1,2,1,0,1,0,0,0,6.3180,418.00,1,0.00,2,'28',2,'0',2,'0','2',NULL,NULL,NULL,1,'2024-01-04 15:05:36','2024-12-17 13:50:13',NULL),(291,5563,40731,0,NULL,218,'MACIEL JOSE NICOLAS',NULL,'2024-01-04',1,1,5,1,NULL,5,NULL,NULL,NULL,NULL,NULL,NULL,NULL,NULL,6,'39295357','20-39295357-5',1,NULL,74,NULL,5,NULL,NULL,'0720088588000002153386',2,2,0,0,0,0,0,NULL,1,NULL,NULL,42,278,2,3201.00,0,0.00,8.00,0.00,2,6,2,'2023-12-28','2023-12-28',NULL,NULL,NULL,NULL,NULL,0,2,2,2,6,4,18,1,2,1,0,1,0,0,0,6.3180,418.00,1,0.00,2,'1',2,'0',2,'0','0',NULL,NULL,NULL,1,'2024-01-04 15:05:36','2024-12-17 13:50:13',NULL),(292,5563,40731,0,NULL,221,'GAUNA DYLAN ANDRES',NULL,'2003-09-03',1,1,5,1,NULL,6,'PIZARRO','2724',NULL,NULL,'1744',NULL,NULL,NULL,6,'45132186','20-45132186-3',3,NULL,74,NULL,1,NULL,NULL,NULL,2,2,0,0,0,0,0,NULL,1,NULL,NULL,42,278,2,3201.00,0,0.00,8.00,0.00,2,6,2,'2023-12-28','2023-12-28',NULL,NULL,NULL,'2024-01-15',2,1,2,2,2,6,4,18,1,2,1,0,1,0,0,0,6.3180,418.00,1,0.00,2,'28',2,'0',2,'0','2',NULL,NULL,NULL,1,'2024-01-04 15:05:36','2024-12-17 13:50:13',NULL),(293,5563,40731,0,NULL,219,'SIGALEZ BRIAN DAMIAN',NULL,'2024-01-04',1,1,5,1,NULL,5,NULL,NULL,NULL,NULL,NULL,NULL,NULL,NULL,6,'45744577','20-45744577-7',3,NULL,74,NULL,1,NULL,NULL,NULL,2,2,0,0,0,0,0,NULL,1,NULL,NULL,42,278,2,3201.00,0,0.00,8.00,0.00,2,6,2,'2023-12-28','2023-12-28',NULL,NULL,NULL,'2024-01-11',1,0,2,2,2,6,4,18,1,2,1,0,1,0,0,0,6.3180,418.00,1,0.00,2,'1',2,'0',2,'0','9',NULL,NULL,NULL,1,'2024-01-04 15:05:36','2024-12-17 13:50:13',NULL),(294,5563,40731,0,NULL,222,'PRIETO CATRIEL RODRIGO',NULL,'2003-09-10',1,1,5,1,NULL,6,NULL,NULL,NULL,NULL,NULL,NULL,NULL,NULL,6,'46907258','20-46907258-5',3,NULL,74,NULL,1,NULL,NULL,NULL,2,2,0,0,0,0,0,NULL,1,NULL,NULL,42,278,2,3201.00,0,0.00,8.00,0.00,2,6,2,'2023-12-28','2023-12-28',NULL,NULL,NULL,'2024-01-22',2,1,2,2,2,6,4,18,1,2,1,0,1,0,0,0,6.3180,418.00,1,0.00,2,'28',2,'0',2,'0','2',NULL,NULL,NULL,1,'2024-01-04 15:05:36','2024-12-17 13:50:13',NULL),(295,5563,40731,0,NULL,223,'FRANCO GABRIEL ALEXANDER',NULL,'2004-10-14',1,1,5,1,NULL,6,'STORNI','7700',NULL,NULL,'1744',NULL,NULL,NULL,6,'47717133','20-47717133-9',3,NULL,74,NULL,1,NULL,NULL,NULL,2,2,0,0,0,0,0,NULL,1,NULL,NULL,42,278,2,3201.00,0,0.00,8.00,0.00,2,6,2,'2023-12-28','2023-12-28',NULL,NULL,NULL,'2024-01-03',2,1,2,2,2,6,4,18,1,2,1,0,1,0,0,0,6.3180,418.00,1,0.00,2,'0',2,'0',2,'0','0',NULL,NULL,NULL,1,'2024-01-04 15:05:36','2024-12-17 13:50:13',NULL),(296,5563,40731,0,NULL,220,'CALLEJO FABIAN ALEJANDRO',NULL,'2024-01-04',1,1,5,1,NULL,5,NULL,NULL,NULL,NULL,NULL,NULL,NULL,NULL,6,'32361310','23-32361310-9',3,NULL,74,NULL,1,NULL,NULL,NULL,2,2,0,0,0,0,0,NULL,1,NULL,NULL,42,278,2,3201.00,0,0.00,8.00,0.00,2,6,2,'2023-12-28','2023-12-28',NULL,NULL,NULL,'2024-02-20',1,0,2,2,2,6,4,18,1,2,1,0,1,0,0,0,6.3180,418.00,1,0.00,2,'1',2,'0',2,'0','19',NULL,NULL,NULL,1,'2024-01-04 15:05:36','2024-12-17 13:50:13',NULL);
INSERT INTO `syj_empleados` VALUES (299,5563,40731,0,NULL,225,'BILLORDO HECTOR OMAR',NULL,'1967-06-14',1,1,6,1,NULL,6,'Davaine','2010',NULL,NULL,'1744',NULL,NULL,NULL,6,'18354915','20-18354915-5',3,NULL,74,NULL,1,NULL,NULL,NULL,2,2,0,0,0,0,0,NULL,1,NULL,NULL,42,278,2,3201.00,0,0.00,8.00,0.00,2,6,2,'2024-01-03','2024-01-03',NULL,NULL,NULL,'2024-01-10',2,1,2,2,2,6,4,18,1,2,1,0,1,0,0,0,6.3180,418.00,0,0.00,2,'3',2,'0',2,'0','8',NULL,NULL,NULL,1,'2024-01-12 13:32:32','2024-12-17 13:50:13',NULL),(300,5563,40731,0,NULL,226,'BILLORDO IVAN LISANDRO',NULL,'1992-07-15',1,1,5,1,NULL,6,'CHACABUCO','10533',NULL,NULL,'7600',NULL,NULL,NULL,6,'37057123','20-37057123-7',3,NULL,229,NULL,1,NULL,NULL,NULL,2,2,0,0,0,0,0,NULL,1,NULL,NULL,42,278,2,3201.00,0,0.00,8.00,0.00,2,6,2,'2024-01-03','2024-01-03',NULL,NULL,NULL,'2024-01-10',2,1,2,2,2,6,4,18,1,2,1,0,1,0,0,0,6.3180,418.00,0,0.00,2,'3',2,'0',2,'0','8',NULL,NULL,NULL,1,'2024-01-12 13:32:32','2024-12-17 13:50:13',NULL),(301,5563,40731,0,NULL,227,'VEGA MAURO EZEQUIEL',NULL,'2002-08-28',1,1,5,1,NULL,10,'Saladillo','2571',NULL,NULL,'1773',NULL,NULL,NULL,6,'44395824','20-44395824-0',1,NULL,74,NULL,1,NULL,NULL,NULL,2,2,0,0,0,0,0,NULL,1,NULL,NULL,42,278,2,3201.00,0,0.00,8.00,0.00,2,6,2,'2024-10-01','2024-10-01',NULL,NULL,NULL,NULL,NULL,0,2,2,2,6,4,18,1,2,1,0,1,0,0,0,6.3180,989.00,1,0.00,2,'1',2,'0',2,'0','0',NULL,NULL,NULL,1,'2024-10-18 17:39:52','2024-12-17 13:50:13',NULL),(302,5563,40731,0,NULL,228,'GONZALEZ HERNAN JOSUE',NULL,'1990-10-21',1,1,5,1,NULL,48,'PTE. RAFAEL CASTILLO','1820',NULL,NULL,NULL,NULL,NULL,NULL,6,'35417612','20-35417612-3',1,NULL,5,NULL,5,6,NULL,'0170032940000003957035',2,2,0,0,0,0,0,NULL,1,NULL,NULL,42,278,2,3201.00,0,0.00,8.00,0.00,2,6,2,'2024-12-09','2024-12-09',NULL,NULL,NULL,NULL,NULL,0,2,2,2,6,4,18,1,2,1,0,1,0,0,0,6.3180,418.00,1,0.00,2,'9',2,'0',2,'0','23',NULL,NULL,NULL,1,'2024-12-17 14:00:18','2025-01-04 07:53:14',NULL),(303,5563,40731,0,NULL,229,'LANZA GONZALO FRANCISCO',NULL,'1998-06-04',1,1,5,1,NULL,48,'BOEDO','1233',NULL,NULL,NULL,NULL,NULL,NULL,6,'41435125','20-41435125-6',1,NULL,74,NULL,5,NULL,NULL,'0140116103504858002779',2,2,0,0,0,0,0,NULL,1,NULL,NULL,42,277,2,3487.00,0,0.00,8.00,0.00,2,7,2,'2024-12-09','2024-12-09',NULL,NULL,NULL,NULL,NULL,0,2,2,2,6,4,18,1,2,1,0,1,0,0,0,6.3180,418.00,1,0.00,2,'9',2,'0',2,'0','23',NULL,NULL,NULL,1,'2024-12-17 14:00:18','2025-01-04 07:52:52',NULL);

--
