-- Table structure for table `cta_cte_cliente_details`
--

CREATE TABLE `cta_cte_cliente_details` (
  `id` int(10) unsigned NOT NULL AUTO_INCREMENT,
  `user_id` int(10) unsigned DEFAULT NULL,
  `cta_cte_cliente_id` int(10) unsigned NOT NULL,
  `person_id` int(10) unsigned DEFAULT NULL,
  `person_id_relationed` int(10) unsigned DEFAULT NULL,
  `cta_cte_tesoreria_cuenta_id` int(10) unsigned DEFAULT NULL,
  `period_id` int(10) unsigned DEFAULT NULL,
  `tipo_asiento_id` int(10) unsigned NOT NULL,
  `saldo_id` int(10) unsigned NOT NULL,
  `monto` decimal(16,2) NOT NULL,
  `created_at` timestamp NULL DEFAULT NULL,
  `updated_at` timestamp NULL DEFAULT NULL,
  `deleted_at` timestamp NULL DEFAULT NULL,
  PRIMARY KEY (`id`),
  KEY `cta_cte_cliente_details_cta_cte_cliente_id_foreign` (`cta_cte_cliente_id`),
  KEY `cta_cte_cliente_details_person_id_foreign` (`person_id`),
  KEY `cta_cte_cliente_details_person_id_relationed_foreign` (`person_id_relationed`),
  KEY `cta_cte_cliente_details_period_id_foreign` (`period_id`),
  KEY `cta_cte_cliente_details_tipo_asiento_id_foreign` (`tipo_asiento_id`),
  KEY `cta_cte_cliente_details_saldo_id_foreign` (`saldo_id`),
  KEY `cta_cte_cliente_details_cta_cte_tesoreria_cuenta_id_foreign` (`cta_cte_tesoreria_cuenta_id`),
  CONSTRAINT `cta_cte_cliente_details_cta_cte_cliente_id_foreign` FOREIGN KEY (`cta_cte_cliente_id`) REFERENCES `cta_cte_cliente` (`id`),
  CONSTRAINT `cta_cte_cliente_details_cta_cte_tesoreria_cuenta_id_foreign` FOREIGN KEY (`cta_cte_tesoreria_cuenta_id`) REFERENCES `cta_cte_tesoreria_cuentas` (`id`),
  CONSTRAINT `cta_cte_cliente_details_period_id_foreign` FOREIGN KEY (`period_id`) REFERENCES `periods` (`id`),
  CONSTRAINT `cta_cte_cliente_details_person_id_foreign` FOREIGN KEY (`person_id`) REFERENCES `persons` (`id`),
  CONSTRAINT `cta_cte_cliente_details_person_id_relationed_foreign` FOREIGN KEY (`person_id_relationed`) REFERENCES `persons` (`id`),
  CONSTRAINT `cta_cte_cliente_details_saldo_id_foreign` FOREIGN KEY (`saldo_id`) REFERENCES `conta_tipo_saldos` (`id`),
  CONSTRAINT `cta_cte_cliente_details_tipo_asiento_id_foreign` FOREIGN KEY (`tipo_asiento_id`) REFERENCES `conta_tipo_asientos` (`id`)
) ENGINE=InnoDB AUTO_INCREMENT=3 DEFAULT CHARSET=utf8mb4 COLLATE=utf8mb4_unicode_ci;

--
-- Dumping data for table `cta_cte_cliente_details`
--

INSERT INTO `cta_cte_cliente_details` VALUES (1,8522,1252,40718,3,13,1521,20,2,10000.00,'2023-03-01 11:25:20','2023-03-01 11:25:20',NULL),(2,8522,1252,40718,3,758,1521,20,1,10000.00,'2023-03-01 11:25:20','2023-03-01 11:25:20',NULL);

--
-- Table structure for table `cta_cte_cliente_pivot_receipt`
--

CREATE TABLE `cta_cte_cliente_pivot_receipt` (
  `id` int(10) unsigned NOT NULL AUTO_INCREMENT,
  `user_id` int(10) unsigned DEFAULT NULL,
  `cta_cte_cliente_id` int(10) unsigned NOT NULL,
  `receipt_id` int(11) DEFAULT NULL,
  `importe` decimal(16,2) DEFAULT NULL,
  `is_a_cuenta` tinyint(1) unsigned NOT NULL DEFAULT '0',
  `cccpr_a_cuenta_id` int(10) unsigned DEFAULT NULL,
  `created_at` timestamp NULL DEFAULT NULL,
  `updated_at` timestamp NULL DEFAULT NULL,
  `deleted_at` timestamp NULL DEFAULT NULL,
  PRIMARY KEY (`id`),
  KEY `fk_cccpr_a_cuenta_id` (`cccpr_a_cuenta_id`),
  CONSTRAINT `fk_cccpr_a_cuenta_id` FOREIGN KEY (`cccpr_a_cuenta_id`) REFERENCES `cta_cte_cliente_pivot_receipt` (`id`)
) ENGINE=InnoDB AUTO_INCREMENT=2756 DEFAULT CHARSET=utf8mb4 COLLATE=utf8mb4_unicode_ci;

--
-- Dumping data for table `cta_cte_cliente_pivot_receipt`
--

INSERT INTO `cta_cte_cliente_pivot_receipt` VALUES (2,8522,2,2,NULL,0,NULL,'2023-02-24 15:05:30','2023-02-24 15:05:30',NULL),(3,8522,3,3,NULL,0,NULL,'2023-02-24 15:05:30','2023-02-24 15:05:30',NULL),(4,8522,4,4,NULL,0,NULL,'2023-02-24 15:05:30','2023-02-24 15:05:30',NULL),(5,8522,5,5,NULL,0,NULL,'2023-02-24 15:05:30','2023-02-24 15:05:30',NULL),(6,8522,6,6,NULL,0,NULL,'2023-02-24 15:05:30','2023-02-24 15:05:30',NULL),(7,8522,7,7,NULL,0,NULL,'2023-02-24 15:05:30','2023-02-24 15:05:30',NULL),(8,8522,8,8,NULL,0,NULL,'2023-02-24 15:05:30','2023-02-24 15:05:30',NULL),(9,8522,9,9,NULL,0,NULL,'2023-02-24 15:05:30','2023-02-24 15:05:30',NULL),(10,8522,10,10,NULL,0,NULL,'2023-02-24 15:05:30','2023-02-24 15:05:30',NULL),(11,8522,11,11,NULL,0,NULL,'2023-02-24 15:05:30','2023-02-24 15:05:30',NULL),(12,8522,12,12,NULL,0,NULL,'2023-02-24 15:05:30','2023-02-24 15:05:30',NULL),(13,8522,13,13,NULL,0,NULL,'2023-02-24 15:05:30','2023-02-24 15:05:30',NULL),(14,8522,14,14,NULL,0,NULL,'2023-02-24 15:05:31','2023-02-24 15:05:31',NULL),(15,8522,15,15,NULL,0,NULL,'2023-02-24 15:05:31','2023-02-24 15:05:31',NULL),(16,8522,16,16,NULL,0,NULL,'2023-02-24 15:05:31','2023-02-24 15:05:31',NULL),(17,8522,17,17,NULL,0,NULL,'2023-02-24 15:05:31','2023-02-24 15:05:31',NULL),(18,8522,18,18,NULL,0,NULL,'2023-02-24 15:05:31','2023-02-24 15:05:31',NULL),(19,8522,19,19,NULL,0,NULL,'2023-02-24 15:05:31','2023-02-24 15:05:31',NULL),(20,8522,20,20,NULL,0,NULL,'2023-02-24 15:05:31','2023-02-24 15:05:31',NULL),(21,8522,21,21,NULL,0,NULL,'2023-02-24 15:05:31','2023-02-24 15:05:31',NULL),(22,8522,22,22,NULL,0,NULL,'2023-02-24 15:05:31','2023-02-24 15:05:31',NULL),(23,8522,23,23,NULL,0,NULL,'2023-02-24 15:05:31','2023-02-24 15:05:31',NULL),(24,8522,24,24,NULL,0,NULL,'2023-02-24 15:05:31','2023-02-24 15:05:31',NULL),(25,8522,25,25,NULL,0,NULL,'2023-02-24 15:05:31','2023-02-24 15:05:31',NULL),(26,8522,26,26,NULL,0,NULL,'2023-02-24 15:05:31','2023-02-24 15:05:31',NULL),(27,8522,27,27,NULL,0,NULL,'2023-02-24 15:05:31','2023-02-24 15:05:31',NULL),(28,8522,28,28,NULL,0,NULL,'2023-02-24 15:05:31','2023-02-24 15:05:31',NULL),(29,8522,29,29,NULL,0,NULL,'2023-02-24 15:05:32','2023-02-24 15:05:32',NULL),(30,8522,30,30,NULL,0,NULL,'2023-02-24 15:05:32','2023-02-24 15:05:32',NULL),(31,8522,31,31,NULL,0,NULL,'2023-02-24 15:05:32','2023-02-24 15:05:32',NULL),(32,8522,32,32,NULL,0,NULL,'2023-02-24 15:05:32','2023-02-24 15:05:32',NULL),(33,8522,33,33,NULL,0,NULL,'2023-02-24 15:05:32','2023-02-24 15:05:32',NULL),(34,8522,34,34,NULL,0,NULL,'2023-02-24 15:05:32','2023-02-24 15:05:32',NULL),(35,8522,35,35,NULL,0,NULL,'2023-02-24 15:05:32','2023-02-24 15:05:32',NULL),(36,8522,36,36,NULL,0,NULL,'2023-02-24 15:05:32','2023-02-24 15:05:32',NULL),(37,8522,37,37,NULL,0,NULL,'2023-02-24 15:05:32','2023-02-24 15:05:32',NULL),(38,8522,38,38,NULL,0,NULL,'2023-02-24 15:05:32','2023-02-24 15:05:32',NULL),(39,8522,39,39,NULL,0,NULL,'2023-02-24 15:05:32','2023-02-24 15:05:32',NULL),(40,8522,40,40,NULL,0,NULL,'2023-02-24 15:05:32','2023-02-24 15:05:32',NULL),(41,8522,41,41,NULL,0,NULL,'2023-02-24 15:05:32','2023-02-24 15:05:32',NULL),(42,8522,42,42,NULL,0,NULL,'2023-02-24 15:05:32','2023-02-24 15:05:32',NULL),(43,8522,43,43,NULL,0,NULL,'2023-02-24 15:05:32','2023-02-24 15:05:32',NULL),(44,8522,44,44,NULL,0,NULL,'2023-02-24 15:05:32','2023-02-24 15:05:32',NULL),(45,8522,45,45,NULL,0,NULL,'2023-02-24 15:05:32','2023-02-24 15:05:32',NULL),(46,8522,46,46,NULL,0,NULL,'2023-02-24 15:05:32','2023-02-24 15:05:32',NULL),(47,8522,47,47,NULL,0,NULL,'2023-02-24 15:05:32','2023-02-24 15:05:32',NULL),(48,8522,48,48,NULL,0,NULL,'2023-02-24 15:05:32','2023-02-24 15:05:32',NULL),(49,8522,49,49,NULL,0,NULL,'2023-02-24 15:05:32','2023-02-24 15:05:32',NULL),(50,8522,50,50,NULL,0,NULL,'2023-02-24 15:05:33','2023-02-24 15:05:33',NULL),(51,8522,51,51,NULL,0,NULL,'2023-02-24 15:05:33','2023-02-24 15:05:33',NULL),(52,8522,52,52,NULL,0,NULL,'2023-02-24 15:05:33','2023-02-24 15:05:33',NULL),(53,8522,53,53,NULL,0,NULL,'2023-02-24 15:05:33','2023-02-24 15:05:33',NULL);
INSERT INTO `cta_cte_cliente_pivot_receipt` VALUES (54,8522,54,54,NULL,0,NULL,'2023-02-24 15:05:33','2023-02-24 15:05:33',NULL),(55,8522,55,55,NULL,0,NULL,'2023-02-24 15:05:33','2023-02-24 15:05:33',NULL),(56,8522,56,56,NULL,0,NULL,'2023-02-24 15:05:33','2023-02-24 15:05:33',NULL),(57,8522,57,57,NULL,0,NULL,'2023-02-24 15:05:33','2023-02-24 15:05:33',NULL),(58,8522,58,58,NULL,0,NULL,'2023-02-24 15:05:33','2023-02-24 15:05:33',NULL),(59,8522,59,59,NULL,0,NULL,'2023-02-24 15:05:33','2023-02-24 15:05:33',NULL),(60,8522,60,60,NULL,0,NULL,'2023-02-24 15:05:33','2023-02-24 15:05:33',NULL),(61,8522,61,61,NULL,0,NULL,'2023-02-24 15:05:33','2023-02-24 15:05:33',NULL),(62,8522,62,62,NULL,0,NULL,'2023-02-24 15:05:33','2023-02-24 15:05:33',NULL),(63,8522,63,63,NULL,0,NULL,'2023-02-24 15:05:33','2023-02-24 15:05:33',NULL),(64,8522,64,64,NULL,0,NULL,'2023-02-24 15:05:33','2023-02-24 15:05:33',NULL),(65,8522,65,65,NULL,0,NULL,'2023-02-24 15:05:33','2023-02-24 15:05:33',NULL),(66,8522,66,66,NULL,0,NULL,'2023-02-24 15:05:33','2023-02-24 15:05:33',NULL),(67,8522,67,67,NULL,0,NULL,'2023-02-24 15:05:33','2023-02-24 15:05:33',NULL),(68,8522,68,68,NULL,0,NULL,'2023-02-24 15:05:33','2023-02-24 15:05:33',NULL),(69,8522,69,69,NULL,0,NULL,'2023-02-24 15:05:33','2023-02-24 15:05:33',NULL),(70,8522,70,70,NULL,0,NULL,'2023-02-24 15:05:33','2023-02-24 15:05:33',NULL),(71,8522,71,71,NULL,0,NULL,'2023-02-24 15:05:33','2023-02-24 15:05:33',NULL),(72,8522,72,72,NULL,0,NULL,'2023-02-24 15:05:33','2023-02-24 15:05:33',NULL),(73,8522,73,73,NULL,0,NULL,'2023-02-24 15:05:33','2023-02-24 15:05:33',NULL),(74,8522,74,74,NULL,0,NULL,'2023-02-24 15:05:33','2023-02-24 15:05:33',NULL),(75,8522,75,75,NULL,0,NULL,'2023-02-24 15:05:34','2023-02-24 15:05:34',NULL),(76,8522,76,76,NULL,0,NULL,'2023-02-24 15:05:34','2023-02-24 15:05:34',NULL),(77,8522,77,77,NULL,0,NULL,'2023-02-24 15:05:34','2023-02-24 15:05:34',NULL),(78,8522,78,78,NULL,0,NULL,'2023-02-24 15:05:34','2023-02-24 15:05:34',NULL),(79,8522,79,79,NULL,0,NULL,'2023-02-24 15:05:34','2023-02-24 15:05:34',NULL),(80,8522,80,80,NULL,0,NULL,'2023-02-24 15:05:34','2023-02-24 15:05:34',NULL),(81,8522,81,81,NULL,0,NULL,'2023-02-24 15:05:34','2023-02-24 15:05:34',NULL),(82,8522,82,82,NULL,0,NULL,'2023-02-24 15:05:34','2023-02-24 15:05:34',NULL),(83,8522,83,83,NULL,0,NULL,'2023-02-24 15:05:34','2023-02-24 15:05:34',NULL),(84,8522,84,84,NULL,0,NULL,'2023-02-24 15:05:34','2023-02-24 15:05:34',NULL),(85,8522,85,85,NULL,0,NULL,'2023-02-24 15:05:34','2023-02-24 15:05:34',NULL),(86,8522,86,86,NULL,0,NULL,'2023-02-24 15:05:34','2023-02-24 15:05:34',NULL),(87,8522,87,87,NULL,0,NULL,'2023-02-24 15:05:34','2023-02-24 15:05:34',NULL),(88,8522,88,88,NULL,0,NULL,'2023-02-24 15:05:34','2023-02-24 15:05:34',NULL),(89,8522,89,89,NULL,0,NULL,'2023-02-24 15:05:34','2023-02-24 15:05:34',NULL),(90,8522,90,90,NULL,0,NULL,'2023-02-24 15:05:34','2023-02-24 15:05:34',NULL),(91,8522,91,91,NULL,0,NULL,'2023-02-24 15:05:34','2023-02-24 15:05:34',NULL),(92,8522,92,92,NULL,0,NULL,'2023-02-24 15:05:34','2023-02-24 15:05:34',NULL),(93,8522,93,93,NULL,0,NULL,'2023-02-24 15:05:34','2023-02-24 15:05:34',NULL),(94,8522,94,94,NULL,0,NULL,'2023-02-24 15:05:34','2023-02-24 15:05:34',NULL),(95,8522,95,95,NULL,0,NULL,'2023-02-24 15:05:34','2023-02-24 15:05:34',NULL),(96,8522,96,96,NULL,0,NULL,'2023-02-24 15:05:34','2023-02-24 15:05:34',NULL),(97,8522,97,97,NULL,0,NULL,'2023-02-24 15:05:34','2023-02-24 15:05:34',NULL),(98,8522,98,98,NULL,0,NULL,'2023-02-24 15:05:34','2023-02-24 15:05:34',NULL),(99,8522,99,99,NULL,0,NULL,'2023-02-24 15:05:34','2023-02-24 15:05:34',NULL),(100,8522,100,100,NULL,0,NULL,'2023-02-24 15:05:34','2023-02-24 15:05:34',NULL),(101,8522,101,101,NULL,0,NULL,'2023-02-24 15:05:35','2023-02-24 15:05:35',NULL),(102,8522,102,102,NULL,0,NULL,'2023-02-24 15:05:35','2023-02-24 15:05:35',NULL),(103,8522,103,103,NULL,0,NULL,'2023-02-24 15:05:35','2023-02-24 15:05:35',NULL),(104,8522,104,104,NULL,0,NULL,'2023-02-24 15:05:35','2023-02-24 15:05:35',NULL);
INSERT INTO `cta_cte_cliente_pivot_receipt` VALUES (105,8522,105,105,NULL,0,NULL,'2023-02-24 15:05:35','2023-02-24 15:05:35',NULL),(106,8522,106,106,NULL,0,NULL,'2023-02-24 15:05:35','2023-02-24 15:05:35',NULL),(107,8522,107,107,NULL,0,NULL,'2023-02-24 15:05:35','2023-02-24 15:05:35',NULL),(108,8522,108,108,NULL,0,NULL,'2023-02-24 15:05:35','2023-02-24 15:05:35',NULL),(109,8522,109,109,NULL,0,NULL,'2023-02-24 15:05:35','2023-02-24 15:05:35',NULL),(110,8522,110,110,NULL,0,NULL,'2023-02-24 15:05:35','2023-02-24 15:05:35',NULL),(111,8522,111,111,NULL,0,NULL,'2023-02-24 15:05:35','2023-02-24 15:05:35',NULL),(112,8522,112,112,NULL,0,NULL,'2023-02-24 15:05:35','2023-02-24 15:05:35',NULL),(113,8522,113,113,NULL,0,NULL,'2023-02-24 15:05:35','2023-02-24 15:05:35',NULL),(114,8522,114,114,NULL,0,NULL,'2023-02-24 15:05:35','2023-02-24 15:05:35',NULL),(115,8522,115,115,NULL,0,NULL,'2023-02-24 15:05:35','2023-02-24 15:05:35',NULL),(116,8522,116,116,NULL,0,NULL,'2023-02-24 15:05:35','2023-02-24 15:05:35',NULL),(117,8522,117,117,NULL,0,NULL,'2023-02-24 15:05:35','2023-02-24 15:05:35',NULL),(368,8522,368,368,NULL,0,NULL,'2023-02-24 15:56:06','2023-02-24 15:56:06',NULL),(369,8522,369,369,NULL,0,NULL,'2023-02-24 15:56:06','2023-02-24 15:56:06',NULL),(370,8522,370,370,NULL,0,NULL,'2023-02-24 15:56:06','2023-02-24 15:56:06',NULL),(371,8522,371,371,NULL,0,NULL,'2023-02-24 15:56:06','2023-02-24 15:56:06',NULL),(372,8522,372,372,NULL,0,NULL,'2023-02-24 15:56:06','2023-02-24 15:56:06',NULL),(373,8522,373,373,NULL,0,NULL,'2023-02-24 15:56:06','2023-02-24 15:56:06',NULL),(374,8522,374,374,NULL,0,NULL,'2023-02-24 15:56:06','2023-02-24 15:56:06',NULL),(375,8522,375,375,NULL,0,NULL,'2023-02-24 15:56:06','2023-02-24 15:56:06',NULL),(376,8522,376,376,NULL,0,NULL,'2023-02-24 15:56:06','2023-02-24 15:56:06',NULL),(377,8522,377,377,NULL,0,NULL,'2023-02-24 15:56:06','2023-02-24 15:56:06',NULL),(378,8522,378,378,NULL,0,NULL,'2023-02-24 15:56:06','2023-02-24 15:56:06',NULL),(379,8522,379,379,NULL,0,NULL,'2023-02-24 15:56:06','2023-02-24 15:56:06',NULL),(380,8522,380,380,NULL,0,NULL,'2023-02-24 15:56:07','2023-02-24 15:56:07',NULL),(381,8522,381,381,NULL,0,NULL,'2023-02-24 15:56:07','2023-02-24 15:56:07',NULL),(382,8522,382,382,NULL,0,NULL,'2023-02-24 15:56:07','2023-02-24 15:56:07',NULL),(383,8522,383,383,NULL,0,NULL,'2023-02-24 15:56:07','2023-02-24 15:56:07',NULL),(384,8522,384,384,NULL,0,NULL,'2023-02-24 15:56:07','2023-02-24 15:56:07',NULL),(385,8522,385,385,NULL,0,NULL,'2023-02-24 15:56:07','2023-02-24 15:56:07',NULL),(386,8522,386,386,NULL,0,NULL,'2023-02-24 15:56:07','2023-02-24 15:56:07',NULL),(387,8522,387,387,NULL,0,NULL,'2023-02-24 15:56:07','2023-02-24 15:56:07',NULL),(388,8522,388,388,NULL,0,NULL,'2023-02-24 15:56:07','2023-02-24 15:56:07',NULL),(389,8522,389,389,NULL,0,NULL,'2023-02-24 15:56:07','2023-02-24 15:56:07',NULL),(390,8522,390,390,NULL,0,NULL,'2023-02-24 15:56:07','2023-02-24 15:56:07',NULL),(391,8522,391,391,NULL,0,NULL,'2023-02-24 15:56:07','2023-02-24 15:56:07',NULL),(392,8522,392,392,NULL,0,NULL,'2023-02-24 15:56:07','2023-02-24 15:56:07',NULL),(393,8522,393,393,NULL,0,NULL,'2023-02-24 15:56:07','2023-02-24 15:56:07',NULL),(394,8522,394,394,NULL,0,NULL,'2023-02-24 15:56:07','2023-02-24 15:56:07',NULL),(395,8522,395,395,NULL,0,NULL,'2023-02-24 15:56:07','2023-02-24 15:56:07',NULL),(396,8522,396,396,NULL,0,NULL,'2023-02-24 15:56:07','2023-02-24 15:56:07',NULL),(397,8522,397,397,NULL,0,NULL,'2023-02-24 15:56:07','2023-02-24 15:56:07',NULL),(398,8522,398,398,NULL,0,NULL,'2023-02-24 15:56:07','2023-02-24 15:56:07',NULL),(399,8522,399,399,NULL,0,NULL,'2023-02-24 15:56:07','2023-02-24 15:56:07',NULL),(400,8522,400,400,NULL,0,NULL,'2023-02-24 15:56:07','2023-02-24 15:56:07',NULL),(401,8522,401,401,NULL,0,NULL,'2023-02-24 15:56:07','2023-02-24 15:56:07',NULL),(402,8522,402,402,NULL,0,NULL,'2023-02-24 15:56:07','2023-02-24 15:56:07',NULL),(403,8522,403,403,NULL,0,NULL,'2023-02-24 15:56:07','2023-02-24 15:56:07',NULL);
INSERT INTO `cta_cte_cliente_pivot_receipt` VALUES (404,8522,404,404,NULL,0,NULL,'2023-02-24 15:56:07','2023-02-24 15:56:07',NULL),(405,8522,405,405,NULL,0,NULL,'2023-02-24 15:56:08','2023-02-24 15:56:08',NULL),(406,8522,406,406,NULL,0,NULL,'2023-02-24 15:56:08','2023-02-24 15:56:08',NULL),(407,8522,407,407,NULL,0,NULL,'2023-02-24 15:56:08','2023-02-24 15:56:08',NULL),(408,8522,408,408,NULL,0,NULL,'2023-02-24 15:56:08','2023-02-24 15:56:08',NULL),(409,8522,409,409,NULL,0,NULL,'2023-02-24 15:56:08','2023-02-24 15:56:08',NULL),(410,8522,410,410,NULL,0,NULL,'2023-02-24 15:56:08','2023-02-24 15:56:08',NULL),(411,8522,411,411,NULL,0,NULL,'2023-02-24 15:56:08','2023-02-24 15:56:08',NULL),(412,8522,412,412,NULL,0,NULL,'2023-02-24 15:56:08','2023-02-24 15:56:08',NULL),(413,8522,413,413,NULL,0,NULL,'2023-02-24 15:56:08','2023-02-24 15:56:08',NULL),(414,8522,414,414,NULL,0,NULL,'2023-02-24 15:56:08','2023-02-24 15:56:08',NULL),(415,8522,415,415,NULL,0,NULL,'2023-02-24 15:56:08','2023-02-24 15:56:08',NULL),(416,8522,416,416,NULL,0,NULL,'2023-02-24 15:56:08','2023-02-24 15:56:08',NULL),(417,8522,417,417,NULL,0,NULL,'2023-02-24 15:56:08','2023-02-24 15:56:08',NULL),(418,8522,418,418,NULL,0,NULL,'2023-02-24 15:56:08','2023-02-24 15:56:08',NULL),(419,8522,419,419,NULL,0,NULL,'2023-02-24 15:56:08','2023-02-24 15:56:08',NULL),(420,8522,420,420,NULL,0,NULL,'2023-02-24 15:56:08','2023-02-24 15:56:08',NULL),(421,8522,421,421,NULL,0,NULL,'2023-02-24 15:56:08','2023-02-24 15:56:08',NULL),(422,8522,422,422,NULL,0,NULL,'2023-02-24 15:56:08','2023-02-24 15:56:08',NULL),(423,8522,423,423,NULL,0,NULL,'2023-02-24 15:56:08','2023-02-24 15:56:08',NULL),(424,8522,424,424,NULL,0,NULL,'2023-02-24 15:56:08','2023-02-24 15:56:08',NULL),(425,8522,425,425,NULL,0,NULL,'2023-02-24 15:56:08','2023-02-24 15:56:08',NULL),(426,8522,426,426,NULL,0,NULL,'2023-02-24 15:56:08','2023-02-24 15:56:08',NULL),(427,8522,427,427,NULL,0,NULL,'2023-02-24 15:56:08','2023-02-24 15:56:08',NULL),(428,8522,428,428,NULL,0,NULL,'2023-02-24 15:56:08','2023-02-24 15:56:08',NULL),(429,8522,429,429,NULL,0,NULL,'2023-02-24 15:56:09','2023-02-24 15:56:09',NULL),(430,8522,430,430,NULL,0,NULL,'2023-02-24 15:56:09','2023-02-24 15:56:09',NULL),(431,8522,431,431,NULL,0,NULL,'2023-02-24 15:56:09','2023-02-24 15:56:09',NULL),(432,8522,432,432,NULL,0,NULL,'2023-02-24 15:56:09','2023-02-24 15:56:09',NULL),(433,8522,433,433,NULL,0,NULL,'2023-02-24 15:56:09','2023-02-24 15:56:09',NULL),(434,8522,434,434,NULL,0,NULL,'2023-02-24 15:56:09','2023-02-24 15:56:09',NULL),(435,8522,435,435,NULL,0,NULL,'2023-02-24 15:56:09','2023-02-24 15:56:09',NULL),(436,8522,436,436,NULL,0,NULL,'2023-02-24 15:56:09','2023-02-24 15:56:09',NULL),(437,8522,437,437,NULL,0,NULL,'2023-02-24 15:56:09','2023-02-24 15:56:09',NULL),(438,8522,438,438,NULL,0,NULL,'2023-02-24 15:56:09','2023-02-24 15:56:09',NULL),(439,8522,439,439,NULL,0,NULL,'2023-02-24 15:56:09','2023-02-24 15:56:09',NULL),(440,8522,440,440,NULL,0,NULL,'2023-02-24 15:56:09','2023-02-24 15:56:09',NULL),(441,8522,441,441,NULL,0,NULL,'2023-02-24 15:56:09','2023-02-24 15:56:09',NULL),(442,8522,442,442,NULL,0,NULL,'2023-02-24 15:56:09','2023-02-24 15:56:09',NULL),(443,8522,443,443,NULL,0,NULL,'2023-02-24 15:56:09','2023-02-24 15:56:09',NULL),(444,8522,444,444,NULL,0,NULL,'2023-02-24 15:56:09','2023-02-24 15:56:09',NULL),(445,8522,445,445,NULL,0,NULL,'2023-02-24 15:56:09','2023-02-24 15:56:09',NULL),(446,8522,446,446,NULL,0,NULL,'2023-02-24 15:56:09','2023-02-24 15:56:09',NULL),(447,8522,447,447,NULL,0,NULL,'2023-02-24 15:56:09','2023-02-24 15:56:09',NULL),(448,8522,448,448,NULL,0,NULL,'2023-02-24 15:56:09','2023-02-24 15:56:09',NULL),(449,8522,449,449,NULL,0,NULL,'2023-02-24 15:56:09','2023-02-24 15:56:09',NULL),(450,8522,450,450,NULL,0,NULL,'2023-02-24 15:56:09','2023-02-24 15:56:09',NULL),(451,8522,451,451,NULL,0,NULL,'2023-02-24 15:56:09','2023-02-24 15:56:09',NULL),(452,8522,452,452,NULL,0,NULL,'2023-02-24 15:56:09','2023-02-24 15:56:09',NULL);
INSERT INTO `cta_cte_cliente_pivot_receipt` VALUES (453,8522,453,453,NULL,0,NULL,'2023-02-24 15:56:10','2023-02-24 15:56:10',NULL),(454,8522,454,454,NULL,0,NULL,'2023-02-24 15:56:10','2023-02-24 15:56:10',NULL),(455,8522,455,455,NULL,0,NULL,'2023-02-24 15:56:10','2023-02-24 15:56:10',NULL),(456,8522,456,456,NULL,0,NULL,'2023-02-24 15:56:10','2023-02-24 15:56:10',NULL),(457,8522,457,457,NULL,0,NULL,'2023-02-24 15:56:10','2023-02-24 15:56:10',NULL),(458,8522,458,458,NULL,0,NULL,'2023-02-24 15:56:10','2023-02-24 15:56:10',NULL),(459,8522,459,459,NULL,0,NULL,'2023-02-24 15:56:10','2023-02-24 15:56:10',NULL),(460,8522,460,460,NULL,0,NULL,'2023-02-24 15:56:10','2023-02-24 15:56:10',NULL),(461,8522,461,461,NULL,0,NULL,'2023-02-24 15:56:10','2023-02-24 15:56:10',NULL),(462,8522,462,462,NULL,0,NULL,'2023-02-24 15:56:10','2023-02-24 15:56:10',NULL),(463,8522,463,463,NULL,0,NULL,'2023-02-24 15:56:10','2023-02-24 15:56:10',NULL),(464,8522,464,464,NULL,0,NULL,'2023-02-24 15:56:10','2023-02-24 15:56:10',NULL),(465,8522,465,465,NULL,0,NULL,'2023-02-24 15:56:10','2023-02-24 15:56:10',NULL),(466,8522,466,466,NULL,0,NULL,'2023-02-24 15:56:10','2023-02-24 15:56:10',NULL),(467,8522,467,467,NULL,0,NULL,'2023-02-24 15:56:10','2023-02-24 15:56:10',NULL),(468,8522,468,468,NULL,0,NULL,'2023-02-24 15:56:10','2023-02-24 15:56:10',NULL),(469,8522,469,469,NULL,0,NULL,'2023-02-24 15:56:10','2023-02-24 15:56:10',NULL),(470,8522,470,470,NULL,0,NULL,'2023-02-24 15:56:10','2023-02-24 15:56:10',NULL),(471,8522,471,471,NULL,0,NULL,'2023-02-24 15:56:10','2023-02-24 15:56:10',NULL),(472,8522,472,472,NULL,0,NULL,'2023-02-24 15:56:10','2023-02-24 15:56:10',NULL),(473,8522,473,473,NULL,0,NULL,'2023-02-24 15:56:10','2023-02-24 15:56:10',NULL),(474,8522,474,474,NULL,0,NULL,'2023-02-24 15:56:10','2023-02-24 15:56:10',NULL),(475,8522,475,475,NULL,0,NULL,'2023-02-24 15:56:10','2023-02-24 15:56:10',NULL),(476,8522,476,476,NULL,0,NULL,'2023-02-24 15:56:10','2023-02-24 15:56:10',NULL),(477,8522,477,477,NULL,0,NULL,'2023-02-24 15:56:11','2023-02-24 15:56:11',NULL),(478,8522,478,478,NULL,0,NULL,'2023-02-24 15:56:11','2023-02-24 15:56:11',NULL),(479,8522,479,479,NULL,0,NULL,'2023-02-24 15:56:11','2023-02-24 15:56:11',NULL),(480,8522,480,480,NULL,0,NULL,'2023-02-24 15:56:11','2023-02-24 15:56:11',NULL),(481,8522,481,481,NULL,0,NULL,'2023-02-24 15:56:11','2023-02-24 15:56:11',NULL),(482,8522,482,482,NULL,0,NULL,'2023-02-24 15:56:11','2023-02-24 15:56:11',NULL),(483,8522,483,483,NULL,0,NULL,'2023-02-24 15:56:11','2023-02-24 15:56:11',NULL),(484,8522,484,484,NULL,0,NULL,'2023-02-24 15:56:11','2023-02-24 15:56:11',NULL),(485,8522,485,485,NULL,0,NULL,'2023-02-24 15:56:11','2023-02-24 15:56:11',NULL),(486,8522,486,486,NULL,0,NULL,'2023-02-24 15:56:11','2023-02-24 15:56:11',NULL),(487,8522,487,487,NULL,0,NULL,'2023-02-24 15:56:11','2023-02-24 15:56:11',NULL),(488,8522,488,488,NULL,0,NULL,'2023-02-24 15:56:11','2023-02-24 15:56:11',NULL),(489,8522,489,489,NULL,0,NULL,'2023-02-24 15:56:11','2023-02-24 15:56:11',NULL),(490,8522,490,490,NULL,0,NULL,'2023-02-24 15:56:11','2023-02-24 15:56:11',NULL),(491,8522,491,491,NULL,0,NULL,'2023-02-24 15:56:11','2023-02-24 15:56:11',NULL),(492,8522,492,492,NULL,0,NULL,'2023-02-24 15:56:11','2023-02-24 15:56:11',NULL),(493,8522,493,493,NULL,0,NULL,'2023-02-24 15:56:11','2023-02-24 15:56:11',NULL),(494,8522,494,494,NULL,0,NULL,'2023-02-24 15:56:11','2023-02-24 15:56:11',NULL),(495,8522,495,495,NULL,0,NULL,'2023-02-24 15:56:11','2023-02-24 15:56:11',NULL),(496,8522,496,496,NULL,0,NULL,'2023-02-24 15:56:11','2023-02-24 15:56:11',NULL),(873,NULL,873,873,NULL,0,NULL,'2023-02-24 16:16:35','2023-02-24 16:16:35',NULL),(874,NULL,874,874,NULL,0,NULL,'2023-02-24 16:16:35','2023-02-24 16:16:35',NULL),(875,NULL,875,875,NULL,0,NULL,'2023-02-24 16:16:35','2023-02-24 16:16:35',NULL),(876,NULL,876,876,NULL,0,NULL,'2023-02-24 16:16:35','2023-02-24 16:16:35',NULL),(877,NULL,877,877,NULL,0,NULL,'2023-02-24 16:16:35','2023-02-24 16:16:35',NULL);
INSERT INTO `cta_cte_cliente_pivot_receipt` VALUES (878,NULL,878,878,NULL,0,NULL,'2023-02-24 16:16:35','2023-02-24 16:16:35',NULL),(879,NULL,879,879,NULL,0,NULL,'2023-02-24 16:16:35','2023-02-24 16:16:35',NULL),(880,NULL,880,880,NULL,0,NULL,'2023-02-24 16:16:35','2023-02-24 16:16:35',NULL),(881,NULL,881,881,NULL,0,NULL,'2023-02-24 16:16:36','2023-02-24 16:16:36',NULL),(882,NULL,882,882,NULL,0,NULL,'2023-02-24 16:16:36','2023-02-24 16:16:36',NULL),(883,NULL,883,883,NULL,0,NULL,'2023-02-24 16:16:36','2023-02-24 16:16:36',NULL),(884,NULL,884,884,NULL,0,NULL,'2023-02-24 16:16:36','2023-02-24 16:16:36',NULL),(885,NULL,885,885,NULL,0,NULL,'2023-02-24 16:16:36','2023-02-24 16:16:36',NULL),(886,NULL,886,886,NULL,0,NULL,'2023-02-24 16:16:36','2023-02-24 16:16:36',NULL),(887,NULL,887,887,NULL,0,NULL,'2023-02-24 16:16:36','2023-02-24 16:16:36',NULL),(888,NULL,888,888,NULL,0,NULL,'2023-02-24 16:16:36','2023-02-24 16:16:36',NULL),(889,NULL,889,889,NULL,0,NULL,'2023-02-24 16:16:36','2023-02-24 16:16:36',NULL),(890,NULL,890,890,NULL,0,NULL,'2023-02-24 16:16:36','2023-02-24 16:16:36',NULL),(891,NULL,891,891,NULL,0,NULL,'2023-02-24 16:16:36','2023-02-24 16:16:36',NULL),(892,NULL,892,892,NULL,0,NULL,'2023-02-24 16:16:36','2023-02-24 16:16:36',NULL),(893,NULL,893,893,NULL,0,NULL,'2023-02-24 16:16:36','2023-02-24 16:16:36',NULL),(894,NULL,894,894,NULL,0,NULL,'2023-02-24 16:16:36','2023-02-24 16:16:36',NULL),(895,NULL,895,895,NULL,0,NULL,'2023-02-24 16:16:36','2023-02-24 16:16:36',NULL),(896,NULL,896,896,NULL,0,NULL,'2023-02-24 16:16:36','2023-02-24 16:16:36',NULL),(897,NULL,897,897,NULL,0,NULL,'2023-02-24 16:16:36','2023-02-24 16:16:36',NULL),(898,NULL,898,898,NULL,0,NULL,'2023-02-24 16:16:36','2023-02-24 16:16:36',NULL),(899,NULL,899,899,NULL,0,NULL,'2023-02-24 16:16:36','2023-02-24 16:16:36',NULL),(900,NULL,900,900,NULL,0,NULL,'2023-02-24 16:16:36','2023-02-24 16:16:36',NULL),(901,NULL,901,901,NULL,0,NULL,'2023-02-24 16:16:36','2023-02-24 16:16:36',NULL),(902,NULL,902,902,NULL,0,NULL,'2023-02-24 16:16:36','2023-02-24 16:16:36',NULL),(903,NULL,903,903,NULL,0,NULL,'2023-02-24 16:16:36','2023-02-24 16:16:36',NULL),(904,NULL,904,904,NULL,0,NULL,'2023-02-24 16:16:36','2023-02-24 16:16:36',NULL),(905,NULL,905,905,NULL,0,NULL,'2023-02-24 16:16:37','2023-02-24 16:16:37',NULL),(906,NULL,906,906,NULL,0,NULL,'2023-02-24 16:16:37','2023-02-24 16:16:37',NULL),(907,NULL,907,907,NULL,0,NULL,'2023-02-24 16:16:37','2023-02-24 16:16:37',NULL),(908,NULL,908,908,NULL,0,NULL,'2023-02-24 16:16:37','2023-02-24 16:16:37',NULL),(909,NULL,909,909,NULL,0,NULL,'2023-02-24 16:16:37','2023-02-24 16:16:37',NULL),(910,NULL,910,910,NULL,0,NULL,'2023-02-24 16:16:37','2023-02-24 16:16:37',NULL),(911,NULL,911,911,NULL,0,NULL,'2023-02-24 16:16:37','2023-02-24 16:16:37',NULL),(912,NULL,912,912,NULL,0,NULL,'2023-02-24 16:16:37','2023-02-24 16:16:37',NULL),(913,NULL,913,913,NULL,0,NULL,'2023-02-24 16:16:37','2023-02-24 16:16:37',NULL),(914,NULL,914,914,NULL,0,NULL,'2023-02-24 16:16:37','2023-02-24 16:16:37',NULL),(915,NULL,915,915,NULL,0,NULL,'2023-02-24 16:16:37','2023-02-24 16:16:37',NULL),(916,NULL,916,916,NULL,0,NULL,'2023-02-24 16:16:37','2023-02-24 16:16:37',NULL),(917,NULL,917,917,NULL,0,NULL,'2023-02-24 16:16:37','2023-02-24 16:16:37',NULL),(918,NULL,918,918,NULL,0,NULL,'2023-02-24 16:16:37','2023-02-24 16:16:37',NULL),(919,NULL,919,919,NULL,0,NULL,'2023-02-24 16:16:37','2023-02-24 16:16:37',NULL),(920,NULL,920,920,NULL,0,NULL,'2023-02-24 16:16:37','2023-02-24 16:16:37',NULL),(921,NULL,921,921,NULL,0,NULL,'2023-02-24 16:16:37','2023-02-24 16:16:37',NULL),(922,NULL,922,922,NULL,0,NULL,'2023-02-24 16:16:37','2023-02-24 16:16:37',NULL),(923,NULL,923,923,NULL,0,NULL,'2023-02-24 16:16:37','2023-02-24 16:16:37',NULL),(924,NULL,924,924,NULL,0,NULL,'2023-02-24 16:16:37','2023-02-24 16:16:37',NULL),(925,NULL,925,925,NULL,0,NULL,'2023-02-24 16:16:37','2023-02-24 16:16:37',NULL),(926,NULL,926,926,NULL,0,NULL,'2023-02-24 16:16:37','2023-02-24 16:16:37',NULL);
INSERT INTO `cta_cte_cliente_pivot_receipt` VALUES (927,NULL,927,927,NULL,0,NULL,'2023-02-24 16:16:37','2023-02-24 16:16:37',NULL),(928,NULL,928,928,NULL,0,NULL,'2023-02-24 16:16:37','2023-02-24 16:16:37',NULL),(929,NULL,929,929,NULL,0,NULL,'2023-02-24 16:16:37','2023-02-24 16:16:37',NULL),(930,NULL,930,930,NULL,0,NULL,'2023-02-24 16:16:37','2023-02-24 16:16:37',NULL),(931,NULL,931,931,NULL,0,NULL,'2023-02-24 16:16:37','2023-02-24 16:16:37',NULL),(932,NULL,932,932,NULL,0,NULL,'2023-02-24 16:16:38','2023-02-24 16:16:38',NULL),(933,NULL,933,933,NULL,0,NULL,'2023-02-24 16:16:38','2023-02-24 16:16:38',NULL),(934,NULL,934,934,NULL,0,NULL,'2023-02-24 16:16:38','2023-02-24 16:16:38',NULL),(935,NULL,935,935,NULL,0,NULL,'2023-02-24 16:16:38','2023-02-24 16:16:38',NULL),(936,NULL,936,936,NULL,0,NULL,'2023-02-24 16:16:38','2023-02-24 16:16:38',NULL),(937,NULL,937,937,NULL,0,NULL,'2023-02-24 16:16:38','2023-02-24 16:16:38',NULL),(938,NULL,938,938,NULL,0,NULL,'2023-02-24 16:16:38','2023-02-24 16:16:38',NULL),(939,NULL,939,939,NULL,0,NULL,'2023-02-24 16:16:38','2023-02-24 16:16:38',NULL),(940,NULL,940,940,NULL,0,NULL,'2023-02-24 16:16:38','2023-02-24 16:16:38',NULL),(941,NULL,941,941,NULL,0,NULL,'2023-02-24 16:16:38','2023-02-24 16:16:38',NULL),(942,NULL,942,942,NULL,0,NULL,'2023-02-24 16:16:38','2023-02-24 16:16:38',NULL),(943,NULL,943,943,NULL,0,NULL,'2023-02-24 16:16:38','2023-02-24 16:16:38',NULL),(944,NULL,944,944,NULL,0,NULL,'2023-02-24 16:16:38','2023-02-24 16:16:38',NULL),(945,NULL,945,945,NULL,0,NULL,'2023-02-24 16:16:38','2023-02-24 16:16:38',NULL),(946,NULL,946,946,NULL,0,NULL,'2023-02-24 16:16:38','2023-02-24 16:16:38',NULL),(947,NULL,947,947,NULL,0,NULL,'2023-02-24 16:16:38','2023-02-24 16:16:38',NULL),(948,NULL,948,948,NULL,0,NULL,'2023-02-24 16:16:38','2023-02-24 16:16:38',NULL),(949,NULL,949,949,NULL,0,NULL,'2023-02-24 16:16:38','2023-02-24 16:16:38',NULL),(950,NULL,950,950,NULL,0,NULL,'2023-02-24 16:16:38','2023-02-24 16:16:38',NULL),(951,NULL,951,951,NULL,0,NULL,'2023-02-24 16:16:38','2023-02-24 16:16:38',NULL),(952,NULL,952,952,NULL,0,NULL,'2023-02-24 16:16:38','2023-02-24 16:16:38',NULL),(953,NULL,953,953,NULL,0,NULL,'2023-02-24 16:16:38','2023-02-24 16:16:38',NULL),(954,NULL,954,954,NULL,0,NULL,'2023-02-24 16:16:38','2023-02-24 16:16:38',NULL),(955,NULL,955,955,NULL,0,NULL,'2023-02-24 16:16:38','2023-02-24 16:16:38',NULL),(956,NULL,956,956,NULL,0,NULL,'2023-02-24 16:16:38','2023-02-24 16:16:38',NULL),(957,NULL,957,957,NULL,0,NULL,'2023-02-24 16:16:38','2023-02-24 16:16:38',NULL),(958,NULL,958,958,NULL,0,NULL,'2023-02-24 16:16:38','2023-02-24 16:16:38',NULL),(959,NULL,959,959,NULL,0,NULL,'2023-02-24 16:16:38','2023-02-24 16:16:38',NULL),(960,NULL,960,960,NULL,0,NULL,'2023-02-24 16:16:38','2023-02-24 16:16:38',NULL),(961,NULL,961,961,NULL,0,NULL,'2023-02-24 16:16:39','2023-02-24 16:16:39',NULL),(962,NULL,962,962,NULL,0,NULL,'2023-02-24 16:16:39','2023-02-24 16:16:39',NULL),(963,NULL,963,963,NULL,0,NULL,'2023-02-24 16:16:39','2023-02-24 16:16:39',NULL),(964,NULL,964,964,NULL,0,NULL,'2023-02-24 16:16:39','2023-02-24 16:16:39',NULL),(965,NULL,965,965,NULL,0,NULL,'2023-02-24 16:16:39','2023-02-24 16:16:39',NULL),(966,NULL,966,966,NULL,0,NULL,'2023-02-24 16:16:39','2023-02-24 16:16:39',NULL),(967,NULL,967,967,NULL,0,NULL,'2023-02-24 16:16:39','2023-02-24 16:16:39',NULL),(968,NULL,968,968,NULL,0,NULL,'2023-02-24 16:16:39','2023-02-24 16:16:39',NULL),(969,NULL,969,969,NULL,0,NULL,'2023-02-24 16:16:39','2023-02-24 16:16:39',NULL),(970,NULL,970,970,NULL,0,NULL,'2023-02-24 16:16:39','2023-02-24 16:16:39',NULL),(971,NULL,971,971,NULL,0,NULL,'2023-02-24 16:16:39','2023-02-24 16:16:39',NULL),(972,NULL,972,972,NULL,0,NULL,'2023-02-24 16:16:39','2023-02-24 16:16:39',NULL),(973,NULL,973,973,NULL,0,NULL,'2023-02-24 16:16:39','2023-02-24 16:16:39',NULL),(974,NULL,974,974,NULL,0,NULL,'2023-02-24 16:16:39','2023-02-24 16:16:39',NULL),(975,NULL,975,975,NULL,0,NULL,'2023-02-24 16:16:39','2023-02-24 16:16:39',NULL);
INSERT INTO `cta_cte_cliente_pivot_receipt` VALUES (976,NULL,976,976,NULL,0,NULL,'2023-02-24 16:16:39','2023-02-24 16:16:39',NULL),(977,NULL,977,977,NULL,0,NULL,'2023-02-24 16:16:39','2023-02-24 16:16:39',NULL),(978,NULL,978,978,NULL,0,NULL,'2023-02-24 16:16:39','2023-02-24 16:16:39',NULL),(979,NULL,979,979,NULL,0,NULL,'2023-02-24 16:16:39','2023-02-24 16:16:39',NULL),(980,NULL,980,980,NULL,0,NULL,'2023-02-24 16:16:39','2023-02-24 16:16:39',NULL),(981,NULL,981,981,NULL,0,NULL,'2023-02-24 16:16:39','2023-02-24 16:16:39',NULL),(982,NULL,982,982,NULL,0,NULL,'2023-02-24 16:16:39','2023-02-24 16:16:39',NULL),(983,NULL,983,983,NULL,0,NULL,'2023-02-24 16:16:39','2023-02-24 16:16:39',NULL),(984,NULL,984,984,NULL,0,NULL,'2023-02-24 16:16:39','2023-02-24 16:16:39',NULL),(985,NULL,985,985,NULL,0,NULL,'2023-02-24 16:16:40','2023-02-24 16:16:40',NULL),(986,NULL,986,986,NULL,0,NULL,'2023-02-24 16:16:40','2023-02-24 16:16:40',NULL),(987,NULL,987,987,NULL,0,NULL,'2023-02-24 16:16:40','2023-02-24 16:16:40',NULL),(988,NULL,988,988,NULL,0,NULL,'2023-02-24 16:16:40','2023-02-24 16:16:40',NULL),(989,NULL,989,989,NULL,0,NULL,'2023-02-24 16:16:40','2023-02-24 16:16:40',NULL),(990,NULL,990,990,NULL,0,NULL,'2023-02-24 16:16:40','2023-02-24 16:16:40',NULL),(991,NULL,991,991,NULL,0,NULL,'2023-02-24 16:16:40','2023-02-24 16:16:40',NULL),(992,NULL,992,992,NULL,0,NULL,'2023-02-24 16:16:40','2023-02-24 16:16:40',NULL),(993,NULL,993,993,NULL,0,NULL,'2023-02-24 16:16:40','2023-02-24 16:16:40',NULL),(994,NULL,994,994,NULL,0,NULL,'2023-02-24 16:16:40','2023-02-24 16:16:40',NULL),(995,NULL,995,995,NULL,0,NULL,'2023-02-24 16:16:40','2023-02-24 16:16:40',NULL),(996,NULL,996,996,NULL,0,NULL,'2023-02-24 16:16:40','2023-02-24 16:16:40',NULL),(997,NULL,997,997,NULL,0,NULL,'2023-02-24 16:16:40','2023-02-24 16:16:40',NULL),(998,NULL,998,998,NULL,0,NULL,'2023-02-24 16:16:40','2023-02-24 16:16:40',NULL),(999,NULL,999,999,NULL,0,NULL,'2023-02-24 16:16:41','2023-02-24 16:16:41',NULL),(1000,NULL,1000,1000,NULL,0,NULL,'2023-02-24 16:16:41','2023-02-24 16:16:41',NULL),(1001,NULL,1001,1001,NULL,0,NULL,'2023-02-24 16:16:41','2023-02-24 16:16:41',NULL),(1002,NULL,1002,1002,NULL,0,NULL,'2023-02-24 16:16:41','2023-02-24 16:16:41',NULL),(1003,NULL,1003,1003,NULL,0,NULL,'2023-02-24 16:16:41','2023-02-24 16:16:41',NULL),(1004,NULL,1004,1004,NULL,0,NULL,'2023-02-24 16:16:41','2023-02-24 16:16:41',NULL),(1005,NULL,1005,1005,NULL,0,NULL,'2023-02-24 16:16:41','2023-02-24 16:16:41',NULL),(1006,NULL,1006,1006,NULL,0,NULL,'2023-02-24 16:16:41','2023-02-24 16:16:41',NULL),(1007,NULL,1007,1007,NULL,0,NULL,'2023-02-24 16:16:41','2023-02-24 16:16:41',NULL),(1008,NULL,1008,1008,NULL,0,NULL,'2023-02-24 16:16:41','2023-02-24 16:16:41',NULL),(1009,NULL,1009,1009,NULL,0,NULL,'2023-02-24 16:16:41','2023-02-24 16:16:41',NULL),(1010,NULL,1010,1010,NULL,0,NULL,'2023-02-24 16:16:41','2023-02-24 16:16:41',NULL),(1011,NULL,1011,1011,NULL,0,NULL,'2023-02-24 16:16:41','2023-02-24 16:16:41',NULL),(1012,NULL,1012,1012,NULL,0,NULL,'2023-02-24 16:16:41','2023-02-24 16:16:41',NULL),(1013,NULL,1013,1013,NULL,0,NULL,'2023-02-24 16:16:41','2023-02-24 16:16:41',NULL),(1014,NULL,1014,1014,NULL,0,NULL,'2023-02-24 16:16:41','2023-02-24 16:16:41',NULL),(1015,NULL,1015,1015,NULL,0,NULL,'2023-02-24 16:16:41','2023-02-24 16:16:41',NULL),(1016,NULL,1016,1016,NULL,0,NULL,'2023-02-24 16:16:42','2023-02-24 16:16:42',NULL),(1017,NULL,1017,1017,NULL,0,NULL,'2023-02-24 16:16:42','2023-02-24 16:16:42',NULL),(1018,NULL,1018,1018,NULL,0,NULL,'2023-02-24 16:16:42','2023-02-24 16:16:42',NULL),(1019,NULL,1019,1019,NULL,0,NULL,'2023-02-24 16:16:42','2023-02-24 16:16:42',NULL),(1020,NULL,1020,1020,NULL,0,NULL,'2023-02-24 16:16:42','2023-02-24 16:16:42',NULL),(1021,NULL,1021,1021,NULL,0,NULL,'2023-02-24 16:16:42','2023-02-24 16:16:42',NULL),(1022,NULL,1022,1022,NULL,0,NULL,'2023-02-24 16:16:42','2023-02-24 16:16:42',NULL),(1023,NULL,1023,1023,NULL,0,NULL,'2023-02-24 16:16:42','2023-02-24 16:16:42',NULL);
INSERT INTO `cta_cte_cliente_pivot_receipt` VALUES (1024,NULL,1024,1024,NULL,0,NULL,'2023-02-24 16:16:42','2023-02-24 16:16:42',NULL),(1025,NULL,1025,1025,NULL,0,NULL,'2023-02-24 16:16:42','2023-02-24 16:16:42',NULL),(1026,NULL,1026,1026,NULL,0,NULL,'2023-02-24 16:16:42','2023-02-24 16:16:42',NULL),(1027,NULL,1027,1027,NULL,0,NULL,'2023-02-24 16:16:42','2023-02-24 16:16:42',NULL),(1028,NULL,1028,1028,NULL,0,NULL,'2023-02-24 16:16:42','2023-02-24 16:16:42',NULL),(1029,NULL,1029,1029,NULL,0,NULL,'2023-02-24 16:16:42','2023-02-24 16:16:42',NULL),(1030,NULL,1030,1030,NULL,0,NULL,'2023-02-24 16:16:42','2023-02-24 16:16:42',NULL),(1031,NULL,1031,1031,NULL,0,NULL,'2023-02-24 16:16:42','2023-02-24 16:16:42',NULL),(1032,NULL,1032,1032,NULL,0,NULL,'2023-02-24 16:16:42','2023-02-24 16:16:42',NULL),(1033,NULL,1033,1033,NULL,0,NULL,'2023-02-24 16:16:42','2023-02-24 16:16:42',NULL),(1034,NULL,1034,1034,NULL,0,NULL,'2023-02-24 16:16:42','2023-02-24 16:16:42',NULL),(1035,NULL,1035,1035,NULL,0,NULL,'2023-02-24 16:16:42','2023-02-24 16:16:42',NULL),(1036,NULL,1036,1036,NULL,0,NULL,'2023-02-24 16:16:42','2023-02-24 16:16:42',NULL),(1037,NULL,1037,1037,NULL,0,NULL,'2023-02-24 16:16:42','2023-02-24 16:16:42',NULL),(1038,NULL,1038,1038,NULL,0,NULL,'2023-02-24 16:16:42','2023-02-24 16:16:42',NULL),(1039,NULL,1039,1039,NULL,0,NULL,'2023-02-24 16:16:42','2023-02-24 16:16:42',NULL),(1040,NULL,1040,1040,NULL,0,NULL,'2023-02-24 16:16:42','2023-02-24 16:16:42',NULL),(1041,NULL,1041,1041,NULL,0,NULL,'2023-02-24 16:16:42','2023-02-24 16:16:42',NULL),(1042,NULL,1042,1042,NULL,0,NULL,'2023-02-24 16:16:42','2023-02-24 16:16:42',NULL),(1043,NULL,1043,1043,NULL,0,NULL,'2023-02-24 16:16:42','2023-02-24 16:16:42',NULL),(1044,NULL,1044,1044,NULL,0,NULL,'2023-02-24 16:16:42','2023-02-24 16:16:42',NULL),(1045,NULL,1045,1045,NULL,0,NULL,'2023-02-24 16:16:43','2023-02-24 16:16:43',NULL),(1046,NULL,1046,1046,NULL,0,NULL,'2023-02-24 16:16:43','2023-02-24 16:16:43',NULL),(1047,NULL,1047,1047,NULL,0,NULL,'2023-02-24 16:16:43','2023-02-24 16:16:43',NULL),(1048,NULL,1048,1048,NULL,0,NULL,'2023-02-24 16:16:43','2023-02-24 16:16:43',NULL),(1049,NULL,1049,1049,NULL,0,NULL,'2023-02-24 16:16:43','2023-02-24 16:16:43',NULL),(1050,NULL,1050,1050,NULL,0,NULL,'2023-02-24 16:16:43','2023-02-24 16:16:43',NULL),(1051,NULL,1051,1051,NULL,0,NULL,'2023-02-24 16:16:43','2023-02-24 16:16:43',NULL),(1052,NULL,1052,1052,NULL,0,NULL,'2023-02-24 16:16:43','2023-02-24 16:16:43',NULL),(1053,NULL,1053,1053,NULL,0,NULL,'2023-02-24 16:16:43','2023-02-24 16:16:43',NULL),(1054,NULL,1054,1054,NULL,0,NULL,'2023-02-24 16:16:43','2023-02-24 16:16:43',NULL),(1055,NULL,1055,1055,NULL,0,NULL,'2023-02-24 16:16:43','2023-02-24 16:16:43',NULL),(1056,NULL,1056,1056,NULL,0,NULL,'2023-02-24 16:16:43','2023-02-24 16:16:43',NULL),(1057,NULL,1057,1057,NULL,0,NULL,'2023-02-24 16:16:43','2023-02-24 16:16:43',NULL),(1058,NULL,1058,1058,NULL,0,NULL,'2023-02-24 16:16:43','2023-02-24 16:16:43',NULL),(1059,NULL,1059,1059,NULL,0,NULL,'2023-02-24 16:16:43','2023-02-24 16:16:43',NULL),(1060,NULL,1060,1060,NULL,0,NULL,'2023-02-24 16:16:43','2023-02-24 16:16:43',NULL),(1061,NULL,1061,1061,NULL,0,NULL,'2023-02-24 16:16:43','2023-02-24 16:16:43',NULL),(1062,NULL,1062,1062,NULL,0,NULL,'2023-02-24 16:16:43','2023-02-24 16:16:43',NULL),(1063,NULL,1063,1063,NULL,0,NULL,'2023-02-24 16:16:43','2023-02-24 16:16:43',NULL),(1064,NULL,1064,1064,NULL,0,NULL,'2023-02-24 16:16:43','2023-02-24 16:16:43',NULL),(1065,NULL,1065,1065,NULL,0,NULL,'2023-02-24 16:16:43','2023-02-24 16:16:43',NULL),(1066,NULL,1066,1066,NULL,0,NULL,'2023-02-24 16:16:43','2023-02-24 16:16:43',NULL),(1067,NULL,1067,1067,NULL,0,NULL,'2023-02-24 16:16:43','2023-02-24 16:16:43',NULL),(1068,NULL,1068,1068,NULL,0,NULL,'2023-02-24 16:16:43','2023-02-24 16:16:43',NULL),(1069,NULL,1069,1069,NULL,0,NULL,'2023-02-24 16:16:43','2023-02-24 16:16:43',NULL),(1070,NULL,1070,1070,NULL,0,NULL,'2023-02-24 16:16:43','2023-02-24 16:16:43',NULL),(1071,NULL,1071,1071,NULL,0,NULL,'2023-02-24 16:16:43','2023-02-24 16:16:43',NULL);
INSERT INTO `cta_cte_cliente_pivot_receipt` VALUES (1072,NULL,1072,1072,NULL,0,NULL,'2023-02-24 16:16:44','2023-02-24 16:16:44',NULL),(1073,NULL,1073,1073,NULL,0,NULL,'2023-02-24 16:16:44','2023-02-24 16:16:44',NULL),(1074,NULL,1074,1074,NULL,0,NULL,'2023-02-24 16:16:44','2023-02-24 16:16:44',NULL),(1075,NULL,1075,1075,NULL,0,NULL,'2023-02-24 16:16:44','2023-02-24 16:16:44',NULL),(1076,NULL,1076,1076,NULL,0,NULL,'2023-02-24 16:16:44','2023-02-24 16:16:44',NULL),(1077,NULL,1077,1077,NULL,0,NULL,'2023-02-24 16:16:44','2023-02-24 16:16:44',NULL),(1078,NULL,1078,1078,NULL,0,NULL,'2023-02-24 16:16:44','2023-02-24 16:16:44',NULL),(1079,NULL,1079,1079,NULL,0,NULL,'2023-02-24 16:16:44','2023-02-24 16:16:44',NULL),(1080,NULL,1080,1080,NULL,0,NULL,'2023-02-24 16:16:44','2023-02-24 16:16:44',NULL),(1081,NULL,1081,1081,NULL,0,NULL,'2023-02-24 16:16:44','2023-02-24 16:16:44',NULL),(1082,NULL,1082,1082,NULL,0,NULL,'2023-02-24 16:16:44','2023-02-24 16:16:44',NULL),(1083,NULL,1083,1083,NULL,0,NULL,'2023-02-24 16:16:44','2023-02-24 16:16:44',NULL),(1084,NULL,1084,1084,NULL,0,NULL,'2023-02-24 16:16:44','2023-02-24 16:16:44',NULL),(1085,NULL,1085,1085,NULL,0,NULL,'2023-02-24 16:16:44','2023-02-24 16:16:44',NULL),(1086,NULL,1086,1086,NULL,0,NULL,'2023-02-24 16:16:44','2023-02-24 16:16:44',NULL),(1087,NULL,1087,1087,NULL,0,NULL,'2023-02-24 16:16:44','2023-02-24 16:16:44',NULL),(1088,NULL,1088,1088,NULL,0,NULL,'2023-02-24 16:16:44','2023-02-24 16:16:44',NULL),(1089,NULL,1089,1089,NULL,0,NULL,'2023-02-24 16:16:44','2023-02-24 16:16:44',NULL),(1090,NULL,1090,1090,NULL,0,NULL,'2023-02-24 16:16:44','2023-02-24 16:16:44',NULL),(1091,NULL,1091,1091,NULL,0,NULL,'2023-02-24 16:16:44','2023-02-24 16:16:44',NULL),(1092,NULL,1092,1092,NULL,0,NULL,'2023-02-24 16:16:44','2023-02-24 16:16:44',NULL),(1093,NULL,1093,1093,NULL,0,NULL,'2023-02-24 16:16:44','2023-02-24 16:16:44',NULL),(1094,NULL,1094,1094,NULL,0,NULL,'2023-02-24 16:16:44','2023-02-24 16:16:44',NULL),(1095,NULL,1095,1095,NULL,0,NULL,'2023-02-24 16:16:44','2023-02-24 16:16:44',NULL),(1096,NULL,1096,1096,NULL,0,NULL,'2023-02-24 16:16:44','2023-02-24 16:16:44',NULL),(1097,NULL,1097,1097,NULL,0,NULL,'2023-02-24 16:16:44','2023-02-24 16:16:44',NULL),(1098,NULL,1098,1098,NULL,0,NULL,'2023-02-24 16:16:44','2023-02-24 16:16:44',NULL),(1099,NULL,1099,1099,NULL,0,NULL,'2023-02-24 16:16:45','2023-02-24 16:16:45',NULL),(1100,NULL,1100,1100,NULL,0,NULL,'2023-02-24 16:16:45','2023-02-24 16:16:45',NULL),(1101,NULL,1101,1101,NULL,0,NULL,'2023-02-24 16:16:45','2023-02-24 16:16:45',NULL),(1102,NULL,1102,1102,NULL,0,NULL,'2023-02-24 16:16:45','2023-02-24 16:16:45',NULL),(1103,NULL,1103,1103,NULL,0,NULL,'2023-02-24 16:16:45','2023-02-24 16:16:45',NULL),(1104,NULL,1104,1104,NULL,0,NULL,'2023-02-24 16:16:45','2023-02-24 16:16:45',NULL),(1105,NULL,1105,1105,NULL,0,NULL,'2023-02-24 16:16:45','2023-02-24 16:16:45',NULL),(1106,NULL,1106,1106,NULL,0,NULL,'2023-02-24 16:16:45','2023-02-24 16:16:45',NULL),(1107,NULL,1107,1107,NULL,0,NULL,'2023-02-24 16:16:45','2023-02-24 16:16:45',NULL),(1108,NULL,1108,1108,NULL,0,NULL,'2023-02-24 16:16:45','2023-02-24 16:16:45',NULL),(1109,NULL,1109,1109,NULL,0,NULL,'2023-02-24 16:16:45','2023-02-24 16:16:45',NULL),(1110,NULL,1110,1110,NULL,0,NULL,'2023-02-24 16:16:45','2023-02-24 16:16:45',NULL),(1111,NULL,1111,1111,NULL,0,NULL,'2023-02-24 16:16:45','2023-02-24 16:16:45',NULL),(1112,NULL,1112,1112,NULL,0,NULL,'2023-02-24 16:16:45','2023-02-24 16:16:45',NULL),(1113,NULL,1113,1113,NULL,0,NULL,'2023-02-24 16:16:45','2023-02-24 16:16:45',NULL),(1114,NULL,1114,1114,NULL,0,NULL,'2023-02-24 16:16:45','2023-02-24 16:16:45',NULL),(1115,NULL,1115,1115,NULL,0,NULL,'2023-02-24 16:16:45','2023-02-24 16:16:45',NULL),(1116,NULL,1116,1116,NULL,0,NULL,'2023-02-24 16:16:45','2023-02-24 16:16:45',NULL),(1117,NULL,1117,1117,NULL,0,NULL,'2023-02-24 16:16:45','2023-02-24 16:16:45',NULL),(1118,NULL,1118,1118,NULL,0,NULL,'2023-02-24 16:16:45','2023-02-24 16:16:45',NULL),(1119,NULL,1119,1119,NULL,0,NULL,'2023-02-24 16:16:45','2023-02-24 16:16:45',NULL);
INSERT INTO `cta_cte_cliente_pivot_receipt` VALUES (1120,NULL,1120,1120,NULL,0,NULL,'2023-02-24 16:16:45','2023-02-24 16:16:45',NULL),(1121,NULL,1121,1121,NULL,0,NULL,'2023-02-24 16:16:45','2023-02-24 16:16:45',NULL),(1122,NULL,1122,1122,NULL,0,NULL,'2023-02-24 16:16:45','2023-02-24 16:16:45',NULL),(1123,8522,1123,1129,NULL,0,NULL,'2023-02-27 11:33:10','2023-02-27 11:33:10',NULL),(1124,8522,1124,1130,NULL,0,NULL,'2023-02-27 11:33:10','2023-02-27 11:33:10',NULL),(1125,8522,1125,1131,NULL,0,NULL,'2023-02-27 11:33:10','2023-02-27 11:33:10',NULL),(1126,8522,1126,1132,NULL,0,NULL,'2023-02-27 11:33:10','2023-02-27 11:33:10',NULL),(1127,8522,1127,1133,NULL,0,NULL,'2023-02-27 11:33:11','2023-02-27 11:33:11',NULL),(1128,8522,1128,1134,NULL,0,NULL,'2023-02-27 11:33:11','2023-02-27 11:33:11',NULL),(1129,8522,1129,1135,NULL,0,NULL,'2023-02-27 11:33:11','2023-02-27 11:33:11',NULL),(1130,8522,1130,1136,NULL,0,NULL,'2023-02-27 11:33:11','2023-02-27 11:33:11',NULL),(1131,8522,1131,1137,NULL,0,NULL,'2023-02-27 11:33:11','2023-02-27 11:33:11',NULL),(1132,8522,1132,1138,NULL,0,NULL,'2023-02-27 11:33:11','2023-02-27 11:33:11',NULL),(1133,8522,1133,1139,NULL,0,NULL,'2023-02-27 11:33:11','2023-02-27 11:33:11',NULL),(1134,8522,1134,1140,NULL,0,NULL,'2023-02-27 11:33:11','2023-02-27 11:33:11',NULL),(1135,8522,1135,1141,NULL,0,NULL,'2023-02-27 11:33:11','2023-02-27 11:33:11',NULL),(1136,8522,1136,1142,NULL,0,NULL,'2023-02-27 11:33:11','2023-02-27 11:33:11',NULL),(1137,8522,1137,1143,NULL,0,NULL,'2023-02-27 11:33:11','2023-02-27 11:33:11',NULL),(1138,8522,1138,1144,NULL,0,NULL,'2023-02-27 11:33:11','2023-02-27 11:33:11',NULL),(1139,8522,1139,1145,NULL,0,NULL,'2023-02-27 11:33:11','2023-02-27 11:33:11',NULL),(1140,8522,1140,1146,NULL,0,NULL,'2023-02-27 11:33:11','2023-02-27 11:33:11',NULL),(1141,8522,1141,1147,NULL,0,NULL,'2023-02-27 11:33:11','2023-02-27 11:33:11',NULL),(1142,8522,1142,1148,NULL,0,NULL,'2023-02-27 11:33:11','2023-02-27 11:33:11',NULL),(1143,8522,1143,1149,NULL,0,NULL,'2023-02-27 11:33:11','2023-02-27 11:33:11',NULL),(1144,8522,1144,1150,NULL,0,NULL,'2023-02-27 11:33:11','2023-02-27 11:33:11',NULL),(1145,8522,1145,1151,NULL,0,NULL,'2023-02-27 11:33:11','2023-02-27 11:33:11',NULL),(1146,8522,1146,1152,NULL,0,NULL,'2023-02-27 11:33:12','2023-02-27 11:33:12',NULL),(1147,8522,1147,1153,NULL,0,NULL,'2023-02-27 11:33:12','2023-02-27 11:33:12',NULL),(1148,8522,1148,1154,NULL,0,NULL,'2023-02-27 11:33:12','2023-02-27 11:33:12',NULL),(1149,8522,1149,1155,NULL,0,NULL,'2023-02-27 11:33:12','2023-02-27 11:33:12',NULL),(1150,8522,1150,1156,NULL,0,NULL,'2023-02-27 11:33:12','2023-02-27 11:33:12',NULL),(1151,8522,1151,1157,NULL,0,NULL,'2023-02-27 11:33:12','2023-02-27 11:33:12',NULL),(1152,8522,1152,1158,NULL,0,NULL,'2023-02-27 11:33:12','2023-02-27 11:33:12',NULL),(1153,8522,1153,1159,NULL,0,NULL,'2023-02-27 11:33:12','2023-02-27 11:33:12',NULL),(1154,8522,1154,1160,NULL,0,NULL,'2023-02-27 11:33:12','2023-02-27 11:33:12',NULL),(1155,8522,1155,1161,NULL,0,NULL,'2023-02-27 11:33:12','2023-02-27 11:33:12',NULL),(1156,8522,1156,1162,NULL,0,NULL,'2023-02-27 11:33:12','2023-02-27 11:33:12',NULL),(1157,8522,1157,1163,NULL,0,NULL,'2023-02-27 11:33:12','2023-02-27 11:33:12',NULL),(1158,8522,1158,1164,NULL,0,NULL,'2023-02-27 11:33:12','2023-02-27 11:33:12',NULL),(1159,8522,1159,1165,NULL,0,NULL,'2023-02-27 11:33:12','2023-02-27 11:33:12',NULL),(1160,8522,1160,1166,NULL,0,NULL,'2023-02-27 11:33:12','2023-02-27 11:33:12',NULL),(1161,8522,1161,1167,NULL,0,NULL,'2023-02-27 11:33:12','2023-02-27 11:33:12',NULL),(1162,8522,1162,1168,NULL,0,NULL,'2023-02-27 11:33:12','2023-02-27 11:33:12',NULL),(1163,8522,1163,1169,NULL,0,NULL,'2023-02-27 11:33:12','2023-02-27 11:33:12',NULL),(1164,8522,1164,1170,NULL,0,NULL,'2023-02-27 11:33:13','2023-02-27 11:33:13',NULL),(1165,8522,1165,1171,NULL,0,NULL,'2023-02-27 11:33:13','2023-02-27 11:33:13',NULL),(1166,8522,1166,1172,NULL,0,NULL,'2023-02-27 11:33:13','2023-02-27 11:33:13',NULL),(1167,8522,1167,1173,NULL,0,NULL,'2023-02-27 11:33:13','2023-02-27 11:33:13',NULL);
INSERT INTO `cta_cte_cliente_pivot_receipt` VALUES (1168,8522,1168,1174,NULL,0,NULL,'2023-02-27 11:33:13','2023-02-27 11:33:13',NULL),(1169,8522,1169,1175,NULL,0,NULL,'2023-02-27 11:33:13','2023-02-27 11:33:13',NULL),(1170,8522,1170,1176,NULL,0,NULL,'2023-02-27 11:33:13','2023-02-27 11:33:13',NULL),(1171,8522,1171,1177,NULL,0,NULL,'2023-02-27 11:33:13','2023-02-27 11:33:13',NULL),(1172,8522,1172,1178,NULL,0,NULL,'2023-02-27 11:33:13','2023-02-27 11:33:13',NULL),(1173,8522,1173,1179,NULL,0,NULL,'2023-02-27 11:33:13','2023-02-27 11:33:13',NULL),(1174,8522,1174,1180,NULL,0,NULL,'2023-02-27 11:33:13','2023-02-27 11:33:13',NULL),(1175,8522,1175,1181,NULL,0,NULL,'2023-02-27 11:33:13','2023-02-27 11:33:13',NULL),(1176,8522,1176,1182,NULL,0,NULL,'2023-02-27 11:33:13','2023-02-27 11:33:13',NULL),(1177,8522,1177,1183,NULL,0,NULL,'2023-02-27 11:33:13','2023-02-27 11:33:13',NULL),(1178,8522,1178,1184,NULL,0,NULL,'2023-02-27 11:33:14','2023-02-27 11:33:14',NULL),(1179,8522,1179,1185,NULL,0,NULL,'2023-02-27 11:33:14','2023-02-27 11:33:14',NULL),(1180,8522,1180,1186,NULL,0,NULL,'2023-02-27 11:33:14','2023-02-27 11:33:14',NULL),(1181,8522,1181,1187,NULL,0,NULL,'2023-02-27 11:33:14','2023-02-27 11:33:14',NULL),(1182,8522,1182,1188,NULL,0,NULL,'2023-02-27 11:33:14','2023-02-27 11:33:14',NULL),(1183,8522,1183,1189,NULL,0,NULL,'2023-02-27 11:33:14','2023-02-27 11:33:14',NULL),(1184,8522,1184,1190,NULL,0,NULL,'2023-02-27 11:33:14','2023-02-27 11:33:14',NULL),(1185,8522,1185,1191,NULL,0,NULL,'2023-02-27 11:33:14','2023-02-27 11:33:14',NULL),(1186,8522,1186,1192,NULL,0,NULL,'2023-02-27 11:33:14','2023-02-27 11:33:14',NULL),(1187,8522,1187,1193,NULL,0,NULL,'2023-02-27 11:33:14','2023-02-27 11:33:14',NULL),(1188,8522,1188,1194,NULL,0,NULL,'2023-02-27 11:33:14','2023-02-27 11:33:14',NULL),(1189,8522,1189,1195,NULL,0,NULL,'2023-02-27 11:33:14','2023-02-27 11:33:14',NULL),(1190,8522,1190,1196,NULL,0,NULL,'2023-02-27 11:33:14','2023-02-27 11:33:14',NULL),(1191,8522,1191,1197,NULL,0,NULL,'2023-02-27 11:33:14','2023-02-27 11:33:14',NULL),(1192,8522,1192,1198,NULL,0,NULL,'2023-02-27 11:33:14','2023-02-27 11:33:14',NULL),(1193,8522,1193,1199,NULL,0,NULL,'2023-02-27 11:33:14','2023-02-27 11:33:14',NULL),(1194,8522,1194,1200,NULL,0,NULL,'2023-02-27 11:33:14','2023-02-27 11:33:14',NULL),(1195,8522,1195,1201,NULL,0,NULL,'2023-02-27 11:33:14','2023-02-27 11:33:14',NULL),(1196,8522,1196,1202,NULL,0,NULL,'2023-02-27 11:33:14','2023-02-27 11:33:14',NULL),(1197,8522,1197,1203,NULL,0,NULL,'2023-02-27 11:33:14','2023-02-27 11:33:14',NULL),(1198,8522,1198,1204,NULL,0,NULL,'2023-02-27 11:33:15','2023-02-27 11:33:15',NULL),(1199,8522,1199,1205,NULL,0,NULL,'2023-02-27 11:33:15','2023-02-27 11:33:15',NULL),(1200,8522,1200,1206,NULL,0,NULL,'2023-02-27 11:33:15','2023-02-27 11:33:15',NULL),(1201,8522,1201,1207,NULL,0,NULL,'2023-02-27 11:33:15','2023-02-27 11:33:15',NULL),(1202,8522,1202,1208,NULL,0,NULL,'2023-02-27 11:33:15','2023-02-27 11:33:15',NULL),(1203,8522,1203,1209,NULL,0,NULL,'2023-02-27 11:33:15','2023-02-27 11:33:15',NULL),(1204,8522,1204,1210,NULL,0,NULL,'2023-02-27 11:33:15','2023-02-27 11:33:15',NULL),(1205,8522,1205,1211,NULL,0,NULL,'2023-02-27 11:33:15','2023-02-27 11:33:15',NULL),(1206,8522,1206,1212,NULL,0,NULL,'2023-02-27 11:33:15','2023-02-27 11:33:15',NULL),(1207,8522,1207,1213,NULL,0,NULL,'2023-02-27 11:33:15','2023-02-27 11:33:15',NULL),(1208,8522,1208,1214,NULL,0,NULL,'2023-02-27 11:33:15','2023-02-27 11:33:15',NULL),(1209,8522,1209,1215,NULL,0,NULL,'2023-02-27 11:33:15','2023-02-27 11:33:15',NULL),(1210,8522,1210,1216,NULL,0,NULL,'2023-02-27 11:33:15','2023-02-27 11:33:15',NULL),(1211,8522,1211,1217,NULL,0,NULL,'2023-02-27 11:33:15','2023-02-27 11:33:15',NULL),(1212,8522,1212,1218,NULL,0,NULL,'2023-02-27 11:33:15','2023-02-27 11:33:15',NULL),(1213,8522,1213,1219,NULL,0,NULL,'2023-02-27 11:33:15','2023-02-27 11:33:15',NULL),(1214,8522,1214,1220,NULL,0,NULL,'2023-02-27 11:33:15','2023-02-27 11:33:15',NULL),(1215,8522,1215,1221,NULL,0,NULL,'2023-02-27 11:33:15','2023-02-27 11:33:15',NULL);
INSERT INTO `cta_cte_cliente_pivot_receipt` VALUES (1216,8522,1216,1222,NULL,0,NULL,'2023-02-27 11:33:15','2023-02-27 11:33:15',NULL),(1217,8522,1217,1223,NULL,0,NULL,'2023-02-27 11:33:15','2023-02-27 11:33:15',NULL),(1218,8522,1218,1224,NULL,0,NULL,'2023-02-27 11:33:15','2023-02-27 11:33:15',NULL),(1219,8522,1219,1225,NULL,0,NULL,'2023-02-27 11:33:15','2023-02-27 11:33:15',NULL),(1220,8522,1220,1226,NULL,0,NULL,'2023-02-27 11:33:15','2023-02-27 11:33:15',NULL),(1221,8522,1221,1227,NULL,0,NULL,'2023-02-27 11:33:15','2023-02-27 11:33:15',NULL),(1222,8522,1222,1228,NULL,0,NULL,'2023-02-27 11:33:15','2023-02-27 11:33:15',NULL),(1223,8522,1223,1229,NULL,0,NULL,'2023-02-27 11:33:16','2023-02-27 11:33:16',NULL),(1224,8522,1224,1230,NULL,0,NULL,'2023-02-27 11:33:16','2023-02-27 11:33:16',NULL),(1225,8522,1225,1231,NULL,0,NULL,'2023-02-27 11:33:16','2023-02-27 11:33:16',NULL),(1226,8522,1226,1232,NULL,0,NULL,'2023-02-27 11:33:16','2023-02-27 11:33:16',NULL),(1227,8522,1227,1233,NULL,0,NULL,'2023-02-27 11:33:16','2023-02-27 11:33:16',NULL),(1228,8522,1228,1234,NULL,0,NULL,'2023-02-27 11:33:16','2023-02-27 11:33:16',NULL),(1229,8522,1229,1235,NULL,0,NULL,'2023-02-27 11:33:16','2023-02-27 11:33:16',NULL),(1230,8522,1230,1236,NULL,0,NULL,'2023-02-27 11:33:16','2023-02-27 11:33:16',NULL),(1231,8522,1231,1237,NULL,0,NULL,'2023-02-27 11:33:16','2023-02-27 11:33:16',NULL),(1232,8522,1232,1238,NULL,0,NULL,'2023-02-27 11:33:16','2023-02-27 11:33:16',NULL),(1233,8522,1233,1239,NULL,0,NULL,'2023-02-27 11:33:16','2023-02-27 11:33:16',NULL),(1234,8522,1234,1240,NULL,0,NULL,'2023-02-27 11:33:16','2023-02-27 11:33:16',NULL),(1235,8522,1235,1241,NULL,0,NULL,'2023-02-27 11:33:16','2023-02-27 11:33:16',NULL),(1236,8522,1236,1242,NULL,0,NULL,'2023-02-27 11:33:16','2023-02-27 11:33:16',NULL),(1237,8522,1237,1243,NULL,0,NULL,'2023-02-27 11:33:16','2023-02-27 11:33:16',NULL),(1238,8522,1238,1244,NULL,0,NULL,'2023-02-27 11:33:17','2023-02-27 11:33:17',NULL),(1239,8522,1239,1245,NULL,0,NULL,'2023-02-27 11:33:17','2023-02-27 11:33:17',NULL),(1240,8522,1240,1246,NULL,0,NULL,'2023-02-27 11:33:17','2023-02-27 11:33:17',NULL),(1241,8522,1241,1247,NULL,0,NULL,'2023-02-27 11:33:17','2023-02-27 11:33:17',NULL),(1242,8522,1242,1248,NULL,0,NULL,'2023-02-27 11:33:17','2023-02-27 11:33:17',NULL),(1243,8522,1243,1249,NULL,0,NULL,'2023-02-27 11:33:17','2023-02-27 11:33:17',NULL),(1244,8522,1244,1250,NULL,0,NULL,'2023-02-27 11:33:17','2023-02-27 11:33:17',NULL),(1245,8522,1245,1251,NULL,0,NULL,'2023-02-27 11:33:17','2023-02-27 11:33:17',NULL),(1246,8522,1246,1252,NULL,0,NULL,'2023-02-27 11:33:17','2023-02-27 11:33:17',NULL),(1247,8522,1247,1253,NULL,0,NULL,'2023-02-27 11:33:17','2023-02-27 11:33:17',NULL),(1248,8522,1248,1254,NULL,0,NULL,'2023-02-27 11:33:17','2023-02-27 11:33:17',NULL),(1249,8522,1249,1255,NULL,0,NULL,'2023-02-27 11:33:17','2023-02-27 11:33:17',NULL),(1250,8522,1250,1256,NULL,0,NULL,'2023-02-27 11:33:17','2023-02-27 11:33:17',NULL),(1251,8522,1251,1257,NULL,0,NULL,'2023-02-27 11:33:17','2023-02-27 11:33:17',NULL),(1252,9042,1254,1258,NULL,0,NULL,'2023-06-03 23:15:44','2023-06-03 23:15:44',NULL),(1253,9042,1255,1259,NULL,0,NULL,'2023-06-03 23:25:24','2023-06-03 23:25:24',NULL),(1254,9042,1256,1260,NULL,0,NULL,'2023-06-09 12:55:16','2023-06-09 12:55:16',NULL),(1255,9042,1257,1261,NULL,0,NULL,'2023-06-09 13:04:38','2023-06-09 13:04:38',NULL),(1256,9042,1258,1262,NULL,0,NULL,'2023-06-12 17:31:41','2023-06-12 17:31:41',NULL),(1257,9042,1259,1263,NULL,0,NULL,'2023-06-14 21:06:29','2023-06-14 21:06:29',NULL),(1258,9042,1260,1264,NULL,0,NULL,'2023-06-16 01:15:20','2023-06-16 01:15:20',NULL),(1259,9042,1261,1265,NULL,0,NULL,'2023-06-18 00:04:57','2023-06-18 00:04:57',NULL),(1260,9042,1262,1266,NULL,0,NULL,'2023-06-18 00:09:27','2023-06-18 00:09:27',NULL),(1261,9042,1263,1267,NULL,0,NULL,'2023-06-20 16:20:07','2023-06-20 16:20:07',NULL),(1262,9042,1264,1268,NULL,0,NULL,'2023-06-20 16:44:54','2023-06-20 16:44:54',NULL),(1263,9042,1265,1269,NULL,0,NULL,'2023-06-20 17:02:24','2023-06-20 17:02:24',NULL);
INSERT INTO `cta_cte_cliente_pivot_receipt` VALUES (1264,9042,1266,1270,NULL,0,NULL,'2023-06-21 01:02:14','2023-06-21 01:02:14',NULL),(1265,9042,1267,1271,NULL,0,NULL,'2023-06-21 01:24:51','2023-06-21 01:24:51',NULL),(1266,9042,1268,1272,NULL,0,NULL,'2023-06-22 00:36:41','2023-06-22 00:36:41',NULL),(1267,9042,1269,1273,NULL,0,NULL,'2023-06-22 02:16:42','2023-06-22 02:16:42',NULL),(1268,9042,1270,1274,NULL,0,NULL,'2023-06-23 00:28:57','2023-06-23 00:28:57',NULL),(1269,9042,1271,1275,NULL,0,NULL,'2023-06-23 16:27:47','2023-06-23 16:27:47',NULL),(1270,9042,1272,1276,NULL,0,NULL,'2023-06-23 16:29:30','2023-06-23 16:29:30',NULL),(1271,9042,1273,1277,NULL,0,NULL,'2023-06-23 16:31:52','2023-06-23 16:31:52',NULL),(1272,9042,1274,1278,NULL,0,NULL,'2023-06-23 17:03:02','2023-06-23 17:03:02',NULL),(1273,9042,1275,1279,NULL,0,NULL,'2023-06-23 17:04:48','2023-06-23 17:04:48',NULL),(1274,9042,1276,1280,NULL,0,NULL,'2023-06-28 00:48:17','2023-06-28 00:48:17',NULL),(1275,9042,1277,1282,NULL,0,NULL,'2023-06-28 18:28:07','2023-06-28 18:28:07',NULL),(1276,9042,1278,1283,NULL,0,NULL,'2023-07-04 14:20:06','2023-07-04 14:20:06',NULL),(1277,9042,1279,1284,NULL,0,NULL,'2023-07-04 14:22:49','2023-07-04 14:22:49',NULL),(1278,9042,1280,1285,NULL,0,NULL,'2023-07-05 10:48:54','2023-07-05 10:48:54',NULL),(1279,9042,1281,1286,NULL,0,NULL,'2023-07-05 10:50:45','2023-07-05 10:50:45',NULL),(1280,9042,1282,1287,NULL,0,NULL,'2023-07-05 22:45:40','2023-07-05 22:45:40',NULL),(1281,9042,1283,1288,NULL,0,NULL,'2023-07-05 22:47:28','2023-07-05 22:47:28',NULL),(1282,9042,1284,1289,NULL,0,NULL,'2023-07-05 22:48:40','2023-07-05 22:48:40',NULL),(1283,9042,1285,1290,NULL,0,NULL,'2023-07-05 22:51:59','2023-07-05 22:51:59',NULL),(1284,9042,1286,1291,NULL,0,NULL,'2023-07-10 16:15:53','2023-07-10 16:15:53',NULL),(1285,9042,1287,1292,NULL,0,NULL,'2023-07-10 20:41:19','2023-07-10 20:41:19',NULL),(1286,9042,1288,1293,NULL,0,NULL,'2023-07-11 13:31:52','2023-07-11 13:31:52',NULL),(1287,9042,1289,1294,NULL,0,NULL,'2023-07-11 23:37:26','2023-07-11 23:37:26',NULL),(1288,9042,1290,1295,NULL,0,NULL,'2023-07-12 19:04:56','2023-07-12 19:04:56',NULL),(1289,9042,1291,1296,NULL,0,NULL,'2023-07-12 19:07:50','2023-07-12 19:07:50',NULL),(1290,9042,1292,1297,NULL,0,NULL,'2023-07-14 18:35:54','2023-07-14 18:35:54',NULL),(1291,9042,1293,1298,NULL,0,NULL,'2023-07-14 18:40:54','2023-07-14 18:40:54',NULL),(1292,9042,1294,1299,NULL,0,NULL,'2023-07-16 13:21:40','2023-07-16 13:21:40',NULL),(1293,9042,1295,1300,NULL,0,NULL,'2023-07-16 13:55:22','2023-07-16 13:55:22',NULL),(1294,9042,1296,1301,NULL,0,NULL,'2023-07-17 15:14:47','2023-07-17 15:14:47',NULL),(1295,9042,1297,1302,NULL,0,NULL,'2023-07-18 13:41:28','2023-07-18 13:41:28',NULL),(1296,9042,1298,1303,NULL,0,NULL,'2023-07-18 15:02:23','2023-07-18 15:02:23',NULL),(1297,9042,1299,1304,NULL,0,NULL,'2023-07-18 15:19:13','2023-07-18 15:19:13',NULL),(1298,9042,1300,1305,NULL,0,NULL,'2023-07-20 00:39:40','2023-07-20 00:39:40',NULL),(1299,9042,1301,1306,NULL,0,NULL,'2023-07-24 13:17:56','2023-07-24 13:17:56',NULL),(1300,9042,1302,1307,NULL,0,NULL,'2023-07-25 02:18:19','2023-07-25 02:18:19',NULL),(1301,9042,1303,1308,NULL,0,NULL,'2023-07-25 02:32:21','2023-07-25 02:32:21',NULL),(1302,9042,1304,1309,NULL,0,NULL,'2023-07-25 02:37:24','2023-07-25 02:37:24',NULL),(1303,9042,1305,1310,NULL,0,NULL,'2023-07-25 16:30:59','2023-07-25 16:30:59',NULL),(1304,9042,1306,1311,NULL,0,NULL,'2023-07-25 22:43:09','2023-07-25 22:43:09',NULL),(1305,9042,1307,1312,NULL,0,NULL,'2023-07-25 23:28:20','2023-07-25 23:28:20',NULL),(1306,9042,1308,1313,NULL,0,NULL,'2023-07-26 21:36:07','2023-07-26 21:36:07',NULL),(1307,9042,1309,1314,NULL,0,NULL,'2023-07-26 21:37:54','2023-07-26 21:37:54',NULL),(1308,9042,1310,1315,NULL,0,NULL,'2023-08-01 20:45:27','2023-08-01 20:45:27',NULL),(1309,9042,1311,1317,NULL,0,NULL,'2023-08-02 02:44:12','2023-08-02 02:44:12',NULL),(1310,9042,1312,1318,NULL,0,NULL,'2023-08-02 02:46:12','2023-08-02 02:46:12',NULL),(1311,9042,1313,1319,NULL,0,NULL,'2023-08-02 04:50:17','2023-08-02 04:50:17',NULL);
INSERT INTO `cta_cte_cliente_pivot_receipt` VALUES (1312,9042,1314,1320,NULL,0,NULL,'2023-08-03 16:04:29','2023-08-03 16:04:29',NULL),(1313,9042,1315,1321,NULL,0,NULL,'2023-08-05 23:45:25','2023-08-05 23:45:25',NULL),(1314,9042,1316,1322,NULL,0,NULL,'2023-08-05 23:45:25','2023-08-05 23:45:25',NULL),(1315,9042,1317,1323,NULL,0,NULL,'2023-08-05 23:45:25','2023-08-05 23:45:25',NULL),(1316,9042,1318,1324,NULL,0,NULL,'2023-08-05 23:45:26','2023-08-05 23:45:26',NULL),(1317,9042,1319,1325,NULL,0,NULL,'2023-08-05 23:45:26','2023-08-05 23:45:26',NULL),(1318,9042,1320,1326,NULL,0,NULL,'2023-08-05 23:45:26','2023-08-05 23:45:26',NULL),(1319,9042,1321,1327,NULL,0,NULL,'2023-08-05 23:45:26','2023-08-05 23:45:26',NULL),(1320,9042,1322,1328,NULL,0,NULL,'2023-08-05 23:45:26','2023-08-05 23:45:26',NULL),(1321,9042,1323,1329,NULL,0,NULL,'2023-08-05 23:45:26','2023-08-05 23:45:26',NULL),(1322,9042,1324,1330,NULL,0,NULL,'2023-08-05 23:45:26','2023-08-05 23:45:26',NULL),(1323,9042,1325,1331,NULL,0,NULL,'2023-08-05 23:45:26','2023-08-05 23:45:26',NULL),(1324,9042,1326,1332,NULL,0,NULL,'2023-08-05 23:45:26','2023-08-05 23:45:26',NULL),(1325,9042,1327,1333,NULL,0,NULL,'2023-08-05 23:45:27','2023-08-05 23:45:27',NULL),(1326,9042,1328,1334,NULL,0,NULL,'2023-08-05 23:45:27','2023-08-05 23:45:27',NULL),(1327,9042,1329,1335,NULL,0,NULL,'2023-08-05 23:45:27','2023-08-05 23:45:27',NULL),(1328,9042,1330,1336,NULL,0,NULL,'2023-08-05 23:45:27','2023-08-05 23:45:27',NULL),(1329,9042,1331,1337,NULL,0,NULL,'2023-08-05 23:45:27','2023-08-05 23:45:27',NULL),(1330,9042,1332,1338,NULL,0,NULL,'2023-08-05 23:45:27','2023-08-05 23:45:27',NULL),(1331,9042,1333,1339,NULL,0,NULL,'2023-08-05 23:45:27','2023-08-05 23:45:27',NULL),(1332,9042,1334,1340,NULL,0,NULL,'2023-08-05 23:45:27','2023-08-05 23:45:27',NULL),(1333,9042,1335,1341,NULL,0,NULL,'2023-08-05 23:45:27','2023-08-05 23:45:27',NULL),(1334,9042,1336,1342,NULL,0,NULL,'2023-08-05 23:45:27','2023-08-05 23:45:27',NULL),(1335,9042,1337,1343,NULL,0,NULL,'2023-08-05 23:45:27','2023-08-05 23:45:27',NULL),(1336,9042,1338,1344,NULL,0,NULL,'2023-08-05 23:45:27','2023-08-05 23:45:27',NULL),(1337,9042,1339,1345,NULL,0,NULL,'2023-08-05 23:45:27','2023-08-05 23:45:27',NULL),(1338,9042,1340,1346,NULL,0,NULL,'2023-08-05 23:45:27','2023-08-05 23:45:27',NULL),(1339,9042,1341,1347,NULL,0,NULL,'2023-08-05 23:45:27','2023-08-05 23:45:27',NULL),(1340,9042,1342,1348,NULL,0,NULL,'2023-08-05 23:45:28','2023-08-05 23:45:28',NULL),(1341,9042,1343,1349,NULL,0,NULL,'2023-08-05 23:45:28','2023-08-05 23:45:28',NULL),(1342,9042,1344,1350,NULL,0,NULL,'2023-08-05 23:45:28','2023-08-05 23:45:28',NULL),(1343,9042,1345,1351,NULL,0,NULL,'2023-08-05 23:45:28','2023-08-05 23:45:28',NULL),(1344,9042,1346,1352,NULL,0,NULL,'2023-08-05 23:45:28','2023-08-05 23:45:28',NULL),(1345,9042,1347,1353,NULL,0,NULL,'2023-08-05 23:45:28','2023-08-05 23:45:28',NULL),(1346,9042,1348,1354,NULL,0,NULL,'2023-08-05 23:45:28','2023-08-05 23:45:28',NULL),(1347,9042,1349,1355,NULL,0,NULL,'2023-08-05 23:45:28','2023-08-05 23:45:28',NULL),(1348,9042,1350,1356,NULL,0,NULL,'2023-08-05 23:45:28','2023-08-05 23:45:28',NULL),(1349,9042,1351,1357,NULL,0,NULL,'2023-08-05 23:45:28','2023-08-05 23:45:28',NULL),(1350,9042,1352,1358,NULL,0,NULL,'2023-08-05 23:46:12','2023-08-05 23:46:12',NULL),(1351,9042,1353,1359,NULL,0,NULL,'2023-08-05 23:46:12','2023-08-05 23:46:12',NULL),(1352,9042,1354,1360,NULL,0,NULL,'2023-08-05 23:46:12','2023-08-05 23:46:12',NULL),(1353,9042,1355,1361,NULL,0,NULL,'2023-08-05 23:46:12','2023-08-05 23:46:12',NULL),(1354,9042,1356,1362,NULL,0,NULL,'2023-08-05 23:46:12','2023-08-05 23:46:12',NULL),(1355,9042,1357,1363,NULL,0,NULL,'2023-08-05 23:46:12','2023-08-05 23:46:12',NULL),(1356,9042,1358,1364,NULL,0,NULL,'2023-08-05 23:46:12','2023-08-05 23:46:12',NULL),(1357,9042,1359,1365,NULL,0,NULL,'2023-08-05 23:46:12','2023-08-05 23:46:12',NULL),(1358,9042,1360,1366,NULL,0,NULL,'2023-08-05 23:46:12','2023-08-05 23:46:12',NULL),(1359,9042,1361,1367,NULL,0,NULL,'2023-08-05 23:46:12','2023-08-05 23:46:12',NULL);
INSERT INTO `cta_cte_cliente_pivot_receipt` VALUES (1360,9042,1362,1368,NULL,0,NULL,'2023-08-05 23:46:13','2023-08-05 23:46:13',NULL),(1361,9042,1363,1369,NULL,0,NULL,'2023-08-05 23:46:13','2023-08-05 23:46:13',NULL),(1362,9042,1364,1370,NULL,0,NULL,'2023-08-05 23:46:13','2023-08-05 23:46:13',NULL),(1363,9042,1365,1371,NULL,0,NULL,'2023-08-05 23:46:13','2023-08-05 23:46:13',NULL),(1364,9042,1366,1372,NULL,0,NULL,'2023-08-05 23:46:13','2023-08-05 23:46:13',NULL),(1365,9042,1367,1373,NULL,0,NULL,'2023-08-05 23:46:13','2023-08-05 23:46:13',NULL),(1366,9042,1368,1374,NULL,0,NULL,'2023-08-05 23:46:13','2023-08-05 23:46:13',NULL),(1367,9042,1369,1375,NULL,0,NULL,'2023-08-05 23:46:34','2023-08-05 23:46:34',NULL),(1368,9042,1370,1376,NULL,0,NULL,'2023-08-05 23:46:34','2023-08-05 23:46:34',NULL),(1369,9042,1371,1377,NULL,0,NULL,'2023-08-05 23:46:34','2023-08-05 23:46:34',NULL),(1370,9042,1372,1378,NULL,0,NULL,'2023-08-05 23:46:34','2023-08-05 23:46:34',NULL),(1371,9042,1373,1379,NULL,0,NULL,'2023-08-05 23:46:35','2023-08-05 23:46:35',NULL),(1372,9042,1374,1380,NULL,0,NULL,'2023-08-05 23:46:35','2023-08-05 23:46:35',NULL),(1373,9042,1375,1381,NULL,0,NULL,'2023-08-05 23:46:35','2023-08-05 23:46:35',NULL),(1374,9042,1376,1382,NULL,0,NULL,'2023-08-05 23:46:35','2023-08-05 23:46:35',NULL),(1375,9042,1377,1383,NULL,0,NULL,'2023-08-05 23:46:35','2023-08-05 23:46:35',NULL),(1376,9042,1378,1384,NULL,0,NULL,'2023-08-05 23:46:35','2023-08-05 23:46:35',NULL),(1377,9042,1379,1385,NULL,0,NULL,'2023-08-05 23:46:35','2023-08-05 23:46:35',NULL),(1378,9042,1380,1386,NULL,0,NULL,'2023-08-05 23:46:35','2023-08-05 23:46:35',NULL),(1379,9042,1381,1387,NULL,0,NULL,'2023-08-05 23:46:35','2023-08-05 23:46:35',NULL),(1380,9042,1382,1388,NULL,0,NULL,'2023-08-05 23:46:35','2023-08-05 23:46:35',NULL),(1381,9042,1383,1389,NULL,0,NULL,'2023-08-05 23:46:35','2023-08-05 23:46:35',NULL),(1382,9042,1384,1390,NULL,0,NULL,'2023-08-05 23:46:35','2023-08-05 23:46:35',NULL),(1383,9042,1385,1391,NULL,0,NULL,'2023-08-05 23:46:35','2023-08-05 23:46:35',NULL),(1384,9042,1386,1392,NULL,0,NULL,'2023-08-05 23:46:35','2023-08-05 23:46:35',NULL),(1385,9042,1387,1393,NULL,0,NULL,'2023-08-05 23:46:36','2023-08-05 23:46:36',NULL),(1386,9042,1388,1394,NULL,0,NULL,'2023-08-05 23:46:54','2023-08-05 23:46:54',NULL),(1387,9042,1389,1395,NULL,0,NULL,'2023-08-05 23:46:54','2023-08-05 23:46:54',NULL),(1388,9042,1390,1396,NULL,0,NULL,'2023-08-05 23:46:54','2023-08-05 23:46:54',NULL),(1389,9042,1391,1397,NULL,0,NULL,'2023-08-05 23:46:54','2023-08-05 23:46:54',NULL),(1390,9042,1392,1398,NULL,0,NULL,'2023-08-05 23:46:54','2023-08-05 23:46:54',NULL),(1391,9042,1393,1399,NULL,0,NULL,'2023-08-05 23:46:54','2023-08-05 23:46:54',NULL),(1392,9042,1394,1400,NULL,0,NULL,'2023-08-05 23:46:54','2023-08-05 23:46:54',NULL),(1393,9042,1395,1401,NULL,0,NULL,'2023-08-05 23:46:54','2023-08-05 23:46:54',NULL),(1394,9042,1396,1402,NULL,0,NULL,'2023-08-05 23:46:54','2023-08-05 23:46:54',NULL),(1395,9042,1397,1403,NULL,0,NULL,'2023-08-05 23:46:54','2023-08-05 23:46:54',NULL),(1396,9042,1398,1404,NULL,0,NULL,'2023-08-05 23:47:24','2023-08-05 23:47:24',NULL),(1397,9042,1399,1405,NULL,0,NULL,'2023-08-05 23:47:24','2023-08-05 23:47:24',NULL),(1398,9042,1400,1406,NULL,0,NULL,'2023-08-05 23:47:24','2023-08-05 23:47:24',NULL),(1399,9042,1401,1407,NULL,0,NULL,'2023-08-05 23:47:24','2023-08-05 23:47:24',NULL),(1400,9042,1402,1408,NULL,0,NULL,'2023-08-05 23:47:24','2023-08-05 23:47:24',NULL),(1401,9042,1403,1409,NULL,0,NULL,'2023-08-05 23:47:24','2023-08-05 23:47:24',NULL),(1402,9042,1404,1410,NULL,0,NULL,'2023-08-05 23:47:24','2023-08-05 23:47:24',NULL),(1403,9042,1405,1411,NULL,0,NULL,'2023-08-05 23:47:24','2023-08-05 23:47:24',NULL),(1404,9042,1406,1412,NULL,0,NULL,'2023-08-05 23:47:24','2023-08-05 23:47:24',NULL),(1405,9042,1407,1413,NULL,0,NULL,'2023-08-05 23:47:24','2023-08-05 23:47:24',NULL),(1406,9042,1408,1414,NULL,0,NULL,'2023-08-05 23:47:24','2023-08-05 23:47:24',NULL),(1407,9042,1409,1415,NULL,0,NULL,'2023-08-05 23:47:24','2023-08-05 23:47:24',NULL);
INSERT INTO `cta_cte_cliente_pivot_receipt` VALUES (1408,9042,1410,1416,NULL,0,NULL,'2023-08-05 23:47:59','2023-08-05 23:47:59',NULL),(1409,9042,1411,1417,NULL,0,NULL,'2023-08-05 23:47:59','2023-08-05 23:47:59',NULL),(1410,9042,1412,1418,NULL,0,NULL,'2023-08-05 23:47:59','2023-08-05 23:47:59',NULL),(1411,9042,1413,1419,NULL,0,NULL,'2023-08-05 23:47:59','2023-08-05 23:47:59',NULL),(1412,9042,1414,1420,NULL,0,NULL,'2023-08-05 23:47:59','2023-08-05 23:47:59',NULL),(1413,9042,1415,1421,NULL,0,NULL,'2023-08-05 23:47:59','2023-08-05 23:47:59',NULL),(1414,9042,1416,1422,NULL,0,NULL,'2023-08-05 23:47:59','2023-08-05 23:47:59',NULL),(1415,9042,1417,1423,NULL,0,NULL,'2023-08-05 23:47:59','2023-08-05 23:47:59',NULL),(1416,9042,1418,1424,NULL,0,NULL,'2023-08-05 23:48:13','2023-08-05 23:48:13',NULL),(1417,9042,1419,1425,NULL,0,NULL,'2023-08-05 23:48:13','2023-08-05 23:48:13',NULL),(1418,9042,1420,1426,NULL,0,NULL,'2023-08-05 23:48:13','2023-08-05 23:48:13',NULL),(1419,9042,1421,1427,NULL,0,NULL,'2023-08-05 23:48:13','2023-08-05 23:48:13',NULL),(1420,9042,1422,1428,NULL,0,NULL,'2023-08-05 23:48:13','2023-08-05 23:48:13',NULL),(1421,9042,1423,1429,NULL,0,NULL,'2023-08-05 23:48:13','2023-08-05 23:48:13',NULL),(1422,9042,1424,1430,NULL,0,NULL,'2023-08-05 23:48:13','2023-08-05 23:48:13',NULL),(1423,9042,1425,1431,NULL,0,NULL,'2023-08-05 23:48:25','2023-08-05 23:48:25',NULL),(1424,9042,1426,1432,NULL,0,NULL,'2023-08-05 23:48:25','2023-08-05 23:48:25',NULL),(1425,9042,1427,1433,NULL,0,NULL,'2023-08-05 23:48:25','2023-08-05 23:48:25',NULL),(1426,9042,1428,1434,NULL,0,NULL,'2023-08-05 23:48:25','2023-08-05 23:48:25',NULL),(1427,9042,1429,1435,NULL,0,NULL,'2023-08-05 23:48:25','2023-08-05 23:48:25',NULL),(1428,9042,1430,1436,NULL,0,NULL,'2023-08-05 23:48:25','2023-08-05 23:48:25',NULL),(1429,9042,1431,1437,NULL,0,NULL,'2023-08-05 23:48:25','2023-08-05 23:48:25',NULL),(1430,9042,1432,1438,NULL,0,NULL,'2023-08-05 23:50:29','2023-08-05 23:50:29',NULL),(1431,9042,1433,1439,NULL,0,NULL,'2023-08-05 23:50:29','2023-08-05 23:50:29',NULL),(1432,9042,1434,1440,NULL,0,NULL,'2023-08-05 23:50:29','2023-08-05 23:50:29',NULL),(1433,9042,1435,1441,NULL,0,NULL,'2023-08-05 23:50:30','2023-08-05 23:50:30',NULL),(1434,9042,1436,1442,NULL,0,NULL,'2023-08-05 23:50:30','2023-08-05 23:50:30',NULL),(1435,9042,1437,1443,NULL,0,NULL,'2023-08-05 23:50:30','2023-08-05 23:50:30',NULL),(1436,9042,1438,1444,NULL,0,NULL,'2023-08-05 23:50:30','2023-08-05 23:50:30',NULL),(1437,9042,1439,1445,NULL,0,NULL,'2023-08-05 23:50:30','2023-08-05 23:50:30',NULL),(1438,9042,1440,1446,NULL,0,NULL,'2023-08-05 23:50:30','2023-08-05 23:50:30',NULL),(1439,9042,1441,1447,NULL,0,NULL,'2023-08-05 23:50:30','2023-08-05 23:50:30',NULL),(1440,9042,1442,1448,NULL,0,NULL,'2023-08-05 23:50:30','2023-08-05 23:50:30',NULL),(1441,9042,1443,1449,NULL,0,NULL,'2023-08-05 23:50:31','2023-08-05 23:50:31',NULL),(1442,9042,1444,1450,NULL,0,NULL,'2023-08-05 23:50:31','2023-08-05 23:50:31',NULL),(1443,9042,1445,1451,NULL,0,NULL,'2023-08-05 23:50:31','2023-08-05 23:50:31',NULL),(1444,9042,1446,1452,NULL,0,NULL,'2023-08-05 23:50:55','2023-08-05 23:50:55',NULL),(1445,9042,1447,1453,NULL,0,NULL,'2023-08-05 23:50:56','2023-08-05 23:50:56',NULL),(1446,9042,1448,1454,NULL,0,NULL,'2023-08-05 23:50:56','2023-08-05 23:50:56',NULL),(1447,9042,1449,1455,NULL,0,NULL,'2023-08-05 23:50:56','2023-08-05 23:50:56',NULL),(1448,9042,1450,1456,NULL,0,NULL,'2023-08-05 23:50:56','2023-08-05 23:50:56',NULL),(1449,9042,1451,1457,NULL,0,NULL,'2023-08-05 23:52:22','2023-08-05 23:52:22',NULL),(1450,9042,1452,1458,NULL,0,NULL,'2023-08-05 23:52:22','2023-08-05 23:52:22',NULL),(1451,9042,1453,1459,NULL,0,NULL,'2023-08-05 23:52:22','2023-08-05 23:52:22',NULL),(1452,9042,1454,1460,NULL,0,NULL,'2023-08-05 23:52:22','2023-08-05 23:52:22',NULL),(1453,9042,1455,1461,NULL,0,NULL,'2023-08-05 23:52:22','2023-08-05 23:52:22',NULL),(1454,9042,1456,1462,NULL,0,NULL,'2023-08-05 23:52:22','2023-08-05 23:52:22',NULL),(1455,9042,1457,1463,NULL,0,NULL,'2023-08-05 23:52:22','2023-08-05 23:52:22',NULL);
INSERT INTO `cta_cte_cliente_pivot_receipt` VALUES (1456,9042,1458,1464,NULL,0,NULL,'2023-08-05 23:52:22','2023-08-05 23:52:22',NULL),(1457,9042,1459,1465,NULL,0,NULL,'2023-08-05 23:52:22','2023-08-05 23:52:22',NULL),(1458,9042,1460,1466,NULL,0,NULL,'2023-08-08 22:28:44','2023-08-08 22:28:44',NULL),(1459,9042,1461,1469,NULL,0,NULL,'2023-08-08 22:41:45','2023-08-08 22:41:45',NULL),(1460,9042,1462,1470,NULL,0,NULL,'2023-08-08 23:49:30','2023-08-08 23:49:30',NULL),(1461,9042,1463,1471,NULL,0,NULL,'2023-08-11 13:30:34','2023-08-11 13:30:34',NULL),(1462,9042,1464,1472,NULL,0,NULL,'2023-08-11 13:33:21','2023-08-11 13:33:21',NULL),(1463,9042,1465,1473,NULL,0,NULL,'2023-08-15 22:36:12','2023-08-15 22:36:12',NULL),(1464,9042,1466,1474,NULL,0,NULL,'2023-08-15 22:57:34','2023-08-15 22:57:34',NULL),(1465,9042,1467,1475,NULL,0,NULL,'2023-08-15 23:44:16','2023-08-15 23:44:16',NULL),(1466,9042,1468,1476,NULL,0,NULL,'2023-08-16 22:17:14','2023-08-16 22:17:14',NULL),(1467,9042,1469,1477,NULL,0,NULL,'2023-08-16 22:52:36','2023-08-16 22:52:36',NULL),(1468,9042,1470,1478,NULL,0,NULL,'2023-08-17 01:18:21','2023-08-17 01:18:21',NULL),(1469,9042,1471,1479,NULL,0,NULL,'2023-08-17 20:02:21','2023-08-17 20:02:21',NULL),(1470,9042,1472,1480,NULL,0,NULL,'2023-08-17 22:42:57','2023-08-17 22:42:57',NULL),(1471,9042,1473,1481,NULL,0,NULL,'2023-08-18 00:02:35','2023-08-18 00:02:35',NULL),(1472,9042,1474,1482,NULL,0,NULL,'2023-08-23 22:36:17','2023-08-23 22:36:17',NULL),(1473,9042,1475,1483,NULL,0,NULL,'2023-08-23 23:00:27','2023-08-23 23:00:27',NULL),(1474,9042,1476,1484,NULL,0,NULL,'2023-08-23 23:26:41','2023-08-23 23:26:41',NULL),(1475,9042,1477,1486,NULL,0,NULL,'2023-08-24 02:38:37','2023-08-24 02:38:37',NULL),(1476,9042,1478,1487,NULL,0,NULL,'2023-08-24 03:18:47','2023-08-24 03:18:47',NULL),(1477,9042,1479,1488,NULL,0,NULL,'2023-08-24 20:48:08','2023-08-24 20:48:08',NULL),(1478,9042,1480,1489,NULL,0,NULL,'2023-08-30 15:35:06','2023-08-30 15:35:06',NULL),(1479,9042,1481,1490,NULL,0,NULL,'2023-09-17 13:52:33','2023-09-17 13:52:33',NULL),(1480,9042,1482,1491,NULL,0,NULL,'2023-09-17 20:41:06','2023-09-17 20:41:06',NULL),(1481,9042,1483,1492,NULL,0,NULL,'2023-09-23 03:21:15','2023-09-23 03:21:15',NULL),(1482,9042,1484,1493,NULL,0,NULL,'2023-09-23 03:24:03','2023-09-23 03:24:03',NULL),(1483,9042,1485,1494,NULL,0,NULL,'2023-09-23 03:45:10','2023-09-23 03:45:10',NULL),(1484,9042,1486,1495,NULL,0,NULL,'2023-09-23 03:48:23','2023-09-23 03:48:23',NULL),(1485,9042,1487,1496,NULL,0,NULL,'2023-09-23 03:50:32','2023-09-23 03:50:32',NULL),(1486,9042,1488,1497,NULL,0,NULL,'2023-09-23 03:52:29','2023-09-23 03:52:29',NULL),(1487,9042,1489,1498,NULL,0,NULL,'2023-09-23 03:55:13','2023-09-23 03:55:13',NULL),(1488,9042,1490,1499,NULL,0,NULL,'2023-09-23 04:02:23','2023-09-23 04:02:23',NULL),(1489,9042,1491,1500,NULL,0,NULL,'2023-09-23 04:04:07','2023-09-23 04:04:07',NULL),(1490,9042,1492,1501,NULL,0,NULL,'2023-09-23 04:06:01','2023-09-23 04:06:01',NULL),(1491,9042,1493,1503,NULL,0,NULL,'2023-09-25 19:22:40','2023-09-25 19:22:40',NULL),(1492,9042,1494,1504,NULL,0,NULL,'2023-09-25 19:57:06','2023-09-25 19:57:06',NULL),(1493,9042,1495,1505,NULL,0,NULL,'2023-09-25 19:59:49','2023-09-25 19:59:49',NULL),(1494,9042,1496,1506,NULL,0,NULL,'2023-09-25 20:34:23','2023-09-25 20:34:23',NULL),(1495,9042,1497,1507,NULL,0,NULL,'2023-09-25 22:20:28','2023-09-25 22:20:28',NULL),(1496,9042,1498,1510,NULL,0,NULL,'2023-09-29 13:10:24','2023-09-29 13:10:24',NULL),(1497,9042,1499,1512,NULL,0,NULL,'2023-09-30 00:58:10','2023-09-30 00:58:10',NULL),(1498,9042,1500,1513,NULL,0,NULL,'2023-09-30 01:16:10','2023-09-30 01:16:10',NULL),(1499,9042,1501,1514,NULL,0,NULL,'2023-09-30 22:32:23','2023-09-30 22:32:23',NULL),(1500,9042,1502,1515,NULL,0,NULL,'2023-09-30 22:35:09','2023-09-30 22:35:09',NULL),(1501,9042,1503,1516,NULL,0,NULL,'2023-10-12 00:35:20','2023-10-12 00:35:20',NULL),(1536,9042,1538,1551,NULL,0,NULL,'2023-10-12 11:28:51','2023-10-12 11:28:51',NULL),(1537,9042,1539,1552,NULL,0,NULL,'2023-10-12 11:28:51','2023-10-12 11:28:51',NULL);
INSERT INTO `cta_cte_cliente_pivot_receipt` VALUES (1538,9042,1540,1553,NULL,0,NULL,'2023-10-12 11:28:51','2023-10-12 11:28:51',NULL),(1539,9042,1541,1554,NULL,0,NULL,'2023-10-12 11:28:51','2023-10-12 11:28:51',NULL),(1540,9042,1542,1555,NULL,0,NULL,'2023-10-12 11:28:51','2023-10-12 11:28:51',NULL),(1541,9042,1543,1556,NULL,0,NULL,'2023-10-12 11:28:51','2023-10-12 11:28:51',NULL),(1542,9042,1544,1557,NULL,0,NULL,'2023-10-12 11:28:51','2023-10-12 11:28:51',NULL),(1543,9042,1545,1558,NULL,0,NULL,'2023-10-12 11:28:51','2023-10-12 11:28:51',NULL),(1544,9042,1546,1559,NULL,0,NULL,'2023-10-12 11:28:51','2023-10-12 11:28:51',NULL),(1545,9042,1547,1560,NULL,0,NULL,'2023-10-12 11:28:51','2023-10-12 11:28:51',NULL),(1546,9042,1548,1561,NULL,0,NULL,'2023-10-12 11:28:51','2023-10-12 11:28:51',NULL),(1547,9042,1549,1562,NULL,0,NULL,'2023-10-12 11:28:52','2023-10-12 11:28:52',NULL),(1548,9042,1550,1563,NULL,0,NULL,'2023-10-12 11:28:52','2023-10-12 11:28:52',NULL),(1549,9042,1551,1564,NULL,0,NULL,'2023-10-12 11:28:52','2023-10-12 11:28:52',NULL),(1550,9042,1552,1565,NULL,0,NULL,'2023-10-12 11:28:52','2023-10-12 11:28:52',NULL),(1551,9042,1553,1566,NULL,0,NULL,'2023-10-12 11:28:53','2023-10-12 11:28:53',NULL),(1552,9042,1554,1567,NULL,0,NULL,'2023-10-12 11:28:53','2023-10-12 11:28:53',NULL),(1553,9042,1555,1568,NULL,0,NULL,'2023-10-12 11:28:53','2023-10-12 11:28:53',NULL),(1554,9042,1556,1569,NULL,0,NULL,'2023-10-12 11:28:53','2023-10-12 11:28:53',NULL),(1555,9042,1557,1570,NULL,0,NULL,'2023-10-12 11:28:53','2023-10-12 11:28:53',NULL),(1556,9042,1558,1571,NULL,0,NULL,'2023-10-12 11:28:53','2023-10-12 11:28:53',NULL),(1557,9042,1559,1572,NULL,0,NULL,'2023-10-12 11:28:53','2023-10-12 11:28:53',NULL),(1558,9042,1560,1573,NULL,0,NULL,'2023-10-12 11:28:53','2023-10-12 11:28:53',NULL),(1559,9042,1561,1574,NULL,0,NULL,'2023-10-12 11:28:53','2023-10-12 11:28:53',NULL),(1560,9042,1562,1575,NULL,0,NULL,'2023-10-12 11:28:53','2023-10-12 11:28:53',NULL),(1561,9042,1563,1576,NULL,0,NULL,'2023-10-12 11:28:53','2023-10-12 11:28:53',NULL),(1562,9042,1564,1577,NULL,0,NULL,'2023-10-12 11:28:54','2023-10-12 11:28:54',NULL),(1563,9042,1565,1578,NULL,0,NULL,'2023-10-12 11:28:54','2023-10-12 11:28:54',NULL),(1564,9042,1566,1579,NULL,0,NULL,'2023-10-12 11:28:54','2023-10-12 11:28:54',NULL),(1565,9042,1567,1580,NULL,0,NULL,'2023-10-12 11:28:54','2023-10-12 11:28:54',NULL),(1566,9042,1568,1581,NULL,0,NULL,'2023-10-12 11:28:54','2023-10-12 11:28:54',NULL),(1567,9042,1569,1582,NULL,0,NULL,'2023-10-12 11:28:54','2023-10-12 11:28:54',NULL),(1568,9042,1570,1583,NULL,0,NULL,'2023-10-12 11:28:54','2023-10-12 11:28:54',NULL),(1569,9042,1571,1584,NULL,0,NULL,'2023-10-12 11:28:54','2023-10-12 11:28:54',NULL),(1570,9042,1572,1585,NULL,0,NULL,'2023-10-12 11:28:54','2023-10-12 11:28:54',NULL),(1571,9042,1573,1586,NULL,0,NULL,'2023-10-12 11:28:54','2023-10-12 11:28:54',NULL),(1572,9042,1574,1587,NULL,0,NULL,'2023-10-12 11:28:54','2023-10-12 11:28:54',NULL),(1573,9042,1575,1588,NULL,0,NULL,'2023-10-12 11:28:54','2023-10-12 11:28:54',NULL),(1574,9042,1576,1589,NULL,0,NULL,'2023-10-12 11:28:55','2023-10-12 11:28:55',NULL),(1575,9042,1577,1590,NULL,0,NULL,'2023-10-12 11:28:55','2023-10-12 11:28:55',NULL),(1576,9042,1578,1591,NULL,0,NULL,'2023-10-12 11:28:55','2023-10-12 11:28:55',NULL),(1577,9042,1579,1592,NULL,0,NULL,'2023-10-12 11:28:55','2023-10-12 11:28:55',NULL),(1578,9042,1580,1593,NULL,0,NULL,'2023-10-12 11:28:55','2023-10-12 11:28:55',NULL),(1579,9042,1581,1594,NULL,0,NULL,'2023-10-12 11:28:55','2023-10-12 11:28:55',NULL),(1580,9042,1582,1595,NULL,0,NULL,'2023-10-12 11:28:55','2023-10-12 11:28:55',NULL),(1581,9042,1583,1596,NULL,0,NULL,'2023-10-12 11:28:55','2023-10-12 11:28:55',NULL),(1582,9042,1584,1597,NULL,0,NULL,'2023-10-12 11:28:55','2023-10-12 11:28:55',NULL),(1583,9042,1585,1598,NULL,0,NULL,'2023-10-12 11:28:55','2023-10-12 11:28:55',NULL),(1584,9042,1586,1599,NULL,0,NULL,'2023-10-12 11:28:55','2023-10-12 11:28:55',NULL),(1585,9042,1587,1600,NULL,0,NULL,'2023-10-12 11:28:55','2023-10-12 11:28:55',NULL);
INSERT INTO `cta_cte_cliente_pivot_receipt` VALUES (1586,9042,1588,1601,NULL,0,NULL,'2023-10-12 11:28:55','2023-10-12 11:28:55',NULL),(1587,9042,1589,1602,NULL,0,NULL,'2023-10-12 11:28:56','2023-10-12 11:28:56',NULL),(1588,9042,1590,1603,NULL,0,NULL,'2023-10-12 11:28:56','2023-10-12 11:28:56',NULL),(1589,9042,1591,1604,NULL,0,NULL,'2023-10-12 11:28:56','2023-10-12 11:28:56',NULL),(1590,9042,1592,1605,NULL,0,NULL,'2023-10-12 11:28:56','2023-10-12 11:28:56',NULL),(1591,9042,1593,1606,NULL,0,NULL,'2023-10-12 11:28:56','2023-10-12 11:28:56',NULL),(1592,9042,1594,1607,NULL,0,NULL,'2023-10-12 11:28:56','2023-10-12 11:28:56',NULL),(1593,9042,1595,1608,NULL,0,NULL,'2023-10-12 11:28:56','2023-10-12 11:28:56',NULL),(1594,9042,1596,1609,NULL,0,NULL,'2023-10-12 11:28:56','2023-10-12 11:28:56',NULL),(1595,9042,1597,1610,NULL,0,NULL,'2023-10-12 11:28:56','2023-10-12 11:28:56',NULL),(1596,9042,1598,1611,NULL,0,NULL,'2023-10-12 11:28:56','2023-10-12 11:28:56',NULL),(1597,9042,1599,1612,NULL,0,NULL,'2023-10-12 11:28:57','2023-10-12 11:28:57',NULL),(1598,9042,1600,1613,NULL,0,NULL,'2023-10-12 11:28:57','2023-10-12 11:28:57',NULL),(1599,9042,1601,1614,NULL,0,NULL,'2023-10-12 11:28:57','2023-10-12 11:28:57',NULL),(1600,9042,1602,1615,NULL,0,NULL,'2023-10-12 11:28:57','2023-10-12 11:28:57',NULL),(1601,9042,1603,1616,NULL,0,NULL,'2023-10-12 11:28:57','2023-10-12 11:28:57',NULL),(1602,9042,1604,1617,NULL,0,NULL,'2023-10-12 11:28:57','2023-10-12 11:28:57',NULL),(1603,9042,1605,1618,NULL,0,NULL,'2023-10-12 11:28:57','2023-10-12 11:28:57',NULL),(1604,9042,1606,1619,NULL,0,NULL,'2023-10-12 11:28:57','2023-10-12 11:28:57',NULL),(1605,9042,1607,1620,NULL,0,NULL,'2023-10-12 11:28:57','2023-10-12 11:28:57',NULL),(1606,9042,1608,1621,NULL,0,NULL,'2023-10-12 11:28:58','2023-10-12 11:28:58',NULL),(1607,9042,1609,1622,NULL,0,NULL,'2023-10-12 11:28:58','2023-10-12 11:28:58',NULL),(1608,9042,1610,1623,NULL,0,NULL,'2023-10-12 11:28:58','2023-10-12 11:28:58',NULL),(1609,9042,1611,1624,NULL,0,NULL,'2023-10-12 11:28:58','2023-10-12 11:28:58',NULL),(1610,9042,1612,1625,NULL,0,NULL,'2023-10-12 11:28:58','2023-10-12 11:28:58',NULL),(1611,9042,1613,1626,NULL,0,NULL,'2023-10-12 11:28:58','2023-10-12 11:28:58',NULL),(1612,9042,1614,1627,NULL,0,NULL,'2023-10-12 11:28:58','2023-10-12 11:28:58',NULL),(1613,9042,1615,1628,NULL,0,NULL,'2023-10-12 11:28:58','2023-10-12 11:28:58',NULL),(1614,9042,1616,1629,NULL,0,NULL,'2023-10-12 11:28:58','2023-10-12 11:28:58',NULL),(1615,9042,1617,1630,NULL,0,NULL,'2023-10-12 11:28:58','2023-10-12 11:28:58',NULL),(1616,9042,1618,1631,NULL,0,NULL,'2023-10-12 11:28:58','2023-10-12 11:28:58',NULL),(1617,9042,1619,1632,NULL,0,NULL,'2023-10-12 11:28:58','2023-10-12 11:28:58',NULL),(1618,9042,1620,1633,NULL,0,NULL,'2023-10-12 11:28:59','2023-10-12 11:28:59',NULL),(1619,9042,1621,1634,NULL,0,NULL,'2023-10-12 11:28:59','2023-10-12 11:28:59',NULL),(1620,9042,1622,1635,NULL,0,NULL,'2023-10-12 11:28:59','2023-10-12 11:28:59',NULL),(1621,9042,1623,1636,NULL,0,NULL,'2023-10-12 11:28:59','2023-10-12 11:28:59',NULL),(1622,9042,1624,1637,NULL,0,NULL,'2023-10-12 11:28:59','2023-10-12 11:28:59',NULL),(1623,9042,1625,1638,NULL,0,NULL,'2023-10-12 11:28:59','2023-10-12 11:28:59',NULL),(1624,9042,1626,1639,NULL,0,NULL,'2023-10-12 11:28:59','2023-10-12 11:28:59',NULL),(1625,9042,1627,1640,NULL,0,NULL,'2023-10-12 11:28:59','2023-10-12 11:28:59',NULL),(1626,9042,1628,1641,NULL,0,NULL,'2023-10-12 11:28:59','2023-10-12 11:28:59',NULL),(1627,9042,1629,1642,NULL,0,NULL,'2023-10-12 11:28:59','2023-10-12 11:28:59',NULL),(1628,9042,1630,1643,NULL,0,NULL,'2023-10-12 11:28:59','2023-10-12 11:28:59',NULL),(1629,9042,1631,1644,NULL,0,NULL,'2023-10-12 11:28:59','2023-10-12 11:28:59',NULL),(1630,9042,1632,1645,NULL,0,NULL,'2023-10-12 11:29:00','2023-10-12 11:29:00',NULL),(1631,9042,1633,1646,NULL,0,NULL,'2023-10-12 11:29:00','2023-10-12 11:29:00',NULL),(1632,9042,1634,1647,NULL,0,NULL,'2023-10-12 11:29:00','2023-10-12 11:29:00',NULL),(1633,9042,1635,1648,NULL,0,NULL,'2023-10-12 11:29:00','2023-10-12 11:29:00',NULL);
INSERT INTO `cta_cte_cliente_pivot_receipt` VALUES (1634,9042,1636,1649,NULL,0,NULL,'2023-10-12 11:29:00','2023-10-12 11:29:00',NULL),(1635,9042,1637,1650,NULL,0,NULL,'2023-10-12 11:29:00','2023-10-12 11:29:00',NULL),(1636,9042,1638,1651,NULL,0,NULL,'2023-10-12 11:29:00','2023-10-12 11:29:00',NULL),(1637,9042,1639,1652,NULL,0,NULL,'2023-10-12 11:29:01','2023-10-12 11:29:01',NULL),(1638,9042,1640,1653,NULL,0,NULL,'2023-10-12 11:29:01','2023-10-12 11:29:01',NULL),(1639,9042,1641,1654,NULL,0,NULL,'2023-10-12 11:29:01','2023-10-12 11:29:01',NULL),(1640,9042,1642,1655,NULL,0,NULL,'2023-10-12 11:29:01','2023-10-12 11:29:01',NULL),(1641,9042,1643,1656,NULL,0,NULL,'2023-10-12 11:29:01','2023-10-12 11:29:01',NULL),(1642,9042,1644,1657,NULL,0,NULL,'2023-10-12 11:29:02','2023-10-12 11:29:02',NULL),(1643,9042,1645,1658,NULL,0,NULL,'2023-10-12 11:29:02','2023-10-12 11:29:02',NULL),(1644,9042,1646,1659,NULL,0,NULL,'2023-10-12 11:29:02','2023-10-12 11:29:02',NULL),(1645,9042,1647,1660,NULL,0,NULL,'2023-10-12 11:29:02','2023-10-12 11:29:02',NULL),(1646,9042,1648,1661,NULL,0,NULL,'2023-10-12 11:29:02','2023-10-12 11:29:02',NULL),(1647,9042,1649,1662,NULL,0,NULL,'2023-10-12 11:29:02','2023-10-12 11:29:02',NULL),(1648,9042,1650,1663,NULL,0,NULL,'2023-10-12 11:29:02','2023-10-12 11:29:02',NULL),(1649,9042,1651,1664,NULL,0,NULL,'2023-10-12 11:29:03','2023-10-12 11:29:03',NULL),(1650,9042,1652,1665,NULL,0,NULL,'2023-10-12 11:29:03','2023-10-12 11:29:03',NULL),(1651,9042,1653,1666,NULL,0,NULL,'2023-10-12 11:29:03','2023-10-12 11:29:03',NULL),(1652,9042,1654,1667,NULL,0,NULL,'2023-10-12 11:29:03','2023-10-12 11:29:03',NULL),(1653,9042,1655,1668,NULL,0,NULL,'2023-10-12 11:29:03','2023-10-12 11:29:03',NULL),(1654,9042,1656,1669,NULL,0,NULL,'2023-10-12 11:29:03','2023-10-12 11:29:03',NULL),(1655,9042,1657,1670,NULL,0,NULL,'2023-10-12 11:29:03','2023-10-12 11:29:03',NULL),(1656,9042,1658,1671,NULL,0,NULL,'2023-10-12 11:29:03','2023-10-12 11:29:03',NULL),(1657,9042,1659,1672,NULL,0,NULL,'2023-10-12 11:29:03','2023-10-12 11:29:03',NULL),(1658,9042,1660,1673,NULL,0,NULL,'2023-10-12 11:29:04','2023-10-12 11:29:04',NULL),(1659,9042,1661,1674,NULL,0,NULL,'2023-10-12 11:29:04','2023-10-12 11:29:04',NULL),(1660,9042,1662,1675,NULL,0,NULL,'2023-10-12 11:29:04','2023-10-12 11:29:04',NULL),(1661,9042,1663,1676,NULL,0,NULL,'2023-10-12 11:39:58','2023-10-12 11:39:58',NULL),(1662,9042,1664,1677,NULL,0,NULL,'2023-10-12 11:39:58','2023-10-12 11:39:58',NULL),(1663,9042,1665,1678,NULL,0,NULL,'2023-10-12 11:39:58','2023-10-12 11:39:58',NULL),(1664,9042,1666,1679,NULL,0,NULL,'2023-10-12 11:39:58','2023-10-12 11:39:58',NULL),(1665,9042,1667,1680,NULL,0,NULL,'2023-10-12 11:39:58','2023-10-12 11:39:58',NULL),(1666,9042,1668,1681,NULL,0,NULL,'2023-10-12 11:39:59','2023-10-12 11:39:59',NULL),(1667,9042,1669,1682,NULL,0,NULL,'2023-10-12 11:39:59','2023-10-12 11:39:59',NULL),(1668,9042,1670,1683,NULL,0,NULL,'2023-10-12 11:39:59','2023-10-12 11:39:59',NULL),(1669,9042,1671,1684,NULL,0,NULL,'2023-10-12 11:39:59','2023-10-12 11:39:59',NULL),(1670,9042,1672,1685,NULL,0,NULL,'2023-10-12 11:39:59','2023-10-12 11:39:59',NULL),(1671,9042,1673,1686,NULL,0,NULL,'2023-10-12 11:39:59','2023-10-12 11:39:59',NULL),(1672,9042,1674,1687,NULL,0,NULL,'2023-10-12 11:39:59','2023-10-12 11:39:59',NULL),(1673,9042,1675,1688,NULL,0,NULL,'2023-10-12 11:40:00','2023-10-12 11:40:00',NULL),(1674,9042,1676,1689,NULL,0,NULL,'2023-10-12 11:40:00','2023-10-12 11:40:00',NULL),(1675,9042,1677,1690,NULL,0,NULL,'2023-10-12 11:40:00','2023-10-12 11:40:00',NULL),(1676,9042,1678,1691,NULL,0,NULL,'2023-10-12 11:40:00','2023-10-12 11:40:00',NULL),(1677,9042,1679,1692,NULL,0,NULL,'2023-10-12 11:40:00','2023-10-12 11:40:00',NULL),(1678,9042,1680,1693,NULL,0,NULL,'2023-10-12 11:40:00','2023-10-12 11:40:00',NULL),(1679,9042,1681,1694,NULL,0,NULL,'2023-10-12 11:40:01','2023-10-12 11:40:01',NULL),(1680,9042,1682,1695,NULL,0,NULL,'2023-10-12 11:40:01','2023-10-12 11:40:01',NULL),(1681,9042,1683,1696,NULL,0,NULL,'2023-10-12 11:40:01','2023-10-12 11:40:01',NULL);
INSERT INTO `cta_cte_cliente_pivot_receipt` VALUES (1682,9042,1684,1697,NULL,0,NULL,'2023-10-12 11:40:01','2023-10-12 11:40:01',NULL),(1683,9042,1685,1698,NULL,0,NULL,'2023-10-12 11:40:01','2023-10-12 11:40:01',NULL),(1684,9042,1686,1699,NULL,0,NULL,'2023-10-12 11:40:01','2023-10-12 11:40:01',NULL),(1685,9042,1687,1700,NULL,0,NULL,'2023-10-12 11:40:01','2023-10-12 11:40:01',NULL),(1686,9042,1688,1701,NULL,0,NULL,'2023-10-12 11:40:02','2023-10-12 11:40:02',NULL),(1687,9042,1689,1702,NULL,0,NULL,'2023-10-12 11:40:02','2023-10-12 11:40:02',NULL),(1688,9042,1690,1703,NULL,0,NULL,'2023-10-12 11:40:02','2023-10-12 11:40:02',NULL),(1689,9042,1691,1704,NULL,0,NULL,'2023-10-12 11:40:02','2023-10-12 11:40:02',NULL),(1690,9042,1692,1705,NULL,0,NULL,'2023-10-12 11:40:02','2023-10-12 11:40:02',NULL),(1691,9042,1693,1706,NULL,0,NULL,'2023-10-12 11:40:02','2023-10-12 11:40:02',NULL),(1692,9042,1694,1707,NULL,0,NULL,'2023-10-12 11:40:02','2023-10-12 11:40:02',NULL),(1693,9042,1695,1708,NULL,0,NULL,'2023-10-12 11:40:02','2023-10-12 11:40:02',NULL),(1694,9042,1696,1709,NULL,0,NULL,'2023-10-12 11:40:02','2023-10-12 11:40:02',NULL),(1695,9042,1697,1710,NULL,0,NULL,'2023-10-12 11:40:03','2023-10-12 11:40:03',NULL),(1696,9042,1698,1711,NULL,0,NULL,'2023-10-12 11:40:03','2023-10-12 11:40:03',NULL),(1697,9042,1699,1712,NULL,0,NULL,'2023-10-12 11:40:03','2023-10-12 11:40:03',NULL),(1698,9042,1700,1713,NULL,0,NULL,'2023-10-12 11:40:03','2023-10-12 11:40:03',NULL),(1699,9042,1701,1714,NULL,0,NULL,'2023-10-12 11:40:03','2023-10-12 11:40:03',NULL),(1700,9042,1702,1715,NULL,0,NULL,'2023-10-12 11:40:03','2023-10-12 11:40:03',NULL),(1701,9042,1703,1716,NULL,0,NULL,'2023-10-12 11:40:03','2023-10-12 11:40:03',NULL),(1702,9042,1704,1717,NULL,0,NULL,'2023-10-12 11:40:03','2023-10-12 11:40:03',NULL),(1703,9042,1705,1718,NULL,0,NULL,'2023-10-12 11:40:03','2023-10-12 11:40:03',NULL),(1704,9042,1706,1719,NULL,0,NULL,'2023-10-12 11:40:03','2023-10-12 11:40:03',NULL),(1705,9042,1707,1720,NULL,0,NULL,'2023-10-12 11:40:03','2023-10-12 11:40:03',NULL),(1986,9042,1988,2001,NULL,0,NULL,'2023-10-12 12:02:48','2023-10-12 12:02:48',NULL),(1987,9042,1989,2002,NULL,0,NULL,'2023-10-12 12:02:48','2023-10-12 12:02:48',NULL),(1988,9042,1990,2003,NULL,0,NULL,'2023-10-12 12:02:48','2023-10-12 12:02:48',NULL),(1989,9042,1991,2004,NULL,0,NULL,'2023-10-12 12:02:48','2023-10-12 12:02:48',NULL),(1990,9042,1992,2005,NULL,0,NULL,'2023-10-12 12:02:49','2023-10-12 12:02:49',NULL),(1991,9042,1993,2006,NULL,0,NULL,'2023-10-12 12:02:49','2023-10-12 12:02:49',NULL),(1992,9042,1994,2007,NULL,0,NULL,'2023-10-12 12:02:49','2023-10-12 12:02:49',NULL),(1993,9042,1995,2008,NULL,0,NULL,'2023-10-12 12:02:49','2023-10-12 12:02:49',NULL),(1994,9042,1996,2009,NULL,0,NULL,'2023-10-12 12:02:49','2023-10-12 12:02:49',NULL),(1995,9042,1997,2010,NULL,0,NULL,'2023-10-12 12:02:49','2023-10-12 12:02:49',NULL),(1996,9042,1998,2011,NULL,0,NULL,'2023-10-12 12:02:50','2023-10-12 12:02:50',NULL),(1997,9042,1999,2012,NULL,0,NULL,'2023-10-12 12:02:50','2023-10-12 12:02:50',NULL),(1998,9042,2000,2013,NULL,0,NULL,'2023-10-12 12:02:50','2023-10-12 12:02:50',NULL),(1999,9042,2001,2014,NULL,0,NULL,'2023-10-12 12:02:50','2023-10-12 12:02:50',NULL),(2000,9042,2002,2015,NULL,0,NULL,'2023-10-12 12:02:50','2023-10-12 12:02:50',NULL),(2001,9042,2003,2016,NULL,0,NULL,'2023-10-12 12:02:50','2023-10-12 12:02:50',NULL),(2002,9042,2004,2017,NULL,0,NULL,'2023-10-12 12:02:50','2023-10-12 12:02:50',NULL),(2003,9042,2005,2018,NULL,0,NULL,'2023-10-12 12:02:50','2023-10-12 12:02:50',NULL),(2004,9042,2006,2019,NULL,0,NULL,'2023-10-12 12:02:50','2023-10-12 12:02:50',NULL),(2005,9042,2007,2020,NULL,0,NULL,'2023-10-12 12:02:50','2023-10-12 12:02:50',NULL),(2006,9042,2008,2021,NULL,0,NULL,'2023-10-12 12:02:50','2023-10-12 12:02:50',NULL),(2007,9042,2009,2022,NULL,0,NULL,'2023-10-12 12:02:51','2023-10-12 12:02:51',NULL),(2008,9042,2010,2023,NULL,0,NULL,'2023-10-12 12:02:51','2023-10-12 12:02:51',NULL),(2009,9042,2011,2024,NULL,0,NULL,'2023-10-12 12:02:51','2023-10-12 12:02:51',NULL);
INSERT INTO `cta_cte_cliente_pivot_receipt` VALUES (2010,9042,2012,2025,NULL,0,NULL,'2023-10-12 12:02:51','2023-10-12 12:02:51',NULL),(2011,9042,2013,2026,NULL,0,NULL,'2023-10-12 12:02:51','2023-10-12 12:02:51',NULL),(2012,9042,2014,2027,NULL,0,NULL,'2023-10-12 12:02:51','2023-10-12 12:02:51',NULL),(2013,9042,2015,2028,NULL,0,NULL,'2023-10-12 12:02:51','2023-10-12 12:02:51',NULL),(2014,9042,2016,2029,NULL,0,NULL,'2023-10-12 12:02:51','2023-10-12 12:02:51',NULL),(2015,9042,2017,2030,NULL,0,NULL,'2023-10-12 12:02:51','2023-10-12 12:02:51',NULL),(2016,9042,2018,2031,NULL,0,NULL,'2023-10-12 12:02:51','2023-10-12 12:02:51',NULL),(2017,9042,2019,2032,NULL,0,NULL,'2023-10-12 12:02:51','2023-10-12 12:02:51',NULL),(2018,9042,2020,2033,NULL,0,NULL,'2023-10-12 12:02:51','2023-10-12 12:02:51',NULL),(2019,9042,2021,2034,NULL,0,NULL,'2023-10-12 12:02:51','2023-10-12 12:02:51',NULL),(2020,9042,2022,2035,NULL,0,NULL,'2023-10-12 12:02:51','2023-10-12 12:02:51',NULL),(2021,9042,2023,2036,NULL,0,NULL,'2023-10-12 12:02:51','2023-10-12 12:02:51',NULL),(2022,9042,2024,2037,NULL,0,NULL,'2023-10-12 12:02:51','2023-10-12 12:02:51',NULL),(2023,9042,2025,2038,NULL,0,NULL,'2023-10-12 12:02:52','2023-10-12 12:02:52',NULL),(2024,9042,2026,2039,NULL,0,NULL,'2023-10-12 12:02:52','2023-10-12 12:02:52',NULL),(2025,9042,2027,2040,NULL,0,NULL,'2023-10-12 12:02:52','2023-10-12 12:02:52',NULL),(2026,9042,2028,2041,NULL,0,NULL,'2023-10-12 12:02:52','2023-10-12 12:02:52',NULL),(2027,9042,2029,2042,NULL,0,NULL,'2023-10-12 12:02:52','2023-10-12 12:02:52',NULL),(2028,9042,2030,2043,NULL,0,NULL,'2023-10-12 12:02:52','2023-10-12 12:02:52',NULL),(2029,9042,2031,2044,NULL,0,NULL,'2023-10-12 12:02:52','2023-10-12 12:02:52',NULL),(2030,9042,2032,2045,NULL,0,NULL,'2023-10-12 12:02:52','2023-10-12 12:02:52',NULL),(2031,9042,2033,2046,NULL,0,NULL,'2023-10-12 12:02:52','2023-10-12 12:02:52',NULL),(2032,9042,2034,2047,NULL,0,NULL,'2023-10-12 12:02:52','2023-10-12 12:02:52',NULL),(2033,9042,2035,2048,NULL,0,NULL,'2023-10-12 12:02:52','2023-10-12 12:02:52',NULL),(2034,9042,2036,2049,NULL,0,NULL,'2023-10-12 12:02:52','2023-10-12 12:02:52',NULL),(2035,9042,2037,2050,NULL,0,NULL,'2023-10-12 12:02:52','2023-10-12 12:02:52',NULL),(2036,9042,2038,2051,NULL,0,NULL,'2023-10-12 12:02:52','2023-10-12 12:02:52',NULL),(2037,9042,2039,2052,NULL,0,NULL,'2023-10-12 12:02:52','2023-10-12 12:02:52',NULL),(2038,9042,2040,2053,NULL,0,NULL,'2023-10-12 12:02:53','2023-10-12 12:02:53',NULL),(2039,9042,2041,2054,NULL,0,NULL,'2023-10-12 12:02:53','2023-10-12 12:02:53',NULL),(2040,9042,2042,2055,NULL,0,NULL,'2023-10-12 12:02:53','2023-10-12 12:02:53',NULL),(2041,9042,2043,2056,NULL,0,NULL,'2023-10-12 12:02:53','2023-10-12 12:02:53',NULL),(2042,9042,2044,2057,NULL,0,NULL,'2023-10-12 12:02:53','2023-10-12 12:02:53',NULL),(2043,9042,2045,2058,NULL,0,NULL,'2023-10-12 12:02:53','2023-10-12 12:02:53',NULL),(2044,9042,2046,2059,NULL,0,NULL,'2023-10-12 12:02:53','2023-10-12 12:02:53',NULL),(2045,9042,2047,2060,NULL,0,NULL,'2023-10-12 12:02:53','2023-10-12 12:02:53',NULL),(2046,9042,2048,2061,NULL,0,NULL,'2023-10-12 12:02:53','2023-10-12 12:02:53',NULL),(2047,9042,2049,2062,NULL,0,NULL,'2023-10-12 12:02:53','2023-10-12 12:02:53',NULL),(2048,9042,2050,2063,NULL,0,NULL,'2023-10-12 12:02:53','2023-10-12 12:02:53',NULL),(2049,9042,2051,2064,NULL,0,NULL,'2023-10-12 12:02:53','2023-10-12 12:02:53',NULL),(2050,9042,2052,2065,NULL,0,NULL,'2023-10-12 12:02:54','2023-10-12 12:02:54',NULL),(2051,9042,2053,2066,NULL,0,NULL,'2023-10-12 12:02:54','2023-10-12 12:02:54',NULL),(2052,9042,2054,2067,NULL,0,NULL,'2023-10-12 12:02:54','2023-10-12 12:02:54',NULL),(2053,9042,2055,2068,NULL,0,NULL,'2023-10-12 12:02:54','2023-10-12 12:02:54',NULL),(2054,9042,2056,2069,NULL,0,NULL,'2023-10-12 12:02:54','2023-10-12 12:02:54',NULL),(2055,9042,2057,2070,NULL,0,NULL,'2023-10-12 12:02:54','2023-10-12 12:02:54',NULL),(2056,9042,2058,2071,NULL,0,NULL,'2023-10-12 12:02:54','2023-10-12 12:02:54',NULL),(2057,9042,2059,2072,NULL,0,NULL,'2023-10-12 12:02:55','2023-10-12 12:02:55',NULL);
INSERT INTO `cta_cte_cliente_pivot_receipt` VALUES (2058,9042,2060,2073,NULL,0,NULL,'2023-10-12 12:02:55','2023-10-12 12:02:55',NULL),(2059,9042,2061,2074,NULL,0,NULL,'2023-10-12 12:02:55','2023-10-12 12:02:55',NULL),(2060,9042,2062,2075,NULL,0,NULL,'2023-10-12 12:02:55','2023-10-12 12:02:55',NULL),(2061,9042,2063,2076,NULL,0,NULL,'2023-10-12 12:02:55','2023-10-12 12:02:55',NULL),(2062,9042,2064,2077,NULL,0,NULL,'2023-10-12 12:02:55','2023-10-12 12:02:55',NULL),(2063,9042,2065,2078,NULL,0,NULL,'2023-10-12 12:02:55','2023-10-12 12:02:55',NULL),(2064,9042,2066,2079,NULL,0,NULL,'2023-10-12 12:02:55','2023-10-12 12:02:55',NULL),(2065,9042,2067,2080,NULL,0,NULL,'2023-10-12 12:02:55','2023-10-12 12:02:55',NULL),(2066,9042,2068,2081,NULL,0,NULL,'2023-10-12 12:02:55','2023-10-12 12:02:55',NULL),(2067,9042,2069,2082,NULL,0,NULL,'2023-10-12 12:02:55','2023-10-12 12:02:55',NULL),(2068,9042,2070,2083,NULL,0,NULL,'2023-10-12 12:02:55','2023-10-12 12:02:55',NULL),(2069,9042,2071,2084,NULL,0,NULL,'2023-10-12 12:02:55','2023-10-12 12:02:55',NULL),(2070,9042,2072,2085,NULL,0,NULL,'2023-10-12 12:02:56','2023-10-12 12:02:56',NULL),(2071,9042,2073,2086,NULL,0,NULL,'2023-10-12 12:02:56','2023-10-12 12:02:56',NULL),(2072,9042,2074,2087,NULL,0,NULL,'2023-10-12 12:02:56','2023-10-12 12:02:56',NULL),(2073,9042,2075,2088,NULL,0,NULL,'2023-10-12 12:02:56','2023-10-12 12:02:56',NULL),(2074,9042,2076,2089,NULL,0,NULL,'2023-10-12 12:02:56','2023-10-12 12:02:56',NULL),(2075,9042,2077,2090,NULL,0,NULL,'2023-10-12 12:02:56','2023-10-12 12:02:56',NULL),(2076,9042,2078,2091,NULL,0,NULL,'2023-10-12 12:02:56','2023-10-12 12:02:56',NULL),(2077,9042,2079,2092,NULL,0,NULL,'2023-10-12 12:02:56','2023-10-12 12:02:56',NULL),(2078,9042,2080,2093,NULL,0,NULL,'2023-10-12 12:02:56','2023-10-12 12:02:56',NULL),(2079,9042,2081,2094,NULL,0,NULL,'2023-10-12 12:02:56','2023-10-12 12:02:56',NULL),(2080,9042,2082,2095,NULL,0,NULL,'2023-10-12 12:02:56','2023-10-12 12:02:56',NULL),(2081,9042,2083,2096,NULL,0,NULL,'2023-10-12 12:02:56','2023-10-12 12:02:56',NULL),(2082,9042,2084,2097,NULL,0,NULL,'2023-10-12 12:02:57','2023-10-12 12:02:57',NULL),(2083,9042,2085,2098,NULL,0,NULL,'2023-10-12 12:02:57','2023-10-12 12:02:57',NULL),(2084,9042,2086,2099,NULL,0,NULL,'2023-10-12 12:02:57','2023-10-12 12:02:57',NULL),(2085,9042,2087,2100,NULL,0,NULL,'2023-10-12 12:02:57','2023-10-12 12:02:57',NULL),(2086,9042,2088,2101,NULL,0,NULL,'2023-10-12 12:02:57','2023-10-12 12:02:57',NULL),(2087,9042,2089,2102,NULL,0,NULL,'2023-10-12 12:02:57','2023-10-12 12:02:57',NULL),(2088,9042,2090,2103,NULL,0,NULL,'2023-10-12 12:02:57','2023-10-12 12:02:57',NULL),(2089,9042,2091,2104,NULL,0,NULL,'2023-10-12 12:02:57','2023-10-12 12:02:57',NULL),(2090,9042,2092,2105,NULL,0,NULL,'2023-10-12 12:02:57','2023-10-12 12:02:57',NULL),(2091,9042,2093,2106,NULL,0,NULL,'2023-10-12 12:02:57','2023-10-12 12:02:57',NULL),(2092,9042,2094,2107,NULL,0,NULL,'2023-10-12 12:02:57','2023-10-12 12:02:57',NULL),(2093,9042,2095,2108,NULL,0,NULL,'2023-10-12 12:02:57','2023-10-12 12:02:57',NULL),(2094,9042,2096,2109,NULL,0,NULL,'2023-10-12 12:02:57','2023-10-12 12:02:57',NULL),(2095,9042,2097,2110,NULL,0,NULL,'2023-10-12 12:02:58','2023-10-12 12:02:58',NULL),(2096,9042,2098,2111,NULL,0,NULL,'2023-10-12 12:02:58','2023-10-12 12:02:58',NULL),(2097,9042,2099,2112,NULL,0,NULL,'2023-10-12 12:02:58','2023-10-12 12:02:58',NULL),(2098,9042,2100,2113,NULL,0,NULL,'2023-10-12 12:02:58','2023-10-12 12:02:58',NULL),(2099,9042,2101,2114,NULL,0,NULL,'2023-10-12 12:02:58','2023-10-12 12:02:58',NULL),(2100,9042,2102,2115,NULL,0,NULL,'2023-10-12 12:02:58','2023-10-12 12:02:58',NULL),(2101,9042,2103,2116,NULL,0,NULL,'2023-10-12 12:02:58','2023-10-12 12:02:58',NULL),(2102,9042,2104,2117,NULL,0,NULL,'2023-10-12 12:02:58','2023-10-12 12:02:58',NULL),(2103,9042,2105,2118,NULL,0,NULL,'2023-10-12 12:02:58','2023-10-12 12:02:58',NULL),(2104,9042,2106,2119,NULL,0,NULL,'2023-10-12 12:02:58','2023-10-12 12:02:58',NULL),(2105,9042,2107,2120,NULL,0,NULL,'2023-10-12 12:02:59','2023-10-12 12:02:59',NULL);
INSERT INTO `cta_cte_cliente_pivot_receipt` VALUES (2106,9042,2108,2121,NULL,0,NULL,'2023-10-12 12:02:59','2023-10-12 12:02:59',NULL),(2107,9042,2109,2122,NULL,0,NULL,'2023-10-12 12:02:59','2023-10-12 12:02:59',NULL),(2108,9042,2110,2123,NULL,0,NULL,'2023-10-12 12:02:59','2023-10-12 12:02:59',NULL),(2109,9042,2111,2124,NULL,0,NULL,'2023-10-12 12:02:59','2023-10-12 12:02:59',NULL),(2110,9042,2112,2125,NULL,0,NULL,'2023-10-12 12:02:59','2023-10-12 12:02:59',NULL),(2111,9042,2113,2126,NULL,0,NULL,'2023-10-12 12:02:59','2023-10-12 12:02:59',NULL),(2112,9042,2114,2127,NULL,0,NULL,'2023-10-12 12:02:59','2023-10-12 12:02:59',NULL),(2113,9042,2115,2128,NULL,0,NULL,'2023-10-12 12:03:00','2023-10-12 12:03:00',NULL),(2114,9042,2116,2129,NULL,0,NULL,'2023-10-12 12:03:00','2023-10-12 12:03:00',NULL),(2115,9042,2117,2130,NULL,0,NULL,'2023-10-12 12:03:00','2023-10-12 12:03:00',NULL),(2116,9042,2118,2131,NULL,0,NULL,'2023-10-12 12:03:00','2023-10-12 12:03:00',NULL),(2117,9042,2119,2132,NULL,0,NULL,'2023-10-12 12:03:00','2023-10-12 12:03:00',NULL),(2118,9042,2120,2133,NULL,0,NULL,'2023-10-12 12:03:00','2023-10-12 12:03:00',NULL),(2119,9042,2121,2134,NULL,0,NULL,'2023-10-12 12:03:00','2023-10-12 12:03:00',NULL),(2120,9042,2122,2135,NULL,0,NULL,'2023-10-12 12:03:01','2023-10-12 12:03:01',NULL),(2121,9042,2123,2136,NULL,0,NULL,'2023-10-12 12:03:01','2023-10-12 12:03:01',NULL),(2122,9042,2124,2137,NULL,0,NULL,'2023-10-12 12:03:01','2023-10-12 12:03:01',NULL),(2123,9042,2125,2138,NULL,0,NULL,'2023-10-12 12:03:01','2023-10-12 12:03:01',NULL),(2124,9042,2126,2139,NULL,0,NULL,'2023-10-12 12:03:01','2023-10-12 12:03:01',NULL),(2125,9042,2127,2140,NULL,0,NULL,'2023-10-12 12:03:01','2023-10-12 12:03:01',NULL),(2126,9042,2128,2141,NULL,0,NULL,'2023-10-12 12:04:28','2023-10-12 12:04:28',NULL),(2127,9042,2129,2142,NULL,0,NULL,'2023-10-12 12:04:28','2023-10-12 12:04:28',NULL),(2128,9042,2130,2143,NULL,0,NULL,'2023-10-12 12:04:28','2023-10-12 12:04:28',NULL),(2129,9042,2131,2144,NULL,0,NULL,'2023-10-12 12:04:28','2023-10-12 12:04:28',NULL),(2130,9042,2132,2145,NULL,0,NULL,'2023-10-12 12:04:28','2023-10-12 12:04:28',NULL),(2131,9042,2133,2146,NULL,0,NULL,'2023-10-12 12:04:28','2023-10-12 12:04:28',NULL),(2132,9042,2134,2147,NULL,0,NULL,'2023-10-12 12:04:28','2023-10-12 12:04:28',NULL),(2133,9042,2135,2148,NULL,0,NULL,'2023-10-12 12:04:28','2023-10-12 12:04:28',NULL),(2134,9042,2136,2149,NULL,0,NULL,'2023-10-12 12:04:28','2023-10-12 12:04:28',NULL),(2135,9042,2137,2150,NULL,0,NULL,'2023-10-12 12:04:28','2023-10-12 12:04:28',NULL),(2136,9042,2138,2151,NULL,0,NULL,'2023-10-12 12:04:28','2023-10-12 12:04:28',NULL),(2137,9042,2139,2152,NULL,0,NULL,'2023-10-12 12:04:28','2023-10-12 12:04:28',NULL),(2138,9042,2140,2153,NULL,0,NULL,'2023-10-12 12:04:29','2023-10-12 12:04:29',NULL),(2139,9042,2141,2154,NULL,0,NULL,'2023-10-12 12:04:29','2023-10-12 12:04:29',NULL),(2140,9042,2142,2155,NULL,0,NULL,'2023-10-12 12:04:29','2023-10-12 12:04:29',NULL),(2141,9042,2143,2156,NULL,0,NULL,'2023-10-12 12:04:29','2023-10-12 12:04:29',NULL),(2142,9042,2144,2157,NULL,0,NULL,'2023-10-12 12:04:29','2023-10-12 12:04:29',NULL),(2143,9042,2145,2158,NULL,0,NULL,'2023-10-12 12:04:29','2023-10-12 12:04:29',NULL),(2144,9042,2146,2159,NULL,0,NULL,'2023-10-12 12:04:29','2023-10-12 12:04:29',NULL),(2145,9042,2147,2160,NULL,0,NULL,'2023-10-12 12:04:29','2023-10-12 12:04:29',NULL),(2146,9042,2148,2161,NULL,0,NULL,'2023-10-12 12:04:29','2023-10-12 12:04:29',NULL),(2147,9042,2149,2162,NULL,0,NULL,'2023-10-12 12:04:29','2023-10-12 12:04:29',NULL),(2148,9042,2150,2163,NULL,0,NULL,'2023-10-12 12:04:30','2023-10-12 12:04:30',NULL),(2149,9042,2151,2164,NULL,0,NULL,'2023-10-12 12:04:30','2023-10-12 12:04:30',NULL),(2150,9042,2152,2165,NULL,0,NULL,'2023-10-12 12:04:30','2023-10-12 12:04:30',NULL),(2151,9042,2153,2166,NULL,0,NULL,'2023-10-12 12:04:30','2023-10-12 12:04:30',NULL),(2152,9042,2154,2167,NULL,0,NULL,'2023-10-12 12:04:30','2023-10-12 12:04:30',NULL),(2153,9042,2155,2168,NULL,0,NULL,'2023-10-12 12:04:30','2023-10-12 12:04:30',NULL);
INSERT INTO `cta_cte_cliente_pivot_receipt` VALUES (2154,9042,2156,2169,NULL,0,NULL,'2023-10-12 12:04:31','2023-10-12 12:04:31',NULL),(2155,9042,2157,2170,NULL,0,NULL,'2023-10-12 12:04:31','2023-10-12 12:04:31',NULL),(2156,9042,2158,2171,NULL,0,NULL,'2023-10-12 12:04:31','2023-10-12 12:04:31',NULL),(2157,9042,2159,2172,NULL,0,NULL,'2023-10-12 12:04:31','2023-10-12 12:04:31',NULL),(2158,9042,2160,2173,NULL,0,NULL,'2023-10-12 12:04:31','2023-10-12 12:04:31',NULL),(2159,9042,2161,2174,NULL,0,NULL,'2023-10-12 12:04:31','2023-10-12 12:04:31',NULL),(2160,9042,2162,2175,NULL,0,NULL,'2023-10-12 12:04:31','2023-10-12 12:04:31',NULL),(2161,9042,2163,2176,NULL,0,NULL,'2023-10-12 12:04:31','2023-10-12 12:04:31',NULL),(2162,9042,2164,2177,NULL,0,NULL,'2023-10-12 12:04:31','2023-10-12 12:04:31',NULL),(2163,9042,2165,2178,NULL,0,NULL,'2023-10-12 12:04:31','2023-10-12 12:04:31',NULL),(2164,9042,2166,2179,NULL,0,NULL,'2023-10-12 12:04:31','2023-10-12 12:04:31',NULL),(2165,9042,2167,2180,NULL,0,NULL,'2023-10-12 12:04:32','2023-10-12 12:04:32',NULL),(2166,9042,2168,2181,NULL,0,NULL,'2023-10-12 12:04:32','2023-10-12 12:04:32',NULL),(2167,9042,2169,2182,NULL,0,NULL,'2023-10-12 12:04:32','2023-10-12 12:04:32',NULL),(2168,9042,2170,2183,NULL,0,NULL,'2023-10-12 12:04:32','2023-10-12 12:04:32',NULL),(2169,9042,2171,2184,NULL,0,NULL,'2023-10-12 12:04:32','2023-10-12 12:04:32',NULL),(2170,9042,2172,2185,NULL,0,NULL,'2023-10-12 12:04:32','2023-10-12 12:04:32',NULL),(2171,9042,2173,2186,NULL,0,NULL,'2023-10-12 12:04:32','2023-10-12 12:04:32',NULL),(2172,9042,2174,2187,NULL,0,NULL,'2023-10-12 12:04:32','2023-10-12 12:04:32',NULL),(2173,9042,2175,2188,NULL,0,NULL,'2023-10-12 12:04:32','2023-10-12 12:04:32',NULL),(2174,9042,2176,2189,NULL,0,NULL,'2023-10-12 12:04:32','2023-10-12 12:04:32',NULL),(2175,9042,2177,2190,NULL,0,NULL,'2023-10-12 12:04:32','2023-10-12 12:04:32',NULL),(2176,9042,2178,2191,NULL,0,NULL,'2023-10-12 12:04:32','2023-10-12 12:04:32',NULL),(2177,9042,2179,2192,NULL,0,NULL,'2023-10-12 12:04:33','2023-10-12 12:04:33',NULL),(2178,9042,2180,2193,NULL,0,NULL,'2023-10-12 12:04:33','2023-10-12 12:04:33',NULL),(2179,9042,2181,2194,NULL,0,NULL,'2023-10-12 12:04:33','2023-10-12 12:04:33',NULL),(2180,9042,2182,2195,NULL,0,NULL,'2023-10-12 12:04:33','2023-10-12 12:04:33',NULL),(2181,9042,2183,2196,NULL,0,NULL,'2023-10-12 12:04:33','2023-10-12 12:04:33',NULL),(2182,9042,2184,2197,NULL,0,NULL,'2023-10-12 12:04:33','2023-10-12 12:04:33',NULL),(2183,9042,2185,2198,NULL,0,NULL,'2023-10-12 12:04:33','2023-10-12 12:04:33',NULL),(2184,9042,2186,2199,NULL,0,NULL,'2023-10-12 12:04:33','2023-10-12 12:04:33',NULL),(2185,9042,2187,2200,NULL,0,NULL,'2023-10-12 12:04:33','2023-10-12 12:04:33',NULL),(2186,9042,2188,2201,NULL,0,NULL,'2023-10-12 12:04:34','2023-10-12 12:04:34',NULL),(2187,9042,2189,2202,NULL,0,NULL,'2023-10-12 12:04:34','2023-10-12 12:04:34',NULL),(2188,9042,2190,2203,NULL,0,NULL,'2023-10-12 12:04:34','2023-10-12 12:04:34',NULL),(2189,9042,2191,2204,NULL,0,NULL,'2023-10-12 12:04:34','2023-10-12 12:04:34',NULL),(2190,9042,2192,2205,NULL,0,NULL,'2023-10-12 12:04:35','2023-10-12 12:04:35',NULL),(2191,9042,2193,2206,NULL,0,NULL,'2023-10-12 12:04:35','2023-10-12 12:04:35',NULL),(2192,9042,2194,2207,NULL,0,NULL,'2023-10-12 12:04:35','2023-10-12 12:04:35',NULL),(2193,9042,2195,2208,NULL,0,NULL,'2023-10-12 12:04:35','2023-10-12 12:04:35',NULL),(2194,9042,2196,2209,NULL,0,NULL,'2023-10-12 12:04:35','2023-10-12 12:04:35',NULL),(2195,9042,2197,2210,NULL,0,NULL,'2023-10-12 12:04:35','2023-10-12 12:04:35',NULL),(2196,9042,2198,2211,NULL,0,NULL,'2023-10-12 12:04:35','2023-10-12 12:04:35',NULL),(2197,9042,2199,2212,NULL,0,NULL,'2023-10-12 12:04:35','2023-10-12 12:04:35',NULL),(2198,9042,2200,2213,NULL,0,NULL,'2023-10-12 12:04:35','2023-10-12 12:04:35',NULL),(2199,9042,2201,2214,NULL,0,NULL,'2023-10-12 12:04:35','2023-10-12 12:04:35',NULL),(2200,9042,2202,2215,NULL,0,NULL,'2023-10-12 12:04:36','2023-10-12 12:04:36',NULL),(2201,9042,2203,2216,NULL,0,NULL,'2023-10-12 12:04:36','2023-10-12 12:04:36',NULL);
INSERT INTO `cta_cte_cliente_pivot_receipt` VALUES (2202,9042,2204,2217,NULL,0,NULL,'2023-10-12 12:04:36','2023-10-12 12:04:36',NULL),(2203,9042,2205,2218,NULL,0,NULL,'2023-10-12 12:04:36','2023-10-12 12:04:36',NULL),(2204,9042,2206,2219,NULL,0,NULL,'2023-10-12 12:04:36','2023-10-12 12:04:36',NULL),(2205,9042,2207,2220,NULL,0,NULL,'2023-10-12 12:04:36','2023-10-12 12:04:36',NULL),(2206,9042,2208,2221,NULL,0,NULL,'2023-10-12 12:04:36','2023-10-12 12:04:36',NULL),(2207,9042,2209,2222,NULL,0,NULL,'2023-10-12 12:04:36','2023-10-12 12:04:36',NULL),(2208,9042,2210,2223,NULL,0,NULL,'2023-10-12 12:04:36','2023-10-12 12:04:36',NULL),(2209,9042,2211,2224,NULL,0,NULL,'2023-10-12 12:04:36','2023-10-12 12:04:36',NULL),(2210,9042,2212,2225,NULL,0,NULL,'2023-10-12 12:04:36','2023-10-12 12:04:36',NULL),(2211,9042,2213,2226,NULL,0,NULL,'2023-10-12 12:04:36','2023-10-12 12:04:36',NULL),(2212,9042,2214,2227,NULL,0,NULL,'2023-10-12 12:04:36','2023-10-12 12:04:36',NULL),(2213,9042,2215,2228,NULL,0,NULL,'2023-10-12 12:04:36','2023-10-12 12:04:36',NULL),(2214,9042,2216,2229,NULL,0,NULL,'2023-10-12 12:04:37','2023-10-12 12:04:37',NULL),(2215,9042,2217,2230,NULL,0,NULL,'2023-10-12 12:04:37','2023-10-12 12:04:37',NULL),(2216,9042,2218,2231,NULL,0,NULL,'2023-10-12 12:04:37','2023-10-12 12:04:37',NULL),(2217,9042,2219,2232,NULL,0,NULL,'2023-10-12 12:04:37','2023-10-12 12:04:37',NULL),(2218,9042,2220,2233,NULL,0,NULL,'2023-10-12 12:04:37','2023-10-12 12:04:37',NULL),(2219,9042,2221,2234,NULL,0,NULL,'2023-10-12 12:04:37','2023-10-12 12:04:37',NULL),(2220,9042,2222,2235,NULL,0,NULL,'2023-10-12 12:04:37','2023-10-12 12:04:37',NULL),(2221,9042,2223,2236,NULL,0,NULL,'2023-10-12 12:04:37','2023-10-12 12:04:37',NULL),(2222,9042,2224,2237,NULL,0,NULL,'2023-10-12 12:04:37','2023-10-12 12:04:37',NULL),(2223,9042,2225,2238,NULL,0,NULL,'2023-10-12 12:04:37','2023-10-12 12:04:37',NULL),(2224,9042,2226,2239,NULL,0,NULL,'2023-10-12 12:04:37','2023-10-12 12:04:37',NULL),(2225,9042,2227,2240,NULL,0,NULL,'2023-10-12 12:04:37','2023-10-12 12:04:37',NULL),(2226,9042,2228,2241,NULL,0,NULL,'2023-10-12 12:04:37','2023-10-12 12:04:37',NULL),(2227,9042,2229,2242,NULL,0,NULL,'2023-10-12 12:04:37','2023-10-12 12:04:37',NULL),(2228,9042,2230,2243,NULL,0,NULL,'2023-10-12 12:04:37','2023-10-12 12:04:37',NULL),(2229,9042,2231,2244,NULL,0,NULL,'2023-10-12 12:04:37','2023-10-12 12:04:37',NULL),(2230,9042,2232,2245,NULL,0,NULL,'2023-10-12 12:04:38','2023-10-12 12:04:38',NULL),(2231,9042,2233,2246,NULL,0,NULL,'2023-10-12 12:04:38','2023-10-12 12:04:38',NULL),(2232,9042,2234,2247,NULL,0,NULL,'2023-10-12 12:04:38','2023-10-12 12:04:38',NULL),(2233,9042,2235,2248,NULL,0,NULL,'2023-10-12 12:04:38','2023-10-12 12:04:38',NULL),(2234,9042,2236,2249,NULL,0,NULL,'2023-10-12 12:04:38','2023-10-12 12:04:38',NULL),(2235,9042,2237,2250,NULL,0,NULL,'2023-10-12 12:04:38','2023-10-12 12:04:38',NULL),(2236,9042,2238,2251,NULL,0,NULL,'2023-10-12 12:04:38','2023-10-12 12:04:38',NULL),(2237,9042,2239,2252,NULL,0,NULL,'2023-10-12 12:04:38','2023-10-12 12:04:38',NULL),(2238,9042,2240,2253,NULL,0,NULL,'2023-10-12 12:04:38','2023-10-12 12:04:38',NULL),(2239,9042,2241,2254,NULL,0,NULL,'2023-10-12 12:04:38','2023-10-12 12:04:38',NULL),(2240,9042,2242,2255,NULL,0,NULL,'2023-10-12 12:04:38','2023-10-12 12:04:38',NULL),(2241,9042,2243,2256,NULL,0,NULL,'2023-10-12 12:04:38','2023-10-12 12:04:38',NULL),(2242,9042,2244,2257,NULL,0,NULL,'2023-10-12 12:04:39','2023-10-12 12:04:39',NULL),(2243,9042,2245,2258,NULL,0,NULL,'2023-10-12 12:04:39','2023-10-12 12:04:39',NULL),(2244,9042,2246,2259,NULL,0,NULL,'2023-10-12 12:04:39','2023-10-12 12:04:39',NULL),(2245,9042,2247,2260,NULL,0,NULL,'2023-10-12 12:04:39','2023-10-12 12:04:39',NULL),(2246,9042,2248,2261,NULL,0,NULL,'2023-10-12 12:04:39','2023-10-12 12:04:39',NULL),(2247,9042,2249,2262,NULL,0,NULL,'2023-10-12 12:04:39','2023-10-12 12:04:39',NULL),(2248,9042,2250,2263,NULL,0,NULL,'2023-10-12 12:04:39','2023-10-12 12:04:39',NULL),(2249,9042,2251,2264,NULL,0,NULL,'2023-10-12 12:04:40','2023-10-12 12:04:40',NULL);
INSERT INTO `cta_cte_cliente_pivot_receipt` VALUES (2250,9042,2252,2265,NULL,0,NULL,'2023-10-12 12:04:40','2023-10-12 12:04:40',NULL),(2251,9042,2253,2266,NULL,0,NULL,'2023-10-12 12:04:40','2023-10-12 12:04:40',NULL),(2252,9042,2254,2267,NULL,0,NULL,'2023-10-12 12:04:40','2023-10-12 12:04:40',NULL),(2253,9042,2255,2268,NULL,0,NULL,'2023-10-12 12:04:40','2023-10-12 12:04:40',NULL),(2254,9042,2256,2269,NULL,0,NULL,'2023-10-12 12:04:40','2023-10-12 12:04:40',NULL),(2255,9042,2257,2270,NULL,0,NULL,'2023-10-12 12:04:40','2023-10-12 12:04:40',NULL),(2256,9042,2258,2271,NULL,0,NULL,'2023-10-12 12:04:40','2023-10-12 12:04:40',NULL),(2257,9042,2259,2272,NULL,0,NULL,'2023-10-12 12:04:40','2023-10-12 12:04:40',NULL),(2258,9042,2260,2273,NULL,0,NULL,'2023-10-12 12:04:40','2023-10-12 12:04:40',NULL),(2259,9042,2261,2274,NULL,0,NULL,'2023-10-12 12:04:40','2023-10-12 12:04:40',NULL),(2260,9042,2262,2275,NULL,0,NULL,'2023-10-12 13:23:27','2023-10-12 13:23:27',NULL),(2261,9042,2263,2276,NULL,0,NULL,'2023-10-12 13:23:27','2023-10-12 13:23:27',NULL),(2262,9042,2264,2277,NULL,0,NULL,'2023-10-12 13:23:27','2023-10-12 13:23:27',NULL),(2263,9042,2265,2278,NULL,0,NULL,'2023-10-12 13:23:27','2023-10-12 13:23:27',NULL),(2264,9042,2266,2279,NULL,0,NULL,'2023-10-12 13:23:27','2023-10-12 13:23:27',NULL),(2265,9042,2267,2280,NULL,0,NULL,'2023-10-12 13:23:27','2023-10-12 13:23:27',NULL),(2266,9042,2268,2281,NULL,0,NULL,'2023-10-12 13:23:27','2023-10-12 13:23:27',NULL),(2267,9042,2269,2282,NULL,0,NULL,'2023-10-12 13:23:27','2023-10-12 13:23:27',NULL),(2268,9042,2270,2283,NULL,0,NULL,'2023-10-12 13:23:27','2023-10-12 13:23:27',NULL),(2269,9042,2271,2284,NULL,0,NULL,'2023-10-12 13:23:28','2023-10-12 13:23:28',NULL),(2270,9042,2272,2285,NULL,0,NULL,'2023-10-12 13:23:28','2023-10-12 13:23:28',NULL),(2271,9042,2273,2286,NULL,0,NULL,'2023-10-12 13:23:28','2023-10-12 13:23:28',NULL),(2272,9042,2274,2287,NULL,0,NULL,'2023-10-12 13:23:28','2023-10-12 13:23:28',NULL),(2273,9042,2275,2288,NULL,0,NULL,'2023-10-12 13:23:28','2023-10-12 13:23:28',NULL),(2274,9042,2276,2289,NULL,0,NULL,'2023-10-12 13:23:28','2023-10-12 13:23:28',NULL),(2275,9042,2277,2290,NULL,0,NULL,'2023-10-12 13:23:28','2023-10-12 13:23:28',NULL),(2276,9042,2278,2291,NULL,0,NULL,'2023-10-12 13:23:28','2023-10-12 13:23:28',NULL),(2277,9042,2279,2292,NULL,0,NULL,'2023-10-12 13:23:28','2023-10-12 13:23:28',NULL),(2278,9042,2280,2293,NULL,0,NULL,'2023-10-12 13:23:28','2023-10-12 13:23:28',NULL),(2279,9042,2281,2294,NULL,0,NULL,'2023-10-12 13:23:29','2023-10-12 13:23:29',NULL),(2280,9042,2282,2295,NULL,0,NULL,'2023-10-12 13:23:29','2023-10-12 13:23:29',NULL),(2281,9042,2283,2296,NULL,0,NULL,'2023-10-12 13:23:29','2023-10-12 13:23:29',NULL),(2282,9042,2284,2297,NULL,0,NULL,'2023-10-12 13:23:29','2023-10-12 13:23:29',NULL),(2283,9042,2285,2298,NULL,0,NULL,'2023-10-12 13:23:29','2023-10-12 13:23:29',NULL),(2284,9042,2286,2299,NULL,0,NULL,'2023-10-12 13:23:30','2023-10-12 13:23:30',NULL),(2285,9042,2287,2300,NULL,0,NULL,'2023-10-12 13:23:30','2023-10-12 13:23:30',NULL),(2286,9042,2288,2301,NULL,0,NULL,'2023-10-12 13:23:30','2023-10-12 13:23:30',NULL),(2287,9042,2289,2302,NULL,0,NULL,'2023-10-12 13:23:30','2023-10-12 13:23:30',NULL),(2288,9042,2290,2303,NULL,0,NULL,'2023-10-12 13:23:30','2023-10-12 13:23:30',NULL),(2289,9042,2291,2304,NULL,0,NULL,'2023-10-12 13:23:30','2023-10-12 13:23:30',NULL),(2290,9042,2292,2305,NULL,0,NULL,'2023-10-12 13:23:30','2023-10-12 13:23:30',NULL),(2291,9042,2293,2306,NULL,0,NULL,'2023-10-12 13:23:30','2023-10-12 13:23:30',NULL),(2292,9042,2294,2307,NULL,0,NULL,'2023-10-12 13:23:30','2023-10-12 13:23:30',NULL),(2293,9042,2295,2308,NULL,0,NULL,'2023-10-12 13:23:31','2023-10-12 13:23:31',NULL),(2294,9042,2296,2309,NULL,0,NULL,'2023-10-12 13:23:31','2023-10-12 13:23:31',NULL),(2295,9042,2297,2310,NULL,0,NULL,'2023-10-12 13:23:31','2023-10-12 13:23:31',NULL),(2296,9042,2298,2311,NULL,0,NULL,'2023-10-12 13:23:31','2023-10-12 13:23:31',NULL),(2297,9042,2299,2312,NULL,0,NULL,'2023-10-12 13:23:31','2023-10-12 13:23:31',NULL);
INSERT INTO `cta_cte_cliente_pivot_receipt` VALUES (2298,9042,2300,2313,NULL,0,NULL,'2023-10-12 13:23:31','2023-10-12 13:23:31',NULL),(2299,9042,2301,2314,NULL,0,NULL,'2023-10-12 13:23:31','2023-10-12 13:23:31',NULL),(2300,9042,2302,2315,NULL,0,NULL,'2023-10-12 13:23:31','2023-10-12 13:23:31',NULL),(2301,9042,2303,2316,NULL,0,NULL,'2023-10-12 13:23:31','2023-10-12 13:23:31',NULL),(2302,9042,2304,2317,NULL,0,NULL,'2023-10-12 13:23:31','2023-10-12 13:23:31',NULL),(2303,9042,2305,2318,NULL,0,NULL,'2023-10-12 13:23:32','2023-10-12 13:23:32',NULL),(2304,9042,2306,2319,NULL,0,NULL,'2023-10-12 13:23:32','2023-10-12 13:23:32',NULL),(2305,9042,2307,2320,NULL,0,NULL,'2023-10-12 13:23:32','2023-10-12 13:23:32',NULL),(2306,9042,2308,2321,NULL,0,NULL,'2023-10-12 13:23:32','2023-10-12 13:23:32',NULL),(2307,9042,2309,2322,NULL,0,NULL,'2023-10-12 13:23:32','2023-10-12 13:23:32',NULL),(2308,9042,2310,2323,NULL,0,NULL,'2023-10-12 13:23:32','2023-10-12 13:23:32',NULL),(2309,9042,2311,2324,NULL,0,NULL,'2023-10-12 13:23:32','2023-10-12 13:23:32',NULL),(2310,9042,2312,2325,NULL,0,NULL,'2023-10-12 13:23:32','2023-10-12 13:23:32',NULL),(2311,9042,2313,2326,NULL,0,NULL,'2023-10-12 13:23:32','2023-10-12 13:23:32',NULL),(2312,9042,2314,2327,NULL,0,NULL,'2023-10-12 13:23:33','2023-10-12 13:23:33',NULL),(2313,9042,2315,2328,NULL,0,NULL,'2023-10-12 13:23:33','2023-10-12 13:23:33',NULL),(2314,9042,2316,2329,NULL,0,NULL,'2023-10-12 13:23:33','2023-10-12 13:23:33',NULL),(2315,9042,2317,2330,NULL,0,NULL,'2023-10-12 13:23:33','2023-10-12 13:23:33',NULL),(2316,9042,2318,2331,NULL,0,NULL,'2023-10-12 13:23:33','2023-10-12 13:23:33',NULL),(2317,9042,2319,2332,NULL,0,NULL,'2023-10-12 13:23:33','2023-10-12 13:23:33',NULL),(2318,9042,2320,2333,NULL,0,NULL,'2023-10-12 13:23:33','2023-10-12 13:23:33',NULL),(2319,9042,2321,2334,NULL,0,NULL,'2023-10-12 13:23:33','2023-10-12 13:23:33',NULL),(2320,9042,2322,2335,NULL,0,NULL,'2023-10-12 13:23:33','2023-10-12 13:23:33',NULL),(2321,9042,2323,2336,NULL,0,NULL,'2023-10-12 13:23:34','2023-10-12 13:23:34',NULL),(2322,9042,2324,2337,NULL,0,NULL,'2023-10-12 13:23:34','2023-10-12 13:23:34',NULL),(2323,9042,2325,2338,NULL,0,NULL,'2023-10-12 13:23:34','2023-10-12 13:23:34',NULL),(2324,9042,2326,2339,NULL,0,NULL,'2023-10-12 13:23:34','2023-10-12 13:23:34',NULL),(2325,9042,2327,2340,NULL,0,NULL,'2023-10-12 13:23:34','2023-10-12 13:23:34',NULL),(2326,9042,2328,2341,NULL,0,NULL,'2023-10-12 13:23:35','2023-10-12 13:23:35',NULL),(2327,9042,2329,2342,NULL,0,NULL,'2023-10-12 13:23:35','2023-10-12 13:23:35',NULL),(2328,9042,2330,2343,NULL,0,NULL,'2023-10-12 13:23:35','2023-10-12 13:23:35',NULL),(2329,9042,2331,2344,NULL,0,NULL,'2023-10-12 13:23:35','2023-10-12 13:23:35',NULL),(2330,9042,2332,2345,NULL,0,NULL,'2023-10-12 13:23:35','2023-10-12 13:23:35',NULL),(2331,9042,2333,2346,NULL,0,NULL,'2023-10-12 13:23:35','2023-10-12 13:23:35',NULL),(2332,9042,2334,2347,NULL,0,NULL,'2023-10-12 13:23:35','2023-10-12 13:23:35',NULL),(2333,9042,2335,2348,NULL,0,NULL,'2023-10-12 13:23:35','2023-10-12 13:23:35',NULL),(2334,9042,2336,2349,NULL,0,NULL,'2023-10-12 13:23:35','2023-10-12 13:23:35',NULL),(2335,9042,2337,2350,NULL,0,NULL,'2023-10-12 13:23:35','2023-10-12 13:23:35',NULL),(2336,9042,2338,2351,NULL,0,NULL,'2023-10-12 13:23:36','2023-10-12 13:23:36',NULL),(2337,9042,2339,2352,NULL,0,NULL,'2023-10-12 13:23:36','2023-10-12 13:23:36',NULL),(2338,9042,2340,2353,NULL,0,NULL,'2023-10-12 13:23:36','2023-10-12 13:23:36',NULL),(2339,9042,2341,2354,NULL,0,NULL,'2023-10-12 13:23:36','2023-10-12 13:23:36',NULL),(2340,9042,2342,2355,NULL,0,NULL,'2023-10-12 13:23:36','2023-10-12 13:23:36',NULL),(2341,9042,2343,2356,NULL,0,NULL,'2023-10-12 13:23:36','2023-10-12 13:23:36',NULL),(2342,9042,2344,2357,NULL,0,NULL,'2023-10-12 13:23:36','2023-10-12 13:23:36',NULL),(2343,9042,2345,2358,NULL,0,NULL,'2023-10-12 13:23:36','2023-10-12 13:23:36',NULL),(2344,9042,2346,2359,NULL,0,NULL,'2023-10-12 13:23:36','2023-10-12 13:23:36',NULL),(2345,9042,2347,2360,NULL,0,NULL,'2023-10-12 13:23:36','2023-10-12 13:23:36',NULL);
INSERT INTO `cta_cte_cliente_pivot_receipt` VALUES (2346,9042,2348,2361,NULL,0,NULL,'2023-10-12 13:23:36','2023-10-12 13:23:36',NULL),(2347,9042,2349,2362,NULL,0,NULL,'2023-10-12 13:23:36','2023-10-12 13:23:36',NULL),(2348,9042,2350,2363,NULL,0,NULL,'2023-10-12 13:23:37','2023-10-12 13:23:37',NULL),(2349,9042,2351,2364,NULL,0,NULL,'2023-10-12 13:23:37','2023-10-12 13:23:37',NULL),(2350,9042,2352,2365,NULL,0,NULL,'2023-10-12 13:23:37','2023-10-12 13:23:37',NULL),(2351,9042,2353,2366,NULL,0,NULL,'2023-10-12 13:23:37','2023-10-12 13:23:37',NULL),(2352,9042,2354,2367,NULL,0,NULL,'2023-10-12 13:23:37','2023-10-12 13:23:37',NULL),(2353,9042,2355,2368,NULL,0,NULL,'2023-10-12 13:23:37','2023-10-12 13:23:37',NULL),(2354,9042,2356,2369,NULL,0,NULL,'2023-10-12 13:23:38','2023-10-12 13:23:38',NULL),(2355,9042,2357,2370,NULL,0,NULL,'2023-10-12 13:23:38','2023-10-12 13:23:38',NULL),(2356,9042,2358,2371,NULL,0,NULL,'2023-10-12 13:23:38','2023-10-12 13:23:38',NULL),(2357,9042,2359,2372,NULL,0,NULL,'2023-10-12 13:23:38','2023-10-12 13:23:38',NULL),(2358,9042,2360,2373,NULL,0,NULL,'2023-10-12 13:23:38','2023-10-12 13:23:38',NULL),(2359,9042,2361,2374,NULL,0,NULL,'2023-10-12 13:23:38','2023-10-12 13:23:38',NULL),(2360,9042,2362,2375,NULL,0,NULL,'2023-10-12 13:23:38','2023-10-12 13:23:38',NULL),(2361,9042,2363,2376,NULL,0,NULL,'2023-10-12 13:23:38','2023-10-12 13:23:38',NULL),(2362,9042,2364,2377,NULL,0,NULL,'2023-10-12 13:23:38','2023-10-12 13:23:38',NULL),(2363,9042,2365,2378,NULL,0,NULL,'2023-10-12 13:23:38','2023-10-12 13:23:38',NULL),(2364,9042,2366,2379,NULL,0,NULL,'2023-10-12 13:23:38','2023-10-12 13:23:38',NULL),(2365,9042,2367,2380,NULL,0,NULL,'2023-10-12 13:23:39','2023-10-12 13:23:39',NULL),(2366,9042,2368,2381,NULL,0,NULL,'2023-10-12 13:23:39','2023-10-12 13:23:39',NULL),(2367,9042,2369,2382,NULL,0,NULL,'2023-10-12 13:23:39','2023-10-12 13:23:39',NULL),(2368,9042,2370,2383,NULL,0,NULL,'2023-10-12 13:23:39','2023-10-12 13:23:39',NULL),(2369,9042,2371,2384,NULL,0,NULL,'2023-10-12 13:23:39','2023-10-12 13:23:39',NULL),(2370,9042,2372,2385,NULL,0,NULL,'2023-10-12 13:23:39','2023-10-12 13:23:39',NULL),(2371,9042,2373,2386,NULL,0,NULL,'2023-10-12 13:23:39','2023-10-12 13:23:39',NULL),(2372,9042,2374,2387,NULL,0,NULL,'2023-10-12 13:23:39','2023-10-12 13:23:39',NULL),(2373,9042,2375,2388,NULL,0,NULL,'2023-10-12 13:23:39','2023-10-12 13:23:39',NULL),(2374,9042,2376,2389,NULL,0,NULL,'2023-10-12 13:23:39','2023-10-12 13:23:39',NULL),(2375,9042,2377,2390,NULL,0,NULL,'2023-10-12 13:23:39','2023-10-12 13:23:39',NULL),(2376,9042,2378,2391,NULL,0,NULL,'2023-10-12 13:23:39','2023-10-12 13:23:39',NULL),(2377,9042,2379,2392,NULL,0,NULL,'2023-10-12 13:23:39','2023-10-12 13:23:39',NULL),(2378,9042,2380,2393,NULL,0,NULL,'2023-10-12 13:23:40','2023-10-12 13:23:40',NULL),(2379,9042,2381,2394,NULL,0,NULL,'2023-10-12 13:23:40','2023-10-12 13:23:40',NULL),(2380,9042,2382,2395,NULL,0,NULL,'2023-10-12 13:23:40','2023-10-12 13:23:40',NULL),(2381,9042,2383,2396,NULL,0,NULL,'2023-10-12 13:23:40','2023-10-12 13:23:40',NULL),(2382,9042,2384,2397,NULL,0,NULL,'2023-10-12 13:23:40','2023-10-12 13:23:40',NULL),(2383,9042,2385,2398,NULL,0,NULL,'2023-10-12 13:23:40','2023-10-12 13:23:40',NULL),(2384,9042,2386,2399,NULL,0,NULL,'2023-10-12 13:23:40','2023-10-12 13:23:40',NULL),(2385,9042,2387,2400,NULL,0,NULL,'2023-10-12 13:23:40','2023-10-12 13:23:40',NULL),(2386,9042,2388,2401,NULL,0,NULL,'2023-10-12 13:23:40','2023-10-12 13:23:40',NULL),(2387,9042,2389,2402,NULL,0,NULL,'2023-10-12 13:23:40','2023-10-12 13:23:40',NULL),(2388,9042,2390,2403,NULL,0,NULL,'2023-10-12 13:23:40','2023-10-12 13:23:40',NULL),(2389,9042,2391,2404,NULL,0,NULL,'2023-10-12 13:23:40','2023-10-12 13:23:40',NULL),(2390,9042,2392,2405,NULL,0,NULL,'2023-10-12 13:23:40','2023-10-12 13:23:40',NULL),(2391,9042,2393,2406,NULL,0,NULL,'2023-10-12 13:23:41','2023-10-12 13:23:41',NULL),(2392,9042,2394,2407,NULL,0,NULL,'2023-10-12 13:23:41','2023-10-12 13:23:41',NULL),(2393,9042,2395,2408,NULL,0,NULL,'2023-10-12 13:23:41','2023-10-12 13:23:41',NULL);
INSERT INTO `cta_cte_cliente_pivot_receipt` VALUES (2394,9042,2396,2409,NULL,0,NULL,'2023-10-12 13:23:41','2023-10-12 13:23:41',NULL),(2395,9042,2397,2410,NULL,0,NULL,'2023-10-12 13:23:41','2023-10-12 13:23:41',NULL),(2396,9042,2398,2411,NULL,0,NULL,'2023-10-12 13:23:41','2023-10-12 13:23:41',NULL),(2397,9042,2399,2412,NULL,0,NULL,'2023-10-12 13:23:41','2023-10-12 13:23:41',NULL),(2398,9042,2400,2413,NULL,0,NULL,'2023-10-12 13:23:41','2023-10-12 13:23:41',NULL),(2399,9042,2401,2414,NULL,0,NULL,'2023-10-12 13:23:42','2023-10-12 13:23:42',NULL),(2400,9042,2402,2415,NULL,0,NULL,'2023-10-12 13:23:42','2023-10-12 13:23:42',NULL),(2401,9042,2403,2416,NULL,0,NULL,'2023-10-12 13:23:42','2023-10-12 13:23:42',NULL),(2402,9042,2404,2417,NULL,0,NULL,'2023-10-12 13:23:42','2023-10-12 13:23:42',NULL),(2403,9042,2405,2418,NULL,0,NULL,'2023-10-12 13:23:42','2023-10-12 13:23:42',NULL),(2404,9042,2406,2419,NULL,0,NULL,'2023-10-12 13:23:42','2023-10-12 13:23:42',NULL),(2405,9042,2407,2420,NULL,0,NULL,'2023-10-12 13:23:42','2023-10-12 13:23:42',NULL),(2406,9042,2408,2421,NULL,0,NULL,'2023-10-12 13:23:42','2023-10-12 13:23:42',NULL),(2407,9042,2409,2422,NULL,0,NULL,'2023-10-12 13:23:42','2023-10-12 13:23:42',NULL),(2408,9042,2410,2423,NULL,0,NULL,'2023-10-12 13:23:42','2023-10-12 13:23:42',NULL),(2409,9042,2411,2424,NULL,0,NULL,'2023-10-12 13:23:42','2023-10-12 13:23:42',NULL),(2410,9042,2412,2425,NULL,0,NULL,'2023-10-12 13:23:43','2023-10-12 13:23:43',NULL),(2411,9042,2413,2426,NULL,0,NULL,'2023-10-12 13:23:43','2023-10-12 13:23:43',NULL),(2412,9042,2414,2427,NULL,0,NULL,'2023-10-12 13:23:43','2023-10-12 13:23:43',NULL),(2413,9042,2415,2428,NULL,0,NULL,'2023-10-12 13:23:43','2023-10-12 13:23:43',NULL),(2414,9042,2416,2429,NULL,0,NULL,'2023-10-12 13:23:43','2023-10-12 13:23:43',NULL),(2415,9042,2417,2430,NULL,0,NULL,'2023-10-12 13:23:43','2023-10-12 13:23:43',NULL),(2416,9042,2418,2431,NULL,0,NULL,'2023-10-12 13:23:43','2023-10-12 13:23:43',NULL),(2417,9042,2419,2432,NULL,0,NULL,'2023-10-12 13:23:43','2023-10-12 13:23:43',NULL),(2418,9042,2420,2433,NULL,0,NULL,'2023-10-12 13:23:43','2023-10-12 13:23:43',NULL),(2419,9042,2421,2434,NULL,0,NULL,'2023-10-12 13:23:43','2023-10-12 13:23:43',NULL),(2420,9042,2422,2435,NULL,0,NULL,'2023-10-12 13:24:53','2023-10-12 13:24:53',NULL),(2421,9042,2423,2436,NULL,0,NULL,'2023-10-12 13:24:53','2023-10-12 13:24:53',NULL),(2422,9042,2424,2437,NULL,0,NULL,'2023-10-12 13:24:53','2023-10-12 13:24:53',NULL),(2423,9042,2425,2438,NULL,0,NULL,'2023-10-12 13:24:53','2023-10-12 13:24:53',NULL),(2424,9042,2426,2439,NULL,0,NULL,'2023-10-12 13:24:53','2023-10-12 13:24:53',NULL),(2425,9042,2427,2440,NULL,0,NULL,'2023-10-12 13:24:53','2023-10-12 13:24:53',NULL),(2426,9042,2428,2441,NULL,0,NULL,'2023-10-12 13:24:53','2023-10-12 13:24:53',NULL),(2427,9042,2429,2442,NULL,0,NULL,'2023-10-12 13:24:54','2023-10-12 13:24:54',NULL),(2428,9042,2430,2443,NULL,0,NULL,'2023-10-12 13:24:54','2023-10-12 13:24:54',NULL),(2429,9042,2431,2444,NULL,0,NULL,'2023-10-12 13:24:54','2023-10-12 13:24:54',NULL),(2430,9042,2432,2445,NULL,0,NULL,'2023-10-12 13:24:54','2023-10-12 13:24:54',NULL),(2431,9042,2433,2446,NULL,0,NULL,'2023-10-12 13:24:54','2023-10-12 13:24:54',NULL),(2432,9042,2434,2447,NULL,0,NULL,'2023-10-12 13:24:54','2023-10-12 13:24:54',NULL),(2433,9042,2435,2448,NULL,0,NULL,'2023-10-12 13:24:54','2023-10-12 13:24:54',NULL),(2434,9042,2436,2449,NULL,0,NULL,'2023-10-12 13:24:54','2023-10-12 13:24:54',NULL),(2435,9042,2437,2450,NULL,0,NULL,'2023-10-12 13:24:54','2023-10-12 13:24:54',NULL),(2436,9042,2438,2451,NULL,0,NULL,'2023-10-12 13:24:55','2023-10-12 13:24:55',NULL),(2437,9042,2439,2452,NULL,0,NULL,'2023-10-12 13:24:55','2023-10-12 13:24:55',NULL),(2438,9042,2440,2453,NULL,0,NULL,'2023-10-12 13:24:55','2023-10-12 13:24:55',NULL),(2439,9042,2441,2454,NULL,0,NULL,'2023-10-12 13:24:55','2023-10-12 13:24:55',NULL),(2440,9042,2442,2455,NULL,0,NULL,'2023-10-12 13:24:55','2023-10-12 13:24:55',NULL),(2441,9042,2443,2456,NULL,0,NULL,'2023-10-12 13:24:55','2023-10-12 13:24:55',NULL);
INSERT INTO `cta_cte_cliente_pivot_receipt` VALUES (2442,9042,2444,2457,NULL,0,NULL,'2023-10-12 13:24:55','2023-10-12 13:24:55',NULL),(2443,9042,2445,2458,NULL,0,NULL,'2023-10-12 13:24:55','2023-10-12 13:24:55',NULL),(2444,9042,2446,2459,NULL,0,NULL,'2023-10-12 13:24:55','2023-10-12 13:24:55',NULL),(2445,9042,2447,2460,NULL,0,NULL,'2023-10-12 13:24:55','2023-10-12 13:24:55',NULL),(2446,9042,2448,2461,NULL,0,NULL,'2023-10-12 13:24:56','2023-10-12 13:24:56',NULL),(2447,9042,2449,2462,NULL,0,NULL,'2023-10-12 13:24:56','2023-10-12 13:24:56',NULL),(2448,9042,2450,2463,NULL,0,NULL,'2023-10-12 13:24:56','2023-10-12 13:24:56',NULL),(2449,9042,2451,2464,NULL,0,NULL,'2023-10-12 13:24:56','2023-10-12 13:24:56',NULL),(2450,9042,2452,2465,NULL,0,NULL,'2023-10-12 13:24:56','2023-10-12 13:24:56',NULL),(2451,9042,2453,2466,NULL,0,NULL,'2023-10-12 13:24:56','2023-10-12 13:24:56',NULL),(2452,9042,2454,2467,NULL,0,NULL,'2023-10-12 13:24:56','2023-10-12 13:24:56',NULL),(2453,9042,2455,2468,NULL,0,NULL,'2023-10-12 13:24:56','2023-10-12 13:24:56',NULL),(2454,9042,2456,2469,NULL,0,NULL,'2023-10-12 13:24:57','2023-10-12 13:24:57',NULL),(2455,9042,2457,2470,NULL,0,NULL,'2023-10-12 13:24:57','2023-10-12 13:24:57',NULL),(2456,9042,2458,2471,NULL,0,NULL,'2023-10-12 13:24:57','2023-10-12 13:24:57',NULL),(2457,9042,2459,2472,NULL,0,NULL,'2023-10-12 13:24:57','2023-10-12 13:24:57',NULL),(2458,9042,2460,2473,NULL,0,NULL,'2023-10-12 13:24:57','2023-10-12 13:24:57',NULL),(2459,9042,2461,2474,NULL,0,NULL,'2023-10-12 13:24:57','2023-10-12 13:24:57',NULL),(2460,9042,2462,2475,NULL,0,NULL,'2023-10-12 13:24:57','2023-10-12 13:24:57',NULL),(2461,9042,2463,2476,NULL,0,NULL,'2023-10-12 13:24:58','2023-10-12 13:24:58',NULL),(2462,9042,2464,2477,NULL,0,NULL,'2023-10-12 13:24:58','2023-10-12 13:24:58',NULL),(2463,9042,2465,2478,NULL,0,NULL,'2023-10-12 13:24:58','2023-10-12 13:24:58',NULL),(2464,9042,2466,2479,NULL,0,NULL,'2023-10-12 13:24:58','2023-10-12 13:24:58',NULL),(2465,9042,2467,2480,NULL,0,NULL,'2023-10-12 13:24:58','2023-10-12 13:24:58',NULL),(2466,9042,2468,2481,NULL,0,NULL,'2023-10-12 13:24:58','2023-10-12 13:24:58',NULL),(2467,9042,2469,2482,NULL,0,NULL,'2023-10-12 13:24:58','2023-10-12 13:24:58',NULL),(2468,9042,2470,2483,NULL,0,NULL,'2023-10-12 13:24:58','2023-10-12 13:24:58',NULL),(2469,9042,2471,2484,NULL,0,NULL,'2023-10-12 13:24:58','2023-10-12 13:24:58',NULL),(2470,9042,2472,2485,NULL,0,NULL,'2023-10-12 13:24:58','2023-10-12 13:24:58',NULL),(2471,9042,2473,2486,NULL,0,NULL,'2023-10-12 13:24:59','2023-10-12 13:24:59',NULL),(2472,9042,2474,2487,NULL,0,NULL,'2023-10-12 13:24:59','2023-10-12 13:24:59',NULL),(2473,9042,2475,2488,NULL,0,NULL,'2023-10-12 13:24:59','2023-10-12 13:24:59',NULL),(2474,9042,2476,2489,NULL,0,NULL,'2023-10-12 13:24:59','2023-10-12 13:24:59',NULL),(2475,9042,2477,2490,NULL,0,NULL,'2023-10-12 13:24:59','2023-10-12 13:24:59',NULL),(2476,9042,2478,2491,NULL,0,NULL,'2023-10-12 13:24:59','2023-10-12 13:24:59',NULL),(2477,9042,2479,2492,NULL,0,NULL,'2023-10-12 13:24:59','2023-10-12 13:24:59',NULL),(2478,9042,2480,2493,NULL,0,NULL,'2023-10-12 13:24:59','2023-10-12 13:24:59',NULL),(2479,9042,2481,2494,NULL,0,NULL,'2023-10-12 13:24:59','2023-10-12 13:24:59',NULL),(2480,9042,2482,2495,NULL,0,NULL,'2023-10-12 13:24:59','2023-10-12 13:24:59',NULL),(2481,9042,2483,2496,NULL,0,NULL,'2023-10-12 13:24:59','2023-10-12 13:24:59',NULL),(2482,9042,2484,2497,NULL,0,NULL,'2023-10-12 13:24:59','2023-10-12 13:24:59',NULL),(2483,9042,2485,2498,NULL,0,NULL,'2023-10-12 13:24:59','2023-10-12 13:24:59',NULL),(2484,9042,2486,2499,NULL,0,NULL,'2023-10-12 13:24:59','2023-10-12 13:24:59',NULL),(2485,9042,2487,2500,NULL,0,NULL,'2023-10-12 13:25:00','2023-10-12 13:25:00',NULL),(2486,9042,2488,2501,NULL,0,NULL,'2023-10-12 13:25:00','2023-10-12 13:25:00',NULL),(2487,9042,2489,2502,NULL,0,NULL,'2023-10-12 13:25:00','2023-10-12 13:25:00',NULL),(2488,9042,2490,2503,NULL,0,NULL,'2023-10-12 13:25:00','2023-10-12 13:25:00',NULL),(2489,9042,2491,2504,NULL,0,NULL,'2023-10-12 13:25:00','2023-10-12 13:25:00',NULL);
INSERT INTO `cta_cte_cliente_pivot_receipt` VALUES (2490,9042,2492,2505,NULL,0,NULL,'2023-10-12 13:25:00','2023-10-12 13:25:00',NULL),(2491,9042,2493,2506,NULL,0,NULL,'2023-10-12 13:25:00','2023-10-12 13:25:00',NULL),(2492,9042,2494,2507,NULL,0,NULL,'2023-10-12 13:25:01','2023-10-12 13:25:01',NULL),(2493,9042,2495,2508,NULL,0,NULL,'2023-10-12 13:25:01','2023-10-12 13:25:01',NULL),(2494,9042,2496,2509,NULL,0,NULL,'2023-10-12 13:25:01','2023-10-12 13:25:01',NULL),(2495,9042,2497,2510,NULL,0,NULL,'2023-10-12 13:25:01','2023-10-12 13:25:01',NULL),(2496,9042,2498,2511,NULL,0,NULL,'2023-10-12 13:25:01','2023-10-12 13:25:01',NULL),(2497,9042,2499,2512,NULL,0,NULL,'2023-10-12 13:25:02','2023-10-12 13:25:02',NULL),(2498,9042,2500,2513,NULL,0,NULL,'2023-10-12 13:25:02','2023-10-12 13:25:02',NULL),(2499,9042,2501,2514,NULL,0,NULL,'2023-10-12 13:25:02','2023-10-12 13:25:02',NULL),(2500,9042,2502,2515,NULL,0,NULL,'2023-10-12 13:25:02','2023-10-12 13:25:02',NULL),(2501,9042,2503,2516,NULL,0,NULL,'2023-10-12 13:25:02','2023-10-12 13:25:02',NULL),(2502,9042,2504,2517,NULL,0,NULL,'2023-10-12 13:25:03','2023-10-12 13:25:03',NULL),(2503,9042,2505,2518,NULL,0,NULL,'2023-10-12 13:25:03','2023-10-12 13:25:03',NULL),(2504,9042,2506,2519,NULL,0,NULL,'2023-10-12 13:25:03','2023-10-12 13:25:03',NULL),(2505,9042,2507,2520,NULL,0,NULL,'2023-10-12 13:25:03','2023-10-12 13:25:03',NULL),(2506,9042,2508,2521,NULL,0,NULL,'2023-10-12 13:25:03','2023-10-12 13:25:03',NULL),(2507,9042,2509,2522,NULL,0,NULL,'2023-10-12 13:25:03','2023-10-12 13:25:03',NULL),(2508,9042,2510,2523,NULL,0,NULL,'2023-10-12 13:25:04','2023-10-12 13:25:04',NULL),(2509,9042,2511,2524,NULL,0,NULL,'2023-10-12 13:25:04','2023-10-12 13:25:04',NULL),(2510,9042,2512,2525,NULL,0,NULL,'2023-10-12 13:25:04','2023-10-12 13:25:04',NULL),(2511,9042,2513,2526,NULL,0,NULL,'2023-10-12 13:25:04','2023-10-12 13:25:04',NULL),(2512,9042,2514,2527,NULL,0,NULL,'2023-10-12 13:25:05','2023-10-12 13:25:05',NULL),(2513,9042,2515,2528,NULL,0,NULL,'2023-10-12 13:25:05','2023-10-12 13:25:05',NULL),(2514,9042,2516,2529,NULL,0,NULL,'2023-10-12 13:25:05','2023-10-12 13:25:05',NULL),(2515,9042,2517,2530,NULL,0,NULL,'2023-10-12 13:25:05','2023-10-12 13:25:05',NULL),(2516,9042,2518,2531,NULL,0,NULL,'2023-10-12 13:25:05','2023-10-12 13:25:05',NULL),(2517,9042,2519,2532,NULL,0,NULL,'2023-10-12 13:25:05','2023-10-12 13:25:05',NULL),(2518,9042,2520,2533,NULL,0,NULL,'2023-10-12 13:25:06','2023-10-12 13:25:06',NULL),(2519,9042,2521,2534,NULL,0,NULL,'2023-10-12 13:25:06','2023-10-12 13:25:06',NULL),(2520,9042,2522,2535,NULL,0,NULL,'2023-10-12 13:25:06','2023-10-12 13:25:06',NULL),(2521,9042,2523,2536,NULL,0,NULL,'2023-10-12 13:25:06','2023-10-12 13:25:06',NULL),(2522,9042,2524,2537,NULL,0,NULL,'2023-10-12 13:25:06','2023-10-12 13:25:06',NULL),(2523,9042,2525,2538,NULL,0,NULL,'2023-10-12 13:25:06','2023-10-12 13:25:06',NULL),(2524,9042,2526,2539,NULL,0,NULL,'2023-10-12 13:25:07','2023-10-12 13:25:07',NULL),(2525,9042,2527,2540,NULL,0,NULL,'2023-10-12 13:25:07','2023-10-12 13:25:07',NULL),(2526,9042,2528,2541,NULL,0,NULL,'2023-10-12 13:25:07','2023-10-12 13:25:07',NULL),(2527,9042,2529,2542,NULL,0,NULL,'2023-10-12 13:25:07','2023-10-12 13:25:07',NULL),(2528,9042,2530,2543,NULL,0,NULL,'2023-10-12 13:25:07','2023-10-12 13:25:07',NULL),(2529,9042,2531,2544,NULL,0,NULL,'2023-10-12 13:25:07','2023-10-12 13:25:07',NULL),(2530,9042,2532,2545,NULL,0,NULL,'2023-10-12 13:25:07','2023-10-12 13:25:07',NULL),(2531,9042,2533,2546,NULL,0,NULL,'2023-10-12 13:25:08','2023-10-12 13:25:08',NULL),(2532,9042,2534,2547,NULL,0,NULL,'2023-10-12 13:25:08','2023-10-12 13:25:08',NULL),(2533,9042,2535,2548,NULL,0,NULL,'2023-10-12 13:25:08','2023-10-12 13:25:08',NULL),(2534,9042,2536,2549,NULL,0,NULL,'2023-10-12 13:25:08','2023-10-12 13:25:08',NULL),(2535,9042,2537,2550,NULL,0,NULL,'2023-10-12 13:25:08','2023-10-12 13:25:08',NULL),(2536,9042,2538,2551,NULL,0,NULL,'2023-10-12 13:25:08','2023-10-12 13:25:08',NULL),(2537,9042,2539,2552,NULL,0,NULL,'2023-10-12 13:25:09','2023-10-12 13:25:09',NULL);
INSERT INTO `cta_cte_cliente_pivot_receipt` VALUES (2538,9042,2540,2553,NULL,0,NULL,'2023-10-12 13:25:09','2023-10-12 13:25:09',NULL),(2539,9042,2541,2554,NULL,0,NULL,'2023-10-12 13:25:09','2023-10-12 13:25:09',NULL),(2540,9042,2542,2555,NULL,0,NULL,'2023-10-12 13:25:09','2023-10-12 13:25:09',NULL),(2541,9042,2543,2556,NULL,0,NULL,'2023-10-12 13:25:09','2023-10-12 13:25:09',NULL),(2542,9042,2544,2557,NULL,0,NULL,'2023-10-12 13:25:09','2023-10-12 13:25:09',NULL),(2543,9042,2545,2558,NULL,0,NULL,'2023-10-12 13:25:09','2023-10-12 13:25:09',NULL),(2544,9042,2546,2559,NULL,0,NULL,'2023-10-12 13:25:09','2023-10-12 13:25:09',NULL),(2545,9042,2547,2560,NULL,0,NULL,'2023-10-12 13:26:43','2023-10-12 13:26:43',NULL),(2546,9042,2548,2561,NULL,0,NULL,'2023-10-12 13:26:43','2023-10-12 13:26:43',NULL),(2547,9042,2549,2562,NULL,0,NULL,'2023-10-12 13:26:43','2023-10-12 13:26:43',NULL),(2548,9042,2550,2563,NULL,0,NULL,'2023-10-12 13:26:43','2023-10-12 13:26:43',NULL),(2549,9042,2551,2564,NULL,0,NULL,'2023-10-12 13:26:43','2023-10-12 13:26:43',NULL),(2550,9042,2552,2565,NULL,0,NULL,'2023-10-12 13:26:43','2023-10-12 13:26:43',NULL),(2551,9042,2553,2566,NULL,0,NULL,'2023-10-12 13:26:43','2023-10-12 13:26:43',NULL),(2552,9042,2554,2567,NULL,0,NULL,'2023-10-12 13:26:43','2023-10-12 13:26:43',NULL),(2553,9042,2555,2568,NULL,0,NULL,'2023-10-12 13:26:43','2023-10-12 13:26:43',NULL),(2554,9042,2556,2569,NULL,0,NULL,'2023-10-12 13:26:43','2023-10-12 13:26:43',NULL),(2555,9042,2557,2570,NULL,0,NULL,'2023-10-12 13:26:43','2023-10-12 13:26:43',NULL),(2556,9042,2558,2571,NULL,0,NULL,'2023-10-12 13:26:44','2023-10-12 13:26:44',NULL),(2557,9042,2559,2572,NULL,0,NULL,'2023-10-12 13:26:44','2023-10-12 13:26:44',NULL),(2558,9042,2560,2573,NULL,0,NULL,'2023-10-12 13:26:44','2023-10-12 13:26:44',NULL),(2559,9042,2561,2574,NULL,0,NULL,'2023-10-12 13:26:44','2023-10-12 13:26:44',NULL),(2560,9042,2562,2575,NULL,0,NULL,'2023-10-12 13:26:44','2023-10-12 13:26:44',NULL),(2561,9042,2563,2576,NULL,0,NULL,'2023-10-12 13:26:45','2023-10-12 13:26:45',NULL),(2562,9042,2564,2577,NULL,0,NULL,'2023-10-12 13:26:45','2023-10-12 13:26:45',NULL),(2563,9042,2565,2578,NULL,0,NULL,'2023-10-12 13:26:45','2023-10-12 13:26:45',NULL),(2564,9042,2566,2579,NULL,0,NULL,'2023-10-12 13:26:45','2023-10-12 13:26:45',NULL),(2565,9042,2567,2580,NULL,0,NULL,'2023-10-12 13:26:45','2023-10-12 13:26:45',NULL),(2566,9042,2568,2581,NULL,0,NULL,'2023-10-12 13:26:45','2023-10-12 13:26:45',NULL),(2567,9042,2569,2582,NULL,0,NULL,'2023-10-12 13:26:45','2023-10-12 13:26:45',NULL),(2568,9042,2570,2583,NULL,0,NULL,'2023-10-12 13:26:45','2023-10-12 13:26:45',NULL),(2569,9042,2571,2584,NULL,0,NULL,'2023-10-12 13:26:45','2023-10-12 13:26:45',NULL),(2570,9042,2572,2585,NULL,0,NULL,'2023-10-12 13:26:45','2023-10-12 13:26:45',NULL),(2571,9042,2573,2586,NULL,0,NULL,'2023-10-12 13:26:45','2023-10-12 13:26:45',NULL),(2572,9042,2574,2587,NULL,0,NULL,'2023-10-12 13:26:45','2023-10-12 13:26:45',NULL),(2573,9042,2575,2588,NULL,0,NULL,'2023-10-12 13:26:46','2023-10-12 13:26:46',NULL),(2574,9042,2576,2589,NULL,0,NULL,'2023-10-12 13:26:46','2023-10-12 13:26:46',NULL),(2575,9042,2577,2590,NULL,0,NULL,'2023-10-12 13:26:46','2023-10-12 13:26:46',NULL),(2576,9042,2578,2591,NULL,0,NULL,'2023-10-12 13:26:46','2023-10-12 13:26:46',NULL),(2577,9042,2579,2592,NULL,0,NULL,'2023-10-12 13:26:46','2023-10-12 13:26:46',NULL),(2578,9042,2580,2593,NULL,0,NULL,'2023-10-12 13:26:46','2023-10-12 13:26:46',NULL),(2579,9042,2581,2594,NULL,0,NULL,'2023-10-12 13:26:46','2023-10-12 13:26:46',NULL),(2580,9042,2582,2595,NULL,0,NULL,'2023-10-12 13:26:46','2023-10-12 13:26:46',NULL),(2581,9042,2583,2596,NULL,0,NULL,'2023-10-12 13:26:46','2023-10-12 13:26:46',NULL),(2582,9042,2584,2597,NULL,0,NULL,'2023-10-12 13:26:46','2023-10-12 13:26:46',NULL),(2583,9042,2585,2598,NULL,0,NULL,'2023-10-12 13:26:46','2023-10-12 13:26:46',NULL),(2584,9042,2586,2599,NULL,0,NULL,'2023-10-12 13:26:46','2023-10-12 13:26:46',NULL),(2585,9042,2587,2600,NULL,0,NULL,'2023-10-12 13:26:46','2023-10-12 13:26:46',NULL);
INSERT INTO `cta_cte_cliente_pivot_receipt` VALUES (2586,9042,2588,2601,NULL,0,NULL,'2023-10-12 13:26:46','2023-10-12 13:26:46',NULL),(2587,9042,2589,2602,NULL,0,NULL,'2023-10-12 13:26:46','2023-10-12 13:26:46',NULL),(2588,9042,2590,2603,NULL,0,NULL,'2023-10-12 13:26:46','2023-10-12 13:26:46',NULL),(2589,9042,2591,2604,NULL,0,NULL,'2023-10-12 13:26:47','2023-10-12 13:26:47',NULL),(2590,9042,2592,2605,NULL,0,NULL,'2023-10-12 13:26:47','2023-10-12 13:26:47',NULL),(2591,9042,2593,2606,NULL,0,NULL,'2023-10-12 13:26:47','2023-10-12 13:26:47',NULL),(2592,9042,2594,2607,NULL,0,NULL,'2023-10-12 13:26:47','2023-10-12 13:26:47',NULL),(2593,9042,2595,2608,NULL,0,NULL,'2023-10-12 13:26:47','2023-10-12 13:26:47',NULL),(2594,9042,2596,2609,NULL,0,NULL,'2023-10-12 13:26:47','2023-10-12 13:26:47',NULL),(2595,9042,2597,2610,NULL,0,NULL,'2023-10-12 13:26:47','2023-10-12 13:26:47',NULL),(2596,9042,2598,2611,NULL,0,NULL,'2023-10-12 13:26:47','2023-10-12 13:26:47',NULL),(2597,9042,2599,2612,NULL,0,NULL,'2023-10-12 13:26:47','2023-10-12 13:26:47',NULL),(2598,9042,2600,2613,NULL,0,NULL,'2023-10-12 13:26:47','2023-10-12 13:26:47',NULL),(2599,9042,2601,2614,NULL,0,NULL,'2023-10-12 13:26:47','2023-10-12 13:26:47',NULL),(2600,9042,2602,2615,NULL,0,NULL,'2023-10-12 13:26:47','2023-10-12 13:26:47',NULL),(2601,9042,2603,2616,NULL,0,NULL,'2023-10-12 13:26:47','2023-10-12 13:26:47',NULL),(2602,9042,2604,2617,NULL,0,NULL,'2023-10-12 13:26:47','2023-10-12 13:26:47',NULL),(2603,9042,2605,2618,NULL,0,NULL,'2023-10-12 13:26:47','2023-10-12 13:26:47',NULL),(2604,9042,2606,2619,NULL,0,NULL,'2023-10-12 13:26:47','2023-10-12 13:26:47',NULL),(2605,9042,2607,2620,NULL,0,NULL,'2023-10-12 13:26:48','2023-10-12 13:26:48',NULL),(2606,9042,2608,2621,NULL,0,NULL,'2023-10-12 13:26:48','2023-10-12 13:26:48',NULL),(2607,9042,2609,2622,NULL,0,NULL,'2023-10-12 13:26:48','2023-10-12 13:26:48',NULL),(2608,9042,2610,2623,NULL,0,NULL,'2023-10-12 13:26:48','2023-10-12 13:26:48',NULL),(2609,9042,2611,2624,NULL,0,NULL,'2023-10-12 13:26:48','2023-10-12 13:26:48',NULL),(2610,9042,2612,2625,NULL,0,NULL,'2023-10-12 13:26:48','2023-10-12 13:26:48',NULL),(2611,9042,2613,2626,NULL,0,NULL,'2023-10-12 13:26:48','2023-10-12 13:26:48',NULL),(2612,9042,2614,2627,NULL,0,NULL,'2023-10-12 13:26:48','2023-10-12 13:26:48',NULL),(2613,9042,2615,2628,NULL,0,NULL,'2023-10-12 13:26:48','2023-10-12 13:26:48',NULL),(2614,9042,2616,2629,NULL,0,NULL,'2023-10-12 13:26:48','2023-10-12 13:26:48',NULL),(2615,9042,2617,2630,NULL,0,NULL,'2023-10-12 13:26:48','2023-10-12 13:26:48',NULL),(2616,9042,2618,2631,NULL,0,NULL,'2023-10-12 13:26:48','2023-10-12 13:26:48',NULL),(2617,9042,2619,2632,NULL,0,NULL,'2023-10-12 13:26:48','2023-10-12 13:26:48',NULL),(2618,9042,2620,2633,NULL,0,NULL,'2023-10-12 13:26:49','2023-10-12 13:26:49',NULL),(2619,9042,2621,2634,NULL,0,NULL,'2023-10-12 13:26:49','2023-10-12 13:26:49',NULL),(2620,9042,2622,2635,NULL,0,NULL,'2023-10-12 13:26:49','2023-10-12 13:26:49',NULL),(2621,9042,2623,2636,NULL,0,NULL,'2023-10-12 13:26:49','2023-10-12 13:26:49',NULL),(2622,9042,2624,2637,NULL,0,NULL,'2023-10-12 13:26:49','2023-10-12 13:26:49',NULL),(2623,9042,2625,2638,NULL,0,NULL,'2023-10-12 13:26:49','2023-10-12 13:26:49',NULL),(2624,9042,2626,2639,NULL,0,NULL,'2023-10-12 13:26:50','2023-10-12 13:26:50',NULL),(2625,9042,2627,2640,NULL,0,NULL,'2023-10-12 13:26:50','2023-10-12 13:26:50',NULL),(2626,9042,2628,2641,NULL,0,NULL,'2023-10-12 13:26:50','2023-10-12 13:26:50',NULL),(2627,9042,2629,2642,NULL,0,NULL,'2023-10-12 13:26:50','2023-10-12 13:26:50',NULL),(2628,9042,2630,2643,NULL,0,NULL,'2023-10-12 13:26:50','2023-10-12 13:26:50',NULL),(2629,9042,2631,2644,NULL,0,NULL,'2023-10-12 13:26:50','2023-10-12 13:26:50',NULL),(2630,9042,2632,2645,NULL,0,NULL,'2023-10-12 13:26:50','2023-10-12 13:26:50',NULL),(2631,9042,2633,2646,NULL,0,NULL,'2023-10-12 13:26:50','2023-10-12 13:26:50',NULL),(2632,9042,2634,2647,NULL,0,NULL,'2023-10-12 13:26:50','2023-10-12 13:26:50',NULL),(2633,9042,2635,2648,NULL,0,NULL,'2023-10-12 13:26:50','2023-10-12 13:26:50',NULL);
INSERT INTO `cta_cte_cliente_pivot_receipt` VALUES (2634,9042,2636,2649,NULL,0,NULL,'2023-10-12 13:26:50','2023-10-12 13:26:50',NULL),(2635,9042,2637,2650,NULL,0,NULL,'2023-10-12 13:26:51','2023-10-12 13:26:51',NULL),(2636,9042,2638,2651,NULL,0,NULL,'2023-10-12 13:26:51','2023-10-12 13:26:51',NULL),(2637,9042,2639,2652,NULL,0,NULL,'2023-10-12 13:26:51','2023-10-12 13:26:51',NULL),(2638,9042,2640,2653,NULL,0,NULL,'2023-10-12 13:26:51','2023-10-12 13:26:51',NULL),(2639,9042,2641,2654,NULL,0,NULL,'2023-10-12 13:26:51','2023-10-12 13:26:51',NULL),(2640,9042,2642,2655,NULL,0,NULL,'2023-10-12 13:26:51','2023-10-12 13:26:51',NULL),(2641,9042,2643,2656,NULL,0,NULL,'2023-10-12 13:26:51','2023-10-12 13:26:51',NULL),(2642,9042,2644,2657,NULL,0,NULL,'2023-10-12 13:26:51','2023-10-12 13:26:51',NULL),(2643,9042,2645,2658,NULL,0,NULL,'2023-10-12 13:26:51','2023-10-12 13:26:51',NULL),(2644,9042,2646,2659,NULL,0,NULL,'2023-10-12 13:26:51','2023-10-12 13:26:51',NULL),(2645,9042,2647,2660,NULL,0,NULL,'2023-10-12 13:26:51','2023-10-12 13:26:51',NULL),(2646,9042,2648,2661,NULL,0,NULL,'2023-10-12 13:26:51','2023-10-12 13:26:51',NULL),(2647,9042,2649,2662,NULL,0,NULL,'2023-10-12 13:26:51','2023-10-12 13:26:51',NULL),(2648,9042,2650,2663,NULL,0,NULL,'2023-10-12 13:26:52','2023-10-12 13:26:52',NULL),(2649,9042,2651,2664,NULL,0,NULL,'2023-10-12 13:26:52','2023-10-12 13:26:52',NULL),(2650,9042,2652,2665,NULL,0,NULL,'2023-10-12 13:26:52','2023-10-12 13:26:52',NULL),(2651,9042,2653,2666,NULL,0,NULL,'2023-10-12 13:26:52','2023-10-12 13:26:52',NULL),(2652,9042,2654,2667,NULL,0,NULL,'2023-10-12 13:26:52','2023-10-12 13:26:52',NULL),(2653,9042,2655,2668,NULL,0,NULL,'2023-10-12 13:26:52','2023-10-12 13:26:52',NULL),(2654,9042,2656,2669,NULL,0,NULL,'2023-10-12 13:26:52','2023-10-12 13:26:52',NULL),(2655,9042,2657,2670,NULL,0,NULL,'2023-10-12 13:26:52','2023-10-12 13:26:52',NULL),(2656,9042,2658,2671,NULL,0,NULL,'2023-10-12 13:26:53','2023-10-12 13:26:53',NULL),(2657,9042,2659,2672,NULL,0,NULL,'2023-10-12 13:26:53','2023-10-12 13:26:53',NULL),(2658,9042,2660,2673,NULL,0,NULL,'2023-10-12 13:26:53','2023-10-12 13:26:53',NULL),(2659,9042,2661,2674,NULL,0,NULL,'2023-10-12 13:26:53','2023-10-12 13:26:53',NULL),(2660,9042,2662,2675,NULL,0,NULL,'2023-10-12 13:26:53','2023-10-12 13:26:53',NULL),(2661,9042,2663,2676,NULL,0,NULL,'2023-10-12 13:26:53','2023-10-12 13:26:53',NULL),(2662,9042,2664,2677,NULL,0,NULL,'2023-10-12 13:26:53','2023-10-12 13:26:53',NULL),(2663,9042,2665,2678,NULL,0,NULL,'2023-10-12 13:26:53','2023-10-12 13:26:53',NULL),(2664,9042,2666,2679,NULL,0,NULL,'2023-10-12 13:26:53','2023-10-12 13:26:53',NULL),(2665,9042,2667,2680,NULL,0,NULL,'2023-10-12 13:26:54','2023-10-12 13:26:54',NULL),(2666,9042,2668,2681,NULL,0,NULL,'2023-10-12 13:26:54','2023-10-12 13:26:54',NULL),(2667,9042,2669,2682,NULL,0,NULL,'2023-10-12 13:26:54','2023-10-12 13:26:54',NULL),(2668,9042,2670,2683,NULL,0,NULL,'2023-10-12 13:26:54','2023-10-12 13:26:54',NULL),(2669,9042,2671,2684,NULL,0,NULL,'2023-10-12 13:26:54','2023-10-12 13:26:54',NULL),(2670,9042,2672,2685,NULL,0,NULL,'2023-10-12 13:26:54','2023-10-12 13:26:54',NULL),(2671,9042,2673,2686,NULL,0,NULL,'2023-10-12 13:26:54','2023-10-12 13:26:54',NULL),(2672,9042,2674,2687,NULL,0,NULL,'2023-10-12 13:26:54','2023-10-12 13:26:54',NULL),(2673,9042,2675,2688,NULL,0,NULL,'2023-10-12 13:26:54','2023-10-12 13:26:54',NULL),(2674,9042,2676,2689,NULL,0,NULL,'2023-10-12 13:26:54','2023-10-12 13:26:54',NULL),(2675,9042,2677,2690,NULL,0,NULL,'2023-10-12 13:26:54','2023-10-12 13:26:54',NULL),(2676,9042,2678,2691,NULL,0,NULL,'2023-10-12 13:26:54','2023-10-12 13:26:54',NULL),(2677,9042,2679,2692,NULL,0,NULL,'2023-10-12 13:26:55','2023-10-12 13:26:55',NULL),(2678,9042,2680,2693,NULL,0,NULL,'2023-10-12 13:26:55','2023-10-12 13:26:55',NULL),(2679,9042,2681,2694,NULL,0,NULL,'2023-10-12 13:26:55','2023-10-12 13:26:55',NULL),(2680,9042,2682,2695,NULL,0,NULL,'2023-10-12 13:26:55','2023-10-12 13:26:55',NULL),(2681,9042,2683,2696,NULL,0,NULL,'2023-10-12 13:26:55','2023-10-12 13:26:55',NULL);
INSERT INTO `cta_cte_cliente_pivot_receipt` VALUES (2682,9042,2684,2697,NULL,0,NULL,'2023-10-12 13:26:55','2023-10-12 13:26:55',NULL),(2683,9042,2685,2698,NULL,0,NULL,'2023-10-12 13:26:55','2023-10-12 13:26:55',NULL),(2684,9042,2686,2699,NULL,0,NULL,'2023-10-12 13:26:55','2023-10-12 13:26:55',NULL),(2685,9042,2687,2700,NULL,0,NULL,'2023-10-12 13:26:55','2023-10-12 13:26:55',NULL),(2686,9042,2688,2701,NULL,0,NULL,'2023-10-12 13:26:55','2023-10-12 13:26:55',NULL),(2687,9042,2689,2702,NULL,0,NULL,'2023-10-12 13:26:55','2023-10-12 13:26:55',NULL),(2688,9042,2690,2703,NULL,0,NULL,'2023-10-12 13:26:56','2023-10-12 13:26:56',NULL),(2689,9042,2691,2704,NULL,0,NULL,'2023-10-12 13:26:56','2023-10-12 13:26:56',NULL),(2690,9042,2692,2705,NULL,0,NULL,'2023-10-12 13:26:56','2023-10-12 13:26:56',NULL),(2691,9042,2693,2706,NULL,0,NULL,'2023-10-12 13:26:56','2023-10-12 13:26:56',NULL),(2692,9042,2694,2707,NULL,0,NULL,'2023-10-12 13:26:56','2023-10-12 13:26:56',NULL),(2693,9042,2695,2708,NULL,0,NULL,'2023-10-12 13:26:56','2023-10-12 13:26:56',NULL),(2694,9042,2696,2709,NULL,0,NULL,'2023-10-12 13:26:57','2023-10-12 13:26:57',NULL),(2695,9042,2697,2710,NULL,0,NULL,'2023-10-12 13:26:57','2023-10-12 13:26:57',NULL),(2696,9042,2698,2711,NULL,0,NULL,'2023-10-12 13:26:57','2023-10-12 13:26:57',NULL),(2697,9042,2699,2712,NULL,0,NULL,'2023-10-12 13:26:57','2023-10-12 13:26:57',NULL),(2698,9042,2700,2713,NULL,0,NULL,'2023-10-12 13:26:57','2023-10-12 13:26:57',NULL),(2699,9042,2701,2714,NULL,0,NULL,'2023-10-12 13:26:57','2023-10-12 13:26:57',NULL),(2700,9042,2702,2715,NULL,0,NULL,'2023-10-12 13:26:58','2023-10-12 13:26:58',NULL),(2701,9042,2703,2716,NULL,0,NULL,'2023-10-12 13:26:58','2023-10-12 13:26:58',NULL),(2702,9042,2704,2717,NULL,0,NULL,'2023-10-12 13:26:58','2023-10-12 13:26:58',NULL),(2703,9042,2705,2718,NULL,0,NULL,'2023-10-12 13:26:58','2023-10-12 13:26:58',NULL),(2704,9042,2706,2719,NULL,0,NULL,'2023-10-12 13:26:58','2023-10-12 13:26:58',NULL),(2705,9042,2707,2720,NULL,0,NULL,'2023-10-12 13:26:58','2023-10-12 13:26:58',NULL),(2706,9042,2708,2721,NULL,0,NULL,'2023-10-12 13:26:58','2023-10-12 13:26:58',NULL),(2707,9042,2709,2722,NULL,0,NULL,'2023-10-12 13:26:58','2023-10-12 13:26:58',NULL),(2708,9042,2710,2723,NULL,0,NULL,'2023-10-12 13:26:58','2023-10-12 13:26:58',NULL),(2709,9042,2711,2724,NULL,0,NULL,'2023-10-12 13:26:58','2023-10-12 13:26:58',NULL),(2710,9042,2712,2725,NULL,0,NULL,'2023-10-12 13:26:58','2023-10-12 13:26:58',NULL),(2711,9042,2713,2726,NULL,0,NULL,'2023-10-12 13:26:58','2023-10-12 13:26:58',NULL),(2712,9042,2714,2727,NULL,0,NULL,'2023-10-12 13:26:58','2023-10-12 13:26:58',NULL),(2713,9042,2715,2728,NULL,0,NULL,'2023-10-15 01:34:37','2023-10-15 01:34:37',NULL),(2714,9042,2716,2729,NULL,0,NULL,'2023-10-19 23:38:54','2023-10-19 23:38:54',NULL),(2715,9042,2717,2730,NULL,0,NULL,'2023-10-20 21:16:05','2023-10-20 21:16:05',NULL),(2716,9042,2718,2731,NULL,0,NULL,'2023-10-22 20:02:04','2023-10-22 20:02:04',NULL),(2717,9042,2719,2732,NULL,0,NULL,'2023-10-22 21:08:48','2023-10-22 21:08:48',NULL),(2718,9042,2720,2733,NULL,0,NULL,'2023-10-23 13:21:35','2023-10-23 13:21:35',NULL),(2719,9042,2721,2734,NULL,0,NULL,'2023-10-23 18:56:22','2023-10-23 18:56:22',NULL),(2720,9042,2722,2735,NULL,0,NULL,'2023-10-23 19:03:37','2023-10-23 19:03:37',NULL),(2721,9042,2723,2736,NULL,0,NULL,'2023-10-23 19:11:12','2023-10-23 19:11:12',NULL),(2722,9042,2724,2737,NULL,0,NULL,'2023-10-23 22:21:47','2023-10-23 22:21:47',NULL),(2723,9042,2725,2738,NULL,0,NULL,'2023-10-23 23:47:20','2023-10-23 23:47:20',NULL),(2724,9042,2726,2739,NULL,0,NULL,'2023-10-24 20:32:48','2023-10-24 20:32:48',NULL),(2725,9042,2727,2740,NULL,0,NULL,'2023-10-24 21:09:53','2023-10-24 21:09:53',NULL),(2726,9042,2728,2741,NULL,0,NULL,'2023-10-29 20:56:02','2023-10-29 20:56:02',NULL),(2727,9042,2729,2743,NULL,0,NULL,'2023-10-31 17:35:00','2023-10-31 17:35:00',NULL),(2728,9042,2730,2744,NULL,0,NULL,'2023-10-31 17:36:30','2023-10-31 17:36:30',NULL),(2729,9042,2731,2745,NULL,0,NULL,'2023-11-01 19:57:16','2023-11-01 19:57:16',NULL);
INSERT INTO `cta_cte_cliente_pivot_receipt` VALUES (2730,9042,2732,2746,NULL,0,NULL,'2023-11-01 21:20:38','2023-11-01 21:20:38',NULL),(2731,9042,2733,2747,NULL,0,NULL,'2023-11-02 20:12:30','2023-11-02 20:12:30',NULL),(2732,9042,2734,2749,NULL,0,NULL,'2023-11-03 17:57:13','2023-11-03 17:57:13',NULL),(2733,9042,2735,2750,NULL,0,NULL,'2023-11-03 17:59:09','2023-11-03 17:59:09',NULL),(2734,9042,2736,2751,NULL,0,NULL,'2023-11-16 19:38:50','2023-11-16 19:38:50',NULL),(2735,9042,2737,2753,NULL,0,NULL,'2023-11-24 12:21:26','2023-11-24 12:21:26',NULL),(2736,9042,2738,2754,NULL,0,NULL,'2023-11-27 16:34:48','2023-11-27 16:34:48',NULL),(2737,9042,2739,2757,NULL,0,NULL,'2023-11-27 21:56:01','2023-11-27 21:56:01',NULL),(2738,9042,2740,2758,NULL,0,NULL,'2023-11-27 22:09:11','2023-11-27 22:09:11',NULL),(2739,9042,2741,2759,NULL,0,NULL,'2023-11-28 13:41:21','2023-11-28 13:41:21',NULL),(2740,9042,2742,2762,NULL,0,NULL,'2023-11-28 15:33:19','2023-11-28 15:33:19',NULL),(2741,9042,2743,2763,NULL,0,NULL,'2023-11-28 16:29:17','2023-11-28 16:29:17',NULL),(2742,9042,2744,2766,NULL,0,NULL,'2023-12-05 13:16:05','2023-12-05 13:16:05',NULL),(2743,9042,2745,2767,NULL,0,NULL,'2023-12-05 13:17:50','2023-12-05 13:17:50',NULL),(2744,9042,2746,2770,NULL,0,NULL,'2023-12-06 02:24:25','2023-12-06 02:24:25',NULL),(2745,9042,2747,2771,NULL,0,NULL,'2023-12-06 02:26:08','2023-12-06 02:26:08',NULL),(2746,9042,2748,2772,NULL,0,NULL,'2023-12-19 14:37:53','2023-12-19 14:37:53',NULL),(2747,9042,2749,2773,NULL,0,NULL,'2023-12-19 21:50:25','2023-12-19 21:50:25',NULL),(2748,9042,2750,2774,NULL,0,NULL,'2023-12-20 20:43:40','2023-12-20 20:43:40',NULL),(2749,9042,2751,2775,NULL,0,NULL,'2023-12-20 22:23:21','2023-12-20 22:23:21',NULL),(2750,9042,2752,2776,NULL,0,NULL,'2023-12-21 22:21:05','2023-12-21 22:21:05',NULL),(2751,9042,2753,2778,NULL,0,NULL,'2023-12-26 12:44:43','2023-12-26 12:44:43',NULL),(2752,9042,2754,2779,NULL,0,NULL,'2023-12-27 14:33:31','2023-12-27 14:33:31',NULL),(2753,9042,2755,2780,NULL,0,NULL,'2024-01-08 18:27:32','2024-01-08 18:27:32',NULL),(2754,9042,2756,2781,NULL,0,NULL,'2024-01-08 18:46:33','2024-01-08 18:46:33',NULL),(2755,9042,2757,2782,NULL,0,NULL,'2024-01-08 18:48:40','2024-01-08 18:48:40',NULL);

--
-- Table structure for table `cta_cte_tesoreria`
--

CREATE TABLE `cta_cte_tesoreria` (
  `id` int(10) unsigned NOT NULL AUTO_INCREMENT,
  `user_id` int(10) unsigned DEFAULT NULL,
  `person_id` int(10) unsigned NOT NULL,
  `cta_cte_cliente_id` int(10) unsigned DEFAULT NULL,
  `nf_cta_cte_id` int(10) unsigned DEFAULT NULL,
  `cta_cte_tesoreria_cuenta_id` int(10) unsigned NOT NULL,
  `period_id` int(10) unsigned NOT NULL,
  `fecha` date DEFAULT NULL,
  `total` decimal(16,2) NOT NULL,
  `moneda_id` int(10) unsigned NOT NULL DEFAULT '1',
  `cotizacion` decimal(9,2) NOT NULL DEFAULT '1.00',
  `comentario` varchar(191) COLLATE utf8mb4_unicode_ci DEFAULT NULL,
  `file` varchar(191) COLLATE utf8mb4_unicode_ci DEFAULT NULL,
  `created_at` timestamp NULL DEFAULT NULL,
  `updated_at` timestamp NULL DEFAULT NULL,
  `deleted_at` timestamp NULL DEFAULT NULL,
  `ticket_id` bigint(20) unsigned DEFAULT NULL,
  PRIMARY KEY (`id`),
  KEY `cta_cte_tesoreria_person_id_foreign` (`person_id`),
  KEY `cta_cte_tesoreria_cta_cte_cliente_id_foreign` (`cta_cte_cliente_id`),
  KEY `cta_cte_tesoreria_cta_cte_tesoreria_cuenta_id_foreign` (`cta_cte_tesoreria_cuenta_id`),
  KEY `cta_cte_tesoreria_period_id_foreign` (`period_id`),
  KEY `cta_cte_tesoreria_nf_cta_cte_id_foreign` (`nf_cta_cte_id`),
  KEY `cta_cte_tesoreria_moneda_id_foreign` (`moneda_id`),
  KEY `cta_cte_tesoreria_ticket_id_foreign` (`ticket_id`),
  CONSTRAINT `cta_cte_tesoreria_cta_cte_cliente_id_foreign` FOREIGN KEY (`cta_cte_cliente_id`) REFERENCES `cta_cte_cliente` (`id`),
  CONSTRAINT `cta_cte_tesoreria_cta_cte_tesoreria_cuenta_id_foreign` FOREIGN KEY (`cta_cte_tesoreria_cuenta_id`) REFERENCES `cta_cte_tesoreria_cuentas` (`id`),
  CONSTRAINT `cta_cte_tesoreria_moneda_id_foreign` FOREIGN KEY (`moneda_id`) REFERENCES `monedas` (`id`),
  CONSTRAINT `cta_cte_tesoreria_nf_cta_cte_id_foreign` FOREIGN KEY (`nf_cta_cte_id`) REFERENCES `nf_cta_cte` (`id`),
  CONSTRAINT `cta_cte_tesoreria_period_id_foreign` FOREIGN KEY (`period_id`) REFERENCES `periods` (`id`),
  CONSTRAINT `cta_cte_tesoreria_person_id_foreign` FOREIGN KEY (`person_id`) REFERENCES `persons` (`id`),
  CONSTRAINT `cta_cte_tesoreria_ticket_id_foreign` FOREIGN KEY (`ticket_id`) REFERENCES `tickets` (`id`)
) ENGINE=InnoDB AUTO_INCREMENT=4 DEFAULT CHARSET=utf8mb4 COLLATE=utf8mb4_unicode_ci;

--
-- Dumping data for table `cta_cte_tesoreria`
--

INSERT INTO `cta_cte_tesoreria` VALUES (1,8522,40718,NULL,NULL,757,1520,'2023-02-28',155000.00,1,1.00,'Saldo Inicial',NULL,'2023-02-28 14:21:22','2023-02-28 14:21:22',NULL,NULL),(2,8522,40718,1252,NULL,13,1521,'2023-03-01',10000.00,1,1.00,NULL,NULL,'2023-03-01 11:25:20','2023-03-01 11:25:20',NULL,NULL),(3,8522,40718,NULL,4,13,1521,'2023-03-03',150.00,1,1.00,NULL,NULL,'2023-03-02 22:15:32','2023-03-02 22:15:54','2023-03-02 22:15:54',NULL);

--
-- Table structure for table `cta_cte_tesoreria_banco_cheq`
--

CREATE TABLE `cta_cte_tesoreria_banco_cheq` (
  `id` int(10) unsigned NOT NULL AUTO_INCREMENT,
  `user_id` int(10) unsigned DEFAULT NULL,
  `person_id` int(10) unsigned NOT NULL,
  `cta_cte_tesoreria_cuenta_id` int(10) unsigned NOT NULL,
  `cta_cte_tesoreria_banco_id` int(10) unsigned NOT NULL,
  `chequera_tipo_id` int(10) unsigned NOT NULL,
  `serie` text COLLATE utf8mb4_unicode_ci,
  `numero_cheque` int(11) DEFAULT NULL,
  `habilitado` tinyint(1) NOT NULL DEFAULT '1',
  `created_at` timestamp NULL DEFAULT NULL,
  `updated_at` timestamp NULL DEFAULT NULL,
  `deleted_at` timestamp NULL DEFAULT NULL,
  PRIMARY KEY (`id`),
  KEY `cta_cte_tesoreria_banco_cheq_person_id_foreign` (`person_id`),
  KEY `cta_cte_tesoreria_banco_cheq_cta_cte_tesoreria_cuenta_id_foreign` (`cta_cte_tesoreria_cuenta_id`),
  KEY `cta_cte_tesoreria_banco_cheq_cta_cte_tesoreria_banco_id_foreign` (`cta_cte_tesoreria_banco_id`),
  KEY `cta_cte_tesoreria_banco_cheq_chequera_tipo_id_foreign` (`chequera_tipo_id`),
  CONSTRAINT `cta_cte_tesoreria_banco_cheq_chequera_tipo_id_foreign` FOREIGN KEY (`chequera_tipo_id`) REFERENCES `chequeras_tipos` (`id`),
  CONSTRAINT `cta_cte_tesoreria_banco_cheq_cta_cte_tesoreria_banco_id_foreign` FOREIGN KEY (`cta_cte_tesoreria_banco_id`) REFERENCES `cta_cte_tesoreria_bancos` (`id`),
  CONSTRAINT `cta_cte_tesoreria_banco_cheq_cta_cte_tesoreria_cuenta_id_foreign` FOREIGN KEY (`cta_cte_tesoreria_cuenta_id`) REFERENCES `cta_cte_tesoreria_cuentas` (`id`),
  CONSTRAINT `cta_cte_tesoreria_banco_cheq_person_id_foreign` FOREIGN KEY (`person_id`) REFERENCES `persons` (`id`)
) ENGINE=InnoDB DEFAULT CHARSET=utf8mb4 COLLATE=utf8mb4_unicode_ci;

--
-- Dumping data for table `cta_cte_tesoreria_banco_cheq`
--


--
-- Table structure for table `cta_cte_tesoreria_banco_claves`
--

CREATE TABLE `cta_cte_tesoreria_banco_claves` (
  `id` int(10) unsigned NOT NULL AUTO_INCREMENT,
  `user_id` int(10) unsigned DEFAULT NULL,
  `person_id` int(10) unsigned NOT NULL,
  `cta_cte_tesoreria_cuenta_id` int(10) unsigned NOT NULL,
  `cta_cte_tesoreria_banco_id` int(10) unsigned NOT NULL,
  `descripcion` longtext COLLATE utf8mb4_unicode_ci,
  `created_at` timestamp NULL DEFAULT NULL,
  `updated_at` timestamp NULL DEFAULT NULL,
  `deleted_at` timestamp NULL DEFAULT NULL,
  PRIMARY KEY (`id`),
  KEY `cta_cte_tesoreria_banco_claves_person_id_foreign` (`person_id`),
  KEY `ct_cuenta_id` (`cta_cte_tesoreria_cuenta_id`),
  KEY `ct_banco_id` (`cta_cte_tesoreria_banco_id`),
  CONSTRAINT `ct_banco_id` FOREIGN KEY (`cta_cte_tesoreria_banco_id`) REFERENCES `cta_cte_tesoreria_bancos` (`id`),
  CONSTRAINT `ct_cuenta_id` FOREIGN KEY (`cta_cte_tesoreria_cuenta_id`) REFERENCES `cta_cte_tesoreria_cuentas` (`id`),
  CONSTRAINT `cta_cte_tesoreria_banco_claves_person_id_foreign` FOREIGN KEY (`person_id`) REFERENCES `persons` (`id`)
) ENGINE=InnoDB DEFAULT CHARSET=utf8mb4 COLLATE=utf8mb4_unicode_ci;

--
-- Dumping data for table `cta_cte_tesoreria_banco_claves`
--


--
-- Table structure for table `cta_cte_tesoreria_bancos`
--

CREATE TABLE `cta_cte_tesoreria_bancos` (
  `id` int(10) unsigned NOT NULL AUTO_INCREMENT,
  `user_id` int(10) unsigned DEFAULT NULL,
  `person_id` int(10) unsigned NOT NULL,
  `cta_cte_tesoreria_cuenta_id` int(10) unsigned NOT NULL,
  `ctacte_banco_id` int(10) unsigned NOT NULL,
  `persona_empresa` int(11) NOT NULL DEFAULT '1',
  `zone_id` int(10) unsigned NOT NULL,
  `cuenta_contable_id` int(10) unsigned NOT NULL,
  `cuenta_contable_id_diferido` int(10) unsigned DEFAULT NULL,
  `cuenta_contable_id_pend_acred` int(10) unsigned DEFAULT NULL,
  `numero_cuenta` text COLLATE utf8mb4_unicode_ci,
  `cbu` text COLLATE utf8mb4_unicode_ci,
  `alias` text COLLATE utf8mb4_unicode_ci,
  `habilitado` tinyint(1) NOT NULL DEFAULT '1',
  `created_at` timestamp NULL DEFAULT NULL,
  `updated_at` timestamp NULL DEFAULT NULL,
  `deleted_at` timestamp NULL DEFAULT NULL,
  PRIMARY KEY (`id`),
  KEY `cta_cte_tesoreria_bancos_person_id_foreign` (`person_id`),
  KEY `cta_cte_tesoreria_bancos_cta_cte_tesoreria_cuenta_id_foreign` (`cta_cte_tesoreria_cuenta_id`),
  KEY `cta_cte_tesoreria_bancos_ctacte_banco_id_foreign` (`ctacte_banco_id`),
  KEY `cta_cte_tesoreria_bancos_zone_id_foreign` (`zone_id`),
  KEY `cta_cte_tesoreria_bancos_cuenta_contable_id_foreign` (`cuenta_contable_id`),
  KEY `cta_cte_tesoreria_bancos_cuenta_contable_id_diferido_foreign` (`cuenta_contable_id_diferido`),
  KEY `cta_cte_tesoreria_bancos_cuenta_contable_id_pend_acred_foreign` (`cuenta_contable_id_pend_acred`),
  CONSTRAINT `cta_cte_tesoreria_bancos_cta_cte_tesoreria_cuenta_id_foreign` FOREIGN KEY (`cta_cte_tesoreria_cuenta_id`) REFERENCES `cta_cte_tesoreria_cuentas` (`id`),
  CONSTRAINT `cta_cte_tesoreria_bancos_ctacte_banco_id_foreign` FOREIGN KEY (`ctacte_banco_id`) REFERENCES `ctacte_bancos` (`id`),
  CONSTRAINT `cta_cte_tesoreria_bancos_cuenta_contable_id_diferido_foreign` FOREIGN KEY (`cuenta_contable_id_diferido`) REFERENCES `conta_plan_cuenta` (`id`),
  CONSTRAINT `cta_cte_tesoreria_bancos_cuenta_contable_id_foreign` FOREIGN KEY (`cuenta_contable_id`) REFERENCES `conta_plan_cuenta` (`id`),
  CONSTRAINT `cta_cte_tesoreria_bancos_cuenta_contable_id_pend_acred_foreign` FOREIGN KEY (`cuenta_contable_id_pend_acred`) REFERENCES `conta_plan_cuenta` (`id`),
  CONSTRAINT `cta_cte_tesoreria_bancos_person_id_foreign` FOREIGN KEY (`person_id`) REFERENCES `persons` (`id`),
  CONSTRAINT `cta_cte_tesoreria_bancos_zone_id_foreign` FOREIGN KEY (`zone_id`) REFERENCES `zones` (`id`)
) ENGINE=InnoDB DEFAULT CHARSET=utf8mb4 COLLATE=utf8mb4_unicode_ci;

--
-- Dumping data for table `cta_cte_tesoreria_bancos`
--


--
-- Table structure for table `cta_cte_tesoreria_cuenta_tipos`
--

CREATE TABLE `cta_cte_tesoreria_cuenta_tipos` (
  `id` int(10) unsigned NOT NULL AUTO_INCREMENT,
  `user_id` int(10) unsigned DEFAULT NULL,
  `descripcion` text COLLATE utf8mb4_unicode_ci NOT NULL,
  `habilitado` tinyint(1) NOT NULL DEFAULT '1',
  `created_at` timestamp NULL DEFAULT NULL,
  `updated_at` timestamp NULL DEFAULT NULL,
  `deleted_at` timestamp NULL DEFAULT NULL,
  PRIMARY KEY (`id`)
) ENGINE=InnoDB AUTO_INCREMENT=11 DEFAULT CHARSET=utf8mb4 COLLATE=utf8mb4_unicode_ci;

--
-- Dumping data for table `cta_cte_tesoreria_cuenta_tipos`
--

INSERT INTO `cta_cte_tesoreria_cuenta_tipos` VALUES (1,NULL,'CAJA',1,NULL,NULL,NULL),(2,NULL,'BANCOS',1,NULL,NULL,NULL),(3,NULL,'CHEQUES',1,NULL,NULL,NULL),(4,NULL,'RETENCIONES EFECTUADAS',1,NULL,'2024-05-26 21:05:26',NULL),(5,NULL,'PERCEPCIONES EFECTUADAS',1,NULL,'2024-05-26 21:05:26',NULL),(6,NULL,'RESULTADO NEGATIVO',1,NULL,NULL,NULL),(7,NULL,'RESULTADO POSITIVO',1,NULL,NULL,NULL),(8,NULL,'MOVIMIENTO',1,NULL,NULL,NULL),(9,NULL,'RETENCIONES SUFRIDAS',1,NULL,NULL,NULL),(10,NULL,'PERCEPCIONES SUFRIDAS',1,NULL,NULL,NULL);

--
-- Table structure for table `cta_cte_tesoreria_cuentas`
--

CREATE TABLE `cta_cte_tesoreria_cuentas` (
  `id` int(10) unsigned NOT NULL AUTO_INCREMENT,
  `user_id` int(10) unsigned DEFAULT NULL,
  `moneda_id` int(10) unsigned NOT NULL DEFAULT '1',
  `plan_cuenta_id` int(10) unsigned NOT NULL,
  `person_id` int(10) unsigned DEFAULT NULL,
  `cta_cte_tesoreria_cuenta_tipo_id` int(10) unsigned NOT NULL DEFAULT '8',
  `retention_type_id` int(10) unsigned DEFAULT NULL,
  `nombre` varchar(191) COLLATE utf8mb4_unicode_ci NOT NULL,
  `cuit` text COLLATE utf8mb4_unicode_ci,
  `cheque3ros` tinyint(1) NOT NULL DEFAULT '0',
  `cheque_emitidos` tinyint(1) NOT NULL DEFAULT '0',
  `tes_cta_cte` tinyint(1) NOT NULL DEFAULT '0',
  `tes_cuenta_origen` tinyint(1) NOT NULL DEFAULT '0',
  `tes_cuenta_destino` tinyint(1) NOT NULL DEFAULT '0',
  `conta_asientos` tinyint(1) NOT NULL DEFAULT '0',
  `habilitado` tinyint(1) NOT NULL DEFAULT '1',
  `created_at` timestamp NULL DEFAULT NULL,
  `updated_at` timestamp NULL DEFAULT NULL,
  `deleted_at` timestamp NULL DEFAULT NULL,
  PRIMARY KEY (`id`),
  KEY `cta_cte_tesoreria_cuentas_person_id_foreign` (`person_id`),
  KEY `cta_cte_tesoreria_cuentas_plan_cuenta_id_foreign` (`plan_cuenta_id`),
  KEY `cta_tes_tipo_id_foreign` (`cta_cte_tesoreria_cuenta_tipo_id`),
  KEY `cta_cte_tesoreria_cuentas_moneda_id_foreign` (`moneda_id`),
  KEY `cta_cte_tesoreria_cuentas_retention_type_id_foreign` (`retention_type_id`),
  CONSTRAINT `cta_cte_tesoreria_cuentas_moneda_id_foreign` FOREIGN KEY (`moneda_id`) REFERENCES `monedas` (`id`),
  CONSTRAINT `cta_cte_tesoreria_cuentas_person_id_foreign` FOREIGN KEY (`person_id`) REFERENCES `persons` (`id`),
  CONSTRAINT `cta_cte_tesoreria_cuentas_plan_cuenta_id_foreign` FOREIGN KEY (`plan_cuenta_id`) REFERENCES `conta_plan_cuenta` (`id`),
  CONSTRAINT `cta_cte_tesoreria_cuentas_retention_type_id_foreign` FOREIGN KEY (`retention_type_id`) REFERENCES `retention_types` (`id`),
  CONSTRAINT `cta_tes_tipo_id_foreign` FOREIGN KEY (`cta_cte_tesoreria_cuenta_tipo_id`) REFERENCES `cta_cte_tesoreria_cuenta_tipos` (`id`)
) ENGINE=InnoDB AUTO_INCREMENT=759 DEFAULT CHARSET=utf8mb4 COLLATE=utf8mb4_unicode_ci;

--
-- Dumping data for table `cta_cte_tesoreria_cuentas`
--

INSERT INTO `cta_cte_tesoreria_cuentas` VALUES (13,NULL,1,13,NULL,8,NULL,'Clientes - Deudores',NULL,0,0,0,0,0,0,1,'2019-10-19 02:10:24','2019-10-19 02:10:24',NULL),(20,NULL,1,20,NULL,8,NULL,'Anticipos Impuesto a las Ganancias',NULL,0,0,0,0,1,0,1,'2019-10-19 02:10:24','2019-10-19 02:10:24',NULL),(23,NULL,1,23,NULL,4,NULL,'Retenciones Impuesto a las Ganancias',NULL,0,0,1,0,0,0,1,'2019-10-19 02:10:24','2023-05-25 13:19:22',NULL),(25,NULL,1,25,NULL,4,NULL,'Retenciones de IVA',NULL,0,0,1,0,0,0,1,'2019-10-19 02:10:24','2023-05-25 13:19:22',NULL),(57,NULL,1,57,NULL,8,NULL,'Proveedores en Cta. Cte. locales',NULL,0,0,0,0,0,0,1,'2019-10-19 02:10:24','2019-10-19 02:10:24',NULL),(60,NULL,1,60,NULL,3,NULL,'Cheques emitidos ',NULL,0,1,1,1,1,0,1,'2019-10-19 02:10:24','2023-05-25 13:19:22',NULL),(62,NULL,1,62,NULL,8,NULL,'Sueldos y Jornales a pagar',NULL,0,0,0,0,1,0,1,'2019-10-19 02:10:24','2019-10-19 02:10:24',NULL),(140,NULL,1,140,NULL,6,NULL,'Intereses y Gastos bancarios',NULL,0,0,0,0,1,0,1,'2019-10-19 02:10:24','2023-05-25 13:19:22',NULL),(162,NULL,1,162,NULL,4,NULL,'Retenciones SUSS',NULL,0,0,1,0,0,0,1,'2019-10-19 02:10:24','2023-05-25 13:19:22',NULL),(176,NULL,1,176,NULL,3,NULL,'Cheques en Cartera',NULL,1,0,1,1,1,0,1,'2019-10-19 02:10:24','2023-05-25 13:19:22',NULL),(201,NULL,1,201,NULL,6,NULL,'Monotributo',NULL,0,0,0,0,1,0,1,'2019-10-19 02:10:24','2023-05-25 13:19:22',NULL),(203,NULL,1,203,NULL,6,NULL,'Autonomos',NULL,0,0,0,0,1,0,1,'2019-10-19 02:10:24','2023-05-25 13:19:22',NULL),(219,NULL,1,219,NULL,8,NULL,'Pagos AFIP',NULL,0,0,0,0,1,0,1,'2019-10-19 02:10:24','2019-10-19 02:10:24',NULL),(251,NULL,1,251,NULL,4,NULL,'Retenciones de IIBB Buenos Aires',NULL,0,0,1,0,0,0,1,'2019-10-19 02:10:24','2023-05-25 13:19:22',NULL),(252,NULL,1,252,NULL,4,NULL,'Retenciones de IIBB Capital Federal',NULL,0,0,1,0,0,0,1,'2019-10-19 02:10:24','2023-05-25 13:19:22',NULL),(253,NULL,1,253,NULL,4,NULL,'Retenciones de IIBB Catamarca',NULL,0,0,1,0,0,0,1,'2019-10-19 02:10:24','2023-05-25 13:19:22',NULL),(254,NULL,1,254,NULL,4,NULL,'Retenciones de IIBB Chaco',NULL,0,0,1,0,0,0,1,'2019-10-19 02:10:24','2023-05-25 13:19:22',NULL),(255,NULL,1,255,NULL,4,NULL,'Retenciones de IIBB Chubut',NULL,0,0,1,0,0,0,1,'2019-10-19 02:10:24','2023-05-25 13:19:22',NULL),(256,NULL,1,256,NULL,4,NULL,'Retenciones de IIBB Córdoba',NULL,0,0,1,0,0,0,1,'2019-10-19 02:10:24','2023-05-25 13:19:22',NULL),(257,NULL,1,257,NULL,4,NULL,'Retenciones de IIBB Corrientes',NULL,0,0,1,0,0,0,1,'2019-10-19 02:10:24','2023-05-25 13:19:22',NULL),(258,NULL,1,258,NULL,4,NULL,'Retenciones de IIBB Entre Ríos',NULL,0,0,1,0,0,0,1,'2019-10-19 02:10:24','2023-05-25 13:19:22',NULL),(259,NULL,1,259,NULL,4,NULL,'Retenciones de IIBB Formosa',NULL,0,0,1,0,0,0,1,'2019-10-19 02:10:24','2023-05-25 13:19:22',NULL),(260,NULL,1,260,NULL,4,NULL,'Retenciones de IIBB Jujuy',NULL,0,0,1,0,0,0,1,'2019-10-19 02:10:24','2023-05-25 13:19:22',NULL),(261,NULL,1,261,NULL,4,NULL,'Retenciones de IIBB La Pampa',NULL,0,0,1,0,0,0,1,'2019-10-19 02:10:24','2023-05-25 13:19:22',NULL),(262,NULL,1,262,NULL,4,NULL,'Retenciones de IIBB La Rioja',NULL,0,0,1,0,0,0,1,'2019-10-19 02:10:24','2023-05-25 13:19:22',NULL),(263,NULL,1,263,NULL,4,NULL,'Retenciones de IIBB Mendoza',NULL,0,0,1,0,0,0,1,'2019-10-19 02:10:24','2023-05-25 13:19:22',NULL),(264,NULL,1,264,NULL,4,NULL,'Retenciones de IIBB Misiones',NULL,0,0,1,0,0,0,1,'2019-10-19 02:10:24','2023-05-25 13:19:22',NULL),(265,NULL,1,265,NULL,4,NULL,'Retenciones de IIBB Neuquén',NULL,0,0,1,0,0,0,1,'2019-10-19 02:10:24','2023-05-25 13:19:22',NULL),(266,NULL,1,266,NULL,4,NULL,'Retenciones de IIBB Pascua Lama',NULL,0,0,1,0,0,0,1,'2019-10-19 02:10:24','2023-05-25 13:19:22',NULL),(267,NULL,1,267,NULL,4,NULL,'Retenciones de IIBB Río Negro',NULL,0,0,1,0,0,0,1,'2019-10-19 02:10:24','2023-05-25 13:19:22',NULL),(268,NULL,1,268,NULL,4,NULL,'Retenciones de IIBB Salta',NULL,0,0,1,0,0,0,1,'2019-10-19 02:10:24','2023-05-25 13:19:22',NULL),(269,NULL,1,269,NULL,4,NULL,'Retenciones de IIBB San Juan',NULL,0,0,1,0,0,0,1,'2019-10-19 02:10:24','2023-05-25 13:19:22',NULL);
INSERT INTO `cta_cte_tesoreria_cuentas` VALUES (270,NULL,1,270,NULL,4,NULL,'Retenciones de IIBB San Luis',NULL,0,0,1,0,0,0,1,'2019-10-19 02:10:24','2023-05-25 13:19:22',NULL),(271,NULL,1,271,NULL,4,NULL,'Retenciones de IIBB Santa Cruz',NULL,0,0,1,0,0,0,1,'2019-10-19 02:10:24','2023-05-25 13:19:22',NULL),(272,NULL,1,272,NULL,4,NULL,'Retenciones de IIBB Santa Fe',NULL,0,0,1,0,0,0,1,'2019-10-19 02:10:24','2023-05-25 13:19:23',NULL),(273,NULL,1,273,NULL,4,NULL,'Retenciones de IIBB Santiago del Estero',NULL,0,0,1,0,0,0,1,'2019-10-19 02:10:24','2023-05-25 13:19:23',NULL),(274,NULL,1,274,NULL,4,NULL,'Retenciones de IIBB Tierra del Fuego',NULL,0,0,1,0,0,0,1,'2019-10-19 02:10:24','2023-05-25 13:19:23',NULL),(275,NULL,1,275,NULL,4,NULL,'Retenciones de IIBB Tucuman',NULL,0,0,1,0,0,0,1,'2019-10-19 02:10:24','2023-05-25 13:19:23',NULL),(351,NULL,1,351,NULL,8,NULL,'BANCO SIRCREB',NULL,0,0,0,0,1,0,1,'2019-10-19 02:10:24','2019-10-19 02:10:24',NULL),(359,NULL,1,359,NULL,8,NULL,'Caja en Pesos',NULL,0,0,1,1,1,0,1,'2019-10-19 02:10:24','2023-05-25 13:19:21','2023-05-25 13:19:21'),(360,NULL,1,360,NULL,8,NULL,'Retenciones Bancarias de Ganancias a Favor',NULL,0,0,0,0,1,0,1,'2019-10-19 02:10:24','2019-10-19 02:10:24',NULL),(364,NULL,1,364,NULL,8,NULL,'Anticipo de Clientes',NULL,0,0,0,0,1,0,1,'2019-10-19 02:10:24','2019-10-19 02:10:24',NULL),(384,NULL,1,384,NULL,8,NULL,'Caja en Dolares',NULL,0,0,1,1,1,0,1,'2019-10-19 02:10:24','2023-05-25 13:19:21','2023-05-25 13:19:21'),(409,NULL,1,409,NULL,6,NULL,'IVA Crédito Fiscal No computable',NULL,0,0,0,0,1,0,1,'2019-10-19 02:10:24','2023-05-25 13:19:23',NULL),(418,NULL,1,418,NULL,8,NULL,'Deudas Bancarias',NULL,0,0,0,1,1,0,1,'2019-10-19 02:10:24','2019-10-19 02:10:24',NULL),(433,NULL,1,433,NULL,8,NULL,'Préstamo',NULL,0,0,0,1,1,0,1,'2019-10-19 02:10:24','2019-10-19 02:10:24',NULL),(441,NULL,1,441,NULL,8,NULL,'Leasing',NULL,0,0,0,1,1,0,1,'2019-10-19 02:10:24','2019-10-19 02:10:24',NULL),(448,NULL,1,448,NULL,8,NULL,'Planes de Pagos AFIP',NULL,0,0,0,1,1,0,1,'2019-10-19 02:10:24','2019-10-19 02:10:24',NULL),(450,NULL,1,450,NULL,3,NULL,'Cheques Rechazados',NULL,0,0,0,0,1,0,1,'2019-10-19 02:10:24','2023-05-25 13:19:23',NULL),(467,NULL,1,467,NULL,6,NULL,'Interés',NULL,0,0,0,0,1,0,1,'2019-10-19 02:10:24','2023-05-25 13:19:23',NULL),(468,NULL,1,14,NULL,8,NULL,'Deudores por ventas comunes',NULL,0,0,0,0,0,1,1,'2020-02-06 17:23:07','2023-05-25 13:19:23',NULL),(469,NULL,1,15,NULL,8,NULL,'Deudores por ventas morosos',NULL,0,0,0,0,0,1,1,'2020-02-06 17:23:07','2023-05-25 13:19:23',NULL),(470,NULL,1,16,NULL,8,NULL,'Deudores en gestión judicial',NULL,0,0,0,0,0,1,1,'2020-02-06 17:23:07','2023-05-25 13:19:23',NULL),(471,NULL,1,17,NULL,8,NULL,'Previsión deudores incobrables',NULL,0,0,0,0,0,1,1,'2020-02-06 17:23:07','2023-05-25 13:19:23',NULL),(472,NULL,1,22,NULL,8,NULL,'Anticipo Impto.Ganancia Mínima Presunta',NULL,0,0,0,0,0,1,1,'2020-02-06 17:23:07','2023-05-25 13:19:23',NULL),(473,NULL,1,24,NULL,4,NULL,'Impuesto a las Ganancias (Saldo a favor)',NULL,0,0,0,0,0,1,0,'2020-02-06 17:23:07','2023-06-02 07:56:32',NULL),(474,NULL,1,27,NULL,8,NULL,'Anticipos de proveedores',NULL,0,0,0,0,0,1,1,'2020-02-06 17:23:07','2023-05-25 13:19:23',NULL),(475,NULL,1,28,NULL,8,NULL,'Depósito en garantía alquileres',NULL,0,0,0,0,0,1,1,'2020-02-06 17:23:07','2023-05-25 13:19:23',NULL),(476,NULL,1,29,NULL,8,NULL,'Derechos adquiridos a devengar',NULL,0,0,0,0,0,1,1,'2020-02-06 17:23:07','2023-05-25 13:19:23',NULL),(477,NULL,1,30,NULL,8,NULL,'Intereses a devengar',NULL,0,0,0,0,0,1,1,'2020-02-06 17:23:07','2023-05-25 13:19:23',NULL),(478,NULL,1,31,NULL,8,NULL,'Cuentas a rendir - Directores',NULL,0,0,0,0,0,1,1,'2020-02-06 17:23:07','2023-05-25 13:19:23',NULL),(479,NULL,1,32,NULL,8,NULL,'Alquileres no devengados',NULL,0,0,0,0,0,1,1,'2020-02-06 17:23:07','2023-05-25 13:19:23',NULL),(480,NULL,1,38,NULL,8,NULL,'Equipos de computación valores históricos',NULL,0,0,0,0,0,1,1,'2020-02-06 17:23:07','2023-05-25 13:19:23',NULL);
INSERT INTO `cta_cte_tesoreria_cuentas` VALUES (481,NULL,1,39,NULL,8,NULL,'Equipos de computación ajuste',NULL,0,0,0,0,0,1,1,'2020-02-06 17:23:07','2023-05-25 13:19:23',NULL),(482,NULL,1,40,NULL,8,NULL,'Amortización Acumulada Equipos de comput.',NULL,0,0,0,0,0,1,1,'2020-02-06 17:23:07','2023-05-25 13:19:23',NULL),(483,NULL,1,42,NULL,8,NULL,'Instalaciones valores históricos',NULL,0,0,0,0,0,1,1,'2020-02-06 17:23:07','2023-05-25 13:19:23',NULL),(484,NULL,1,43,NULL,8,NULL,'Instalaciones ajuste',NULL,0,0,0,0,0,1,1,'2020-02-06 17:23:07','2023-05-25 13:19:23',NULL),(485,NULL,1,44,NULL,8,NULL,'Amortización Acumulada Instalaciones',NULL,0,0,0,0,0,1,1,'2020-02-06 17:23:07','2023-05-25 13:19:23',NULL),(486,NULL,1,46,NULL,8,NULL,'Muebles y utiles valores históricos',NULL,0,0,0,0,0,1,1,'2020-02-06 17:23:07','2023-05-25 13:19:23',NULL),(487,NULL,1,47,NULL,8,NULL,'Muebles y utiles ajuste',NULL,0,0,0,0,0,1,1,'2020-02-06 17:23:07','2023-05-25 13:19:23',NULL),(488,NULL,1,48,NULL,8,NULL,'Amortización Acumulada Muebles y Útiles',NULL,0,0,0,0,0,1,1,'2020-02-06 17:23:07','2023-05-25 13:19:23',NULL),(489,NULL,1,50,NULL,8,NULL,'Gastos de organización valores historicos',NULL,0,0,0,0,0,1,1,'2020-02-06 17:23:07','2023-05-25 13:19:23',NULL),(490,NULL,1,51,NULL,8,NULL,'Gastos de organización ajuste',NULL,0,0,0,0,0,1,1,'2020-02-06 17:23:07','2023-05-25 13:19:23',NULL),(491,NULL,1,52,NULL,8,NULL,'Amortización acumulada gs. de organización',NULL,0,0,0,0,0,1,1,'2020-02-06 17:23:07','2023-05-25 13:19:23',NULL),(492,NULL,1,58,NULL,8,NULL,'Proveedores en cta. cte. exterior',NULL,0,0,0,0,0,1,1,'2020-02-06 17:23:07','2023-05-25 13:19:23',NULL),(493,NULL,1,59,NULL,8,NULL,'Derechos de exhibición a devengar',NULL,0,0,0,0,0,1,1,'2020-02-06 17:23:07','2023-05-25 13:19:23',NULL),(494,NULL,1,63,NULL,8,NULL,'Cargas sociales a pagar',NULL,0,0,0,0,0,1,1,'2020-02-06 17:23:07','2023-05-25 13:19:23',NULL),(495,NULL,1,64,NULL,8,NULL,'Sindicatos a Pagar',NULL,0,0,0,0,0,1,1,'2020-02-06 17:23:07','2023-05-25 13:19:23',NULL),(496,NULL,1,67,NULL,8,NULL,'IVA Debito Fiscal',NULL,0,0,0,0,0,1,1,'2020-02-06 17:23:07','2023-05-25 13:19:23',NULL),(497,NULL,1,68,NULL,8,NULL,'IVA Credito Fiscal',NULL,0,0,0,0,0,1,1,'2020-02-06 17:23:07','2023-05-25 13:19:23',NULL),(498,NULL,1,69,NULL,8,NULL,'Impuestos Internos',NULL,0,0,0,0,0,1,1,'2020-02-06 17:23:07','2023-05-25 13:19:23',NULL),(499,NULL,1,70,NULL,8,NULL,'Impuestos al Combustible',NULL,0,0,0,0,0,1,1,'2020-02-06 17:23:07','2023-05-25 13:19:23',NULL),(500,NULL,1,71,NULL,8,NULL,'IVA Retenciones de terceros',NULL,0,0,0,0,0,1,1,'2020-02-06 17:23:07','2023-05-25 13:19:23',NULL),(501,NULL,1,72,NULL,5,NULL,'IVA Percepciones realiz.por terceros',NULL,0,0,0,0,0,1,1,'2020-02-06 17:23:07','2023-05-25 13:19:23',NULL),(502,NULL,1,73,NULL,8,NULL,'IVA Saldo a favor',NULL,0,0,0,0,0,1,1,'2020-02-06 17:23:07','2023-05-25 13:19:23',NULL),(503,NULL,1,74,NULL,8,NULL,'IVA a pagar',NULL,0,0,0,0,0,1,1,'2020-02-06 17:23:07','2023-05-25 13:19:23',NULL),(504,NULL,1,75,NULL,5,NULL,'Percepciones Ingresos Brutos',NULL,0,0,0,0,0,1,1,'2020-02-06 17:23:07','2023-05-25 13:19:23',NULL),(505,NULL,1,76,NULL,8,NULL,'Otros Pagos AFIP',NULL,0,0,0,0,0,1,1,'2020-02-06 17:23:07','2023-05-25 13:19:23',NULL),(506,NULL,1,78,NULL,8,NULL,'Impuesto a los Ingresos Brutos Pasivo',NULL,0,0,0,0,0,1,1,'2020-02-06 17:23:07','2023-05-25 13:19:23',NULL),(507,NULL,1,79,NULL,8,NULL,'Impuesto a las Ganancias',NULL,0,0,0,0,0,1,1,'2020-02-06 17:23:07','2023-05-25 13:19:23',NULL),(508,NULL,1,80,NULL,8,NULL,'Impuesto a la Ganancia Mínima Presunta',NULL,0,0,0,0,0,1,1,'2020-02-06 17:23:07','2023-05-25 13:19:23',NULL),(509,NULL,1,81,NULL,8,NULL,'AFIP - Retenciones Impuesto a las Ganancias',NULL,0,0,0,0,0,1,1,'2020-02-06 17:23:07','2023-05-25 13:19:23',NULL),(510,NULL,1,82,NULL,8,NULL,'AFIP - Plan de Facilidades Decreto 338/02',NULL,0,0,0,0,0,1,1,'2020-02-06 17:23:07','2023-05-25 13:19:23',NULL),(511,NULL,1,87,NULL,8,NULL,'Acciones en circulación',NULL,0,0,0,0,0,1,1,'2020-02-06 17:23:07','2023-05-25 13:19:23',NULL);
INSERT INTO `cta_cte_tesoreria_cuentas` VALUES (512,NULL,1,88,NULL,8,NULL,'Ajuste del Capital',NULL,0,0,0,0,0,1,1,'2020-02-06 17:23:07','2023-05-25 13:19:23',NULL),(513,NULL,1,89,NULL,8,NULL,'Aportes Irrevocables Futuras Suscripciones',NULL,0,0,0,0,0,1,1,'2020-02-06 17:23:07','2023-05-25 13:19:23',NULL),(514,NULL,1,91,NULL,8,NULL,'Resultado del ejercicio',NULL,0,0,0,0,0,1,1,'2020-02-06 17:23:07','2023-05-25 13:19:23',NULL),(515,NULL,1,92,NULL,8,NULL,'Resultado ejercicios anteriores',NULL,0,0,0,0,0,1,1,'2020-02-06 17:23:07','2023-05-25 13:19:23',NULL),(516,NULL,1,93,NULL,8,NULL,'A.R.E.A.',NULL,0,0,0,0,0,1,1,'2020-02-06 17:23:07','2023-05-25 13:19:23',NULL),(517,NULL,1,96,NULL,7,NULL,'VENTAS',NULL,0,0,0,0,1,1,1,'2020-02-06 17:23:07','2023-05-25 13:19:23',NULL),(518,NULL,1,97,NULL,7,NULL,'Honorarios',NULL,0,0,0,0,1,1,1,'2020-02-06 17:23:07','2023-05-25 13:19:23',NULL),(519,NULL,1,99,NULL,7,NULL,'Descuentos obtenidos',NULL,0,0,0,0,1,1,1,'2020-02-06 17:23:07','2023-05-25 13:19:23',NULL),(520,NULL,1,100,NULL,7,NULL,'Reintegros por exportaciones',NULL,0,0,0,0,1,1,1,'2020-02-06 17:23:07','2023-05-25 13:19:23',NULL),(521,NULL,1,102,NULL,7,NULL,'Intereses Cobrados',NULL,0,0,0,0,1,1,1,'2020-02-06 17:23:07','2023-05-25 13:19:23',NULL),(522,NULL,1,103,NULL,7,NULL,'Diferencias de cambio',NULL,0,0,0,0,1,1,1,'2020-02-06 17:23:07','2023-05-25 13:19:23',NULL),(523,NULL,1,104,NULL,7,NULL,'Descuentos obtenidos',NULL,0,0,0,0,1,1,1,'2020-02-06 17:23:07','2023-05-25 13:19:23',NULL),(524,NULL,1,110,NULL,6,NULL,'Sueldos',NULL,0,0,0,0,0,1,1,'2020-02-06 17:23:07','2023-05-25 13:19:23',NULL),(525,NULL,1,111,NULL,6,NULL,'Contribuciones',NULL,0,0,0,0,0,1,1,'2020-02-06 17:23:07','2023-05-25 13:19:23',NULL),(526,NULL,1,112,NULL,6,NULL,'Sindicato',NULL,0,0,0,0,0,1,1,'2020-02-06 17:23:07','2023-05-25 13:19:23',NULL),(527,NULL,1,114,NULL,8,NULL,'ACA',NULL,0,0,0,0,0,1,1,'2020-02-06 17:23:07','2023-05-25 13:19:23',NULL),(528,NULL,1,115,NULL,6,NULL,'Aereos',NULL,0,0,0,0,0,1,1,'2020-02-06 17:23:07','2023-05-25 13:19:23',NULL),(529,NULL,1,116,NULL,6,NULL,'Alquiler',NULL,0,0,0,0,0,1,1,'2020-02-06 17:23:07','2023-05-25 13:19:23',NULL),(530,NULL,1,117,NULL,8,NULL,'AGUA AYSA',NULL,0,0,0,0,0,1,1,'2020-02-06 17:23:07','2023-05-25 13:19:23',NULL),(531,NULL,1,118,NULL,8,NULL,'TV Cablevision',NULL,0,0,0,0,0,1,1,'2020-02-06 17:23:07','2023-05-25 13:19:23',NULL),(532,NULL,1,119,NULL,1,NULL,'Caja Jubilacion Consejo',NULL,0,0,0,0,0,1,1,'2020-02-06 17:23:07','2023-05-25 13:19:23',NULL),(533,NULL,1,120,NULL,6,NULL,'Celulares',NULL,0,0,0,0,0,1,1,'2020-02-06 17:23:07','2023-05-25 13:19:23',NULL),(534,NULL,1,121,NULL,3,NULL,'Cheques',NULL,0,0,0,0,0,1,1,'2020-02-06 17:23:07','2023-05-25 13:19:23',NULL),(535,NULL,1,123,NULL,8,NULL,'Comida',NULL,0,0,0,0,0,1,1,'2020-02-06 17:23:07','2023-05-25 13:19:23',NULL),(536,NULL,1,126,NULL,6,NULL,'Fletes y acarreos',NULL,0,0,0,0,0,1,1,'2020-02-06 17:23:07','2023-05-25 13:19:23',NULL),(537,NULL,1,127,NULL,8,NULL,'Luz Edesur',NULL,0,0,0,0,0,1,1,'2020-02-06 17:23:07','2023-05-25 13:19:23',NULL),(538,NULL,1,128,NULL,6,NULL,'Movilidad y Viáticos',NULL,0,0,0,0,0,1,1,'2020-02-06 17:23:07','2023-05-25 13:19:23',NULL),(539,NULL,1,129,NULL,8,NULL,'Mantenimiento',NULL,0,0,0,0,0,1,1,'2020-02-06 17:23:07','2023-05-25 13:19:23',NULL),(540,NULL,1,130,NULL,8,NULL,'IVA No Computable',NULL,0,0,0,0,0,1,1,'2020-02-06 17:23:07','2023-05-25 13:19:23',NULL),(541,NULL,1,131,NULL,8,NULL,'Entretenimiento',NULL,0,0,0,0,0,1,1,'2020-02-06 17:23:07','2023-05-25 13:19:23',NULL),(542,NULL,1,132,NULL,6,NULL,'Amortización Bienes de Uso',NULL,0,0,0,0,0,1,1,'2020-02-06 17:23:07','2023-05-25 13:19:23',NULL),(543,NULL,1,135,NULL,6,NULL,'Gastos varios',NULL,0,0,0,0,0,1,1,'2020-02-06 17:23:07','2023-05-25 13:19:23',NULL),(544,NULL,1,136,NULL,6,NULL,'Ajuste por redondeo',NULL,0,0,0,0,0,1,1,'2020-02-06 17:23:07','2023-05-25 13:19:23',NULL),(545,NULL,1,137,NULL,6,NULL,'Deudores Incobrables',NULL,0,0,0,0,0,1,1,'2020-02-06 17:23:07','2023-05-25 13:19:23',NULL);
INSERT INTO `cta_cte_tesoreria_cuentas` VALUES (546,NULL,1,141,NULL,6,NULL,'Intereses Proveedores',NULL,0,0,0,0,0,1,1,'2020-02-06 17:23:07','2023-05-25 13:19:23',NULL),(547,NULL,1,143,NULL,6,NULL,'Diferencias de cambio',NULL,0,0,0,0,0,1,1,'2020-02-06 17:23:07','2023-05-25 13:19:23',NULL),(548,NULL,1,144,NULL,8,NULL,'Diferencia de Cambio Bces. en M.Extranjera',NULL,0,0,0,0,0,1,1,'2020-02-06 17:23:07','2023-05-25 13:19:23',NULL),(549,NULL,1,145,NULL,6,NULL,'Diferencia tipo cambio Vendedor/Comprador',NULL,0,0,0,0,0,1,1,'2020-02-06 17:23:07','2023-05-25 13:19:23',NULL),(550,NULL,1,146,NULL,8,NULL,'Diferencia por conversion en Bce. en Mon. Extranj.',NULL,0,0,0,0,0,1,1,'2020-02-06 17:23:07','2023-05-25 13:19:23',NULL),(551,NULL,1,147,NULL,8,NULL,'Diferencia de cambio CMV',NULL,0,0,0,0,0,1,1,'2020-02-06 17:23:07','2023-05-25 13:19:23',NULL),(552,NULL,1,148,NULL,8,NULL,'Diferencia de cambio PT',NULL,0,0,0,0,0,1,1,'2020-02-06 17:23:07','2023-05-25 13:19:23',NULL),(553,NULL,1,149,NULL,8,NULL,'Resultado por Exposición a la Inflación',NULL,0,0,0,0,0,1,1,'2020-02-06 17:23:07','2023-05-25 13:19:23',NULL),(554,NULL,1,150,NULL,8,NULL,'Diferencia de cambio PE',NULL,0,0,0,0,0,1,1,'2020-02-06 17:23:07','2023-05-25 13:19:23',NULL),(555,NULL,1,151,NULL,8,NULL,'Diferencia de cambio Ds.Vtas.',NULL,0,0,0,0,0,1,1,'2020-02-06 17:23:07','2023-05-25 13:19:23',NULL),(556,NULL,1,152,NULL,6,NULL,'Diferencia de cambio ME',NULL,0,0,0,0,0,1,1,'2020-02-06 17:23:07','2023-05-25 13:19:23',NULL),(557,NULL,1,153,NULL,6,NULL,'Descuentos otorgados',NULL,0,0,0,0,0,1,1,'2020-02-06 17:23:07','2023-05-25 13:19:23',NULL),(558,NULL,1,155,NULL,6,NULL,'Impuesto a las Ganancias',NULL,0,0,0,0,0,1,1,'2020-02-06 17:23:07','2023-05-25 13:19:23',NULL),(559,NULL,1,156,NULL,6,NULL,'Impuesto a los Ingresos Brutos',NULL,0,0,0,0,0,1,1,'2020-02-06 17:23:07','2023-05-25 13:19:23',NULL),(560,NULL,1,157,NULL,6,NULL,'Impuesto al Debito y Credito Bancario',NULL,0,0,0,0,0,1,1,'2020-02-06 17:23:07','2023-05-25 13:19:23',NULL),(561,NULL,1,159,NULL,6,NULL,'Pérdida por venta bienes de uso',NULL,0,0,0,0,0,1,1,'2020-02-06 17:23:07','2023-05-25 13:19:23',NULL),(562,NULL,1,160,NULL,6,NULL,'Inversiones',NULL,0,0,0,0,0,1,1,'2020-02-06 17:23:07','2023-05-25 13:19:23',NULL),(563,NULL,1,161,NULL,6,NULL,'Amortizaciones extraordinarias',NULL,0,0,0,0,0,1,1,'2020-02-06 17:23:07','2023-05-25 13:19:23',NULL),(564,NULL,1,178,NULL,8,NULL,'Google',NULL,0,0,0,0,0,1,1,'2020-02-06 17:23:07','2023-05-25 13:19:23',NULL),(565,NULL,1,188,NULL,6,NULL,'Publicidad',NULL,0,0,0,0,0,1,1,'2020-02-06 17:23:07','2023-05-25 13:19:23',NULL),(566,NULL,1,191,NULL,6,NULL,'Cargas Sociales',NULL,0,0,0,0,0,1,1,'2020-02-06 17:23:07','2023-05-25 13:19:23',NULL),(567,NULL,1,192,NULL,6,NULL,'Honorarios',NULL,0,0,0,0,0,1,1,'2020-02-06 17:23:07','2023-05-25 13:19:23',NULL),(568,NULL,1,193,NULL,6,NULL,'Telefono Fijo',NULL,0,0,0,0,0,1,1,'2020-02-06 17:23:07','2023-05-25 13:19:23',NULL),(569,NULL,1,198,NULL,6,NULL,'Seguros',NULL,0,0,0,0,0,1,1,'2020-02-06 17:23:07','2023-05-25 13:19:23',NULL),(570,NULL,1,199,NULL,6,NULL,'Internet',NULL,0,0,0,0,0,1,1,'2020-02-06 17:23:07','2023-05-25 13:19:23',NULL),(571,NULL,1,204,NULL,6,NULL,'Multas Impositivas',NULL,0,0,0,0,0,1,1,'2020-02-06 17:23:07','2023-05-25 13:19:23',NULL),(572,NULL,1,208,NULL,6,NULL,'Impuesto a los Ingresos Brutos - BS AS',NULL,0,0,0,0,0,1,1,'2020-02-06 17:23:07','2023-05-25 13:19:23',NULL),(573,NULL,1,209,NULL,6,NULL,'SIRCREB',NULL,0,0,0,0,0,1,1,'2020-02-06 17:23:07','2023-05-25 13:19:23',NULL),(574,NULL,1,212,NULL,6,NULL,'Tarjeta Visa',NULL,0,0,0,0,0,1,1,'2020-02-06 17:23:07','2023-05-25 13:19:23',NULL),(575,NULL,1,213,NULL,6,NULL,'Tarjeta American Express',NULL,0,0,0,0,0,1,1,'2020-02-06 17:23:07','2023-05-25 13:19:23',NULL),(576,NULL,1,214,NULL,6,NULL,'Tarjeta Mastercard',NULL,0,0,0,0,0,1,1,'2020-02-06 17:23:07','2023-05-25 13:19:23',NULL),(577,NULL,1,215,NULL,8,NULL,'Tarjeta Shopping',NULL,0,0,0,0,0,1,1,'2020-02-06 17:23:07','2023-05-25 13:19:23',NULL);
INSERT INTO `cta_cte_tesoreria_cuentas` VALUES (578,NULL,1,216,NULL,6,NULL,'Tarjeta Cencosud',NULL,0,0,0,0,0,1,1,'2020-02-06 17:23:07','2023-05-25 13:19:23',NULL),(579,NULL,1,217,NULL,6,NULL,'Compras',NULL,0,0,0,0,0,1,1,'2020-02-06 17:23:07','2023-05-25 13:19:23',NULL),(580,NULL,1,218,NULL,7,NULL,'Ventas No Gravadas',NULL,0,0,0,0,1,1,1,'2020-02-06 17:23:07','2023-05-25 13:19:23',NULL),(581,NULL,1,220,NULL,5,NULL,'Perc IVA -RG3337',NULL,0,0,0,0,0,1,0,'2020-02-06 17:23:07','2023-06-02 07:56:32',NULL),(582,NULL,1,221,NULL,6,NULL,'Imps. Internos',NULL,0,0,0,0,0,1,1,'2020-02-06 17:23:07','2023-05-25 13:19:23',NULL),(583,NULL,1,222,NULL,6,NULL,'Imp. Gasoil',NULL,0,0,0,0,0,1,1,'2020-02-06 17:23:07','2023-05-25 13:19:23',NULL),(584,NULL,1,223,NULL,6,NULL,'Imp. Hídricos',NULL,0,0,0,0,0,1,1,'2020-02-06 17:23:07','2023-05-25 13:19:23',NULL),(585,NULL,1,224,NULL,6,NULL,'ITC',NULL,0,0,0,0,0,1,1,'2020-02-06 17:23:07','2023-05-25 13:19:23',NULL),(586,NULL,1,225,NULL,5,NULL,'Perc IIBB  Buenos Aires',NULL,0,0,0,0,0,1,1,'2020-02-06 17:23:07','2023-05-25 13:19:23',NULL),(587,NULL,1,226,NULL,5,NULL,'Perc IIBB  Capital Federal',NULL,0,0,0,0,0,1,1,'2020-02-06 17:23:07','2023-05-25 13:19:23',NULL),(588,NULL,1,227,NULL,5,NULL,'Perc IIBB  Catamarca',NULL,0,0,0,0,0,1,1,'2020-02-06 17:23:07','2023-05-25 13:19:23',NULL),(589,NULL,1,228,NULL,5,NULL,'Perc IIBB  Chaco',NULL,0,0,0,0,0,1,1,'2020-02-06 17:23:07','2023-05-25 13:19:23',NULL),(590,NULL,1,229,NULL,5,NULL,'Perc IIBB  Chubut',NULL,0,0,0,0,0,1,1,'2020-02-06 17:23:07','2023-05-25 13:19:23',NULL),(591,NULL,1,230,NULL,5,NULL,'Perc IIBB  Córdoba',NULL,0,0,0,0,0,1,1,'2020-02-06 17:23:07','2023-05-25 13:19:23',NULL),(592,NULL,1,231,NULL,5,NULL,'Perc IIBB  Corrientes',NULL,0,0,0,0,0,1,1,'2020-02-06 17:23:07','2023-05-25 13:19:23',NULL),(593,NULL,1,232,NULL,5,NULL,'Perc IIBB  Entre Ríos',NULL,0,0,0,0,0,1,1,'2020-02-06 17:23:07','2023-05-25 13:19:23',NULL),(594,NULL,1,233,NULL,5,NULL,'Perc IIBB  Formosa',NULL,0,0,0,0,0,1,1,'2020-02-06 17:23:07','2023-05-25 13:19:23',NULL),(595,NULL,1,234,NULL,5,NULL,'Perc IIBB  Jujuy',NULL,0,0,0,0,0,1,1,'2020-02-06 17:23:07','2023-05-25 13:19:23',NULL),(596,NULL,1,235,NULL,5,NULL,'Perc IIBB  La Pampa',NULL,0,0,0,0,0,1,1,'2020-02-06 17:23:07','2023-05-25 13:19:23',NULL),(597,NULL,1,236,NULL,5,NULL,'Perc IIBB  La Rioja',NULL,0,0,0,0,0,1,1,'2020-02-06 17:23:07','2023-05-25 13:19:23',NULL),(598,NULL,1,237,NULL,5,NULL,'Perc IIBB  Mendoza',NULL,0,0,0,0,0,1,1,'2020-02-06 17:23:07','2023-05-25 13:19:23',NULL),(599,NULL,1,238,NULL,5,NULL,'Perc IIBB  Misiones',NULL,0,0,0,0,0,1,1,'2020-02-06 17:23:07','2023-05-25 13:19:23',NULL),(600,NULL,1,239,NULL,5,NULL,'Perc IIBB  Neuquén',NULL,0,0,0,0,0,1,1,'2020-02-06 17:23:07','2023-05-25 13:19:23',NULL),(601,NULL,1,240,NULL,5,NULL,'Perc IIBB  Pascua Lama',NULL,0,0,0,0,0,1,1,'2020-02-06 17:23:07','2023-05-25 13:19:23',NULL),(602,NULL,1,241,NULL,5,NULL,'Perc IIBB  Río Negro',NULL,0,0,0,0,0,1,1,'2020-02-06 17:23:07','2023-05-25 13:19:23',NULL),(603,NULL,1,242,NULL,5,NULL,'Perc IIBB  Salta',NULL,0,0,0,0,0,1,1,'2020-02-06 17:23:07','2023-05-25 13:19:23',NULL),(604,NULL,1,243,NULL,5,NULL,'Perc IIBB  San Juan',NULL,0,0,0,0,0,1,1,'2020-02-06 17:23:07','2023-05-25 13:19:23',NULL),(605,NULL,1,244,NULL,5,NULL,'Perc IIBB  San Luis',NULL,0,0,0,0,0,1,1,'2020-02-06 17:23:07','2023-05-25 13:19:23',NULL),(606,NULL,1,245,NULL,5,NULL,'Perc IIBB  Santa Cruz',NULL,0,0,0,0,0,1,1,'2020-02-06 17:23:07','2023-05-25 13:19:23',NULL),(607,NULL,1,246,NULL,5,NULL,'Perc IIBB  Santa Fe',NULL,0,0,0,0,0,1,1,'2020-02-06 17:23:07','2023-05-25 13:19:23',NULL),(608,NULL,1,247,NULL,5,NULL,'Perc IIBB  Santiago del Estero',NULL,0,0,0,0,0,1,1,'2020-02-06 17:23:07','2023-05-25 13:19:23',NULL),(609,NULL,1,248,NULL,5,NULL,'Perc IIBB  Tierra del Fuego',NULL,0,0,0,0,0,1,1,'2020-02-06 17:23:07','2023-05-25 13:19:23',NULL),(610,NULL,1,249,NULL,5,NULL,'Perc IIBB  Tucuman',NULL,0,0,0,0,0,1,1,'2020-02-06 17:23:07','2023-05-25 13:19:23',NULL);
INSERT INTO `cta_cte_tesoreria_cuentas` VALUES (611,NULL,1,250,NULL,6,NULL,'Compras No Gravadas',NULL,0,0,0,0,0,1,1,'2020-02-06 17:23:07','2023-05-25 13:19:23',NULL),(612,NULL,1,276,NULL,6,NULL,'SIRCREB Buenos Aires',NULL,0,0,0,0,0,1,1,'2020-02-06 17:23:07','2023-05-25 13:19:23',NULL),(613,NULL,1,277,NULL,6,NULL,'SIRCREB Capital Federal',NULL,0,0,0,0,0,1,1,'2020-02-06 17:23:07','2023-05-25 13:19:23',NULL),(614,NULL,1,278,NULL,6,NULL,'SIRCREB Catamarca',NULL,0,0,0,0,0,1,1,'2020-02-06 17:23:07','2023-05-25 13:19:23',NULL),(615,NULL,1,279,NULL,6,NULL,'SIRCREB Chaco',NULL,0,0,0,0,0,1,1,'2020-02-06 17:23:07','2023-05-25 13:19:23',NULL),(616,NULL,1,280,NULL,6,NULL,'SIRCREB Chubut',NULL,0,0,0,0,0,1,1,'2020-02-06 17:23:07','2023-05-25 13:19:23',NULL),(617,NULL,1,281,NULL,6,NULL,'SIRCREB Córdoba',NULL,0,0,0,0,0,1,1,'2020-02-06 17:23:07','2023-05-25 13:19:23',NULL),(618,NULL,1,282,NULL,6,NULL,'SIRCREB Corrientes',NULL,0,0,0,0,0,1,1,'2020-02-06 17:23:07','2023-05-25 13:19:23',NULL),(619,NULL,1,283,NULL,6,NULL,'SIRCREB Entre Ríos',NULL,0,0,0,0,0,1,1,'2020-02-06 17:23:07','2023-05-25 13:19:23',NULL),(620,NULL,1,284,NULL,6,NULL,'SIRCREB Formosa',NULL,0,0,0,0,0,1,1,'2020-02-06 17:23:07','2023-05-25 13:19:23',NULL),(621,NULL,1,285,NULL,6,NULL,'SIRCREB Jujuy',NULL,0,0,0,0,0,1,1,'2020-02-06 17:23:07','2023-05-25 13:19:23',NULL),(622,NULL,1,286,NULL,6,NULL,'SIRCREB La Pampa',NULL,0,0,0,0,0,1,1,'2020-02-06 17:23:07','2023-05-25 13:19:23',NULL),(623,NULL,1,287,NULL,6,NULL,'SIRCREB La Rioja',NULL,0,0,0,0,0,1,1,'2020-02-06 17:23:07','2023-05-25 13:19:23',NULL),(624,NULL,1,288,NULL,6,NULL,'SIRCREB Mendoza',NULL,0,0,0,0,0,1,1,'2020-02-06 17:23:07','2023-05-25 13:19:23',NULL),(625,NULL,1,289,NULL,6,NULL,'SIRCREB Misiones',NULL,0,0,0,0,0,1,1,'2020-02-06 17:23:07','2023-05-25 13:19:23',NULL),(626,NULL,1,290,NULL,6,NULL,'SIRCREB Neuquén',NULL,0,0,0,0,0,1,1,'2020-02-06 17:23:07','2023-05-25 13:19:23',NULL),(627,NULL,1,291,NULL,6,NULL,'SIRCREB Pascua Lama',NULL,0,0,0,0,0,1,1,'2020-02-06 17:23:07','2023-05-25 13:19:23',NULL),(628,NULL,1,292,NULL,6,NULL,'SIRCREB Río Negro',NULL,0,0,0,0,0,1,1,'2020-02-06 17:23:07','2023-05-25 13:19:23',NULL),(629,NULL,1,293,NULL,6,NULL,'SIRCREB Salta',NULL,0,0,0,0,0,1,1,'2020-02-06 17:23:07','2023-05-25 13:19:23',NULL),(630,NULL,1,294,NULL,6,NULL,'SIRCREB San Juan',NULL,0,0,0,0,0,1,1,'2020-02-06 17:23:07','2023-05-25 13:19:23',NULL),(631,NULL,1,295,NULL,6,NULL,'SIRCREB San Luis',NULL,0,0,0,0,0,1,1,'2020-02-06 17:23:07','2023-05-25 13:19:23',NULL),(632,NULL,1,296,NULL,6,NULL,'SIRCREB Santa Cruz',NULL,0,0,0,0,0,1,1,'2020-02-06 17:23:07','2023-05-25 13:19:23',NULL),(633,NULL,1,297,NULL,6,NULL,'SIRCREB Santa Fe',NULL,0,0,0,0,0,1,1,'2020-02-06 17:23:07','2023-05-25 13:19:23',NULL),(634,NULL,1,298,NULL,6,NULL,'SIRCREB Santiago del Estero',NULL,0,0,0,0,0,1,1,'2020-02-06 17:23:07','2023-05-25 13:19:23',NULL),(635,NULL,1,299,NULL,6,NULL,'SIRCREB Tierra del Fuego',NULL,0,0,0,0,0,1,1,'2020-02-06 17:23:07','2023-05-25 13:19:23',NULL),(636,NULL,1,300,NULL,6,NULL,'SIRCREB Tucuman',NULL,0,0,0,0,0,1,1,'2020-02-06 17:23:07','2023-05-25 13:19:23',NULL),(637,NULL,1,301,NULL,8,NULL,'IIBB a Favor Buenos Aires',NULL,0,0,0,0,0,1,1,'2020-02-06 17:23:07','2023-05-25 13:19:23',NULL),(638,NULL,1,302,NULL,8,NULL,'IIBB a Favor Capital Federal',NULL,0,0,0,0,0,1,1,'2020-02-06 17:23:07','2023-05-25 13:19:23',NULL),(639,NULL,1,303,NULL,8,NULL,'IIBB a Favor Catamarca',NULL,0,0,0,0,0,1,1,'2020-02-06 17:23:07','2023-05-25 13:19:23',NULL),(640,NULL,1,304,NULL,8,NULL,'IIBB a Favor Chaco',NULL,0,0,0,0,0,1,1,'2020-02-06 17:23:07','2023-05-25 13:19:23',NULL),(641,NULL,1,305,NULL,8,NULL,'IIBB a Favor Chubut',NULL,0,0,0,0,0,1,1,'2020-02-06 17:23:07','2023-05-25 13:19:23',NULL),(642,NULL,1,306,NULL,8,NULL,'IIBB a Favor Córdoba',NULL,0,0,0,0,0,1,1,'2020-02-06 17:23:07','2023-05-25 13:19:23',NULL),(643,NULL,1,307,NULL,8,NULL,'IIBB a Favor Corrientes',NULL,0,0,0,0,0,1,1,'2020-02-06 17:23:07','2023-05-25 13:19:23',NULL);
INSERT INTO `cta_cte_tesoreria_cuentas` VALUES (644,NULL,1,308,NULL,8,NULL,'IIBB a Favor Entre Ríos',NULL,0,0,0,0,0,1,1,'2020-02-06 17:23:07','2023-05-25 13:19:23',NULL),(645,NULL,1,309,NULL,8,NULL,'IIBB a Favor Formosa',NULL,0,0,0,0,0,1,1,'2020-02-06 17:23:07','2023-05-25 13:19:23',NULL),(646,NULL,1,310,NULL,8,NULL,'IIBB a Favor Jujuy',NULL,0,0,0,0,0,1,1,'2020-02-06 17:23:07','2023-05-25 13:19:23',NULL),(647,NULL,1,311,NULL,8,NULL,'IIBB a Favor La Pampa',NULL,0,0,0,0,0,1,1,'2020-02-06 17:23:07','2023-05-25 13:19:23',NULL),(648,NULL,1,312,NULL,8,NULL,'IIBB a Favor La Rioja',NULL,0,0,0,0,0,1,1,'2020-02-06 17:23:07','2023-05-25 13:19:23',NULL),(649,NULL,1,313,NULL,8,NULL,'IIBB a Favor Mendoza',NULL,0,0,0,0,0,1,1,'2020-02-06 17:23:07','2023-05-25 13:19:23',NULL),(650,NULL,1,314,NULL,8,NULL,'IIBB a Favor Misiones',NULL,0,0,0,0,0,1,1,'2020-02-06 17:23:08','2023-05-25 13:19:23',NULL),(651,NULL,1,315,NULL,8,NULL,'IIBB a Favor Neuquén',NULL,0,0,0,0,0,1,1,'2020-02-06 17:23:08','2023-05-25 13:19:23',NULL),(652,NULL,1,316,NULL,8,NULL,'IIBB a Favor Pascua Lama',NULL,0,0,0,0,0,1,1,'2020-02-06 17:23:08','2023-05-25 13:19:23',NULL),(653,NULL,1,317,NULL,8,NULL,'IIBB a Favor Río Negro',NULL,0,0,0,0,0,1,1,'2020-02-06 17:23:08','2023-05-25 13:19:23',NULL),(654,NULL,1,318,NULL,8,NULL,'IIBB a Favor Salta',NULL,0,0,0,0,0,1,1,'2020-02-06 17:23:08','2023-05-25 13:19:23',NULL),(655,NULL,1,319,NULL,8,NULL,'IIBB a Favor San Juan',NULL,0,0,0,0,0,1,1,'2020-02-06 17:23:08','2023-05-25 13:19:23',NULL),(656,NULL,1,320,NULL,8,NULL,'IIBB a Favor San Luis',NULL,0,0,0,0,0,1,1,'2020-02-06 17:23:08','2023-05-25 13:19:23',NULL),(657,NULL,1,321,NULL,8,NULL,'IIBB a Favor Santa Cruz',NULL,0,0,0,0,0,1,1,'2020-02-06 17:23:08','2023-05-25 13:19:23',NULL),(658,NULL,1,322,NULL,8,NULL,'IIBB a Favor Santa Fe',NULL,0,0,0,0,0,1,1,'2020-02-06 17:23:08','2023-05-25 13:19:23',NULL),(659,NULL,1,323,NULL,8,NULL,'IIBB a Favor Santiago del Estero',NULL,0,0,0,0,0,1,1,'2020-02-06 17:23:08','2023-05-25 13:19:23',NULL),(660,NULL,1,324,NULL,8,NULL,'IIBB a Favor Tierra del Fuego',NULL,0,0,0,0,0,1,1,'2020-02-06 17:23:08','2023-05-25 13:19:23',NULL),(661,NULL,1,325,NULL,8,NULL,'IIBB a Favor Tucuman',NULL,0,0,0,0,0,1,1,'2020-02-06 17:23:08','2023-05-25 13:19:23',NULL),(662,NULL,1,326,NULL,8,NULL,'IIBB a Pagar Buenos Aires',NULL,0,0,0,0,0,1,1,'2020-02-06 17:23:08','2023-05-25 13:19:23',NULL),(663,NULL,1,327,NULL,8,NULL,'IIBB a Pagar Capital Federal',NULL,0,0,0,0,0,1,1,'2020-02-06 17:23:08','2023-05-25 13:19:23',NULL),(664,NULL,1,328,NULL,8,NULL,'IIBB a Pagar Catamarca',NULL,0,0,0,0,0,1,1,'2020-02-06 17:23:08','2023-05-25 13:19:23',NULL),(665,NULL,1,329,NULL,8,NULL,'IIBB a Pagar Chaco',NULL,0,0,0,0,0,1,1,'2020-02-06 17:23:08','2023-05-25 13:19:23',NULL),(666,NULL,1,330,NULL,8,NULL,'IIBB a Pagar Chubut',NULL,0,0,0,0,0,1,1,'2020-02-06 17:23:08','2023-05-25 13:19:23',NULL),(667,NULL,1,331,NULL,8,NULL,'IIBB a Pagar Córdoba',NULL,0,0,0,0,0,1,1,'2020-02-06 17:23:08','2023-05-25 13:19:23',NULL),(668,NULL,1,332,NULL,8,NULL,'IIBB a Pagar Corrientes',NULL,0,0,0,0,0,1,1,'2020-02-06 17:23:08','2023-05-25 13:19:23',NULL),(669,NULL,1,333,NULL,8,NULL,'IIBB a Pagar Entre Ríos',NULL,0,0,0,0,0,1,1,'2020-02-06 17:23:08','2023-05-25 13:19:23',NULL),(670,NULL,1,334,NULL,8,NULL,'IIBB a Pagar Formosa',NULL,0,0,0,0,0,1,1,'2020-02-06 17:23:08','2023-05-25 13:19:23',NULL),(671,NULL,1,335,NULL,8,NULL,'IIBB a Pagar Jujuy',NULL,0,0,0,0,0,1,1,'2020-02-06 17:23:08','2023-05-25 13:19:23',NULL),(672,NULL,1,336,NULL,8,NULL,'IIBB a Pagar La Pampa',NULL,0,0,0,0,0,1,1,'2020-02-06 17:23:08','2023-05-25 13:19:23',NULL),(673,NULL,1,337,NULL,8,NULL,'IIBB a Pagar La Rioja',NULL,0,0,0,0,0,1,1,'2020-02-06 17:23:08','2023-05-25 13:19:23',NULL),(674,NULL,1,338,NULL,8,NULL,'IIBB a Pagar Mendoza',NULL,0,0,0,0,0,1,1,'2020-02-06 17:23:08','2023-05-25 13:19:23',NULL),(675,NULL,1,339,NULL,8,NULL,'IIBB a Pagar Misiones',NULL,0,0,0,0,0,1,1,'2020-02-06 17:23:08','2023-05-25 13:19:23',NULL);
INSERT INTO `cta_cte_tesoreria_cuentas` VALUES (676,NULL,1,340,NULL,8,NULL,'IIBB a Pagar Neuquén',NULL,0,0,0,0,0,1,1,'2020-02-06 17:23:08','2023-05-25 13:19:23',NULL),(677,NULL,1,341,NULL,8,NULL,'IIBB a Pagar Pascua Lama',NULL,0,0,0,0,0,1,1,'2020-02-06 17:23:08','2023-05-25 13:19:24',NULL),(678,NULL,1,342,NULL,8,NULL,'IIBB a Pagar Río Negro',NULL,0,0,0,0,0,1,1,'2020-02-06 17:23:08','2023-05-25 13:19:24',NULL),(679,NULL,1,343,NULL,8,NULL,'IIBB a Pagar Salta',NULL,0,0,0,0,0,1,1,'2020-02-06 17:23:08','2023-05-25 13:19:24',NULL),(680,NULL,1,344,NULL,8,NULL,'IIBB a Pagar San Juan',NULL,0,0,0,0,0,1,1,'2020-02-06 17:23:08','2023-05-25 13:19:24',NULL),(681,NULL,1,345,NULL,8,NULL,'IIBB a Pagar San Luis',NULL,0,0,0,0,0,1,1,'2020-02-06 17:23:08','2023-05-25 13:19:24',NULL),(682,NULL,1,346,NULL,8,NULL,'IIBB a Pagar Santa Cruz',NULL,0,0,0,0,0,1,1,'2020-02-06 17:23:08','2023-05-25 13:19:24',NULL),(683,NULL,1,347,NULL,8,NULL,'IIBB a Pagar Santa Fe',NULL,0,0,0,0,0,1,1,'2020-02-06 17:23:08','2023-05-25 13:19:24',NULL),(684,NULL,1,348,NULL,8,NULL,'IIBB a Pagar Santiago del Estero',NULL,0,0,0,0,0,1,1,'2020-02-06 17:23:08','2023-05-25 13:19:24',NULL),(685,NULL,1,349,NULL,8,NULL,'IIBB a Pagar Tierra del Fuego',NULL,0,0,0,0,0,1,1,'2020-02-06 17:23:08','2023-05-25 13:19:24',NULL),(686,NULL,1,350,NULL,8,NULL,'IIBB a Pagar Tucuman',NULL,0,0,0,0,0,1,1,'2020-02-06 17:23:08','2023-05-25 13:19:24',NULL),(687,NULL,1,352,NULL,8,NULL,'Compensacion',NULL,0,0,0,0,0,1,1,'2020-02-06 17:23:08','2023-05-25 13:19:24',NULL),(688,NULL,1,353,NULL,8,NULL,'IVA Saldo Tecnico',NULL,0,0,0,0,0,1,1,'2020-02-06 17:23:08','2023-05-25 13:19:24',NULL),(689,NULL,1,354,NULL,8,NULL,'IVA Saldo Libre Disponibilidad',NULL,0,0,0,0,0,1,1,'2020-02-06 17:23:08','2023-05-25 13:19:24',NULL),(690,NULL,1,361,NULL,8,NULL,'Equipos de Computación',NULL,0,0,0,0,0,1,1,'2020-02-06 17:23:08','2023-05-25 13:19:24',NULL),(691,NULL,1,362,NULL,8,NULL,'Computadoras',NULL,0,0,0,0,0,1,1,'2020-02-06 17:23:08','2023-05-25 13:19:24',NULL),(692,NULL,1,363,NULL,8,NULL,'Muebles y Utiles',NULL,0,0,0,0,0,1,1,'2020-02-06 17:23:08','2023-05-25 13:19:24',NULL),(693,NULL,1,365,NULL,8,NULL,'Provision Honorarios',NULL,0,0,0,0,0,1,1,'2020-02-06 17:23:08','2023-05-25 13:19:24',NULL),(694,NULL,1,366,NULL,8,NULL,'Cta. Cte Directores',NULL,0,0,0,0,0,1,1,'2020-02-06 17:23:08','2023-05-25 13:19:24',NULL),(695,NULL,1,367,NULL,8,NULL,'Provisión Honorarios Directores',NULL,0,0,0,0,0,1,1,'2020-02-06 17:23:08','2023-05-25 13:19:24',NULL),(696,NULL,1,368,NULL,8,NULL,'Cuenta Particular Socio 1',NULL,0,0,0,0,0,1,1,'2020-02-06 17:23:08','2023-05-25 13:19:24',NULL),(697,NULL,1,369,NULL,8,NULL,'Capital',NULL,0,0,0,0,0,1,1,'2020-02-06 17:23:08','2023-05-25 13:19:24',NULL),(698,NULL,1,380,NULL,8,NULL,'Instalaciones',NULL,0,0,0,0,0,1,1,'2020-02-06 17:23:08','2023-05-25 13:19:24',NULL),(699,NULL,1,381,NULL,8,NULL,'Reserva Legal',NULL,0,0,0,0,0,1,1,'2020-02-06 17:23:08','2023-05-25 13:19:24',NULL),(700,NULL,1,382,NULL,8,NULL,'Reserva Legal',NULL,0,0,0,0,0,1,1,'2020-02-06 17:23:08','2023-05-25 13:19:24',NULL),(701,NULL,1,383,NULL,8,NULL,'Resultado no asignado',NULL,0,0,0,0,0,1,1,'2020-02-06 17:23:08','2023-05-25 13:19:24',NULL),(702,NULL,1,386,NULL,8,NULL,'PLAZO FIJO',NULL,0,0,0,0,0,1,1,'2020-02-06 17:23:08','2023-05-25 13:19:24',NULL),(703,NULL,1,388,NULL,8,NULL,'ACCIONES',NULL,0,0,0,0,0,1,1,'2020-02-06 17:23:08','2023-05-25 13:19:24',NULL),(704,NULL,1,389,NULL,8,NULL,'Inmuebles',NULL,0,0,0,0,0,1,1,'2020-02-06 17:23:08','2023-05-25 13:19:24',NULL),(705,NULL,1,390,NULL,8,NULL,'Vehiculos',NULL,0,0,0,0,0,1,1,'2020-02-06 17:23:08','2023-05-25 13:19:24',NULL),(706,NULL,1,391,NULL,8,NULL,'Maquinarias',NULL,0,0,0,0,0,1,1,'2020-02-06 17:23:08','2023-05-25 13:19:24',NULL),(707,NULL,1,392,NULL,8,NULL,'MERCADERIAS',NULL,0,0,0,0,0,1,1,'2020-02-06 17:23:08','2023-05-25 13:19:24',NULL),(708,NULL,1,393,NULL,8,NULL,'OTROS',NULL,0,0,0,0,0,1,1,'2020-02-06 17:23:08','2023-05-25 13:19:24',NULL);
INSERT INTO `cta_cte_tesoreria_cuentas` VALUES (709,NULL,1,395,NULL,8,NULL,'Cuenta Particular Socio 2',NULL,0,0,0,0,0,1,1,'2020-02-06 17:23:08','2023-05-25 13:19:24',NULL),(710,NULL,1,396,NULL,6,NULL,'Comisiones Y gastos Bancarios',NULL,0,0,0,0,0,1,1,'2020-02-06 17:23:08','2023-05-25 13:19:24',NULL),(711,NULL,1,411,NULL,8,NULL,'Provisión Impuesto a las Ganancias',NULL,0,0,0,0,0,1,1,'2020-02-06 17:23:08','2023-05-25 13:19:24',NULL),(712,NULL,1,412,NULL,6,NULL,'Amortización Muebles y Útiles',NULL,0,0,0,0,0,1,1,'2020-02-06 17:23:08','2023-05-25 13:19:24',NULL),(713,NULL,1,413,NULL,6,NULL,'Amortización Equipos',NULL,0,0,0,0,0,1,1,'2020-02-06 17:23:08','2023-05-25 13:19:24',NULL),(714,NULL,1,414,NULL,8,NULL,'Amortizacion Acumulada Equipos',NULL,0,0,0,0,0,1,1,'2020-02-06 17:23:08','2023-05-25 13:19:24',NULL),(715,NULL,1,415,NULL,8,NULL,'Amortización Acumulada Maquinarias',NULL,0,0,0,0,0,1,1,'2020-02-06 17:23:08','2023-05-25 13:19:24',NULL),(716,NULL,1,416,NULL,8,NULL,'Materias Primas',NULL,0,0,0,0,0,1,1,'2020-02-06 17:23:08','2023-05-25 13:19:24',NULL),(717,NULL,1,419,NULL,8,NULL,'Rodados',NULL,0,0,0,0,0,1,1,'2020-02-06 17:23:08','2023-05-25 13:19:24',NULL),(718,NULL,1,420,NULL,8,NULL,'Amortización Acumulada Rodados',NULL,0,0,0,0,0,1,1,'2020-02-06 17:23:08','2023-05-25 13:19:24',NULL),(719,NULL,1,421,NULL,8,NULL,'Amortización Rodados',NULL,0,0,0,0,0,1,1,'2020-02-06 17:23:08','2023-05-25 13:19:24',NULL),(720,NULL,1,422,NULL,8,NULL,'Amortización Maquinarias',NULL,0,0,0,0,0,1,1,'2020-02-06 17:23:08','2023-05-25 13:19:24',NULL),(721,NULL,1,423,NULL,8,NULL,'Accesorios',NULL,0,0,0,0,0,1,1,'2020-02-06 17:23:08','2023-05-25 13:19:24',NULL),(722,NULL,1,424,NULL,8,NULL,'Amortización Acumulada Accesorios',NULL,0,0,0,0,0,1,1,'2020-02-06 17:23:08','2023-05-25 13:19:24',NULL),(723,NULL,1,426,NULL,8,NULL,'Reserva Facultativa',NULL,0,0,0,0,0,1,1,'2020-02-06 17:23:08','2023-05-25 13:19:24',NULL),(724,NULL,1,427,NULL,8,NULL,'Créditos por Impuestos Diferidos',NULL,0,0,0,0,0,1,1,'2020-02-06 17:23:08','2023-05-25 13:19:24',NULL),(725,NULL,1,428,NULL,8,NULL,'Fondo de Comercio',NULL,0,0,0,0,0,1,1,'2020-02-06 17:23:08','2023-05-25 13:19:24',NULL),(726,NULL,1,429,NULL,8,NULL,'Amortizacion Acumulada Fondo de Comercio',NULL,0,0,0,0,0,1,1,'2020-02-06 17:23:08','2023-05-25 13:19:24',NULL),(727,NULL,1,430,NULL,8,NULL,'Intereses a devengar AGIP',NULL,0,0,0,0,0,1,1,'2020-02-06 17:23:08','2023-05-25 13:19:24',NULL),(728,NULL,1,431,NULL,8,NULL,'PFP IIBB',NULL,0,0,0,0,0,1,1,'2020-02-06 17:23:08','2023-05-25 13:19:24',NULL),(729,NULL,1,434,NULL,8,NULL,'Productos',NULL,0,0,0,0,0,1,1,'2020-02-06 17:23:08','2023-05-25 13:19:24',NULL),(730,NULL,1,435,NULL,8,NULL,'Intereses a devengar PFP',NULL,0,0,0,0,0,1,1,'2020-02-06 17:23:08','2023-05-25 13:19:24',NULL),(731,NULL,1,437,NULL,8,NULL,'Imp. Ley 25413 Cred 0.6%',NULL,0,0,0,0,0,1,1,'2020-02-06 17:23:08','2023-05-25 13:19:24',NULL),(732,NULL,1,438,NULL,8,NULL,'Honorarios Directorio a Pagar',NULL,0,0,0,0,0,1,1,'2020-02-06 17:23:08','2023-05-25 13:19:24',NULL),(733,NULL,1,439,NULL,8,NULL,'Reserva para Futuras Inversiones',NULL,0,0,0,0,0,1,1,'2020-02-06 17:23:08','2023-05-25 13:19:24',NULL),(734,NULL,1,440,NULL,8,NULL,'TEAC - Trabajos Ejecutados a Certificar',NULL,0,0,0,0,0,1,1,'2020-02-06 17:23:08','2023-05-25 13:19:24',NULL),(735,NULL,1,444,NULL,8,NULL,'Banco Santander Rio Cta Cte',NULL,0,0,0,0,0,1,1,'2020-02-06 17:23:08','2023-05-25 13:19:24',NULL),(736,NULL,1,449,NULL,8,NULL,'Leasing',NULL,0,0,0,0,0,1,1,'2020-02-06 17:23:08','2023-05-25 13:19:24',NULL),(737,NULL,1,453,NULL,8,NULL,'Inversión Central Caribe',NULL,0,0,0,0,0,1,1,'2020-02-06 17:23:08','2023-05-25 13:19:24',NULL),(738,NULL,1,454,NULL,8,NULL,'Otras Inversiones',NULL,0,0,0,0,0,1,1,'2020-02-06 17:23:08','2023-05-25 13:19:24',NULL),(739,NULL,1,455,NULL,8,NULL,'Otros Créditos',NULL,0,0,0,0,0,1,1,'2020-02-06 17:23:08','2023-05-25 13:19:24',NULL),(740,NULL,1,456,NULL,8,NULL,'Provisión Honorarios Socio Gerente',NULL,0,0,0,0,0,1,1,'2020-02-06 17:23:08','2023-05-25 13:19:24',NULL);
INSERT INTO `cta_cte_tesoreria_cuentas` VALUES (741,NULL,1,459,NULL,8,NULL,'Moratoria SUSS a pagar',NULL,0,0,0,0,0,1,1,'2020-02-06 17:23:08','2023-05-25 13:19:24',NULL),(742,NULL,1,460,NULL,8,NULL,'Impuestos Municipales a Pagar',NULL,0,0,0,0,0,1,1,'2020-02-06 17:23:08','2023-05-25 13:19:24',NULL),(743,NULL,1,461,NULL,6,NULL,'Amortización Instalaciones',NULL,0,0,0,0,0,1,1,'2020-02-06 17:23:08','2023-05-25 13:19:24',NULL),(744,NULL,1,462,NULL,8,NULL,'Amortización Equipos de comput.',NULL,0,0,0,0,0,1,1,'2020-02-06 17:23:08','2023-05-25 13:19:24',NULL),(745,NULL,1,463,NULL,8,NULL,'Cuenta Particular Socio 3',NULL,0,0,0,0,0,1,1,'2020-02-06 17:23:08','2023-05-25 13:19:24',NULL),(746,NULL,1,464,NULL,8,NULL,'Cuenta Particular Socio 4',NULL,0,0,0,0,0,1,1,'2020-02-06 17:23:08','2023-05-25 13:19:24',NULL),(747,NULL,1,465,NULL,8,NULL,'Otras Reservas',NULL,0,0,0,0,0,1,1,'2020-02-06 17:23:08','2023-05-25 13:19:24',NULL),(748,NULL,1,466,NULL,8,NULL,'IGMP (Saldo a Favor)',NULL,0,0,0,0,0,1,1,'2020-02-06 17:23:08','2023-05-25 13:19:24',NULL),(749,NULL,1,468,NULL,8,NULL,'Productos en Proceso',NULL,0,0,0,0,0,1,1,'2020-02-06 17:23:08','2023-05-25 13:19:24',NULL),(750,NULL,1,469,NULL,8,NULL,'Depósitos en Garantía Socio Gerente',NULL,0,0,0,0,0,1,1,'2020-02-06 17:23:08','2023-05-25 13:19:24',NULL),(751,NULL,1,470,NULL,8,NULL,'Fondos Embargados',NULL,0,0,0,0,0,1,1,'2020-02-06 17:23:08','2023-05-25 13:19:24',NULL),(752,NULL,1,471,NULL,8,NULL,'Cuota Solid.',NULL,0,0,0,0,0,1,1,'2020-02-06 17:23:08','2023-05-25 13:19:24',NULL),(753,NULL,1,472,NULL,8,NULL,'Anticipo Honorarios Directores',NULL,0,0,0,0,0,1,1,'2020-02-06 17:23:08','2023-05-25 13:19:24',NULL),(754,NULL,1,473,NULL,8,NULL,'SICORE a Pagar',NULL,0,0,0,0,0,1,1,'2020-02-06 17:23:08','2023-05-25 13:19:24',NULL),(755,NULL,1,476,NULL,6,NULL,'RECPAM',NULL,0,0,0,0,0,1,1,'2020-02-06 17:23:08','2023-05-25 13:19:24',NULL),(756,NULL,1,478,NULL,6,NULL,'CO2 - Imp. Al Carbono',NULL,0,0,0,0,0,1,1,'2020-02-06 17:23:08','2023-05-25 13:19:24',NULL),(757,NULL,1,359,40718,1,NULL,'Caja',NULL,0,0,1,1,1,0,1,'2023-02-28 14:21:22','2023-05-25 13:19:24',NULL),(758,NULL,1,176,40718,3,NULL,'Cheques',NULL,1,1,1,1,1,0,1,'2023-03-01 11:23:19','2023-05-25 13:19:24',NULL);

--
-- Table structure for table `cta_cte_tesoreria_detail`
--

CREATE TABLE `cta_cte_tesoreria_detail` (
  `id` int(10) unsigned NOT NULL AUTO_INCREMENT,
  `user_id` int(10) unsigned DEFAULT NULL,
  `cta_cte_tesoreria_id` int(10) unsigned NOT NULL,
  `cta_cte_tesoreria_cuenta_id` int(10) unsigned NOT NULL,
  `person_id` int(10) unsigned DEFAULT NULL,
  `period_id` int(10) unsigned DEFAULT NULL,
  `saldo_id` int(10) unsigned NOT NULL,
  `monto` decimal(16,2) NOT NULL,
  `is_conciliado` tinyint(1) NOT NULL DEFAULT '0',
  `fecha` date DEFAULT NULL,
  `created_at` timestamp NULL DEFAULT NULL,
  `updated_at` timestamp NULL DEFAULT NULL,
  `deleted_at` timestamp NULL DEFAULT NULL,
  PRIMARY KEY (`id`),
  KEY `cta_cte_tesoreria_detail_cta_cte_tesoreria_id_foreign` (`cta_cte_tesoreria_id`),
  KEY `cta_cte_tesoreria_detail_cta_cte_tesoreria_cuenta_id_foreign` (`cta_cte_tesoreria_cuenta_id`),
  KEY `cta_cte_tesoreria_detail_person_id_foreign` (`person_id`),
  KEY `cta_cte_tesoreria_detail_period_id_foreign` (`period_id`),
  KEY `cta_cte_tesoreria_detail_saldo_id_foreign` (`saldo_id`),
  CONSTRAINT `cta_cte_tesoreria_detail_cta_cte_tesoreria_cuenta_id_foreign` FOREIGN KEY (`cta_cte_tesoreria_cuenta_id`) REFERENCES `cta_cte_tesoreria_cuentas` (`id`),
  CONSTRAINT `cta_cte_tesoreria_detail_cta_cte_tesoreria_id_foreign` FOREIGN KEY (`cta_cte_tesoreria_id`) REFERENCES `cta_cte_tesoreria` (`id`),
  CONSTRAINT `cta_cte_tesoreria_detail_period_id_foreign` FOREIGN KEY (`period_id`) REFERENCES `periods` (`id`),
  CONSTRAINT `cta_cte_tesoreria_detail_person_id_foreign` FOREIGN KEY (`person_id`) REFERENCES `persons` (`id`),
  CONSTRAINT `cta_cte_tesoreria_detail_saldo_id_foreign` FOREIGN KEY (`saldo_id`) REFERENCES `conta_tipo_saldos` (`id`)
) ENGINE=InnoDB AUTO_INCREMENT=4 DEFAULT CHARSET=utf8mb4 COLLATE=utf8mb4_unicode_ci;

--
-- Dumping data for table `cta_cte_tesoreria_detail`
--

INSERT INTO `cta_cte_tesoreria_detail` VALUES (1,8522,1,757,40718,1520,1,155000.00,0,'2023-02-28','2023-02-28 14:21:22','2023-02-28 14:21:22',NULL),(2,8522,2,13,40718,1521,2,10000.00,0,'2023-03-01','2023-03-01 11:25:20','2023-03-01 11:25:20',NULL),(3,8522,2,758,40718,1521,1,10000.00,0,'2023-03-01','2023-03-01 11:25:20','2023-03-01 11:25:20',NULL);

--
-- Table structure for table `ctacte_bancos`
--

CREATE TABLE `ctacte_bancos` (
  `id` int(10) unsigned NOT NULL AUTO_INCREMENT,
  `user_id` int(10) unsigned DEFAULT NULL,
  `nombre` varchar(255) COLLATE utf8mb4_unicode_ci DEFAULT NULL,
  `codigoBCRA` int(11) DEFAULT NULL,
  `created_at` timestamp NULL DEFAULT NULL,
  `updated_at` timestamp NULL DEFAULT NULL,
  `deleted_at` timestamp NULL DEFAULT NULL,
  PRIMARY KEY (`id`)
) ENGINE=InnoDB AUTO_INCREMENT=82 DEFAULT CHARSET=utf8mb4 COLLATE=utf8mb4_unicode_ci;

--
-- Dumping data for table `ctacte_bancos`
--

INSERT INTO `ctacte_bancos` VALUES (1,NULL,'BANCO DE GALICIA Y BUENOS AIRES S.A.',7,NULL,NULL,NULL),(2,NULL,'BANCO DE LA NACION ARGENTINA',11,NULL,NULL,NULL),(3,NULL,'BANCO DE LA PROVINCIA DE BUENOS AIRES',14,NULL,NULL,NULL),(4,NULL,'INDUSTRIAL AND COMMERCIAL BANK OF CHINA',15,NULL,NULL,NULL),(5,NULL,'CITIBANK N.A.',16,NULL,NULL,NULL),(6,NULL,'BBVA BANCO FRANCES S.A.',17,NULL,NULL,NULL),(7,NULL,'THE BANK OF TOKYO-MITSUBISHI UFJ, LTD.',18,NULL,NULL,NULL),(8,NULL,'BANCO DE LA PROVINCIA DE CORDOBA S.A.',20,NULL,NULL,NULL),(9,NULL,'BANCO SUPERVIELLE S.A.',27,NULL,NULL,NULL),(10,NULL,'BANCO DE LA CIUDAD DE BUENOS AIRES',29,NULL,NULL,NULL),(11,NULL,'BANCO PATAGONIA S.A.',34,NULL,NULL,NULL),(12,NULL,'BANCO HIPOTECARIO S.A.',44,NULL,NULL,NULL),(13,NULL,'BANCO DE SAN JUAN S.A.',45,NULL,NULL,NULL),(14,NULL,'BANCO DEL TUCUMAN S.A.',60,NULL,NULL,NULL),(15,NULL,'BANCO MUNICIPAL DE ROSARIO',65,NULL,NULL,NULL),(16,NULL,'BANCO SANTANDER RIO S.A.',72,NULL,NULL,NULL),(17,NULL,'BANCO DEL CHUBUT S.A.',83,NULL,NULL,NULL),(18,NULL,'BANCO DE SANTA CRUZ S.A.',86,NULL,NULL,NULL),(19,NULL,'BANCO DE LA PAMPA SOCIEDAD DE ECONOMÍA M',93,NULL,NULL,NULL),(20,NULL,'BANCO DE CORRIENTES S.A.',94,NULL,NULL,NULL),(21,NULL,'BANCO PROVINCIA DEL NEUQUÉN SOCIEDAD ANÓ',97,NULL,NULL,NULL),(22,NULL,'BANCO INTERFINANZAS S.A.',147,NULL,NULL,NULL),(23,NULL,'HSBC BANK ARGENTINA S.A.',150,NULL,NULL,NULL),(24,NULL,'JPMORGAN CHASE BANK, NATIONAL ASSOCIATIO',165,NULL,NULL,NULL),(25,NULL,'BANCO CREDICOOP COOPERATIVO LIMITADO',191,NULL,NULL,NULL),(26,NULL,'BANCO DE VALORES S.A.',198,NULL,NULL,NULL),(27,NULL,'BANCO ROELA S.A.',247,NULL,NULL,NULL),(28,NULL,'BANCO MARIVA S.A.',254,NULL,NULL,NULL),(29,NULL,'BANCO ITAU ARGENTINA S.A.',259,NULL,NULL,NULL),(30,NULL,'BANK OF AMERICA, NATIONAL ASSOCIATION',262,NULL,NULL,NULL),(31,NULL,'BNP PARIBAS',266,NULL,NULL,NULL),(32,NULL,'BANCO PROVINCIA DE TIERRA DEL FUEGO',268,NULL,NULL,NULL),(33,NULL,'BANCO DE LA REPUBLICA ORIENTAL DEL URUGU',269,NULL,NULL,NULL),(34,NULL,'BANCO SAENZ S.A.',277,NULL,NULL,NULL),(35,NULL,'BANCO MERIDIAN S.A.',281,NULL,NULL,NULL),(36,NULL,'BANCO MACRO S.A.',285,NULL,NULL,NULL),(37,NULL,'BANCO COMAFI SOCIEDAD ANONIMA',299,NULL,NULL,NULL),(38,NULL,'BANCO DE INVERSION Y COMERCIO EXTERIOR S',300,NULL,NULL,NULL),(39,NULL,'BANCO PIANO S.A.',301,NULL,NULL,NULL),(40,NULL,'BANCO JULIO SOCIEDAD ANONIMA',305,NULL,NULL,NULL),(41,NULL,'BANCO RIOJA SOCIEDAD ANONIMA UNIPERSONAL',309,NULL,NULL,NULL),(42,NULL,'BANCO DEL SOL S.A.',310,NULL,NULL,NULL),(43,NULL,'NUEVO BANCO DEL CHACO S. A.',311,NULL,NULL,NULL),(44,NULL,'BANCO VOII S.A.',312,NULL,NULL,NULL),(45,NULL,'BANCO DE FORMOSA S.A.',315,NULL,NULL,NULL),(46,NULL,'BANCO CMF S.A.',319,NULL,NULL,NULL),(47,NULL,'BANCO DE SANTIAGO DEL ESTERO S.A.',321,NULL,NULL,NULL),(48,NULL,'BANCO INDUSTRIAL S.A.',322,NULL,NULL,NULL),(49,NULL,'NUEVO BANCO DE SANTA FE SOCIEDAD ANONIMA',330,NULL,NULL,NULL),(50,NULL,'BANCO CETELEM ARGENTINA S.A.',331,NULL,NULL,NULL),(51,NULL,'BANCO DE SERVICIOS FINANCIEROS S.A.',332,NULL,NULL,NULL),(52,NULL,'BANCO BRADESCO ARGENTINA S.A.U.',336,NULL,NULL,NULL),(53,NULL,'BANCO DE SERVICIOS Y TRANSACCIONES S.A.',338,NULL,NULL,NULL),(54,NULL,'RCI BANQUE S.A.',339,NULL,NULL,NULL),(55,NULL,'BACS BANCO DE CREDITO Y SECURITIZACION S',340,NULL,NULL,NULL),(56,NULL,'BANCO MASVENTAS S.A.',341,NULL,NULL,NULL),(57,NULL,'BANCO WANAP S.A.',384,NULL,NULL,NULL),(58,NULL,'NUEVO BANCO DE ENTRE RÍOS S.A.',386,NULL,NULL,NULL),(59,NULL,'BANCO COLUMBIA S.A.',389,NULL,NULL,NULL),(60,NULL,'BANCO BICA S.A.',426,NULL,NULL,NULL),(61,NULL,'BANCO COINAG S.A.',431,NULL,NULL,NULL),(62,NULL,'BANCO DE COMERCIO S.A.',432,NULL,NULL,NULL),(63,NULL,'FORD CREDIT COMPAÑIA FINANCIERA S.A.',44059,NULL,NULL,NULL),(64,NULL,'COMPAÑIA FINANCIERA ARGENTINA S.A.',44077,NULL,NULL,NULL),(65,NULL,'VOLKWAGEN FINANCIAL SERVICES CIA.FIN.S.A',44088,NULL,NULL,NULL),(66,NULL,'CORDIAL COMPAÑÍA FINANCIERA S.A.',44090,NULL,NULL,NULL),(67,NULL,'FCA COMPAÑIA FINANCIERA S.A.',44092,NULL,NULL,NULL);
INSERT INTO `ctacte_bancos` VALUES (68,NULL,'GPAT COMPAÑIA FINANCIERA S.A.',44093,NULL,NULL,NULL),(69,NULL,'MERCEDES-BENZ COMPAÑÍA FINANCIERA ARGENT',44094,NULL,NULL,NULL),(70,NULL,'ROMBO COMPAÑÍA FINANCIERA S.A.',44095,NULL,NULL,NULL),(71,NULL,'JOHN DEERE CREDIT COMPAÑÍA FINANCIERA S.',44096,NULL,NULL,NULL),(72,NULL,'PSA FINANCE ARGENTINA COMPAÑÍA FINANCIER',44098,NULL,NULL,NULL),(73,NULL,'TOYOTA COMPAÑÍA FINANCIERA DE ARGENTINA',44099,NULL,NULL,NULL),(74,NULL,'FINANDINO COMPAÑIA FINANCIERA S.A.',44100,NULL,NULL,NULL),(75,NULL,'MONTEMAR COMPAÑIA FINANCIERA S.A.',45056,NULL,NULL,NULL),(76,NULL,'MULTIFINANZAS COMPAÑIA FINANCIERA S.A.',45072,NULL,NULL,NULL),(77,NULL,'CAJA DE CREDITO \"CUENCA\" COOPERATIVA LIM',65203,NULL,NULL,NULL),(78,NULL,'MERCADO PAGO',NULL,NULL,NULL,NULL),(79,NULL,'UALA',NULL,NULL,NULL,NULL),(80,NULL,'ICBC',NULL,NULL,NULL,NULL),(81,NULL,'BMA SAU',NULL,NULL,NULL,NULL);

--
-- Table structure for table `ctacte_bancos_datos`
--

CREATE TABLE `ctacte_bancos_datos` (
  `id` int(10) unsigned NOT NULL AUTO_INCREMENT,
  `cuenta_conta_id` int(10) unsigned DEFAULT NULL,
  `nombre` varchar(255) COLLATE utf8mb4_unicode_ci DEFAULT NULL,
  `cuit` varchar(255) COLLATE utf8mb4_unicode_ci DEFAULT NULL,
  `titular` varchar(255) COLLATE utf8mb4_unicode_ci DEFAULT NULL,
  `cuenta` varchar(255) COLLATE utf8mb4_unicode_ci DEFAULT NULL,
  `num_cuenta` varchar(255) COLLATE utf8mb4_unicode_ci DEFAULT NULL,
  `cbu` varchar(255) COLLATE utf8mb4_unicode_ci DEFAULT NULL,
  `alias` varchar(255) COLLATE utf8mb4_unicode_ci DEFAULT NULL,
  `status` int(11) NOT NULL DEFAULT '1',
  `created_at` timestamp NULL DEFAULT NULL,
  `updated_at` timestamp NULL DEFAULT NULL,
  PRIMARY KEY (`id`),
  KEY `ctacte_bancos_datos_cuenta_conta_id_foreign` (`cuenta_conta_id`),
  CONSTRAINT `ctacte_bancos_datos_cuenta_conta_id_foreign` FOREIGN KEY (`cuenta_conta_id`) REFERENCES `conta_plan_cuenta` (`id`)
) ENGINE=InnoDB DEFAULT CHARSET=utf8mb4 COLLATE=utf8mb4_unicode_ci;

--
-- Dumping data for table `ctacte_bancos_datos`
--


--
-- Table structure for table `ctacte_cheques`
--

CREATE TABLE `ctacte_cheques` (
  `id` int(10) unsigned NOT NULL AUTO_INCREMENT,
  `user_id` int(10) unsigned DEFAULT NULL,
  `asiento_id` varchar(191) COLLATE utf8mb4_unicode_ci DEFAULT NULL,
  `cuenta_conta_id` int(10) unsigned DEFAULT NULL,
  `cta_cte_tesoreria_cuenta_id` int(10) unsigned DEFAULT NULL,
  `cta_cte_tesoreria_id` int(10) unsigned DEFAULT NULL,
  `cta_cte_tesoreria_detail_id` int(10) unsigned DEFAULT NULL,
  `cta_cte_cliente_id` int(10) unsigned DEFAULT NULL,
  `cta_cte_cliente_id2` int(10) unsigned DEFAULT NULL,
  `cta_cte_cliente_detail_id` int(10) unsigned DEFAULT NULL,
  `nf_cta_cte_id2` int(10) unsigned DEFAULT NULL,
  `nf_cta_cte_id` int(10) unsigned DEFAULT NULL,
  `monto` decimal(16,2) DEFAULT NULL,
  `cheque3ros` tinyint(1) NOT NULL DEFAULT '0',
  `cheque_emitidos` tinyint(1) NOT NULL DEFAULT '0',
  `fecha` date DEFAULT NULL,
  `fecha_cobro` date DEFAULT NULL,
  `banco_id` int(10) unsigned NOT NULL,
  `person_id` int(10) unsigned DEFAULT NULL,
  `cuit` text COLLATE utf8mb4_unicode_ci,
  `titular` varchar(255) COLLATE utf8mb4_unicode_ci DEFAULT NULL,
  `abierto_cruzado` int(11) NOT NULL DEFAULT '1',
  `is_no_a_la_orden` tinyint(1) NOT NULL DEFAULT '0',
  `numero` int(10) unsigned DEFAULT NULL,
  `foto` varchar(255) COLLATE utf8mb4_unicode_ci DEFAULT NULL,
  `comentario` varchar(255) COLLATE utf8mb4_unicode_ci DEFAULT NULL,
  `status` int(11) NOT NULL DEFAULT '1',
  `created_at` timestamp NULL DEFAULT NULL,
  `updated_at` timestamp NULL DEFAULT NULL,
  `deleted_at` timestamp NULL DEFAULT NULL,
  PRIMARY KEY (`id`),
  KEY `ctacte_cheques_asiento_id_foreign` (`asiento_id`),
  KEY `ctacte_cheques_cuenta_conta_id_foreign` (`cuenta_conta_id`),
  KEY `ctacte_cheques_banco_id_foreign` (`banco_id`),
  KEY `ctacte_cheques_person_id_foreign` (`person_id`),
  KEY `ctacte_cheques_cta_cte_cliente_id2_foreign` (`cta_cte_cliente_id2`),
  KEY `ctacte_cheques_cta_cte_cliente_id_foreign` (`cta_cte_cliente_id`),
  KEY `cta_cte_tesorer_id` (`cta_cte_tesoreria_id`),
  KEY `ctacte_cheques_nf_cta_cte_id_foreign` (`nf_cta_cte_id`),
  KEY `ctacte_cheques_nf_cta_cte_id2_foreign` (`nf_cta_cte_id2`),
  KEY `ctacte_cheques_cta_cte_tesoreria_cuenta_id_foreign` (`cta_cte_tesoreria_cuenta_id`),
  KEY `ctacte_cheques_cta_cte_cliente_detail_id_foreign` (`cta_cte_cliente_detail_id`),
  KEY `ctacte_cheques_cta_cte_tesoreria_detail_id_foreign` (`cta_cte_tesoreria_detail_id`),
  CONSTRAINT `cta_cte_tesorer_id` FOREIGN KEY (`cta_cte_tesoreria_id`) REFERENCES `cta_cte_tesoreria` (`id`),
  CONSTRAINT `ctacte_cheques_banco_id_foreign` FOREIGN KEY (`banco_id`) REFERENCES `ctacte_bancos` (`id`),
  CONSTRAINT `ctacte_cheques_cta_cte_cliente_detail_id_foreign` FOREIGN KEY (`cta_cte_cliente_detail_id`) REFERENCES `cta_cte_cliente_details` (`id`),
  CONSTRAINT `ctacte_cheques_cta_cte_cliente_id2_foreign` FOREIGN KEY (`cta_cte_cliente_id2`) REFERENCES `cta_cte_cliente` (`id`),
  CONSTRAINT `ctacte_cheques_cta_cte_cliente_id_foreign` FOREIGN KEY (`cta_cte_cliente_id`) REFERENCES `cta_cte_cliente` (`id`),
  CONSTRAINT `ctacte_cheques_cta_cte_tesoreria_cuenta_id_foreign` FOREIGN KEY (`cta_cte_tesoreria_cuenta_id`) REFERENCES `cta_cte_tesoreria_cuentas` (`id`),
  CONSTRAINT `ctacte_cheques_cta_cte_tesoreria_detail_id_foreign` FOREIGN KEY (`cta_cte_tesoreria_detail_id`) REFERENCES `cta_cte_tesoreria_detail` (`id`),
  CONSTRAINT `ctacte_cheques_cuenta_conta_id_foreign` FOREIGN KEY (`cuenta_conta_id`) REFERENCES `conta_plan_cuenta` (`id`),
  CONSTRAINT `ctacte_cheques_nf_cta_cte_id2_foreign` FOREIGN KEY (`nf_cta_cte_id2`) REFERENCES `nf_cta_cte` (`id`),
  CONSTRAINT `ctacte_cheques_nf_cta_cte_id_foreign` FOREIGN KEY (`nf_cta_cte_id`) REFERENCES `nf_cta_cte` (`id`),
  CONSTRAINT `ctacte_cheques_person_id_foreign` FOREIGN KEY (`person_id`) REFERENCES `persons` (`id`)
) ENGINE=InnoDB AUTO_INCREMENT=2 DEFAULT CHARSET=utf8mb4 COLLATE=utf8mb4_unicode_ci;

--
-- Dumping data for table `ctacte_cheques`
--

INSERT INTO `ctacte_cheques` VALUES (1,8522,NULL,NULL,NULL,NULL,NULL,1252,NULL,NULL,NULL,NULL,10000.00,1,1,'2023-03-01','2023-03-01',1,40718,NULL,'Prueba #',1,0,11111,NULL,'',1,'2023-03-01 11:25:20','2023-03-01 11:25:20',NULL);

--
-- Table structure for table `ctactegastos_centrocosto`
--

CREATE TABLE `ctactegastos_centrocosto` (
  `id` int(10) unsigned NOT NULL AUTO_INCREMENT,
  `user_id` int(10) unsigned DEFAULT NULL,
  `nombre` varchar(255) COLLATE utf8mb4_unicode_ci NOT NULL,
  `created_at` timestamp NULL DEFAULT NULL,
  `updated_at` timestamp NULL DEFAULT NULL,
  `deleted_at` timestamp NULL DEFAULT NULL,
  PRIMARY KEY (`id`)
) ENGINE=InnoDB AUTO_INCREMENT=9 DEFAULT CHARSET=utf8mb4 COLLATE=utf8mb4_unicode_ci;

--
-- Dumping data for table `ctactegastos_centrocosto`
--

INSERT INTO `ctactegastos_centrocosto` VALUES (1,NULL,'OFICINA',NULL,NULL,NULL),(2,NULL,'FIJO',NULL,NULL,NULL),(3,NULL,'VARIABLE',NULL,NULL,NULL),(4,NULL,'GISELA',NULL,NULL,NULL),(5,NULL,'LIA',NULL,NULL,NULL),(6,NULL,'PADRES',NULL,NULL,NULL),(7,NULL,'CASA',NULL,NULL,NULL),(8,NULL,'VANESA',NULL,NULL,NULL);

--
-- Table structure for table `ctactegastos_cuenta_tipo`
--

CREATE TABLE `ctactegastos_cuenta_tipo` (
  `idCuentaTipo` int(10) unsigned NOT NULL AUTO_INCREMENT,
  `user_id` int(10) unsigned DEFAULT NULL,
  `cta_cte_tesoreria_cuenta_id` int(10) unsigned DEFAULT NULL,
  `idTipo` int(10) unsigned NOT NULL,
  `created_at` timestamp NULL DEFAULT NULL,
  `updated_at` timestamp NULL DEFAULT NULL,
  `deleted_at` timestamp NULL DEFAULT NULL,
  PRIMARY KEY (`idCuentaTipo`),
  KEY `ctactegastos_cuenta_tipo_idtipo_foreign` (`idTipo`),
  KEY `ctactegastos_cuenta_tipo_cta_cte_tesoreria_cuenta_id_foreign` (`cta_cte_tesoreria_cuenta_id`),
  CONSTRAINT `ctactegastos_cuenta_tipo_cta_cte_tesoreria_cuenta_id_foreign` FOREIGN KEY (`cta_cte_tesoreria_cuenta_id`) REFERENCES `cta_cte_tesoreria_cuentas` (`id`),
  CONSTRAINT `ctactegastos_cuenta_tipo_idtipo_foreign` FOREIGN KEY (`idTipo`) REFERENCES `ctactegastos_tiposdegastos` (`id`)
) ENGINE=InnoDB AUTO_INCREMENT=18 DEFAULT CHARSET=utf8mb4 COLLATE=utf8mb4_unicode_ci;

--
-- Dumping data for table `ctactegastos_cuenta_tipo`
--

INSERT INTO `ctactegastos_cuenta_tipo` VALUES (1,NULL,NULL,3,NULL,NULL,NULL),(2,NULL,NULL,6,NULL,NULL,NULL),(3,NULL,NULL,3,NULL,NULL,NULL),(4,NULL,NULL,4,NULL,NULL,NULL),(5,NULL,NULL,5,NULL,NULL,NULL),(6,NULL,NULL,3,NULL,NULL,NULL),(7,NULL,NULL,4,NULL,NULL,NULL),(8,NULL,NULL,3,NULL,NULL,NULL),(9,NULL,NULL,4,NULL,NULL,NULL),(10,NULL,NULL,7,NULL,NULL,NULL),(11,NULL,NULL,8,NULL,NULL,NULL),(12,NULL,NULL,3,NULL,NULL,NULL),(13,NULL,NULL,3,NULL,NULL,NULL),(14,NULL,NULL,4,NULL,NULL,NULL),(15,NULL,NULL,1,NULL,NULL,NULL),(16,NULL,NULL,2,NULL,NULL,NULL),(17,NULL,NULL,5,NULL,NULL,NULL);

--
-- Table structure for table `ctactegastos_mensuales`
--

CREATE TABLE `ctactegastos_mensuales` (
  `id` int(10) unsigned NOT NULL AUTO_INCREMENT,
  `user_id` int(10) unsigned DEFAULT NULL,
  `CuentaTipo_id` int(10) unsigned NOT NULL,
  `cta_cte_tesoreria_cuenta_id` int(10) unsigned NOT NULL DEFAULT '13',
  `TipoDeGasto_id` int(10) unsigned NOT NULL,
  `CentroCosto_id` int(10) unsigned NOT NULL,
  `gasto_cta_cte_tesoreria_cuenta_id` int(10) unsigned NOT NULL DEFAULT '13',
  `monto` decimal(16,2) DEFAULT NULL,
  `comentario` varchar(255) COLLATE utf8mb4_unicode_ci DEFAULT NULL,
  `status` int(11) NOT NULL DEFAULT '1',
  `created_at` timestamp NULL DEFAULT NULL,
  `updated_at` timestamp NULL DEFAULT NULL,
  `deleted_at` timestamp NULL DEFAULT NULL,
  PRIMARY KEY (`id`),
  KEY `ctactegastos_mensuales_cuentatipo_id_foreign` (`CuentaTipo_id`),
  KEY `ctactegastos_mensuales_tipodegasto_id_foreign` (`TipoDeGasto_id`),
  KEY `ctactegastos_mensuales_centrocosto_id_foreign` (`CentroCosto_id`),
  KEY `ctactegastos_mensuales_cta_cte_tesoreria_cuenta_id_foreign` (`cta_cte_tesoreria_cuenta_id`),
  KEY `ctactegastos_mensuales_gasto_cta_cte_tesoreria_cuenta_id_foreign` (`gasto_cta_cte_tesoreria_cuenta_id`),
  CONSTRAINT `ctactegastos_mensuales_centrocosto_id_foreign` FOREIGN KEY (`CentroCosto_id`) REFERENCES `ctactegastos_centrocosto` (`id`),
  CONSTRAINT `ctactegastos_mensuales_cta_cte_tesoreria_cuenta_id_foreign` FOREIGN KEY (`cta_cte_tesoreria_cuenta_id`) REFERENCES `cta_cte_tesoreria_cuentas` (`id`),
  CONSTRAINT `ctactegastos_mensuales_cuentatipo_id_foreign` FOREIGN KEY (`CuentaTipo_id`) REFERENCES `ctactegastos_cuenta_tipo` (`idCuentaTipo`),
  CONSTRAINT `ctactegastos_mensuales_gasto_cta_cte_tesoreria_cuenta_id_foreign` FOREIGN KEY (`gasto_cta_cte_tesoreria_cuenta_id`) REFERENCES `cta_cte_tesoreria_cuentas` (`id`),
  CONSTRAINT `ctactegastos_mensuales_tipodegasto_id_foreign` FOREIGN KEY (`TipoDeGasto_id`) REFERENCES `ctactegastos_tiposdegastos` (`id`)
) ENGINE=InnoDB DEFAULT CHARSET=utf8mb4 COLLATE=utf8mb4_unicode_ci;

--
-- Dumping data for table `ctactegastos_mensuales`
--


--
-- Table structure for table `ctactegastos_tiposdegastos`
--

CREATE TABLE `ctactegastos_tiposdegastos` (
  `id` int(10) unsigned NOT NULL AUTO_INCREMENT,
  `user_id` int(10) unsigned DEFAULT NULL,
  `nombre` varchar(255) COLLATE utf8mb4_unicode_ci DEFAULT NULL,
  `created_at` timestamp NULL DEFAULT NULL,
  `updated_at` timestamp NULL DEFAULT NULL,
  `deleted_at` timestamp NULL DEFAULT NULL,
  PRIMARY KEY (`id`)
) ENGINE=InnoDB AUTO_INCREMENT=11 DEFAULT CHARSET=utf8mb4 COLLATE=utf8mb4_unicode_ci;

--
-- Dumping data for table `ctactegastos_tiposdegastos`
--

INSERT INTO `ctactegastos_tiposdegastos` VALUES (1,NULL,'Oficina',NULL,NULL,NULL),(2,NULL,'Personales',NULL,NULL,NULL),(3,NULL,'Tarjeta VISA',NULL,NULL,NULL),(4,NULL,'Tarjeta Mastercard',NULL,NULL,NULL),(5,NULL,'Debito Automatico',NULL,NULL,NULL),(6,NULL,'American Express',NULL,NULL,NULL),(7,NULL,'Tarjeta Shopping',NULL,NULL,NULL),(8,NULL,'Tarjeta Cencosud',NULL,NULL,NULL),(9,NULL,'Tarjeta Coto',NULL,NULL,NULL),(10,NULL,'Tarjeta Nativa',NULL,NULL,NULL);

--
-- Table structure for table `cursos`
--

CREATE TABLE `cursos` (
  `id` int(10) unsigned NOT NULL AUTO_INCREMENT,
  `nombre` varchar(191) COLLATE utf8mb4_unicode_ci NOT NULL,
  `descripcion` longtext COLLATE utf8mb4_unicode_ci NOT NULL,
  `fecha` date DEFAULT NULL,
  `hora` varchar(191) COLLATE utf8mb4_unicode_ci DEFAULT NULL,
  `profesor` varchar(191) COLLATE utf8mb4_unicode_ci DEFAULT NULL,
  `cant_clases` varchar(191) COLLATE utf8mb4_unicode_ci DEFAULT NULL,
  `duracion` varchar(191) COLLATE utf8mb4_unicode_ci DEFAULT NULL,
  `adjuntos` varchar(191) COLLATE utf8mb4_unicode_ci DEFAULT NULL,
  `link_zoom` longtext COLLATE utf8mb4_unicode_ci,
  `cod_zoom` varchar(191) COLLATE utf8mb4_unicode_ci DEFAULT NULL,
  `contraseña_zoom` varchar(191) COLLATE utf8mb4_unicode_ci DEFAULT NULL,
  `link_youtube` varchar(191) COLLATE utf8mb4_unicode_ci DEFAULT NULL,
  `materiales` varchar(191) COLLATE utf8mb4_unicode_ci DEFAULT NULL,
  `habilitado` tinyint(1) NOT NULL DEFAULT '1',
  `created_at` timestamp NULL DEFAULT NULL,
  `updated_at` timestamp NULL DEFAULT NULL,
  `deleted_at` timestamp NULL DEFAULT NULL,
  PRIMARY KEY (`id`)
) ENGINE=InnoDB DEFAULT CHARSET=utf8mb4 COLLATE=utf8mb4_unicode_ci;

--
-- Dumping data for table `cursos`
--


--
-- Table structure for table `cursos_detail`
--

CREATE TABLE `cursos_detail` (
  `id` int(10) unsigned NOT NULL AUTO_INCREMENT,
  `curso_id` int(10) unsigned NOT NULL,
  `field_name1` varchar(191) COLLATE utf8mb4_unicode_ci NOT NULL,
  `email` varchar(191) COLLATE utf8mb4_unicode_ci NOT NULL,
  `celular` int(11) NOT NULL,
  `created_at` timestamp NULL DEFAULT NULL,
  `updated_at` timestamp NULL DEFAULT NULL,
  `deleted_at` timestamp NULL DEFAULT NULL,
  PRIMARY KEY (`id`),
  KEY `cursos_detail_curso_id_foreign` (`curso_id`),
  CONSTRAINT `cursos_detail_curso_id_foreign` FOREIGN KEY (`curso_id`) REFERENCES `cursos` (`id`)
) ENGINE=InnoDB DEFAULT CHARSET=utf8mb4 COLLATE=utf8mb4_unicode_ci;

--
-- Dumping data for table `cursos_detail`
--


--
-- Table structure for table `data_types`
--

CREATE TABLE `data_types` (
  `id` int(10) unsigned NOT NULL AUTO_INCREMENT,
  `description` varchar(180) COLLATE utf8mb4_unicode_ci NOT NULL,
  `class` int(10) unsigned NOT NULL,
  `class_description` varchar(180) COLLATE utf8mb4_unicode_ci NOT NULL,
  `data_type` varchar(100) COLLATE utf8mb4_unicode_ci NOT NULL,
  `path` varchar(255) COLLATE utf8mb4_unicode_ci DEFAULT NULL,
  `created_at` timestamp NULL DEFAULT NULL,
  `updated_at` timestamp NULL DEFAULT NULL,
  PRIMARY KEY (`id`),
  UNIQUE KEY `data_types_description_unique` (`description`)
) ENGINE=InnoDB AUTO_INCREMENT=9 DEFAULT CHARSET=utf8mb4 COLLATE=utf8mb4_unicode_ci;

--
-- Dumping data for table `data_types`
--

INSERT INTO `data_types` VALUES (1,'Comprobantes XLS',1,'Importación','XLS','data/imports/receipts/xls',NULL,NULL),(2,'CITI-Ventas',1,'Importación','TXT','data/imports/receipts/CitiVentas',NULL,NULL),(3,'CITI Compras',2,'Exportación','TXT','data/exports/receipts/citi',NULL,NULL),(4,'CITI Ventas',2,'Exportación','TXT','data/exports/receipts/CitiVentasExport',NULL,NULL),(5,'Convenio Multilateral',2,'Exportación','TXT','data/exports/receipts/convenio',NULL,NULL),(6,'Libro IVA Digital',2,'Exportación','TXT','data/exports/receipts/libro_iva_digital',NULL,'2019-11-20 21:43:44'),(7,'Mis Comprobantes',1,'Importacion','','data/imports/receipts/mis_comprobantes',NULL,NULL),(8,'Consulta AFIP',3,'AFIP','','data/afip/index','2019-12-06 14:49:55','2019-12-06 14:49:55');

--
-- Table structure for table `dc_estados`
--

CREATE TABLE `dc_estados` (
  `id` bigint(20) unsigned NOT NULL AUTO_INCREMENT,
  `user_id` int(10) unsigned DEFAULT NULL,
  `descripcion` text COLLATE utf8mb4_unicode_ci NOT NULL,
  `habilitado` tinyint(1) NOT NULL DEFAULT '1',
  `created_at` timestamp NULL DEFAULT NULL,
  `updated_at` timestamp NULL DEFAULT NULL,
  `deleted_at` timestamp NULL DEFAULT NULL,
  PRIMARY KEY (`id`)
) ENGINE=InnoDB AUTO_INCREMENT=6 DEFAULT CHARSET=utf8mb4 COLLATE=utf8mb4_unicode_ci;

--
-- Dumping data for table `dc_estados`
--

INSERT INTO `dc_estados` VALUES (1,NULL,'BORRADOR',1,NULL,'2023-08-07 00:02:22',NULL),(2,NULL,'TERMINADO',1,NULL,'2023-08-07 00:02:22',NULL),(3,NULL,'ELIMINADO',1,NULL,'2023-08-13 09:19:09',NULL),(4,NULL,'PAGADO',1,NULL,'2023-08-07 00:02:22','2023-08-07 00:02:22'),(5,NULL,'CONCILIADO',1,NULL,'2023-08-07 00:02:22','2023-08-07 00:02:22');

--
-- Table structure for table `dc_firmas`
--

CREATE TABLE `dc_firmas` (
  `id` bigint(20) unsigned NOT NULL AUTO_INCREMENT,
  `user_id` int(10) unsigned DEFAULT NULL,
  `descripcion` text COLLATE utf8mb4_unicode_ci NOT NULL,
  `show_firmante_dc` tinyint(1) NOT NULL DEFAULT '0',
  `show_create_dc` tinyint(1) NOT NULL DEFAULT '0',
  `faltan_firmas` tinyint(1) NOT NULL DEFAULT '0',
  `habilitado` tinyint(1) NOT NULL DEFAULT '1',
  `created_at` timestamp NULL DEFAULT NULL,
  `updated_at` timestamp NULL DEFAULT NULL,
  `deleted_at` timestamp NULL DEFAULT NULL,
  PRIMARY KEY (`id`)
) ENGINE=InnoDB AUTO_INCREMENT=6 DEFAULT CHARSET=utf8mb4 COLLATE=utf8mb4_unicode_ci;

--
-- Dumping data for table `dc_firmas`
--

INSERT INTO `dc_firmas` VALUES (1,NULL,'NO',1,1,0,1,NULL,'2023-08-07 00:02:22',NULL),(2,NULL,'RECHAZADO',1,1,0,1,NULL,'2023-08-07 00:02:22',NULL),(3,NULL,'ACEPTADO',1,0,0,1,NULL,'2023-08-07 00:02:22',NULL),(4,NULL,'FALTAN FIRMAS',0,0,1,1,'2023-08-07 00:02:22','2023-08-07 00:02:22',NULL),(5,NULL,'EMITIDO',1,0,0,1,'2023-10-12 08:09:59','2023-10-12 08:09:59',NULL);

--
-- Table structure for table `dc_firmas_ordenes`
--

CREATE TABLE `dc_firmas_ordenes` (
  `id` bigint(20) unsigned NOT NULL AUTO_INCREMENT,
  `user_id` int(10) unsigned DEFAULT NULL,
  `person_id` int(10) unsigned NOT NULL,
  `dc_orden_id` bigint(20) unsigned NOT NULL,
  `user_id_que_firma` int(10) unsigned NOT NULL,
  `dc_firma_id` bigint(20) unsigned NOT NULL,
  `created_at` timestamp NULL DEFAULT NULL,
  `updated_at` timestamp NULL DEFAULT NULL,
  `deleted_at` timestamp NULL DEFAULT NULL,
  PRIMARY KEY (`id`),
  KEY `dc_firmas_ordenes_person_id_foreign` (`person_id`),
  KEY `dc_firmas_ordenes_dc_orden_id_foreign` (`dc_orden_id`),
  KEY `dc_firmas_ordenes_dc_firma_id_foreign` (`dc_firma_id`),
  CONSTRAINT `dc_firmas_ordenes_dc_firma_id_foreign` FOREIGN KEY (`dc_firma_id`) REFERENCES `dc_firmas` (`id`),
  CONSTRAINT `dc_firmas_ordenes_dc_orden_id_foreign` FOREIGN KEY (`dc_orden_id`) REFERENCES `dc_ordenes` (`id`),
  CONSTRAINT `dc_firmas_ordenes_person_id_foreign` FOREIGN KEY (`person_id`) REFERENCES `persons` (`id`)
) ENGINE=InnoDB DEFAULT CHARSET=utf8mb4 COLLATE=utf8mb4_unicode_ci;

--
-- Dumping data for table `dc_firmas_ordenes`
--


--
-- Table structure for table `dc_firmas_reglas`
--

CREATE TABLE `dc_firmas_reglas` (
  `id` bigint(20) unsigned NOT NULL AUTO_INCREMENT,
  `user_id` int(10) unsigned DEFAULT NULL,
  `person_id` int(10) unsigned NOT NULL,
  `dc_orden_id` bigint(20) unsigned NOT NULL,
  `importe` decimal(16,2) NOT NULL,
  `grupos_users_ids` longtext COLLATE utf8mb4_unicode_ci,
  `created_at` timestamp NULL DEFAULT NULL,
  `updated_at` timestamp NULL DEFAULT NULL,
  `deleted_at` timestamp NULL DEFAULT NULL,
  PRIMARY KEY (`id`),
  KEY `dc_firmas_reglas_person_id_foreign` (`person_id`),
  KEY `dc_firmas_reglas_dc_orden_id_foreign` (`dc_orden_id`),
  CONSTRAINT `dc_firmas_reglas_dc_orden_id_foreign` FOREIGN KEY (`dc_orden_id`) REFERENCES `dc_ordenes` (`id`),
  CONSTRAINT `dc_firmas_reglas_person_id_foreign` FOREIGN KEY (`person_id`) REFERENCES `persons` (`id`)
) ENGINE=InnoDB DEFAULT CHARSET=utf8mb4 COLLATE=utf8mb4_unicode_ci;

--
-- Dumping data for table `dc_firmas_reglas`
--


--
-- Table structure for table `dc_orden_de_pago`
--

CREATE TABLE `dc_orden_de_pago` (
  `id` bigint(20) unsigned NOT NULL AUTO_INCREMENT,
  `user_id` int(10) unsigned DEFAULT NULL,
  `fecha` datetime NOT NULL DEFAULT '2023-09-28 16:32:51',
  `dc_orden_id` bigint(20) unsigned NOT NULL DEFAULT '10',
  `person_id` int(10) unsigned NOT NULL,
  `person_id_relationed` int(10) unsigned NOT NULL,
  `request` longtext COLLATE utf8mb4_unicode_ci NOT NULL,
  `dc_estado_id` bigint(20) unsigned NOT NULL DEFAULT '1',
  `dc_firma_id` bigint(20) unsigned NOT NULL DEFAULT '1',
  `created_at` timestamp NULL DEFAULT NULL,
  `updated_at` timestamp NULL DEFAULT NULL,
  `deleted_at` timestamp NULL DEFAULT NULL,
  PRIMARY KEY (`id`),
  KEY `dc_orden_de_pago_person_id_foreign` (`person_id`),
  KEY `dc_orden_de_pago_person_id_relationed_foreign` (`person_id_relationed`),
  KEY `dc_orden_de_pago_dc_orden_id_foreign` (`dc_orden_id`),
  KEY `dc_orden_de_pago_dc_firma_id_foreign` (`dc_firma_id`),
  KEY `dc_orden_de_pago_dc_estado_id_foreign` (`dc_estado_id`),
  CONSTRAINT `dc_orden_de_pago_dc_estado_id_foreign` FOREIGN KEY (`dc_estado_id`) REFERENCES `dc_estados` (`id`),
  CONSTRAINT `dc_orden_de_pago_dc_firma_id_foreign` FOREIGN KEY (`dc_firma_id`) REFERENCES `dc_firmas` (`id`),
  CONSTRAINT `dc_orden_de_pago_dc_orden_id_foreign` FOREIGN KEY (`dc_orden_id`) REFERENCES `dc_ordenes` (`id`),
  CONSTRAINT `dc_orden_de_pago_person_id_foreign` FOREIGN KEY (`person_id`) REFERENCES `persons` (`id`),
  CONSTRAINT `dc_orden_de_pago_person_id_relationed_foreign` FOREIGN KEY (`person_id_relationed`) REFERENCES `persons` (`id`)
) ENGINE=InnoDB DEFAULT CHARSET=utf8mb4 COLLATE=utf8mb4_unicode_ci;

--
-- Dumping data for table `dc_orden_de_pago`
--


--
-- Table structure for table `dc_orden_de_pago_cheques`
--

CREATE TABLE `dc_orden_de_pago_cheques` (
  `id` bigint(20) unsigned NOT NULL AUTO_INCREMENT,
  `user_id` int(10) unsigned DEFAULT NULL,
  `dc_orden_de_pago_id` bigint(20) unsigned NOT NULL,
  `ctacte_cheque_id` int(10) unsigned NOT NULL,
  `created_at` timestamp NULL DEFAULT NULL,
  `updated_at` timestamp NULL DEFAULT NULL,
  `deleted_at` timestamp NULL DEFAULT NULL,
  PRIMARY KEY (`id`),
  KEY `dc_orden_de_pago_cheques_dc_orden_de_pago_id_foreign` (`dc_orden_de_pago_id`),
  KEY `dc_orden_de_pago_cheques_ctacte_cheque_id_foreign` (`ctacte_cheque_id`),
  CONSTRAINT `dc_orden_de_pago_cheques_ctacte_cheque_id_foreign` FOREIGN KEY (`ctacte_cheque_id`) REFERENCES `ctacte_cheques` (`id`),
  CONSTRAINT `dc_orden_de_pago_cheques_dc_orden_de_pago_id_foreign` FOREIGN KEY (`dc_orden_de_pago_id`) REFERENCES `dc_orden_de_pago` (`id`)
) ENGINE=InnoDB DEFAULT CHARSET=utf8mb4 COLLATE=utf8mb4_unicode_ci;

--
-- Dumping data for table `dc_orden_de_pago_cheques`
--


--
-- Table structure for table `dc_orden_de_pago_receipts`
--

CREATE TABLE `dc_orden_de_pago_receipts` (
  `id` bigint(20) unsigned NOT NULL AUTO_INCREMENT,
  `user_id` int(10) unsigned DEFAULT NULL,
  `dc_orden_de_pago_id` bigint(20) unsigned NOT NULL,
  `receipt_id` int(10) unsigned DEFAULT NULL,
  `importe` decimal(16,2) NOT NULL,
  `created_at` timestamp NULL DEFAULT NULL,
  `updated_at` timestamp NULL DEFAULT NULL,
  `deleted_at` timestamp NULL DEFAULT NULL,
  PRIMARY KEY (`id`),
  KEY `dc_orden_de_pago_receipts_dc_orden_de_pago_id_foreign` (`dc_orden_de_pago_id`),
  KEY `dc_orden_de_pago_receipts_receipt_id_foreign` (`receipt_id`),
  CONSTRAINT `dc_orden_de_pago_receipts_dc_orden_de_pago_id_foreign` FOREIGN KEY (`dc_orden_de_pago_id`) REFERENCES `dc_orden_de_pago` (`id`),
  CONSTRAINT `dc_orden_de_pago_receipts_receipt_id_foreign` FOREIGN KEY (`receipt_id`) REFERENCES `receipts` (`id`)
) ENGINE=InnoDB DEFAULT CHARSET=utf8mb4 COLLATE=utf8mb4_unicode_ci;

--
-- Dumping data for table `dc_orden_de_pago_receipts`
--


--
-- Table structure for table `dc_orden_files`
--

CREATE TABLE `dc_orden_files` (
  `id` bigint(20) unsigned NOT NULL AUTO_INCREMENT,
  `user_id` int(10) unsigned DEFAULT NULL,
  `dc_orden_id` bigint(20) unsigned NOT NULL,
  `file` text COLLATE utf8mb4_unicode_ci NOT NULL,
  `original_name` text COLLATE utf8mb4_unicode_ci,
  `created_at` timestamp NULL DEFAULT NULL,
  `updated_at` timestamp NULL DEFAULT NULL,
  `deleted_at` timestamp NULL DEFAULT NULL,
  PRIMARY KEY (`id`),
  KEY `dc_orden_files_dc_orden_id_foreign` (`dc_orden_id`),
  CONSTRAINT `dc_orden_files_dc_orden_id_foreign` FOREIGN KEY (`dc_orden_id`) REFERENCES `dc_ordenes` (`id`)
) ENGINE=InnoDB DEFAULT CHARSET=utf8mb4 COLLATE=utf8mb4_unicode_ci;

--
-- Dumping data for table `dc_orden_files`
--


--
-- Table structure for table `dc_ordenes`
--

CREATE TABLE `dc_ordenes` (
  `id` bigint(20) unsigned NOT NULL AUTO_INCREMENT,
  `user_id` int(10) unsigned DEFAULT NULL,
  `dc_orden_tipo_id` bigint(20) unsigned NOT NULL,
  `person_id` int(10) unsigned NOT NULL,
  `person_id_relationed` int(10) unsigned DEFAULT NULL,
  `titulo` text COLLATE utf8mb4_unicode_ci,
  `sucursal` int(11) NOT NULL DEFAULT '1',
  `numero` int(11) NOT NULL,
  `sector` varchar(191) COLLATE utf8mb4_unicode_ci DEFAULT NULL,
  `solicitante` varchar(191) COLLATE utf8mb4_unicode_ci DEFAULT NULL,
  `syj_empleado_id` int(10) unsigned DEFAULT NULL,
  `fecha` date NOT NULL,
  `fecha_entrega` date DEFAULT NULL,
  `fecha_asignacion` datetime DEFAULT NULL,
  `fecha_cumplido` datetime DEFAULT NULL,
  `condicion_venta_id` int(10) unsigned DEFAULT NULL,
  `is_pago_adelantado` tinyint(1) DEFAULT NULL,
  `forma_de_entrega_id` int(10) unsigned DEFAULT NULL,
  `plazo_de_pago_id` int(10) unsigned DEFAULT NULL,
  `cantidades` decimal(16,2) NOT NULL,
  `moneda_id` int(10) unsigned NOT NULL DEFAULT '1',
  `cotizacion` decimal(16,2) NOT NULL DEFAULT '1.00',
  `neto` decimal(16,2) NOT NULL,
  `iva` decimal(16,2) NOT NULL,
  `total` decimal(16,2) NOT NULL,
  `facturada` decimal(16,2) NOT NULL DEFAULT '0.00',
  `comentario` longtext COLLATE utf8mb4_unicode_ci NOT NULL,
  `dc_estado_id` bigint(20) unsigned NOT NULL,
  `inv_orden_trabajo_id` bigint(20) unsigned DEFAULT NULL,
  `conta_cc_id` bigint(20) unsigned DEFAULT NULL,
  `origendestinoable_type` text COLLATE utf8mb4_unicode_ci,
  `origendestinoable_id` int(10) unsigned DEFAULT NULL,
  `is_multiples_ot` tinyint(1) unsigned NOT NULL DEFAULT '0',
  `dc_orden_origen_destino_id` bigint(20) unsigned DEFAULT NULL,
  `is_completado` tinyint(1) NOT NULL DEFAULT '0',
  `dc_firma_id` bigint(20) unsigned NOT NULL DEFAULT '1',
  `created_at` timestamp NULL DEFAULT NULL,
  `updated_at` timestamp NULL DEFAULT NULL,
  `deleted_at` timestamp NULL DEFAULT NULL,
  PRIMARY KEY (`id`),
  KEY `dc_ordenes_dc_orden_tipo_id_foreign` (`dc_orden_tipo_id`),
  KEY `dc_ordenes_person_id_foreign` (`person_id`),
  KEY `dc_ordenes_person_id_relationed_foreign` (`person_id_relationed`),
  KEY `dc_ordenes_dc_estado_id_foreign` (`dc_estado_id`),
  KEY `dc_ordenes_conta_cc_id_foreign` (`conta_cc_id`),
  KEY `dc_ordenes_inv_orden_trabajo_id_foreign` (`inv_orden_trabajo_id`),
  KEY `dc_ordenes_dc_orden_origen_destino_id_foreign` (`dc_orden_origen_destino_id`),
  KEY `dc_ordenes_moneda_id_foreign` (`moneda_id`),
  KEY `dc_ordenes_dc_firma_id_foreign` (`dc_firma_id`),
  KEY `dc_ordenes_syj_empleado_id_foreign` (`syj_empleado_id`),
  CONSTRAINT `dc_ordenes_conta_cc_id_foreign` FOREIGN KEY (`conta_cc_id`) REFERENCES `conta_centro_costos` (`id`),
  CONSTRAINT `dc_ordenes_dc_estado_id_foreign` FOREIGN KEY (`dc_estado_id`) REFERENCES `dc_estados` (`id`),
  CONSTRAINT `dc_ordenes_dc_firma_id_foreign` FOREIGN KEY (`dc_firma_id`) REFERENCES `dc_firmas` (`id`),
  CONSTRAINT `dc_ordenes_dc_orden_origen_destino_id_foreign` FOREIGN KEY (`dc_orden_origen_destino_id`) REFERENCES `dc_ordenes_origen_destino` (`id`),
  CONSTRAINT `dc_ordenes_dc_orden_tipo_id_foreign` FOREIGN KEY (`dc_orden_tipo_id`) REFERENCES `dc_ordenes_tipos` (`id`),
  CONSTRAINT `dc_ordenes_inv_orden_trabajo_id_foreign` FOREIGN KEY (`inv_orden_trabajo_id`) REFERENCES `inv_orden_trabajos` (`id`),
  CONSTRAINT `dc_ordenes_moneda_id_foreign` FOREIGN KEY (`moneda_id`) REFERENCES `monedas` (`id`),
  CONSTRAINT `dc_ordenes_person_id_foreign` FOREIGN KEY (`person_id`) REFERENCES `persons` (`id`),
  CONSTRAINT `dc_ordenes_person_id_relationed_foreign` FOREIGN KEY (`person_id_relationed`) REFERENCES `persons` (`id`),
  CONSTRAINT `dc_ordenes_syj_empleado_id_foreign` FOREIGN KEY (`syj_empleado_id`) REFERENCES `syj_empleados` (`id`)
) ENGINE=InnoDB DEFAULT CHARSET=utf8mb4 COLLATE=utf8mb4_unicode_ci;

--
-- Dumping data for table `dc_ordenes`
--


--
-- Table structure for table `dc_ordenes_compra_coti`
--

CREATE TABLE `dc_ordenes_compra_coti` (
  `id` int(10) unsigned NOT NULL AUTO_INCREMENT,
  `user_id` int(10) unsigned DEFAULT NULL,
  `dc_orden_id` bigint(20) unsigned NOT NULL,
  `dc_orden_coti_id` bigint(20) unsigned NOT NULL,
  `created_at` timestamp NULL DEFAULT NULL,
  `updated_at` timestamp NULL DEFAULT NULL,
  `deleted_at` timestamp NULL DEFAULT NULL,
  PRIMARY KEY (`id`),
  KEY `dc_ordenes_compra_coti_dc_orden_id_foreign` (`dc_orden_id`),
  KEY `dc_ordenes_compra_coti_dc_orden_coti_id_foreign` (`dc_orden_coti_id`),
  CONSTRAINT `dc_ordenes_compra_coti_dc_orden_coti_id_foreign` FOREIGN KEY (`dc_orden_coti_id`) REFERENCES `dc_ordenes` (`id`),
  CONSTRAINT `dc_ordenes_compra_coti_dc_orden_id_foreign` FOREIGN KEY (`dc_orden_id`) REFERENCES `dc_ordenes` (`id`)
) ENGINE=InnoDB DEFAULT CHARSET=utf8mb4 COLLATE=utf8mb4_unicode_ci;

--
-- Dumping data for table `dc_ordenes_compra_coti`
--


--
-- Table structure for table `dc_ordenes_compra_req`
--

CREATE TABLE `dc_ordenes_compra_req` (
  `id` int(10) unsigned NOT NULL AUTO_INCREMENT,
  `user_id` int(10) unsigned DEFAULT NULL,
  `dc_orden_id` bigint(20) unsigned NOT NULL,
  `dc_orden_detail_id` bigint(20) unsigned NOT NULL,
  `dc_orden_req_id` bigint(20) unsigned NOT NULL,
  `dc_orden_req_detail_id` bigint(20) unsigned NOT NULL,
  `created_at` timestamp NULL DEFAULT NULL,
  `updated_at` timestamp NULL DEFAULT NULL,
  `deleted_at` timestamp NULL DEFAULT NULL,
  PRIMARY KEY (`id`),
  KEY `dc_ordenes_compra_req_dc_orden_id_foreign` (`dc_orden_id`),
  KEY `dc_ordenes_compra_req_dc_orden_detail_id_foreign` (`dc_orden_detail_id`),
  KEY `dc_ordenes_compra_req_dc_orden_req_id_foreign` (`dc_orden_req_id`),
  KEY `dc_ordenes_compra_req_dc_orden_req_detail_id_foreign` (`dc_orden_req_detail_id`),
  CONSTRAINT `dc_ordenes_compra_req_dc_orden_detail_id_foreign` FOREIGN KEY (`dc_orden_detail_id`) REFERENCES `dc_ordenes_details` (`id`),
  CONSTRAINT `dc_ordenes_compra_req_dc_orden_id_foreign` FOREIGN KEY (`dc_orden_id`) REFERENCES `dc_ordenes` (`id`),
  CONSTRAINT `dc_ordenes_compra_req_dc_orden_req_detail_id_foreign` FOREIGN KEY (`dc_orden_req_detail_id`) REFERENCES `dc_ordenes_details` (`id`),
  CONSTRAINT `dc_ordenes_compra_req_dc_orden_req_id_foreign` FOREIGN KEY (`dc_orden_req_id`) REFERENCES `dc_ordenes` (`id`)
) ENGINE=InnoDB DEFAULT CHARSET=utf8mb4 COLLATE=utf8mb4_unicode_ci;

--
-- Dumping data for table `dc_ordenes_compra_req`
--


--
-- Table structure for table `dc_ordenes_cotizacion_req`
--

CREATE TABLE `dc_ordenes_cotizacion_req` (
  `id` int(10) unsigned NOT NULL AUTO_INCREMENT,
  `user_id` int(10) unsigned DEFAULT NULL,
  `dc_orden_id` bigint(20) unsigned NOT NULL,
  `dc_orden_detail_id` bigint(20) unsigned NOT NULL,
  `dc_orden_req_id` bigint(20) unsigned NOT NULL,
  `dc_orden_req_detail_id` bigint(20) unsigned NOT NULL,
  `created_at` timestamp NULL DEFAULT NULL,
  `updated_at` timestamp NULL DEFAULT NULL,
  `deleted_at` timestamp NULL DEFAULT NULL,
  PRIMARY KEY (`id`),
  KEY `dc_ordenes_cotizacion_req_dc_orden_id_foreign` (`dc_orden_id`),
  KEY `dc_ordenes_cotizacion_req_dc_orden_detail_id_foreign` (`dc_orden_detail_id`),
  KEY `dc_ordenes_cotizacion_req_dc_orden_req_id_foreign` (`dc_orden_req_id`),
  KEY `dc_ordenes_cotizacion_req_dc_orden_req_detail_id_foreign` (`dc_orden_req_detail_id`),
  CONSTRAINT `dc_ordenes_cotizacion_req_dc_orden_detail_id_foreign` FOREIGN KEY (`dc_orden_detail_id`) REFERENCES `dc_ordenes_details` (`id`),
  CONSTRAINT `dc_ordenes_cotizacion_req_dc_orden_id_foreign` FOREIGN KEY (`dc_orden_id`) REFERENCES `dc_ordenes` (`id`),
  CONSTRAINT `dc_ordenes_cotizacion_req_dc_orden_req_detail_id_foreign` FOREIGN KEY (`dc_orden_req_detail_id`) REFERENCES `dc_ordenes_details` (`id`),
  CONSTRAINT `dc_ordenes_cotizacion_req_dc_orden_req_id_foreign` FOREIGN KEY (`dc_orden_req_id`) REFERENCES `dc_ordenes` (`id`)
) ENGINE=InnoDB DEFAULT CHARSET=utf8mb4 COLLATE=utf8mb4_unicode_ci;

--
-- Dumping data for table `dc_ordenes_cotizacion_req`
--


--
-- Table structure for table `dc_ordenes_details`
--

CREATE TABLE `dc_ordenes_details` (
  `id` bigint(20) unsigned NOT NULL AUTO_INCREMENT,
  `user_id` int(10) unsigned DEFAULT NULL,
  `dc_orden_id` bigint(20) unsigned NOT NULL,
  `dc_orden_origen_destino_id` bigint(20) unsigned DEFAULT NULL,
  `origendestinoable_id` int(10) unsigned DEFAULT NULL,
  `origendestinoable_type` text COLLATE utf8mb4_unicode_ci,
  `cantidades` decimal(16,2) NOT NULL,
  `inv_producto_id` bigint(20) unsigned DEFAULT NULL,
  `inv_producto_id_destino` bigint(20) unsigned DEFAULT NULL,
  `descripcion` varchar(191) COLLATE utf8mb4_unicode_ci DEFAULT NULL,
  `neto` decimal(16,2) NOT NULL,
  `desc_porc` decimal(16,2) DEFAULT NULL,
  `descuento` decimal(16,2) DEFAULT NULL,
  `system_tax_id` int(10) unsigned NOT NULL,
  `iva` decimal(16,2) NOT NULL,
  `subtotal` decimal(16,2) NOT NULL,
  `created_at` timestamp NULL DEFAULT NULL,
  `updated_at` timestamp NULL DEFAULT NULL,
  `deleted_at` timestamp NULL DEFAULT NULL,
  PRIMARY KEY (`id`),
  KEY `dc_ordenes_details_dc_orden_id_foreign` (`dc_orden_id`),
  KEY `dc_ordenes_details_inv_producto_id_foreign` (`inv_producto_id`),
  KEY `dc_ordenes_details_system_tax_id_foreign` (`system_tax_id`),
  KEY `dc_ordenes_details_inv_producto_id_destino_foreign` (`inv_producto_id_destino`),
  KEY `dc_ordenes_details_dc_orden_origen_destino_id_foreign` (`dc_orden_origen_destino_id`),
  CONSTRAINT `dc_ordenes_details_dc_orden_id_foreign` FOREIGN KEY (`dc_orden_id`) REFERENCES `dc_ordenes` (`id`),
  CONSTRAINT `dc_ordenes_details_dc_orden_origen_destino_id_foreign` FOREIGN KEY (`dc_orden_origen_destino_id`) REFERENCES `dc_ordenes_origen_destino` (`id`),
  CONSTRAINT `dc_ordenes_details_inv_producto_id_destino_foreign` FOREIGN KEY (`inv_producto_id_destino`) REFERENCES `inv_productos` (`id`),
  CONSTRAINT `dc_ordenes_details_inv_producto_id_foreign` FOREIGN KEY (`inv_producto_id`) REFERENCES `inv_productos` (`id`),
  CONSTRAINT `dc_ordenes_details_system_tax_id_foreign` FOREIGN KEY (`system_tax_id`) REFERENCES `system_taxes` (`id`)
) ENGINE=InnoDB DEFAULT CHARSET=utf8mb4 COLLATE=utf8mb4_unicode_ci;

--
-- Dumping data for table `dc_ordenes_details`
--


--
-- Table structure for table `dc_ordenes_facturada`
--

CREATE TABLE `dc_ordenes_facturada` (
  `id` bigint(20) unsigned NOT NULL AUTO_INCREMENT,
  `user_id` int(10) unsigned DEFAULT NULL,
  `person_id` int(10) unsigned NOT NULL,
  `dc_orden_id` bigint(20) unsigned DEFAULT NULL,
  `fact_elec_receipt_id` int(10) unsigned NOT NULL,
  `created_at` timestamp NULL DEFAULT NULL,
  `updated_at` timestamp NULL DEFAULT NULL,
  `deleted_at` timestamp NULL DEFAULT NULL,
  PRIMARY KEY (`id`),
  KEY `dc_ordenes_facturada_person_id_foreign` (`person_id`),
  KEY `dc_ordenes_facturada_dc_orden_id_foreign` (`dc_orden_id`),
  KEY `dc_ordenes_facturada_fact_elec_receipt_id_foreign` (`fact_elec_receipt_id`),
  CONSTRAINT `dc_ordenes_facturada_dc_orden_id_foreign` FOREIGN KEY (`dc_orden_id`) REFERENCES `dc_ordenes` (`id`),
  CONSTRAINT `dc_ordenes_facturada_fact_elec_receipt_id_foreign` FOREIGN KEY (`fact_elec_receipt_id`) REFERENCES `fact_elec_receipts` (`id`),
  CONSTRAINT `dc_ordenes_facturada_person_id_foreign` FOREIGN KEY (`person_id`) REFERENCES `persons` (`id`)
) ENGINE=InnoDB DEFAULT CHARSET=utf8mb4 COLLATE=utf8mb4_unicode_ci;

--
