-- Dumping data for table `bs_pers_conceptos`
--

INSERT INTO `bs_pers_conceptos` VALUES (1,'Inmuebles',1,'2019-11-19 21:09:50','2019-11-19 21:09:50',NULL),(2,'Derechos Reales',1,'2019-11-19 21:09:50','2019-11-19 21:09:50',NULL),(3,'Naves y Aeronaves',1,'2019-11-19 21:09:50','2019-11-19 21:09:50',NULL),(4,'Automotores y otros rodados',1,'2019-11-19 21:09:50','2019-11-19 21:09:50',NULL),(5,'Dinero y depósitos en dinero',1,'2019-11-19 21:09:50','2019-11-19 21:09:50',NULL),(6,'Títulos, acciones, cuotas o participaciones sociales y otros títulos valores',1,'2019-11-19 21:09:50','2019-11-19 21:09:50',NULL),(7,'Patrimonio de empresas o explotaciones unipersonales',1,'2019-11-19 21:09:50','2019-11-19 21:09:50',NULL),(8,'Créditos y debentures',1,'2019-11-19 21:09:50','2019-11-19 21:09:50',NULL),(9,'Derechos de propiedad científica, literaria o artística, marcas, patentes y sus licencias',1,'2019-11-19 21:09:50','2019-11-19 21:09:50',NULL),(10,'Otros Bienes (incluye semovientes, antigüedades, objetos de colección, objetos de arte, ...)',1,'2019-11-19 21:09:50','2019-11-19 21:09:50',NULL),(11,'Objetos Personales y del Hogar',1,'2019-11-19 21:09:50','2019-11-19 21:09:50',NULL);

--
-- Table structure for table `bs_pers_detail_anticipos`
--

CREATE TABLE `bs_pers_detail_anticipos` (
  `id` int(10) unsigned NOT NULL AUTO_INCREMENT,
  `bs_per_ddjj_id` int(10) unsigned NOT NULL,
  `person_id` int(10) unsigned NOT NULL,
  `ganan_concepto_anticipo_id` int(10) unsigned NOT NULL,
  `importe` decimal(16,2) NOT NULL DEFAULT '0.00',
  `created_at` timestamp NULL DEFAULT NULL,
  `updated_at` timestamp NULL DEFAULT NULL,
  `deleted_at` timestamp NULL DEFAULT NULL,
  PRIMARY KEY (`id`),
  KEY `bs_pers_detail_anticipos_bs_per_ddjj_id_foreign` (`bs_per_ddjj_id`),
  KEY `bs_pers_detail_anticipos_person_id_foreign` (`person_id`),
  KEY `bs_pers_detail_anticipos_ganan_concepto_anticipo_id_foreign` (`ganan_concepto_anticipo_id`),
  CONSTRAINT `bs_pers_detail_anticipos_bs_per_ddjj_id_foreign` FOREIGN KEY (`bs_per_ddjj_id`) REFERENCES `bs_per_ddjjs` (`id`),
  CONSTRAINT `bs_pers_detail_anticipos_ganan_concepto_anticipo_id_foreign` FOREIGN KEY (`ganan_concepto_anticipo_id`) REFERENCES `ganan_conceptos_anticipos` (`id`),
  CONSTRAINT `bs_pers_detail_anticipos_person_id_foreign` FOREIGN KEY (`person_id`) REFERENCES `persons` (`id`)
) ENGINE=InnoDB AUTO_INCREMENT=7 DEFAULT CHARSET=utf8mb4 COLLATE=utf8mb4_unicode_ci;

--
-- Dumping data for table `bs_pers_detail_anticipos`
--

INSERT INTO `bs_pers_detail_anticipos` VALUES (1,1,40757,1,0.00,'2022-05-23 18:16:25','2022-05-23 18:16:25',NULL),(2,1,40757,2,0.00,'2022-05-23 18:16:25','2022-05-23 18:16:25',NULL),(3,1,40757,3,0.00,'2022-05-23 18:16:25','2022-05-23 18:16:25',NULL),(4,2,40897,1,0.00,'2022-09-14 08:06:22','2022-09-14 08:06:22',NULL),(5,2,40897,2,0.00,'2022-09-14 08:06:22','2022-09-14 08:06:22',NULL),(6,2,40897,3,0.00,'2022-09-14 08:06:22','2022-09-14 08:06:22',NULL);

--
-- Table structure for table `bs_pers_detail_bienes`
--

CREATE TABLE `bs_pers_detail_bienes` (
  `id` int(10) unsigned NOT NULL AUTO_INCREMENT,
  `bs_per_ddjj_id` int(10) unsigned NOT NULL,
  `person_id` int(10) unsigned NOT NULL,
  `bs_pers_concepto_id` int(10) unsigned NOT NULL,
  `concepto` varchar(191) COLLATE utf8mb4_unicode_ci DEFAULT NULL,
  `importe_gravado` decimal(16,2) NOT NULL DEFAULT '0.00',
  `importe_exento` decimal(16,2) NOT NULL DEFAULT '0.00',
  `comentario` varchar(191) COLLATE utf8mb4_unicode_ci DEFAULT NULL,
  `created_at` timestamp NULL DEFAULT NULL,
  `updated_at` timestamp NULL DEFAULT NULL,
  `deleted_at` timestamp NULL DEFAULT NULL,
  PRIMARY KEY (`id`),
  KEY `bs_pers_detail_bienes_bs_per_ddjj_id_foreign` (`bs_per_ddjj_id`),
  KEY `bs_pers_detail_bienes_person_id_foreign` (`person_id`),
  KEY `bs_pers_detail_bienes_bs_pers_concepto_id_foreign` (`bs_pers_concepto_id`),
  CONSTRAINT `bs_pers_detail_bienes_bs_per_ddjj_id_foreign` FOREIGN KEY (`bs_per_ddjj_id`) REFERENCES `bs_per_ddjjs` (`id`),
  CONSTRAINT `bs_pers_detail_bienes_bs_pers_concepto_id_foreign` FOREIGN KEY (`bs_pers_concepto_id`) REFERENCES `bs_pers_conceptos` (`id`),
  CONSTRAINT `bs_pers_detail_bienes_person_id_foreign` FOREIGN KEY (`person_id`) REFERENCES `persons` (`id`)
) ENGINE=InnoDB AUTO_INCREMENT=8 DEFAULT CHARSET=utf8mb4 COLLATE=utf8mb4_unicode_ci;

--
-- Dumping data for table `bs_pers_detail_bienes`
--

INSERT INTO `bs_pers_detail_bienes` VALUES (1,1,40757,11,'',0.00,0.00,'','2022-05-23 18:16:25','2022-05-23 18:16:25',NULL),(2,1,40757,1,'',0.00,0.00,'','2022-05-23 18:17:29','2022-05-23 18:17:29',NULL),(3,1,40757,4,'',0.00,0.00,'','2022-05-23 18:17:35','2022-05-23 18:17:35',NULL),(4,1,40757,5,'',0.00,0.00,'','2022-05-23 18:17:39','2022-05-23 18:17:39',NULL),(5,1,40757,10,'',0.00,0.00,'','2022-05-23 18:17:44','2022-05-23 18:17:44',NULL),(6,1,40757,9,'',0.00,0.00,'','2022-05-23 18:17:49','2022-05-23 18:17:49',NULL),(7,2,40897,11,'',0.00,0.00,'','2022-09-14 08:06:22','2022-09-14 08:06:22',NULL);

--
-- Table structure for table `calle`
--

CREATE TABLE `calle` (
  `id` int(10) unsigned NOT NULL AUTO_INCREMENT,
  `user_id` int(10) unsigned DEFAULT NULL,
  `localidad_id` int(10) unsigned NOT NULL,
  `descripcion` varchar(191) COLLATE utf8mb4_unicode_ci NOT NULL,
  `desdealt` int(10) unsigned DEFAULT NULL,
  `hastaalt` int(10) unsigned DEFAULT NULL,
  `codpostal` int(10) unsigned DEFAULT NULL,
  `habilitado` tinyint(1) NOT NULL DEFAULT '1',
  `created_at` timestamp NULL DEFAULT NULL,
  `updated_at` timestamp NULL DEFAULT NULL,
  `deleted_at` timestamp NULL DEFAULT NULL,
  PRIMARY KEY (`id`),
  KEY `calle_localidad_id_foreign` (`localidad_id`),
  CONSTRAINT `calle_localidad_id_foreign` FOREIGN KEY (`localidad_id`) REFERENCES `localidad` (`id`)
) ENGINE=InnoDB AUTO_INCREMENT=2 DEFAULT CHARSET=utf8mb4 COLLATE=utf8mb4_unicode_ci;

--
-- Dumping data for table `calle`
--

INSERT INTO `calle` VALUES (1,NULL,1,'Ramon Falcon',6800,7500,1408,1,'2020-05-28 20:55:23','2020-05-28 20:55:23',NULL);

--
-- Table structure for table `categorias_iibb`
--

CREATE TABLE `categorias_iibb` (
  `id` int(10) unsigned NOT NULL AUTO_INCREMENT,
  `categoria` varchar(255) COLLATE utf8mb4_unicode_ci DEFAULT NULL,
  `impuesto` decimal(16,2) DEFAULT NULL,
  `anual` decimal(16,2) DEFAULT NULL,
  `facAnual` decimal(16,2) DEFAULT NULL,
  `superficie` int(11) DEFAULT NULL,
  `energia` int(11) DEFAULT NULL,
  `comentario` varchar(255) COLLATE utf8mb4_unicode_ci DEFAULT NULL,
  `vigente` varchar(255) COLLATE utf8mb4_unicode_ci NOT NULL DEFAULT '1',
  `created_at` timestamp NULL DEFAULT NULL,
  `updated_at` timestamp NULL DEFAULT NULL,
  `deleted_at` timestamp NULL DEFAULT NULL,
  PRIMARY KEY (`id`)
) ENGINE=InnoDB AUTO_INCREMENT=9 DEFAULT CHARSET=utf8mb4 COLLATE=utf8mb4_unicode_ci;

--
-- Dumping data for table `categorias_iibb`
--

INSERT INTO `categorias_iibb` VALUES (1,'A',1850.00,11100.00,370000.00,30,3300,NULL,'1',NULL,'2022-10-23 23:36:39',NULL),(2,'B',2750.00,16500.00,550000.00,45,5000,NULL,'1',NULL,'2022-10-23 23:36:39',NULL),(3,'C',3850.00,23100.00,770000.00,60,6700,NULL,'1',NULL,'2022-10-23 23:36:40',NULL),(4,'D',5300.00,31800.00,1060000.00,85,10000,NULL,'1',NULL,'2022-10-23 23:36:40',NULL),(5,'E',7000.00,42000.00,1400000.00,110,13000,NULL,'1',NULL,'2022-10-23 23:36:40',NULL),(6,'F',8750.00,52500.00,1750000.00,150,16500,NULL,'1',NULL,'2022-10-23 23:36:40',NULL),(7,'G',10500.00,63000.00,2100000.00,200,20000,NULL,'1',NULL,'2022-10-23 23:36:40',NULL),(8,'H',13000.00,78000.00,2600000.00,200,20000,NULL,'1',NULL,'2022-10-23 23:36:40',NULL);

--
-- Table structure for table `categorias_monotributo`
--

CREATE TABLE `categorias_monotributo` (
  `id` int(10) unsigned NOT NULL AUTO_INCREMENT,
  `categoria` varchar(255) COLLATE utf8mb4_unicode_ci DEFAULT NULL,
  `facAnual` decimal(16,2) DEFAULT NULL,
  `facMensual` decimal(16,2) DEFAULT NULL,
  `actividad` varchar(255) COLLATE utf8mb4_unicode_ci DEFAULT NULL,
  `empleados` varchar(255) COLLATE utf8mb4_unicode_ci DEFAULT NULL,
  `superficie` int(11) DEFAULT NULL,
  `energia` int(11) DEFAULT NULL,
  `alquileres` decimal(16,2) DEFAULT NULL,
  `impuesto_servicio` decimal(16,2) DEFAULT NULL,
  `impuesto_venta` decimal(16,2) DEFAULT NULL,
  `sipa` decimal(16,2) DEFAULT NULL,
  `obraSocial` decimal(16,2) DEFAULT NULL,
  `totalServicio` decimal(16,2) DEFAULT NULL,
  `totalVenta` decimal(16,2) DEFAULT NULL,
  `comentario` varchar(255) COLLATE utf8mb4_unicode_ci DEFAULT NULL,
  `desde` date DEFAULT NULL,
  `hasta` date DEFAULT NULL,
  `vigente` varchar(255) COLLATE utf8mb4_unicode_ci NOT NULL DEFAULT '0',
  `created_at` timestamp NULL DEFAULT NULL,
  `updated_at` timestamp NULL DEFAULT NULL,
  `deleted_at` timestamp NULL DEFAULT NULL,
  PRIMARY KEY (`id`)
) ENGINE=InnoDB AUTO_INCREMENT=15 DEFAULT CHARSET=utf8mb4 COLLATE=utf8mb4_unicode_ci;

--
-- Dumping data for table `categorias_monotributo`
--

INSERT INTO `categorias_monotributo` VALUES (1,'A',1414762.00,117896.00,'No Excluida','0',30,3330,230178.48,496.85,496.85,2192.15,3061.75,5750.75,5750.75,NULL,'2018-01-01',NULL,'1',NULL,NULL,NULL),(2,'B',2103025.00,175252.00,'No Excluida','0',45,5000,230178.48,957.27,957.27,2411.36,3061.75,6430.38,6430.38,NULL,'2018-01-01',NULL,'1',NULL,NULL,NULL),(3,'C',2944235.00,245352.00,'No Excluida','0',60,6700,460356.93,1636.83,1512.56,2652.52,3061.75,7351.10,7226.83,NULL,'2018-01-01',NULL,'1',NULL,NULL,NULL),(4,'D',3656604.00,304717.00,'No Excluida','0',85,10000,460356.93,2689.05,2484.46,2917.75,3638.26,9245.06,9040.47,NULL,'2018-01-01',NULL,'1',NULL,NULL,NULL),(5,'E',4305799.00,358816.00,'No Excluida','0',110,13000,573619.32,5115.04,3967.80,3209.55,4452.02,12776.61,11629.37,NULL,'2018-01-01',NULL,'1',NULL,NULL,NULL),(6,'F',5382248.00,448520.00,'No Excluida','0',150,16500,575446.12,7036.89,5180.81,3530.49,5145.02,15712.40,13856.32,NULL,'2018-01-01',NULL,'1',NULL,NULL,NULL),(7,'G',6458698.00,538224.00,'No Excluida','0',200,20000,690535.39,8951.39,6459.54,3883.53,5512.52,18347.44,15855.59,NULL,'2018-01-01',NULL,'1',NULL,NULL,NULL),(8,'H',7996484.00,666373.00,'No Excluida','0',200,20000,920713.84,20460.26,15856.76,4271.88,6615.02,31347.16,26743.66,NULL,'2018-01-01',NULL,'1',NULL,NULL,NULL),(9,'I',8949911.00,745825.00,'Venta de Bs Muebles','0',200,20000,920713.84,NULL,25575.36,4699.08,8190.03,NULL,38464.47,NULL,'2018-01-01',NULL,'1',NULL,NULL,NULL),(10,'J',10257028.00,854752.00,'Venta de Bs Muebles','0',200,20000,920713.84,NULL,30054.72,5169.03,9166.53,NULL,44390.28,NULL,'2018-01-01',NULL,'1',NULL,NULL,NULL),(11,'K',11379612.00,948301.00,'Venta de Bs Muebles','0',200,20000,920713.84,NULL,34526.76,5685.87,10505.29,NULL,50717.92,NULL,'2018-01-01',NULL,'1',NULL,NULL,NULL),(12,'Monotributo Social',1414762.00,117896.00,'No Excluida','0',0,0,0.00,0.00,0.00,0.00,0.00,0.00,0.00,NULL,'2018-01-01',NULL,'1','2020-02-27 02:46:40','2020-02-27 02:46:40',NULL),(13,'A Exento',1414762.00,117896.00,NULL,NULL,NULL,NULL,230178.48,0.00,0.00,2192.15,3061.75,5253.90,5253.90,'',NULL,NULL,'0',NULL,NULL,NULL),(14,'B Exento',2103025.00,175252.00,NULL,NULL,NULL,NULL,230178.48,0.00,0.00,2411.36,3061.75,5473.11,5473.11,'',NULL,NULL,'0',NULL,NULL,NULL);

--
-- Table structure for table `charlas_details`
--

CREATE TABLE `charlas_details` (
  `id` int(10) unsigned NOT NULL AUTO_INCREMENT,
  `user_id` int(10) unsigned DEFAULT NULL,
  `charla` longtext COLLATE utf8mb4_unicode_ci NOT NULL,
  `person_id` int(10) unsigned NOT NULL,
  `status` int(10) unsigned NOT NULL DEFAULT '1',
  `created_at` timestamp NULL DEFAULT NULL,
  `updated_at` timestamp NULL DEFAULT NULL,
  `deleted_at` timestamp NULL DEFAULT NULL,
  PRIMARY KEY (`id`),
  KEY `charlas_details_person_id_foreign` (`person_id`),
  CONSTRAINT `charlas_details_person_id_foreign` FOREIGN KEY (`person_id`) REFERENCES `persons` (`id`)
) ENGINE=InnoDB AUTO_INCREMENT=78 DEFAULT CHARSET=utf8mb4 COLLATE=utf8mb4_unicode_ci;

--
-- Dumping data for table `charlas_details`
--

INSERT INTO `charlas_details` VALUES (3,193,'ECONOMIA Y FINANZAS MAIMONIDES\r\nLUNES DE 11 A 14 HS',2141,1,'2022-02-27 10:07:07','2022-02-27 10:07:07',NULL),(7,193,'SACAR TURNO BANCO, AMPLIAR LIMITE D EL ATARJETA.\nPAGAR IERIC ANUAL\nPAGAR MORATORIA 16\nANSES\nCOMISION DE CUENTA',40752,1,'2022-05-10 12:11:16','2022-05-10 12:11:16',NULL),(31,193,'DIRECCION RUTA 71, PADRON7161, LAS FLORES, MALDONADO URUGUAY, CODIGO POSTAL 20303',40764,1,'2022-09-01 19:19:56','2022-09-01 19:19:56',NULL),(32,193,'inflacion balance\r\n2018 $23800.80\r\n2019 $26915\r\n2020 $18070',40773,1,'2022-09-01 19:20:42','2022-09-01 19:20:42',NULL),(42,193,'certificado pyme',40783,1,'2022-09-29 06:43:36','2022-09-29 06:43:36',NULL),(52,193,'MOVE CONCERTS ARGENTINA S. A.\r\nREPUBLICA ARABE SIRIA 2920 18 B\r\n1425 - CAPITAL FEDERAL\r\nNro. de CUIT : 30-71461305-3\r\nBERTOL Alejandro Omar Bertoli\r\nCapital Federal\r\nNro de C.U.I.T.:20-14569982-8 Ingresos Brutos (J.L.): 20145699828\r\nRazón Social:\r\nDirección:\r\nRef:Orden de pago Nro. -00011652\r\nRetención Importe\r\nDetalle de las retenciones efectuadas:\r\nRETENCION IIBB CABA IBC $ 2.109,00\r\nCargo: Fir',40753,1,'2022-10-12 10:50:56','2022-10-12 10:50:56',NULL),(55,193,'Detalle de débitos automáticos $28500 (16/06)',40757,1,'2022-10-18 18:54:43','2022-10-18 18:54:43',NULL),(60,193,'RED LINK',40873,1,'2022-10-25 11:54:35','2022-10-25 11:54:35',NULL),(61,193,'OBRA SOCIAL\r\nMONOTRIBUTO BIENES\r\nDEVOLUCION DE GCIAS\r\nIVA A PAGAR',40785,1,'2022-10-26 10:04:15','2022-10-26 10:04:15',NULL),(62,193,'ARBA ESPOSO 20-92397322-3\r\nARBA Arenal890',40780,1,'2022-12-02 15:33:06','2022-12-02 15:33:06',NULL);
INSERT INTO `charlas_details` VALUES (65,193,'1º entrega (al inicio del trámite) : $9190+ €100\r\n\r\n2° entrega (cumplido los primeros 30 días ): $6500+ €50\r\n\r\ny el saldo, dividido en 10 cuotas mensuales consecutivas de $6500.\r\nForma de pago:\r\n\r\n1º entrega (al inicio del trámite) : $28500+ €100\r\n\r\n2° entrega (cumplido los primeros 30 días ): $20700+ €80\r\n\r\ny el saldo, dividido en 11 cuotas mensuales consecutivas de $20700.\r\n\r\nHola Fernanda\r\n\r\nTe confirmo la acreditación del dinero y el trámite en curso.\r\n\r\nLos números de trámites asignado son : 12185 H 1615 para la carpeta de Juana y 12186 H 1616 para la carpeta tuya y de Lola.\r\n\r\nEstamos en contacto.\r\n\r\nSaludos\r\n\r\nJorge Cano\r\nPRESUPUESTO\r\n\r\nDe acuerdo a la información proporcionada, el costo total por armado de carpeta para que Juana pueda solicitar la ciudadanía italiana directamente en Italia (doble apostillado) es $276900+ €180 con una demora aproximada de 12 meses. Este presupuesto incluye todo: obtención de partida de nacimiento italiana, certificado de no naturalizado argentino, obtención de actas originales en Argentina, sellados, control minucioso en todos los documentos por posibles errores de inscripción , legalizaciones, Apostillado, traducciones públicas al idioma italiano de todas las actas, colegiado de traducciones, doble apostillado y armado de carpeta.\r\n\r\n*No incluye:\r\n\r\nRectificación de partidas (Esta será necesaria solo si hay errores de inscripción graves, como por ejemplo, nombres cambiados, fechas o edades erróneas.... etc)\r\n\r\nObtención de sentencia de naturalización. (Esta solo será necesaria si el familiar italiano renunció a su nacionalidad ). Forma de pago:\r\n\r\n1º entrega (al inicio del trámite) : $28500+ €100\r\n\r\n2° entrega (cumplido los primeros 30 días ): $20700+ €80\r\n\r\ny el saldo, dividido en 11 cuotas mensuales consecutivas de $20700.\r\n\r\nLa última cuota se abona una vez finalizado.\r\nForma de pago:\r\n\r\n1º entrega (al inicio del trámite) : $9190+ €100\r\n\r\n2° entrega (cumplido los primeros 30 días ): $6500+ €50\r\n\r\ny el saldo, dividido en 10 cuotas mensuales consecutivas de $6500.\r\n\r\nLa última cuota se abona una vez finalizado.\r\n\r\nMedios de pago: El pago lo puedes hacer en efectivo o con tarjeta de débito o crédito en nuestro local o mediante\r\n\r\ndepósito o transferencia en la siguiente cuenta bancaria:\r\n\r\nBanco Santander Río\r\n\r\nCuenta corriente.\r\n\r\nRAZON SOCIAL: CASA DEL TRAMITE SRL.\r\n\r\nSUCURSAL : 100\r\n\r\nNRO CUENTA EN PESOS: 501618/9\r\n\r\nCBU CUENTA EN PESOS : 0720100020000050161890\r\n\r\nNRO CUENTA EN DÓLARES: 501619/6\r\n\r\nCBU CUENTA EN DÓLARES: 0720100021000050161969\r\n\r\nCUIT 30714407356 #Enviar siempre copia del comprobante.\r\n\r\nPara conocer el valor de los €uros en pesos, tomar el valor “venta- Paralelo” de la siguiente página : Dolar Paralelo Hoy - Precio del Dolar, Euro y Real en Argentina : Cotización Euro Blue (Paralelo) Euro Oficial Banco Nación\r\nNOTA 1: Este presupuesto queda sujeto a cambios de sellados de Registro Civil y/o aumento de traducciones.\r\n\r\nNOTA 2:En caso de abonar los €uro en ese billete o USD , obtendrás un descuento del 5% sobre ese total.\r\n\r\nLa confirmación del trabajo se considera a partir de la acreditación del monto indicado. Quedo a tu disposición por cualquier inquietud.\r\n\r\nJorge R Cano.\r\n\r\nWhatsApp: +54911 57265786\r\n\r\nJorge@casadeltramite.com.arLa última cuota se abona una vez finalizado',40722,1,'2022-12-12 07:24:39','2022-12-12 07:24:39',NULL),(66,193,'21/07/2022	1 - Factura A	3	238		72299438885499	CUIT	20149728777		1	$	190676,64	0	0	40042,09	230718,73',40782,1,'2022-12-14 07:30:44','2022-12-14 07:30:44',NULL),(67,193,'ACTA EMPLEADA\nPAGAR DESDE EL BANCO DE APLENO',41126,1,'2023-01-09 08:31:15','2023-01-09 08:31:15',NULL),(68,193,'DEVOLUCIN DE PERCEPCIONES, CUANDO SALDE LA DEUDA',41620,1,'2023-01-09 11:08:24','2023-01-09 11:08:24',NULL);
INSERT INTO `charlas_details` VALUES (69,193,'Show 71500\r\nViáticos 6000',41302,1,'2023-01-09 16:44:38','2023-01-09 16:44:38',NULL),(70,193,'VER SICREB',40778,1,'2023-01-12 19:43:52','2023-01-12 19:43:52',NULL),(72,193,'PLAN DE PAGO PARA PAGAR DEUDA ANTERIOR',41638,1,'2023-01-18 09:37:07','2023-01-18 09:37:07',NULL),(73,193,'ALQUILER 55000 Y 59000 HASTA MARZO\r\nSUBIR CONTRATOSINGRESOS BRUTOS 1.5 $ VER EXENCION CABA',41618,1,'2023-01-18 09:42:44','2023-01-18 09:42:44',NULL),(74,193,'DDJJ SICOL INGRESOS BRUTOS Y BAJA',41639,1,'2023-01-18 10:12:43','2023-01-18 10:12:43',NULL),(75,193,'requerimiento',41143,1,'2023-01-18 10:28:47','2023-01-18 10:28:47',NULL),(77,193,'DEVOLUCION DE IVA\r\nBALANCES',41656,1,'2023-01-19 17:52:23','2023-01-19 17:52:23',NULL);
DELIMITER ;;
/*!50003 CREATE*/ /*!50017 DEFINER=`forge`@`%`*/ /*!50003 TRIGGER `CharlaDetail_BD` BEFORE DELETE ON `charlas_details` FOR EACH ROW insert into back_up_charlas_details (charla,person_id,modificado)
values(old.charla,old.person_id,now()) */;;
DELIMITER ;

--
-- Table structure for table `chequeras_tipos`
--

CREATE TABLE `chequeras_tipos` (
  `id` int(10) unsigned NOT NULL AUTO_INCREMENT,
  `user_id` int(10) unsigned DEFAULT NULL,
  `descripcion` text COLLATE utf8mb4_unicode_ci NOT NULL,
  `habilitado` tinyint(1) NOT NULL DEFAULT '1',
  `created_at` timestamp NULL DEFAULT NULL,
  `updated_at` timestamp NULL DEFAULT NULL,
  `deleted_at` timestamp NULL DEFAULT NULL,
  PRIMARY KEY (`id`)
) ENGINE=InnoDB AUTO_INCREMENT=4 DEFAULT CHARSET=utf8mb4 COLLATE=utf8mb4_unicode_ci;

--
-- Dumping data for table `chequeras_tipos`
--

INSERT INTO `chequeras_tipos` VALUES (1,NULL,'Fisica',1,NULL,NULL,NULL),(2,NULL,'Electronica',1,NULL,NULL,NULL),(3,NULL,'Transferencias',1,NULL,NULL,NULL);

--
-- Table structure for table `cheques_transfer_emitidas`
--

CREATE TABLE `cheques_transfer_emitidas` (
  `id` bigint(20) unsigned NOT NULL AUTO_INCREMENT,
  `user_id` int(10) unsigned DEFAULT NULL,
  `person_id` int(10) unsigned NOT NULL,
  `cta_cte_cliente_detail_id` int(10) unsigned DEFAULT NULL,
  `cta_cte_tesoreria_detail_id` int(10) unsigned DEFAULT NULL,
  `cta_cte_tesoreria_cuenta_id` int(10) unsigned NOT NULL,
  `cta_cte_tesoreria_banco_cheq_id` int(10) unsigned NOT NULL,
  `fecha_emision` date NOT NULL,
  `fecha_cobro` date NOT NULL,
  `numero_cheque` int(11) NOT NULL,
  `importe` decimal(16,2) NOT NULL DEFAULT '0.00',
  `created_at` timestamp NULL DEFAULT NULL,
  `updated_at` timestamp NULL DEFAULT NULL,
  `deleted_at` timestamp NULL DEFAULT NULL,
  PRIMARY KEY (`id`),
  KEY `cheques_transfer_emitidas_person_id_foreign` (`person_id`),
  KEY `cheques_transfer_emitidas_cta_cte_cliente_detail_id_foreign` (`cta_cte_cliente_detail_id`),
  KEY `cheques_transfer_emitidas_cta_cte_tesoreria_detail_id_foreign` (`cta_cte_tesoreria_detail_id`),
  KEY `cheques_transfer_emitidas_cta_cte_tesoreria_cuenta_id_foreign` (`cta_cte_tesoreria_cuenta_id`),
  KEY `cte_tes_ban_che_id_foreign` (`cta_cte_tesoreria_banco_cheq_id`),
  CONSTRAINT `cheques_transfer_emitidas_cta_cte_cliente_detail_id_foreign` FOREIGN KEY (`cta_cte_cliente_detail_id`) REFERENCES `cta_cte_cliente_details` (`id`),
  CONSTRAINT `cheques_transfer_emitidas_cta_cte_tesoreria_cuenta_id_foreign` FOREIGN KEY (`cta_cte_tesoreria_cuenta_id`) REFERENCES `cta_cte_tesoreria_cuentas` (`id`),
  CONSTRAINT `cheques_transfer_emitidas_cta_cte_tesoreria_detail_id_foreign` FOREIGN KEY (`cta_cte_tesoreria_detail_id`) REFERENCES `cta_cte_tesoreria_detail` (`id`),
  CONSTRAINT `cheques_transfer_emitidas_person_id_foreign` FOREIGN KEY (`person_id`) REFERENCES `persons` (`id`),
  CONSTRAINT `cte_tes_ban_che_id_foreign` FOREIGN KEY (`cta_cte_tesoreria_banco_cheq_id`) REFERENCES `cta_cte_tesoreria_banco_cheq` (`id`)
) ENGINE=InnoDB DEFAULT CHARSET=utf8mb4 COLLATE=utf8mb4_unicode_ci;

--
-- Dumping data for table `cheques_transfer_emitidas`
--


--
-- Table structure for table `claves`
--

CREATE TABLE `claves` (
  `id` int(10) unsigned NOT NULL AUTO_INCREMENT,
  `user_id` int(10) unsigned DEFAULT NULL,
  `name` varchar(255) COLLATE utf8mb4_unicode_ci NOT NULL,
  `created_at` timestamp NULL DEFAULT NULL,
  `updated_at` timestamp NULL DEFAULT NULL,
  `deleted_at` timestamp NULL DEFAULT NULL,
  PRIMARY KEY (`id`)
) ENGINE=InnoDB AUTO_INCREMENT=44 DEFAULT CHARSET=utf8mb4 COLLATE=utf8mb4_unicode_ci;

--
-- Dumping data for table `claves`
--

INSERT INTO `claves` VALUES (1,NULL,'Clave Fiscal',NULL,NULL,NULL),(2,NULL,'Clave Ciudad',NULL,NULL,NULL),(3,NULL,'Clave ARBA',NULL,NULL,NULL),(4,NULL,'Clave ANSES',NULL,NULL,NULL),(5,NULL,'Catedral',NULL,NULL,NULL),(6,NULL,'CEMIBA',NULL,NULL,NULL),(7,NULL,'COMPRA ARG',NULL,NULL,NULL),(8,NULL,'Consejo Ciencias Economicas',NULL,NULL,NULL),(9,NULL,'Correo',NULL,NULL,NULL),(10,NULL,'CUR',NULL,NULL,NULL),(11,NULL,'Firma Digital',NULL,NULL,NULL),(12,NULL,'Interbanking',NULL,NULL,NULL),(13,NULL,'Banco Citibank',NULL,NULL,NULL),(14,NULL,'Banco Ciudad',NULL,NULL,NULL),(15,NULL,'Banco Frances',NULL,NULL,NULL),(16,NULL,'Banco Galicia',NULL,NULL,NULL),(17,NULL,'Banco HSBC',NULL,NULL,NULL),(18,NULL,'Banco Itau',NULL,NULL,NULL),(19,NULL,'Banco Nacion',NULL,NULL,NULL),(20,NULL,'Banco Macro',NULL,NULL,NULL),(21,NULL,'Banco Patagonia',NULL,NULL,NULL),(22,NULL,'Banco Provincia',NULL,NULL,NULL),(23,NULL,'Banco Santander',NULL,NULL,NULL),(24,NULL,'Banco Supervielle',NULL,NULL,NULL),(25,NULL,'Seguridad e Higiene',NULL,NULL,NULL),(26,NULL,'Sindicato - ANSES',NULL,NULL,NULL),(27,NULL,'Sindicato - AOT',NULL,NULL,NULL),(28,NULL,'Sindicato - ATSA',NULL,NULL,NULL),(29,NULL,'Sindicato - Camioneros',NULL,NULL,NULL),(30,NULL,'Sindicato - Guinchero',NULL,NULL,NULL),(31,NULL,'Sindicato - IERIC',NULL,NULL,NULL),(32,NULL,'Sindicato - La Estrella',NULL,NULL,NULL),(33,NULL,'Sindicato - Nemesis',NULL,NULL,NULL),(34,NULL,'Sindicato - Pasta',NULL,NULL,NULL),(35,NULL,'Sindicato - SEC',NULL,NULL,NULL),(36,NULL,'Sindicato - SICOP',NULL,NULL,NULL),(37,NULL,'Sindicato - SOCAYA',NULL,NULL,NULL),(38,NULL,'Sindicato - UTHGRA',NULL,NULL,NULL),(39,NULL,'Sindicato - INACAP',NULL,NULL,NULL),(40,NULL,'Sindicato - Otro',NULL,NULL,NULL),(41,NULL,'Otra',NULL,NULL,NULL),(42,NULL,'Prisma - Firma Digital',NULL,NULL,NULL),(43,NULL,'Sindicato - FATSA',NULL,NULL,NULL);

--
-- Table structure for table `claves_details`
--

CREATE TABLE `claves_details` (
  `id` int(10) unsigned NOT NULL AUTO_INCREMENT,
  `user_id` int(10) unsigned DEFAULT NULL,
  `clave` varchar(255) COLLATE utf8mb4_unicode_ci DEFAULT NULL,
  `valor` varchar(255) COLLATE utf8mb4_unicode_ci NOT NULL,
  `comentario` varchar(255) COLLATE utf8mb4_unicode_ci DEFAULT NULL,
  `clave_id` int(10) unsigned NOT NULL,
  `person_id` int(10) unsigned NOT NULL,
  `status` int(10) unsigned NOT NULL DEFAULT '1',
  `created_at` timestamp NULL DEFAULT NULL,
  `updated_at` timestamp NULL DEFAULT NULL,
  `deleted_at` timestamp NULL DEFAULT NULL,
  PRIMARY KEY (`id`),
  KEY `claves_details_clave_id_foreign` (`clave_id`),
  KEY `claves_details_person_id_foreign` (`person_id`),
  CONSTRAINT `claves_details_clave_id_foreign` FOREIGN KEY (`clave_id`) REFERENCES `claves` (`id`),
  CONSTRAINT `claves_details_person_id_foreign` FOREIGN KEY (`person_id`) REFERENCES `persons` (`id`)
) ENGINE=InnoDB AUTO_INCREMENT=523 DEFAULT CHARSET=utf8mb4 COLLATE=utf8mb4_unicode_ci;

--
-- Dumping data for table `claves_details`
--

INSERT INTO `claves_details` VALUES (161,193,NULL,'Valentin2020',NULL,1,40752,1,'2022-05-10 12:11:16','2022-05-10 12:11:16',NULL),(162,193,NULL,'Valentin1972',NULL,2,40752,1,'2022-05-10 12:11:16','2022-05-10 12:11:16',NULL),(163,193,'CLAVE   Resisti2020','USUARIOS sistema',NULL,31,40752,1,'2022-05-10 12:11:16','2022-05-10 12:11:16',NULL),(164,193,'CLAVE	               2117','USUARIO	               Lucho2022',NULL,23,40752,1,'2022-05-10 12:11:16','2022-05-10 12:11:16',NULL),(165,193,'CONTRASEÑA : 152250','ASOCIART  USUARIO : 20939610678',NULL,41,40752,1,'2022-05-10 12:11:16','2022-05-10 12:11:16',NULL),(166,193,NULL,'1202025',NULL,10,40752,1,'2022-05-10 12:11:16','2022-05-10 12:11:16',NULL),(190,193,NULL,'Juanchi1976',NULL,1,40754,1,'2022-05-18 10:47:08','2022-05-18 10:47:08',NULL),(191,193,NULL,'Juanchi1976',NULL,2,40754,1,'2022-05-18 10:47:08','2022-05-18 10:47:08',NULL),(192,193,NULL,'neuquen2123',NULL,1,40759,1,'2022-05-18 10:47:19','2022-05-18 10:47:19',NULL),(193,193,NULL,'Bell112358',NULL,1,40760,1,'2022-05-18 10:47:26','2022-05-18 10:47:26',NULL),(194,193,NULL,'Ronaldo123',NULL,1,40761,1,'2022-05-18 10:47:34','2022-05-18 10:47:34',NULL),(242,193,'468124','Nazaria 2016',NULL,4,40763,1,'2022-09-01 19:19:48','2022-09-01 19:19:48',NULL),(243,193,NULL,'Estudio2021',NULL,1,40764,1,'2022-09-01 19:19:56','2022-09-01 19:19:56',NULL),(244,193,NULL,'Resistire1',NULL,4,40764,1,'2022-09-01 19:19:56','2022-09-01 19:19:56',NULL),(245,193,NULL,'Yamilabe27',NULL,1,40765,1,'2022-09-01 19:20:04','2022-09-01 19:20:04',NULL),(246,193,NULL,'resistire111',NULL,2,40765,1,'2022-09-01 19:20:04','2022-09-01 19:20:04',NULL),(247,193,NULL,'Clot3636racing',NULL,1,40766,1,'2022-09-01 19:20:18','2022-09-01 19:20:18',NULL),(248,193,NULL,'Aarcos2825',NULL,1,40767,1,'2022-09-01 19:20:26','2022-09-01 19:20:26',NULL),(249,193,NULL,'Lacoste1044',NULL,1,40768,1,'2022-09-01 19:20:34','2022-09-01 19:20:34',NULL),(250,193,NULL,'Ma07Lu09',NULL,2,40773,1,'2022-09-01 19:20:42','2022-09-01 19:20:42',NULL),(251,193,NULL,'24Hermanos02!!',NULL,1,40773,1,'2022-09-01 19:20:42','2022-09-01 19:20:42',NULL),(304,193,NULL,'Dejavu2290',NULL,3,40775,1,'2022-09-21 10:23:50','2022-09-21 10:23:50',NULL),(305,193,NULL,'Lukito2290',NULL,2,40775,1,'2022-09-21 10:23:50','2022-09-21 10:23:50',NULL),(306,193,NULL,'Lukito2290',NULL,1,40775,1,'2022-09-21 10:23:50','2022-09-21 10:23:50',NULL),(326,193,NULL,'Listus1710',NULL,26,40777,1,'2022-09-29 06:42:44','2022-09-29 06:42:44',NULL),(327,193,NULL,'verIna2010',NULL,1,40777,1,'2022-09-29 06:42:44','2022-09-29 06:42:44',NULL),(328,193,'Listus1710','20188526307','SANTIAGO CARLOS CASTELLANO RASMUSSEN',1,40777,1,'2022-09-29 06:42:44','2022-09-29 06:42:44',NULL),(329,193,NULL,'Daniela1971',NULL,1,40781,1,'2022-09-29 06:43:18','2022-09-29 06:43:18',NULL),(330,193,NULL,'26f5f1db',NULL,2,40781,1,'2022-09-29 06:43:18','2022-09-29 06:43:18',NULL),(335,193,NULL,'Gormar2021',NULL,1,40783,1,'2022-09-29 06:43:36','2022-09-29 06:43:36',NULL),(336,193,NULL,'Gormar2021',NULL,2,40783,1,'2022-09-29 06:43:36','2022-09-29 06:43:36',NULL),(337,193,NULL,'Pandemiadelorto10',NULL,1,40784,1,'2022-09-29 06:43:43','2022-09-29 06:43:43',NULL),(338,193,'CUR','4002024',NULL,1,40784,1,'2022-09-29 06:43:43','2022-09-29 06:43:43',NULL),(339,193,NULL,'RESISTIRE1',NULL,2,40784,1,'2022-09-29 06:43:43','2022-09-29 06:43:43',NULL),(344,193,NULL,'1960BocaJrs',NULL,1,40788,1,'2022-09-29 06:44:27','2022-09-29 06:44:27',NULL),(345,193,'1748Sylvia','27128199743',NULL,1,40788,1,'2022-09-29 06:44:27','2022-09-29 06:44:27',NULL),(346,193,NULL,'BocaJrs1960.',NULL,2,40788,1,'2022-09-29 06:44:27','2022-09-29 06:44:27',NULL),(347,193,NULL,'Humoloco1974',NULL,1,40896,1,'2022-09-29 06:44:38','2022-09-29 06:44:38',NULL),(348,193,NULL,'Humoloco1974',NULL,1,40896,1,'2022-09-29 06:44:38','2022-09-29 06:44:38',NULL),(366,193,NULL,'Poroben1811',NULL,1,40750,1,'2022-10-06 11:11:31','2022-10-06 11:11:31',NULL),(367,193,'Dami741976-Gladys11','27067116742','Lidia Ades',1,40750,1,'2022-10-06 11:11:31','2022-10-06 11:11:31',NULL);
INSERT INTO `claves_details` VALUES (368,193,NULL,'Gladys111',NULL,2,40750,1,'2022-10-06 11:11:31','2022-10-06 11:11:31',NULL),(375,193,NULL,'Alejandro2021',NULL,1,40753,1,'2022-10-12 10:50:56','2022-10-12 10:50:56',NULL),(376,193,NULL,'ALEJANDRO201',NULL,2,40753,1,'2022-10-12 10:50:56','2022-10-12 10:50:56',NULL),(405,193,NULL,'Alicia1946',NULL,1,40787,1,'2022-10-20 10:35:12','2022-10-20 10:35:12',NULL),(421,193,NULL,'Chespirito2290',NULL,1,40994,1,'2022-10-22 11:59:45','2022-10-22 11:59:45',NULL),(422,193,NULL,'Dejavu2290',NULL,3,40994,1,'2022-10-22 11:59:45','2022-10-22 11:59:45',NULL),(423,193,NULL,'Lukito2290.',NULL,2,40994,1,'2022-10-22 11:59:45','2022-10-22 11:59:45',NULL),(426,193,NULL,'Pablo197000.',NULL,1,40873,1,'2022-10-25 11:54:35','2022-10-25 11:54:35',NULL),(427,193,'MUNICIPALIDAD MORENO','6219',NULL,41,40873,1,'2022-10-25 11:54:35','2022-10-25 11:54:35',NULL),(434,193,NULL,'22Manularabonifacio',NULL,1,40785,1,'2022-10-26 10:04:15','2022-10-26 10:04:15',NULL),(437,193,NULL,'Lara110615',NULL,1,40985,1,'2022-10-26 12:25:22','2022-10-26 12:25:22',NULL),(438,193,NULL,'Lara110615',NULL,2,40985,1,'2022-10-26 12:25:22','2022-10-26 12:25:22',NULL),(444,193,NULL,'MMMary2021',NULL,1,40758,1,'2022-10-27 07:14:26','2022-10-27 07:14:26',NULL),(445,193,NULL,'RESISTI2020',NULL,2,40758,1,'2022-10-27 07:14:26','2022-10-27 07:14:26',NULL),(446,193,NULL,'Resisti2020',NULL,4,40758,1,'2022-10-27 07:14:26','2022-10-27 07:14:26',NULL),(447,193,'Felipe20','Resisti2',NULL,21,40758,1,'2022-10-27 07:14:26','2022-10-27 07:14:26',NULL),(448,193,NULL,'Resisti2020',NULL,3,40758,1,'2022-10-27 07:14:26','2022-10-27 07:14:26',NULL),(449,193,NULL,'Apleno2022',NULL,1,41498,1,'2022-10-30 09:18:14','2022-10-30 09:18:14',NULL),(452,193,NULL,'Pulpitis1965',NULL,1,40922,1,'2022-11-02 09:30:15','2022-11-02 09:30:15',NULL),(453,193,'Amelie10','Hectorleza',NULL,1,40922,1,'2022-11-02 09:30:15','2022-11-02 09:30:15',NULL),(454,193,NULL,'Arenal89000',NULL,1,40780,1,'2022-12-02 15:33:06','2022-12-02 15:33:06',NULL),(455,193,NULL,'Arenal890',NULL,2,40780,1,'2022-12-02 15:33:06','2022-12-02 15:33:06',NULL),(462,193,NULL,'Fenanda2022',NULL,1,40722,1,'2022-12-12 07:24:39','2022-12-12 07:24:39',NULL),(463,193,NULL,'Fernanda2021',NULL,2,40722,1,'2022-12-12 07:24:39','2022-12-12 07:24:39',NULL),(464,193,NULL,'Fernanda2018',NULL,3,40722,1,'2022-12-12 07:24:39','2022-12-12 07:24:39',NULL),(465,193,NULL,'Resistire2022',NULL,1,40782,1,'2022-12-14 07:30:44','2022-12-14 07:30:44',NULL),(466,193,NULL,'Resistire111',NULL,2,40782,1,'2022-12-14 07:30:44','2022-12-14 07:30:44',NULL),(467,193,NULL,'Resistire111',NULL,3,40782,1,'2022-12-14 07:30:44','2022-12-14 07:30:44',NULL),(468,193,'TRAMITE DNI','142983215',NULL,41,40782,1,'2022-12-14 07:30:44','2022-12-14 07:30:44',NULL),(469,193,NULL,'patente MWZ248',NULL,41,40782,1,'2022-12-14 07:30:44','2022-12-14 07:30:44',NULL),(470,193,NULL,'abl 3689294',NULL,41,40782,1,'2022-12-14 07:30:44','2022-12-14 07:30:44',NULL),(471,193,NULL,'cochera 3689064',NULL,41,40782,1,'2022-12-14 07:30:44','2022-12-14 07:30:44',NULL),(476,193,NULL,'Astutti2022',NULL,1,41617,1,'2023-01-06 16:50:00','2023-01-06 16:50:00',NULL),(477,193,NULL,'astutti2018',NULL,2,41617,1,'2023-01-06 16:50:00','2023-01-06 16:50:00',NULL),(479,193,NULL,'19Sebas74tian',NULL,1,40786,1,'2023-01-08 09:08:24','2023-01-08 09:08:24',NULL),(480,193,'MI ARGENTINA','LUCHO2021',NULL,41,40786,1,'2023-01-08 09:08:24','2023-01-08 09:08:24',NULL),(481,193,'SINATRA','SINATRA LUCHO2022',NULL,41,40786,1,'2023-01-08 09:08:24','2023-01-08 09:08:24',NULL),(482,193,NULL,'Steuern2022.',NULL,1,40897,1,'2023-01-09 07:42:27','2023-01-09 07:42:27',NULL),(483,193,NULL,'Uriarte1465',NULL,1,41138,1,'2023-01-09 08:08:19','2023-01-09 08:08:19',NULL),(484,193,NULL,'Apleno2021',NULL,2,41138,1,'2023-01-09 08:08:19','2023-01-09 08:08:19',NULL),(485,193,NULL,'Apleno2022',NULL,1,41127,1,'2023-01-09 08:14:14','2023-01-09 08:14:14',NULL),(486,193,NULL,'Apleno2021',NULL,2,41127,1,'2023-01-09 08:14:14','2023-01-09 08:14:14',NULL);
INSERT INTO `claves_details` VALUES (487,193,NULL,'Apleno2022',NULL,1,41126,1,'2023-01-09 08:31:15','2023-01-09 08:31:15',NULL),(488,193,NULL,'Marcelo2022',NULL,1,41619,1,'2023-01-09 10:36:28','2023-01-09 10:36:28',NULL),(489,193,NULL,'Ianina2022',NULL,1,41620,1,'2023-01-09 11:08:24','2023-01-09 11:08:24',NULL),(491,193,NULL,'Diciembre22',NULL,1,41622,1,'2023-01-09 11:40:53','2023-01-09 11:40:53',NULL),(492,193,NULL,'Sofimc.2013.',NULL,1,41621,1,'2023-01-09 11:45:29','2023-01-09 11:45:29',NULL),(493,193,NULL,'Cristina23',NULL,1,41559,1,'2023-01-09 16:15:51','2023-01-09 16:15:51',NULL),(494,193,NULL,'1958Cabral',NULL,1,40776,1,'2023-01-09 16:25:55','2023-01-09 16:25:55',NULL),(495,193,NULL,'Omhahum777',NULL,3,40776,1,'2023-01-09 16:25:55','2023-01-09 16:25:55',NULL),(496,193,NULL,'1958Cabral',NULL,41,40776,1,'2023-01-09 16:25:55','2023-01-09 16:25:55',NULL),(497,193,NULL,'Matebauti2022.',NULL,1,41623,1,'2023-01-10 08:11:56','2023-01-10 08:11:56',NULL),(498,193,NULL,'Resistire1',NULL,2,41623,1,'2023-01-10 08:11:56','2023-01-10 08:11:56',NULL),(499,193,NULL,'Hogugo2022',NULL,1,41624,1,'2023-01-10 08:27:14','2023-01-10 08:27:14',NULL),(500,193,'MI ARGENTINA','hogu2021',NULL,41,41624,1,'2023-01-10 08:27:14','2023-01-10 08:27:14',NULL),(501,193,NULL,'Melisarosen1989',NULL,1,40852,1,'2023-01-11 17:21:59','2023-01-11 17:21:59',NULL),(502,193,NULL,'Garutiluis1617',NULL,1,40778,1,'2023-01-12 19:43:52','2023-01-12 19:43:52',NULL),(503,193,'CABA','CABA','CABA',2,40778,1,'2023-01-12 19:43:52','2023-01-12 19:43:52',NULL),(504,193,'Garutiluis1617','TERUEL GONZALEZ 27188577739',NULL,1,40778,1,'2023-01-12 19:43:52','2023-01-12 19:43:52',NULL),(506,193,NULL,'Patricita15312020',NULL,1,41632,1,'2023-01-14 07:51:01','2023-01-14 07:51:01',NULL),(507,193,NULL,'Patricita15312020',NULL,2,41632,1,'2023-01-14 07:51:01','2023-01-14 07:51:01',NULL),(508,193,NULL,'Jusauneplu12',NULL,1,41633,1,'2023-01-14 09:28:58','2023-01-14 09:28:58',NULL),(511,193,NULL,'mecha1396L',NULL,1,41638,1,'2023-01-18 09:37:07','2023-01-18 09:37:07',NULL),(512,193,NULL,'Orne101431',NULL,1,41618,1,'2023-01-18 09:42:44','2023-01-18 09:42:44',NULL),(513,193,NULL,'Guzoval.22',NULL,1,41639,1,'2023-01-18 10:12:43','2023-01-18 10:12:43',NULL),(514,193,NULL,'Guzoval.222',NULL,2,41639,1,'2023-01-18 10:12:43','2023-01-18 10:12:43',NULL),(515,193,NULL,'Estudio1213',NULL,1,41143,1,'2023-01-18 10:28:47','2023-01-18 10:28:47',NULL),(516,193,NULL,'pepper',NULL,41,41143,1,'2023-01-18 10:28:47','2023-01-18 10:28:47',NULL),(519,193,NULL,'Peluca477',NULL,2,41641,1,'2023-01-18 10:42:42','2023-01-18 10:42:42',NULL),(520,193,NULL,'Peluca47**',NULL,1,41641,1,'2023-01-18 10:42:42','2023-01-18 10:42:42',NULL),(522,193,NULL,'Lamedicina2022',NULL,1,41656,1,'2023-01-19 17:52:23','2023-01-19 17:52:23',NULL);
DELIMITER ;;
/*!50003 CREATE*/ /*!50017 DEFINER=`forge`@`%`*/ /*!50003 TRIGGER `ClavesDetail_BD` BEFORE DELETE ON `claves_details` FOR EACH ROW insert into back_up_claves_details (clave,valor,comentario,clave_id,person_id,modificado)
values(old.clave,old.valor,old.comentario,old.clave_id,old.person_id,now()) */;;
DELIMITER ;

--
-- Table structure for table `claves_mails`
--

CREATE TABLE `claves_mails` (
  `id` int(10) unsigned NOT NULL AUTO_INCREMENT,
  `description` varchar(180) COLLATE utf8mb4_unicode_ci NOT NULL,
  `class` int(10) unsigned NOT NULL,
  `class_description` varchar(180) COLLATE utf8mb4_unicode_ci NOT NULL,
  `path` varchar(255) COLLATE utf8mb4_unicode_ci DEFAULT NULL,
  `created_at` timestamp NULL DEFAULT NULL,
  `updated_at` timestamp NULL DEFAULT NULL,
  PRIMARY KEY (`id`)
) ENGINE=InnoDB AUTO_INCREMENT=6 DEFAULT CHARSET=utf8mb4 COLLATE=utf8mb4_unicode_ci;

--
-- Dumping data for table `claves_mails`
--

INSERT INTO `claves_mails` VALUES (1,'Listado de Claves',1,'Claves','claves_mails/claves_listado',NULL,NULL),(3,'Listado de Mails',2,'Mails','claves_mails/mails_listado',NULL,NULL),(5,'Listado de Charlas',3,'Charlas','claves_mails/charlas_listado',NULL,NULL);

--
-- Table structure for table `cm_articulos_regimenes`
--

CREATE TABLE `cm_articulos_regimenes` (
  `id` int(10) unsigned NOT NULL AUTO_INCREMENT,
  `user_id` int(11) DEFAULT NULL,
  `descripcion` longtext COLLATE utf8mb4_unicode_ci,
  `codigo` int(11) DEFAULT NULL,
  `habilitado` tinyint(1) NOT NULL DEFAULT '0',
  `created_at` timestamp NULL DEFAULT NULL,
  `updated_at` timestamp NULL DEFAULT NULL,
  `deleted_at` timestamp NULL DEFAULT NULL,
  PRIMARY KEY (`id`)
) ENGINE=InnoDB AUTO_INCREMENT=11 DEFAULT CHARSET=utf8mb4 COLLATE=utf8mb4_unicode_ci;

--
-- Dumping data for table `cm_articulos_regimenes`
--

INSERT INTO `cm_articulos_regimenes` VALUES (1,NULL,'Articulo 2',2,1,'2021-07-26 03:32:44','2021-07-29 08:29:35',NULL),(2,NULL,'Articulo 6',6,0,'2021-07-26 03:32:44','2021-07-29 08:29:35',NULL),(3,NULL,'Articulo 7',7,0,'2021-07-26 03:32:44','2021-07-29 08:29:35',NULL),(4,NULL,'Articulo 8',8,0,'2021-07-26 03:32:44','2021-07-29 08:29:35',NULL),(5,NULL,'Articulo 9',9,0,'2021-07-26 03:32:44','2021-07-29 08:29:35',NULL),(6,NULL,'Articulo 10',10,0,'2021-07-26 03:32:44','2021-07-29 08:29:35',NULL),(7,NULL,'Articulo 11',11,0,'2021-07-26 03:32:44','2021-07-29 08:29:35',NULL),(8,NULL,'Articulo 12',12,0,'2021-07-26 03:32:44','2021-07-29 08:29:35',NULL),(9,NULL,'Articulo 13',13,0,'2021-07-26 03:32:44','2021-07-29 08:29:35',NULL),(10,NULL,'Articulo 14',14,1,'2021-07-26 03:32:44','2021-07-29 08:29:35',NULL);

--
-- Table structure for table `cobradores`
--

CREATE TABLE `cobradores` (
  `id` bigint(20) unsigned NOT NULL AUTO_INCREMENT,
  `descripcion` text COLLATE utf8mb4_unicode_ci NOT NULL,
  `habilitado` tinyint(1) NOT NULL DEFAULT '1',
  `created_at` timestamp NULL DEFAULT NULL,
  `updated_at` timestamp NULL DEFAULT NULL,
  `deleted_at` timestamp NULL DEFAULT NULL,
  PRIMARY KEY (`id`)
) ENGINE=InnoDB DEFAULT CHARSET=utf8mb4 COLLATE=utf8mb4_unicode_ci;

--
-- Dumping data for table `cobradores`
--


--
-- Table structure for table `condicion_frente_al_iva`
--

CREATE TABLE `condicion_frente_al_iva` (
  `id` int(10) unsigned NOT NULL AUTO_INCREMENT,
  `user_id` int(10) unsigned DEFAULT NULL,
  `codigo_afip` int(11) DEFAULT NULL,
  `descripcion` text COLLATE utf8mb4_unicode_ci NOT NULL,
  `show_comprobantes_a` tinyint(1) NOT NULL DEFAULT '0',
  `show_comprobantes_b` tinyint(1) NOT NULL DEFAULT '0',
  `habilitado` tinyint(1) NOT NULL DEFAULT '1',
  `created_at` timestamp NULL DEFAULT NULL,
  `updated_at` timestamp NULL DEFAULT NULL,
  `deleted_at` timestamp NULL DEFAULT NULL,
  PRIMARY KEY (`id`)
) ENGINE=InnoDB AUTO_INCREMENT=17 DEFAULT CHARSET=utf8mb4 COLLATE=utf8mb4_unicode_ci;

--
-- Dumping data for table `condicion_frente_al_iva`
--

INSERT INTO `condicion_frente_al_iva` VALUES (1,NULL,1,'IVA Responsable Inscripto',1,0,1,NULL,NULL,NULL),(2,NULL,2,'IVA Responsable no Inscripto',0,0,1,NULL,NULL,NULL),(3,NULL,3,'IVA no Responsable',0,0,1,NULL,NULL,NULL),(4,NULL,4,'IVA Sujeto Exento',0,1,1,NULL,NULL,NULL),(5,NULL,5,'Consumidor Final',0,1,1,NULL,NULL,NULL),(6,NULL,6,'Responsable Monotributo',1,0,1,NULL,NULL,NULL),(7,NULL,7,'Sujeto no Categorizado',0,1,1,NULL,NULL,NULL),(8,NULL,8,'Proveedor del Exterior',0,1,1,NULL,NULL,NULL),(9,NULL,9,'Cliente del Exterior',0,1,1,NULL,NULL,NULL),(10,NULL,10,'IVA Liberado – Ley Nº 19.640',0,1,1,NULL,NULL,NULL),(11,NULL,11,'IVA Responsable Inscripto – Agente de Percepción',0,0,1,NULL,NULL,NULL),(12,NULL,12,'Pequeño Contribuyente Eventual',0,0,1,NULL,NULL,NULL),(13,NULL,13,'Monotributista Social',1,0,1,NULL,NULL,NULL),(14,NULL,14,'Pequeño Contribuyente Eventual Social',0,0,1,NULL,NULL,NULL),(15,NULL,NULL,'Monotributista Trabajador Independiente Promovido',1,0,1,NULL,NULL,NULL),(16,NULL,NULL,'IVA No Alcanzado',0,1,1,NULL,NULL,NULL);

--
-- Table structure for table `condiciones_venta`
--

CREATE TABLE `condiciones_venta` (
  `id` int(10) unsigned NOT NULL AUTO_INCREMENT,
  `descripcion` varchar(100) COLLATE utf8mb4_unicode_ci NOT NULL,
  `created_at` timestamp NULL DEFAULT NULL,
  `updated_at` timestamp NULL DEFAULT NULL,
  PRIMARY KEY (`id`)
) ENGINE=InnoDB AUTO_INCREMENT=9 DEFAULT CHARSET=utf8mb4 COLLATE=utf8mb4_unicode_ci;

--
-- Dumping data for table `condiciones_venta`
--

INSERT INTO `condiciones_venta` VALUES (1,'Contado',NULL,NULL),(2,'Tarjeta de Debito',NULL,NULL),(3,'Tarjeta de Credito',NULL,NULL),(4,'Cuenta Corriente',NULL,NULL),(5,'Cheque',NULL,NULL),(6,'Ticket',NULL,NULL),(7,'Transferencia',NULL,NULL),(8,'Otra',NULL,NULL);

--
-- Table structure for table `consultas`
--

CREATE TABLE `consultas` (
  `id` int(10) unsigned NOT NULL AUTO_INCREMENT,
  `user_id` int(11) DEFAULT NULL,
  `descripcion` varchar(191) COLLATE utf8mb4_unicode_ci DEFAULT NULL,
  `habilitado` tinyint(1) NOT NULL DEFAULT '1',
  `created_at` timestamp NULL DEFAULT NULL,
  `updated_at` timestamp NULL DEFAULT NULL,
  `deleted_at` timestamp NULL DEFAULT NULL,
  PRIMARY KEY (`id`)
) ENGINE=InnoDB AUTO_INCREMENT=4 DEFAULT CHARSET=utf8mb4 COLLATE=utf8mb4_unicode_ci;

--
-- Dumping data for table `consultas`
--

INSERT INTO `consultas` VALUES (1,NULL,'Estado Liquidaciones',1,NULL,NULL,NULL),(2,NULL,'Consumo',1,NULL,NULL,NULL),(3,NULL,'Resultado Liquidacion Hijas',1,'2023-03-12 23:45:14','2023-03-12 23:45:14',NULL);

--
-- Table structure for table `consultas_aux`
--

CREATE TABLE `consultas_aux` (
  `id` int(10) unsigned NOT NULL AUTO_INCREMENT,
  `user_id` int(11) DEFAULT NULL,
  `consulta_id` int(10) unsigned NOT NULL,
  `person_id` int(10) unsigned DEFAULT NULL,
  `descripcion` longtext COLLATE utf8mb4_unicode_ci,
  `estado` tinyint(1) NOT NULL DEFAULT '0',
  `created_at` timestamp NULL DEFAULT NULL,
  `updated_at` timestamp NULL DEFAULT NULL,
  `deleted_at` timestamp NULL DEFAULT NULL,
  PRIMARY KEY (`id`),
  KEY `consultas_aux_consulta_id_foreign` (`consulta_id`),
  KEY `consultas_aux_person_id_foreign` (`person_id`),
  CONSTRAINT `consultas_aux_consulta_id_foreign` FOREIGN KEY (`consulta_id`) REFERENCES `consultas` (`id`),
  CONSTRAINT `consultas_aux_person_id_foreign` FOREIGN KEY (`person_id`) REFERENCES `persons` (`id`)
) ENGINE=InnoDB AUTO_INCREMENT=10 DEFAULT CHARSET=utf8mb4 COLLATE=utf8mb4_unicode_ci;

--
-- Dumping data for table `consultas_aux`
--

INSERT INTO `consultas_aux` VALUES (9,NULL,1,NULL,'[{\"id\":41126,\"user_id\":193,\"field_name1\":\"A pleno\",\"field_name2\":null,\"document_type\":\"cuit\",\"document\":\"30-71678221-9\",\"cond_frente_al_iva_id\":null,\"country_id\":null,\"state_id\":null,\"zone_id\":null,\"plan_cuenta_id\":null,\"iva_creditos_tipo_id\":null,\"created_at\":\"2022-09-28T09:58:53.000000Z\",\"updated_at\":\"2022-11-02T09:54:00.000000Z\",\"activity_id\":null,\"address\":null,\"person_type_id\":2,\"fa_iva_condition_id\":null,\"fa_codigo_postal\":null,\"email\":null,\"deleted_at\":null,\"status_liq_sueldos\":\"Sin Usar\",\"estado\":\"INCOMPLETO\",\"otros\":\"\",\"configuration\":[{\"id\":136,\"user_id\":193,\"person_id\":41126,\"period_id\":null,\"zone_id\":null,\"settle_calc_by_coef\":0,\"created_at\":\"2022-09-28T09:58:53.000000Z\",\"updated_at\":\"2023-01-07T21:49:30.000000Z\",\"active\":2,\"enviarMail\":1,\"honorario\":\"8930.25\",\"cta_cte_tesoreria_cuenta_id\":null,\"month_close\":12,\"iva_condition_id\":2,\"obligation_sell\":0,\"obligation_buy\":0,\"obligation_iva\":0,\"obligation_electronic_receipt\":0,\"obligation_iibb\":1,\"obligation_other_taxes\":null,\"liquidation_start_period\":\"2022-01\",\"obligation_salaries\":1,\"empleada_domestica\":0,\"prorratear_iva\":0,\"is_itc\":0,\"priority_order\":null,\"person_id_administrador\":41126,\"person_id_titular\":41126,\"logo_path\":null,\"certificado_afip_path\":null,\"llave_afip_path\":null,\"access_electronic_receipt\":0,\"ruta_logo_fa\":null,\"inicio_actividades\":\"2022-09-28T03:00:00.000000Z\",\"iibb\":null,\"fe_leyenda\":null,\"atencion_iva\":0,\"atencion_iva_comentario\":null,\"atencion_iibb\":0,\"atencion_iibb_comentario\":null,\"deleted_at\":null}],\"liquidador\":null,\"periods\":[{\"id\":155246,\"user_id\":null,\"code\":\"2023-01\",\"year\":2023,\"period_number\":1,\"date_from\":\"2023-01-01\",\"date_to\":\"2023-01-31\",\"created_at\":null,\"updated_at\":null,\"person_id\":41126,\"conta_status\":0,\"deleted_at\":null,\"syj_periods_status_id\":1,\"syj_sin_asiento\":0,\"syj_asiento_modificado\":0,\"syj_periods_status_emp_dom_id\":1,\"syj_periods_status_emp_dom\":{\"id\":1,\"user_id\":null,\"descripcion\":\"Sin Usar\",\"habilitado\":1,\"created_at\":null,\"updated_at\":null,\"deleted_at\":null},\"syj_periods_status\":{\"id\":1,\"user_id\":null,\"descripcion\":\"Sin Usar\",\"habilitado\":1,\"created_at\":null,\"updated_at\":null,\"deleted_at\":null}}]},{\"id\":40897,\"user_id\":193,\"field_name1\":\"Barth Iris Dagmar\",\"field_name2\":null,\"document_type\":\"cuit\",\"document\":\"27-94644893-7\",\"cond_frente_al_iva_id\":null,\"country_id\":null,\"state_id\":null,\"zone_id\":null,\"plan_cuenta_id\":null,\"iva_creditos_tipo_id\":null,\"created_at\":\"2022-09-06T10:13:42.000000Z\",\"updated_at\":\"2022-09-06T10:13:42.000000Z\",\"activity_id\":null,\"address\":null,\"person_type_id\":1,\"fa_iva_condition_id\":null,\"fa_codigo_postal\":null,\"email\":null,\"deleted_at\":null,\"status_liq_iva\":\"Pendiente\",\"estado\":\"INCOMPLETO\",\"otros\":\"\",\"configuration\":[{\"id\":105,\"user_id\":193,\"person_id\":40897,\"period_id\":null,\"zone_id\":null,\"settle_calc_by_coef\":0,\"created_at\":\"2022-09-06T10:13:42.000000Z\",\"updated_at\":\"2023-01-09T19:16:39.000000Z\",\"active\":2,\"enviarMail\":1,\"honorario\":\"4725.00\",\"cta_cte_tesoreria_cuenta_id\":null,\"month_close\":12,\"iva_condition_id\":2,\"obligation_sell\":1,\"obligation_buy\":1,\"obligation_iva\":1,\"obligation_electronic_receipt\":1,\"obligation_iibb\":1,\"obligation_other_taxes\":null,\"liquidation_start_period\":\"2022-01\",\"obligation_salaries\":0,\"empleada_domestica\":0,\"prorratear_iva\":0,\"is_itc\":0,\"priority_order\":null,\"person_id_administrador\":40897,\"person_id_titular\":40897,\"logo_path\":null,\"certificado_afip_path\":null,\"llave_afip_path\":null,\"access_electronic_receipt\":0,\"ruta_logo_fa\":null,\"inicio_actividades\":\"2022-09-27T03:00:00.000000Z\",\"iibb\":null,\"fe_leyenda\":null,\"atencion_iva\":0,\"atencion_iva_comentario\":null,\"atencion_iibb\":0,\"atencion_iibb_comentario\":null,\"deleted_at\":null}],\"liquidador\":null,\"periods\":[{\"id\":106808,\"user_id\":null,\"code\":\"2023-01\",\"year\":2023,\"period_number\":1,\"date_from\":\"2023-01-01\",\"date_to\":\"2023-01-31\",\"created_at\":null,\"updated_at\":null,\"person_id\":40897,\"conta_status\":0,\"deleted_at\":null,\"syj_periods_status_id\":1,\"syj_sin_asiento\":0,\"syj_asiento_modificado\":0,\"syj_periods_status_emp_dom_id\":1,\"syj_periods_status_emp_dom\":{\"id\":1,\"user_id\":null,\"descripcion\":\"Sin Usar\",\"habilitado\":1,\"created_at\":null,\"updated_at\":null,\"deleted_at\":null},\"syj_periods_status\":{\"id\":1,\"user_id\":null,\"descripcion\":\"Sin Usar\",\"habilitado\":1,\"created_at\":null,\"updated_at\":null,\"deleted_at\":null}}]},{\"id\":40753,\"user_id\":193,\"field_name1\":\"BERTOLI ALEJANDRO\",\"field_name2\":null,\"document_type\":\"cuit\",\"document\":\"20-14569982-8\",\"cond_frente_al_iva_id\":null,\"country_id\":null,\"state_id\":null,\"zone_id\":null,\"plan_cuenta_id\":null,\"iva_creditos_tipo_id\":null,\"created_at\":\"2021-09-08T13:47:03.000000Z\",\"updated_at\":\"2021-09-08T13:47:03.000000Z\",\"activity_id\":null,\"address\":null,\"person_type_id\":1,\"fa_iva_condition_id\":null,\"fa_codigo_postal\":null,\"email\":null,\"deleted_at\":null,\"status_liq_iibb\":\"Pendiente\",\"estado\":\"INCOMPLETO\",\"otros\":\"\",\"configuration\":[{\"id\":39,\"user_id\":193,\"person_id\":40753,\"period_id\":null,\"zone_id\":null,\"settle_calc_by_coef\":0,\"created_at\":\"2021-09-08T13:47:04.000000Z\",\"updated_at\":\"2023-01-09T19:16:39.000000Z\",\"active\":2,\"enviarMail\":1,\"honorario\":\"10500.00\",\"cta_cte_tesoreria_cuenta_id\":null,\"month_close\":12,\"iva_condition_id\":2,\"obligation_sell\":0,\"obligation_buy\":0,\"obligation_iva\":0,\"obligation_electronic_receipt\":0,\"obligation_iibb\":2,\"obligation_other_taxes\":null,\"liquidation_start_period\":\"2022-01\",\"obligation_salaries\":0,\"empleada_domestica\":0,\"prorratear_iva\":0,\"is_itc\":0,\"priority_order\":2,\"person_id_administrador\":40753,\"person_id_titular\":40753,\"logo_path\":null,\"certificado_afip_path\":null,\"llave_afip_path\":null,\"access_electronic_receipt\":0,\"ruta_logo_fa\":null,\"inicio_actividades\":\"2022-09-17T03:00:00.000000Z\",\"iibb\":null,\"fe_leyenda\":null,\"atencion_iva\":0,\"atencion_iva_comentario\":null,\"atencion_iibb\":0,\"atencion_iibb_comentario\":null,\"deleted_at\":null}],\"liquidador\":null,\"periods\":[{\"id\":178310,\"user_id\":null,\"code\":\"2023-01\",\"year\":2023,\"period_number\":1,\"date_from\":\"2023-01-01\",\"date_to\":\"2023-01-31\",\"created_at\":null,\"updated_at\":null,\"person_id\":40753,\"conta_status\":0,\"deleted_at\":null,\"syj_periods_status_id\":1,\"syj_sin_asiento\":0,\"syj_asiento_modificado\":0,\"syj_periods_status_emp_dom_id\":1,\"syj_periods_status_emp_dom\":{\"id\":1,\"user_id\":null,\"descripcion\":\"Sin Usar\",\"habilitado\":1,\"created_at\":null,\"updated_at\":null,\"deleted_at\":null},\"syj_periods_status\":{\"id\":1,\"user_id\":null,\"descripcion\":\"Sin Usar\",\"habilitado\":1,\"created_at\":null,\"updated_at\":null,\"deleted_at\":null}}]},{\"id\":40782,\"user_id\":193,\"field_name1\":\"BLACONA MARIA TERESA\",\"field_name2\":null,\"document_type\":\"cuit\",\"document\":\"27-06140268-9\",\"cond_frente_al_iva_id\":null,\"country_id\":null,\"state_id\":null,\"zone_id\":null,\"plan_cuenta_id\":null,\"iva_creditos_tipo_id\":null,\"created_at\":\"2022-05-18T11:43:14.000000Z\",\"updated_at\":\"2022-05-18T13:08:00.000000Z\",\"activity_id\":null,\"address\":null,\"person_type_id\":1,\"fa_iva_condition_id\":null,\"fa_codigo_postal\":null,\"email\":null,\"deleted_at\":null,\"status_liq_iva\":\"Pendiente\",\"status_liq_iibb\":\"Pendiente\",\"estado\":\"INCOMPLETO\",\"otros\":\"\",\"configuration\":[{\"id\":68,\"user_id\":193,\"person_id\":40782,\"period_id\":null,\"zone_id\":null,\"settle_calc_by_coef\":0,\"created_at\":\"2022-05-18T11:43:15.000000Z\",\"updated_at\":\"2023-01-09T19:16:39.000000Z\",\"active\":2,\"enviarMail\":1,\"honorario\":\"15400.00\",\"cta_cte_tesoreria_cuenta_id\":null,\"month_close\":12,\"iva_condition_id\":2,\"obligation_sell\":1,\"obligation_buy\":1,\"obligation_iva\":1,\"obligation_electronic_receipt\":0,\"obligation_iibb\":2,\"obligation_other_taxes\":null,\"liquidation_start_period\":\"2021-09\",\"obligation_salaries\":0,\"empleada_domestica\":0,\"prorratear_iva\":0,\"is_itc\":0,\"priority_order\":2,\"person_id_administrador\":40782,\"person_id_titular\":40782,\"logo_path\":null,\"certificado_afip_path\":null,\"llave_afip_path\":null,\"access_electronic_receipt\":0,\"ruta_logo_fa\":null,\"inicio_actividades\":\"2022-05-18T03:00:00.000000Z\",\"iibb\":null,\"fe_leyenda\":null,\"atencion_iva\":0,\"atencion_iva_comentario\":null,\"atencion_iibb\":0,\"atencion_iibb_comentario\":null,\"deleted_at\":null}],\"liquidador\":null,\"periods\":[{\"id\":50700,\"user_id\":null,\"code\":\"2023-01\",\"year\":2023,\"period_number\":1,\"date_from\":\"2023-01-01\",\"date_to\":\"2023-01-31\",\"created_at\":null,\"updated_at\":null,\"person_id\":40782,\"conta_status\":0,\"deleted_at\":null,\"syj_periods_status_id\":1,\"syj_sin_asiento\":0,\"syj_asiento_modificado\":0,\"syj_periods_status_emp_dom_id\":1,\"syj_periods_status_emp_dom\":{\"id\":1,\"user_id\":null,\"descripcion\":\"Sin Usar\",\"habilitado\":1,\"created_at\":null,\"updated_at\":null,\"deleted_at\":null},\"syj_periods_status\":{\"id\":1,\"user_id\":null,\"descripcion\":\"Sin Usar\",\"habilitado\":1,\"created_at\":null,\"updated_at\":null,\"deleted_at\":null}}]},{\"id\":41143,\"user_id\":193,\"field_name1\":\"GARROCHO MARTIN\",\"field_name2\":null,\"document_type\":\"cuit\",\"document\":\"20-28642079-7\",\"cond_frente_al_iva_id\":null,\"country_id\":null,\"state_id\":null,\"zone_id\":null,\"plan_cuenta_id\":null,\"iva_creditos_tipo_id\":null,\"created_at\":\"2022-09-30T20:36:24.000000Z\",\"updated_at\":\"2022-09-30T20:36:24.000000Z\",\"activity_id\":null,\"address\":null,\"person_type_id\":1,\"fa_iva_condition_id\":null,\"fa_codigo_postal\":null,\"email\":null,\"deleted_at\":null,\"status_liq_iva\":\"Pendiente\",\"status_liq_iibb\":\"Pendiente\",\"estado\":\"INCOMPLETO\",\"otros\":\"\",\"configuration\":[{\"id\":148,\"user_id\":193,\"person_id\":41143,\"period_id\":null,\"zone_id\":null,\"settle_calc_by_coef\":0,\"created_at\":\"2022-09-30T20:36:25.000000Z\",\"updated_at\":\"2023-01-09T19:16:39.000000Z\",\"active\":2,\"enviarMail\":1,\"honorario\":\"55000.00\",\"cta_cte_tesoreria_cuenta_id\":null,\"month_close\":12,\"iva_condition_id\":2,\"obligation_sell\":1,\"obligation_buy\":1,\"obligation_iva\":1,\"obligation_electronic_receipt\":1,\"obligation_iibb\":2,\"obligation_other_taxes\":null,\"liquidation_start_period\":\"2022-09\",\"obligation_salaries\":0,\"empleada_domestica\":0,\"prorratear_iva\":0,\"is_itc\":0,\"priority_order\":null,\"person_id_administrador\":41143,\"person_id_titular\":41143,\"logo_path\":null,\"certificado_afip_path\":null,\"llave_afip_path\":null,\"access_electronic_receipt\":0,\"ruta_logo_fa\":null,\"inicio_actividades\":\"-000001-11-30T03:53:48.000000Z\",\"iibb\":null,\"fe_leyenda\":null,\"atencion_iva\":0,\"atencion_iva_comentario\":null,\"atencion_iibb\":0,\"atencion_iibb_comentario\":null,\"deleted_at\":null}],\"liquidador\":null,\"periods\":[{\"id\":173418,\"user_id\":null,\"code\":\"2023-01\",\"year\":2023,\"period_number\":1,\"date_from\":\"2023-01-01\",\"date_to\":\"2023-01-31\",\"created_at\":null,\"updated_at\":null,\"person_id\":41143,\"conta_status\":0,\"deleted_at\":null,\"syj_periods_status_id\":1,\"syj_sin_asiento\":0,\"syj_asiento_modificado\":0,\"syj_periods_status_emp_dom_id\":1,\"syj_periods_status_emp_dom\":{\"id\":1,\"user_id\":null,\"descripcion\":\"Sin Usar\",\"habilitado\":1,\"created_at\":null,\"updated_at\":null,\"deleted_at\":null},\"syj_periods_status\":{\"id\":1,\"user_id\":null,\"descripcion\":\"Sin Usar\",\"habilitado\":1,\"created_at\":null,\"updated_at\":null,\"deleted_at\":null}}]},{\"id\":40778,\"user_id\":193,\"field_name1\":\"GARUTI LUIS\",\"field_name2\":null,\"document_type\":\"cuit\",\"document\":\"20-16893969-9\",\"cond_frente_al_iva_id\":null,\"country_id\":null,\"state_id\":null,\"zone_id\":null,\"plan_cuenta_id\":null,\"iva_creditos_tipo_id\":null,\"created_at\":\"2021-11-02T14:13:28.000000Z\",\"updated_at\":\"2021-11-02T14:13:28.000000Z\",\"activity_id\":null,\"address\":null,\"person_type_id\":1,\"fa_iva_condition_id\":null,\"fa_codigo_postal\":null,\"email\":null,\"deleted_at\":null,\"status_liq_iibb\":\"Pendiente\",\"estado\":\"INCOMPLETO\",\"otros\":\"\",\"configuration\":[{\"id\":64,\"user_id\":193,\"person_id\":40778,\"period_id\":null,\"zone_id\":null,\"settle_calc_by_coef\":0,\"created_at\":\"2021-11-02T14:13:28.000000Z\",\"updated_at\":\"2023-01-09T19:16:39.000000Z\",\"active\":2,\"enviarMail\":1,\"honorario\":\"6000.00\",\"cta_cte_tesoreria_cuenta_id\":null,\"month_close\":12,\"iva_condition_id\":1,\"obligation_sell\":1,\"obligation_buy\":0,\"obligation_iva\":0,\"obligation_electronic_receipt\":1,\"obligation_iibb\":2,\"obligation_other_taxes\":null,\"liquidation_start_period\":\"2021-01\",\"obligation_salaries\":0,\"empleada_domestica\":0,\"prorratear_iva\":0,\"is_itc\":0,\"priority_order\":2,\"person_id_administrador\":40778,\"person_id_titular\":40778,\"logo_path\":null,\"certificado_afip_path\":null,\"llave_afip_path\":null,\"access_electronic_receipt\":0,\"ruta_logo_fa\":null,\"inicio_actividades\":\"2022-05-12T03:00:00.000000Z\",\"iibb\":null,\"fe_leyenda\":null,\"atencion_iva\":0,\"atencion_iva_comentario\":null,\"atencion_iibb\":0,\"atencion_iibb_comentario\":null,\"deleted_at\":null}],\"liquidador\":null,\"periods\":[{\"id\":179129,\"user_id\":null,\"code\":\"2023-01\",\"year\":2023,\"period_number\":1,\"date_from\":\"2023-01-01\",\"date_to\":\"2023-01-31\",\"created_at\":null,\"updated_at\":null,\"person_id\":40778,\"conta_status\":0,\"deleted_at\":null,\"syj_periods_status_id\":1,\"syj_sin_asiento\":0,\"syj_asiento_modificado\":0,\"syj_periods_status_emp_dom_id\":1,\"syj_periods_status_emp_dom\":{\"id\":1,\"user_id\":null,\"descripcion\":\"Sin Usar\",\"habilitado\":1,\"created_at\":null,\"updated_at\":null,\"deleted_at\":null},\"syj_periods_status\":{\"id\":1,\"user_id\":null,\"descripcion\":\"Sin Usar\",\"habilitado\":1,\"created_at\":null,\"updated_at\":null,\"deleted_at\":null}}]},{\"id\":40994,\"user_id\":193,\"field_name1\":\"LEPETIVINS SRL\",\"field_name2\":null,\"document_type\":\"cuit\",\"document\":\"30-71728059-4\",\"cond_frente_al_iva_id\":null,\"country_id\":null,\"state_id\":null,\"zone_id\":null,\"plan_cuenta_id\":null,\"iva_creditos_tipo_id\":null,\"created_at\":\"2022-09-22T10:44:33.000000Z\",\"updated_at\":\"2022-09-22T10:44:33.000000Z\",\"activity_id\":null,\"address\":null,\"person_type_id\":2,\"fa_iva_condition_id\":null,\"fa_codigo_postal\":null,\"email\":null,\"deleted_at\":null,\"status_liq_iva\":\"Pendiente\",\"status_liq_iibb\":\"Pendiente\",\"estado\":\"INCOMPLETO\",\"otros\":\"\",\"configuration\":[{\"id\":134,\"user_id\":193,\"person_id\":40994,\"period_id\":null,\"zone_id\":null,\"settle_calc_by_coef\":0,\"created_at\":\"2022-09-22T10:44:33.000000Z\",\"updated_at\":\"2023-01-09T19:16:39.000000Z\",\"active\":2,\"enviarMail\":1,\"honorario\":\"19200.00\",\"cta_cte_tesoreria_cuenta_id\":null,\"month_close\":12,\"iva_condition_id\":2,\"obligation_sell\":1,\"obligation_buy\":1,\"obligation_iva\":1,\"obligation_electronic_receipt\":1,\"obligation_iibb\":4,\"obligation_other_taxes\":null,\"liquidation_start_period\":\"2022-01\",\"obligation_salaries\":0,\"empleada_domestica\":0,\"prorratear_iva\":0,\"is_itc\":0,\"priority_order\":1,\"person_id_administrador\":40775,\"person_id_titular\":40775,\"logo_path\":null,\"certificado_afip_path\":null,\"llave_afip_path\":null,\"access_electronic_receipt\":0,\"ruta_logo_fa\":null,\"inicio_actividades\":\"2022-10-21T03:00:00.000000Z\",\"iibb\":null,\"fe_leyenda\":null,\"atencion_iva\":0,\"atencion_iva_comentario\":null,\"atencion_iibb\":0,\"atencion_iibb_comentario\":null,\"deleted_at\":null}],\"liquidador\":null,\"periods\":[{\"id\":152183,\"user_id\":null,\"code\":\"2023-01\",\"year\":2023,\"period_number\":1,\"date_from\":\"2023-01-01\",\"date_to\":\"2023-01-31\",\"created_at\":null,\"updated_at\":null,\"person_id\":40994,\"conta_status\":0,\"deleted_at\":null,\"syj_periods_status_id\":1,\"syj_sin_asiento\":0,\"syj_asiento_modificado\":0,\"syj_periods_status_emp_dom_id\":1,\"syj_periods_status_emp_dom\":{\"id\":1,\"user_id\":null,\"descripcion\":\"Sin Usar\",\"habilitado\":1,\"created_at\":null,\"updated_at\":null,\"deleted_at\":null},\"syj_periods_status\":{\"id\":1,\"user_id\":null,\"descripcion\":\"Sin Usar\",\"habilitado\":1,\"created_at\":null,\"updated_at\":null,\"deleted_at\":null}}]},{\"id\":40922,\"user_id\":193,\"field_name1\":\"leza hector\",\"field_name2\":null,\"document_type\":\"cuit\",\"document\":\"20-17634402-5\",\"cond_frente_al_iva_id\":null,\"country_id\":null,\"state_id\":null,\"zone_id\":null,\"plan_cuenta_id\":null,\"iva_creditos_tipo_id\":null,\"created_at\":\"2022-09-08T11:51:03.000000Z\",\"updated_at\":\"2022-09-08T11:51:03.000000Z\",\"activity_id\":null,\"address\":null,\"person_type_id\":1,\"fa_iva_condition_id\":null,\"fa_codigo_postal\":null,\"email\":null,\"deleted_at\":null,\"status_liq_iibb\":\"Pendiente\",\"status_liq_sueldos\":\"Sin Usar\",\"estado\":\"INCOMPLETO\",\"otros\":\"\",\"configuration\":[{\"id\":106,\"user_id\":193,\"person_id\":40922,\"period_id\":null,\"zone_id\":null,\"settle_calc_by_coef\":0,\"created_at\":\"2022-09-08T11:51:04.000000Z\",\"updated_at\":\"2023-01-09T19:16:39.000000Z\",\"active\":2,\"enviarMail\":1,\"honorario\":\"19000.00\",\"cta_cte_tesoreria_cuenta_id\":null,\"month_close\":12,\"iva_condition_id\":1,\"obligation_sell\":0,\"obligation_buy\":0,\"obligation_iva\":0,\"obligation_electronic_receipt\":0,\"obligation_iibb\":3,\"obligation_other_taxes\":null,\"liquidation_start_period\":\"2021-10\",\"obligation_salaries\":1,\"empleada_domestica\":0,\"prorratear_iva\":0,\"is_itc\":0,\"priority_order\":null,\"person_id_administrador\":40922,\"person_id_titular\":40922,\"logo_path\":null,\"certificado_afip_path\":null,\"llave_afip_path\":null,\"access_electronic_receipt\":0,\"ruta_logo_fa\":null,\"inicio_actividades\":\"2022-09-08T03:00:00.000000Z\",\"iibb\":null,\"fe_leyenda\":null,\"atencion_iva\":0,\"atencion_iva_comentario\":null,\"atencion_iibb\":0,\"atencion_iibb_comentario\":null,\"deleted_at\":null}],\"liquidador\":null,\"periods\":[{\"id\":109763,\"user_id\":null,\"code\":\"2023-01\",\"year\":2023,\"period_number\":1,\"date_from\":\"2023-01-01\",\"date_to\":\"2023-01-31\",\"created_at\":null,\"updated_at\":null,\"person_id\":40922,\"conta_status\":0,\"deleted_at\":null,\"syj_periods_status_id\":1,\"syj_sin_asiento\":0,\"syj_asiento_modificado\":0,\"syj_periods_status_emp_dom_id\":1,\"syj_periods_status_emp_dom\":{\"id\":1,\"user_id\":null,\"descripcion\":\"Sin Usar\",\"habilitado\":1,\"created_at\":null,\"updated_at\":null,\"deleted_at\":null},\"syj_periods_status\":{\"id\":1,\"user_id\":null,\"descripcion\":\"Sin Usar\",\"habilitado\":1,\"created_at\":null,\"updated_at\":null,\"deleted_at\":null}}]},{\"id\":40815,\"user_id\":193,\"field_name1\":\"LG ASOCIADOS\",\"field_name2\":null,\"document_type\":\"cuit\",\"document\":\"20-11385826-6\",\"cond_frente_al_iva_id\":null,\"country_id\":null,\"state_id\":null,\"zone_id\":null,\"plan_cuenta_id\":null,\"iva_creditos_tipo_id\":null,\"created_at\":\"2022-08-10T18:37:02.000000Z\",\"updated_at\":\"2022-08-10T18:37:02.000000Z\",\"activity_id\":null,\"address\":\"Avenida del Formentista 3040\",\"person_type_id\":1,\"fa_iva_condition_id\":null,\"fa_codigo_postal\":null,\"email\":null,\"deleted_at\":null,\"status_liq_iva\":\"Pendiente\",\"status_liq_iibb\":\"Pendiente\",\"status_liq_sueldos\":\"Sin Usar\",\"estado\":\"INCOMPLETO\",\"otros\":\"\",\"configuration\":[{\"id\":100,\"user_id\":193,\"person_id\":40815,\"period_id\":null,\"zone_id\":null,\"settle_calc_by_coef\":0,\"created_at\":\"2022-08-10T18:37:02.000000Z\",\"updated_at\":\"2023-01-09T19:16:39.000000Z\",\"active\":2,\"enviarMail\":1,\"honorario\":\"0.00\",\"cta_cte_tesoreria_cuenta_id\":null,\"month_close\":12,\"iva_condition_id\":2,\"obligation_sell\":1,\"obligation_buy\":1,\"obligation_iva\":1,\"obligation_electronic_receipt\":0,\"obligation_iibb\":4,\"obligation_other_taxes\":null,\"liquidation_start_period\":\"2022-01\",\"obligation_salaries\":1,\"empleada_domestica\":0,\"prorratear_iva\":0,\"is_itc\":0,\"priority_order\":3,\"person_id_administrador\":40815,\"person_id_titular\":40815,\"logo_path\":null,\"certificado_afip_path\":null,\"llave_afip_path\":null,\"access_electronic_receipt\":0,\"ruta_logo_fa\":null,\"inicio_actividades\":\"2021-12-31T03:00:00.000000Z\",\"iibb\":\"20113858266\",\"fe_leyenda\":null,\"atencion_iva\":0,\"atencion_iva_comentario\":null,\"atencion_iibb\":0,\"atencion_iibb_comentario\":null,\"deleted_at\":null}],\"liquidador\":null,\"periods\":[{\"id\":99231,\"user_id\":null,\"code\":\"2023-01\",\"year\":2023,\"period_number\":1,\"date_from\":\"2023-01-01\",\"date_to\":\"2023-01-31\",\"created_at\":null,\"updated_at\":null,\"person_id\":40815,\"conta_status\":0,\"deleted_at\":null,\"syj_periods_status_id\":1,\"syj_sin_asiento\":0,\"syj_asiento_modificado\":0,\"syj_periods_status_emp_dom_id\":1,\"syj_periods_status_emp_dom\":{\"id\":1,\"user_id\":null,\"descripcion\":\"Sin Usar\",\"habilitado\":1,\"created_at\":null,\"updated_at\":null,\"deleted_at\":null},\"syj_periods_status\":{\"id\":1,\"user_id\":null,\"descripcion\":\"Sin Usar\",\"habilitado\":1,\"created_at\":null,\"updated_at\":null,\"deleted_at\":null}}]},{\"id\":41617,\"user_id\":193,\"field_name1\":\"MARIANA ASTUTTI\",\"field_name2\":null,\"document_type\":\"cuit\",\"document\":\"27-26464706-7\",\"cond_frente_al_iva_id\":null,\"country_id\":null,\"state_id\":null,\"zone_id\":null,\"plan_cuenta_id\":null,\"iva_creditos_tipo_id\":null,\"created_at\":\"2023-01-06T19:29:00.000000Z\",\"updated_at\":\"2023-01-06T19:29:00.000000Z\",\"activity_id\":null,\"address\":null,\"person_type_id\":1,\"fa_iva_condition_id\":null,\"fa_codigo_postal\":null,\"email\":null,\"deleted_at\":null,\"status_liq_iibb\":\"Pendiente\",\"estado\":\"INCOMPLETO\",\"otros\":\"\",\"configuration\":[{\"id\":152,\"user_id\":193,\"person_id\":41617,\"period_id\":null,\"zone_id\":null,\"settle_calc_by_coef\":0,\"created_at\":\"2023-01-06T19:29:00.000000Z\",\"updated_at\":\"2023-01-09T19:16:39.000000Z\",\"active\":2,\"enviarMail\":1,\"honorario\":\"4500.00\",\"cta_cte_tesoreria_cuenta_id\":null,\"month_close\":12,\"iva_condition_id\":1,\"obligation_sell\":0,\"obligation_buy\":0,\"obligation_iva\":0,\"obligation_electronic_receipt\":0,\"obligation_iibb\":4,\"obligation_other_taxes\":null,\"liquidation_start_period\":\"2023-01\",\"obligation_salaries\":0,\"empleada_domestica\":0,\"prorratear_iva\":0,\"is_itc\":0,\"priority_order\":3,\"person_id_administrador\":41617,\"person_id_titular\":41617,\"logo_path\":null,\"certificado_afip_path\":null,\"llave_afip_path\":null,\"access_electronic_receipt\":0,\"ruta_logo_fa\":null,\"inicio_actividades\":\"2023-01-06T03:00:00.000000Z\",\"iibb\":null,\"fe_leyenda\":null,\"atencion_iva\":0,\"atencion_iva_comentario\":null,\"atencion_iibb\":0,\"atencion_iibb_comentario\":null,\"deleted_at\":null}],\"liquidador\":null,\"periods\":[{\"id\":182256,\"user_id\":null,\"code\":\"2023-01\",\"year\":2023,\"period_number\":1,\"date_from\":\"2023-01-01\",\"date_to\":\"2023-01-31\",\"created_at\":null,\"updated_at\":null,\"person_id\":41617,\"conta_status\":0,\"deleted_at\":null,\"syj_periods_status_id\":1,\"syj_sin_asiento\":0,\"syj_asiento_modificado\":0,\"syj_periods_status_emp_dom_id\":1,\"syj_periods_status_emp_dom\":{\"id\":1,\"user_id\":null,\"descripcion\":\"Sin Usar\",\"habilitado\":1,\"created_at\":null,\"updated_at\":null,\"deleted_at\":null},\"syj_periods_status\":{\"id\":1,\"user_id\":null,\"descripcion\":\"Sin Usar\",\"habilitado\":1,\"created_at\":null,\"updated_at\":null,\"deleted_at\":null}}]},{\"id\":40758,\"user_id\":193,\"field_name1\":\"MU\\u00d1OZ MARY\",\"field_name2\":null,\"document_type\":\"cuit\",\"document\":\"27-00702925-5\",\"cond_frente_al_iva_id\":null,\"country_id\":null,\"state_id\":null,\"zone_id\":null,\"plan_cuenta_id\":null,\"iva_creditos_tipo_id\":null,\"created_at\":\"2021-09-19T22:20:02.000000Z\",\"updated_at\":\"2022-10-27T10:14:26.000000Z\",\"activity_id\":null,\"address\":null,\"person_type_id\":1,\"fa_iva_condition_id\":null,\"fa_codigo_postal\":null,\"email\":null,\"deleted_at\":null,\"status_liq_iva\":\"Pendiente\",\"status_liq_iibb\":\"Pendiente\",\"status_liq_domestica\":\"Sin Usar\",\"estado\":\"INCOMPLETO\",\"otros\":\"\",\"configuration\":[{\"id\":44,\"user_id\":193,\"person_id\":40758,\"period_id\":null,\"zone_id\":null,\"settle_calc_by_coef\":0,\"created_at\":\"2021-09-19T22:20:02.000000Z\",\"updated_at\":\"2023-01-09T19:16:39.000000Z\",\"active\":2,\"enviarMail\":1,\"honorario\":\"35000.00\",\"cta_cte_tesoreria_cuenta_id\":null,\"month_close\":12,\"iva_condition_id\":2,\"obligation_sell\":1,\"obligation_buy\":1,\"obligation_iva\":1,\"obligation_electronic_receipt\":1,\"obligation_iibb\":2,\"obligation_other_taxes\":null,\"liquidation_start_period\":\"2022-08\",\"obligation_salaries\":0,\"empleada_domestica\":1,\"prorratear_iva\":0,\"is_itc\":0,\"priority_order\":2,\"person_id_administrador\":40758,\"person_id_titular\":40758,\"logo_path\":null,\"certificado_afip_path\":null,\"llave_afip_path\":null,\"access_electronic_receipt\":0,\"ruta_logo_fa\":null,\"inicio_actividades\":\"2021-09-19T03:00:00.000000Z\",\"iibb\":null,\"fe_leyenda\":null,\"atencion_iva\":0,\"atencion_iva_comentario\":null,\"atencion_iibb\":0,\"atencion_iibb_comentario\":null,\"deleted_at\":null}],\"liquidador\":null,\"periods\":[{\"id\":108443,\"user_id\":null,\"code\":\"2023-01\",\"year\":2023,\"period_number\":1,\"date_from\":\"2023-01-01\",\"date_to\":\"2023-01-31\",\"created_at\":null,\"updated_at\":null,\"person_id\":40758,\"conta_status\":0,\"deleted_at\":null,\"syj_periods_status_id\":1,\"syj_sin_asiento\":0,\"syj_asiento_modificado\":0,\"syj_periods_status_emp_dom_id\":1,\"syj_periods_status_emp_dom\":{\"id\":1,\"user_id\":null,\"descripcion\":\"Sin Usar\",\"habilitado\":1,\"created_at\":null,\"updated_at\":null,\"deleted_at\":null},\"syj_periods_status\":{\"id\":1,\"user_id\":null,\"descripcion\":\"Sin Usar\",\"habilitado\":1,\"created_at\":null,\"updated_at\":null,\"deleted_at\":null}}]},{\"id\":41618,\"user_id\":193,\"field_name1\":\"ORNELLA SAMPIETRO\",\"field_name2\":null,\"document_type\":\"cuit\",\"document\":\"27-39756582-9\",\"cond_frente_al_iva_id\":null,\"country_id\":null,\"state_id\":null,\"zone_id\":null,\"plan_cuenta_id\":null,\"iva_creditos_tipo_id\":null,\"created_at\":\"2023-01-07T21:44:12.000000Z\",\"updated_at\":\"2023-01-07T21:44:12.000000Z\",\"activity_id\":null,\"address\":null,\"person_type_id\":1,\"fa_iva_condition_id\":null,\"fa_codigo_postal\":null,\"email\":null,\"deleted_at\":null,\"status_liq_iibb\":\"Pendiente\",\"estado\":\"INCOMPLETO\",\"otros\":\"\",\"configuration\":[{\"id\":153,\"user_id\":193,\"person_id\":41618,\"period_id\":null,\"zone_id\":null,\"settle_calc_by_coef\":0,\"created_at\":\"2023-01-07T21:44:12.000000Z\",\"updated_at\":\"2023-01-09T19:16:39.000000Z\",\"active\":2,\"enviarMail\":1,\"honorario\":\"4500.00\",\"cta_cte_tesoreria_cuenta_id\":null,\"month_close\":12,\"iva_condition_id\":2,\"obligation_sell\":0,\"obligation_buy\":0,\"obligation_iva\":0,\"obligation_electronic_receipt\":0,\"obligation_iibb\":2,\"obligation_other_taxes\":null,\"liquidation_start_period\":\"2023-01\",\"obligation_salaries\":0,\"empleada_domestica\":0,\"prorratear_iva\":0,\"is_itc\":0,\"priority_order\":3,\"person_id_administrador\":41618,\"person_id_titular\":41618,\"logo_path\":null,\"certificado_afip_path\":null,\"llave_afip_path\":null,\"access_electronic_receipt\":0,\"ruta_logo_fa\":null,\"inicio_actividades\":\"-000001-11-30T03:53:48.000000Z\",\"iibb\":null,\"fe_leyenda\":null,\"atencion_iva\":0,\"atencion_iva_comentario\":null,\"atencion_iibb\":0,\"atencion_iibb_comentario\":null,\"deleted_at\":null}],\"liquidador\":null,\"periods\":[{\"id\":183771,\"user_id\":null,\"code\":\"2023-01\",\"year\":2023,\"period_number\":1,\"date_from\":\"2023-01-01\",\"date_to\":\"2023-01-31\",\"created_at\":null,\"updated_at\":null,\"person_id\":41618,\"conta_status\":0,\"deleted_at\":null,\"syj_periods_status_id\":1,\"syj_sin_asiento\":0,\"syj_asiento_modificado\":0,\"syj_periods_status_emp_dom_id\":1,\"syj_periods_status_emp_dom\":{\"id\":1,\"user_id\":null,\"descripcion\":\"Sin Usar\",\"habilitado\":1,\"created_at\":null,\"updated_at\":null,\"deleted_at\":null},\"syj_periods_status\":{\"id\":1,\"user_id\":null,\"descripcion\":\"Sin Usar\",\"habilitado\":1,\"created_at\":null,\"updated_at\":null,\"deleted_at\":null}}]},{\"id\":40787,\"user_id\":193,\"field_name1\":\"PANISA LUISA\",\"field_name2\":null,\"document_type\":\"cuit\",\"document\":\"27-05139536-6\",\"cond_frente_al_iva_id\":null,\"country_id\":null,\"state_id\":null,\"zone_id\":null,\"plan_cuenta_id\":null,\"iva_creditos_tipo_id\":null,\"created_at\":\"2022-06-06T14:54:03.000000Z\",\"updated_at\":\"2022-06-06T14:54:03.000000Z\",\"activity_id\":null,\"address\":null,\"person_type_id\":1,\"fa_iva_condition_id\":null,\"fa_codigo_postal\":null,\"email\":null,\"deleted_at\":null,\"status_liq_domestica\":\"Sin Usar\",\"estado\":\"INCOMPLETO\",\"otros\":\"\",\"configuration\":[{\"id\":73,\"user_id\":193,\"person_id\":40787,\"period_id\":null,\"zone_id\":null,\"settle_calc_by_coef\":0,\"created_at\":\"2022-06-06T14:54:03.000000Z\",\"updated_at\":\"2023-01-09T19:16:39.000000Z\",\"active\":2,\"enviarMail\":1,\"honorario\":\"3500.00\",\"cta_cte_tesoreria_cuenta_id\":null,\"month_close\":12,\"iva_condition_id\":3,\"obligation_sell\":0,\"obligation_buy\":0,\"obligation_iva\":0,\"obligation_electronic_receipt\":0,\"obligation_iibb\":1,\"obligation_other_taxes\":null,\"liquidation_start_period\":\"2020-12\",\"obligation_salaries\":0,\"empleada_domestica\":1,\"prorratear_iva\":0,\"is_itc\":0,\"priority_order\":3,\"person_id_administrador\":40787,\"person_id_titular\":40787,\"logo_path\":null,\"certificado_afip_path\":null,\"llave_afip_path\":null,\"access_electronic_receipt\":0,\"ruta_logo_fa\":null,\"inicio_actividades\":\"2022-09-01T03:00:00.000000Z\",\"iibb\":null,\"fe_leyenda\":null,\"atencion_iva\":0,\"atencion_iva_comentario\":null,\"atencion_iibb\":0,\"atencion_iibb_comentario\":null,\"deleted_at\":null}],\"liquidador\":null,\"periods\":[{\"id\":58506,\"user_id\":null,\"code\":\"2023-01\",\"year\":2023,\"period_number\":1,\"date_from\":\"2023-01-01\",\"date_to\":\"2023-01-31\",\"created_at\":null,\"updated_at\":null,\"person_id\":40787,\"conta_status\":0,\"deleted_at\":null,\"syj_periods_status_id\":1,\"syj_sin_asiento\":0,\"syj_asiento_modificado\":0,\"syj_periods_status_emp_dom_id\":1,\"syj_periods_status_emp_dom\":{\"id\":1,\"user_id\":null,\"descripcion\":\"Sin Usar\",\"habilitado\":1,\"created_at\":null,\"updated_at\":null,\"deleted_at\":null},\"syj_periods_status\":{\"id\":1,\"user_id\":null,\"descripcion\":\"Sin Usar\",\"habilitado\":1,\"created_at\":null,\"updated_at\":null,\"deleted_at\":null}}]},{\"id\":40786,\"user_id\":193,\"field_name1\":\"presta sebastian\",\"field_name2\":null,\"document_type\":\"cuit\",\"document\":\"23-24127627-9\",\"cond_frente_al_iva_id\":null,\"country_id\":null,\"state_id\":null,\"zone_id\":null,\"plan_cuenta_id\":null,\"iva_creditos_tipo_id\":null,\"created_at\":\"2022-06-02T13:29:39.000000Z\",\"updated_at\":\"2022-06-02T13:29:39.000000Z\",\"activity_id\":null,\"address\":null,\"person_type_id\":1,\"fa_iva_condition_id\":null,\"fa_codigo_postal\":null,\"email\":null,\"deleted_at\":null,\"status_liq_iva\":\"Pendiente\",\"estado\":\"INCOMPLETO\",\"otros\":\"\",\"configuration\":[{\"id\":72,\"user_id\":193,\"person_id\":40786,\"period_id\":null,\"zone_id\":null,\"settle_calc_by_coef\":0,\"created_at\":\"2022-06-02T13:29:39.000000Z\",\"updated_at\":\"2023-01-09T19:16:39.000000Z\",\"active\":2,\"enviarMail\":1,\"honorario\":\"8775.00\",\"cta_cte_tesoreria_cuenta_id\":null,\"month_close\":12,\"iva_condition_id\":2,\"obligation_sell\":1,\"obligation_buy\":0,\"obligation_iva\":1,\"obligation_electronic_receipt\":1,\"obligation_iibb\":1,\"obligation_other_taxes\":null,\"liquidation_start_period\":\"2022-01\",\"obligation_salaries\":0,\"empleada_domestica\":0,\"prorratear_iva\":0,\"is_itc\":0,\"priority_order\":1,\"person_id_administrador\":40786,\"person_id_titular\":40786,\"logo_path\":null,\"certificado_afip_path\":null,\"llave_afip_path\":null,\"access_electronic_receipt\":0,\"ruta_logo_fa\":null,\"inicio_actividades\":\"2022-09-05T03:00:00.000000Z\",\"iibb\":null,\"fe_leyenda\":null,\"atencion_iva\":0,\"atencion_iva_comentario\":null,\"atencion_iibb\":0,\"atencion_iibb_comentario\":null,\"deleted_at\":null}],\"liquidador\":null,\"periods\":[{\"id\":56978,\"user_id\":null,\"code\":\"2023-01\",\"year\":2023,\"period_number\":1,\"date_from\":\"2023-01-01\",\"date_to\":\"2023-01-31\",\"created_at\":null,\"updated_at\":null,\"person_id\":40786,\"conta_status\":0,\"deleted_at\":null,\"syj_periods_status_id\":1,\"syj_sin_asiento\":0,\"syj_asiento_modificado\":0,\"syj_periods_status_emp_dom_id\":1,\"syj_periods_status_emp_dom\":{\"id\":1,\"user_id\":null,\"descripcion\":\"Sin Usar\",\"habilitado\":1,\"created_at\":null,\"updated_at\":null,\"deleted_at\":null},\"syj_periods_status\":{\"id\":1,\"user_id\":null,\"descripcion\":\"Sin Usar\",\"habilitado\":1,\"created_at\":null,\"updated_at\":null,\"deleted_at\":null}}]},{\"id\":40780,\"user_id\":193,\"field_name1\":\"Zanetti Lucia\",\"field_name2\":null,\"document_type\":\"cuit\",\"document\":\"27-26311528-2\",\"cond_frente_al_iva_id\":null,\"country_id\":null,\"state_id\":null,\"zone_id\":null,\"plan_cuenta_id\":null,\"iva_creditos_tipo_id\":null,\"created_at\":\"2022-02-27T13:12:30.000000Z\",\"updated_at\":\"2022-02-27T13:12:30.000000Z\",\"activity_id\":null,\"address\":null,\"person_type_id\":1,\"fa_iva_condition_id\":null,\"fa_codigo_postal\":null,\"email\":null,\"deleted_at\":null,\"status_liq_iibb\":\"Pendiente\",\"estado\":\"INCOMPLETO\",\"otros\":\"\",\"configuration\":[{\"id\":66,\"user_id\":193,\"person_id\":40780,\"period_id\":null,\"zone_id\":null,\"settle_calc_by_coef\":0,\"created_at\":\"2022-02-27T13:12:30.000000Z\",\"updated_at\":\"2023-01-09T19:16:39.000000Z\",\"active\":2,\"enviarMail\":1,\"honorario\":\"5000.00\",\"cta_cte_tesoreria_cuenta_id\":null,\"month_close\":12,\"iva_condition_id\":1,\"obligation_sell\":0,\"obligation_buy\":0,\"obligation_iva\":0,\"obligation_electronic_receipt\":0,\"obligation_iibb\":2,\"obligation_other_taxes\":null,\"liquidation_start_period\":\"2021-10\",\"obligation_salaries\":0,\"empleada_domestica\":0,\"prorratear_iva\":0,\"is_itc\":0,\"priority_order\":3,\"person_id_administrador\":40780,\"person_id_titular\":40780,\"logo_path\":null,\"certificado_afip_path\":null,\"llave_afip_path\":null,\"access_electronic_receipt\":0,\"ruta_logo_fa\":null,\"inicio_actividades\":\"2022-05-18T03:00:00.000000Z\",\"iibb\":null,\"fe_leyenda\":null,\"atencion_iva\":0,\"atencion_iva_comentario\":null,\"atencion_iibb\":0,\"atencion_iibb_comentario\":null,\"deleted_at\":null}],\"liquidador\":null,\"periods\":[{\"id\":47662,\"user_id\":null,\"code\":\"2023-01\",\"year\":2023,\"period_number\":1,\"date_from\":\"2023-01-01\",\"date_to\":\"2023-01-31\",\"created_at\":null,\"updated_at\":null,\"person_id\":40780,\"conta_status\":0,\"deleted_at\":null,\"syj_periods_status_id\":1,\"syj_sin_asiento\":0,\"syj_asiento_modificado\":0,\"syj_periods_status_emp_dom_id\":1,\"syj_periods_status_emp_dom\":{\"id\":1,\"user_id\":null,\"descripcion\":\"Sin Usar\",\"habilitado\":1,\"created_at\":null,\"updated_at\":null,\"deleted_at\":null},\"syj_periods_status\":{\"id\":1,\"user_id\":null,\"descripcion\":\"Sin Usar\",\"habilitado\":1,\"created_at\":null,\"updated_at\":null,\"deleted_at\":null}}]}]',1,'2023-01-09 16:41:52','2023-01-09 16:41:56',NULL);

--
-- Table structure for table `conta_asientos`
--

CREATE TABLE `conta_asientos` (
  `id` int(10) unsigned NOT NULL AUTO_INCREMENT,
  `user_id` int(10) unsigned DEFAULT NULL,
  `person_id` int(10) unsigned DEFAULT NULL,
  `period_id` int(10) unsigned DEFAULT NULL,
  `tipo_asiento_id` int(10) unsigned NOT NULL,
  `debe_cta_cte_tesoreria_cuenta_id` int(10) unsigned DEFAULT NULL,
  `haber_cta_cte_tesoreria_cuenta_id` int(10) unsigned DEFAULT NULL,
  `ctactecheque_id` int(10) unsigned DEFAULT NULL,
  `num_asiento` int(11) DEFAULT NULL,
  `fecha_registracion` date DEFAULT NULL,
  `fecha_vencimiento` date DEFAULT NULL,
  `total` decimal(16,2) NOT NULL,
  `adjunto` text COLLATE utf8mb4_unicode_ci,
  `comentario` varchar(255) COLLATE utf8mb4_unicode_ci DEFAULT NULL,
  `radioChecked` int(11) DEFAULT NULL,
  `status` int(11) NOT NULL DEFAULT '1',
  `CuentaTipo_id` int(10) unsigned DEFAULT NULL,
  `CentroCosto_id` int(10) unsigned DEFAULT NULL,
  `pagado` int(10) unsigned DEFAULT NULL,
  `created_at` timestamp NULL DEFAULT NULL,
  `updated_at` timestamp NULL DEFAULT NULL,
  `deleted_at` timestamp NULL DEFAULT NULL,
  PRIMARY KEY (`id`),
  KEY `conta_asientos_person_id_foreign` (`person_id`),
  KEY `conta_asientos_period_id_foreign` (`period_id`),
  KEY `conta_asientos_tipo_asiento_id_foreign` (`tipo_asiento_id`),
  KEY `conta_asientos_cuentatipo_id_foreign` (`CuentaTipo_id`),
  KEY `conta_asientos_centrocosto_id_foreign` (`CentroCosto_id`),
  KEY `conta_asientos_ctactecheque_id_foreign` (`ctactecheque_id`),
  KEY `conta_asientos_haber_cta_cte_tesoreria_cuenta_id_foreign` (`haber_cta_cte_tesoreria_cuenta_id`),
  KEY `conta_asientos_debe_cta_cte_tesoreria_cuenta_id_foreign` (`debe_cta_cte_tesoreria_cuenta_id`),
  CONSTRAINT `conta_asientos_centrocosto_id_foreign` FOREIGN KEY (`CentroCosto_id`) REFERENCES `ctactegastos_centrocosto` (`id`),
  CONSTRAINT `conta_asientos_ctactecheque_id_foreign` FOREIGN KEY (`ctactecheque_id`) REFERENCES `ctacte_cheques` (`id`),
  CONSTRAINT `conta_asientos_cuentatipo_id_foreign` FOREIGN KEY (`CuentaTipo_id`) REFERENCES `ctactegastos_cuenta_tipo` (`idCuentaTipo`),
  CONSTRAINT `conta_asientos_debe_cta_cte_tesoreria_cuenta_id_foreign` FOREIGN KEY (`debe_cta_cte_tesoreria_cuenta_id`) REFERENCES `cta_cte_tesoreria_cuentas` (`id`),
  CONSTRAINT `conta_asientos_haber_cta_cte_tesoreria_cuenta_id_foreign` FOREIGN KEY (`haber_cta_cte_tesoreria_cuenta_id`) REFERENCES `cta_cte_tesoreria_cuentas` (`id`),
  CONSTRAINT `conta_asientos_period_id_foreign` FOREIGN KEY (`period_id`) REFERENCES `periods` (`id`),
  CONSTRAINT `conta_asientos_person_id_foreign` FOREIGN KEY (`person_id`) REFERENCES `persons` (`id`),
  CONSTRAINT `conta_asientos_tipo_asiento_id_foreign` FOREIGN KEY (`tipo_asiento_id`) REFERENCES `conta_tipo_asientos` (`id`)
) ENGINE=InnoDB AUTO_INCREMENT=30 DEFAULT CHARSET=utf8mb4 COLLATE=utf8mb4_unicode_ci;

--
-- Dumping data for table `conta_asientos`
--

INSERT INTO `conta_asientos` VALUES (1,193,41126,NULL,2,NULL,NULL,NULL,NULL,'2023-01-18','2023-01-18',8930.25,NULL,'Honorario Mensual',1,1,NULL,NULL,NULL,'2023-01-18 09:32:03','2023-01-18 09:32:03',NULL),(2,193,41622,NULL,2,NULL,NULL,NULL,NULL,'2023-01-18','2023-01-18',2000.00,NULL,'Honorario Mensual',1,1,NULL,NULL,NULL,'2023-01-18 09:32:03','2023-01-18 09:32:03',NULL),(3,193,40897,NULL,2,NULL,NULL,NULL,NULL,'2023-01-18','2023-01-18',4725.00,NULL,'Honorario Mensual',1,1,NULL,NULL,NULL,'2023-01-18 09:32:03','2023-01-18 09:32:03',NULL),(4,193,40750,NULL,2,NULL,NULL,NULL,NULL,'2023-01-18','2023-01-18',19600.00,NULL,'Honorario Mensual',1,1,NULL,NULL,NULL,'2023-01-18 09:32:03','2023-01-18 09:32:03',NULL),(5,193,40753,NULL,2,NULL,NULL,NULL,NULL,'2023-01-18','2023-01-18',10500.00,NULL,'Honorario Mensual',1,1,NULL,NULL,NULL,'2023-01-18 09:32:03','2023-01-18 09:32:03',NULL),(6,193,40782,NULL,2,NULL,NULL,NULL,NULL,'2023-01-18','2023-01-18',15400.00,NULL,'Honorario Mensual',1,1,NULL,NULL,NULL,'2023-01-18 09:32:03','2023-01-18 09:32:03',NULL),(7,193,40776,NULL,2,NULL,NULL,NULL,NULL,'2023-01-18','2023-01-18',3000.00,NULL,'Honorario Mensual',1,1,NULL,NULL,NULL,'2023-01-18 09:32:03','2023-01-18 09:32:03',NULL),(8,193,40751,NULL,2,NULL,NULL,NULL,NULL,'2023-01-18','2023-01-18',4050.00,NULL,'Honorario Mensual',1,1,NULL,NULL,NULL,'2023-01-18 09:32:03','2023-01-18 09:32:03',NULL),(9,193,40752,NULL,2,NULL,NULL,NULL,NULL,'2023-01-18','2023-01-18',20000.00,NULL,'Honorario Mensual',1,1,NULL,NULL,NULL,'2023-01-18 09:32:03','2023-01-18 09:32:03',NULL),(10,193,40722,NULL,2,NULL,NULL,NULL,NULL,'2023-01-18','2023-01-18',34125.00,NULL,'Honorario Mensual',1,1,NULL,NULL,NULL,'2023-01-18 09:32:03','2023-01-18 09:32:03',NULL),(11,193,41498,NULL,2,NULL,NULL,NULL,NULL,'2023-01-18','2023-01-18',25000.00,NULL,'Honorario Mensual',1,1,NULL,NULL,NULL,'2023-01-18 09:32:03','2023-01-18 09:32:03',NULL),(12,193,41143,NULL,2,NULL,NULL,NULL,NULL,'2023-01-18','2023-01-18',55000.00,NULL,'Honorario Mensual',1,1,NULL,NULL,NULL,'2023-01-18 09:32:03','2023-01-18 09:32:03',NULL),(13,193,40778,NULL,2,NULL,NULL,NULL,NULL,'2023-01-18','2023-01-18',6000.00,NULL,'Honorario Mensual',1,1,NULL,NULL,NULL,'2023-01-18 09:32:03','2023-01-18 09:32:03',NULL),(14,193,41620,NULL,2,NULL,NULL,NULL,NULL,'2023-01-18','2023-01-18',5000.00,NULL,'Honorario Mensual',1,1,NULL,NULL,NULL,'2023-01-18 09:32:03','2023-01-18 09:32:03',NULL),(15,193,40873,NULL,2,NULL,NULL,NULL,NULL,'2023-01-18','2023-01-18',8250.00,NULL,'Honorario Mensual',1,1,NULL,NULL,NULL,'2023-01-18 09:32:03','2023-01-18 09:32:03',NULL),(16,193,41302,NULL,2,NULL,NULL,NULL,NULL,'2023-01-18','2023-01-18',5800.00,NULL,'Honorario Mensual',1,1,NULL,NULL,NULL,'2023-01-18 09:32:03','2023-01-18 09:32:03',NULL),(17,193,40994,NULL,2,NULL,NULL,NULL,NULL,'2023-01-18','2023-01-18',19200.00,NULL,'Honorario Mensual',1,1,NULL,NULL,NULL,'2023-01-18 09:32:03','2023-01-18 09:32:03',NULL),(18,193,40922,NULL,2,NULL,NULL,NULL,NULL,'2023-01-18','2023-01-18',19000.00,NULL,'Honorario Mensual',1,1,NULL,NULL,NULL,'2023-01-18 09:32:03','2023-01-18 09:32:03',NULL),(19,193,41619,NULL,2,NULL,NULL,NULL,NULL,'2023-01-18','2023-01-18',8500.00,NULL,'Honorario Mensual',1,1,NULL,NULL,NULL,'2023-01-18 09:32:03','2023-01-18 09:32:03',NULL),(20,193,41617,NULL,2,NULL,NULL,NULL,NULL,'2023-01-18','2023-01-18',4500.00,NULL,'Honorario Mensual',1,1,NULL,NULL,NULL,'2023-01-18 09:32:03','2023-01-18 09:32:03',NULL),(21,193,41559,NULL,2,NULL,NULL,NULL,NULL,'2023-01-18','2023-01-18',8500.00,NULL,'Honorario Mensual',1,1,NULL,NULL,NULL,'2023-01-18 09:32:03','2023-01-18 09:32:03',NULL),(22,193,40758,NULL,2,NULL,NULL,NULL,NULL,'2023-01-18','2023-01-18',35000.00,NULL,'Honorario Mensual',1,1,NULL,NULL,NULL,'2023-01-18 09:32:03','2023-01-18 09:32:03',NULL),(23,193,41618,NULL,2,NULL,NULL,NULL,NULL,'2023-01-18','2023-01-18',4500.00,NULL,'Honorario Mensual',1,1,NULL,NULL,NULL,'2023-01-18 09:32:03','2023-01-18 09:32:03',NULL);
INSERT INTO `conta_asientos` VALUES (24,193,40787,NULL,2,NULL,NULL,NULL,NULL,'2023-01-18','2023-01-18',3500.00,NULL,'Honorario Mensual',1,1,NULL,NULL,NULL,'2023-01-18 09:32:03','2023-01-18 09:32:03',NULL),(25,193,40717,NULL,2,NULL,NULL,NULL,NULL,'2023-01-18','2023-01-18',60000.00,NULL,'Honorario Mensual',1,1,NULL,NULL,NULL,'2023-01-18 09:32:03','2023-01-18 09:32:03',NULL),(26,193,40786,NULL,2,NULL,NULL,NULL,NULL,'2023-01-18','2023-01-18',8775.00,NULL,'Honorario Mensual',1,1,NULL,NULL,NULL,'2023-01-18 09:32:03','2023-01-18 09:32:03',NULL),(27,193,41638,NULL,2,NULL,NULL,NULL,NULL,'2023-01-18','2023-01-18',3000.00,NULL,'Honorario Mensual',1,1,NULL,NULL,NULL,'2023-01-18 09:32:03','2023-01-18 09:32:03',NULL),(28,193,40757,NULL,2,NULL,NULL,NULL,NULL,'2023-01-18','2023-01-18',13000.00,NULL,'Honorario Mensual',1,1,NULL,NULL,NULL,'2023-01-18 09:32:03','2023-01-18 09:32:03',NULL),(29,193,40780,NULL,2,NULL,NULL,NULL,NULL,'2023-01-18','2023-01-18',6750.00,NULL,'Honorario Mensual',1,1,NULL,NULL,NULL,'2023-01-18 09:32:03','2023-01-18 09:32:03',NULL);

--
-- Table structure for table `conta_asientos_details`
--

CREATE TABLE `conta_asientos_details` (
  `id` int(10) unsigned NOT NULL AUTO_INCREMENT,
  `user_id` int(10) unsigned DEFAULT NULL,
  `conta_asiento_id` int(10) unsigned NOT NULL,
  `person_id` int(10) unsigned DEFAULT NULL,
  `period_id` int(10) unsigned DEFAULT NULL,
  `tipo_asiento_id` int(10) unsigned NOT NULL,
  `cta_cte_tesoreria_cuenta_id` int(10) unsigned DEFAULT NULL,
  `saldo_id` int(10) unsigned NOT NULL,
  `monto` decimal(16,2) NOT NULL,
  `created_at` timestamp NULL DEFAULT NULL,
  `updated_at` timestamp NULL DEFAULT NULL,
  `deleted_at` timestamp NULL DEFAULT NULL,
  PRIMARY KEY (`id`),
  KEY `conta_asientos_details_conta_asiento_id_foreign` (`conta_asiento_id`),
  KEY `conta_asientos_details_person_id_foreign` (`person_id`),
  KEY `conta_asientos_details_period_id_foreign` (`period_id`),
  KEY `conta_asientos_details_tipo_asiento_id_foreign` (`tipo_asiento_id`),
  KEY `conta_asientos_details_saldo_id_foreign` (`saldo_id`),
  KEY `conta_asientos_details_cta_cte_tesoreria_cuenta_id_foreign` (`cta_cte_tesoreria_cuenta_id`),
  CONSTRAINT `conta_asientos_details_conta_asiento_id_foreign` FOREIGN KEY (`conta_asiento_id`) REFERENCES `conta_asientos` (`id`),
  CONSTRAINT `conta_asientos_details_cta_cte_tesoreria_cuenta_id_foreign` FOREIGN KEY (`cta_cte_tesoreria_cuenta_id`) REFERENCES `cta_cte_tesoreria_cuentas` (`id`),
  CONSTRAINT `conta_asientos_details_period_id_foreign` FOREIGN KEY (`period_id`) REFERENCES `periods` (`id`),
  CONSTRAINT `conta_asientos_details_person_id_foreign` FOREIGN KEY (`person_id`) REFERENCES `persons` (`id`),
  CONSTRAINT `conta_asientos_details_saldo_id_foreign` FOREIGN KEY (`saldo_id`) REFERENCES `conta_tipo_saldos` (`id`),
  CONSTRAINT `conta_asientos_details_tipo_asiento_id_foreign` FOREIGN KEY (`tipo_asiento_id`) REFERENCES `conta_tipo_asientos` (`id`)
) ENGINE=InnoDB AUTO_INCREMENT=59 DEFAULT CHARSET=utf8mb4 COLLATE=utf8mb4_unicode_ci;

--
-- Dumping data for table `conta_asientos_details`
--

INSERT INTO `conta_asientos_details` VALUES (1,193,1,41126,NULL,2,13,1,8930.25,'2023-01-18 09:32:03','2023-01-18 09:32:03',NULL),(2,193,1,41126,NULL,2,480,2,8930.25,'2023-01-18 09:32:03','2023-01-18 09:32:03',NULL),(3,193,2,41622,NULL,2,13,1,2000.00,'2023-01-18 09:32:03','2023-01-18 09:32:03',NULL),(4,193,2,41622,NULL,2,480,2,2000.00,'2023-01-18 09:32:03','2023-01-18 09:32:03',NULL),(5,193,3,40897,NULL,2,13,1,4725.00,'2023-01-18 09:32:03','2023-01-18 09:32:03',NULL),(6,193,3,40897,NULL,2,480,2,4725.00,'2023-01-18 09:32:03','2023-01-18 09:32:03',NULL),(7,193,4,40750,NULL,2,13,1,19600.00,'2023-01-18 09:32:03','2023-01-18 09:32:03',NULL),(8,193,4,40750,NULL,2,480,2,19600.00,'2023-01-18 09:32:03','2023-01-18 09:32:03',NULL),(9,193,5,40753,NULL,2,13,1,10500.00,'2023-01-18 09:32:03','2023-01-18 09:32:03',NULL),(10,193,5,40753,NULL,2,480,2,10500.00,'2023-01-18 09:32:03','2023-01-18 09:32:03',NULL),(11,193,6,40782,NULL,2,13,1,15400.00,'2023-01-18 09:32:03','2023-01-18 09:32:03',NULL),(12,193,6,40782,NULL,2,480,2,15400.00,'2023-01-18 09:32:03','2023-01-18 09:32:03',NULL),(13,193,7,40776,NULL,2,13,1,3000.00,'2023-01-18 09:32:03','2023-01-18 09:32:03',NULL),(14,193,7,40776,NULL,2,480,2,3000.00,'2023-01-18 09:32:03','2023-01-18 09:32:03',NULL),(15,193,8,40751,NULL,2,13,1,4050.00,'2023-01-18 09:32:03','2023-01-18 09:32:03',NULL),(16,193,8,40751,NULL,2,480,2,4050.00,'2023-01-18 09:32:03','2023-01-18 09:32:03',NULL),(17,193,9,40752,NULL,2,13,1,20000.00,'2023-01-18 09:32:03','2023-01-18 09:32:03',NULL),(18,193,9,40752,NULL,2,480,2,20000.00,'2023-01-18 09:32:03','2023-01-18 09:32:03',NULL),(19,193,10,40722,NULL,2,13,1,34125.00,'2023-01-18 09:32:03','2023-01-18 09:32:03',NULL),(20,193,10,40722,NULL,2,480,2,34125.00,'2023-01-18 09:32:03','2023-01-18 09:32:03',NULL),(21,193,11,41498,NULL,2,13,1,25000.00,'2023-01-18 09:32:03','2023-01-18 09:32:03',NULL),(22,193,11,41498,NULL,2,480,2,25000.00,'2023-01-18 09:32:03','2023-01-18 09:32:03',NULL),(23,193,12,41143,NULL,2,13,1,55000.00,'2023-01-18 09:32:03','2023-01-18 09:32:03',NULL),(24,193,12,41143,NULL,2,480,2,55000.00,'2023-01-18 09:32:03','2023-01-18 09:32:03',NULL),(25,193,13,40778,NULL,2,13,1,6000.00,'2023-01-18 09:32:03','2023-01-18 09:32:03',NULL),(26,193,13,40778,NULL,2,480,2,6000.00,'2023-01-18 09:32:03','2023-01-18 09:32:03',NULL),(27,193,14,41620,NULL,2,13,1,5000.00,'2023-01-18 09:32:03','2023-01-18 09:32:03',NULL),(28,193,14,41620,NULL,2,480,2,5000.00,'2023-01-18 09:32:03','2023-01-18 09:32:03',NULL),(29,193,15,40873,NULL,2,13,1,8250.00,'2023-01-18 09:32:03','2023-01-18 09:32:03',NULL),(30,193,15,40873,NULL,2,480,2,8250.00,'2023-01-18 09:32:03','2023-01-18 09:32:03',NULL),(31,193,16,41302,NULL,2,13,1,5800.00,'2023-01-18 09:32:03','2023-01-18 09:32:03',NULL),(32,193,16,41302,NULL,2,480,2,5800.00,'2023-01-18 09:32:03','2023-01-18 09:32:03',NULL),(33,193,17,40994,NULL,2,13,1,19200.00,'2023-01-18 09:32:03','2023-01-18 09:32:03',NULL),(34,193,17,40994,NULL,2,480,2,19200.00,'2023-01-18 09:32:03','2023-01-18 09:32:03',NULL),(35,193,18,40922,NULL,2,13,1,19000.00,'2023-01-18 09:32:03','2023-01-18 09:32:03',NULL),(36,193,18,40922,NULL,2,480,2,19000.00,'2023-01-18 09:32:03','2023-01-18 09:32:03',NULL),(37,193,19,41619,NULL,2,13,1,8500.00,'2023-01-18 09:32:03','2023-01-18 09:32:03',NULL),(38,193,19,41619,NULL,2,480,2,8500.00,'2023-01-18 09:32:03','2023-01-18 09:32:03',NULL),(39,193,20,41617,NULL,2,13,1,4500.00,'2023-01-18 09:32:03','2023-01-18 09:32:03',NULL),(40,193,20,41617,NULL,2,480,2,4500.00,'2023-01-18 09:32:03','2023-01-18 09:32:03',NULL),(41,193,21,41559,NULL,2,13,1,8500.00,'2023-01-18 09:32:03','2023-01-18 09:32:03',NULL),(42,193,21,41559,NULL,2,480,2,8500.00,'2023-01-18 09:32:03','2023-01-18 09:32:03',NULL),(43,193,22,40758,NULL,2,13,1,35000.00,'2023-01-18 09:32:03','2023-01-18 09:32:03',NULL),(44,193,22,40758,NULL,2,480,2,35000.00,'2023-01-18 09:32:03','2023-01-18 09:32:03',NULL),(45,193,23,41618,NULL,2,13,1,4500.00,'2023-01-18 09:32:03','2023-01-18 09:32:03',NULL);
INSERT INTO `conta_asientos_details` VALUES (46,193,23,41618,NULL,2,480,2,4500.00,'2023-01-18 09:32:03','2023-01-18 09:32:03',NULL),(47,193,24,40787,NULL,2,13,1,3500.00,'2023-01-18 09:32:03','2023-01-18 09:32:03',NULL),(48,193,24,40787,NULL,2,480,2,3500.00,'2023-01-18 09:32:03','2023-01-18 09:32:03',NULL),(49,193,25,40717,NULL,2,13,1,60000.00,'2023-01-18 09:32:03','2023-01-18 09:32:03',NULL),(50,193,25,40717,NULL,2,480,2,60000.00,'2023-01-18 09:32:03','2023-01-18 09:32:03',NULL),(51,193,26,40786,NULL,2,13,1,8775.00,'2023-01-18 09:32:03','2023-01-18 09:32:03',NULL),(52,193,26,40786,NULL,2,480,2,8775.00,'2023-01-18 09:32:03','2023-01-18 09:32:03',NULL),(53,193,27,41638,NULL,2,13,1,3000.00,'2023-01-18 09:32:03','2023-01-18 09:32:03',NULL),(54,193,27,41638,NULL,2,480,2,3000.00,'2023-01-18 09:32:03','2023-01-18 09:32:03',NULL),(55,193,28,40757,NULL,2,13,1,13000.00,'2023-01-18 09:32:03','2023-01-18 09:32:03',NULL),(56,193,28,40757,NULL,2,480,2,13000.00,'2023-01-18 09:32:03','2023-01-18 09:32:03',NULL),(57,193,29,40780,NULL,2,13,1,6750.00,'2023-01-18 09:32:03','2023-01-18 09:32:03',NULL),(58,193,29,40780,NULL,2,480,2,6750.00,'2023-01-18 09:32:03','2023-01-18 09:32:03',NULL);

--
-- Table structure for table `conta_centro_costo_plan_cuenta`
--

CREATE TABLE `conta_centro_costo_plan_cuenta` (
  `id` bigint(20) unsigned NOT NULL AUTO_INCREMENT,
  `user_id` int(10) unsigned DEFAULT NULL,
  `conta_centro_costo_id` bigint(20) unsigned DEFAULT NULL,
  `conta_plan_cuenta_id` int(10) unsigned NOT NULL,
  `created_at` timestamp NULL DEFAULT NULL,
  `updated_at` timestamp NULL DEFAULT NULL,
  `deleted_at` timestamp NULL DEFAULT NULL,
  PRIMARY KEY (`id`),
  KEY `conta_centro_costo_plan_cuenta_conta_centro_costo_id_foreign` (`conta_centro_costo_id`),
  KEY `conta_centro_costo_plan_cuenta_conta_plan_cuenta_id_foreign` (`conta_plan_cuenta_id`),
  CONSTRAINT `conta_centro_costo_plan_cuenta_conta_centro_costo_id_foreign` FOREIGN KEY (`conta_centro_costo_id`) REFERENCES `conta_centro_costos` (`id`),
  CONSTRAINT `conta_centro_costo_plan_cuenta_conta_plan_cuenta_id_foreign` FOREIGN KEY (`conta_plan_cuenta_id`) REFERENCES `conta_plan_cuenta` (`id`)
) ENGINE=InnoDB AUTO_INCREMENT=6 DEFAULT CHARSET=utf8mb4 COLLATE=utf8mb4_unicode_ci;

--
-- Dumping data for table `conta_centro_costo_plan_cuenta`
--

INSERT INTO `conta_centro_costo_plan_cuenta` VALUES (1,193,1,359,NULL,NULL,NULL),(2,193,2,425,NULL,NULL,NULL),(3,193,3,217,NULL,NULL,NULL),(4,193,4,14,NULL,NULL,NULL),(5,193,5,96,NULL,NULL,NULL);

--
-- Table structure for table `conta_centro_costos`
--

CREATE TABLE `conta_centro_costos` (
  `id` bigint(20) unsigned NOT NULL AUTO_INCREMENT,
  `user_id` int(10) unsigned DEFAULT NULL,
  `person_id` int(10) unsigned NOT NULL,
  `descripcion` text COLLATE utf8mb4_unicode_ci NOT NULL,
  `habilitado` tinyint(1) NOT NULL DEFAULT '1',
  `created_at` timestamp NULL DEFAULT NULL,
  `updated_at` timestamp NULL DEFAULT NULL,
  `deleted_at` timestamp NULL DEFAULT NULL,
  PRIMARY KEY (`id`),
  KEY `conta_centro_costos_person_id_foreign` (`person_id`),
  CONSTRAINT `conta_centro_costos_person_id_foreign` FOREIGN KEY (`person_id`) REFERENCES `persons` (`id`)
) ENGINE=InnoDB AUTO_INCREMENT=6 DEFAULT CHARSET=utf8mb4 COLLATE=utf8mb4_unicode_ci;

--
-- Dumping data for table `conta_centro_costos`
--

INSERT INTO `conta_centro_costos` VALUES (1,193,40722,'Evento 22/09/22 lomas de Zamora',1,NULL,NULL,NULL),(2,193,40722,'Evento 22/09/22 lomas de Zamora',1,NULL,NULL,NULL),(3,193,40722,'Evento 22/09/22 lomas de Zamora',1,NULL,NULL,NULL),(4,193,40722,'Evento 22/09/22 lomas de Zamora',1,NULL,NULL,NULL),(5,193,40722,'Evento 22/09/22 lomas de Zamora',1,NULL,NULL,NULL);

--
-- Table structure for table `conta_plan_cuenta`
--

CREATE TABLE `conta_plan_cuenta` (
  `id` int(10) unsigned NOT NULL AUTO_INCREMENT,
  `user_id` int(10) unsigned DEFAULT NULL,
  `codigo` int(11) NOT NULL,
  `tipo_cuenta_id` int(10) unsigned NOT NULL,
  `saldo_id` int(10) unsigned NOT NULL,
  `padre` int(11) NOT NULL,
  `nombre` varchar(255) COLLATE utf8mb4_unicode_ci NOT NULL,
  `rubro` varchar(255) COLLATE utf8mb4_unicode_ci DEFAULT NULL,
  `comentario` varchar(255) COLLATE utf8mb4_unicode_ci DEFAULT NULL,
  `status` int(10) unsigned NOT NULL DEFAULT '1',
  `no_editable` int(11) NOT NULL DEFAULT '1',
  `tes_cta_cte` tinyint(1) NOT NULL DEFAULT '0',
  `tes_cuenta_origen` tinyint(1) NOT NULL DEFAULT '0',
  `tes_cuenta_destino` tinyint(1) NOT NULL DEFAULT '0',
  `conta_asientos` tinyint(1) NOT NULL DEFAULT '0',
  `deleted_at` timestamp NULL DEFAULT NULL,
  PRIMARY KEY (`id`),
  KEY `conta_plan_cuenta_tipo_cuenta_id_foreign` (`tipo_cuenta_id`),
  KEY `conta_plan_cuenta_saldo_id_foreign` (`saldo_id`),
  CONSTRAINT `conta_plan_cuenta_saldo_id_foreign` FOREIGN KEY (`saldo_id`) REFERENCES `conta_tipo_saldos` (`id`),
  CONSTRAINT `conta_plan_cuenta_tipo_cuenta_id_foreign` FOREIGN KEY (`tipo_cuenta_id`) REFERENCES `conta_tipo_cuentas` (`id`)
) ENGINE=InnoDB AUTO_INCREMENT=1027 DEFAULT CHARSET=utf8mb4 COLLATE=utf8mb4_unicode_ci;

--
-- Dumping data for table `conta_plan_cuenta`
--

INSERT INTO `conta_plan_cuenta` VALUES (1,NULL,1000000,1,1,0,'ACTIVO','Activo',NULL,1,1,0,0,0,0,NULL),(2,NULL,1100000,2,1,1000000,'ACTIVO CORRIENTE','Activo',NULL,1,1,0,0,0,0,NULL),(3,NULL,1110000,3,1,1100000,'CAJA Y BANCOS','Activo',NULL,1,1,0,0,0,0,NULL),(4,NULL,1110100,4,1,1110000,'CAJAS','Activo',NULL,1,1,0,0,0,0,NULL),(5,NULL,1110101,5,1,1110100,'Caja Oficina','Activo',NULL,0,1,0,0,0,0,NULL),(6,NULL,1110102,5,1,1110100,'Caja Casa','Activo',NULL,0,1,0,0,0,0,NULL),(7,NULL,1110103,5,1,1110100,'Caja Dolares Casa','Activo',NULL,0,1,0,0,0,0,NULL),(8,NULL,1110104,5,1,1110100,'Banco Santander 015-372795/5','Activo',NULL,0,1,0,0,0,0,NULL),(9,NULL,1110200,4,1,1110000,'BANCOS','Activo',NULL,1,1,0,0,0,0,NULL),(10,NULL,1110201,5,1,1110200,'Banco Santander Rio Cta Corriente','Activo',NULL,1,2,1,1,1,0,NULL),(11,NULL,1110202,5,1,1110200,'Banco Santander Rio Cta Corriente DOLARES','Activo',NULL,1,2,1,1,1,0,NULL),(12,NULL,1130000,3,1,1100000,'CREDITOS POR VENTAS','Activo',NULL,1,1,0,0,0,0,NULL),(13,NULL,1130101,5,1,1130100,'Clientes - Deudores','Activo',NULL,1,2,0,0,0,1,NULL),(14,NULL,1130102,5,1,1130100,'Deudores por ventas comunes','Activo',NULL,1,1,0,0,0,1,NULL),(15,NULL,1130103,5,1,1130100,'Deudores por ventas morosos','Activo',NULL,1,1,0,0,0,1,NULL),(16,NULL,1130104,5,1,1130100,'Deudores en gestión judicial','Activo',NULL,1,1,0,0,0,1,NULL),(17,NULL,1130105,5,1,1130100,'Previsión deudores incobrables','Activo',NULL,1,1,0,0,0,1,NULL),(18,NULL,1140000,3,1,1100000,'OTROS CREDITOS','Activo',NULL,1,1,0,0,0,0,NULL),(19,NULL,1140100,4,1,1140000,'Retenciones Sufridas','Activo',NULL,1,1,0,0,0,0,NULL),(20,NULL,1140301,5,1,1140300,'Anticipos Impuesto a las Ganancias','Activo',NULL,1,2,0,0,1,1,NULL),(21,NULL,1140102,5,1,1140100,'Retenciones Ingr. Brutos','Activo',NULL,0,1,0,0,0,0,NULL),(22,NULL,1140329,5,1,1140300,'Anticipo Impto.Ganancia Mínima Presunta','Activo',NULL,1,1,0,0,0,1,NULL),(23,NULL,1140105,5,1,1140100,'Retenciones Impuesto a las Ganancias','Activo',NULL,1,2,1,0,0,1,NULL),(24,NULL,1140106,5,1,1140100,'Impuesto a las Ganancias (Saldo a favor)','Activo',NULL,1,1,0,0,0,1,NULL),(25,NULL,1140107,5,1,1140100,'Retenciones de IVA','Activo',NULL,1,2,1,0,0,1,NULL),(26,NULL,1140200,4,1,1140000,'CREDITOS DIVERSOS','Activo',NULL,1,1,0,0,0,0,NULL),(27,NULL,1140201,5,1,1140200,'Anticipos de proveedores','Activo',NULL,1,1,0,0,0,1,NULL),(28,NULL,1140205,5,1,1140200,'Depósito en garantía alquileres','Activo',NULL,1,1,0,0,0,1,NULL),(29,NULL,1140206,5,1,1140200,'Derechos adquiridos a devengar','Activo',NULL,1,1,0,0,0,1,NULL),(30,NULL,1140207,5,1,1140200,'Intereses a devengar','Activo',NULL,1,1,0,0,0,1,NULL),(31,NULL,1140208,5,1,1140200,'Cuentas a rendir - Directores','Activo',NULL,1,1,0,0,0,1,NULL),(32,NULL,1140210,5,1,1140200,'Alquileres no devengados','Activo',NULL,1,1,0,0,0,1,NULL),(33,NULL,1150000,3,1,1100000,'BIENES DE CAMBIO','Activo',NULL,1,1,0,0,0,0,NULL),(34,NULL,1150400,4,1,1150000,'MERCADERIA DE REVENTA','Activo',NULL,1,1,0,0,0,0,NULL),(35,NULL,1200000,2,1,1000000,'ACTIVO NO CORRIENTE','Activo',NULL,1,1,0,0,0,0,NULL),(36,NULL,1220000,3,1,1200000,'BIENES DE USO','Activo',NULL,1,1,0,0,0,0,NULL),(37,NULL,1220100,4,1,1220000,'EQUIPOS DE COMPUTACION','Activo',NULL,1,1,0,0,0,0,NULL),(38,NULL,1220101,5,1,1220100,'Equipos de computación valores históricos','Activo',NULL,1,1,0,0,0,1,NULL),(39,NULL,1220102,5,1,1220100,'Equipos de computación ajuste','Activo',NULL,1,1,0,0,0,1,NULL),(40,NULL,1220108,5,1,1220100,'Amortización Acumulada Equipos de comput.','Activo',NULL,1,1,0,0,0,1,NULL),(41,NULL,1220200,4,1,1220000,'INSTALACIONES','Activo',NULL,1,1,0,0,0,0,NULL),(42,NULL,1220201,5,1,1220200,'Instalaciones valores históricos','Activo',NULL,1,1,0,0,0,1,NULL),(43,NULL,1220202,5,1,1220200,'Instalaciones ajuste','Activo',NULL,1,1,0,0,0,1,NULL),(44,NULL,1220206,5,1,1220200,'Amortización Acumulada Instalaciones','Activo',NULL,1,1,0,0,0,1,NULL),(45,NULL,1220300,4,1,1220000,'MUEBLES Y UTILES','Activo',NULL,1,1,0,0,0,0,NULL);
INSERT INTO `conta_plan_cuenta` VALUES (46,NULL,1220301,5,1,1220300,'Muebles y utiles valores históricos','Activo',NULL,1,1,0,0,0,1,NULL),(47,NULL,1220302,5,1,1220300,'Muebles y utiles ajuste','Activo',NULL,1,1,0,0,0,1,NULL),(48,NULL,1220306,5,1,1220300,'Amortización Acumulada Muebles y Útiles','Activo',NULL,1,1,0,0,0,1,NULL),(49,NULL,1230000,3,1,1200000,'ACTIVOS INTANGIBLES','Activo',NULL,1,1,0,0,0,0,NULL),(50,NULL,1230101,5,1,1230100,'Gastos de organización valores historicos','Activo',NULL,1,1,0,0,0,1,NULL),(51,NULL,1230102,5,1,1230100,'Gastos de organización ajuste','Activo',NULL,1,1,0,0,0,1,NULL),(52,NULL,1230103,5,1,1230100,'Amortización acumulada gs. de organización','Activo',NULL,1,1,0,0,0,1,NULL),(53,NULL,2000000,1,2,0,'PASIVO','Pasivo',NULL,1,1,0,0,0,0,NULL),(54,NULL,2100000,2,2,2000000,'PASIVO CORRIENTE','Pasivo',NULL,1,1,0,0,0,0,NULL),(55,NULL,2110000,3,2,2100000,'Deudas','Pasivo',NULL,1,1,0,0,0,0,NULL),(56,NULL,2110100,4,2,2110000,'Comerciales','Pasivo',NULL,1,1,0,0,0,0,NULL),(57,NULL,2110101,5,2,2110100,'Proveedores en Cta. Cte. locales','Pasivo',NULL,1,2,0,0,0,1,NULL),(58,NULL,2110102,5,2,2110100,'Proveedores en cta. cte. exterior','Pasivo',NULL,1,1,0,0,0,1,NULL),(59,NULL,2110103,5,2,2110100,'Derechos de exhibición a devengar','Pasivo',NULL,1,1,0,0,0,1,NULL),(60,NULL,2110104,5,2,2110100,'Cheques emitidos ','Pasivo',NULL,1,2,1,1,1,1,NULL),(61,NULL,2110200,4,2,2110000,'REMUNERACIONES Y CARGAS SOCIALES','Pasivo',NULL,1,1,0,0,0,0,NULL),(62,NULL,2110201,5,2,2110200,'Sueldos y Jornales a pagar','Pasivo',NULL,1,2,0,0,1,1,NULL),(63,NULL,2110202,5,2,2110200,'Cargas sociales a pagar','Pasivo',NULL,1,1,0,0,0,1,NULL),(64,NULL,2110203,5,2,2110200,'Sindicatos a Pagar','Pasivo',NULL,1,1,0,0,0,1,NULL),(65,NULL,2110300,4,2,2110000,'CARGAS FISCALES','Pasivo',NULL,1,1,0,0,0,0,NULL),(67,NULL,2110301,5,2,2110300,'IVA Debito Fiscal','Pasivo',NULL,1,2,0,0,0,1,NULL),(68,NULL,1140222,5,1,1140200,'IVA Credito Fiscal','Activo',NULL,1,2,0,0,0,1,NULL),(69,NULL,2110303,5,2,2110300,'Impuestos Internos','Pasivo',NULL,1,1,0,0,0,1,NULL),(70,NULL,2110304,5,2,2110300,'Impuestos al Combustible','Pasivo',NULL,1,1,0,0,0,1,NULL),(71,NULL,2110601,5,2,2110600,'IVA Retenciones de terceros','Pasivo',NULL,1,1,0,0,0,1,NULL),(72,NULL,2110306,5,2,2110300,'IVA Percepciones realiz.por terceros','Pasivo',NULL,1,2,0,0,0,1,NULL),(73,NULL,2110307,5,2,2110300,'IVA Saldo a favor','Pasivo',NULL,1,1,0,0,0,1,NULL),(74,NULL,2110308,5,2,2110300,'IVA a pagar','Pasivo',NULL,1,2,0,0,0,1,NULL),(75,NULL,2110309,5,2,2110300,'Percepciones Ingresos Brutos','Pasivo',NULL,1,1,0,0,0,1,NULL),(76,NULL,2110310,5,2,2110300,'Otros Pagos AFIP','Pasivo',NULL,1,1,0,0,0,1,NULL),(78,NULL,2110350,5,2,2110300,'Impuesto a los Ingresos Brutos Pasivo','Pasivo',NULL,1,1,0,0,0,1,NULL),(79,NULL,2110313,5,2,2110300,'Impuesto a las Ganancias','Pasivo',NULL,1,1,0,0,0,1,NULL),(80,NULL,2110314,5,2,2110300,'Impuesto a la Ganancia Mínima Presunta','Pasivo',NULL,1,1,0,0,0,1,NULL),(81,NULL,2110602,5,2,2110600,'AFIP - Retenciones Impuesto a las Ganancias','Pasivo',NULL,1,1,0,0,0,1,NULL),(82,NULL,2110316,5,2,2110300,'AFIP - Plan de Facilidades Decreto 338/02','Pasivo',NULL,1,1,0,0,0,1,NULL),(83,NULL,2200000,2,2,2000000,'PASIVO NO CORRIENTE','Pasivo',NULL,1,1,0,0,0,0,NULL),(84,NULL,3000000,1,2,0,'PATRIMONIO NETO','Patrimonio Neto',NULL,1,1,0,0,0,0,NULL),(85,NULL,3100000,2,2,3000000,'APORTE DE LOS PROPIETARIOS','Patrimonio Neto',NULL,1,1,0,0,0,0,NULL),(86,NULL,3110100,4,2,3110000,'CAPITAL SOCIAL','Patrimonio Neto',NULL,1,1,0,0,0,0,NULL),(87,NULL,3110101,5,2,3110100,'Acciones en circulación','Patrimonio Neto',NULL,1,1,0,0,0,1,NULL),(88,NULL,3110102,5,2,3110100,'Ajuste del Capital','Patrimonio Neto',NULL,1,2,0,0,0,1,NULL),(89,NULL,3110103,5,2,3110100,'Aportes Irrevocables Futuras Suscripciones','Patrimonio Neto',NULL,1,1,0,0,0,1,NULL),(90,NULL,3400000,2,2,3000000,'RESULTADOS','Patrimonio Neto',NULL,1,1,0,0,0,0,NULL),(91,193,3410101,5,2,3410100,'Resultado del ejercicio','Patrimonio Neto',NULL,1,1,1,1,1,1,NULL);
INSERT INTO `conta_plan_cuenta` VALUES (92,NULL,3410102,5,2,3410100,'Resultado ejercicios anteriores','Patrimonio Neto',NULL,1,1,0,0,0,1,NULL),(93,NULL,3410103,5,2,3410100,'A.R.E.A.','Patrimonio Neto',NULL,1,1,0,0,0,1,NULL),(94,NULL,4000000,1,2,0,'INGRESOS','Result. Positivo',NULL,1,1,0,0,0,0,NULL),(95,NULL,4100000,2,2,4000000,'INGRESOS ORDINARIOS','Result. Positivo',NULL,1,1,0,0,0,0,NULL),(96,NULL,4110101,5,2,4110100,'VENTAS','Result. Positivo',NULL,1,2,0,0,0,1,NULL),(97,NULL,4110102,5,2,4110100,'Honorarios','Result. Positivo',NULL,1,1,0,0,0,1,NULL),(98,NULL,4110103,5,2,4110100,'Sueldo Vane','Result. Positivo',NULL,0,1,0,0,0,0,NULL),(99,NULL,4110104,5,2,4110100,'Descuentos obtenidos','Result. Positivo',NULL,1,1,0,0,0,1,NULL),(100,NULL,4110105,5,2,4110100,'Reintegros por exportaciones','Result. Positivo',NULL,1,1,0,0,0,1,NULL),(101,NULL,4120000,3,2,4100000,'OTROS INGRESOS','Result. Positivo',NULL,1,1,0,0,0,0,NULL),(102,NULL,4120101,5,2,4120100,'Intereses Cobrados','Result. Positivo',NULL,1,1,0,0,0,1,NULL),(103,NULL,4120102,5,2,4120100,'Diferencias de cambio','Result. Positivo',NULL,1,1,0,0,0,1,NULL),(104,NULL,4120103,5,2,4120100,'Descuentos obtenidos','Result. Positivo',NULL,1,1,0,0,0,1,NULL),(107,NULL,5000000,1,1,0,'GASTOS','Result. Negativo',NULL,1,1,0,0,0,0,NULL),(108,NULL,5100000,2,1,5000000,'GASTOS ORDINARIOS','Result. Negativo',NULL,1,1,0,0,0,0,NULL),(109,NULL,5110100,4,1,5110000,'ASIENTO DE SUELDO','Result. Negativo',NULL,1,1,0,0,0,0,NULL),(110,NULL,5110101,5,1,5110100,'Sueldos','Result. Negativo',NULL,1,1,0,0,0,1,NULL),(111,NULL,5110102,5,1,5110100,'Contribuciones','Result. Negativo',NULL,1,1,0,0,0,1,NULL),(112,NULL,5110103,5,1,5110100,'Sindicato','Result. Negativo',NULL,1,1,0,0,0,1,NULL),(113,NULL,5120100,4,1,5120000,'GASTOS DE OPERACION','Result. Negativo',NULL,1,1,0,0,0,0,NULL),(114,193,5120111,5,2,5120100,'PROOVEDORES PAGADOS','Result. Negativo',NULL,1,1,0,0,0,1,NULL),(115,NULL,5120102,5,1,5120100,'Aereos','Result. Negativo',NULL,1,1,0,0,0,1,NULL),(116,NULL,5120103,5,1,5120100,'Alquiler','Result. Negativo',NULL,1,1,0,0,0,1,NULL),(117,NULL,5120104,5,1,5120100,'AGUA AYSA','Result. Negativo',NULL,1,1,0,0,0,1,NULL),(118,NULL,5120105,5,1,5120100,'TV Cablevision','Result. Negativo',NULL,1,1,0,0,0,1,NULL),(119,NULL,5120106,5,1,5120100,'Caja Jubilacion Consejo','Result. Negativo',NULL,1,1,0,0,0,1,NULL),(120,NULL,5120107,5,1,5120100,'Celulares','Result. Negativo',NULL,1,1,0,0,0,1,NULL),(121,NULL,5120108,5,1,5120100,'Cheques','Result. Negativo',NULL,1,1,0,0,0,1,NULL),(122,NULL,5120109,5,1,5120100,'Club la Nacion','Result. Negativo',NULL,0,1,0,0,0,0,NULL),(123,NULL,5120110,5,1,5120100,'Comida','Result. Negativo',NULL,1,1,0,0,0,1,NULL),(124,NULL,5120111,5,1,5120100,'Diario Clarin','Result. Negativo',NULL,0,1,0,0,0,0,NULL),(125,NULL,5120112,5,1,5120100,'Digital Ocean','Result. Negativo',NULL,0,1,0,0,0,0,NULL),(126,NULL,5120113,5,1,5120100,'Fletes y acarreos','Result. Negativo',NULL,1,1,0,0,0,1,NULL),(127,NULL,5120114,5,1,5120100,'Luz Edesur','Result. Negativo',NULL,1,1,0,0,0,1,NULL),(128,NULL,5120115,5,1,5120100,'Movilidad y Viáticos','Result. Negativo',NULL,1,1,0,0,0,1,NULL),(129,NULL,5120116,5,1,5120100,'Mantenimiento','Result. Negativo',NULL,1,1,0,0,0,1,NULL),(130,NULL,5120117,5,1,5120100,'IVA No Computable','Result. Negativo',NULL,1,1,0,0,0,1,NULL),(131,NULL,5120118,5,1,5120100,'Entretenimiento','Result. Negativo',NULL,1,1,0,0,0,1,NULL),(132,NULL,5120119,5,1,5120100,'Amortización Bienes de Uso','Result. Negativo',NULL,1,1,0,0,0,1,NULL),(133,NULL,5120120,5,1,5120100,'Errepar','Result. Negativo',NULL,0,1,0,0,0,0,NULL),(134,NULL,5120121,5,1,5120100,'Hosting Página Web To Webs','Result. Negativo',NULL,0,1,0,0,0,0,NULL),(135,NULL,5120122,5,1,5120100,'Gastos varios','Result. Negativo',NULL,1,1,0,0,0,1,NULL),(136,NULL,5120123,5,1,5120100,'Ajuste por redondeo','Result. Negativo',NULL,1,2,0,0,0,1,NULL),(137,NULL,5120124,5,1,5120100,'Deudores Incobrables','Result. Negativo',NULL,1,1,0,0,0,1,NULL);
INSERT INTO `conta_plan_cuenta` VALUES (138,NULL,5120125,5,1,5120100,'Faby Goncalves','Result. Negativo',NULL,0,1,0,0,0,0,NULL),(139,NULL,5130100,4,1,5130000,'GASTOS FINANCIEROS','Result. Negativo',NULL,1,1,0,0,0,0,NULL),(140,NULL,5130101,5,1,5130100,'Intereses y Gastos bancarios','Result. Negativo',NULL,1,2,0,0,1,1,NULL),(141,NULL,5130102,5,1,5130100,'Intereses Proveedores','Result. Negativo',NULL,1,1,0,0,0,1,NULL),(142,NULL,5130103,5,1,5130100,'Damian Financiera','Result. Negativo',NULL,0,1,0,0,0,0,NULL),(143,NULL,5130104,5,1,5130100,'Diferencias de cambio','Result. Negativo',NULL,1,1,0,0,0,1,NULL),(144,NULL,5130105,5,1,5130100,'Diferencia de Cambio Bces. en M.Extranjera','Result. Negativo',NULL,1,1,0,0,0,1,NULL),(145,NULL,5130106,5,1,5130100,'Diferencia tipo cambio Vendedor/Comprador','Result. Negativo',NULL,1,1,0,0,0,1,NULL),(146,NULL,5130107,5,1,5130100,'Diferencia por conversion en Bce. en Mon. Extranj.','Result. Negativo',NULL,1,1,0,0,0,1,NULL),(147,NULL,5130108,5,1,5130100,'Diferencia de cambio CMV','Result. Negativo',NULL,1,1,0,0,0,1,NULL),(148,NULL,5130109,5,1,5130100,'Diferencia de cambio PT','Result. Negativo',NULL,1,1,0,0,0,1,NULL),(149,NULL,5130110,5,1,5130100,'Resultado por Exposición a la Inflación','Result. Negativo',NULL,1,1,0,0,0,1,NULL),(150,NULL,5130111,5,1,5130100,'Diferencia de cambio PE','Result. Negativo',NULL,1,1,0,0,0,1,NULL),(151,NULL,5130112,5,1,5130100,'Diferencia de cambio Ds.Vtas.','Result. Negativo',NULL,1,1,0,0,0,1,NULL),(152,NULL,5130113,5,1,5130100,'Diferencia de cambio ME','Result. Negativo',NULL,1,1,0,0,0,1,NULL),(153,NULL,5130114,5,1,5130100,'Descuentos otorgados','Result. Negativo',NULL,1,1,0,0,0,1,NULL),(154,NULL,5140100,4,1,5140000,'IMPUESTOS','Result. Negativo',NULL,1,1,0,0,0,0,NULL),(155,NULL,5140101,5,1,5140100,'Impuesto a las Ganancias','Result. Negativo',NULL,1,1,0,0,0,1,NULL),(156,NULL,5140164,5,1,5140100,'Impuesto a los Ingresos Brutos','Result. Negativo',NULL,1,2,0,0,0,1,NULL),(157,NULL,5140102,5,1,5140100,'Impuesto al Debito y Credito Bancario','Result. Negativo',NULL,1,1,0,0,0,1,NULL),(158,NULL,5200000,2,1,5000000,'GASTOS EXTRAORDINARIOS','Result. Negativo',NULL,1,1,0,0,0,0,NULL),(159,193,5210101,5,2,5210100,'gastos personales','Result. Negativo',NULL,1,1,0,0,0,1,NULL),(160,NULL,5210102,5,1,5210100,'Inversiones','Result. Negativo',NULL,1,1,0,0,0,1,NULL),(161,NULL,5210103,5,1,5210100,'Amortizaciones extraordinarias','Result. Negativo',NULL,1,1,0,0,0,1,NULL),(162,NULL,1140103,5,1,1140100,'Retenciones SUSS','Activo',NULL,1,2,1,0,0,1,NULL),(163,NULL,1110122,5,1,1110100,'Banco Patagonia Cta. Cte.','Activo',NULL,0,1,0,0,0,0,NULL),(164,NULL,1110106,5,1,1110100,'Banco HSBC','Activo',NULL,0,1,0,0,0,0,NULL),(165,NULL,1110123,5,1,1110100,'Banco Ciudad Cta. Cte.','Activo',NULL,0,1,0,0,0,0,NULL),(166,NULL,1110124,5,1,1110100,'Banco Nacion Cta. Cte.','Activo',NULL,0,1,0,0,0,0,NULL),(167,NULL,1110109,5,1,1110100,'Banco Galicia Vane','Activo',NULL,0,1,0,0,0,0,NULL),(168,NULL,1110110,5,1,1110100,'Banco Frances Vane','Activo',NULL,0,1,0,0,0,0,NULL),(169,NULL,1110111,5,1,1110100,'Banco Patagonia In Time SRL','Activo',NULL,0,1,0,0,0,0,NULL),(170,NULL,1110112,5,1,1110100,'Banco Ciudad In Time SRL','Activo',NULL,0,1,0,0,0,0,NULL),(171,NULL,1110113,5,1,1110100,'Banco Provincia In Time SRL','Activo',NULL,0,1,0,0,0,0,NULL),(172,NULL,1110114,5,1,1110100,'Banco Macro PedimeOnline','Activo',NULL,0,1,0,0,0,0,NULL),(173,NULL,1110115,5,1,1110100,'Banco Patagonia Problema Resuelto','Activo',NULL,0,1,0,0,0,0,NULL),(174,NULL,1110116,5,1,1110100,'Banco Patagonia Graciela','Activo',NULL,0,1,0,0,0,0,NULL),(175,NULL,1110117,5,1,1110100,'Banco Patagonia Omar','Activo',NULL,0,1,0,0,0,0,NULL),(176,NULL,1110118,5,1,1110100,'Cheques','Activo',NULL,1,2,1,1,1,0,NULL),(177,NULL,5120126,5,1,5120100,'Gisela Larzabal','Result. Negativo',NULL,0,1,0,0,0,0,NULL),(178,NULL,5120127,5,1,5120100,'Google','Result. Negativo',NULL,1,1,0,0,0,1,NULL),(179,NULL,5120128,5,1,5120100,'Seguro Moto','Result. Negativo',NULL,0,1,0,0,0,0,NULL);
INSERT INTO `conta_plan_cuenta` VALUES (180,NULL,5120129,5,1,5120100,'Sueldo Agustina','Result. Negativo',NULL,0,1,0,0,0,0,NULL),(181,NULL,5120130,5,1,5120100,'Sueldo Betty','Result. Negativo',NULL,0,1,0,0,0,0,NULL),(182,NULL,5120131,5,1,5120100,'Sueldo Elizabet','Result. Negativo',NULL,0,1,0,0,0,0,NULL),(183,NULL,5120132,5,1,5120100,'Sueldo Florencia','Result. Negativo',NULL,0,1,0,0,0,0,NULL),(184,NULL,5120133,5,1,5120100,'Sueldo Graciela','Result. Negativo',NULL,0,1,0,0,0,0,NULL),(185,NULL,5120134,5,1,5120100,'Sueldo Franco Sanchez','Result. Negativo',NULL,0,1,0,0,0,0,NULL),(186,NULL,5120135,5,1,5120100,'Sueldo Santiago Sanchez','Result. Negativo',NULL,0,1,0,0,0,0,NULL),(187,NULL,5120136,5,1,5120100,'Sueldo Jose Luis','Result. Negativo',NULL,0,1,0,0,0,0,NULL),(188,NULL,5120137,5,1,5120100,'Publicidad','Result. Negativo',NULL,1,1,0,0,0,1,NULL),(189,NULL,5120138,5,1,5120100,'Las Nieves','Result. Negativo',NULL,0,1,0,0,0,0,NULL),(190,NULL,5120139,5,1,5120100,'Sueldo Lidia','Result. Negativo',NULL,0,1,0,0,0,0,NULL),(191,NULL,5120140,5,1,5120100,'Cargas Sociales','Result. Negativo',NULL,1,1,0,0,0,1,NULL),(192,NULL,5120141,5,1,5120100,'Honorarios','Result. Negativo',NULL,1,1,0,0,0,1,NULL),(193,NULL,5120142,5,1,5120100,'Telefono Fijo','Result. Negativo',NULL,1,1,0,0,0,1,NULL),(194,NULL,5120143,5,1,5120100,'ONE DRIVE','Result. Negativo',NULL,0,1,0,0,0,0,NULL),(195,NULL,5120144,5,1,5120100,'OSDE','Result. Negativo',NULL,0,1,0,0,0,0,NULL),(196,NULL,5120145,5,1,5120100,'SAS Constitucion','Result. Negativo',NULL,0,1,0,0,0,0,NULL),(197,NULL,5120146,5,1,5120100,'Seguro de Vida Zurich','Result. Negativo',NULL,0,1,0,0,0,0,NULL),(198,NULL,5120147,5,1,5120100,'Seguros','Result. Negativo',NULL,1,1,0,0,0,1,NULL),(199,NULL,5120148,5,1,5120100,'Internet','Result. Negativo',NULL,1,1,0,0,0,1,NULL),(200,NULL,5120149,5,1,5120100,'Seguro de Retiro Zurich','Result. Negativo',NULL,0,1,0,0,0,0,NULL),(201,NULL,5140165,5,1,5140100,'Monotributo','Result. Negativo',NULL,1,2,0,0,1,1,NULL),(202,NULL,5140104,5,1,5140100,'IVA In Time SRL','Result. Negativo',NULL,0,1,0,0,0,0,NULL),(203,NULL,5140105,5,1,5140100,'Autonomos','Result. Negativo',NULL,1,2,0,0,1,1,NULL),(204,NULL,5140106,5,1,5140100,'Multas Impositivas','Result. Negativo',NULL,1,1,0,0,0,1,NULL),(207,NULL,5120150,5,1,5120100,'Vanesa Gastos','Result. Negativo',NULL,0,1,0,0,0,0,NULL),(208,NULL,5140166,5,1,5140100,'Impuesto a los Ingresos Brutos - BS AS','Result. Negativo',NULL,1,1,0,0,0,1,NULL),(209,NULL,5140107,5,1,5140100,'SIRCREB','Result. Negativo',NULL,1,1,0,0,0,1,NULL),(210,NULL,5140108,5,1,5140100,'Consejo Ciencias Economicas','Result. Negativo',NULL,0,1,0,0,0,0,NULL),(211,NULL,5120152,5,1,5120100,'Albano Andres','Result. Negativo',NULL,0,1,0,0,0,0,NULL),(212,NULL,5120153,5,1,5120100,'Tarjeta Visa','Result. Negativo',NULL,1,1,0,0,0,1,NULL),(213,NULL,5120154,5,1,5120100,'Tarjeta American Express','Result. Negativo',NULL,1,1,0,0,0,1,NULL),(214,NULL,5120155,5,1,5120100,'Tarjeta Mastercard','Result. Negativo',NULL,1,1,0,0,0,1,NULL),(215,NULL,5120156,5,1,5120100,'Imp. Municipales','Result. Negativo',NULL,1,2,0,0,0,1,NULL),(216,NULL,5120157,5,1,5120100,'Perc/Ret. Imp. Ganancias','Result. Negativo',NULL,1,2,0,0,0,1,NULL),(217,NULL,5120158,5,1,5120100,'Compras','Result. Negativo',NULL,1,2,0,0,0,1,NULL),(218,NULL,4110106,5,2,4110100,'Ventas No Gravadas','Result. Positivo',NULL,1,2,0,0,0,1,NULL),(219,NULL,6110103,5,1,6110100,'Pagos AFIP','Movimiento',NULL,1,2,0,0,1,1,NULL),(220,NULL,5140167,5,1,5140100,'Perc IVA -RG3337','Result. Negativo',NULL,1,2,0,0,0,1,NULL),(221,NULL,5140109,5,1,5140100,'Imps. Internos','Result. Negativo',NULL,1,2,0,0,0,1,NULL),(222,NULL,5140110,5,1,5140100,'Imp. Gasoil','Result. Negativo',NULL,1,2,0,0,0,1,NULL),(223,NULL,5140111,5,1,5140100,'Imp. Hídricos','Result. Negativo',NULL,1,2,0,0,0,1,NULL),(224,NULL,5140112,5,1,5140100,'ITC','Result. Negativo',NULL,1,2,0,0,0,1,NULL),(225,NULL,5140113,5,1,5140100,'Perc IIBB  Buenos Aires','Result. Negativo',NULL,1,2,0,0,0,1,NULL);
INSERT INTO `conta_plan_cuenta` VALUES (226,NULL,5140114,5,1,5140100,'Perc IIBB  Capital Federal','Result. Negativo',NULL,1,2,0,0,0,1,NULL),(227,NULL,5140115,5,1,5140100,'Perc IIBB  Catamarca','Result. Negativo',NULL,1,2,0,0,0,1,NULL),(228,NULL,5140116,5,1,5140100,'Perc IIBB  Chaco','Result. Negativo',NULL,1,2,0,0,0,1,NULL),(229,NULL,5140117,5,1,5140100,'Perc IIBB  Chubut','Result. Negativo',NULL,1,2,0,0,0,1,NULL),(230,NULL,5140118,5,1,5140100,'Perc IIBB  Córdoba','Result. Negativo',NULL,1,2,0,0,0,1,NULL),(231,NULL,5140119,5,1,5140100,'Perc IIBB  Corrientes','Result. Negativo',NULL,1,2,0,0,0,1,NULL),(232,NULL,5140120,5,1,5140100,'Perc IIBB  Entre Ríos','Result. Negativo',NULL,1,2,0,0,0,1,NULL),(233,NULL,5140121,5,1,5140100,'Perc IIBB  Formosa','Result. Negativo',NULL,1,2,0,0,0,1,NULL),(234,NULL,5140122,5,1,5140100,'Perc IIBB  Jujuy','Result. Negativo',NULL,1,2,0,0,0,1,NULL),(235,NULL,5140123,5,1,5140100,'Perc IIBB  La Pampa','Result. Negativo',NULL,1,2,0,0,0,1,NULL),(236,NULL,5140124,5,1,5140100,'Perc IIBB  La Rioja','Result. Negativo',NULL,1,2,0,0,0,1,NULL),(237,NULL,5140125,5,1,5140100,'Perc IIBB  Mendoza','Result. Negativo',NULL,1,2,0,0,0,1,NULL),(238,NULL,5140126,5,1,5140100,'Perc IIBB  Misiones','Result. Negativo',NULL,1,2,0,0,0,1,NULL),(239,NULL,5140127,5,1,5140100,'Perc IIBB  Neuquén','Result. Negativo',NULL,1,2,0,0,0,1,NULL),(240,NULL,5140128,5,1,5140100,'Perc IIBB  Pascua Lama','Result. Negativo',NULL,1,2,0,0,0,1,NULL),(241,NULL,5140129,5,1,5140100,'Perc IIBB  Río Negro','Result. Negativo',NULL,1,2,0,0,0,1,NULL),(242,NULL,5140130,5,1,5140100,'Perc IIBB  Salta','Result. Negativo',NULL,1,2,0,0,0,1,NULL),(243,NULL,5140131,5,1,5140100,'Perc IIBB  San Juan','Result. Negativo',NULL,1,2,0,0,0,1,NULL),(244,NULL,5140132,5,1,5140100,'Perc IIBB  San Luis','Result. Negativo',NULL,1,2,0,0,0,1,NULL),(245,NULL,5140133,5,1,5140100,'Perc IIBB  Santa Cruz','Result. Negativo',NULL,1,2,0,0,0,1,NULL),(246,NULL,5140134,5,1,5140100,'Perc IIBB  Santa Fe','Result. Negativo',NULL,1,2,0,0,0,1,NULL),(247,NULL,5140135,5,1,5140100,'Perc IIBB  Santiago del Estero','Result. Negativo',NULL,1,2,0,0,0,1,NULL),(248,NULL,5140136,5,1,5140100,'Perc IIBB  Tierra del Fuego','Result. Negativo',NULL,1,2,0,0,0,1,NULL),(249,NULL,5140137,5,1,5140100,'Perc IIBB  Tucuman','Result. Negativo',NULL,1,2,0,0,0,1,NULL),(250,NULL,5140138,5,1,5140100,'Compras No Gravadas','Result. Negativo',NULL,1,2,0,0,0,1,NULL),(251,NULL,1140108,5,1,1140100,'Retenciones de IIBB Buenos Aires','Activo',NULL,1,2,1,0,0,1,NULL),(252,NULL,1140109,5,1,1140100,'Retenciones de IIBB Capital Federal','Activo',NULL,1,2,1,0,0,1,NULL),(253,NULL,1140110,5,1,1140100,'Retenciones de IIBB Catamarca','Activo',NULL,1,2,1,0,0,1,NULL),(254,NULL,1140111,5,1,1140100,'Retenciones de IIBB Chaco','Activo',NULL,1,2,1,0,0,1,NULL),(255,NULL,1140112,5,1,1140100,'Retenciones de IIBB Chubut','Activo',NULL,1,2,1,0,0,1,NULL),(256,NULL,1140113,5,1,1140100,'Retenciones de IIBB Córdoba','Activo',NULL,1,2,1,0,0,1,NULL),(257,NULL,1140114,5,1,1140100,'Retenciones de IIBB Corrientes','Activo',NULL,1,2,1,0,0,1,NULL),(258,NULL,1140115,5,1,1140100,'Retenciones de IIBB Entre Ríos','Activo',NULL,1,2,1,0,0,1,NULL),(259,NULL,1140116,5,1,1140100,'Retenciones de IIBB Formosa','Activo',NULL,1,2,1,0,0,1,NULL),(260,NULL,1140117,5,1,1140100,'Retenciones de IIBB Jujuy','Activo',NULL,1,2,1,0,0,1,NULL),(261,NULL,1140118,5,1,1140100,'Retenciones de IIBB La Pampa','Activo',NULL,1,2,1,0,0,1,NULL),(262,NULL,1140119,5,1,1140100,'Retenciones de IIBB La Rioja','Activo',NULL,1,2,1,0,0,1,NULL),(263,NULL,1140120,5,1,1140100,'Retenciones de IIBB Mendoza','Activo',NULL,1,2,1,0,0,1,NULL),(264,NULL,1140121,5,1,1140100,'Retenciones de IIBB Misiones','Activo',NULL,1,2,1,0,0,1,NULL),(265,NULL,1140122,5,1,1140100,'Retenciones de IIBB Neuquén','Activo',NULL,1,2,1,0,0,1,NULL),(266,NULL,1140123,5,1,1140100,'Retenciones de IIBB Pascua Lama','Activo',NULL,1,2,1,0,0,1,NULL),(267,NULL,1140124,5,1,1140100,'Retenciones de IIBB Río Negro','Activo',NULL,1,2,1,0,0,1,NULL);
INSERT INTO `conta_plan_cuenta` VALUES (268,NULL,1140125,5,1,1140100,'Retenciones de IIBB Salta','Activo',NULL,1,2,1,0,0,1,NULL),(269,NULL,1140126,5,1,1140100,'Retenciones de IIBB San Juan','Activo',NULL,1,2,1,0,0,1,NULL),(270,NULL,1140127,5,1,1140100,'Retenciones de IIBB San Luis','Activo',NULL,1,2,1,0,0,1,NULL),(271,NULL,1140128,5,1,1140100,'Retenciones de IIBB Santa Cruz','Activo',NULL,1,2,1,0,0,1,NULL),(272,NULL,1140129,5,1,1140100,'Retenciones de IIBB Santa Fe','Activo',NULL,1,2,1,0,0,1,NULL),(273,NULL,1140130,5,1,1140100,'Retenciones de IIBB Santiago del Estero','Activo',NULL,1,2,1,0,0,1,NULL),(274,NULL,1140131,5,1,1140100,'Retenciones de IIBB Tierra del Fuego','Activo',NULL,1,2,1,0,0,1,NULL),(275,NULL,1140132,5,1,1140100,'Retenciones de IIBB Tucuman','Activo',NULL,1,2,1,0,0,1,NULL),(276,NULL,5140168,5,1,5140100,'SIRCREB Buenos Aires','Result. Negativo',NULL,1,2,0,0,0,1,NULL),(277,NULL,5140139,5,1,5140100,'SIRCREB Capital Federal','Result. Negativo',NULL,1,2,0,0,0,1,NULL),(278,NULL,5140140,5,1,5140100,'SIRCREB Catamarca','Result. Negativo',NULL,1,2,0,0,0,1,NULL),(279,NULL,5140141,5,1,5140100,'SIRCREB Chaco','Result. Negativo',NULL,1,2,0,0,0,1,NULL),(280,NULL,5140142,5,1,5140100,'SIRCREB Chubut','Result. Negativo',NULL,1,2,0,0,0,1,NULL),(281,NULL,5140143,5,1,5140100,'SIRCREB Córdoba','Result. Negativo',NULL,1,2,0,0,0,1,NULL),(282,NULL,5140144,5,1,5140100,'SIRCREB Corrientes','Result. Negativo',NULL,1,2,0,0,0,1,NULL),(283,NULL,5140145,5,1,5140100,'SIRCREB Entre Ríos','Result. Negativo',NULL,1,2,0,0,0,1,NULL),(284,NULL,5140146,5,1,5140100,'SIRCREB Formosa','Result. Negativo',NULL,1,2,0,0,0,1,NULL),(285,NULL,5140147,5,1,5140100,'SIRCREB Jujuy','Result. Negativo',NULL,1,2,0,0,0,1,NULL),(286,NULL,5140148,5,1,5140100,'SIRCREB La Pampa','Result. Negativo',NULL,1,2,0,0,0,1,NULL),(287,NULL,5140149,5,1,5140100,'SIRCREB La Rioja','Result. Negativo',NULL,1,2,0,0,0,1,NULL),(288,NULL,5140150,5,1,5140100,'SIRCREB Mendoza','Result. Negativo',NULL,1,2,0,0,0,1,NULL),(289,NULL,5140151,5,1,5140100,'SIRCREB Misiones','Result. Negativo',NULL,1,2,0,0,0,1,NULL),(290,NULL,5140152,5,1,5140100,'SIRCREB Neuquén','Result. Negativo',NULL,1,2,0,0,0,1,NULL),(291,NULL,5140153,5,1,5140100,'SIRCREB Pascua Lama','Result. Negativo',NULL,1,2,0,0,0,1,NULL),(292,NULL,5140154,5,1,5140100,'SIRCREB Río Negro','Result. Negativo',NULL,1,2,0,0,0,1,NULL),(293,NULL,5140155,5,1,5140100,'SIRCREB Salta','Result. Negativo',NULL,1,2,0,0,0,1,NULL),(294,NULL,5140156,5,1,5140100,'SIRCREB San Juan','Result. Negativo',NULL,1,2,0,0,0,1,NULL),(295,NULL,5140157,5,1,5140100,'SIRCREB San Luis','Result. Negativo',NULL,1,2,0,0,0,1,NULL),(296,NULL,5140158,5,1,5140100,'SIRCREB Santa Cruz','Result. Negativo',NULL,1,2,0,0,0,1,NULL),(297,NULL,5140159,5,1,5140100,'SIRCREB Santa Fe','Result. Negativo',NULL,1,2,0,0,0,1,NULL),(298,NULL,5140160,5,1,5140100,'SIRCREB Santiago del Estero','Result. Negativo',NULL,1,2,0,0,0,1,NULL),(299,NULL,5140161,5,1,5140100,'SIRCREB Tierra del Fuego','Result. Negativo',NULL,1,2,0,0,0,1,NULL),(300,NULL,5140162,5,1,5140100,'SIRCREB Tucuman','Result. Negativo',NULL,1,2,0,0,0,1,NULL),(301,NULL,1140326,5,1,1140300,'IIBB a Favor Buenos Aires','Activo',NULL,1,2,0,0,0,1,NULL),(302,NULL,1140302,5,1,1140300,'IIBB a Favor Capital Federal','Activo',NULL,1,2,0,0,0,1,NULL),(303,NULL,1140303,5,1,1140300,'IIBB a Favor Catamarca','Activo',NULL,1,2,0,0,0,1,NULL),(304,NULL,1140304,5,1,1140300,'IIBB a Favor Chaco','Activo',NULL,1,2,0,0,0,1,NULL),(305,NULL,1140305,5,1,1140300,'IIBB a Favor Chubut','Activo',NULL,1,2,0,0,0,1,NULL),(306,NULL,1140306,5,1,1140300,'IIBB a Favor Córdoba','Activo',NULL,1,2,0,0,0,1,NULL),(307,NULL,1140307,5,1,1140300,'IIBB a Favor Corrientes','Activo',NULL,1,2,0,0,0,1,NULL),(308,NULL,1140308,5,1,1140300,'IIBB a Favor Entre Ríos','Activo',NULL,1,2,0,0,0,1,NULL),(309,NULL,1140309,5,1,1140300,'IIBB a Favor Formosa','Activo',NULL,1,2,0,0,0,1,NULL),(310,NULL,1140310,5,1,1140300,'IIBB a Favor Jujuy','Activo',NULL,1,2,0,0,0,1,NULL);
INSERT INTO `conta_plan_cuenta` VALUES (311,NULL,1140311,5,1,1140300,'IIBB a Favor La Pampa','Activo',NULL,1,2,0,0,0,1,NULL),(312,NULL,1140312,5,1,1140300,'IIBB a Favor La Rioja','Activo',NULL,1,2,0,0,0,1,NULL),(313,NULL,1140313,5,1,1140300,'IIBB a Favor Mendoza','Activo',NULL,1,2,0,0,0,1,NULL),(314,NULL,1140314,5,1,1140300,'IIBB a Favor Misiones','Activo',NULL,1,2,0,0,0,1,NULL),(315,NULL,1140315,5,1,1140300,'IIBB a Favor Neuquén','Activo',NULL,1,2,0,0,0,1,NULL),(316,NULL,1140316,5,1,1140300,'IIBB a Favor Pascua Lama','Activo',NULL,1,2,0,0,0,1,NULL),(317,NULL,1140317,5,1,1140300,'IIBB a Favor Río Negro','Activo',NULL,1,2,0,0,0,1,NULL),(318,NULL,1140318,5,1,1140300,'IIBB a Favor Salta','Activo',NULL,1,2,0,0,0,1,NULL),(319,NULL,1140319,5,1,1140300,'IIBB a Favor San Juan','Activo',NULL,1,2,0,0,0,1,NULL),(320,NULL,1140320,5,1,1140300,'IIBB a Favor San Luis','Activo',NULL,1,2,0,0,0,1,NULL),(321,NULL,1140321,5,1,1140300,'IIBB a Favor Santa Cruz','Activo',NULL,1,2,0,0,0,1,NULL),(322,NULL,1140322,5,1,1140300,'IIBB a Favor Santa Fe','Activo',NULL,1,2,0,0,0,1,NULL),(323,NULL,1140323,5,1,1140300,'IIBB a Favor Santiago del Estero','Activo',NULL,1,2,0,0,0,1,NULL),(324,NULL,1140324,5,1,1140300,'IIBB a Favor Tierra del Fuego','Activo',NULL,1,2,0,0,0,1,NULL),(325,NULL,1140325,5,1,1140300,'IIBB a Favor Tucuman','Activo',NULL,1,2,0,0,0,1,NULL),(326,NULL,2110317,5,2,2110300,'IIBB a Pagar Buenos Aires','Pasivo',NULL,1,2,0,0,0,1,NULL),(327,NULL,2110318,5,2,2110300,'IIBB a Pagar Capital Federal','Pasivo',NULL,1,2,0,0,0,1,NULL),(328,NULL,2110319,5,2,2110300,'IIBB a Pagar Catamarca','Pasivo',NULL,1,2,0,0,0,1,NULL),(329,NULL,2110320,5,2,2110300,'IIBB a Pagar Chaco','Pasivo',NULL,1,2,0,0,0,1,NULL),(330,NULL,2110321,5,2,2110300,'IIBB a Pagar Chubut','Pasivo',NULL,1,2,0,0,0,1,NULL),(331,NULL,2110322,5,2,2110300,'IIBB a Pagar Córdoba','Pasivo',NULL,1,2,0,0,0,1,NULL),(332,NULL,2110323,5,2,2110300,'IIBB a Pagar Corrientes','Pasivo',NULL,1,2,0,0,0,1,NULL),(333,NULL,2110324,5,2,2110300,'IIBB a Pagar Entre Ríos','Pasivo',NULL,1,2,0,0,0,1,NULL),(334,NULL,2110325,5,2,2110300,'IIBB a Pagar Formosa','Pasivo',NULL,1,2,0,0,0,1,NULL),(335,NULL,2110326,5,2,2110300,'IIBB a Pagar Jujuy','Pasivo',NULL,1,2,0,0,0,1,NULL),(336,NULL,2110327,5,2,2110300,'IIBB a Pagar La Pampa','Pasivo',NULL,1,2,0,0,0,1,NULL),(337,NULL,2110328,5,2,2110300,'IIBB a Pagar La Rioja','Pasivo',NULL,1,2,0,0,0,1,NULL),(338,NULL,2110329,5,2,2110300,'IIBB a Pagar Mendoza','Pasivo',NULL,1,2,0,0,0,1,NULL),(339,NULL,2110330,5,2,2110300,'IIBB a Pagar Misiones','Pasivo',NULL,1,2,0,0,0,1,NULL),(340,NULL,2110331,5,2,2110300,'IIBB a Pagar Neuquén','Pasivo',NULL,1,2,0,0,0,1,NULL),(341,NULL,2110332,5,2,2110300,'IIBB a Pagar Pascua Lama','Pasivo',NULL,1,2,0,0,0,1,NULL),(342,NULL,2110333,5,2,2110300,'IIBB a Pagar Río Negro','Pasivo',NULL,1,2,0,0,0,1,NULL),(343,NULL,2110334,5,2,2110300,'IIBB a Pagar Salta','Pasivo',NULL,1,2,0,0,0,1,NULL),(344,NULL,2110335,5,2,2110300,'IIBB a Pagar San Juan','Pasivo',NULL,1,2,0,0,0,1,NULL),(345,NULL,2110336,5,2,2110300,'IIBB a Pagar San Luis','Pasivo',NULL,1,2,0,0,0,1,NULL),(346,NULL,2110337,5,2,2110300,'IIBB a Pagar Santa Cruz','Pasivo',NULL,1,2,0,0,0,1,NULL),(347,NULL,2110338,5,2,2110300,'IIBB a Pagar Santa Fe','Pasivo',NULL,1,2,0,0,0,1,NULL),(348,NULL,2110339,5,2,2110300,'IIBB a Pagar Santiago del Estero','Pasivo',NULL,1,2,0,0,0,1,NULL),(349,NULL,2110340,5,2,2110300,'IIBB a Pagar Tierra del Fuego','Pasivo',NULL,1,2,0,0,0,1,NULL),(350,NULL,2110341,5,2,2110300,'IIBB a Pagar Tucuman','Pasivo',NULL,1,2,0,0,0,1,NULL),(351,NULL,6110101,5,1,6110100,'BANCO SIRCREB','Movimiento',NULL,1,2,0,0,1,1,NULL),(352,NULL,6110102,5,1,6110100,'Compensacion','Movimiento',NULL,1,2,0,0,0,1,NULL),(353,NULL,1140327,5,1,1140300,'IVA Saldo Tecnico','Activo',NULL,1,2,0,0,0,1,NULL),(354,NULL,1140328,5,1,1140300,'IVA Saldo Libre Disponibilidad','Activo',NULL,1,2,0,0,0,1,NULL),(355,NULL,6000000,1,1,0,'Movimiento','Movimiento',NULL,1,1,0,0,0,0,NULL),(356,NULL,6100000,2,1,6000000,'Movimiento','Movimiento',NULL,1,1,0,0,0,0,NULL);
INSERT INTO `conta_plan_cuenta` VALUES (357,NULL,6110000,3,1,6100000,'Movimiento','Movimiento',NULL,1,1,0,0,0,0,NULL),(358,NULL,4110000,3,2,4100000,'Ingresos Operativos','Result. Positivo',NULL,1,1,0,0,0,0,NULL),(359,NULL,1110120,5,1,1110100,'Caja en Pesos','Activo',NULL,1,2,1,1,1,0,NULL),(360,NULL,1140211,5,1,1140200,'Retenciones Bancarias de Ganancias a Favor','Activo',NULL,1,2,0,0,1,1,NULL),(361,NULL,1220104,5,1,1220100,'Equipos de Computación','Activo',NULL,1,1,0,0,0,1,NULL),(362,NULL,1220105,5,1,1220100,'Computadoras','Activo',NULL,1,1,0,0,0,1,NULL),(363,NULL,1220304,5,1,1220300,'Muebles y Utiles','Activo',NULL,1,1,0,0,0,1,NULL),(364,NULL,2110105,5,2,2110100,'Anticipo de Clientes','Pasivo',NULL,1,2,0,0,1,1,NULL),(365,NULL,2110401,5,2,2110400,'Provision Honorarios','Pasivo',NULL,1,1,0,0,0,1,NULL),(366,NULL,2110106,5,2,2110100,'Cta. Cte Directores','Pasivo',NULL,1,1,0,0,0,1,NULL),(367,NULL,2110107,5,2,2110100,'Provisión Honorarios Directores','Pasivo',NULL,1,1,0,0,0,1,NULL),(368,NULL,2110110,5,2,2110100,'Cuenta Particular Socio 1','Pasivo',NULL,1,1,0,0,0,1,NULL),(369,NULL,3110104,5,2,3110100,'Capital','Patrimonio Neto',NULL,1,1,0,0,0,1,NULL),(370,NULL,1120000,3,1,1100000,'INVERSIONES','Activo',NULL,1,1,0,0,0,0,NULL),(371,NULL,1160000,3,1,1100000,'OTROS ACTIVOS','Activo',NULL,1,1,0,0,0,0,NULL),(372,NULL,1160100,4,1,1160000,'OTROS','Activo',NULL,1,1,0,0,0,0,NULL),(373,NULL,2110400,4,2,2110000,'Provision de Honorarios','Pasivo',NULL,1,1,0,0,0,0,NULL),(374,NULL,3410100,4,1,3410000,'RESULTADOS ACUMULADOS','Patrimonio Neto',NULL,1,1,0,0,0,0,NULL),(375,NULL,3420000,3,1,3400000,'GANACIAS RESERVADAS','Patrimonio Neto',NULL,1,1,0,0,0,0,NULL),(376,NULL,3420100,4,1,3420000,'Rerva Legal','Patrimonio Neto',NULL,1,1,0,0,0,0,NULL),(377,NULL,1220400,4,1,1220000,'INMUEBLES','Activo',NULL,1,1,0,0,0,0,NULL),(378,NULL,1220500,4,1,1220000,'RODADOS','Activo',NULL,1,1,0,0,0,0,NULL),(379,NULL,1220600,4,1,1220000,'MAQUINARIAS','Activo',NULL,1,1,0,0,0,0,NULL),(380,NULL,1220204,5,1,1220200,'Instalaciones','Activo',NULL,1,1,0,0,0,1,NULL),(381,NULL,3420101,5,2,3420100,'Reserva Legal','Patrimonio Neto',NULL,1,1,0,0,0,1,NULL),(382,NULL,3420102,5,2,3420100,'Reserva Legal','Patrimonio Neto',NULL,1,1,0,0,0,1,NULL),(383,NULL,3410105,5,2,3410100,'Resultado no asignado','Patrimonio Neto',NULL,1,1,0,0,0,1,NULL),(384,NULL,1110121,5,1,1110100,'Caja en Dolares','Activo',NULL,1,2,1,1,1,0,NULL),(385,NULL,1120100,4,1,1120000,'TEMPORARIAS','Activo',NULL,1,1,0,0,0,0,NULL),(386,NULL,1120101,5,1,1120100,'PLAZO FIJO','Activo',NULL,1,1,0,0,0,1,NULL),(387,NULL,1120200,4,1,1120000,'PERMANENTES','Activo',NULL,1,1,0,0,0,0,NULL),(388,NULL,1120201,5,1,1120200,'ACCIONES','Activo',NULL,1,1,0,0,0,1,NULL),(389,NULL,1220401,5,1,1220400,'Inmuebles','Activo',NULL,1,1,0,0,0,1,NULL),(390,NULL,1220501,5,1,1220500,'Vehiculos','Activo',NULL,1,1,0,0,0,1,NULL),(391,NULL,1220601,5,1,1220600,'Maquinarias','Activo',NULL,1,1,0,0,0,1,NULL),(392,NULL,1150401,5,1,1150400,'MERCADERIAS','Activo',NULL,1,1,0,0,0,1,NULL),(393,NULL,1160101,5,1,1160100,'OTROS','Activo',NULL,1,1,0,0,0,1,NULL),(394,NULL,1230100,4,1,1230000,'INTANGIBLES','Activo',NULL,1,1,0,0,0,0,NULL),(395,NULL,2110119,5,2,2110100,'Cuenta Particular Socio 2','Pasivo',NULL,1,1,0,0,0,1,NULL),(396,NULL,5120160,5,1,5120100,'Comisiones Y gastos Bancarios','Result. Negativo',NULL,1,1,0,0,0,1,NULL),(397,NULL,4110100,4,2,4110000,'Ingresos Operativos','Result. Positivo',NULL,1,1,0,0,0,0,NULL),(398,NULL,4120100,4,2,4120000,'OTROS INGRESOS','Result. Positivo',NULL,1,1,0,0,0,0,NULL),(399,NULL,5110000,3,1,5100000,'GASTOS ORDINARIOS','Result. Negativo',NULL,1,1,0,0,0,0,NULL),(400,NULL,5120000,3,1,5100000,'GASTOS DE OPERACION','Result. Negativo',NULL,1,1,0,0,0,0,NULL),(401,NULL,5130000,3,1,5100000,'GASTOS DE OPERACION','Result. Negativo',NULL,1,1,0,0,0,0,NULL),(402,NULL,5140000,3,1,5100000,'GASTOS DE OPERACION','Result. Negativo',NULL,1,1,0,0,0,0,NULL),(403,NULL,5210000,3,1,5200000,'GASTOS EXTRAORDINARIOS','Result. Negativo',NULL,1,1,0,0,0,0,NULL);
INSERT INTO `conta_plan_cuenta` VALUES (404,NULL,5210100,4,1,5210000,'GASTOS EXTRAORDINARIOS','Result. Negativo',NULL,1,1,0,0,0,0,NULL),(405,NULL,6110100,4,1,6110000,'Movimiento','Movimiento',NULL,1,1,0,0,0,0,NULL),(406,NULL,1130100,4,1,1130000,'Operaciones Ordinarias','Activo',NULL,1,1,0,0,0,0,NULL),(407,NULL,3110000,3,2,3100000,'CAPITAL SOCIAL','Patrimonio Neto',NULL,1,1,0,0,0,0,NULL),(408,NULL,3410000,3,2,3400000,'RESULTADOS ANTERIORES','Patrimonio Neto',NULL,1,1,0,0,0,0,NULL),(409,NULL,5110101,5,2,5110000,'IVA Crédito Fiscal No computable','Result. Negativo',NULL,1,2,0,0,1,1,NULL),(410,NULL,1110203,5,1,1110200,'Banco ICBC Cta. Cte.','Activo',NULL,1,2,1,1,1,0,NULL),(411,NULL,2110342,5,2,2110300,'Provisión Impuesto a las Ganancias','Pasivo',NULL,1,1,0,0,0,1,NULL),(412,NULL,5120107,5,2,5120000,'Amortización Muebles y Útiles','Result. Negativo',NULL,1,1,0,0,0,1,NULL),(413,NULL,5120102,5,2,5120000,'Amortización Equipos','Result. Negativo',NULL,1,1,0,0,0,1,NULL),(414,NULL,1220109,5,1,1220100,'Amortizacion Acumulada Equipos','Activo',NULL,1,1,0,0,0,1,NULL),(415,NULL,1220602,5,1,1220600,'Amortización Acumulada Maquinarias','Activo',NULL,1,1,0,0,0,1,NULL),(416,NULL,1160102,5,1,1160100,'Materias Primas','Activo',NULL,1,1,0,0,0,1,NULL),(417,NULL,1110204,5,1,1110200,'Banco Itaú Cta. Cte.','Activo',NULL,1,2,1,1,1,0,NULL),(418,NULL,2110113,5,2,2110100,'Deudas Bancarias','Pasivo',NULL,1,2,0,1,1,1,NULL),(419,NULL,1220502,5,1,1220500,'Rodados','Activo',NULL,1,1,0,0,0,1,NULL),(420,NULL,1220503,5,1,1220500,'Amortización Acumulada Rodados','Activo',NULL,1,1,0,0,0,1,NULL),(421,NULL,5120105,5,2,5120000,'Amortización Rodados','Result. Negativo',NULL,1,1,0,0,0,1,NULL),(422,NULL,5120109,5,2,5120000,'Amortización Maquinarias','Result. Negativo',NULL,1,1,0,0,0,1,NULL),(423,NULL,1220504,5,1,1220500,'Accesorios','Activo',NULL,1,1,0,0,0,1,NULL),(424,NULL,1220505,5,1,1220500,'Amortización Acumulada Accesorios','Activo',NULL,1,1,0,0,0,1,NULL),(425,NULL,1110205,5,1,1110200,'Banco Galicia Cta. Cte.','Activo',NULL,1,2,1,1,1,0,NULL),(426,NULL,3420101,5,2,3420000,'Reserva Facultativa','Patrimonio Neto',NULL,1,1,0,0,0,1,NULL),(427,NULL,1140212,5,1,1140200,'Créditos por Impuestos Diferidos','Activo',NULL,1,1,0,0,0,1,NULL),(428,NULL,1160103,5,1,1160100,'Fondo de Comercio','Activo',NULL,1,1,0,0,0,1,NULL),(429,NULL,1160104,5,1,1160100,'Amortizacion Acumulada Fondo de Comercio','Activo',NULL,1,1,0,0,0,1,NULL),(430,NULL,1140213,5,1,1140200,'Intereses a devengar AGIP','Activo',NULL,1,1,0,0,0,1,NULL),(431,NULL,2110343,5,2,2110300,'PFP IIBB','Pasivo',NULL,1,1,0,0,0,1,NULL),(432,NULL,1140330,5,1,1140300,'Pago a Cuenta ITC','Activo',NULL,1,2,0,0,0,1,NULL),(433,NULL,2110114,5,2,2110100,'Préstamo','Pasivo',NULL,1,2,0,1,1,1,NULL),(434,NULL,1160106,5,1,1160100,'Productos','Activo',NULL,1,1,0,0,0,1,NULL),(435,NULL,2110345,5,2,2110300,'Intereses a devengar PFP','Pasivo',NULL,1,1,0,0,0,1,NULL),(436,NULL,1110206,5,1,1110200,'Banco Provincia Cta. Cte.','Activo',NULL,1,2,1,1,1,0,NULL),(437,NULL,1140215,5,1,1140200,'Imp. Ley 25413 Cred 0.6%','Activo',NULL,1,1,0,0,0,1,NULL),(438,NULL,2110402,5,2,2110400,'Honorarios Directorio a Pagar','Pasivo',NULL,1,1,0,0,0,1,NULL),(439,NULL,3110101,5,2,3110100,'Reserva para Futuras Inversiones','Patrimonio Neto',NULL,1,1,0,0,0,1,NULL),(440,NULL,1130106,5,1,1130100,'TEAC - Trabajos Ejecutados a Certificar','Activo',NULL,1,1,0,0,0,1,NULL),(441,NULL,2110115,5,2,2110100,'Leasing','Pasivo',NULL,1,2,0,1,1,1,NULL),(442,NULL,1110207,5,1,1110200,'Banco Comafi Cta. Cte','Activo',NULL,1,2,1,1,1,0,NULL),(443,NULL,2110500,4,2,2110000,'Deudas Financieras','Pasivo',NULL,1,1,0,0,0,0,NULL),(444,NULL,2110501,5,2,2110500,'Banco Santander Rio Cta Cte','Pasivo',NULL,1,1,0,0,0,1,NULL),(446,NULL,2210000,3,2,2200000,'Deudas','Pasivo',NULL,1,1,0,0,0,0,NULL),(447,NULL,2210100,4,2,2210000,'Otras Deudas','Pasivo',NULL,1,1,0,0,0,0,NULL),(448,NULL,2210101,5,2,2210100,'Planes de Pagos AFIP','Pasivo',NULL,1,2,0,1,1,1,NULL),(449,NULL,2110502,5,2,2110500,'Leasing','Pasivo',NULL,1,1,0,0,0,1,NULL);
INSERT INTO `conta_plan_cuenta` VALUES (450,NULL,6110101,5,1,6110000,'Cheques Rechazados','Movimiento',NULL,1,2,0,0,1,1,NULL),(451,NULL,1110208,5,1,1110200,'Banco Patagonia Taxes Software','Activo',NULL,1,2,1,1,1,0,NULL),(452,NULL,1110209,5,1,1110200,'Banco Macro Cta. Cte.','Activo',NULL,1,2,1,1,1,0,NULL),(453,NULL,1120202,5,1,1120200,'Inversión Central Caribe','Activo',NULL,1,1,0,0,0,1,NULL),(454,NULL,1120102,5,1,1120100,'Otras Inversiones','Activo',NULL,1,1,0,0,0,1,NULL),(455,NULL,1140216,5,1,1140200,'Otros Créditos','Activo',NULL,1,1,0,0,0,1,NULL),(456,NULL,2110403,5,2,2110400,'Provisión Honorarios Socio Gerente','Pasivo',NULL,1,1,0,0,0,1,NULL),(457,NULL,1110210,5,1,1110200,'Cheque Diferido Banco Santander Rio','Activo',NULL,1,2,1,1,1,0,NULL),(458,NULL,1110211,5,1,1110200,'Cheque Diferido Banco Macro','Activo',NULL,1,2,1,1,1,0,NULL),(459,NULL,2110204,5,2,2110200,'Moratoria SUSS a pagar','Pasivo',NULL,1,1,0,0,0,1,NULL),(460,NULL,2110344,5,2,2110300,'Impuestos Municipales a Pagar','Pasivo',NULL,1,1,0,0,0,1,NULL),(461,NULL,5110103,5,2,5110000,'Amortización Instalaciones','Result. Negativo',NULL,1,1,0,0,0,1,NULL),(462,NULL,5120110,5,2,5120000,'Amortización Equipos de comput.','Result. Negativo',NULL,1,1,0,0,0,1,NULL),(463,NULL,2110118,5,2,2110100,'Cuenta Particular Socio 3','Pasivo',NULL,1,1,0,0,0,1,NULL),(464,NULL,2110120,5,2,2110100,'Cuenta Particular Socio 4','Pasivo',NULL,1,1,0,0,0,1,NULL),(465,NULL,3110102,5,2,3110100,'Otras Reservas','Patrimonio Neto',NULL,1,1,0,0,0,1,NULL),(466,NULL,1140331,5,1,1140300,'IGMP (Saldo a Favor)','Activo',NULL,1,1,0,0,0,1,NULL),(467,NULL,5110104,5,2,5110000,'Interés','Result. Negativo',NULL,1,2,0,0,1,1,NULL),(468,NULL,1150402,5,1,1150400,'Productos en Proceso','Activo',NULL,1,1,0,0,0,1,NULL),(469,NULL,2110205,5,2,2110200,'Depósitos en Garantía Socio Gerente','Pasivo',NULL,1,1,0,0,0,1,NULL),(470,193,2110121,5,2,2110100,'PROOVEDORES','Pasivo',NULL,1,1,0,0,0,1,NULL),(471,NULL,2110347,5,2,2110300,'Cuota Solid.','Pasivo',NULL,1,1,0,0,0,1,NULL),(472,NULL,1140332,5,1,1140300,'Anticipo Honorarios Directores','Activo',NULL,1,1,0,0,0,1,NULL),(473,NULL,2110348,5,2,2110300,'SICORE a Pagar','Pasivo',NULL,1,1,0,0,0,1,NULL),(474,NULL,1110212,5,1,1110200,'Banco Credicoop Cta. Cte.','Activo',NULL,1,2,1,1,1,0,NULL),(475,NULL,1110213,5,1,1110200,'Banco Superville Cta. Cte.','Activo',NULL,1,2,1,1,1,0,NULL),(476,NULL,5110105,5,2,5110000,'RECPAM','Result. Negativo',NULL,1,2,0,0,0,1,NULL),(477,NULL,1110125,5,1,1110100,'Caja Reales','Activo',NULL,1,2,1,1,1,0,NULL),(478,NULL,5140169,5,1,5140100,'CO2 - Imp. Al Carbono','Result. Negativo',NULL,1,2,0,0,0,1,NULL),(479,NULL,1140300,4,1,1140000,'Anticipo de Impuestos','Activo',NULL,1,1,0,0,0,0,NULL),(480,NULL,2110600,4,2,2110000,'Retenciones Efectuadas','Pasivo',NULL,1,1,0,0,0,0,NULL),(481,NULL,4200000,2,2,4000000,'INGRESOS EXTRAORDINARIOS','Result. Positivo',NULL,1,1,0,0,0,0,NULL),(482,193,5110106,5,2,5110100,'CAJA DE AHORRO BCO GALICIA','Result. Negativo',NULL,1,1,1,1,1,1,NULL),(483,193,6110102,5,1,6110100,'PROOVEDORES A PAGAR','Movimiento',NULL,1,1,0,0,0,0,NULL),(484,193,1110214,5,1,1110200,'Banco Marcro-Maresgo','Activo',NULL,1,1,0,1,1,0,NULL),(485,193,1110215,5,1,1110200,'Banco Macro Maresgo sa','Activo',NULL,1,1,0,1,1,0,NULL),(486,193,1140223,5,1,1140200,'Crédito por aportes de socios','Activo',NULL,1,1,0,1,0,0,NULL),(487,193,1140224,5,1,1140200,'Impuesto diferido','Activo',NULL,1,1,0,0,0,0,NULL),(488,193,3420102,5,2,3420100,'AXI Reserva legal','Patrimonio Neto',NULL,1,1,0,0,0,0,NULL),(489,193,3410101,5,2,3410100,'AXI Resultados Acumulados','Patrimonio Neto',NULL,1,1,0,0,0,0,NULL),(490,193,5120111,5,2,5120100,'Gastos de Servicios','Result. Negativo',NULL,1,1,0,0,1,1,NULL),(491,193,5120111,5,2,5120100,'Gastos Generales','Result. Negativo',NULL,1,1,0,0,1,1,NULL),(492,193,6110102,5,1,6110100,'AXI Ventas de servicios prestados','Movimiento',NULL,1,1,0,0,0,0,NULL),(493,193,6110102,5,1,6110100,'AXI Costos de servicios prestados','Movimiento',NULL,1,1,0,0,0,1,NULL);
INSERT INTO `conta_plan_cuenta` VALUES (494,193,6110102,5,1,6110100,'AXI Gastos bancarios','Movimiento',NULL,1,1,0,0,0,1,NULL),(495,193,6110102,5,1,6110100,'AXI GASTOS GENERALES','Movimiento',NULL,1,1,0,0,0,1,NULL),(496,193,6110102,5,1,6110100,'AXI RECPAM','Movimiento',NULL,1,1,0,0,0,1,NULL),(497,193,6110102,5,1,6110100,'AXI IMPUESTO A LAS GANANCIAS','Movimiento',NULL,1,1,0,0,0,1,NULL),(498,193,2110123,5,2,2110100,'ESPACIO INFANCIAS A PAGAR SOCIAS','Pasivo',NULL,1,1,1,1,1,1,NULL),(499,193,1110129,5,1,1110100,'ESPACIO INFANCIAS CAJA','Activo',NULL,1,1,1,1,1,1,NULL),(500,193,4110101,5,1,4110100,'ESPACIO INFANCIAS INGRESO','Result. Positivo',NULL,1,1,1,1,1,1,NULL),(501,193,5120111,5,2,5120100,'ESPACIO INFANCIAS EGRESOS','Result. Negativo',NULL,1,1,1,1,1,1,NULL),(502,193,5120111,5,2,5120100,'ESPACIO INFANCIA DISTRIBUCION SOCIAS','Result. Negativo',NULL,1,1,1,1,1,1,NULL),(503,193,5120111,5,2,5120100,'COMPRAS LAS LOMITAS','Result. Negativo',NULL,1,1,1,1,1,1,NULL),(504,193,1110216,5,1,1110200,'BANCO LAS LOMITAS','Activo',NULL,1,1,1,1,1,1,NULL),(505,193,1160107,5,1,1160100,'MERCADO PAGO MELISA','Activo',NULL,1,1,1,1,1,1,NULL),(506,193,5120111,5,2,5120100,'RESULTADO NEGATIVO GASTOS ESPACION INFANCIAS','Result. Negativo',NULL,1,1,1,1,1,1,NULL),(507,193,1160108,5,1,1160100,'MERCADO PAGO ROMINA','Activo',NULL,1,1,1,1,1,1,NULL),(508,7887,2110206,5,2,2110200,'A.R.T a pagar','Pasivo',NULL,1,1,0,0,0,0,NULL),(509,7887,2110207,5,2,2110200,'Seguro de vida a pagar','Pasivo',NULL,1,1,0,0,0,0,NULL),(510,193,1110132,5,1,1110100,'EFECTIVO ROMINA','Activo',NULL,1,1,1,1,1,1,NULL),(511,7887,1140225,5,1,1140200,'Imp. Ingresos Brutos saldo a favor','Activo',NULL,1,1,0,0,0,0,NULL),(512,7887,1140226,5,1,1140200,'Percepciones IIBB','Activo',NULL,1,1,0,0,0,0,NULL),(513,7887,1140227,5,1,1140200,'IIBB retenciones bancarias','Activo',NULL,1,1,0,0,0,0,NULL),(514,7887,5120111,5,2,5120100,'gastos operativos','Result. Negativo',NULL,1,1,0,0,0,0,NULL),(515,7887,5120111,5,2,5120100,'gastos en combustibles y lubricantes','Result. Negativo',NULL,1,1,0,0,0,0,NULL),(516,7887,5120111,5,2,5120100,'gastos en reparaciones','Result. Negativo',NULL,1,1,0,0,0,0,NULL),(517,7887,1140133,5,1,1140100,'IVA percepciones','Activo',NULL,1,1,0,0,0,0,NULL),(518,193,5210101,5,2,5210100,'CTA PARTICULAR MELISA','Result. Negativo',NULL,1,1,1,1,1,1,NULL),(519,193,6110102,5,1,6110100,'CTA PERTICULAR ROMINA','Movimiento',NULL,1,1,1,1,1,1,NULL),(520,193,1110217,5,1,1110200,'BANCO ROMINA','Activo',NULL,1,1,1,1,1,1,NULL),(521,193,5210101,5,2,5210100,'CTA PARTICULAR ROMINA','Result. Negativo',NULL,1,1,1,1,1,0,NULL),(1001,NULL,5140170,5,1,5140100,'SIRTAC Córdoba','Result. Negativo',NULL,1,2,0,0,0,1,NULL),(1002,NULL,5140171,5,1,5140100,'SIRTAC Corrientes','Result. Negativo',NULL,1,2,0,0,0,1,NULL),(1003,NULL,5140172,5,1,5140100,'SIRTAC Chaco','Result. Negativo',NULL,1,2,0,0,0,1,NULL),(1004,NULL,5140173,5,1,5140100,'SIRTAC Chubut','Result. Negativo',NULL,1,2,0,0,0,1,NULL),(1005,NULL,5140174,5,1,5140100,'SIRTAC Entre Ríos','Result. Negativo',NULL,1,2,0,0,0,1,NULL),(1006,NULL,5140175,5,1,5140100,'SIRTAC Formosa','Result. Negativo',NULL,1,2,0,0,0,1,NULL),(1007,NULL,5140176,5,1,5140100,'SIRTAC Jujuy','Result. Negativo',NULL,1,2,0,0,0,1,NULL),(1008,NULL,5140177,5,1,5140100,'SIRTAC La Pampa','Result. Negativo',NULL,1,2,0,0,0,1,NULL),(1009,NULL,5140178,5,1,5140100,'SIRTAC La Rioja','Result. Negativo',NULL,1,2,0,0,0,1,NULL),(1010,NULL,5140179,5,1,5140100,'SIRTAC Mendoza','Result. Negativo',NULL,1,2,0,0,0,1,NULL),(1011,NULL,5140180,5,1,5140100,'SIRTAC Misiones','Result. Negativo',NULL,1,2,0,0,0,1,NULL),(1012,NULL,5140181,5,1,5140100,'SIRTAC Neuquén','Result. Negativo',NULL,1,2,0,0,0,1,NULL),(1013,NULL,5140182,5,1,5140100,'SIRTAC Río Negro','Result. Negativo',NULL,1,2,0,0,0,1,NULL),(1014,NULL,5140183,5,1,5140100,'SIRTAC Salta','Result. Negativo',NULL,1,2,0,0,0,1,NULL),(1015,NULL,5140184,5,1,5140100,'SIRTAC San Juan','Result. Negativo',NULL,1,2,0,0,0,1,NULL),(1016,NULL,5140185,5,1,5140100,'SIRTAC San Luis','Result. Negativo',NULL,1,2,0,0,0,1,NULL);
INSERT INTO `conta_plan_cuenta` VALUES (1017,NULL,5140186,5,1,5140100,'SIRTAC Santa Cruz','Result. Negativo',NULL,1,2,0,0,0,1,NULL),(1018,NULL,5140187,5,1,5140100,'SIRTAC Santa Fe','Result. Negativo',NULL,1,2,0,0,0,1,NULL),(1019,NULL,5140188,5,1,5140100,'SIRTAC Santiago del Estero','Result. Negativo',NULL,1,2,0,0,0,1,NULL),(1020,NULL,5140189,5,1,5140100,'SIRTAC Tierra del Fuego','Result. Negativo',NULL,1,2,0,0,0,1,NULL),(1021,NULL,5140190,5,1,5140100,'SIRTAC Tucuman','Result. Negativo',NULL,1,2,0,0,0,1,NULL),(1022,NULL,5140191,5,1,5140100,'SIRTAC Capital Federal','Result. Negativo',NULL,1,2,0,0,0,1,NULL),(1023,NULL,5140192,5,1,5140100,'SIRTAC Buenos Aires','Result. Negativo',NULL,1,2,0,0,0,1,NULL),(1024,NULL,5140193,5,1,5140100,'SIRTAC Catamarca','Result. Negativo',NULL,1,2,0,0,0,1,NULL),(1025,NULL,5140194,5,1,5140100,'SIRTAC Pascua Lama','Result. Negativo',NULL,1,2,0,0,0,1,NULL),(1026,NULL,6110104,5,1,6110100,'BANCO SIRTAC','Movimiento',NULL,1,2,0,0,1,1,NULL);

--
-- Table structure for table `conta_tipo_asientos`
--

CREATE TABLE `conta_tipo_asientos` (
  `id` int(10) unsigned NOT NULL AUTO_INCREMENT,
  `nombre` varchar(255) COLLATE utf8mb4_unicode_ci DEFAULT NULL,
  `created_at` timestamp NULL DEFAULT NULL,
  `updated_at` timestamp NULL DEFAULT NULL,
  `deleted_at` timestamp NULL DEFAULT NULL,
  `orden` int(11) DEFAULT NULL,
  PRIMARY KEY (`id`)
) ENGINE=InnoDB AUTO_INCREMENT=25 DEFAULT CHARSET=utf8mb4 COLLATE=utf8mb4_unicode_ci;

--
-- Dumping data for table `conta_tipo_asientos`
--

INSERT INTO `conta_tipo_asientos` VALUES (1,'Sueldos',NULL,NULL,NULL,11),(2,'Ingresos',NULL,NULL,NULL,9),(3,'Egresos',NULL,NULL,NULL,10),(4,'Amortizaciones',NULL,NULL,NULL,4),(5,'Banco',NULL,NULL,NULL,15),(6,'Ganancias',NULL,NULL,NULL,12),(7,'Retenciones',NULL,NULL,NULL,13),(8,'SIRCREB',NULL,NULL,NULL,14),(9,'Compensaciones',NULL,NULL,NULL,16),(10,'Pagos AFIP',NULL,NULL,NULL,17),(11,'Ajustes',NULL,NULL,NULL,3),(12,'Saldos Iniciales',NULL,NULL,NULL,1),(13,'Cancelacion de Iniciales',NULL,NULL,NULL,2),(14,'Patrimonio Neto',NULL,NULL,NULL,8),(15,'Liquidaciones IVA',NULL,NULL,NULL,18),(16,'Liquidacion IIBB',NULL,NULL,NULL,19),(17,'Asientos de Cierre',NULL,NULL,NULL,5),(18,'Reclasificacion',NULL,NULL,NULL,6),(19,'Otros',NULL,NULL,NULL,7),(20,'Cobranzas','2019-10-02 03:20:37','2019-10-02 03:20:37',NULL,NULL),(21,'Pagos','2019-10-02 03:20:37','2019-10-02 03:20:37',NULL,NULL),(22,'Tesoreria','2019-10-19 02:10:24','2019-10-19 02:10:24',NULL,NULL),(23,'Ajuste por Inflacion','2020-03-01 06:39:20','2020-03-01 06:39:20',NULL,NULL),(24,'SIRTAC','2023-10-16 21:16:19','2023-10-16 21:16:19',NULL,20);

--
-- Table structure for table `conta_tipo_cuentas`
--

CREATE TABLE `conta_tipo_cuentas` (
  `id` int(10) unsigned NOT NULL AUTO_INCREMENT,
  `tipo_cuenta` varchar(255) COLLATE utf8mb4_unicode_ci DEFAULT NULL,
  `created_at` timestamp NULL DEFAULT NULL,
  `updated_at` timestamp NULL DEFAULT NULL,
  `deleted_at` timestamp NULL DEFAULT NULL,
  PRIMARY KEY (`id`)
) ENGINE=InnoDB AUTO_INCREMENT=6 DEFAULT CHARSET=utf8mb4 COLLATE=utf8mb4_unicode_ci;

--
-- Dumping data for table `conta_tipo_cuentas`
--

INSERT INTO `conta_tipo_cuentas` VALUES (1,'Rubro',NULL,NULL,NULL),(2,'SubRubro',NULL,NULL,NULL),(3,'Grupo',NULL,NULL,NULL),(4,'SubGrupo',NULL,NULL,NULL),(5,'Cuenta',NULL,NULL,NULL);

--
-- Table structure for table `conta_tipo_saldos`
--

CREATE TABLE `conta_tipo_saldos` (
  `id` int(10) unsigned NOT NULL AUTO_INCREMENT,
  `saldo` varchar(255) COLLATE utf8mb4_unicode_ci DEFAULT NULL,
  `created_at` timestamp NULL DEFAULT NULL,
  `updated_at` timestamp NULL DEFAULT NULL,
  `deleted_at` timestamp NULL DEFAULT NULL,
  PRIMARY KEY (`id`)
) ENGINE=InnoDB AUTO_INCREMENT=3 DEFAULT CHARSET=utf8mb4 COLLATE=utf8mb4_unicode_ci;

--
-- Dumping data for table `conta_tipo_saldos`
--

INSERT INTO `conta_tipo_saldos` VALUES (1,'Deudor',NULL,NULL,NULL),(2,'Acreedor',NULL,NULL,NULL);

--
-- Table structure for table `control_cuits_afip`
--

CREATE TABLE `control_cuits_afip` (
  `id` int(10) unsigned NOT NULL AUTO_INCREMENT,
  `user_id` int(10) unsigned DEFAULT NULL,
  `person_id` int(10) unsigned NOT NULL,
  `field_name1` varchar(191) COLLATE utf8mb4_unicode_ci DEFAULT NULL,
  `cuit` varchar(191) COLLATE utf8mb4_unicode_ci DEFAULT NULL,
  `error` varchar(191) COLLATE utf8mb4_unicode_ci DEFAULT NULL,
  `created_at` timestamp NULL DEFAULT NULL,
  `updated_at` timestamp NULL DEFAULT NULL,
  `deleted_at` timestamp NULL DEFAULT NULL,
  PRIMARY KEY (`id`),
  KEY `control_cuits_afip_person_id_foreign` (`person_id`),
  CONSTRAINT `control_cuits_afip_person_id_foreign` FOREIGN KEY (`person_id`) REFERENCES `persons` (`id`)
) ENGINE=InnoDB DEFAULT CHARSET=utf8mb4 COLLATE=utf8mb4_unicode_ci;

--
-- Dumping data for table `control_cuits_afip`
--


--
-- Table structure for table `control_general`
--

CREATE TABLE `control_general` (
  `id` int(10) unsigned NOT NULL AUTO_INCREMENT,
  `description` varchar(180) COLLATE utf8mb4_unicode_ci NOT NULL,
  `class` int(10) unsigned NOT NULL,
  `class_description` varchar(180) COLLATE utf8mb4_unicode_ci NOT NULL,
  `path` varchar(255) COLLATE utf8mb4_unicode_ci DEFAULT NULL,
  `created_at` timestamp NULL DEFAULT NULL,
  `updated_at` timestamp NULL DEFAULT NULL,
  PRIMARY KEY (`id`),
  UNIQUE KEY `control_general_description_unique` (`description`)
) ENGINE=InnoDB AUTO_INCREMENT=6 DEFAULT CHARSET=utf8mb4 COLLATE=utf8mb4_unicode_ci;

--
-- Dumping data for table `control_general`
--

INSERT INTO `control_general` VALUES (1,'Ingresos - Egresos - Resultado',1,'Proyeccion Ganancias','control_general/proyecGanancias',NULL,NULL),(2,'IVA',2,'IVA','control_general/iva',NULL,NULL),(3,'IIBB',3,'IIBB','control_general/iibb',NULL,NULL),(4,'Por Mes',4,'Vto. Impuestos','control_general/vto',NULL,NULL),(5,'Por Impuesto',4,'Vto. Impuestos','control_general/vtoPorImpuestos',NULL,NULL);

--
-- Table structure for table `cta_cte_cliente`
--

CREATE TABLE `cta_cte_cliente` (
  `id` int(10) unsigned NOT NULL AUTO_INCREMENT,
  `user_id` int(10) unsigned DEFAULT NULL,
  `tipo_asiento_id` int(10) unsigned NOT NULL,
  `person_id` int(10) unsigned NOT NULL,
  `person_id_relationed` int(10) unsigned NOT NULL,
  `cta_cte_tesoreria_cuenta_id` int(10) unsigned DEFAULT NULL,
  `period_id` int(10) unsigned NOT NULL,
  `saldo_id` int(10) unsigned NOT NULL,
  `compensado` tinyint(1) NOT NULL DEFAULT '0',
  `fecha` date DEFAULT NULL,
  `total` decimal(16,2) NOT NULL,
  `moneda_id` int(10) unsigned NOT NULL DEFAULT '1',
  `cotizacion` decimal(9,2) NOT NULL DEFAULT '1.00',
  `comentario` varchar(191) COLLATE utf8mb4_unicode_ci DEFAULT NULL,
  `file` varchar(191) COLLATE utf8mb4_unicode_ci DEFAULT NULL,
  `created_at` timestamp NULL DEFAULT NULL,
  `updated_at` timestamp NULL DEFAULT NULL,
  `deleted_at` timestamp NULL DEFAULT NULL,
  PRIMARY KEY (`id`),
  KEY `cta_cte_cliente_person_id_foreign` (`person_id`),
  KEY `cta_cte_cliente_person_id_relationed_foreign` (`person_id_relationed`),
  KEY `cta_cte_cliente_period_id_foreign` (`period_id`),
  KEY `cta_cte_cliente_saldo_id_foreign` (`saldo_id`),
  KEY `cta_cte_cliente_tipo_asiento_id_foreign` (`tipo_asiento_id`),
  KEY `cta_cte_cliente_cta_cte_tesoreria_cuenta_id_foreign` (`cta_cte_tesoreria_cuenta_id`),
  KEY `cta_cte_cliente_moneda_id_foreign` (`moneda_id`),
  CONSTRAINT `cta_cte_cliente_cta_cte_tesoreria_cuenta_id_foreign` FOREIGN KEY (`cta_cte_tesoreria_cuenta_id`) REFERENCES `cta_cte_tesoreria_cuentas` (`id`),
  CONSTRAINT `cta_cte_cliente_moneda_id_foreign` FOREIGN KEY (`moneda_id`) REFERENCES `monedas` (`id`),
  CONSTRAINT `cta_cte_cliente_period_id_foreign` FOREIGN KEY (`period_id`) REFERENCES `periods` (`id`),
  CONSTRAINT `cta_cte_cliente_person_id_foreign` FOREIGN KEY (`person_id`) REFERENCES `persons` (`id`),
  CONSTRAINT `cta_cte_cliente_person_id_relationed_foreign` FOREIGN KEY (`person_id_relationed`) REFERENCES `persons` (`id`),
  CONSTRAINT `cta_cte_cliente_saldo_id_foreign` FOREIGN KEY (`saldo_id`) REFERENCES `conta_tipo_saldos` (`id`),
  CONSTRAINT `cta_cte_cliente_tipo_asiento_id_foreign` FOREIGN KEY (`tipo_asiento_id`) REFERENCES `conta_tipo_asientos` (`id`)
) ENGINE=InnoDB AUTO_INCREMENT=3779 DEFAULT CHARSET=utf8mb4 COLLATE=utf8mb4_unicode_ci;

--
-- Dumping data for table `cta_cte_cliente`
--

INSERT INTO `cta_cte_cliente` VALUES (1,193,2,40815,40816,13,99222,1,0,'2022-07-01',58624.50,1,1.00,'Factura A N°: 0002-00004194',NULL,'2022-08-10 16:18:19','2022-08-10 16:18:19',NULL),(2,193,2,40815,40817,13,99222,1,0,'2022-07-04',263175.00,1,1.00,'Factura A N°: 0002-00004195',NULL,'2022-08-10 16:18:19','2022-08-10 16:18:19',NULL),(3,193,2,40815,40818,13,99222,1,0,'2022-07-04',117249.00,1,1.00,'Factura A N°: 0002-00004196',NULL,'2022-08-10 16:18:19','2022-08-10 16:18:19',NULL),(4,193,2,40815,40816,13,99222,1,0,'2022-07-04',58624.50,1,1.00,'Factura A N°: 0002-00004197',NULL,'2022-08-10 16:18:20','2022-08-10 16:18:20',NULL),(5,193,2,40815,40819,13,99222,1,0,'2022-07-04',54522.60,1,1.00,'Factura A N°: 0002-00004198',NULL,'2022-08-10 16:18:20','2022-08-10 16:18:20',NULL),(6,193,2,40815,40820,13,99222,1,0,'2022-07-04',113740.00,1,1.00,'Factura A N°: 0002-00004199',NULL,'2022-08-10 16:18:20','2022-08-10 16:18:20',NULL),(7,193,2,40815,40821,13,99222,1,0,'2022-07-04',21852.60,1,1.00,'Factura A N°: 0002-00004200',NULL,'2022-08-10 16:18:20','2022-08-10 16:18:20',NULL),(8,193,2,40815,40822,13,99222,1,0,'2022-07-06',20812.00,1,1.00,'Factura A N°: 0002-00004201',NULL,'2022-08-10 16:18:20','2022-08-10 16:18:20',NULL),(9,193,2,40815,40823,13,99222,1,0,'2022-07-06',36396.80,1,1.00,'Factura A N°: 0002-00004202',NULL,'2022-08-10 16:18:20','2022-08-10 16:18:20',NULL),(10,193,2,40815,40824,13,99222,1,0,'2022-07-06',24623.50,1,1.00,'Factura A N°: 0002-00004203',NULL,'2022-08-10 16:18:20','2022-08-10 16:18:20',NULL),(11,193,2,40815,40825,13,99222,2,0,'2022-07-07',4826.69,1,1.00,'Nota de crédito A N°: 0002-00000549',NULL,'2022-08-10 16:18:20','2022-08-10 16:18:20',NULL),(12,193,2,40815,1989,13,99222,1,0,'2022-07-07',4999.00,1,1.00,'Factura B N°: 0006-00000287',NULL,'2022-08-10 16:18:20','2022-08-10 16:18:20',NULL),(13,193,2,40815,1989,13,99222,1,0,'2022-07-08',3549.00,1,1.00,'Factura B N°: 0006-00000288',NULL,'2022-08-10 16:18:20','2022-08-10 16:18:20',NULL),(14,193,2,40815,40826,13,99222,1,0,'2022-07-11',21852.60,1,1.00,'Factura A N°: 0002-00004204',NULL,'2022-08-10 16:18:20','2022-08-10 16:18:20',NULL),(15,193,2,40815,40827,13,99222,1,0,'2022-07-11',32050.48,1,1.00,'Factura A N°: 0002-00004205',NULL,'2022-08-10 16:18:20','2022-08-10 16:18:20',NULL),(16,193,2,40815,40828,13,99222,1,0,'2022-07-11',22208.34,1,1.00,'Factura A N°: 0002-00004206',NULL,'2022-08-10 16:18:20','2022-08-10 16:18:20',NULL),(17,193,2,40815,40828,13,99222,1,0,'2022-07-11',32783.74,1,1.00,'Factura A N°: 0002-00004207',NULL,'2022-08-10 16:18:20','2022-08-10 16:18:20',NULL),(18,193,2,40815,40829,13,99222,1,0,'2022-07-11',54007.14,1,1.00,'Factura A N°: 0002-00004208',NULL,'2022-08-10 16:18:20','2022-08-10 16:18:20',NULL),(19,193,2,40815,40614,13,99222,1,0,'2022-07-11',20124.72,1,1.00,'Factura A N°: 0002-00004209',NULL,'2022-08-10 16:18:20','2022-08-10 16:18:20',NULL),(20,193,2,40815,40830,13,99222,1,0,'2022-07-11',21852.60,1,1.00,'Factura A N°: 0002-00004210',NULL,'2022-08-10 16:18:20','2022-08-10 16:18:20',NULL),(21,193,2,40815,40831,13,99222,1,0,'2022-07-11',3549.00,1,1.00,'Factura A N°: 0006-00000021',NULL,'2022-08-10 16:18:20','2022-08-10 16:18:20',NULL),(22,193,2,40815,1989,13,99222,1,0,'2022-07-11',550.00,1,1.00,'Factura B N°: 0006-00000289',NULL,'2022-08-10 16:18:20','2022-08-10 16:18:20',NULL),(23,193,2,40815,1989,13,99222,2,0,'2022-07-11',3549.00,1,1.00,'Nota de crédito B N°: 0006-00000008',NULL,'2022-08-10 16:18:20','2022-08-10 16:18:20',NULL),(24,193,2,40815,40832,13,99222,1,0,'2022-07-13',41103.70,1,1.00,'Factura A N°: 0002-00004211',NULL,'2022-08-10 16:18:20','2022-08-10 16:18:20',NULL),(25,193,2,40815,40833,13,99222,1,0,'2022-07-15',21852.60,1,1.00,'Factura A N°: 0002-00004212',NULL,'2022-08-10 16:18:20','2022-08-10 16:18:20',NULL),(26,193,2,40815,40834,13,99222,1,0,'2022-07-15',32154.54,1,1.00,'Factura A N°: 0002-00004213',NULL,'2022-08-10 16:18:20','2022-08-10 16:18:20',NULL);
INSERT INTO `cta_cte_cliente` VALUES (27,193,2,40815,40835,13,99222,1,0,'2022-07-15',12947.00,1,1.00,'Factura A N°: 0002-00004214',NULL,'2022-08-10 16:18:20','2022-08-10 16:18:20',NULL),(28,193,2,40815,40832,13,99222,2,0,'2022-07-15',2055.71,1,1.00,'Nota de crédito A N°: 0002-00000550',NULL,'2022-08-10 16:18:20','2022-08-10 16:18:20',NULL),(29,193,2,40815,40836,13,99222,2,0,'2022-07-15',5357.11,1,1.00,'Nota de crédito B N°: 0002-00000158',NULL,'2022-08-10 16:18:21','2022-08-10 16:18:21',NULL),(30,193,2,40815,40614,13,99222,1,0,'2022-07-18',164016.53,1,1.00,'Factura A N°: 0002-00004215',NULL,'2022-08-10 16:18:21','2022-08-10 16:18:21',NULL),(31,193,2,40815,40837,13,99222,1,0,'2022-07-18',26620.00,1,1.00,'Factura A N°: 0002-00004216',NULL,'2022-08-10 16:18:21','2022-08-10 16:18:21',NULL),(32,193,2,40815,40838,13,99222,1,0,'2022-07-18',64517.20,1,1.00,'Factura A N°: 0002-00004217',NULL,'2022-08-10 16:18:21','2022-08-10 16:18:21',NULL),(33,193,2,40815,40614,13,99222,1,0,'2022-07-18',17482.08,1,1.00,'Factura A N°: 0002-00004218',NULL,'2022-08-10 16:18:21','2022-08-10 16:18:21',NULL),(34,193,2,40815,40839,13,99222,1,0,'2022-07-21',109313.64,1,1.00,'Factura A N°: 0002-00004219',NULL,'2022-08-10 16:18:21','2022-08-10 16:18:21',NULL),(35,193,2,40815,40840,13,99222,1,0,'2022-07-21',189937.33,1,1.00,'Factura A N°: 0002-00004220',NULL,'2022-08-10 16:18:21','2022-08-10 16:18:21',NULL),(36,193,2,40815,40841,13,99222,1,0,'2022-07-21',161383.75,1,1.00,'Factura A N°: 0002-00004221',NULL,'2022-08-10 16:18:21','2022-08-10 16:18:21',NULL),(37,193,2,40815,40842,13,99222,1,0,'2022-07-21',134648.80,1,1.00,'Factura A N°: 0002-00004222',NULL,'2022-08-10 16:18:21','2022-08-10 16:18:21',NULL),(38,193,2,40815,40843,13,99222,1,0,'2022-07-21',39922.74,1,1.00,'Factura A N°: 0002-00004223',NULL,'2022-08-10 16:18:21','2022-08-10 16:18:21',NULL),(39,193,2,40815,1989,13,99222,1,0,'2022-07-21',1999.00,1,1.00,'Factura B N°: 0006-00000290',NULL,'2022-08-10 16:18:21','2022-08-10 16:18:21',NULL),(40,193,2,40815,40844,13,99222,1,0,'2022-07-22',47190.00,1,1.00,'Factura A N°: 0002-00004224',NULL,'2022-08-10 16:18:21','2022-08-10 16:18:21',NULL),(41,193,2,40815,40845,13,99222,1,0,'2022-07-25',156816.00,1,1.00,'Factura A N°: 0002-00004225',NULL,'2022-08-10 16:18:21','2022-08-10 16:18:21',NULL),(42,193,2,40815,40846,13,99222,1,0,'2022-07-25',29499.80,1,1.00,'Factura A N°: 0002-00004226',NULL,'2022-08-10 16:18:21','2022-08-10 16:18:21',NULL),(43,193,2,40815,1989,13,99222,1,0,'2022-07-25',4050.00,1,1.00,'Factura B N°: 0006-00000291',NULL,'2022-08-10 16:18:21','2022-08-10 16:18:21',NULL),(44,193,2,40815,1989,13,99222,1,0,'2022-07-25',1849.00,1,1.00,'Factura B N°: 0006-00000292',NULL,'2022-08-10 16:18:21','2022-08-10 16:18:21',NULL),(45,193,2,40815,40817,13,99222,1,0,'2022-07-26',263175.00,1,1.00,'Factura A N°: 0002-00004227',NULL,'2022-08-10 16:18:21','2022-08-10 16:18:21',NULL),(46,193,2,40815,40847,13,99222,1,0,'2022-07-27',47262.60,1,1.00,'Factura A N°: 0002-00004228',NULL,'2022-08-10 16:18:21','2022-08-10 16:18:21',NULL),(47,193,2,40815,40848,13,99222,1,0,'2022-07-27',24442.00,1,1.00,'Factura A N°: 0002-00004229',NULL,'2022-08-10 16:18:21','2022-08-10 16:18:21',NULL),(48,193,2,40815,40849,13,99222,1,0,'2022-07-27',90009.48,1,1.00,'Factura A N°: 0002-00004230',NULL,'2022-08-10 16:18:22','2022-08-10 16:18:22',NULL),(49,193,2,40815,1989,13,99222,1,0,'2022-07-27',550.00,1,1.00,'Factura B N°: 0006-00000293',NULL,'2022-08-10 16:18:22','2022-08-10 16:18:22',NULL),(50,193,2,40815,40850,13,99222,1,0,'2022-07-28',67179.20,1,1.00,'Factura A N°: 0002-00004231',NULL,'2022-08-10 16:18:22','2022-08-10 16:18:22',NULL),(51,193,2,40815,40848,13,99222,1,0,'2022-07-28',109607.85,1,1.00,'Factura A N°: 0002-00004232',NULL,'2022-08-10 16:18:22','2022-08-10 16:18:22',NULL),(52,193,2,40815,40851,13,99222,1,0,'2022-07-29',209055.33,1,1.00,'Factura A N°: 0002-00004233',NULL,'2022-08-10 16:18:22','2022-08-10 16:18:22',NULL);
INSERT INTO `cta_cte_cliente` VALUES (53,193,2,40815,40851,13,99222,1,0,'2022-07-29',115414.64,1,1.00,'Factura A N°: 0002-00004234',NULL,'2022-08-10 16:18:22','2022-08-10 16:18:22',NULL),(54,193,2,40722,40854,13,4350,1,0,'2022-08-01',1263240.00,1,1.00,'Factura A N°: 0003-00000021',NULL,'2022-08-31 17:15:14','2022-09-27 09:57:53','2022-09-27 09:57:53'),(55,193,2,40722,40855,13,4350,1,0,'2022-08-09',1815000.00,1,1.00,'Factura A N°: 0003-00000021',NULL,'2022-08-31 17:19:57','2022-08-31 17:21:41','2022-08-31 17:21:41'),(56,193,2,40722,40855,13,4350,1,0,'2022-08-09',1815000.00,1,1.00,'Factura A N°: 0003-00000022',NULL,'2022-08-31 17:20:56','2022-08-31 17:40:35','2022-08-31 17:40:35'),(57,193,3,40722,40853,57,4350,2,0,'2022-08-01',60000.00,1,1.00,'Factura C N°: 0001-00000082',NULL,'2022-08-31 17:28:47','2022-08-31 17:30:45','2022-08-31 17:30:45'),(58,193,3,40722,40853,57,4350,2,0,'2022-08-01',60000.00,1,1.00,'Factura C N°: 0001-00000082',NULL,'2022-08-31 17:30:45','2022-09-27 11:09:03','2022-09-27 11:09:03'),(59,193,2,40722,40855,13,4350,1,0,'2022-08-09',1815000.00,1,1.00,'Factura A N°: 0003-00000022',NULL,'2022-08-31 17:40:35','2022-08-31 21:19:54','2022-08-31 21:19:54'),(60,193,2,40722,40855,13,4350,1,0,'2022-08-09',1815000.00,1,1.00,'Factura A N°: 0003-00000022',NULL,'2022-08-31 21:19:54','2022-08-31 21:21:16','2022-08-31 21:21:16'),(61,193,2,40722,40855,13,4350,1,0,'2022-08-09',1815000.00,1,1.00,'Factura A N°: 0003-00000022',NULL,'2022-08-31 21:21:16','2022-09-27 09:57:49','2022-09-27 09:57:49'),(62,193,21,40722,40854,57,4350,1,0,'2022-08-02',1263240.00,1,1.00,NULL,NULL,'2022-08-31 21:27:54','2022-09-27 09:57:53','2022-09-27 09:57:53'),(63,193,3,40722,40856,57,4350,2,0,'2022-08-02',137335.00,1,1.00,'Factura A N°: 0001-00000330',NULL,'2022-08-31 22:09:53','2022-09-27 11:09:24','2022-09-27 11:09:24'),(64,193,3,40722,40856,57,4350,2,0,'2022-08-02',198440.00,1,1.00,'Factura A N°: 0001-00000331',NULL,'2022-08-31 22:16:50','2022-09-27 11:09:43','2022-09-27 11:09:43'),(65,193,3,40722,40857,57,4350,2,0,'2022-08-31',50000.00,1,1.00,'Factura C N°: 0001-00000024',NULL,'2022-08-31 22:19:21','2022-09-27 11:10:00','2022-09-27 11:10:00'),(66,193,3,40722,40858,57,4350,2,0,'2022-08-31',176000.00,1,1.00,'Factura C N°: 0001-00000032',NULL,'2022-08-31 22:20:46','2022-09-27 11:10:19','2022-09-27 11:10:19'),(67,193,3,40722,40859,57,4350,2,0,'2022-08-31',152460.00,1,1.00,'Factura A N°: 0001-00000576',NULL,'2022-08-31 22:24:52','2022-09-27 10:59:15','2022-09-27 10:59:15'),(68,193,3,40722,40860,57,4350,2,0,'2022-08-03',9433.99,1,1.00,'Factura A N°: 0001-00000211',NULL,'2022-08-31 22:29:00','2022-09-27 10:58:51','2022-09-27 10:58:51'),(69,193,3,40722,40717,57,4350,2,0,'2022-08-03',19500.00,1,1.00,'Factura C N°: 0001-00000264',NULL,'2022-08-31 22:30:10','2022-09-27 10:58:29','2022-09-27 10:58:29'),(70,193,3,40722,40861,57,4350,2,0,'2022-08-04',133100.00,1,1.00,'Factura A N°: 0001-00000054',NULL,'2022-08-31 22:32:02','2022-09-27 10:58:11','2022-09-27 10:58:11'),(71,193,3,40722,40862,57,4350,2,0,'2022-08-09',181500.00,1,1.00,'Factura A N°: 0001-00000093',NULL,'2022-08-31 22:37:13','2022-09-27 10:57:54','2022-09-27 10:57:54'),(72,193,3,40722,40859,57,4350,2,0,'2022-08-09',191180.00,1,1.00,'Factura A N°: 0001-00000577',NULL,'2022-08-31 22:38:33','2022-09-27 10:57:36','2022-09-27 10:57:36'),(73,193,3,40722,40863,57,4350,2,0,'2022-08-10',102922.67,1,1.00,'Factura A N°: 0001-00026433',NULL,'2022-08-31 22:42:28','2022-09-27 10:50:28','2022-09-27 10:50:28'),(74,193,3,40722,40858,57,4350,2,0,'2022-08-10',48000.00,1,1.00,'Factura C N°: 0001-00000034',NULL,'2022-08-31 22:44:03','2022-09-27 10:54:16','2022-09-27 10:54:16'),(75,193,3,40722,40864,57,4350,2,0,'2022-08-10',435600.00,1,1.00,'Factura A N°: 0001-00000408',NULL,'2022-08-31 22:47:25','2022-09-27 10:54:44','2022-09-27 10:54:44'),(76,193,3,40722,40864,57,4350,2,0,'2022-08-12',71750.00,1,1.00,'Factura A N°: 0001-00000105',NULL,'2022-08-31 22:48:09','2022-08-31 23:21:26','2022-08-31 23:21:26');
INSERT INTO `cta_cte_cliente` VALUES (77,193,3,40722,40865,57,4350,2,0,'2022-08-12',71750.00,1,1.00,'Factura C N°: 0001-00000105',NULL,'2022-08-31 22:49:05','2022-09-27 10:55:23','2022-09-27 10:55:23'),(78,193,3,40722,40866,57,4350,2,0,'2022-08-13',28000.00,1,1.00,'Factura C N°: 0001-00000112',NULL,'2022-08-31 22:49:58','2022-09-27 10:55:44','2022-09-27 10:55:44'),(79,193,3,40722,40867,57,4350,2,0,'2022-08-16',17490.00,1,1.00,'Factura C N°: 0001-00000357',NULL,'2022-08-31 22:52:09','2022-09-27 10:55:57','2022-09-27 10:55:57'),(80,193,3,40722,40868,57,4350,2,0,'2022-08-16',12100.00,1,1.00,'Factura A N°: 0001-00000615',NULL,'2022-08-31 22:53:03','2022-09-27 10:56:37','2022-09-27 10:56:37'),(81,193,3,40722,40868,57,4350,2,0,'2022-08-26',14700.00,1,1.00,'Factura C N°: 0001-00000024',NULL,'2022-08-31 22:54:55','2022-09-27 10:49:51','2022-09-27 10:49:51'),(82,193,3,40722,827,57,4350,2,0,'2022-08-26',5571.97,1,1.00,'Factura A N°: 2007-00013464',NULL,'2022-08-31 23:06:37','2022-08-31 23:11:14','2022-08-31 23:11:14'),(83,193,3,40722,827,57,4350,2,0,'2022-08-26',6625.50,1,1.00,'Factura A N°: 2007-00013464',NULL,'2022-08-31 23:11:14','2022-09-27 10:52:18','2022-09-27 10:52:18'),(84,193,2,40778,40870,13,45435,1,0,'2022-09-02',135000.00,1,1.00,'Factura C N°: 0004-00000001',NULL,'2022-09-02 09:58:26','2022-09-02 09:58:26',NULL),(85,193,20,40722,40869,13,4351,2,0,'2022-09-05',2420000.00,1,1.00,NULL,NULL,'2022-09-05 08:01:31','2022-09-13 20:35:08','2022-09-13 20:35:08'),(86,193,20,40722,40869,13,4351,2,0,'2022-09-05',2420000.00,1,1.00,NULL,NULL,'2022-09-05 08:01:52','2022-09-05 08:01:52',NULL),(87,193,2,40722,40869,13,4351,1,0,'2022-09-05',2420000.00,1,1.00,'Factura A N°: 0004-00000001',NULL,'2022-09-05 08:08:03','2022-09-05 08:08:03',NULL),(88,193,2,40897,40898,13,106800,1,0,'2022-08-30',48000.00,1,1.00,'Factura B N°: 0005-00000016',NULL,'2022-09-06 07:20:41','2022-09-06 07:20:41',NULL),(89,193,2,40897,36546,13,106800,1,0,'2022-08-30',199276.28,1,1.00,'Factura B N°: 0005-00000017',NULL,'2022-09-06 07:20:41','2022-09-06 07:20:41',NULL),(90,193,3,40897,1069,57,106800,2,0,'2022-08-09',0.00,1,1.00,'Factura B N°: 3592-00015250',NULL,'2022-09-06 07:31:13','2022-09-06 09:07:51','2022-09-06 09:07:51'),(91,193,3,40897,33703,57,106800,2,0,'2022-08-10',3877.42,1,1.00,'Factura B N°: 0005-01945761',NULL,'2022-09-06 07:31:13','2022-09-06 09:15:46','2022-09-06 09:15:46'),(92,193,3,40897,1069,57,106800,2,0,'2022-08-14',2124.67,1,1.00,'Factura A N°: 3950-00001547',NULL,'2022-09-06 07:31:13','2022-09-06 07:31:13',NULL),(93,193,3,40897,40899,57,106800,2,0,'2022-08-22',12000.00,1,1.00,'Factura C N°: 0002-00000060',NULL,'2022-09-06 07:31:13','2022-09-06 07:31:13',NULL),(94,193,2,40750,40900,13,25659,1,0,'2022-08-02',661796.19,1,1.00,'Factura A N°: 0004-00000012',NULL,'2022-09-06 09:38:08','2022-09-06 09:38:08',NULL),(95,193,2,40750,40900,13,25659,1,0,'2022-08-03',680988.00,1,1.00,'Factura A N°: 0004-00000013',NULL,'2022-09-06 09:38:08','2022-09-06 09:38:08',NULL),(96,193,2,40750,40900,13,25659,1,0,'2022-08-03',628474.00,1,1.00,'Factura A N°: 0004-00000014',NULL,'2022-09-06 09:38:08','2022-09-06 09:38:08',NULL),(97,193,2,40750,40900,13,25659,1,0,'2022-08-10',1336061.43,1,1.00,'Factura A N°: 0004-00000015',NULL,'2022-09-06 09:38:08','2022-09-06 09:38:08',NULL),(98,193,2,40750,40900,13,25659,1,0,'2022-08-12',86577.92,1,1.00,'Factura A N°: 0004-00000016',NULL,'2022-09-06 09:38:08','2022-09-06 09:38:08',NULL),(99,193,2,40750,40900,13,25659,1,0,'2022-08-12',434148.00,1,1.00,'Factura A N°: 0004-00000017',NULL,'2022-09-06 09:38:08','2022-09-06 09:38:08',NULL),(100,193,2,40750,40900,13,25659,2,0,'2022-08-15',434148.00,1,1.00,'Nota de crédito A N°: 0004-00000001',NULL,'2022-09-06 09:38:08','2022-09-06 09:38:08',NULL),(101,193,2,40750,40900,13,25659,2,0,'2022-08-15',86577.92,1,1.00,'Nota de crédito A N°: 0004-00000002',NULL,'2022-09-06 09:38:08','2022-09-06 09:38:08',NULL);
INSERT INTO `cta_cte_cliente` VALUES (102,193,2,40750,40900,13,25659,1,0,'2022-08-15',86577.92,1,1.00,'Factura A N°: 0004-00000018',NULL,'2022-09-06 09:38:08','2022-09-06 09:38:08',NULL),(103,193,2,40750,40900,13,25659,1,0,'2022-08-15',432968.25,1,1.00,'Factura A N°: 0004-00000019',NULL,'2022-09-06 09:38:08','2022-09-06 09:38:08',NULL),(104,193,2,40750,40900,13,25659,1,0,'2022-08-31',1206111.06,1,1.00,'Factura A N°: 0004-00000020',NULL,'2022-09-06 09:38:08','2022-09-06 09:38:08',NULL),(105,193,3,40750,40901,57,25659,2,0,'2022-08-01',6024.00,1,1.00,'Factura A N°: 0003-00005418',NULL,'2022-09-06 09:41:34','2022-09-06 09:41:34',NULL),(106,193,3,40750,37115,57,25659,2,0,'2022-08-01',863.09,1,1.00,'Factura B N°: 5002-00693890',NULL,'2022-09-06 09:41:34','2022-10-05 11:38:01','2022-10-05 11:38:01'),(107,193,3,40750,40902,57,25659,2,0,'2022-08-03',7974.00,1,1.00,'Factura C N°: 0014-00030395',NULL,'2022-09-06 09:41:34','2022-09-06 09:41:34',NULL),(108,193,3,40750,2295,57,25659,2,0,'2022-08-04',4304.26,1,1.00,'Tique Factura A N°: 0009-00005826',NULL,'2022-09-06 09:41:34','2022-09-06 09:41:34',NULL),(109,193,3,40750,40903,57,25659,2,0,'2022-08-05',5040.00,1,1.00,'Factura A N°: 0001-00008039',NULL,'2022-09-06 09:41:34','2022-09-06 09:41:34',NULL),(110,193,3,40750,40901,57,25659,2,0,'2022-08-05',38550.00,1,1.00,'Factura A N°: 0003-00005486',NULL,'2022-09-06 09:41:34','2022-09-06 09:41:34',NULL),(111,193,3,40750,40904,57,25659,2,0,'2022-08-05',102888.72,1,1.00,'Factura A N°: 0003-00003475',NULL,'2022-09-06 09:41:34','2022-09-06 09:41:34',NULL),(112,193,3,40750,40905,57,25659,2,0,'2022-08-05',52092.00,1,1.00,'Factura C N°: 0002-00000133',NULL,'2022-09-06 09:41:34','2022-09-06 09:41:34',NULL),(113,193,3,40750,40906,57,25659,2,0,'2022-08-05',30080.00,1,1.00,'Factura C N°: 0003-00000109',NULL,'2022-09-06 09:41:34','2022-09-06 09:41:34',NULL),(114,193,3,40750,40907,57,25659,2,0,'2022-08-08',30000.00,1,1.00,'Factura C N°: 0001-00000013',NULL,'2022-09-06 09:41:34','2022-09-06 09:41:34',NULL),(115,193,3,40750,40908,57,25659,2,0,'2022-08-10',70676.10,1,1.00,'Factura A N°: 0100-00000513',NULL,'2022-09-06 09:41:34','2022-09-06 09:41:34',NULL),(116,193,3,40750,40908,57,25659,2,0,'2022-08-10',62965.98,1,1.00,'Factura A N°: 0100-00000512',NULL,'2022-09-06 09:41:34','2022-09-06 09:41:34',NULL),(117,193,3,40750,40909,57,25659,2,0,'2022-08-11',18880.00,1,1.00,'Factura C N°: 0003-00000359',NULL,'2022-09-06 09:41:34','2022-09-06 09:41:34',NULL),(118,193,3,40750,40909,57,25659,2,0,'2022-08-11',19480.00,1,1.00,'Factura C N°: 0003-00000358',NULL,'2022-09-06 09:41:34','2022-09-06 09:41:34',NULL),(119,193,3,40750,1112,57,25659,2,0,'2022-08-12',27625.40,1,1.00,'Factura B N°: 1346-11522481',NULL,'2022-09-06 09:41:35','2022-09-06 09:41:35',NULL),(120,193,3,40750,40905,57,25659,2,0,'2022-08-12',27252.00,1,1.00,'Factura C N°: 0002-00000134',NULL,'2022-09-06 09:41:35','2022-09-06 09:41:35',NULL),(121,193,3,40750,40910,57,25659,2,0,'2022-08-16',45496.00,1,1.00,'Factura A N°: 0006-00000535',NULL,'2022-09-06 09:41:35','2022-09-06 09:41:35',NULL),(122,193,3,40750,8174,57,25659,2,0,'2022-08-16',730.50,1,1.00,'Factura B N°: 2859-00007755',NULL,'2022-09-06 09:41:35','2022-09-06 09:41:35',NULL),(123,193,3,40750,40761,57,25659,2,0,'2022-08-17',60000.00,1,1.00,'Factura C N°: 0001-00000006',NULL,'2022-09-06 09:41:35','2022-09-06 09:41:35',NULL),(124,193,3,40750,40911,57,25659,2,0,'2022-08-18',15185.50,1,1.00,'Factura A N°: 0003-00004891',NULL,'2022-09-06 09:41:35','2022-09-06 09:41:35',NULL),(125,193,3,40750,8109,57,25659,2,0,'2022-08-18',151.71,1,1.00,'Factura B N°: 5015-02762226',NULL,'2022-09-06 09:41:35','2022-09-06 09:41:35',NULL),(126,193,3,40750,8174,57,25659,2,0,'2022-08-20',290.00,1,1.00,'Factura B N°: 2725-00055428',NULL,'2022-09-06 09:41:35','2022-09-06 09:41:35',NULL),(127,193,3,40750,8174,57,25659,2,0,'2022-08-20',290.00,1,1.00,'Factura B N°: 2725-00055429',NULL,'2022-09-06 09:41:35','2022-09-06 09:41:35',NULL);
INSERT INTO `cta_cte_cliente` VALUES (128,193,3,40750,1176,57,25659,2,0,'2022-08-21',4051.80,1,1.00,'Factura A N°: 9040-00006005',NULL,'2022-09-06 09:41:35','2022-09-06 09:41:35',NULL),(129,193,3,40750,40912,57,25659,2,0,'2022-08-22',31000.20,1,1.00,'Factura A N°: 0019-00000061',NULL,'2022-09-06 09:41:35','2022-09-06 09:41:35',NULL),(130,193,3,40750,34253,57,25659,2,0,'2022-08-24',16034.73,1,1.00,'Factura A N°: 0006-00105830',NULL,'2022-09-06 09:41:35','2022-09-06 09:41:35',NULL),(131,193,3,40750,40901,57,25659,2,0,'2022-08-26',15240.00,1,1.00,'Factura A N°: 0003-00005695',NULL,'2022-09-06 09:41:35','2022-09-06 09:41:35',NULL),(132,193,3,40750,40908,57,25659,2,0,'2022-08-26',57520.98,1,1.00,'Factura A N°: 0100-00000536',NULL,'2022-09-06 09:41:35','2022-09-06 09:41:35',NULL),(133,193,3,40750,40913,57,25659,2,0,'2022-08-26',36240.00,1,1.00,'Factura C N°: 0002-00000107',NULL,'2022-09-06 09:41:35','2022-09-06 09:41:35',NULL),(134,193,3,40750,1176,57,25659,2,0,'2022-08-27',3300.00,1,1.00,'Factura A N°: 9038-00005956',NULL,'2022-09-06 09:41:35','2022-09-06 09:41:35',NULL),(135,193,3,40750,40908,57,25659,2,0,'2022-08-29',46260.72,1,1.00,'Factura A N°: 0100-00000537',NULL,'2022-09-06 09:41:35','2022-09-06 09:41:35',NULL),(136,193,3,40750,37115,57,25659,2,0,'2022-08-29',863.09,1,1.00,'Factura B N°: 5002-00703668',NULL,'2022-09-06 09:41:35','2022-09-06 09:41:35',NULL),(137,193,3,40750,33688,57,25659,2,0,'2022-08-29',828.00,1,1.00,'Factura B N°: 0700-05258121',NULL,'2022-09-06 09:41:35','2022-10-19 11:50:10','2022-10-19 11:50:10'),(138,193,3,40750,40913,57,25659,2,0,'2022-08-29',28800.00,1,1.00,'Factura C N°: 0002-00000108',NULL,'2022-09-06 09:41:35','2022-09-06 09:41:35',NULL),(139,193,2,40785,40871,13,55448,1,0,'2022-08-01',150000.00,1,1.00,'Factura C N°: 0002-00000217',NULL,'2022-09-07 08:40:21','2022-09-07 08:40:21',NULL),(140,193,2,40785,40871,13,55448,1,0,'2022-08-22',57500.00,1,1.00,'Factura C N°: 0002-00000218',NULL,'2022-09-07 08:40:21','2022-09-07 08:40:21',NULL),(141,193,2,40785,40915,13,55448,1,0,'2022-08-24',33000.00,1,1.00,'Factura C N°: 0002-00000219',NULL,'2022-09-07 08:40:21','2022-09-07 08:40:21',NULL),(142,193,2,40785,40871,13,55447,1,0,'2022-07-08',140500.00,1,1.00,'Factura C N°: 0002-00000216',NULL,'2022-09-07 08:47:06','2022-09-07 08:47:06',NULL),(143,193,2,40785,40871,13,55447,1,0,'2022-06-08',412000.00,1,1.00,'Factura C N°: 0002-00000215',NULL,'2022-09-07 08:48:29','2022-09-07 08:53:41','2022-09-07 08:53:41'),(144,193,2,40785,40871,13,55447,1,0,'2022-05-04',66000.00,1,1.00,'Factura C N°: 0002-00000214',NULL,'2022-09-07 08:49:08','2022-09-07 08:53:31','2022-09-07 08:53:31'),(145,193,2,40785,40871,13,55445,1,0,'2022-05-04',66000.00,1,1.00,'Factura C N°: 0002-00000214',NULL,'2022-09-07 08:54:07','2022-09-07 08:54:07',NULL),(146,193,2,40785,40871,13,55446,1,0,'2022-06-08',412000.00,1,1.00,'Factura C N°: 0002-00000215',NULL,'2022-09-07 08:55:42','2022-09-07 08:55:42',NULL),(147,193,2,40758,40916,13,108435,1,0,'2022-08-30',103318.98,1,1.00,'Factura A N°: 0001-00000028',NULL,'2022-09-07 10:21:35','2022-09-07 10:21:35',NULL),(148,193,2,40758,40917,13,108435,1,0,'2022-08-30',43219.00,1,1.00,'Factura A N°: 0001-00000029',NULL,'2022-09-07 10:21:35','2022-09-07 10:21:35',NULL),(149,193,2,40758,40918,13,108435,1,0,'2022-08-30',41084.80,1,1.00,'Factura A N°: 0001-00000030',NULL,'2022-09-07 10:21:35','2022-09-07 10:21:35',NULL),(150,193,2,40758,40919,13,108435,1,0,'2022-08-30',41338.15,1,1.00,'Factura A N°: 0001-00000031',NULL,'2022-09-07 10:21:35','2022-09-07 10:21:35',NULL),(151,193,2,40758,40919,13,108435,1,0,'2022-08-30',41911.15,1,1.00,'Factura A N°: 0001-00000032',NULL,'2022-09-07 10:21:35','2022-09-07 10:21:35',NULL),(152,193,2,40758,40920,13,108435,1,0,'2022-08-30',33389.50,1,1.00,'Factura B N°: 0001-00000008',NULL,'2022-09-07 10:21:35','2022-09-07 10:36:55','2022-09-07 10:36:55'),(153,193,2,40758,40920,13,108435,1,0,'2022-08-30',33389.40,1,1.00,'Factura B N°: 0001-00000008',NULL,'2022-09-07 10:36:55','2022-09-07 10:36:55',NULL);
INSERT INTO `cta_cte_cliente` VALUES (154,193,2,40778,40921,13,45435,1,0,'2022-09-07',100000.00,1,1.00,'Factura C N°: 0004-00000002',NULL,'2022-09-07 10:51:57','2022-09-07 10:51:57',NULL),(189,193,2,40780,40935,13,47654,1,0,'2022-08-03',429136.47,1,1.00,'Factura C N°: 0003-00000043',NULL,'2022-09-13 11:42:24','2022-09-13 11:42:24',NULL),(190,193,2,40780,40936,13,47654,1,0,'2022-08-22',86000.00,1,1.00,'Factura C N°: 0003-00000044',NULL,'2022-09-13 11:42:24','2022-10-04 07:27:52','2022-10-04 07:27:52'),(191,193,2,40780,40937,13,47654,1,0,'2022-08-29',483464.70,1,1.00,'Factura C N°: 0003-00000045',NULL,'2022-09-13 11:42:24','2022-09-13 11:42:24',NULL),(192,193,2,40780,40935,13,47654,1,0,'2021-12-31',160000.00,1,1.00,'Factura C N°: 0003-00000033',NULL,'2022-09-13 11:42:42','2022-10-04 07:28:50','2022-10-04 07:28:50'),(193,193,2,40780,40935,13,47654,1,0,'2021-11-15',160000.00,1,1.00,'Factura C N°: 0003-00000032',NULL,'2022-09-13 11:43:09','2022-10-04 07:27:43','2022-10-04 07:27:43'),(194,193,2,40780,40935,13,47654,1,0,'2021-10-05',160000.00,1,1.00,'Factura C N°: 0003-00000030',NULL,'2022-09-13 11:43:34','2022-10-04 07:28:14','2022-10-04 07:28:14'),(195,193,2,40780,40935,13,47654,1,0,'2021-10-22',160000.00,1,1.00,'Factura C N°: 0003-00000031',NULL,'2022-09-13 11:43:34','2022-10-04 07:28:44','2022-10-04 07:28:44'),(196,193,2,40780,40938,13,47654,1,0,'2021-09-15',55000.00,1,1.00,'Factura C N°: 0003-00000029',NULL,'2022-09-13 11:44:15','2022-10-04 07:27:35','2022-10-04 07:27:35'),(197,193,2,40778,40870,13,45435,1,0,'2022-09-13',200000.00,1,1.00,'Factura C N°: 0004-00000003',NULL,'2022-09-13 17:25:09','2022-09-13 17:25:09',NULL),(198,193,2,40778,40870,13,45435,1,0,'2022-09-13',70000.00,1,1.00,'Factura C N°: 0004-00000004',NULL,'2022-09-13 17:28:28','2022-09-13 17:28:28',NULL),(199,193,20,40722,40869,13,4351,2,0,'2022-09-13',4000000.00,1,1.00,NULL,NULL,'2022-09-13 20:36:17','2022-09-27 10:47:07','2022-09-27 10:47:07'),(200,193,3,40722,40864,57,4351,2,0,'2022-09-13',605000.00,1,1.00,'Factura A N°: 0004-00000423',NULL,'2022-09-13 20:40:46','2022-09-13 20:50:47','2022-09-13 20:50:47'),(201,193,3,40722,40866,57,4351,2,0,'2022-09-13',21000.00,1,1.00,'Factura C N°: 0003-00000115',NULL,'2022-09-13 20:42:22','2022-09-13 20:50:30','2022-09-13 20:50:30'),(202,193,3,40722,40856,57,4351,2,0,'2022-09-13',72600.00,1,1.00,'Factura A N°: 0001-00000341',NULL,'2022-09-13 20:43:40','2022-09-13 20:50:13','2022-09-13 20:50:13'),(203,193,3,40722,40858,57,4351,2,0,'2022-09-13',105270.00,1,1.00,'Factura C N°: 0002-00000036',NULL,'2022-09-13 20:44:46','2022-09-13 20:49:38','2022-09-13 20:49:38'),(204,193,3,40722,40939,57,4351,2,0,'2022-09-13',200000.00,1,1.00,'Factura C N°: 0001-00000012',NULL,'2022-09-13 20:45:58','2022-09-13 20:49:17','2022-09-13 20:49:17'),(205,193,3,40722,40853,57,4351,2,0,'2022-09-13',30000.00,1,1.00,'Factura C N°: 0011-00000084',NULL,'2022-09-13 20:47:11','2022-09-13 20:48:27','2022-09-13 20:48:27'),(207,193,21,40722,40853,57,4351,1,0,'2022-09-13',30000.00,1,1.00,NULL,NULL,'2022-09-13 20:48:26','2022-09-13 20:48:26',NULL),(208,193,3,40722,40853,57,4351,2,0,'2022-09-13',30000.00,1,1.00,'Factura C N°: 0011-00000084',NULL,'2022-09-13 20:48:27','2022-09-13 20:48:27',NULL),(209,193,21,40722,40939,57,4351,1,0,'2022-09-13',200000.00,1,1.00,NULL,NULL,'2022-09-13 20:49:16','2022-09-13 20:49:16',NULL),(210,193,3,40722,40939,57,4351,2,0,'2022-09-13',200000.00,1,1.00,'Factura C N°: 0001-00000012',NULL,'2022-09-13 20:49:17','2022-09-13 20:49:17',NULL),(211,193,3,40722,40858,57,4351,2,0,'2022-09-13',87000.00,1,1.00,'Factura C N°: 0002-00000036',NULL,'2022-09-13 20:49:38','2022-09-13 20:49:53','2022-09-13 20:49:53'),(212,193,21,40722,40858,57,4351,1,0,'2022-09-13',87000.00,1,1.00,NULL,NULL,'2022-09-13 20:49:52','2022-09-13 20:49:52',NULL),(213,193,3,40722,40858,57,4351,2,0,'2022-09-13',87000.00,1,1.00,'Factura C N°: 0002-00000036',NULL,'2022-09-13 20:49:53','2022-09-13 20:49:53',NULL);
INSERT INTO `cta_cte_cliente` VALUES (214,193,21,40722,40856,57,4351,1,0,'2022-09-13',72600.00,1,1.00,NULL,NULL,'2022-09-13 20:50:12','2022-09-13 20:50:12',NULL),(215,193,3,40722,40856,57,4351,2,0,'2022-09-13',72600.00,1,1.00,'Factura A N°: 0001-00000341',NULL,'2022-09-13 20:50:13','2022-09-13 20:50:13',NULL),(216,193,21,40722,40866,57,4351,1,0,'2022-09-13',21000.00,1,1.00,NULL,NULL,'2022-09-13 20:50:29','2022-09-13 20:50:29',NULL),(217,193,3,40722,40866,57,4351,2,0,'2022-09-13',21000.00,1,1.00,'Factura C N°: 0003-00000115',NULL,'2022-09-13 20:50:30','2022-09-13 20:50:30',NULL),(218,193,21,40722,40864,57,4351,1,0,'2022-09-13',605000.00,1,1.00,NULL,NULL,'2022-09-13 20:50:46','2022-09-13 20:50:46',NULL),(219,193,3,40722,40864,57,4351,2,0,'2022-09-13',605000.00,1,1.00,'Factura A N°: 0004-00000423',NULL,'2022-09-13 20:50:47','2022-09-13 20:50:47',NULL),(220,193,20,40722,40869,13,4350,1,0,'2022-08-01',8000000.00,1,1.00,'Saldo Inicial',NULL,'2022-09-13 20:56:11','2022-09-13 20:56:49','2022-09-13 20:56:49'),(221,193,20,40722,40869,13,4350,1,0,'2022-08-01',5580000.00,1,1.00,'Saldo Inicial',NULL,'2022-09-13 20:57:47','2022-09-13 20:59:49','2022-09-13 20:59:49'),(222,193,20,40722,40869,13,4350,1,0,'2022-08-01',6000000.00,1,1.00,'Saldo Inicial',NULL,'2022-09-13 20:59:29','2022-09-27 10:46:56','2022-09-27 10:46:56'),(223,193,2,40782,40940,13,50692,1,0,'2022-08-03',55255.86,1,1.00,'Factura A N°: 0003-00000242',NULL,'2022-09-14 09:03:33','2022-09-14 09:15:10','2022-09-14 09:15:10'),(224,193,2,40782,40941,13,50692,1,0,'2022-08-03',95348.00,1,1.00,'Factura A N°: 0003-00000243',NULL,'2022-09-14 09:03:33','2022-09-14 09:15:06','2022-09-14 09:15:06'),(225,193,2,40782,40942,13,50692,2,0,'2022-08-14',56664.00,1,1.00,'Nota de crédito A N°: 0003-00000052',NULL,'2022-09-14 09:03:33','2022-09-14 09:15:02','2022-09-14 09:15:02'),(226,193,2,40782,40943,13,50692,2,0,'2022-08-14',10170.05,1,1.00,'Nota de crédito A N°: 0003-00000053',NULL,'2022-09-14 09:03:33','2022-09-14 09:14:59','2022-09-14 09:14:59'),(227,193,2,40782,40944,13,50692,1,0,'2022-08-23',46585.00,1,1.00,'Factura A N°: 0003-00000244',NULL,'2022-09-14 09:03:33','2022-09-14 09:14:55','2022-09-14 09:14:55'),(228,193,2,40782,40941,13,50692,2,0,'2022-08-23',13435.84,1,1.00,'Nota de crédito A N°: 0003-00000054',NULL,'2022-09-14 09:03:33','2022-09-14 09:14:51','2022-09-14 09:14:51'),(229,193,2,40782,40941,13,50692,2,0,'2022-08-24',4095.61,1,1.00,'Nota de crédito A N°: 0003-00000055',NULL,'2022-09-14 09:03:33','2022-09-14 09:14:48','2022-09-14 09:14:48'),(230,193,2,40782,40945,13,50692,1,0,'2022-08-26',43639.86,1,1.00,'Factura A N°: 0003-00000245',NULL,'2022-09-14 09:03:33','2022-09-14 09:14:43','2022-09-14 09:14:43'),(231,193,2,40782,40946,13,50692,1,0,'2022-08-29',118904.28,1,1.00,'Factura A N°: 0003-00000246',NULL,'2022-09-14 09:03:33','2022-09-14 09:14:38','2022-09-14 09:14:38'),(232,193,3,40782,1210,57,50692,2,0,'2022-08-01',1859.70,1,1.00,'Factura A N°: 15471-00001028',NULL,'2022-09-14 09:03:43','2022-09-14 09:03:43',NULL),(233,193,3,40782,40717,57,50692,2,0,'2022-08-03',22000.00,1,1.00,'Factura C N°: 0002-00000265',NULL,'2022-09-14 09:03:43','2022-09-14 09:03:43',NULL),(234,193,3,40782,1210,57,50692,2,0,'2022-08-04',1147.41,1,1.00,'Factura A N°: 15474-00000046',NULL,'2022-09-14 09:03:43','2022-09-14 09:03:43',NULL),(235,193,3,40782,40947,57,50692,2,0,'2022-08-08',2391.57,1,1.00,'Factura A N°: 0007-00012181',NULL,'2022-09-14 09:03:44','2022-09-14 09:03:44',NULL),(236,193,3,40782,1210,57,50692,2,0,'2022-08-08',1625.56,1,1.00,'Factura A N°: 15485-00001015',NULL,'2022-09-14 09:03:44','2022-09-14 09:03:44',NULL),(237,193,3,40782,40776,57,50692,2,0,'2022-08-08',40000.00,1,1.00,'Factura C N°: 0001-00000028',NULL,'2022-09-14 09:03:44','2022-09-14 09:03:44',NULL),(238,193,3,40782,1210,57,50692,2,0,'2022-08-09',3758.82,1,1.00,'Factura A N°: 15473-00002246',NULL,'2022-09-14 09:03:44','2022-09-14 09:03:44',NULL);
INSERT INTO `cta_cte_cliente` VALUES (239,193,3,40782,1210,57,50692,2,0,'2022-08-15',4304.27,1,1.00,'Factura A N°: 15469-00002024',NULL,'2022-09-14 09:03:44','2022-09-14 09:03:44',NULL),(240,193,3,40782,1210,57,50692,2,0,'2022-08-18',2411.83,1,1.00,'Factura A N°: 15473-00002282',NULL,'2022-09-14 09:03:44','2022-09-14 09:03:44',NULL),(241,193,3,40782,40948,57,50692,2,0,'2022-08-23',32362.28,1,1.00,'Factura A N°: 0040-00032017',NULL,'2022-09-14 09:03:44','2022-09-14 09:03:44',NULL),(242,193,3,40782,40948,57,50692,2,0,'2022-08-24',12892.52,1,1.00,'Factura A N°: 0040-00032060',NULL,'2022-09-14 09:03:44','2022-09-14 09:03:44',NULL),(243,193,3,40782,1210,57,50692,2,0,'2022-08-26',5421.75,1,1.00,'Factura A N°: 15471-00001149',NULL,'2022-09-14 09:03:44','2022-09-14 09:03:44',NULL),(244,193,3,40782,40949,57,50692,2,0,'2022-08-30',324013.80,1,1.00,'Factura A N°: 0002-00002240',NULL,'2022-09-14 09:03:44','2022-09-14 09:03:44',NULL),(245,193,3,40782,1210,57,50692,2,0,'2022-08-31',2842.47,1,1.00,'Factura A N°: 15475-00001748',NULL,'2022-09-14 09:03:44','2022-09-14 09:03:44',NULL),(246,193,3,40782,40950,57,50692,2,0,'2022-08-31',41303.89,1,1.00,'Factura A N°: 0011-00005522',NULL,'2022-09-14 09:03:44','2022-09-14 09:03:44',NULL),(247,193,2,40782,40940,13,50692,1,0,'2022-08-03',55255.86,1,1.00,'Factura A N°: 0003-00000242',NULL,'2022-09-14 09:16:49','2022-09-14 09:16:49',NULL),(248,193,2,40782,40941,13,50692,1,0,'2022-08-03',95348.00,1,1.00,'Factura A N°: 0003-00000243',NULL,'2022-09-14 09:16:49','2022-09-14 09:16:49',NULL),(249,193,2,40782,40942,13,50692,2,0,'2022-08-14',56664.00,1,1.00,'Nota de crédito A N°: 0003-00000052',NULL,'2022-09-14 09:16:49','2022-09-14 09:16:49',NULL),(250,193,2,40782,40943,13,50692,2,0,'2022-08-14',10170.05,1,1.00,'Nota de crédito A N°: 0003-00000053',NULL,'2022-09-14 09:16:49','2022-09-14 09:16:49',NULL),(251,193,2,40782,40941,13,50692,2,0,'2022-08-23',13435.84,1,1.00,'Nota de crédito A N°: 0003-00000054',NULL,'2022-09-14 09:16:49','2022-09-14 09:16:49',NULL),(252,193,2,40782,40941,13,50692,2,0,'2022-08-24',4095.61,1,1.00,'Nota de crédito A N°: 0003-00000055',NULL,'2022-09-14 09:16:49','2022-09-14 09:16:49',NULL),(253,193,2,40782,40945,13,50692,1,0,'2022-08-26',43639.86,1,1.00,'Factura A N°: 0003-00000245',NULL,'2022-09-14 09:16:49','2022-09-14 09:16:49',NULL),(254,193,2,40782,40946,13,50692,1,0,'2022-08-29',118904.28,1,1.00,'Factura A N°: 0003-00000246',NULL,'2022-09-14 09:16:49','2022-09-14 09:16:49',NULL),(255,193,2,40782,40944,13,50692,1,0,'2022-08-23',46585.00,1,1.00,'Factura A N°: 0003-00000244',NULL,'2022-09-14 09:20:38','2022-09-14 09:20:38',NULL),(256,193,2,40753,40964,13,27780,1,0,'2022-08-02',102487.00,1,1.00,'Factura A N°: 0005-00000175',NULL,'2022-09-16 12:01:58','2022-09-16 12:01:58',NULL),(257,193,2,40753,40965,13,27780,1,0,'2022-08-08',363000.00,1,1.00,'Factura B N°: 0005-00000008',NULL,'2022-09-16 12:01:58','2022-09-16 12:01:58',NULL),(258,193,2,40753,40965,13,27780,1,0,'2022-08-08',330000.00,1,1.00,'Factura B N°: 0005-00000009',NULL,'2022-09-16 12:01:58','2022-09-16 12:01:58',NULL),(259,193,2,40753,40965,13,27780,2,0,'2022-08-08',363000.00,1,1.00,'Nota de crédito B N°: 0005-00000001',NULL,'2022-09-16 12:01:58','2022-09-16 12:01:58',NULL),(260,193,2,40753,40966,13,27780,1,0,'2022-08-09',217800.00,1,1.00,'Factura A N°: 0005-00000176',NULL,'2022-09-16 12:01:58','2022-09-16 12:01:58',NULL),(261,193,2,40753,40966,13,27780,2,0,'2022-08-11',60500.00,1,1.00,'Nota de crédito A N°: 0005-00000017',NULL,'2022-09-16 12:01:58','2022-09-16 12:01:58',NULL),(262,193,2,40753,40967,13,27780,1,0,'2022-08-17',417450.00,1,1.00,'Factura A N°: 0005-00000177',NULL,'2022-09-16 12:01:58','2022-09-16 12:01:58',NULL),(263,193,2,40753,40967,13,27780,1,0,'2022-08-17',121000.00,1,1.00,'Factura A N°: 0005-00000178',NULL,'2022-09-16 12:01:58','2022-09-16 12:01:58',NULL),(264,193,2,40753,40968,13,27780,1,0,'2022-08-22',750200.00,1,1.00,'Factura A N°: 0005-00000179',NULL,'2022-09-16 12:01:58','2022-09-16 12:01:58',NULL);
INSERT INTO `cta_cte_cliente` VALUES (265,193,2,40753,40969,13,27780,1,0,'2022-08-22',112469.50,1,1.00,'Factura A N°: 0005-00000180',NULL,'2022-09-16 12:01:58','2022-09-16 12:01:58',NULL),(266,193,2,40753,40970,13,27780,1,0,'2022-08-22',367295.50,1,1.00,'Factura A N°: 0005-00000181',NULL,'2022-09-16 12:01:58','2022-09-16 12:01:58',NULL),(267,193,2,40753,40970,13,27780,1,0,'2022-08-22',204187.50,1,1.00,'Factura A N°: 0005-00000182',NULL,'2022-09-16 12:01:58','2022-09-16 12:01:58',NULL),(268,193,2,40753,40970,13,27780,1,0,'2022-08-22',94017.00,1,1.00,'Factura A N°: 0005-00000183',NULL,'2022-09-16 12:01:58','2022-09-16 12:01:58',NULL),(269,193,2,40753,40870,13,27780,1,0,'2022-08-27',164560.00,1,1.00,'Factura A N°: 0005-00000184',NULL,'2022-09-16 12:01:58','2022-09-16 12:01:58',NULL),(270,193,3,40753,40971,57,27780,2,0,'2022-08-01',30250.00,1,1.00,'Factura A N°: 0002-00002000',NULL,'2022-09-16 12:02:06','2022-10-08 08:37:57','2022-10-08 08:37:57'),(271,193,3,40753,40972,57,27780,2,0,'2022-08-02',100000.00,1,1.00,'Factura C N°: 0002-00000059',NULL,'2022-09-16 12:02:06','2022-10-08 08:38:19','2022-10-08 08:38:19'),(272,193,3,40753,40973,57,27780,2,0,'2022-08-03',24000.00,1,1.00,'Factura C N°: 0001-00000452',NULL,'2022-09-16 12:02:06','2022-10-08 08:40:04','2022-10-08 08:40:04'),(273,193,3,40753,40973,57,27780,2,0,'2022-08-03',8000.00,1,1.00,'Factura C N°: 0001-00000453',NULL,'2022-09-16 12:02:06','2022-10-08 08:40:20','2022-10-08 08:40:20'),(274,193,3,40753,40974,57,27780,2,0,'2022-08-04',25000.00,1,1.00,'Factura C N°: 0002-00000033',NULL,'2022-09-16 12:02:06','2022-10-08 08:40:38','2022-10-08 08:40:38'),(275,193,3,40753,40971,57,27780,2,0,'2022-08-05',30250.00,1,1.00,'Factura A N°: 0002-00002007',NULL,'2022-09-16 12:02:06','2022-10-08 08:40:58','2022-10-08 08:40:58'),(276,193,3,40753,40776,57,27780,2,0,'2022-08-08',25000.00,1,1.00,'Factura C N°: 0001-00000029',NULL,'2022-09-16 12:02:06','2022-10-08 08:41:17','2022-10-08 08:41:17'),(277,193,3,40753,40973,57,27780,2,0,'2022-08-16',9000.00,1,1.00,'Factura C N°: 0001-00000463',NULL,'2022-09-16 12:02:06','2022-10-08 08:41:35','2022-10-08 08:41:35'),(278,193,3,40753,40973,57,27780,2,0,'2022-08-16',30000.00,1,1.00,'Factura C N°: 0001-00000464',NULL,'2022-09-16 12:02:07','2022-09-16 12:02:07',NULL),(279,193,3,40753,40975,57,27780,2,0,'2022-08-16',10000.00,1,1.00,'Factura C N°: 0001-00000126',NULL,'2022-09-16 12:02:07','2022-09-16 12:02:07',NULL),(280,193,3,40753,40975,57,27780,2,0,'2022-08-16',12000.00,1,1.00,'Factura C N°: 0001-00000127',NULL,'2022-09-16 12:02:07','2022-09-16 12:02:07',NULL),(281,193,3,40753,40975,57,27780,2,0,'2022-08-16',2000.00,1,1.00,'Factura C N°: 0001-00000128',NULL,'2022-09-16 12:02:07','2022-09-16 12:02:07',NULL),(282,193,3,40753,40975,57,27780,2,0,'2022-08-16',6000.00,1,1.00,'Factura C N°: 0001-00000129',NULL,'2022-09-16 12:02:07','2022-09-16 12:02:07',NULL),(283,193,3,40753,40976,57,27780,2,0,'2022-08-24',12075.00,1,1.00,'Factura B N°: 0003-00004728',NULL,'2022-09-16 12:02:07','2022-10-12 10:07:36','2022-10-12 10:07:36'),(284,193,3,40753,40977,57,27780,2,0,'2022-08-26',29999.39,1,1.00,'Factura A N°: 0005-00002977',NULL,'2022-09-16 12:02:07','2022-09-16 12:02:07',NULL),(285,193,3,40753,40973,57,27780,2,0,'2022-08-29',11000.00,1,1.00,'Factura C N°: 0001-00000474',NULL,'2022-09-16 12:02:07','2022-10-08 08:43:35','2022-10-08 08:43:35'),(286,193,3,40753,40973,57,27780,2,0,'2022-08-29',17000.00,1,1.00,'Factura C N°: 0001-00000476',NULL,'2022-09-16 12:02:07','2022-09-16 12:02:07',NULL),(287,193,3,40753,40973,57,27780,2,0,'2022-08-29',11000.00,1,1.00,'Factura C N°: 0001-00000477',NULL,'2022-09-16 12:02:07','2022-09-16 12:02:07',NULL),(288,193,3,40753,40973,57,27780,2,0,'2022-08-29',17000.00,1,1.00,'Factura C N°: 0001-00000475',NULL,'2022-09-16 12:02:07','2022-09-30 06:34:50','2022-09-30 06:34:50'),(289,193,3,40753,40978,57,27780,2,0,'2022-08-29',26000.00,1,1.00,'Factura C N°: 0001-00000006',NULL,'2022-09-16 12:02:07','2022-09-30 06:34:39','2022-09-30 06:34:39');
INSERT INTO `cta_cte_cliente` VALUES (290,193,3,40753,40979,57,27780,2,0,'2022-08-30',35204.02,1,1.00,'Factura B N°: 0012-00068045',NULL,'2022-09-16 12:02:07','2022-09-30 06:34:25','2022-09-30 06:34:25'),(291,193,3,40722,40859,57,4351,2,0,'2022-09-15',1548.80,1,1.00,'Factura A N°: 0002-00000585',NULL,'2022-09-16 12:59:09','2022-09-16 12:59:33','2022-09-16 12:59:33'),(292,193,3,40722,40859,57,4351,2,0,'2022-09-15',154880.00,1,1.00,'Factura A N°: 0002-00000585',NULL,'2022-09-16 12:59:33','2022-09-27 10:53:13','2022-09-27 10:53:13'),(293,193,3,40852,1989,57,100733,2,0,'2022-09-15',35000.00,1,1.00,'Comprobantes de Compra de Bienes No Registrables a Consumidores Finales N°: 0598-00004537',NULL,'2022-09-19 09:35:38','2022-09-21 08:58:45','2022-09-21 08:58:45'),(294,193,21,40852,1989,57,100733,1,0,'2022-09-19',35000.00,1,1.00,NULL,'cta_cte_cliente/40717/ZiAUYyJU3GbdFdt2md5thJtzeU4pOOmMVPEe4dPX.jpg','2022-09-19 09:44:02','2022-09-20 08:49:33','2022-09-20 08:49:33'),(295,193,3,40852,1989,57,100733,2,0,'2022-09-15',600.00,1,1.00,'Comprobantes de Compra de Bienes No Registrables a Consumidores Finales N°: 2576-00336703',NULL,'2022-09-19 09:56:40','2022-09-21 09:11:53','2022-09-21 09:11:53'),(300,193,3,40852,1989,57,100733,2,0,'2022-09-19',21800.00,1,1.00,'Comprobantes de Compra de Bienes No Registrables a Consumidores Finales N°: 2572-09570271',NULL,'2022-09-19 10:04:43','2022-09-19 10:09:52','2022-09-19 10:09:52'),(302,193,3,40852,1989,57,100733,2,0,'2022-09-15',1330.00,1,1.00,'Comprobantes de Compra de Bienes No Registrables a Consumidores Finales N°: 2572-07593168',NULL,'2022-09-19 10:07:37','2022-09-19 10:09:32','2022-09-19 10:09:32'),(303,193,3,40852,1989,57,100733,2,0,'2022-09-15',1330.00,1,1.00,'Comprobantes de Compra de Bienes No Registrables a Consumidores Finales N°: 2572-07593168',NULL,'2022-09-19 10:09:32','2022-09-19 10:15:00','2022-09-19 10:15:00'),(304,193,3,40852,1989,57,100733,2,0,'2022-09-19',21800.00,1,1.00,'Comprobantes de Compra de Bienes No Registrables a Consumidores Finales N°: 2572-09570271',NULL,'2022-09-19 10:09:52','2022-09-21 09:11:34','2022-09-21 09:11:34'),(307,193,3,40852,1989,57,100733,2,0,'2022-09-15',1330.00,1,1.00,'Comprobantes de Compra de Bienes No Registrables a Consumidores Finales N°: 2572-07593168',NULL,'2022-09-19 10:15:00','2022-09-21 09:11:12','2022-09-21 09:11:12'),(317,193,3,40852,1989,57,100733,2,0,'2022-09-21',2610.00,1,1.00,'OTROS COMPROBANTES QUE NO CUMPLEN O ESTÁN EXCEPTUADOS DE LA R.G. 1415 Y SUS MODIF N°: 25977-00010100',NULL,'2022-09-21 08:56:19','2022-09-21 08:58:25','2022-09-21 08:58:25'),(318,193,21,40852,1989,57,100733,1,0,'2022-09-21',2610.00,1,1.00,NULL,NULL,'2022-09-21 08:58:25','2022-09-21 08:59:03','2022-09-21 08:59:03'),(319,193,3,40852,1989,57,100733,2,0,'2022-09-21',2610.00,1,1.00,'OTROS COMPROBANTES QUE NO CUMPLEN O ESTÁN EXCEPTUADOS DE LA R.G. 1415 Y SUS MODIF N°: 25977-00010100',NULL,'2022-09-21 08:58:25','2022-09-21 09:08:38','2022-09-21 09:08:38'),(320,193,21,40852,1989,57,100733,1,0,'2022-09-15',2610.00,1,1.00,NULL,NULL,'2022-09-21 08:58:45','2022-09-21 09:00:22','2022-09-21 09:00:22'),(321,193,3,40852,1989,57,100733,2,0,'2022-09-15',35000.00,1,1.00,'Comprobantes de Compra de Bienes No Registrables a Consumidores Finales N°: 0598-00004537',NULL,'2022-09-21 08:58:45','2022-09-21 09:12:08','2022-09-21 09:12:08'),(322,193,21,40852,1989,57,100733,1,0,'2022-09-21',2610.00,1,1.00,NULL,NULL,'2022-09-21 09:08:38','2022-09-23 10:31:46','2022-09-23 10:31:46'),(323,193,3,40852,1989,57,100733,2,0,'2022-09-21',2610.00,1,1.00,'OTROS COMPROBANTES QUE NO CUMPLEN O ESTÁN EXCEPTUADOS DE LA R.G. 1415 Y SUS MODIF N°: 25977-00010100',NULL,'2022-09-21 09:08:38','2022-09-23 10:31:46','2022-09-23 10:31:46'),(324,193,21,40852,1989,57,100733,1,0,'2022-09-15',1330.00,1,1.00,NULL,NULL,'2022-09-21 09:11:12','2022-10-04 17:55:00','2022-10-04 17:55:00');
INSERT INTO `cta_cte_cliente` VALUES (325,193,3,40852,1989,57,100733,2,0,'2022-09-15',1330.00,1,1.00,'Comprobantes de Compra de Bienes No Registrables a Consumidores Finales N°: 2572-07593168',NULL,'2022-09-21 09:11:12','2022-10-04 17:55:00','2022-10-04 17:55:00'),(326,193,21,40852,1989,57,100733,1,0,'2022-09-19',21800.00,1,1.00,NULL,NULL,'2022-09-21 09:11:34','2022-10-04 17:55:11','2022-10-04 17:55:11'),(327,193,3,40852,1989,57,100733,2,0,'2022-09-19',21800.00,1,1.00,'Comprobantes de Compra de Bienes No Registrables a Consumidores Finales N°: 2572-09570271',NULL,'2022-09-21 09:11:34','2022-10-04 17:55:11','2022-10-04 17:55:11'),(328,193,21,40852,1989,57,100733,1,0,'2022-09-15',600.00,1,1.00,NULL,NULL,'2022-09-21 09:11:53','2022-10-04 17:55:16','2022-10-04 17:55:16'),(329,193,3,40852,1989,57,100733,2,0,'2022-09-15',600.00,1,1.00,'Comprobantes de Compra de Bienes No Registrables a Consumidores Finales N°: 2576-00336703',NULL,'2022-09-21 09:11:53','2022-10-04 17:55:16','2022-10-04 17:55:16'),(330,193,21,40852,1989,57,100733,1,0,'2022-09-15',35000.00,1,1.00,NULL,NULL,'2022-09-21 09:12:08','2022-10-26 09:08:47','2022-10-26 09:08:47'),(331,193,3,40852,1989,57,100733,2,0,'2022-09-15',35000.00,1,1.00,'Comprobantes de Compra de Bienes No Registrables a Consumidores Finales N°: 0598-00004537',NULL,'2022-09-21 09:12:08','2022-10-26 09:08:47','2022-10-26 09:08:47'),(408,193,3,40722,1210,57,4351,2,0,'2022-09-21',6667.23,1,1.00,'Factura A N°: 17393-00000680',NULL,'2022-09-22 09:54:15','2022-09-27 10:52:53','2022-09-27 10:52:53'),(409,193,3,40852,1989,57,100733,2,0,'2022-09-23',1328.00,1,1.00,'OTROS COMPROBANTES QUE NO CUMPLEN O ESTÁN EXCEPTUADOS DE LA R.G. 1415 Y SUS MODIF N°: 0000-00000000',NULL,'2022-09-23 09:58:01','2022-09-23 10:03:38','2022-09-23 10:03:38'),(410,193,3,40852,1989,57,100733,2,0,'2022-09-23',1328.00,1,1.00,'OTROS COMPROBANTES QUE NO CUMPLEN O ESTÁN EXCEPTUADOS DE LA R.G. 1415 Y SUS MODIF N°: 0000-00000000',NULL,'2022-09-23 10:03:38','2022-09-23 10:04:14','2022-09-23 10:04:14'),(411,193,3,40852,1989,57,100733,2,0,'2022-09-23',1328.00,1,1.00,'OTROS COMPROBANTES QUE NO CUMPLEN O ESTÁN EXCEPTUADOS DE LA R.G. 1415 Y SUS MODIF N°: 0000-00000000',NULL,'2022-09-23 10:04:14','2022-09-23 10:06:05','2022-09-23 10:06:05'),(412,193,21,40852,1989,57,100733,1,0,'2022-09-23',1328.00,1,1.00,NULL,NULL,'2022-09-23 10:06:05','2022-09-23 10:06:05',NULL),(413,193,3,40852,1989,57,100733,2,0,'2022-09-23',1328.00,1,1.00,'OTROS COMPROBANTES QUE NO CUMPLEN O ESTÁN EXCEPTUADOS DE LA R.G. 1415 Y SUS MODIF N°: 0000-00000000',NULL,'2022-09-23 10:06:05','2022-09-23 10:06:05',NULL),(414,193,3,40852,1989,57,100733,2,0,'2022-09-23',500.00,1,1.00,'Tique (Informe Diario Z) N°: 0000-00000002',NULL,'2022-09-23 10:24:48','2022-09-23 10:25:24','2022-09-23 10:25:24'),(415,193,3,40852,1989,57,100733,2,0,'2022-09-23',500.00,1,1.00,'Tique (Informe Diario Z) N°: 0000-00000002',NULL,'2022-09-23 10:25:24','2022-10-04 18:11:59','2022-10-04 18:11:59'),(416,193,3,40852,1989,57,100733,2,0,'2022-09-23',2340.00,1,1.00,'Tique (Informe Diario Z) N°: 0000-00000003',NULL,'2022-09-23 10:34:45','2022-09-23 10:36:21','2022-09-23 10:36:21'),(417,193,21,40852,1989,57,100733,1,0,'2022-09-23',2340.00,1,1.00,NULL,NULL,'2022-09-23 10:36:21','2022-10-26 16:53:24','2022-10-26 16:53:24'),(418,193,3,40852,1989,57,100733,2,0,'2022-09-23',2340.00,1,1.00,'Tique (Informe Diario Z) N°: 0000-00000003',NULL,'2022-09-23 10:36:21','2022-10-26 16:53:24','2022-10-26 16:53:24'),(419,193,3,40722,32787,57,4351,2,0,'2022-09-23',153937.80,1,1.00,'Factura A N°: 0009-00003993',NULL,'2022-09-23 11:54:53','2022-09-23 12:04:56','2022-09-23 12:04:56'),(420,193,3,40722,40866,57,4351,2,0,'2022-09-23',19000.00,1,1.00,'Factura C N°: 0003-00000117',NULL,'2022-09-23 12:01:11','2022-09-23 12:04:32','2022-09-23 12:04:32'),(421,193,21,40722,40866,57,4351,1,0,'2022-09-23',19000.00,1,1.00,NULL,NULL,'2022-09-23 12:04:32','2022-09-23 12:04:32',NULL);
INSERT INTO `cta_cte_cliente` VALUES (422,193,3,40722,40866,57,4351,2,0,'2022-09-23',19000.00,1,1.00,'Factura C N°: 0003-00000117',NULL,'2022-09-23 12:04:32','2022-09-23 12:04:32',NULL),(423,193,21,40722,32787,57,4351,1,0,'2022-09-23',153937.80,1,1.00,NULL,NULL,'2022-09-23 12:04:56','2022-10-14 09:06:53','2022-10-14 09:06:53'),(424,193,3,40722,32787,57,4351,2,0,'2022-09-23',153937.80,1,1.00,'Factura A N°: 0009-00003993',NULL,'2022-09-23 12:04:56','2022-10-14 09:06:53','2022-10-14 09:06:53'),(425,193,3,40722,40853,57,4351,2,0,'2022-09-27',30000.00,1,1.00,'Factura C N°: 0011-00000088',NULL,'2022-09-27 10:01:15','2022-09-27 10:02:36','2022-09-27 10:02:36'),(426,193,21,40722,40853,57,4351,1,0,'2022-09-27',30000.00,1,1.00,NULL,NULL,'2022-09-27 10:02:35','2022-09-27 10:02:35',NULL),(427,193,3,40722,40853,57,4351,2,0,'2022-09-27',30000.00,1,1.00,'Factura C N°: 0011-00000088',NULL,'2022-09-27 10:02:36','2022-09-27 10:02:36',NULL),(428,193,2,40780,41124,13,47655,1,0,'2022-09-27',1100.00,1,1.00,'Factura C N°: 0003-00000046',NULL,'2022-09-27 10:06:56','2022-10-04 07:26:53','2022-10-04 07:26:53'),(429,193,21,40722,40868,57,4350,1,0,'2022-08-26',14700.00,1,1.00,NULL,NULL,'2022-09-27 10:49:50','2022-09-27 10:49:50',NULL),(430,193,3,40722,40868,57,4350,2,0,'2022-08-26',14700.00,1,1.00,'Factura C N°: 0001-00000024',NULL,'2022-09-27 10:49:51','2022-09-27 10:49:51',NULL),(431,193,21,40722,40863,57,4350,1,0,'2022-08-10',102922.67,1,1.00,NULL,NULL,'2022-09-27 10:50:27','2022-09-27 10:50:27',NULL),(432,193,3,40722,40863,57,4350,2,0,'2022-08-10',102922.67,1,1.00,'Factura A N°: 0001-00026433',NULL,'2022-09-27 10:50:28','2022-09-27 10:50:28',NULL),(433,193,3,40722,827,57,4350,2,0,'2022-08-26',6625.50,1,1.00,'Factura A N°: 2007-00013464',NULL,'2022-09-27 10:52:18','2022-09-27 10:57:08','2022-09-27 10:57:08'),(434,193,21,40722,1210,57,4351,1,0,'2022-09-21',6667.23,1,1.00,NULL,NULL,'2022-09-27 10:52:53','2022-09-27 10:52:53',NULL),(435,193,3,40722,1210,57,4351,2,0,'2022-09-21',6667.23,1,1.00,'Factura A N°: 17393-00000680',NULL,'2022-09-27 10:52:53','2022-09-27 10:52:53',NULL),(436,193,21,40722,40859,57,4351,1,0,'2022-09-15',15488.00,1,1.00,NULL,NULL,'2022-09-27 10:53:13','2022-09-27 10:53:13',NULL),(437,193,3,40722,40859,57,4351,2,0,'2022-09-15',154880.00,1,1.00,'Factura A N°: 0002-00000585',NULL,'2022-09-27 10:53:13','2022-09-27 10:53:13',NULL),(438,193,21,40722,40858,57,4350,1,0,'2022-08-10',48000.00,1,1.00,NULL,NULL,'2022-09-27 10:54:15','2022-09-27 10:54:15',NULL),(439,193,3,40722,40858,57,4350,2,0,'2022-08-10',48000.00,1,1.00,'Factura C N°: 0001-00000034',NULL,'2022-09-27 10:54:16','2022-09-27 10:54:16',NULL),(440,193,21,40722,40864,57,4350,1,0,'2022-08-10',435600.00,1,1.00,NULL,NULL,'2022-09-27 10:54:43','2022-09-27 10:54:43',NULL),(441,193,3,40722,40864,57,4350,2,0,'2022-08-10',435600.00,1,1.00,'Factura A N°: 0001-00000408',NULL,'2022-09-27 10:54:44','2022-09-27 10:54:44',NULL),(442,193,3,40722,40865,57,4350,2,0,'2022-08-12',71750.00,1,1.00,'Factura C N°: 0001-00000105',NULL,'2022-09-27 10:55:23','2022-09-27 11:12:50','2022-09-27 11:12:50'),(443,193,3,40722,40866,57,4350,2,0,'2022-08-13',28000.00,1,1.00,'Factura C N°: 0001-00000112',NULL,'2022-09-27 10:55:44','2022-09-27 11:11:47','2022-09-27 11:11:47'),(444,193,3,40722,40867,57,4350,2,0,'2022-08-16',17490.00,1,1.00,'Factura C N°: 0001-00000357',NULL,'2022-09-27 10:55:57','2022-09-27 10:56:17','2022-09-27 10:56:17'),(445,193,21,40722,40867,57,4350,1,0,'2022-08-16',17490.00,1,1.00,NULL,NULL,'2022-09-27 10:56:16','2022-09-27 10:56:16',NULL),(446,193,3,40722,40867,57,4350,2,0,'2022-08-16',17490.00,1,1.00,'Factura C N°: 0001-00000357',NULL,'2022-09-27 10:56:17','2022-09-27 10:56:17',NULL),(447,193,21,40722,40868,57,4350,1,0,'2022-08-16',12100.00,1,1.00,NULL,NULL,'2022-09-27 10:56:36','2022-09-27 10:56:36',NULL),(448,193,3,40722,40868,57,4350,2,0,'2022-08-16',12100.00,1,1.00,'Factura A N°: 0001-00000615',NULL,'2022-09-27 10:56:37','2022-09-27 10:56:37',NULL);
INSERT INTO `cta_cte_cliente` VALUES (449,193,21,40722,827,57,4350,1,0,'2022-08-26',6625.50,1,1.00,NULL,NULL,'2022-09-27 10:57:07','2022-09-27 10:57:07',NULL),(450,193,3,40722,827,57,4350,2,0,'2022-08-26',6625.50,1,1.00,'Factura A N°: 2007-00013464',NULL,'2022-09-27 10:57:08','2022-09-27 10:57:08',NULL),(451,193,21,40722,40859,57,4350,1,0,'2022-08-09',191800.00,1,1.00,NULL,NULL,'2022-09-27 10:57:35','2022-09-27 10:57:35',NULL),(452,193,3,40722,40859,57,4350,2,0,'2022-08-09',191180.00,1,1.00,'Factura A N°: 0001-00000577',NULL,'2022-09-27 10:57:36','2022-09-27 10:57:36',NULL),(453,193,21,40722,40862,57,4350,1,0,'2022-08-09',181500.00,1,1.00,NULL,NULL,'2022-09-27 10:57:54','2022-09-27 10:57:54',NULL),(454,193,3,40722,40862,57,4350,2,0,'2022-08-09',181500.00,1,1.00,'Factura A N°: 0001-00000093',NULL,'2022-09-27 10:57:54','2022-09-27 10:57:54',NULL),(455,193,3,40722,40861,57,4350,2,0,'2022-08-04',133100.00,1,1.00,'Factura A N°: 0001-00000054',NULL,'2022-09-27 10:58:11','2022-09-27 11:13:15','2022-09-27 11:13:15'),(456,193,21,40722,40717,57,4350,1,0,'2022-08-03',19500.00,1,1.00,NULL,NULL,'2022-09-27 10:58:28','2022-09-27 10:58:28',NULL),(457,193,3,40722,40717,57,4350,2,0,'2022-08-03',19500.00,1,1.00,'Factura C N°: 0001-00000264',NULL,'2022-09-27 10:58:29','2022-09-27 10:58:29',NULL),(458,193,21,40722,40860,57,4350,1,0,'2022-08-03',9433.99,1,1.00,NULL,NULL,'2022-09-27 10:58:50','2022-09-27 10:58:50',NULL),(459,193,3,40722,40860,57,4350,2,0,'2022-08-03',9433.99,1,1.00,'Factura A N°: 0001-00000211',NULL,'2022-09-27 10:58:51','2022-09-27 10:58:51',NULL),(460,193,21,40722,40859,57,4350,1,0,'2022-08-31',152460.00,1,1.00,NULL,NULL,'2022-09-27 10:59:14','2022-09-27 10:59:14',NULL),(461,193,3,40722,40859,57,4350,2,0,'2022-08-31',152460.00,1,1.00,'Factura A N°: 0001-00000576',NULL,'2022-09-27 10:59:15','2022-09-27 10:59:15',NULL),(462,193,3,40722,40853,57,4350,2,0,'2022-08-01',60000.00,1,1.00,'Factura C N°: 0001-00000082',NULL,'2022-09-27 11:09:03','2022-09-27 11:13:44','2022-09-27 11:13:44'),(463,193,21,40722,40856,57,4350,1,0,'2022-08-02',137335.00,1,1.00,NULL,NULL,'2022-09-27 11:09:23','2022-09-27 11:09:23',NULL),(464,193,3,40722,40856,57,4350,2,0,'2022-08-02',137335.00,1,1.00,'Factura A N°: 0001-00000330',NULL,'2022-09-27 11:09:24','2022-09-27 11:09:24',NULL),(465,193,21,40722,40856,57,4350,1,0,'2022-08-02',198440.00,1,1.00,NULL,NULL,'2022-09-27 11:09:42','2022-09-27 11:09:42',NULL),(466,193,3,40722,40856,57,4350,2,0,'2022-08-02',198440.00,1,1.00,'Factura A N°: 0001-00000331',NULL,'2022-09-27 11:09:43','2022-09-27 11:09:43',NULL),(467,193,21,40722,40857,57,4350,1,0,'2022-08-31',50000.00,1,1.00,NULL,NULL,'2022-09-27 11:10:00','2022-09-27 11:10:00',NULL),(468,193,3,40722,40857,57,4350,2,0,'2022-08-31',50000.00,1,1.00,'Factura C N°: 0001-00000024',NULL,'2022-09-27 11:10:00','2022-09-27 11:10:00',NULL),(469,193,21,40722,40858,57,4350,1,0,'2022-08-31',176000.00,1,1.00,NULL,NULL,'2022-09-27 11:10:18','2022-09-27 11:10:18',NULL),(470,193,3,40722,40858,57,4350,2,0,'2022-08-31',176000.00,1,1.00,'Factura C N°: 0001-00000032',NULL,'2022-09-27 11:10:19','2022-09-27 11:10:19',NULL),(471,193,21,40722,40866,57,4350,1,0,'2022-08-13',28000.00,1,1.00,NULL,NULL,'2022-09-27 11:11:46','2022-09-27 11:11:46',NULL),(472,193,3,40722,40866,57,4350,2,0,'2022-08-13',28000.00,1,1.00,'Factura C N°: 0001-00000112',NULL,'2022-09-27 11:11:47','2022-09-27 11:11:47',NULL),(473,193,21,40722,40865,57,4350,1,0,'2022-08-12',71750.00,1,1.00,NULL,NULL,'2022-09-27 11:12:49','2022-09-27 11:12:49',NULL),(474,193,3,40722,40865,57,4350,2,0,'2022-08-12',71750.00,1,1.00,'Factura C N°: 0001-00000105',NULL,'2022-09-27 11:12:50','2022-09-27 11:12:50',NULL),(475,193,21,40722,40861,57,4350,1,0,'2022-08-04',133100.00,1,1.00,NULL,NULL,'2022-09-27 11:13:15','2022-09-27 11:13:15',NULL),(476,193,3,40722,40861,57,4350,2,0,'2022-08-04',133100.00,1,1.00,'Factura A N°: 0001-00000054',NULL,'2022-09-27 11:13:15','2022-09-27 11:13:15',NULL);
INSERT INTO `cta_cte_cliente` VALUES (477,193,21,40722,40853,57,4350,1,0,'2022-08-01',60000.00,1,1.00,NULL,NULL,'2022-09-27 11:13:43','2022-09-27 11:13:43',NULL),(478,193,3,40722,40853,57,4350,2,0,'2022-08-01',60000.00,1,1.00,'Factura C N°: 0001-00000082',NULL,'2022-09-27 11:13:44','2022-09-27 11:13:44',NULL),(479,193,3,40852,1989,57,100733,2,0,'2022-09-28',25000.00,1,1.00,'Tique (Informe Diario Z) N°: 0000-00000004',NULL,'2022-09-28 10:31:06','2022-09-28 10:31:37','2022-09-28 10:31:37'),(480,193,21,40852,1989,57,100733,1,0,'2022-09-28',25000.00,1,1.00,NULL,NULL,'2022-09-28 10:31:37','2022-10-26 08:31:25','2022-10-26 08:31:25'),(481,193,3,40852,1989,57,100733,2,0,'2022-09-28',25000.00,1,1.00,'Tique (Informe Diario Z) N°: 0000-00000004',NULL,'2022-09-28 10:31:37','2022-10-26 08:31:25','2022-10-26 08:31:25'),(482,193,2,40873,41139,13,103780,1,0,'2022-10-01',20000.00,1,1.00,'Factura C N°: 0003-00000001',NULL,'2022-09-28 13:51:43','2022-09-28 13:51:43',NULL),(483,193,2,40873,40885,13,103780,1,0,'2022-10-01',10000.00,1,1.00,'Factura C N°: 0003-00000002',NULL,'2022-09-28 14:08:18','2022-09-28 14:08:18',NULL),(484,193,2,40873,40883,13,103780,1,0,'2022-10-01',15000.00,1,1.00,'Factura C N°: 0003-00000003',NULL,'2022-09-28 14:14:30','2022-09-28 14:14:30',NULL),(485,193,2,40873,40887,13,103780,1,0,'2022-10-01',10000.00,1,1.00,'Factura C N°: 0003-00000004',NULL,'2022-09-29 16:13:48','2022-09-29 16:13:48',NULL),(486,193,2,40873,40879,13,103780,1,0,'2022-10-01',7000.00,1,1.00,'Factura C N°: 0003-00000005',NULL,'2022-09-29 16:23:31','2022-09-29 16:23:31',NULL),(487,193,2,40873,40874,13,103780,1,0,'2022-10-01',15000.00,1,1.00,'Factura C N°: 0003-00000006',NULL,'2022-09-29 16:30:05','2022-09-29 16:30:05',NULL),(488,193,2,40873,40875,13,103780,1,0,'2022-10-01',5000.00,1,1.00,'Factura C N°: 0003-00000007',NULL,'2022-09-29 16:35:19','2022-09-29 16:35:19',NULL),(489,193,2,40873,40876,13,103780,1,0,'2022-10-01',7500.00,1,1.00,'Factura C N°: 0003-00000008',NULL,'2022-09-29 16:40:42','2022-09-29 16:40:42',NULL),(490,193,2,40873,41140,13,103780,1,0,'2022-10-01',15000.00,1,1.00,'Factura C N°: 0003-00000009',NULL,'2022-09-29 16:58:27','2022-09-29 16:58:27',NULL),(491,193,2,40873,40878,13,103780,1,0,'2022-10-01',10000.00,1,1.00,'Factura C N°: 0003-00000010',NULL,'2022-09-29 17:07:10','2022-09-29 17:07:10',NULL),(492,193,2,40873,40880,13,103780,1,0,'2022-10-01',15000.00,1,1.00,'Factura C N°: 0003-00000011',NULL,'2022-09-29 17:42:14','2022-09-29 17:42:14',NULL),(493,193,20,40852,1989,13,100733,2,0,'2022-09-28',50400.00,1,1.00,NULL,NULL,'2022-09-29 19:25:14','2022-10-26 16:50:41','2022-10-26 16:50:41'),(494,193,2,40852,1989,13,100733,1,0,'2022-09-28',50400.00,1,1.00,'OTROS COMPROBANTES QUE NO CUMPLEN O ESTÁN EXCEPTUADOS DE LA R.G. 1415 Y SUS MODIF N°: 10239-22403722',NULL,'2022-09-29 19:25:14','2022-10-26 16:50:41','2022-10-26 16:50:41'),(495,193,2,40873,41141,13,103780,1,0,'2022-10-01',16000.00,1,1.00,'Factura C N°: 0003-00000012',NULL,'2022-09-29 20:30:57','2022-09-29 20:30:57',NULL),(496,193,2,40873,40890,13,103780,1,0,'2022-10-01',10000.00,1,1.00,'Factura C N°: 0003-00000013',NULL,'2022-09-29 20:37:17','2022-09-29 20:37:17',NULL),(497,193,2,40873,40891,13,103780,1,0,'2022-10-01',10000.00,1,1.00,'Factura C N°: 0003-00000014',NULL,'2022-09-29 20:39:56','2022-09-29 20:39:56',NULL),(498,193,2,40873,41142,13,103780,1,0,'2022-10-01',20000.00,1,1.00,'Factura C N°: 0003-00000015',NULL,'2022-09-29 20:59:12','2022-09-29 20:59:12',NULL),(499,193,3,40753,40979,57,27780,2,0,'2022-08-30',35204.02,1,1.00,'Factura B N°: 0012-00068045',NULL,'2022-09-30 06:34:25','2022-10-08 08:44:17','2022-10-08 08:44:17'),(500,193,3,40753,40978,57,27780,2,0,'2022-08-29',26000.00,1,1.00,'Factura C N°: 0001-00000006',NULL,'2022-09-30 06:34:39','2022-10-08 09:03:40','2022-10-08 09:03:40'),(501,193,3,40753,40973,57,27780,2,0,'2022-08-29',17000.00,1,1.00,'Factura C N°: 0001-00000475',NULL,'2022-09-30 06:34:50','2022-10-08 09:03:48','2022-10-08 09:03:48');
INSERT INTO `cta_cte_cliente` VALUES (502,193,3,40994,41145,57,152176,2,0,'2022-09-01',26324.25,1,1.00,'Factura A N°: 0154-00156287',NULL,'2022-10-01 09:13:44','2022-10-01 09:37:21','2022-10-01 09:37:21'),(503,193,3,40994,41146,57,152176,2,0,'2022-09-01',12100.00,1,1.00,'Factura A N°: 0002-00000326',NULL,'2022-10-01 09:13:44','2022-10-01 09:54:49','2022-10-01 09:54:49'),(504,193,3,40994,41147,57,152176,2,0,'2022-09-01',309590.09,1,1.00,'Factura A N°: 0011-00008815',NULL,'2022-10-01 09:13:44','2022-10-01 09:13:44',NULL),(505,193,3,40994,41147,57,152176,2,0,'2022-09-01',21904.96,1,1.00,'Factura A N°: 0011-00008814',NULL,'2022-10-01 09:13:44','2022-10-01 09:13:44',NULL),(506,193,3,40994,41147,57,152176,2,0,'2022-09-01',109038.01,1,1.00,'Factura A N°: 0011-00008822',NULL,'2022-10-01 09:13:45','2022-10-01 09:13:45',NULL),(507,193,3,40994,41148,57,152176,1,0,'2022-09-02',25446.60,1,1.00,'Nota de crédito A N°: 0002-00002950',NULL,'2022-10-01 09:13:45','2022-10-01 09:47:51','2022-10-01 09:47:51'),(508,193,3,40994,1070,57,152176,2,0,'2022-09-06',1067.85,1,1.00,'Factura A N°: 0944-00207160',NULL,'2022-10-01 09:13:45','2022-10-01 09:13:45',NULL),(509,193,3,40994,1178,57,152176,2,0,'2022-09-06',691.07,1,1.00,'Factura A N°: 2504-00072806',NULL,'2022-10-01 09:13:45','2022-10-01 09:13:45',NULL),(510,193,3,40994,41145,57,152176,1,0,'2022-09-07',3310.17,1,1.00,'Nota de crédito A N°: 0128-00335241',NULL,'2022-10-01 09:13:45','2022-10-01 09:13:45',NULL),(511,193,3,40994,41145,57,152176,1,0,'2022-09-07',9396.26,1,1.00,'Nota de crédito A N°: 0128-00335240',NULL,'2022-10-01 09:13:45','2022-10-01 09:50:23','2022-10-01 09:50:23'),(512,193,3,40994,41149,57,152176,2,0,'2022-09-09',24479.99,1,1.00,'Factura A N°: 0006-00037451',NULL,'2022-10-01 09:13:45','2022-10-01 09:43:11','2022-10-01 09:43:11'),(513,193,3,40994,41150,57,152176,2,0,'2022-09-12',153660.00,1,1.00,'Factura A N°: 2014-00025940',NULL,'2022-10-01 09:13:45','2022-10-01 09:53:59','2022-10-01 09:53:59'),(514,193,3,40994,41147,57,152176,2,0,'2022-09-12',51649.60,1,1.00,'Factura A N°: 0011-00008879',NULL,'2022-10-01 09:13:45','2022-10-01 09:13:45',NULL),(515,193,3,40994,41151,57,152176,2,0,'2022-09-12',75619.84,1,1.00,'Factura A N°: 0056-00411906',NULL,'2022-10-01 09:13:45','2022-10-01 09:45:42','2022-10-01 09:45:42'),(516,193,3,40994,41152,57,152176,2,0,'2022-09-15',88570.21,1,1.00,'Factura A N°: 0418-00501977',NULL,'2022-10-01 09:13:45','2022-10-28 08:11:46','2022-10-28 08:11:46'),(517,193,3,40994,41145,57,152176,1,0,'2022-09-15',11299.39,1,1.00,'Nota de crédito A N°: 0128-00335866',NULL,'2022-10-01 09:13:45','2022-10-01 09:51:00','2022-10-01 09:51:00'),(518,193,3,40994,41145,57,152176,1,0,'2022-09-15',2632.43,1,1.00,'Nota de crédito A N°: 0128-00335875',NULL,'2022-10-01 09:13:45','2022-10-01 09:50:48','2022-10-01 09:50:48'),(519,193,3,40994,41145,57,152176,2,0,'2022-09-20',29530.13,1,1.00,'Factura A N°: 0154-00158352',NULL,'2022-10-01 09:13:45','2022-10-28 08:13:46','2022-10-28 08:13:46'),(520,193,3,40994,41145,57,152176,2,0,'2022-09-20',61697.40,1,1.00,'Factura A N°: 0154-00158429',NULL,'2022-10-01 09:13:45','2022-10-01 09:34:59','2022-10-01 09:34:59'),(521,193,3,40994,41153,57,152176,2,0,'2022-09-20',47412.64,1,1.00,'Factura A N°: 0004-00025698',NULL,'2022-10-01 09:13:45','2022-10-28 08:12:32','2022-10-28 08:12:32'),(522,193,3,40994,41151,57,152176,2,0,'2022-09-21',348819.15,1,1.00,'Factura A N°: 0056-00413547',NULL,'2022-10-01 09:13:46','2022-10-01 09:45:19','2022-10-01 09:45:19'),(523,193,3,40994,41145,57,152176,2,0,'2022-09-22',29482.26,1,1.00,'Factura A N°: 0154-00158532',NULL,'2022-10-01 09:13:46','2022-10-28 08:16:15','2022-10-28 08:16:15'),(524,193,3,40994,1297,57,152176,2,0,'2022-09-22',30827.15,1,1.00,'Factura A N°: 0029-00593876',NULL,'2022-10-01 09:13:46','2022-10-01 09:13:46',NULL),(525,193,3,40994,1297,57,152176,2,0,'2022-09-22',43701.68,1,1.00,'Factura A N°: 0011-01982705',NULL,'2022-10-01 09:13:46','2022-10-01 09:13:46',NULL);
INSERT INTO `cta_cte_cliente` VALUES (526,193,3,40994,41154,57,152176,2,0,'2022-09-23',434138.34,1,1.00,'Factura A N°: 0003-00003160',NULL,'2022-10-01 09:13:46','2022-10-01 09:32:23','2022-10-01 09:32:23'),(527,193,3,40994,41155,57,152176,2,0,'2022-09-28',1163292.64,1,1.00,'Factura A N°: 0701-00266952',NULL,'2022-10-01 09:13:46','2022-10-01 09:13:46',NULL),(528,193,3,40994,41148,57,152176,1,0,'2022-09-29',23115.01,1,1.00,'Nota de crédito A N°: 0002-00003228',NULL,'2022-10-01 09:13:46','2022-10-01 09:31:22','2022-10-01 09:31:22'),(529,193,3,40994,41153,57,152176,2,0,'2022-09-29',51691.51,1,1.00,'Factura A N°: 0004-00025931',NULL,'2022-10-01 09:13:46','2022-10-01 09:30:19','2022-10-01 09:30:19'),(530,193,3,40994,41151,57,152176,2,0,'2022-09-30',774407.59,1,1.00,'Factura A N°: 0056-00414815',NULL,'2022-10-01 09:13:46','2022-10-01 09:29:29','2022-10-01 09:29:29'),(531,193,3,40994,41149,57,152176,1,0,'2022-09-30',2589.34,1,1.00,'Nota de crédito A N°: 0006-00016962',NULL,'2022-10-01 09:13:46','2022-10-01 09:42:02','2022-10-01 09:42:02'),(532,193,2,40994,41156,13,152176,1,0,'2022-09-02',16000.00,1,1.00,'Factura B N°: 0001-00000046',NULL,'2022-10-01 09:16:12','2022-10-01 09:16:12',NULL),(533,193,2,40994,41157,13,152176,1,0,'2022-09-02',13500.00,1,1.00,'Factura B N°: 0001-00000047',NULL,'2022-10-01 09:16:12','2022-10-01 09:16:12',NULL),(534,193,2,40994,41158,13,152176,1,0,'2022-09-02',19000.00,1,1.00,'Factura B N°: 0001-00000048',NULL,'2022-10-01 09:16:12','2022-10-01 09:16:12',NULL),(535,193,2,40994,41159,13,152176,1,0,'2022-09-02',21600.00,1,1.00,'Factura B N°: 0001-00000049',NULL,'2022-10-01 09:16:13','2022-10-01 09:16:13',NULL),(536,193,2,40994,1989,13,152176,1,0,'2022-09-02',4398.00,1,1.00,'Factura B N°: 0001-00000050',NULL,'2022-10-01 09:16:13','2022-10-01 09:16:13',NULL),(537,193,2,40994,41160,13,152176,1,0,'2022-09-05',641500.00,1,1.00,'Factura A N°: 0001-00000033',NULL,'2022-10-01 09:16:13','2022-10-01 09:21:21','2022-10-01 09:21:21'),(538,193,2,40994,41161,13,152176,1,0,'2022-09-07',523500.00,1,1.00,'Factura A N°: 0001-00000034',NULL,'2022-10-01 09:16:13','2022-10-01 09:16:13',NULL),(539,193,2,40994,41162,13,152176,1,0,'2022-09-07',11107.80,1,1.00,'Factura A N°: 0001-00000035',NULL,'2022-10-01 09:16:13','2022-10-01 09:25:44','2022-10-01 09:25:44'),(540,193,2,40994,41163,13,152176,1,0,'2022-09-08',5500.00,1,1.00,'Factura B N°: 0001-00000051',NULL,'2022-10-01 09:16:13','2022-10-01 09:16:13',NULL),(541,193,2,40994,41164,13,152176,1,0,'2022-09-08',20100.00,1,1.00,'Factura B N°: 0001-00000052',NULL,'2022-10-01 09:16:13','2022-10-01 09:16:13',NULL),(542,193,2,40994,41165,13,152176,1,0,'2022-09-12',288320.01,1,1.00,'Factura A N°: 0001-00000036',NULL,'2022-10-01 09:16:13','2022-10-01 09:25:23','2022-10-01 09:25:23'),(543,193,2,40994,41166,13,152176,1,0,'2022-09-13',305000.01,1,1.00,'Factura A N°: 0001-00000037',NULL,'2022-10-01 09:16:13','2022-10-01 09:24:59','2022-10-01 09:24:59'),(544,193,2,40994,41166,13,152176,1,0,'2022-09-13',152500.00,1,1.00,'Factura A N°: 0001-00000038',NULL,'2022-10-01 09:16:13','2022-10-01 09:24:29','2022-10-01 09:24:29'),(545,193,2,40994,41166,13,152176,1,0,'2022-09-13',152500.00,1,1.00,'Factura A N°: 0001-00000039',NULL,'2022-10-01 09:16:13','2022-10-01 09:24:45','2022-10-01 09:24:45'),(546,193,2,40994,41167,13,152176,1,0,'2022-09-14',6000.00,1,1.00,'Factura B N°: 0001-00000053',NULL,'2022-10-01 09:16:13','2022-10-01 09:16:13',NULL),(547,193,2,40994,41168,13,152176,1,0,'2022-09-19',318000.01,1,1.00,'Factura A N°: 0001-00000040',NULL,'2022-10-01 09:16:13','2022-10-01 09:16:13',NULL),(548,193,2,40994,41169,13,152176,1,0,'2022-09-19',269950.77,1,1.00,'Factura B N°: 0001-00000054',NULL,'2022-10-01 09:16:13','2022-10-01 09:16:13',NULL),(549,193,2,40994,41170,13,152176,1,0,'2022-09-29',73230.00,1,1.00,'Factura B N°: 0001-00000055',NULL,'2022-10-01 09:16:13','2022-10-01 09:16:13',NULL),(550,193,2,40994,41171,13,152176,1,0,'2022-09-29',27440.53,1,1.00,'Factura B N°: 0001-00000056',NULL,'2022-10-01 09:16:13','2022-10-01 09:16:13',NULL);
INSERT INTO `cta_cte_cliente` VALUES (551,193,2,40994,41172,13,152176,1,0,'2022-09-29',41980.64,1,1.00,'Factura B N°: 0001-00000057',NULL,'2022-10-01 09:16:13','2022-10-01 09:23:57','2022-10-01 09:23:57'),(552,193,2,40994,41173,13,152176,1,0,'2022-09-29',37100.00,1,1.00,'Factura B N°: 0001-00000058',NULL,'2022-10-01 09:16:13','2022-10-01 09:16:13',NULL),(553,193,2,40994,41156,13,152176,1,0,'2022-09-29',16998.05,1,1.00,'Factura B N°: 0001-00000059',NULL,'2022-10-01 09:16:13','2022-10-01 09:16:13',NULL),(554,193,2,40994,41174,13,152176,1,0,'2022-09-29',2600.00,1,1.00,'Factura B N°: 0001-00000060',NULL,'2022-10-01 09:16:13','2022-10-01 09:16:13',NULL),(555,193,2,40994,41175,13,152176,1,0,'2022-09-29',48000.00,1,1.00,'Factura B N°: 0001-00000061',NULL,'2022-10-01 09:16:13','2022-10-01 09:16:13',NULL),(556,193,2,40994,41160,13,152176,1,0,'2022-09-05',641500.00,1,1.00,'Factura A N°: 0001-00000033',NULL,'2022-10-01 09:21:21','2022-10-01 09:21:21',NULL),(557,193,2,40994,41172,13,152176,1,0,'2022-09-29',41980.64,1,1.00,'Factura B N°: 0001-00000057',NULL,'2022-10-01 09:23:57','2022-10-01 09:23:57',NULL),(558,193,2,40994,41166,13,152176,1,0,'2022-09-13',152500.00,1,1.00,'Factura A N°: 0001-00000038',NULL,'2022-10-01 09:24:29','2022-10-01 09:24:29',NULL),(559,193,2,40994,41166,13,152176,1,0,'2022-09-13',152500.00,1,1.00,'Factura A N°: 0001-00000039',NULL,'2022-10-01 09:24:45','2022-10-01 09:24:45',NULL),(560,193,2,40994,41166,13,152176,1,0,'2022-09-13',305000.01,1,1.00,'Factura A N°: 0001-00000037',NULL,'2022-10-01 09:24:59','2022-10-01 09:24:59',NULL),(561,193,2,40994,41165,13,152176,1,0,'2022-09-12',288320.01,1,1.00,'Factura A N°: 0001-00000036',NULL,'2022-10-01 09:25:23','2022-10-01 09:25:23',NULL),(562,193,2,40994,41162,13,152176,1,0,'2022-09-07',11107.80,1,1.00,'Factura A N°: 0001-00000035',NULL,'2022-10-01 09:25:44','2022-10-01 09:25:44',NULL),(563,193,3,40994,41151,57,152176,2,0,'2022-09-30',774407.59,1,1.00,'Factura A N°: 0056-00414815',NULL,'2022-10-01 09:29:29','2022-10-01 09:45:06','2022-10-01 09:45:06'),(564,193,3,40994,41153,57,152176,2,0,'2022-09-29',51691.51,1,1.00,'Factura A N°: 0004-00025931',NULL,'2022-10-01 09:30:19','2022-10-01 09:47:07','2022-10-01 09:47:07'),(565,193,3,40994,41148,57,152176,1,0,'2022-09-29',23115.01,1,1.00,'Nota de crédito A N°: 0002-00003228',NULL,'2022-10-01 09:31:22','2022-10-01 09:31:22',NULL),(566,193,3,40994,41154,57,152176,2,0,'2022-09-23',434138.34,1,1.00,'Factura A N°: 0003-00003160',NULL,'2022-10-01 09:32:23','2022-10-01 09:49:26','2022-10-01 09:49:26'),(567,193,3,40994,41145,57,152176,2,0,'2022-09-20',61697.40,1,1.00,'Factura A N°: 0154-00158429',NULL,'2022-10-01 09:34:59','2022-10-28 08:15:13','2022-10-28 08:15:13'),(568,193,3,40994,41145,57,152176,2,0,'2022-09-01',26324.25,1,1.00,'Factura A N°: 0154-00156287',NULL,'2022-10-01 09:37:21','2022-10-01 09:37:21',NULL),(569,193,3,40994,41149,57,152176,1,0,'2022-09-30',2589.34,1,1.00,'Nota de crédito A N°: 0006-00016962',NULL,'2022-10-01 09:42:02','2022-10-01 09:42:02',NULL),(570,193,3,40994,41149,57,152176,2,0,'2022-09-09',24479.99,1,1.00,'Factura A N°: 0006-00037451',NULL,'2022-10-01 09:43:11','2022-10-01 09:43:11',NULL),(571,193,3,40994,41151,57,152176,2,0,'2022-09-30',774407.59,1,1.00,'Factura A N°: 0056-00414815',NULL,'2022-10-01 09:45:06','2022-10-28 08:04:46','2022-10-28 08:04:46'),(572,193,3,40994,41151,57,152176,2,0,'2022-09-21',348819.15,1,1.00,'Factura A N°: 0056-00413547',NULL,'2022-10-01 09:45:19','2022-10-01 09:45:27','2022-10-01 09:45:27'),(573,193,3,40994,41151,57,152176,2,0,'2022-09-21',348819.15,1,1.00,'Factura A N°: 0056-00413547',NULL,'2022-10-01 09:45:27','2022-10-01 09:45:27',NULL),(574,193,3,40994,41151,57,152176,2,0,'2022-09-12',75619.84,1,1.00,'Factura A N°: 0056-00411906',NULL,'2022-10-01 09:45:42','2022-10-01 09:45:58','2022-10-01 09:45:58'),(575,193,3,40994,41151,57,152176,2,0,'2022-09-12',75619.84,1,1.00,'Factura A N°: 0056-00411906',NULL,'2022-10-01 09:45:58','2022-10-28 08:09:59','2022-10-28 08:09:59');
INSERT INTO `cta_cte_cliente` VALUES (576,193,3,40994,41153,57,152176,2,0,'2022-09-29',51691.51,1,1.00,'Factura A N°: 0004-00025931',NULL,'2022-10-01 09:47:07','2022-10-01 09:47:07',NULL),(577,193,3,40994,41148,57,152176,1,0,'2022-09-02',25446.60,1,1.00,'Nota de crédito A N°: 0002-00002950',NULL,'2022-10-01 09:47:51','2022-10-01 09:48:04','2022-10-01 09:48:04'),(578,193,3,40994,41148,57,152176,1,0,'2022-09-02',25446.60,1,1.00,'Nota de crédito A N°: 0002-00002950',NULL,'2022-10-01 09:48:04','2022-10-01 09:48:04',NULL),(579,193,3,40994,41154,57,152176,2,0,'2022-09-23',434138.34,1,1.00,'Factura A N°: 0003-00003160',NULL,'2022-10-01 09:49:26','2022-10-01 09:49:26',NULL),(580,193,3,40994,41145,57,152176,1,0,'2022-09-07',9396.26,1,1.00,'Nota de crédito A N°: 0128-00335240',NULL,'2022-10-01 09:50:23','2022-10-01 09:50:23',NULL),(581,193,3,40994,41145,57,152176,1,0,'2022-09-15',2632.43,1,1.00,'Nota de crédito A N°: 0128-00335875',NULL,'2022-10-01 09:50:48','2022-10-01 09:50:48',NULL),(582,193,3,40994,41145,57,152176,1,0,'2022-09-15',11299.39,1,1.00,'Nota de crédito A N°: 0128-00335866',NULL,'2022-10-01 09:51:00','2022-10-01 09:51:00',NULL),(583,193,3,40994,41150,57,152176,2,0,'2022-09-12',153659.99,1,1.00,'Factura A N°: 2014-00025940',NULL,'2022-10-01 09:53:59','2022-10-01 09:53:59',NULL),(584,193,3,40994,41146,57,152176,2,0,'2022-09-01',12100.00,1,1.00,'Factura A N°: 0002-00000326',NULL,'2022-10-01 09:54:49','2022-10-01 09:54:49',NULL),(585,193,20,40852,1989,13,100733,2,0,'2022-09-30',12960.00,1,1.00,NULL,NULL,'2022-10-01 10:25:12','2022-10-26 16:53:07','2022-10-26 16:53:07'),(586,193,2,40852,1989,13,100733,1,0,'2022-09-30',12960.00,1,1.00,'Tique (Informe Diario Z) N°: 5004-07867639',NULL,'2022-10-01 10:25:12','2022-10-26 16:53:07','2022-10-26 16:53:07'),(587,193,3,40852,1989,57,100734,2,0,'2022-10-01',980.00,1,1.00,'Tique (Informe Diario Z) N°: 0001-00000004',NULL,'2022-10-01 11:21:23','2022-10-01 11:22:40','2022-10-01 11:22:40'),(588,193,21,40852,1989,57,100734,1,0,'2022-10-01',980.00,1,1.00,NULL,NULL,'2022-10-01 11:22:40','2022-10-26 16:51:26','2022-10-26 16:51:26'),(589,193,3,40852,1989,57,100734,2,0,'2022-10-01',980.00,1,1.00,'Tique (Informe Diario Z) N°: 0001-00000004',NULL,'2022-10-01 11:22:40','2022-10-26 16:51:26','2022-10-26 16:51:26'),(590,193,3,40753,40972,57,27781,2,0,'2022-09-06',100000.00,1,1.00,'Factura C N°: 0002-00000062',NULL,'2022-10-01 19:01:17','2022-10-08 08:44:39','2022-10-08 08:44:39'),(591,193,3,40753,41176,57,27781,2,0,'2022-09-12',22187.75,1,1.00,'Factura A N°: 0024-00000347',NULL,'2022-10-01 19:01:17','2022-10-08 08:45:18','2022-10-08 08:45:18'),(592,193,3,40753,40970,57,27781,2,0,'2022-09-13',1500.00,1,1.00,'Factura B N°: 0014-00955915',NULL,'2022-10-01 19:01:17','2022-10-08 08:43:05','2022-10-08 08:43:05'),(593,193,3,40753,41177,57,27781,2,0,'2022-09-13',4922.47,1,1.00,'Factura A N°: 0008-00007114',NULL,'2022-10-01 19:01:17','2022-10-08 08:50:52','2022-10-08 08:50:52'),(594,193,3,40753,33650,57,27781,2,0,'2022-09-13',10400.10,1,1.00,'Factura A N°: 0004-00001197',NULL,'2022-10-01 19:01:17','2022-10-08 08:30:42','2022-10-08 08:30:42'),(595,193,3,40753,40974,57,27781,2,0,'2022-09-16',50000.00,1,1.00,'Factura C N°: 0002-00000035',NULL,'2022-10-01 19:01:17','2022-10-08 09:01:04','2022-10-08 09:01:04'),(596,193,3,40753,40978,57,27781,2,0,'2022-09-17',40000.00,1,1.00,'Factura C N°: 0001-00000007',NULL,'2022-10-01 19:01:17','2022-10-08 09:00:48','2022-10-08 09:00:48'),(597,193,3,40753,40975,57,27781,2,0,'2022-09-19',51000.00,1,1.00,'Factura C N°: 0001-00000137',NULL,'2022-10-01 19:01:17','2022-10-08 09:00:39','2022-10-08 09:00:39'),(598,193,3,40753,40975,57,27781,2,0,'2022-09-19',17000.00,1,1.00,'Factura C N°: 0001-00000138',NULL,'2022-10-01 19:01:17','2022-10-08 09:00:29','2022-10-08 09:00:29'),(599,193,3,40753,40975,57,27781,2,0,'2022-09-19',32000.00,1,1.00,'Factura C N°: 0001-00000141',NULL,'2022-10-01 19:01:17','2022-10-08 09:00:17','2022-10-08 09:00:17');
INSERT INTO `cta_cte_cliente` VALUES (600,193,3,40753,40975,57,27781,2,0,'2022-09-19',25250.00,1,1.00,'Factura C N°: 0001-00000139',NULL,'2022-10-01 19:01:17','2022-10-08 09:00:04','2022-10-08 09:00:04'),(601,193,3,40753,40975,57,27781,2,0,'2022-09-19',15000.00,1,1.00,'Factura C N°: 0001-00000135',NULL,'2022-10-01 19:01:18','2022-10-08 08:59:53','2022-10-08 08:59:53'),(602,193,3,40753,40975,57,27781,2,0,'2022-09-19',16500.00,1,1.00,'Factura C N°: 0001-00000140',NULL,'2022-10-01 19:01:18','2022-10-08 08:34:59','2022-10-08 08:34:59'),(603,193,3,40753,40975,57,27781,2,0,'2022-09-19',15000.00,1,1.00,'Factura C N°: 0001-00000134',NULL,'2022-10-01 19:01:18','2022-10-08 08:35:11','2022-10-08 08:35:11'),(604,193,3,40753,40975,57,27781,2,0,'2022-09-19',30000.00,1,1.00,'Factura C N°: 0001-00000136',NULL,'2022-10-01 19:01:18','2022-10-08 08:37:04','2022-10-08 08:37:04'),(605,193,3,40753,40975,57,27781,2,0,'2022-09-20',8000.00,1,1.00,'Factura C N°: 0001-00000156',NULL,'2022-10-01 19:01:18','2022-10-08 08:37:14','2022-10-08 08:37:14'),(606,193,3,40753,40975,57,27781,2,0,'2022-09-20',4000.00,1,1.00,'Factura C N°: 0001-00000149',NULL,'2022-10-01 19:01:18','2022-10-08 08:37:30','2022-10-08 08:37:30'),(607,193,3,40753,40975,57,27781,2,0,'2022-09-20',12000.00,1,1.00,'Factura C N°: 0001-00000146',NULL,'2022-10-01 19:01:18','2022-10-08 08:59:32','2022-10-08 08:59:32'),(608,193,3,40753,40975,57,27781,2,0,'2022-09-20',8000.00,1,1.00,'Factura C N°: 0001-00000152',NULL,'2022-10-01 19:01:18','2022-10-08 08:59:19','2022-10-08 08:59:19'),(609,193,3,40753,40975,57,27781,2,0,'2022-09-20',8000.00,1,1.00,'Factura C N°: 0001-00000153',NULL,'2022-10-01 19:01:18','2022-10-08 08:59:08','2022-10-08 08:59:08'),(610,193,3,40753,40975,57,27781,2,0,'2022-09-20',4000.00,1,1.00,'Factura C N°: 0001-00000157',NULL,'2022-10-01 19:01:18','2022-10-08 08:58:57','2022-10-08 08:58:57'),(611,193,3,40753,40975,57,27781,2,0,'2022-09-20',8000.00,1,1.00,'Factura C N°: 0001-00000147',NULL,'2022-10-01 19:01:18','2022-10-08 08:58:46','2022-10-08 08:58:46'),(612,193,3,40753,40975,57,27781,2,0,'2022-09-20',9000.00,1,1.00,'Factura C N°: 0001-00000145',NULL,'2022-10-01 19:01:18','2022-10-08 08:34:34','2022-10-08 08:34:34'),(613,193,3,40753,40975,57,27781,2,0,'2022-09-20',8000.00,1,1.00,'Factura C N°: 0001-00000151',NULL,'2022-10-01 19:01:18','2022-10-08 08:34:25','2022-10-08 08:34:25'),(614,193,3,40753,40975,57,27781,2,0,'2022-09-20',8000.00,1,1.00,'Factura C N°: 0001-00000155',NULL,'2022-10-01 19:01:18','2022-10-08 08:34:15','2022-10-08 08:34:15'),(615,193,3,40753,40975,57,27781,2,0,'2022-09-20',8000.00,1,1.00,'Factura C N°: 0001-00000148',NULL,'2022-10-01 19:01:18','2022-10-08 08:34:01','2022-10-08 08:34:01'),(616,193,3,40753,40975,57,27781,2,0,'2022-09-20',8000.00,1,1.00,'Factura C N°: 0001-00000154',NULL,'2022-10-01 19:01:18','2022-10-08 08:33:52','2022-10-08 08:33:52'),(617,193,3,40753,40975,57,27781,2,0,'2022-09-20',40000.00,1,1.00,'Factura C N°: 0001-00000150',NULL,'2022-10-01 19:01:18','2022-10-08 08:33:43','2022-10-08 08:33:43'),(618,193,3,40753,40977,57,27781,2,0,'2022-09-23',8197.39,1,1.00,'Factura A N°: 0005-00003197',NULL,'2022-10-01 19:01:18','2022-10-08 08:32:50','2022-10-08 08:32:50'),(619,193,3,40753,40977,57,27781,2,0,'2022-09-24',5537.79,1,1.00,'Factura A N°: 0005-00003202',NULL,'2022-10-01 19:01:18','2022-10-08 08:33:25','2022-10-08 08:33:25'),(620,193,3,40753,41178,57,27781,2,0,'2022-09-29',116400.06,1,1.00,'Factura A N°: 0010-00010610',NULL,'2022-10-01 19:01:18','2022-10-08 08:33:17','2022-10-08 08:33:17'),(621,193,3,40753,40977,57,27781,2,0,'2022-09-30',4440.32,1,1.00,'Factura A N°: 0005-00003256',NULL,'2022-10-01 19:01:19','2022-10-08 08:52:22','2022-10-08 08:52:22'),(622,193,2,40778,40921,13,45435,1,0,'2022-09-01',7000.00,1,1.00,'Factura C N°: 0001-00000186',NULL,'2022-10-03 08:21:45','2022-10-03 08:21:45',NULL),(623,193,2,40873,41142,13,103780,1,0,'2022-10-01',20000.00,1,1.00,'Factura C N°: 0003-00000016',NULL,'2022-10-03 09:20:27','2022-10-03 09:20:27',NULL);
INSERT INTO `cta_cte_cliente` VALUES (624,193,2,40873,40881,13,103780,1,0,'2022-10-01',10000.00,1,1.00,'Factura C N°: 0003-00000017',NULL,'2022-10-03 09:23:49','2022-10-03 09:23:49',NULL),(625,193,2,40873,40882,13,103780,1,0,'2022-10-01',10000.00,1,1.00,'Factura C N°: 0003-00000018',NULL,'2022-10-03 09:26:53','2022-10-03 09:26:53',NULL),(626,193,2,40873,40886,13,103780,1,0,'2022-10-01',10000.00,1,1.00,'Factura C N°: 0003-00000019',NULL,'2022-10-03 09:29:35','2022-10-03 09:29:35',NULL),(627,193,2,40873,40888,13,103780,1,0,'2022-10-01',8000.00,1,1.00,'Factura C N°: 0003-00000020',NULL,'2022-10-03 09:33:06','2022-10-03 09:33:06',NULL),(628,193,2,40873,40889,13,103780,1,0,'2022-10-01',10000.00,1,1.00,'Factura C N°: 0003-00000021',NULL,'2022-10-03 09:35:50','2022-10-03 09:35:50',NULL),(629,193,2,40873,41179,13,103780,1,0,'2022-10-01',15000.00,1,1.00,'Factura C N°: 0003-00000022',NULL,'2022-10-03 09:42:16','2022-10-03 09:42:16',NULL),(630,193,2,40873,41180,13,103780,1,0,'2022-10-01',15000.00,1,1.00,'Factura C N°: 0003-00000023',NULL,'2022-10-03 09:44:36','2022-10-03 09:44:36',NULL),(631,193,2,40873,41181,13,103780,1,0,'2022-10-01',15000.00,1,1.00,'Factura C N°: 0003-00000024',NULL,'2022-10-03 09:51:32','2022-10-03 09:51:32',NULL),(632,193,2,40873,41182,13,103780,1,0,'2022-10-01',15000.00,1,1.00,'Factura C N°: 0003-00000025',NULL,'2022-10-03 09:56:13','2022-10-03 09:56:13',NULL),(633,193,2,40873,41183,13,103780,1,0,'2022-10-01',20000.00,1,1.00,'Factura C N°: 0003-00000026',NULL,'2022-10-03 09:58:37','2022-10-03 09:58:37',NULL),(634,193,2,40873,41184,13,103780,1,0,'2022-10-01',11200.00,1,1.00,'Factura C N°: 0003-00000027',NULL,'2022-10-03 10:00:37','2022-10-03 10:00:37',NULL),(635,193,2,40873,41139,13,103780,1,0,'2022-10-01',20000.00,1,1.00,'Factura C N°: 0003-00000028',NULL,'2022-10-03 10:02:18','2022-10-03 10:02:18',NULL),(636,193,2,40873,41142,13,103780,1,0,'2022-10-01',20000.00,1,1.00,'Factura C N°: 0003-00000029',NULL,'2022-10-03 10:04:16','2022-10-03 10:04:16',NULL),(637,193,2,40873,40893,13,103780,1,0,'2022-10-01',7500.00,1,1.00,'Factura C N°: 0003-00000030',NULL,'2022-10-03 10:06:56','2022-10-03 10:06:56',NULL),(638,193,2,40873,40892,13,103780,1,0,'2022-10-01',7500.00,1,1.00,'Factura C N°: 0003-00000031',NULL,'2022-10-03 10:09:48','2022-10-03 10:09:48',NULL),(639,193,2,40873,39832,13,103780,1,0,'2022-10-01',15000.00,1,1.00,'Factura C N°: 0003-00000032',NULL,'2022-10-03 10:21:49','2022-10-03 10:21:49',NULL),(640,193,2,40852,1989,13,100734,1,0,'2022-10-03',40700.00,1,1.00,'Tique (Informe Diario Z) N°: 0003-00000001',NULL,'2022-10-03 10:53:31','2022-10-03 10:54:18','2022-10-03 10:54:18'),(641,193,20,40852,1989,13,100734,2,0,'2022-10-03',40700.00,1,1.00,NULL,NULL,'2022-10-03 10:54:18','2022-10-26 16:51:36','2022-10-26 16:51:36'),(642,193,2,40852,1989,13,100734,1,0,'2022-10-03',40700.00,1,1.00,'Tique (Informe Diario Z) N°: 0003-00000001',NULL,'2022-10-03 10:54:18','2022-10-26 16:51:36','2022-10-26 16:51:36'),(643,193,2,40852,1989,13,100734,1,0,'2022-10-03',17280.00,1,1.00,'Tique (Informe Diario Z) N°: 0003-00000002',NULL,'2022-10-03 10:56:59','2022-10-03 10:57:26','2022-10-03 10:57:26'),(644,193,20,40852,1989,13,100734,2,0,'2022-10-03',17280.00,1,1.00,NULL,NULL,'2022-10-03 10:57:26','2022-10-26 16:51:45','2022-10-26 16:51:45'),(645,193,2,40852,1989,13,100734,1,0,'2022-10-03',17280.00,1,1.00,'Tique (Informe Diario Z) N°: 0003-00000002',NULL,'2022-10-03 10:57:26','2022-10-26 16:51:45','2022-10-26 16:51:45'),(646,193,2,40852,1989,13,100734,1,0,'2022-10-03',33120.00,1,1.00,'Tique (Informe Diario Z) N°: 0003-00000003',NULL,'2022-10-03 10:59:15','2022-10-03 10:59:33','2022-10-03 10:59:33'),(647,193,2,40852,1989,13,100734,1,0,'2022-10-03',33120.00,1,1.00,'Tique (Informe Diario Z) N°: 0003-00000003',NULL,'2022-10-03 10:59:33','2022-10-03 10:59:59','2022-10-03 10:59:59'),(648,193,20,40852,1989,13,100734,2,0,'2022-10-03',33120.00,1,1.00,NULL,NULL,'2022-10-03 10:59:59','2022-10-26 16:52:01','2022-10-26 16:52:01');
INSERT INTO `cta_cte_cliente` VALUES (649,193,2,40852,1989,13,100734,1,0,'2022-10-03',33120.00,1,1.00,'Tique (Informe Diario Z) N°: 0003-00000003',NULL,'2022-10-03 10:59:59','2022-10-26 16:52:01','2022-10-26 16:52:01'),(650,193,2,40852,1989,13,100734,1,0,'2022-10-03',79520.00,1,1.00,'Tique (Informe Diario Z) N°: 0003-00000004',NULL,'2022-10-03 11:02:31','2022-10-03 11:03:00','2022-10-03 11:03:00'),(651,193,20,40852,1989,13,100734,2,0,'2022-10-03',79520.00,1,1.00,NULL,NULL,'2022-10-03 11:03:00','2022-10-26 16:52:10','2022-10-26 16:52:10'),(652,193,2,40852,1989,13,100734,1,0,'2022-10-03',79520.00,1,1.00,'Tique (Informe Diario Z) N°: 0003-00000004',NULL,'2022-10-03 11:03:00','2022-10-26 16:52:10','2022-10-26 16:52:10'),(653,193,2,40852,1989,13,100734,1,0,'2022-10-03',33120.00,1,1.00,'Tique (Informe Diario Z) N°: 0003-00000005',NULL,'2022-10-03 11:06:12','2022-10-03 11:07:15','2022-10-03 11:07:15'),(654,193,20,40852,1989,13,100734,2,0,'2022-10-03',33120.00,1,1.00,NULL,NULL,'2022-10-03 11:07:15','2022-10-21 10:13:57','2022-10-21 10:13:57'),(655,193,2,40852,1989,13,100734,1,0,'2022-10-03',33120.00,1,1.00,'Tique (Informe Diario Z) N°: 0003-00000005',NULL,'2022-10-03 11:07:15','2022-10-21 10:13:57','2022-10-21 10:13:57'),(656,193,2,40852,1989,13,100734,1,0,'2022-10-03',90720.00,1,1.00,'Tique (Informe Diario Z) N°: 0003-00000006',NULL,'2022-10-03 11:09:05','2022-10-03 11:09:29','2022-10-03 11:09:29'),(657,193,20,40852,1989,13,100734,2,0,'2022-10-03',90720.00,1,1.00,NULL,NULL,'2022-10-03 11:09:29','2022-10-26 16:52:21','2022-10-26 16:52:21'),(658,193,2,40852,1989,13,100734,1,0,'2022-10-03',90720.00,1,1.00,'Tique (Informe Diario Z) N°: 0003-00000006',NULL,'2022-10-03 11:09:29','2022-10-26 16:52:21','2022-10-26 16:52:21'),(659,193,2,40873,40891,13,103780,2,0,'2022-10-03',10000.00,1,1.00,'Nota de crédito C N°: 0003-00000001',NULL,'2022-10-03 19:14:46','2022-10-03 19:14:46',NULL),(660,193,2,40873,40891,13,103780,1,0,'2022-10-03',12000.00,1,1.00,'Factura C N°: 0003-00000033',NULL,'2022-10-03 19:16:11','2022-10-03 19:16:11',NULL),(661,193,2,40873,41181,13,103780,2,0,'2022-10-03',15000.00,1,1.00,'Nota de crédito C N°: 0003-00000002',NULL,'2022-10-03 19:22:54','2022-10-03 19:22:54',NULL),(662,193,2,40780,41188,13,47647,1,0,'2022-01-27',30000.00,1,1.00,'Factura C N°: 0003-00000034',NULL,'2022-10-04 07:16:36','2022-10-04 07:16:36',NULL),(663,193,2,40780,41189,13,47651,1,0,'2022-05-19',55000.00,1,1.00,'Factura C N°: 0003-00000038',NULL,'2022-10-04 07:20:35','2022-10-04 07:20:35',NULL),(664,193,2,40780,40935,13,47652,1,0,'2022-06-06',400000.00,1,1.00,'Factura C N°: 0003-00000039',NULL,'2022-10-04 07:22:12','2022-10-04 07:22:12',NULL),(665,193,2,40780,40935,13,47652,1,0,'2022-06-30',400000.00,1,1.00,'Factura C N°: 0003-00000040',NULL,'2022-10-04 07:22:12','2022-10-04 07:22:12',NULL),(666,193,2,40780,41190,13,47653,1,0,'2022-07-04',77000.00,1,1.00,'Factura C N°: 0003-00000041',NULL,'2022-10-04 07:23:40','2022-10-04 07:23:40',NULL),(667,193,2,40780,41189,13,47653,1,0,'2022-07-06',77000.00,1,1.00,'Factura C N°: 0003-00000042',NULL,'2022-10-04 07:23:40','2022-10-04 07:23:40',NULL),(668,193,2,40780,41190,13,47653,2,0,'2022-07-31',77000.00,1,1.00,'Nota de crédito C N°: 0003-00000001',NULL,'2022-10-04 07:23:40','2022-10-04 07:23:40',NULL),(669,193,2,40780,41124,13,47655,1,0,'2022-09-27',126379.00,1,1.00,'Factura C N°: 0003-00000046',NULL,'2022-10-04 07:26:53','2022-10-04 07:55:08','2022-10-04 07:55:08'),(670,193,2,40780,40936,13,47654,1,0,'2022-08-22',86000.00,1,1.00,'Factura C N°: 0003-00000044',NULL,'2022-10-04 07:30:33','2022-10-04 07:30:33',NULL),(671,193,2,40780,40938,13,47649,1,0,'2022-03-02',300860.00,1,1.00,'Factura C N°: 0003-00000035',NULL,'2022-10-04 07:32:13','2022-10-04 07:32:13',NULL),(672,193,2,40780,40935,13,47649,1,0,'2022-03-07',160000.00,1,1.00,'Factura C N°: 0003-00000036',NULL,'2022-10-04 07:32:13','2022-10-04 07:32:13',NULL),(673,193,2,40780,40935,13,47650,1,0,'2022-04-29',400000.00,1,1.00,'Factura C N°: 0003-00000037',NULL,'2022-10-04 07:33:41','2022-10-04 07:33:41',NULL);
INSERT INTO `cta_cte_cliente` VALUES (674,193,2,40780,40935,13,175243,1,0,'2021-11-15',160000.00,1,1.00,'Factura C N°: 0003-00000032',NULL,'2022-10-04 07:46:06','2022-10-04 07:46:06',NULL),(675,193,2,40780,40935,13,175243,1,0,'2021-10-05',160000.00,1,1.00,'Factura C N°: 0003-00000030',NULL,'2022-10-04 07:46:35','2022-10-04 07:49:42','2022-10-04 07:49:42'),(676,193,2,40780,40935,13,175243,1,0,'2021-10-22',160000.00,1,1.00,'Factura C N°: 0003-00000031',NULL,'2022-10-04 07:46:35','2022-10-04 07:49:47','2022-10-04 07:49:47'),(677,193,2,40780,41124,13,47655,1,0,'2022-09-27',159379.00,1,1.00,'Factura C N°: 0003-00000046',NULL,'2022-10-04 07:55:08','2022-10-04 18:51:32','2022-10-04 18:51:32'),(678,193,2,40873,41139,13,103780,2,0,'2022-10-04',20000.00,1,1.00,'Nota de crédito C N°: 0003-00000003',NULL,'2022-10-04 10:16:27','2022-10-04 10:16:27',NULL),(679,193,2,40873,41142,13,103780,2,0,'2022-10-04',20000.00,1,1.00,'Nota de crédito C N°: 0003-00000004',NULL,'2022-10-04 10:20:10','2022-10-04 10:20:10',NULL),(680,193,2,40873,41142,13,103780,2,0,'2022-10-04',20000.00,1,1.00,'Nota de crédito C N°: 0003-00000005',NULL,'2022-10-04 10:23:34','2022-10-04 10:23:34',NULL),(681,193,2,40922,1989,13,109756,1,0,'2022-09-01',5000.00,1,1.00,'Factura C N°: 0005-00001234',NULL,'2022-10-04 15:37:13','2022-10-04 15:37:13',NULL),(682,193,2,40922,1989,13,109756,1,0,'2022-09-01',5000.00,1,1.00,'Factura C N°: 0005-00001235',NULL,'2022-10-04 15:37:13','2022-10-04 15:37:13',NULL),(683,193,2,40922,41191,13,109756,1,0,'2022-09-02',5000.00,1,1.00,'Factura C N°: 0005-00001236',NULL,'2022-10-04 15:37:14','2022-10-04 15:37:14',NULL),(684,193,2,40922,41192,13,109756,1,0,'2022-09-02',3000.00,1,1.00,'Factura C N°: 0005-00001237',NULL,'2022-10-04 15:37:14','2022-10-04 15:37:14',NULL),(685,193,2,40922,41193,13,109756,1,0,'2022-09-05',75000.00,1,1.00,'Factura C N°: 0005-00001238',NULL,'2022-10-04 15:37:14','2022-10-04 15:37:14',NULL),(686,193,2,40922,41194,13,109756,1,0,'2022-09-06',3000.00,1,1.00,'Factura C N°: 0005-00001239',NULL,'2022-10-04 15:37:14','2022-10-04 15:37:14',NULL),(687,193,2,40922,41194,13,109756,1,0,'2022-09-06',25000.00,1,1.00,'Factura C N°: 0005-00001240',NULL,'2022-10-04 15:37:14','2022-10-04 15:37:14',NULL),(688,193,2,40922,41194,13,109756,1,0,'2022-09-06',45000.00,1,1.00,'Factura C N°: 0005-00001241',NULL,'2022-10-04 15:37:14','2022-10-04 15:37:14',NULL),(689,193,2,40922,41194,13,109756,1,0,'2022-09-06',8000.00,1,1.00,'Factura C N°: 0005-00001242',NULL,'2022-10-04 15:37:15','2022-10-04 15:37:15',NULL),(690,193,2,40922,1989,13,109756,1,0,'2022-09-12',5000.00,1,1.00,'Factura C N°: 0005-00001243',NULL,'2022-10-04 15:37:15','2022-10-04 15:37:15',NULL),(691,193,2,40922,1989,13,109756,1,0,'2022-09-12',6000.00,1,1.00,'Factura C N°: 0005-00001244',NULL,'2022-10-04 15:37:15','2022-10-04 15:37:15',NULL),(692,193,2,40922,1989,13,109756,1,0,'2022-09-12',16000.00,1,1.00,'Factura C N°: 0005-00001245',NULL,'2022-10-04 15:37:15','2022-10-04 15:37:15',NULL),(693,193,2,40922,41195,13,109756,1,0,'2022-09-12',5000.00,1,1.00,'Factura C N°: 0005-00001246',NULL,'2022-10-04 15:37:15','2022-10-04 15:37:15',NULL),(694,193,2,40922,1989,13,109756,1,0,'2022-09-13',5000.00,1,1.00,'Factura C N°: 0005-00001247',NULL,'2022-10-04 15:37:15','2022-10-04 15:37:15',NULL),(695,193,2,40922,1989,13,109756,1,0,'2022-09-13',2000.00,1,1.00,'Factura C N°: 0005-00001248',NULL,'2022-10-04 15:37:15','2022-10-04 15:37:15',NULL),(696,193,2,40922,1989,13,109756,1,0,'2022-09-13',5000.00,1,1.00,'Factura C N°: 0005-00001249',NULL,'2022-10-04 15:37:16','2022-10-04 15:37:16',NULL),(697,193,2,40922,41196,13,109756,1,0,'2022-09-14',35000.00,1,1.00,'Factura C N°: 0005-00001250',NULL,'2022-10-04 15:37:16','2022-10-04 15:37:16',NULL),(698,193,2,40922,1989,13,109756,1,0,'2022-09-16',2000.00,1,1.00,'Factura C N°: 0005-00001251',NULL,'2022-10-04 15:37:16','2022-10-04 15:37:16',NULL),(699,193,2,40922,1989,13,109756,1,0,'2022-09-16',5000.00,1,1.00,'Factura C N°: 0005-00001252',NULL,'2022-10-04 15:37:16','2022-10-04 15:37:16',NULL);
INSERT INTO `cta_cte_cliente` VALUES (700,193,2,40922,1989,13,109756,1,0,'2022-09-16',5000.00,1,1.00,'Factura C N°: 0005-00001253',NULL,'2022-10-04 15:37:16','2022-10-04 15:37:16',NULL),(701,193,2,40922,1989,13,109756,1,0,'2022-09-20',5000.00,1,1.00,'Factura C N°: 0005-00001254',NULL,'2022-10-04 15:37:16','2022-10-04 15:37:16',NULL),(702,193,2,40922,41197,13,109756,1,0,'2022-09-22',1200.00,1,1.00,'Factura C N°: 0005-00001255',NULL,'2022-10-04 15:37:16','2022-10-04 15:37:16',NULL),(703,193,2,40922,41197,13,109756,1,0,'2022-09-22',1200.00,1,1.00,'Factura C N°: 0005-00001256',NULL,'2022-10-04 15:37:16','2022-10-04 15:37:16',NULL),(704,193,2,40922,41198,13,109756,1,0,'2022-09-22',4000.00,1,1.00,'Factura C N°: 0005-00001257',NULL,'2022-10-04 15:37:16','2022-10-04 15:37:16',NULL),(705,193,2,40922,1989,13,109756,1,0,'2022-09-26',5000.00,1,1.00,'Factura C N°: 0005-00001258',NULL,'2022-10-04 15:37:16','2022-10-04 15:37:16',NULL),(706,193,2,40922,1989,13,109756,1,0,'2022-09-26',2000.00,1,1.00,'Factura C N°: 0005-00001259',NULL,'2022-10-04 15:37:17','2022-10-04 15:37:17',NULL),(707,193,2,40922,1989,13,109756,1,0,'2022-09-26',2000.00,1,1.00,'Factura C N°: 0005-00001260',NULL,'2022-10-04 15:37:17','2022-10-04 15:37:17',NULL),(708,193,2,40922,1989,13,109756,1,0,'2022-09-26',3000.00,1,1.00,'Factura C N°: 0005-00001261',NULL,'2022-10-04 15:37:17','2022-10-04 15:37:17',NULL),(709,193,2,40922,41199,13,109756,1,0,'2022-09-27',5000.00,1,1.00,'Factura C N°: 0005-00001262',NULL,'2022-10-04 15:37:17','2022-10-04 15:37:17',NULL),(710,193,2,40922,1989,13,109756,1,0,'2022-09-27',10000.00,1,1.00,'Factura C N°: 0005-00001263',NULL,'2022-10-04 15:37:17','2022-10-04 15:37:17',NULL),(711,193,2,40922,1989,13,109756,1,0,'2022-09-27',5000.00,1,1.00,'Factura C N°: 0005-00001264',NULL,'2022-10-04 15:37:17','2022-10-04 15:37:17',NULL),(712,193,2,40922,1989,13,109756,1,0,'2022-09-29',2000.00,1,1.00,'Factura C N°: 0005-00001265',NULL,'2022-10-04 15:37:17','2022-10-04 15:37:17',NULL),(713,193,2,40922,1989,13,109756,1,0,'2022-09-29',2000.00,1,1.00,'Factura C N°: 0005-00001266',NULL,'2022-10-04 15:37:17','2022-10-04 15:37:17',NULL),(728,193,2,40922,41212,13,109755,1,0,'2022-08-01',4500.00,1,1.00,'Factura C N°: 0005-00001198',NULL,'2022-10-04 15:41:25','2022-10-04 15:41:25',NULL),(729,193,2,40922,1989,13,109755,1,0,'2022-08-01',9000.00,1,1.00,'Factura C N°: 0005-00001199',NULL,'2022-10-04 15:41:25','2022-10-04 15:41:25',NULL),(730,193,2,40922,1989,13,109755,1,0,'2022-08-01',6270.00,1,1.00,'Factura C N°: 0005-00001200',NULL,'2022-10-04 15:41:25','2022-10-04 15:41:25',NULL),(731,193,2,40922,41213,13,109755,1,0,'2022-08-03',4000.00,1,1.00,'Factura C N°: 0005-00001201',NULL,'2022-10-04 15:41:25','2022-10-04 15:41:25',NULL),(732,193,2,40922,41214,13,109755,1,0,'2022-08-04',3000.00,1,1.00,'Factura C N°: 0005-00001202',NULL,'2022-10-04 15:41:25','2022-10-04 15:41:25',NULL),(733,193,2,40922,41192,13,109755,1,0,'2022-08-04',4000.00,1,1.00,'Factura C N°: 0005-00001203',NULL,'2022-10-04 15:41:25','2022-10-04 15:41:25',NULL),(734,193,2,40922,1989,13,109755,1,0,'2022-08-05',5000.00,1,1.00,'Factura C N°: 0005-00001204',NULL,'2022-10-04 15:41:25','2022-10-04 15:41:25',NULL),(735,193,2,40922,41215,13,109755,1,0,'2022-08-05',20000.00,1,1.00,'Factura C N°: 0005-00001205',NULL,'2022-10-04 15:41:25','2022-10-04 15:41:25',NULL),(736,193,2,40922,1989,13,109755,1,0,'2022-08-05',15000.00,1,1.00,'Factura C N°: 0005-00001206',NULL,'2022-10-04 15:41:26','2022-10-04 15:41:26',NULL),(737,193,2,40922,1989,13,109755,1,0,'2022-08-08',5000.00,1,1.00,'Factura C N°: 0005-00001207',NULL,'2022-10-04 15:41:26','2022-10-04 15:41:26',NULL),(738,193,2,40922,1989,13,109755,1,0,'2022-08-09',5000.00,1,1.00,'Factura C N°: 0005-00001208',NULL,'2022-10-04 15:41:26','2022-10-04 15:41:26',NULL),(739,193,2,40922,1989,13,109755,1,0,'2022-08-10',5000.00,1,1.00,'Factura C N°: 0005-00001210',NULL,'2022-10-04 15:41:26','2022-10-04 15:41:26',NULL);
INSERT INTO `cta_cte_cliente` VALUES (740,193,2,40922,1989,13,109755,1,0,'2022-08-10',2000.00,1,1.00,'Factura C N°: 0005-00001211',NULL,'2022-10-04 15:41:26','2022-10-04 15:41:26',NULL),(741,193,2,40922,1989,13,109755,1,0,'2022-08-10',5000.00,1,1.00,'Factura C N°: 0005-00001209',NULL,'2022-10-04 15:41:26','2022-10-04 15:41:26',NULL),(742,193,2,40922,1989,13,109755,1,0,'2022-08-11',5000.00,1,1.00,'Factura C N°: 0005-00001212',NULL,'2022-10-04 15:41:26','2022-10-04 15:41:26',NULL),(743,193,2,40922,1989,13,109755,1,0,'2022-08-11',5000.00,1,1.00,'Factura C N°: 0005-00001213',NULL,'2022-10-04 15:41:26','2022-10-04 15:41:26',NULL),(744,193,2,40922,1989,13,109755,1,0,'2022-08-11',5000.00,1,1.00,'Factura C N°: 0005-00001214',NULL,'2022-10-04 15:41:26','2022-10-04 15:41:26',NULL),(745,193,2,40922,41192,13,109755,1,0,'2022-08-12',5000.00,1,1.00,'Factura C N°: 0005-00001215',NULL,'2022-10-04 15:41:26','2022-10-04 15:41:26',NULL),(746,193,2,40922,1989,13,109755,1,0,'2022-08-17',20000.00,1,1.00,'Factura C N°: 0005-00001216',NULL,'2022-10-04 15:41:26','2022-10-04 15:41:26',NULL),(747,193,2,40922,1989,13,109755,1,0,'2022-08-17',4000.00,1,1.00,'Factura C N°: 0005-00001217',NULL,'2022-10-04 15:41:26','2022-10-04 15:41:26',NULL),(748,193,2,40922,41216,13,109755,1,0,'2022-08-17',2000.00,1,1.00,'Factura C N°: 0005-00001218',NULL,'2022-10-04 15:41:26','2022-10-04 15:41:26',NULL),(749,193,2,40922,1989,13,109755,1,0,'2022-08-22',3620.00,1,1.00,'Factura C N°: 0005-00001219',NULL,'2022-10-04 15:41:26','2022-10-04 15:41:26',NULL),(750,193,2,40922,1989,13,109755,1,0,'2022-08-22',4000.00,1,1.00,'Factura C N°: 0005-00001220',NULL,'2022-10-04 15:41:26','2022-10-04 15:41:26',NULL),(751,193,2,40922,1989,13,109755,1,0,'2022-08-22',5000.00,1,1.00,'Factura C N°: 0005-00001221',NULL,'2022-10-04 15:41:26','2022-10-04 15:41:26',NULL),(752,193,2,40922,41199,13,109755,1,0,'2022-08-23',7000.00,1,1.00,'Factura C N°: 0005-00001222',NULL,'2022-10-04 15:41:27','2022-10-04 15:41:27',NULL),(753,193,2,40922,41217,13,109755,1,0,'2022-08-25',5000.00,1,1.00,'Factura C N°: 0005-00001223',NULL,'2022-10-04 15:41:27','2022-10-04 15:41:27',NULL),(754,193,2,40922,1989,13,109755,1,0,'2022-08-26',4000.00,1,1.00,'Factura C N°: 0005-00001224',NULL,'2022-10-04 15:41:27','2022-10-04 15:41:27',NULL),(755,193,2,40922,1989,13,109755,1,0,'2022-08-26',5000.00,1,1.00,'Factura C N°: 0005-00001225',NULL,'2022-10-04 15:41:27','2022-10-04 15:41:27',NULL),(756,193,2,40922,1989,13,109755,1,0,'2022-08-30',8000.00,1,1.00,'Factura C N°: 0005-00001226',NULL,'2022-10-04 15:41:27','2022-10-04 15:41:27',NULL),(757,193,2,40922,1989,13,109755,1,0,'2022-08-30',4000.00,1,1.00,'Factura C N°: 0005-00001227',NULL,'2022-10-04 15:41:27','2022-10-04 15:41:27',NULL),(758,193,2,40922,1989,13,109755,1,0,'2022-08-30',10000.00,1,1.00,'Factura C N°: 0005-00001228',NULL,'2022-10-04 15:41:27','2022-10-04 15:41:27',NULL),(759,193,2,40922,1989,13,109755,1,0,'2022-08-31',10000.00,1,1.00,'Factura C N°: 0005-00001229',NULL,'2022-10-04 15:41:27','2022-10-04 15:41:27',NULL),(760,193,2,40922,1989,13,109755,1,0,'2022-08-31',5000.00,1,1.00,'Factura C N°: 0005-00001230',NULL,'2022-10-04 15:41:27','2022-10-04 15:41:27',NULL),(761,193,2,40922,1989,13,109755,1,0,'2022-08-31',4000.00,1,1.00,'Factura C N°: 0005-00001231',NULL,'2022-10-04 15:41:27','2022-10-04 15:41:27',NULL),(762,193,2,40922,1989,13,109755,1,0,'2022-08-31',2000.00,1,1.00,'Factura C N°: 0005-00001232',NULL,'2022-10-04 15:41:27','2022-10-04 15:41:27',NULL),(763,193,2,40922,1989,13,109755,1,0,'2022-08-31',5000.00,1,1.00,'Factura C N°: 0005-00001233',NULL,'2022-10-04 15:41:27','2022-10-04 15:41:27',NULL),(808,193,2,40922,41213,13,109754,1,0,'2022-07-01',10000.00,1,1.00,'Factura C N°: 0005-00001136',NULL,'2022-10-04 15:44:37','2022-10-11 20:19:55','2022-10-11 20:19:55'),(809,193,2,40922,1989,13,109754,1,0,'2022-07-01',4000.00,1,1.00,'Factura C N°: 0005-00001137',NULL,'2022-10-04 15:44:37','2022-10-11 20:19:55','2022-10-11 20:19:55');
INSERT INTO `cta_cte_cliente` VALUES (810,193,2,40922,1989,13,109754,1,0,'2022-07-04',8000.00,1,1.00,'Factura C N°: 0005-00001138',NULL,'2022-10-04 15:44:37','2022-10-11 20:19:55','2022-10-11 20:19:55'),(811,193,2,40922,1989,13,109754,1,0,'2022-07-04',4000.00,1,1.00,'Factura C N°: 0005-00001139',NULL,'2022-10-04 15:44:38','2022-10-11 20:19:55','2022-10-11 20:19:55'),(812,193,2,40922,1989,13,109754,1,0,'2022-07-04',10000.00,1,1.00,'Factura C N°: 0005-00001140',NULL,'2022-10-04 15:44:38','2022-10-11 20:19:55','2022-10-11 20:19:55'),(813,193,2,40922,1989,13,109754,1,0,'2022-07-04',8000.00,1,1.00,'Factura C N°: 0005-00001141',NULL,'2022-10-04 15:44:38','2022-10-11 20:19:55','2022-10-11 20:19:55'),(814,193,2,40922,1989,13,109754,1,0,'2022-07-04',4000.00,1,1.00,'Factura C N°: 0005-00001142',NULL,'2022-10-04 15:44:38','2022-10-11 20:19:55','2022-10-11 20:19:55'),(815,193,2,40922,1989,13,109754,1,0,'2022-07-04',4000.00,1,1.00,'Factura C N°: 0005-00001143',NULL,'2022-10-04 15:44:38','2022-10-11 20:19:55','2022-10-11 20:19:55'),(816,193,2,40922,1989,13,109754,1,0,'2022-07-05',4000.00,1,1.00,'Factura C N°: 0005-00001144',NULL,'2022-10-04 15:44:38','2022-10-11 20:19:55','2022-10-11 20:19:55'),(817,193,2,40922,1989,13,109754,1,0,'2022-07-05',4000.00,1,1.00,'Factura C N°: 0005-00001145',NULL,'2022-10-04 15:44:38','2022-10-11 20:19:55','2022-10-11 20:19:55'),(818,193,2,40922,1989,13,109754,1,0,'2022-07-05',4000.00,1,1.00,'Factura C N°: 0005-00001146',NULL,'2022-10-04 15:44:38','2022-10-11 20:19:55','2022-10-11 20:19:55'),(819,193,2,40922,1989,13,109754,1,0,'2022-07-05',4000.00,1,1.00,'Factura C N°: 0005-00001147',NULL,'2022-10-04 15:44:38','2022-10-11 20:19:55','2022-10-11 20:19:55'),(820,193,2,40922,41232,13,109754,1,0,'2022-07-05',3000.00,1,1.00,'Factura C N°: 0005-00001148',NULL,'2022-10-04 15:44:38','2022-10-11 20:19:55','2022-10-11 20:19:55'),(821,193,2,40922,41233,13,109754,1,0,'2022-07-06',8000.00,1,1.00,'Factura C N°: 0005-00001149',NULL,'2022-10-04 15:44:38','2022-10-11 20:19:55','2022-10-11 20:19:55'),(822,193,2,40922,1989,13,109754,1,0,'2022-07-06',4500.00,1,1.00,'Factura C N°: 0005-00001150',NULL,'2022-10-04 15:44:38','2022-10-11 20:19:55','2022-10-11 20:19:55'),(823,193,2,40922,1989,13,109754,1,0,'2022-07-06',3000.00,1,1.00,'Factura C N°: 0005-00001151',NULL,'2022-10-04 15:44:38','2022-10-11 20:19:55','2022-10-11 20:19:55'),(824,193,2,40922,1989,13,109754,1,0,'2022-07-06',3000.00,1,1.00,'Factura C N°: 0005-00001152',NULL,'2022-10-04 15:44:38','2022-10-11 20:19:55','2022-10-11 20:19:55'),(825,193,2,40922,1989,13,109754,1,0,'2022-07-06',4000.00,1,1.00,'Factura C N°: 0005-00001153',NULL,'2022-10-04 15:44:38','2022-10-11 20:19:55','2022-10-11 20:19:55'),(826,193,2,40922,41234,13,109754,1,0,'2022-07-06',10000.00,1,1.00,'Factura C N°: 0005-00001154',NULL,'2022-10-04 15:44:38','2022-10-11 20:19:55','2022-10-11 20:19:55'),(827,193,2,40922,41234,13,109754,1,0,'2022-07-06',5000.00,1,1.00,'Factura C N°: 0005-00001155',NULL,'2022-10-04 15:44:39','2022-10-11 20:19:55','2022-10-11 20:19:55'),(828,193,2,40922,41234,13,109754,1,0,'2022-07-07',10000.00,1,1.00,'Factura C N°: 0005-00001156',NULL,'2022-10-04 15:44:39','2022-10-11 20:19:55','2022-10-11 20:19:55'),(829,193,2,40922,41198,13,109754,1,0,'2022-07-07',4000.00,1,1.00,'Factura C N°: 0005-00001157',NULL,'2022-10-04 15:44:39','2022-10-11 20:19:55','2022-10-11 20:19:55'),(830,193,2,40922,41192,13,109754,1,0,'2022-07-07',5000.00,1,1.00,'Factura C N°: 0005-00001158',NULL,'2022-10-04 15:44:39','2022-10-11 20:19:55','2022-10-11 20:19:55'),(831,193,2,40922,1989,13,109754,1,0,'2022-07-07',4000.00,1,1.00,'Factura C N°: 0005-00001159',NULL,'2022-10-04 15:44:39','2022-10-11 20:19:55','2022-10-11 20:19:55'),(832,193,2,40922,1989,13,109754,1,0,'2022-07-07',8000.00,1,1.00,'Factura C N°: 0005-00001160',NULL,'2022-10-04 15:44:39','2022-10-11 20:19:55','2022-10-11 20:19:55'),(833,193,2,40922,41235,13,109754,1,0,'2022-07-11',10000.00,1,1.00,'Factura C N°: 0005-00001161',NULL,'2022-10-04 15:44:39','2022-10-11 20:19:55','2022-10-11 20:19:55');
INSERT INTO `cta_cte_cliente` VALUES (834,193,2,40922,1989,13,109754,1,0,'2022-07-11',5000.00,1,1.00,'Factura C N°: 0005-00001162',NULL,'2022-10-04 15:44:39','2022-10-11 20:19:55','2022-10-11 20:19:55'),(835,193,2,40922,41236,13,109754,1,0,'2022-07-11',25000.00,1,1.00,'Factura C N°: 0005-00001163',NULL,'2022-10-04 15:44:39','2022-10-11 20:19:55','2022-10-11 20:19:55'),(836,193,2,40922,1989,13,109754,1,0,'2022-07-12',3000.00,1,1.00,'Factura C N°: 0005-00001164',NULL,'2022-10-04 15:44:39','2022-10-11 20:19:55','2022-10-11 20:19:55'),(837,193,2,40922,1989,13,109754,1,0,'2022-07-12',5000.00,1,1.00,'Factura C N°: 0005-00001165',NULL,'2022-10-04 15:44:39','2022-10-11 20:19:55','2022-10-11 20:19:55'),(838,193,2,40922,1989,13,109754,1,0,'2022-07-12',6000.00,1,1.00,'Factura C N°: 0005-00001166',NULL,'2022-10-04 15:44:39','2022-10-11 20:19:55','2022-10-11 20:19:55'),(839,193,2,40922,1989,13,109754,1,0,'2022-07-12',10000.00,1,1.00,'Factura C N°: 0005-00001167',NULL,'2022-10-04 15:44:39','2022-10-11 20:19:56','2022-10-11 20:19:56'),(840,193,2,40922,1989,13,109754,1,0,'2022-07-12',3000.00,1,1.00,'Factura C N°: 0005-00001168',NULL,'2022-10-04 15:44:39','2022-10-11 20:19:56','2022-10-11 20:19:56'),(841,193,2,40922,1989,13,109754,1,0,'2022-07-12',4000.00,1,1.00,'Factura C N°: 0005-00001169',NULL,'2022-10-04 15:44:39','2022-10-11 20:19:56','2022-10-11 20:19:56'),(842,193,2,40922,1989,13,109754,1,0,'2022-07-12',11000.00,1,1.00,'Factura C N°: 0005-00001170',NULL,'2022-10-04 15:44:39','2022-10-11 20:19:56','2022-10-11 20:19:56'),(843,193,2,40922,1989,13,109754,1,0,'2022-07-12',6000.00,1,1.00,'Factura C N°: 0005-00001171',NULL,'2022-10-04 15:44:39','2022-10-11 20:19:56','2022-10-11 20:19:56'),(844,193,2,40922,1989,13,109754,1,0,'2022-07-13',4000.00,1,1.00,'Factura C N°: 0005-00001172',NULL,'2022-10-04 15:44:40','2022-10-11 20:19:56','2022-10-11 20:19:56'),(845,193,2,40922,1989,13,109754,1,0,'2022-07-13',4000.00,1,1.00,'Factura C N°: 0005-00001173',NULL,'2022-10-04 15:44:40','2022-10-11 20:19:56','2022-10-11 20:19:56'),(846,193,2,40922,1989,13,109754,1,0,'2022-07-13',3000.00,1,1.00,'Factura C N°: 0005-00001174',NULL,'2022-10-04 15:44:40','2022-10-11 20:19:56','2022-10-11 20:19:56'),(847,193,2,40922,1989,13,109754,1,0,'2022-07-13',3000.00,1,1.00,'Factura C N°: 0005-00001175',NULL,'2022-10-04 15:44:40','2022-10-11 20:19:56','2022-10-11 20:19:56'),(848,193,2,40922,1989,13,109754,1,0,'2022-07-13',4000.00,1,1.00,'Factura C N°: 0005-00001176',NULL,'2022-10-04 15:44:40','2022-10-11 20:19:56','2022-10-11 20:19:56'),(849,193,2,40922,1989,13,109754,1,0,'2022-07-14',10000.00,1,1.00,'Factura C N°: 0005-00001177',NULL,'2022-10-04 15:44:40','2022-10-11 20:19:56','2022-10-11 20:19:56'),(850,193,2,40922,1989,13,109754,1,0,'2022-07-14',4000.00,1,1.00,'Factura C N°: 0005-00001178',NULL,'2022-10-04 15:44:40','2022-10-11 20:19:56','2022-10-11 20:19:56'),(851,193,2,40922,1989,13,109754,1,0,'2022-07-14',3000.00,1,1.00,'Factura C N°: 0005-00001179',NULL,'2022-10-04 15:44:40','2022-10-11 20:19:56','2022-10-11 20:19:56'),(852,193,2,40922,41215,13,109754,1,0,'2022-07-15',10000.00,1,1.00,'Factura C N°: 0005-00001180',NULL,'2022-10-04 15:44:40','2022-10-11 20:19:56','2022-10-11 20:19:56'),(853,193,2,40922,41235,13,109754,1,0,'2022-07-18',10000.00,1,1.00,'Factura C N°: 0005-00001181',NULL,'2022-10-04 15:44:40','2022-10-11 20:19:56','2022-10-11 20:19:56'),(854,193,2,40922,41237,13,109754,1,0,'2022-07-19',7000.00,1,1.00,'Factura C N°: 0005-00001182',NULL,'2022-10-04 15:44:40','2022-10-11 20:19:56','2022-10-11 20:19:56'),(855,193,2,40922,41238,13,109754,1,0,'2022-07-20',15000.00,1,1.00,'Factura C N°: 0005-00001183',NULL,'2022-10-04 15:44:40','2022-10-11 20:19:56','2022-10-11 20:19:56'),(856,193,2,40922,1989,13,109754,1,0,'2022-07-20',4000.00,1,1.00,'Factura C N°: 0005-00001184',NULL,'2022-10-04 15:44:40','2022-10-11 20:19:56','2022-10-11 20:19:56'),(857,193,2,40922,1989,13,109754,1,0,'2022-07-20',3280.00,1,1.00,'Factura C N°: 0005-00001185',NULL,'2022-10-04 15:44:40','2022-10-11 20:19:56','2022-10-11 20:19:56');
INSERT INTO `cta_cte_cliente` VALUES (858,193,2,40922,1989,13,109754,1,0,'2022-07-20',3000.00,1,1.00,'Factura C N°: 0005-00001186',NULL,'2022-10-04 15:44:40','2022-10-11 20:19:56','2022-10-11 20:19:56'),(859,193,2,40922,41239,13,109754,1,0,'2022-07-21',2000.00,1,1.00,'Factura C N°: 0005-00001187',NULL,'2022-10-04 15:44:40','2022-10-11 20:19:56','2022-10-11 20:19:56'),(860,193,2,40922,1989,13,109754,1,0,'2022-07-21',10000.00,1,1.00,'Factura C N°: 0005-00001188',NULL,'2022-10-04 15:44:41','2022-10-11 20:19:56','2022-10-11 20:19:56'),(861,193,2,40922,1989,13,109754,1,0,'2022-07-21',7000.00,1,1.00,'Factura C N°: 0005-00001189',NULL,'2022-10-04 15:44:41','2022-10-11 20:19:56','2022-10-11 20:19:56'),(862,193,2,40922,1989,13,109754,1,0,'2022-07-21',5000.00,1,1.00,'Factura C N°: 0005-00001190',NULL,'2022-10-04 15:44:41','2022-10-11 20:19:56','2022-10-11 20:19:56'),(863,193,2,40922,41240,13,109754,1,0,'2022-07-21',14000.00,1,1.00,'Factura C N°: 0005-00001191',NULL,'2022-10-04 15:44:41','2022-10-11 20:19:56','2022-10-11 20:19:56'),(864,193,2,40922,41241,13,109754,1,0,'2022-07-21',15000.00,1,1.00,'Factura C N°: 0005-00001192',NULL,'2022-10-04 15:44:41','2022-10-11 20:19:56','2022-10-11 20:19:56'),(865,193,2,40922,1989,13,109754,1,0,'2022-07-25',10000.00,1,1.00,'Factura C N°: 0005-00001193',NULL,'2022-10-04 15:44:41','2022-10-11 20:19:56','2022-10-11 20:19:56'),(866,193,2,40922,1989,13,109754,1,0,'2022-07-26',3000.00,1,1.00,'Factura C N°: 0005-00001194',NULL,'2022-10-04 15:44:41','2022-10-11 20:19:56','2022-10-11 20:19:56'),(867,193,2,40922,41242,13,109754,1,0,'2022-07-27',7000.00,1,1.00,'Factura C N°: 0005-00001195',NULL,'2022-10-04 15:44:41','2022-10-11 20:19:56','2022-10-11 20:19:56'),(868,193,2,40922,41243,13,109754,1,0,'2022-07-28',8000.00,1,1.00,'Factura C N°: 0005-00001196',NULL,'2022-10-04 15:44:41','2022-10-11 20:19:56','2022-10-11 20:19:56'),(869,193,2,40922,41244,13,109754,1,0,'2022-07-29',5000.00,1,1.00,'Factura C N°: 0005-00001197',NULL,'2022-10-04 15:44:41','2022-10-11 20:19:56','2022-10-11 20:19:56'),(870,193,2,40922,1989,13,109754,1,0,'2022-06-01',10000.00,1,1.00,'Factura C N°: 0005-00001082',NULL,'2022-10-04 15:45:10','2022-10-11 20:19:56','2022-10-11 20:19:56'),(871,193,2,40922,1989,13,109754,1,0,'2022-06-01',10000.00,1,1.00,'Factura C N°: 0005-00001083',NULL,'2022-10-04 15:45:10','2022-10-11 20:19:57','2022-10-11 20:19:57'),(872,193,2,40922,1989,13,109754,1,0,'2022-06-01',10000.00,1,1.00,'Factura C N°: 0005-00001084',NULL,'2022-10-04 15:45:10','2022-10-11 20:19:57','2022-10-11 20:19:57'),(873,193,2,40922,1989,13,109754,1,0,'2022-06-01',4000.00,1,1.00,'Factura C N°: 0005-00001085',NULL,'2022-10-04 15:45:10','2022-10-11 20:19:57','2022-10-11 20:19:57'),(874,193,2,40922,1989,13,109754,1,0,'2022-06-02',8000.00,1,1.00,'Factura C N°: 0005-00001086',NULL,'2022-10-04 15:45:10','2022-10-11 20:19:57','2022-10-11 20:19:57'),(875,193,2,40922,41245,13,109754,1,0,'2022-06-02',5000.00,1,1.00,'Factura C N°: 0005-00001087',NULL,'2022-10-04 15:45:10','2022-10-11 20:19:57','2022-10-11 20:19:57'),(876,193,2,40922,1989,13,109754,1,0,'2022-06-02',4000.00,1,1.00,'Factura C N°: 0005-00001088',NULL,'2022-10-04 15:45:10','2022-10-11 20:19:57','2022-10-11 20:19:57'),(877,193,2,40922,1989,13,109754,1,0,'2022-06-02',15000.00,1,1.00,'Factura C N°: 0005-00001089',NULL,'2022-10-04 15:45:11','2022-10-11 20:19:57','2022-10-11 20:19:57'),(878,193,2,40922,1989,13,109754,1,0,'2022-06-02',5000.00,1,1.00,'Factura C N°: 0005-00001090',NULL,'2022-10-04 15:45:11','2022-10-11 20:19:57','2022-10-11 20:19:57'),(879,193,2,40922,1989,13,109754,1,0,'2022-06-02',8000.00,1,1.00,'Factura C N°: 0005-00001091',NULL,'2022-10-04 15:45:11','2022-10-11 20:19:57','2022-10-11 20:19:57'),(880,193,2,40922,1989,13,109754,1,0,'2022-06-02',5000.00,1,1.00,'Factura C N°: 0005-00001092',NULL,'2022-10-04 15:45:11','2022-10-11 20:19:57','2022-10-11 20:19:57'),(881,193,2,40922,1989,13,109754,1,0,'2022-06-03',4000.00,1,1.00,'Factura C N°: 0005-00001093',NULL,'2022-10-04 15:45:11','2022-10-11 20:19:57','2022-10-11 20:19:57');
INSERT INTO `cta_cte_cliente` VALUES (882,193,2,40922,41242,13,109754,1,0,'2022-06-06',3000.00,1,1.00,'Factura C N°: 0005-00001094',NULL,'2022-10-04 15:45:11','2022-10-11 20:19:57','2022-10-11 20:19:57'),(883,193,2,40922,1989,13,109754,1,0,'2022-06-06',6000.00,1,1.00,'Factura C N°: 0005-00001095',NULL,'2022-10-04 15:45:11','2022-10-11 20:19:57','2022-10-11 20:19:57'),(884,193,2,40922,1989,13,109754,1,0,'2022-06-06',5000.00,1,1.00,'Factura C N°: 0005-00001096',NULL,'2022-10-04 15:45:11','2022-10-11 20:19:57','2022-10-11 20:19:57'),(885,193,2,40922,1989,13,109754,1,0,'2022-06-06',4000.00,1,1.00,'Factura C N°: 0005-00001097',NULL,'2022-10-04 15:45:11','2022-10-11 20:19:57','2022-10-11 20:19:57'),(886,193,2,40922,1989,13,109754,1,0,'2022-06-06',4000.00,1,1.00,'Factura C N°: 0005-00001098',NULL,'2022-10-04 15:45:11','2022-10-11 20:19:57','2022-10-11 20:19:57'),(887,193,2,40922,1989,13,109754,1,0,'2022-06-07',8000.00,1,1.00,'Factura C N°: 0005-00001099',NULL,'2022-10-04 15:45:12','2022-10-11 20:19:57','2022-10-11 20:19:57'),(888,193,2,40922,1989,13,109754,1,0,'2022-06-07',4000.00,1,1.00,'Factura C N°: 0005-00001100',NULL,'2022-10-04 15:45:12','2022-10-11 20:19:57','2022-10-11 20:19:57'),(889,193,2,40922,1989,13,109754,1,0,'2022-06-07',15000.00,1,1.00,'Factura C N°: 0005-00001101',NULL,'2022-10-04 15:45:12','2022-10-11 20:19:57','2022-10-11 20:19:57'),(890,193,2,40922,1989,13,109754,1,0,'2022-06-07',5000.00,1,1.00,'Factura C N°: 0005-00001102',NULL,'2022-10-04 15:45:12','2022-10-11 20:19:57','2022-10-11 20:19:57'),(891,193,2,40922,1989,13,109754,1,0,'2022-06-08',3000.00,1,1.00,'Factura C N°: 0005-00001103',NULL,'2022-10-04 15:45:12','2022-10-11 20:19:57','2022-10-11 20:19:57'),(892,193,2,40922,1989,13,109754,1,0,'2022-06-08',280.00,1,1.00,'Factura C N°: 0005-00001104',NULL,'2022-10-04 15:45:12','2022-10-11 20:19:57','2022-10-11 20:19:57'),(893,193,2,40922,1989,13,109754,1,0,'2022-06-08',3720.00,1,1.00,'Factura C N°: 0005-00001105',NULL,'2022-10-04 15:45:12','2022-10-11 20:19:57','2022-10-11 20:19:57'),(894,193,2,40922,1989,13,109754,1,0,'2022-06-08',5000.00,1,1.00,'Factura C N°: 0005-00001106',NULL,'2022-10-04 15:45:12','2022-10-11 20:19:57','2022-10-11 20:19:57'),(895,193,2,40922,1989,13,109754,1,0,'2022-06-08',2000.00,1,1.00,'Factura C N°: 0005-00001107',NULL,'2022-10-04 15:45:12','2022-10-11 20:19:57','2022-10-11 20:19:57'),(896,193,2,40922,1989,13,109754,1,0,'2022-06-09',4000.00,1,1.00,'Factura C N°: 0005-00001108',NULL,'2022-10-04 15:45:13','2022-10-11 20:19:57','2022-10-11 20:19:57'),(897,193,2,40922,1989,13,109754,1,0,'2022-06-09',4000.00,1,1.00,'Factura C N°: 0005-00001109',NULL,'2022-10-04 15:45:13','2022-10-11 20:19:57','2022-10-11 20:19:57'),(898,193,2,40922,1989,13,109754,1,0,'2022-06-09',10000.00,1,1.00,'Factura C N°: 0005-00001110',NULL,'2022-10-04 15:45:13','2022-10-11 20:19:57','2022-10-11 20:19:57'),(899,193,2,40922,1989,13,109754,1,0,'2022-06-09',1000.00,1,1.00,'Factura C N°: 0005-00001111',NULL,'2022-10-04 15:45:13','2022-10-11 20:19:57','2022-10-11 20:19:57'),(900,193,2,40922,1989,13,109754,1,0,'2022-06-10',10000.00,1,1.00,'Factura C N°: 0005-00001112',NULL,'2022-10-04 15:45:13','2022-10-11 20:19:57','2022-10-11 20:19:57'),(901,193,2,40922,1989,13,109754,1,0,'2022-06-10',6000.00,1,1.00,'Factura C N°: 0005-00001113',NULL,'2022-10-04 15:45:13','2022-10-11 20:19:57','2022-10-11 20:19:57'),(902,193,2,40922,1989,13,109754,1,0,'2022-06-10',2000.00,1,1.00,'Factura C N°: 0005-00001114',NULL,'2022-10-04 15:45:13','2022-10-11 20:19:57','2022-10-11 20:19:57'),(903,193,2,40922,41246,13,109754,1,0,'2022-06-10',5000.00,1,1.00,'Factura C N°: 0005-00001115',NULL,'2022-10-04 15:45:13','2022-10-11 20:19:57','2022-10-11 20:19:57'),(904,193,2,40922,1989,13,109754,1,0,'2022-06-13',4000.00,1,1.00,'Factura C N°: 0005-00001119',NULL,'2022-10-04 15:45:14','2022-10-11 20:19:57','2022-10-11 20:19:57'),(905,193,2,40922,1989,13,109754,1,0,'2022-06-13',4000.00,1,1.00,'Factura C N°: 0005-00001120',NULL,'2022-10-04 15:45:14','2022-10-11 20:19:57','2022-10-11 20:19:57');
INSERT INTO `cta_cte_cliente` VALUES (906,193,2,40922,41236,13,109754,1,0,'2022-06-13',25000.00,1,1.00,'Factura C N°: 0005-00001121',NULL,'2022-10-04 15:45:14','2022-10-11 20:19:57','2022-10-11 20:19:57'),(907,193,2,40922,1989,13,109754,1,0,'2022-06-13',5000.00,1,1.00,'Factura C N°: 0005-00001122',NULL,'2022-10-04 15:45:14','2022-10-11 20:19:57','2022-10-11 20:19:57'),(908,193,2,40922,1989,13,109754,1,0,'2022-06-13',4000.00,1,1.00,'Factura C N°: 0005-00001116',NULL,'2022-10-04 15:45:14','2022-10-11 20:19:57','2022-10-11 20:19:57'),(909,193,2,40922,1989,13,109754,1,0,'2022-06-13',5000.00,1,1.00,'Factura C N°: 0005-00001117',NULL,'2022-10-04 15:45:14','2022-10-11 20:19:57','2022-10-11 20:19:57'),(910,193,2,40922,1989,13,109754,1,0,'2022-06-13',4000.00,1,1.00,'Factura C N°: 0005-00001118',NULL,'2022-10-04 15:45:14','2022-10-11 20:19:57','2022-10-11 20:19:57'),(911,193,2,40922,1989,13,109754,1,0,'2022-06-14',3000.00,1,1.00,'Factura C N°: 0005-00001123',NULL,'2022-10-04 15:45:14','2022-10-11 20:19:57','2022-10-11 20:19:57'),(912,193,2,40922,1989,13,109754,1,0,'2022-06-14',2000.00,1,1.00,'Factura C N°: 0005-00001124',NULL,'2022-10-04 15:45:15','2022-10-11 20:19:57','2022-10-11 20:19:57'),(913,193,2,40922,1989,13,109754,1,0,'2022-06-14',4000.00,1,1.00,'Factura C N°: 0005-00001125',NULL,'2022-10-04 15:45:15','2022-10-11 20:19:57','2022-10-11 20:19:57'),(914,193,2,40922,41247,13,109754,1,0,'2022-06-14',20000.00,1,1.00,'Factura C N°: 0005-00001126',NULL,'2022-10-04 15:45:15','2022-10-11 20:19:57','2022-10-11 20:19:57'),(915,193,2,40922,1989,13,109754,1,0,'2022-06-14',4000.00,1,1.00,'Factura C N°: 0005-00001127',NULL,'2022-10-04 15:45:15','2022-10-11 20:19:57','2022-10-11 20:19:57'),(916,193,2,40922,41233,13,109754,1,0,'2022-06-22',4000.00,1,1.00,'Factura C N°: 0005-00001128',NULL,'2022-10-04 15:45:15','2022-10-11 20:19:57','2022-10-11 20:19:57'),(917,193,2,40922,41248,13,109754,1,0,'2022-06-22',12000.00,1,1.00,'Factura C N°: 0005-00001129',NULL,'2022-10-04 15:45:15','2022-10-11 20:19:58','2022-10-11 20:19:58'),(918,193,2,40922,41192,13,109754,1,0,'2022-06-22',3000.00,1,1.00,'Factura C N°: 0005-00001130',NULL,'2022-10-04 15:45:15','2022-10-11 20:19:58','2022-10-11 20:19:58'),(919,193,2,40922,41214,13,109754,1,0,'2022-06-28',4000.00,1,1.00,'Factura C N°: 0005-00001131',NULL,'2022-10-04 15:45:15','2022-10-11 20:19:58','2022-10-11 20:19:58'),(920,193,2,40922,1989,13,109754,1,0,'2022-06-28',9000.00,1,1.00,'Factura C N°: 0005-00001132',NULL,'2022-10-04 15:45:16','2022-10-11 20:19:58','2022-10-11 20:19:58'),(921,193,2,40922,1989,13,109754,1,0,'2022-06-28',5000.00,1,1.00,'Factura C N°: 0005-00001133',NULL,'2022-10-04 15:45:16','2022-10-11 20:19:58','2022-10-11 20:19:58'),(922,193,2,40922,41234,13,109754,1,0,'2022-06-30',4000.00,1,1.00,'Factura C N°: 0005-00001134',NULL,'2022-10-04 15:45:16','2022-10-11 20:19:58','2022-10-11 20:19:58'),(923,193,2,40922,1989,13,109754,1,0,'2022-06-30',10000.00,1,1.00,'Factura C N°: 0005-00001135',NULL,'2022-10-04 15:45:16','2022-10-11 20:19:58','2022-10-11 20:19:58'),(924,193,2,40922,1989,13,109754,1,0,'2022-05-02',5550.00,1,1.00,'Factura C N°: 0005-00001005',NULL,'2022-10-04 15:45:51','2022-10-11 20:19:58','2022-10-11 20:19:58'),(925,193,2,40922,41249,13,109754,1,0,'2022-05-02',17000.00,1,1.00,'Factura C N°: 0005-00001006',NULL,'2022-10-04 15:45:51','2022-10-11 20:19:58','2022-10-11 20:19:58'),(926,193,2,40922,1989,13,109754,1,0,'2022-05-02',4000.00,1,1.00,'Factura C N°: 0005-00001007',NULL,'2022-10-04 15:45:51','2022-10-11 20:19:58','2022-10-11 20:19:58'),(927,193,2,40922,1989,13,109754,1,0,'2022-05-02',4000.00,1,1.00,'Factura C N°: 0005-00001008',NULL,'2022-10-04 15:45:52','2022-10-11 20:19:58','2022-10-11 20:19:58'),(928,193,2,40922,1989,13,109754,1,0,'2022-05-03',2500.00,1,1.00,'Factura C N°: 0005-00001009',NULL,'2022-10-04 15:45:52','2022-10-11 20:19:58','2022-10-11 20:19:58'),(929,193,2,40922,41250,13,109754,1,0,'2022-05-03',22500.00,1,1.00,'Factura C N°: 0005-00001010',NULL,'2022-10-04 15:45:52','2022-10-11 20:19:58','2022-10-11 20:19:58');
INSERT INTO `cta_cte_cliente` VALUES (930,193,2,40922,1989,13,109754,1,0,'2022-05-04',13000.00,1,1.00,'Factura C N°: 0005-00001011',NULL,'2022-10-04 15:45:52','2022-10-11 20:19:58','2022-10-11 20:19:58'),(931,193,2,40922,1989,13,109754,1,0,'2022-05-04',4000.00,1,1.00,'Factura C N°: 0005-00001012',NULL,'2022-10-04 15:45:52','2022-10-11 20:19:58','2022-10-11 20:19:58'),(932,193,2,40922,1989,13,109754,1,0,'2022-05-04',3000.00,1,1.00,'Factura C N°: 0005-00001013',NULL,'2022-10-04 15:45:52','2022-10-11 20:19:58','2022-10-11 20:19:58'),(933,193,2,40922,1989,13,109754,1,0,'2022-05-04',5000.00,1,1.00,'Factura C N°: 0005-00001014',NULL,'2022-10-04 15:45:52','2022-10-11 20:19:58','2022-10-11 20:19:58'),(934,193,2,40922,1989,13,109754,1,0,'2022-05-05',4000.00,1,1.00,'Factura C N°: 0005-00001015',NULL,'2022-10-04 15:45:52','2022-10-11 20:19:58','2022-10-11 20:19:58'),(935,193,2,40922,41251,13,109754,1,0,'2022-05-05',5000.00,1,1.00,'Factura C N°: 0005-00001016',NULL,'2022-10-04 15:45:52','2022-10-11 20:19:58','2022-10-11 20:19:58'),(936,193,2,40922,1989,13,109754,1,0,'2022-05-05',3000.00,1,1.00,'Factura C N°: 0005-00001017',NULL,'2022-10-04 15:45:52','2022-10-11 20:19:58','2022-10-11 20:19:58'),(937,193,2,40922,41252,13,109754,1,0,'2022-05-06',20000.00,1,1.00,'Factura C N°: 0005-00001018',NULL,'2022-10-04 15:45:52','2022-10-11 20:19:58','2022-10-11 20:19:58'),(938,193,2,40922,1989,13,109754,1,0,'2022-05-06',4500.00,1,1.00,'Factura C N°: 0005-00001019',NULL,'2022-10-04 15:45:53','2022-10-11 20:19:58','2022-10-11 20:19:58'),(939,193,2,40922,1989,13,109754,1,0,'2022-05-06',3000.00,1,1.00,'Factura C N°: 0005-00001020',NULL,'2022-10-04 15:45:53','2022-10-11 20:19:58','2022-10-11 20:19:58'),(940,193,2,40922,41253,13,109754,1,0,'2022-05-09',4500.00,1,1.00,'Factura C N°: 0005-00001021',NULL,'2022-10-04 15:45:53','2022-10-11 20:19:58','2022-10-11 20:19:58'),(941,193,2,40922,1989,13,109754,1,0,'2022-05-09',3000.00,1,1.00,'Factura C N°: 0005-00001022',NULL,'2022-10-04 15:45:53','2022-10-11 20:19:58','2022-10-11 20:19:58'),(942,193,2,40922,1989,13,109754,1,0,'2022-05-10',8000.00,1,1.00,'Factura C N°: 0005-00001023',NULL,'2022-10-04 15:45:53','2022-10-11 20:19:58','2022-10-11 20:19:58'),(943,193,2,40922,41254,13,109754,1,0,'2022-05-10',20000.00,1,1.00,'Factura C N°: 0005-00001024',NULL,'2022-10-04 15:45:53','2022-10-11 20:19:58','2022-10-11 20:19:58'),(944,193,2,40922,1989,13,109754,1,0,'2022-05-11',4000.00,1,1.00,'Factura C N°: 0005-00001025',NULL,'2022-10-04 15:45:53','2022-10-11 20:19:58','2022-10-11 20:19:58'),(945,193,2,40922,1989,13,109754,1,0,'2022-05-11',10000.00,1,1.00,'Factura C N°: 0005-00001026',NULL,'2022-10-04 15:45:53','2022-10-11 20:19:58','2022-10-11 20:19:58'),(946,193,2,40922,1989,13,109754,1,0,'2022-05-11',3000.00,1,1.00,'Factura C N°: 0005-00001027',NULL,'2022-10-04 15:45:53','2022-10-11 20:19:58','2022-10-11 20:19:58'),(947,193,2,40922,1989,13,109754,1,0,'2022-05-11',2000.00,1,1.00,'Factura C N°: 0005-00001028',NULL,'2022-10-04 15:45:54','2022-10-11 20:19:58','2022-10-11 20:19:58'),(948,193,2,40922,1989,13,109754,1,0,'2022-05-11',3000.00,1,1.00,'Factura C N°: 0005-00001029',NULL,'2022-10-04 15:45:54','2022-10-11 20:19:58','2022-10-11 20:19:58'),(949,193,2,40922,1989,13,109754,1,0,'2022-05-11',4000.00,1,1.00,'Factura C N°: 0005-00001030',NULL,'2022-10-04 15:45:54','2022-10-11 20:19:58','2022-10-11 20:19:58'),(950,193,2,40922,1989,13,109754,1,0,'2022-05-12',4000.00,1,1.00,'Factura C N°: 0005-00001031',NULL,'2022-10-04 15:45:54','2022-10-11 20:19:58','2022-10-11 20:19:58'),(951,193,2,40922,1989,13,109754,1,0,'2022-05-12',5000.00,1,1.00,'Factura C N°: 0005-00001032',NULL,'2022-10-04 15:45:54','2022-10-11 20:19:58','2022-10-11 20:19:58'),(952,193,2,40922,1989,13,109754,1,0,'2022-05-12',4000.00,1,1.00,'Factura C N°: 0005-00001033',NULL,'2022-10-04 15:45:54','2022-10-11 20:19:58','2022-10-11 20:19:58'),(953,193,2,40922,41255,13,109754,1,0,'2022-05-13',11000.00,1,1.00,'Factura C N°: 0005-00001034',NULL,'2022-10-04 15:45:54','2022-10-11 20:19:58','2022-10-11 20:19:58');
INSERT INTO `cta_cte_cliente` VALUES (954,193,2,40922,1989,13,109754,1,0,'2022-05-16',2000.00,1,1.00,'Factura C N°: 0005-00001035',NULL,'2022-10-04 15:45:54','2022-10-11 20:19:58','2022-10-11 20:19:58'),(955,193,2,40922,1989,13,109754,1,0,'2022-05-16',8000.00,1,1.00,'Factura C N°: 0005-00001036',NULL,'2022-10-04 15:45:54','2022-10-11 20:19:58','2022-10-11 20:19:58'),(956,193,2,40922,1989,13,109754,1,0,'2022-05-16',3000.00,1,1.00,'Factura C N°: 0005-00001037',NULL,'2022-10-04 15:45:54','2022-10-11 20:19:58','2022-10-11 20:19:58'),(957,193,2,40922,1989,13,109754,1,0,'2022-05-16',3000.00,1,1.00,'Factura C N°: 0005-00001038',NULL,'2022-10-04 15:45:55','2022-10-11 20:19:58','2022-10-11 20:19:58'),(958,193,2,40922,1989,13,109754,1,0,'2022-05-16',3000.00,1,1.00,'Factura C N°: 0005-00001039',NULL,'2022-10-04 15:45:55','2022-10-11 20:19:58','2022-10-11 20:19:58'),(959,193,2,40922,1989,13,109754,1,0,'2022-05-16',5000.00,1,1.00,'Factura C N°: 0005-00001040',NULL,'2022-10-04 15:45:55','2022-10-11 20:19:58','2022-10-11 20:19:58'),(960,193,2,40922,1989,13,109754,1,0,'2022-05-17',4000.00,1,1.00,'Factura C N°: 0005-00001041',NULL,'2022-10-04 15:45:55','2022-10-11 20:19:58','2022-10-11 20:19:58'),(961,193,2,40922,1989,13,109754,1,0,'2022-05-17',2800.00,1,1.00,'Factura C N°: 0005-00001042',NULL,'2022-10-04 15:45:55','2022-10-11 20:19:59','2022-10-11 20:19:59'),(962,193,2,40922,1989,13,109754,1,0,'2022-05-18',5000.00,1,1.00,'Factura C N°: 0005-00001043',NULL,'2022-10-04 15:45:55','2022-10-11 20:19:59','2022-10-11 20:19:59'),(963,193,2,40922,41256,13,109754,1,0,'2022-05-18',25000.00,1,1.00,'Factura C N°: 0005-00001044',NULL,'2022-10-04 15:45:55','2022-10-11 20:19:59','2022-10-11 20:19:59'),(964,193,2,40922,41257,13,109754,1,0,'2022-05-18',4000.00,1,1.00,'Factura C N°: 0005-00001045',NULL,'2022-10-04 15:45:55','2022-10-11 20:19:59','2022-10-11 20:19:59'),(965,193,2,40922,41196,13,109754,1,0,'2022-05-18',20000.00,1,1.00,'Factura C N°: 0005-00001046',NULL,'2022-10-04 15:45:55','2022-10-11 20:19:59','2022-10-11 20:19:59'),(966,193,2,40922,1989,13,109754,1,0,'2022-05-19',5000.00,1,1.00,'Factura C N°: 0005-00001047',NULL,'2022-10-04 15:45:55','2022-10-11 20:19:59','2022-10-11 20:19:59'),(967,193,2,40922,1989,13,109754,1,0,'2022-05-19',4000.00,1,1.00,'Factura C N°: 0005-00001048',NULL,'2022-10-04 15:45:55','2022-10-11 20:19:59','2022-10-11 20:19:59'),(968,193,2,40922,1989,13,109754,1,0,'2022-05-19',4000.00,1,1.00,'Factura C N°: 0005-00001049',NULL,'2022-10-04 15:45:56','2022-10-11 20:19:59','2022-10-11 20:19:59'),(969,193,2,40922,1989,13,109754,1,0,'2022-05-19',3280.00,1,1.00,'Factura C N°: 0005-00001050',NULL,'2022-10-04 15:45:56','2022-10-11 20:19:59','2022-10-11 20:19:59'),(970,193,2,40922,1989,13,109754,1,0,'2022-05-19',4000.00,1,1.00,'Factura C N°: 0005-00001051',NULL,'2022-10-04 15:45:56','2022-10-11 20:19:59','2022-10-11 20:19:59'),(971,193,2,40922,1989,13,109754,1,0,'2022-05-19',10000.00,1,1.00,'Factura C N°: 0005-00001052',NULL,'2022-10-04 15:45:56','2022-10-11 20:19:59','2022-10-11 20:19:59'),(972,193,2,40922,1989,13,109754,1,0,'2022-05-19',10000.00,1,1.00,'Factura C N°: 0005-00001053',NULL,'2022-10-04 15:45:56','2022-10-11 20:19:59','2022-10-11 20:19:59'),(973,193,2,40922,1989,13,109754,1,0,'2022-05-20',5000.00,1,1.00,'Factura C N°: 0005-00001054',NULL,'2022-10-04 15:45:56','2022-10-11 20:19:59','2022-10-11 20:19:59'),(974,193,2,40922,1989,13,109754,1,0,'2022-05-20',10000.00,1,1.00,'Factura C N°: 0005-00001055',NULL,'2022-10-04 15:45:56','2022-10-11 20:19:59','2022-10-11 20:19:59'),(975,193,2,40922,1989,13,109754,1,0,'2022-05-20',7000.00,1,1.00,'Factura C N°: 0005-00001056',NULL,'2022-10-04 15:45:56','2022-10-11 20:19:59','2022-10-11 20:19:59'),(976,193,2,40922,1989,13,109754,1,0,'2022-05-20',3000.00,1,1.00,'Factura C N°: 0005-00001057',NULL,'2022-10-04 15:45:57','2022-10-11 20:19:59','2022-10-11 20:19:59'),(977,193,2,40922,1989,13,109754,1,0,'2022-05-20',3000.00,1,1.00,'Factura C N°: 0005-00001058',NULL,'2022-10-04 15:45:57','2022-10-11 20:19:59','2022-10-11 20:19:59');
INSERT INTO `cta_cte_cliente` VALUES (978,193,2,40922,41258,13,109754,1,0,'2022-05-23',7000.00,1,1.00,'Factura C N°: 0005-00001059',NULL,'2022-10-04 15:45:57','2022-10-11 20:19:59','2022-10-11 20:19:59'),(979,193,2,40922,1989,13,109754,1,0,'2022-05-23',4000.00,1,1.00,'Factura C N°: 0005-00001060',NULL,'2022-10-04 15:45:57','2022-10-11 20:19:59','2022-10-11 20:19:59'),(980,193,2,40922,41249,13,109754,1,0,'2022-05-23',10000.00,1,1.00,'Factura C N°: 0005-00001061',NULL,'2022-10-04 15:45:57','2022-10-11 20:19:59','2022-10-11 20:19:59'),(981,193,2,40922,1989,13,109754,1,0,'2022-05-24',5000.00,1,1.00,'Factura C N°: 0005-00001064',NULL,'2022-10-04 15:45:57','2022-10-11 20:19:59','2022-10-11 20:19:59'),(982,193,2,40922,1989,13,109754,1,0,'2022-05-24',5000.00,1,1.00,'Factura C N°: 0005-00001065',NULL,'2022-10-04 15:45:57','2022-10-11 20:19:59','2022-10-11 20:19:59'),(983,193,2,40922,1989,13,109754,1,0,'2022-05-24',4000.00,1,1.00,'Factura C N°: 0005-00001062',NULL,'2022-10-04 15:45:57','2022-10-11 20:19:59','2022-10-11 20:19:59'),(984,193,2,40922,1989,13,109754,1,0,'2022-05-24',5000.00,1,1.00,'Factura C N°: 0005-00001063',NULL,'2022-10-04 15:45:57','2022-10-11 20:19:59','2022-10-11 20:19:59'),(985,193,2,40922,1989,13,109754,1,0,'2022-05-26',3000.00,1,1.00,'Factura C N°: 0005-00001066',NULL,'2022-10-04 15:45:57','2022-10-11 20:19:59','2022-10-11 20:19:59'),(986,193,2,40922,1989,13,109754,1,0,'2022-05-26',10000.00,1,1.00,'Factura C N°: 0005-00001067',NULL,'2022-10-04 15:45:57','2022-10-11 20:19:59','2022-10-11 20:19:59'),(987,193,2,40922,1989,13,109754,1,0,'2022-05-26',5000.00,1,1.00,'Factura C N°: 0005-00001068',NULL,'2022-10-04 15:45:57','2022-10-11 20:19:59','2022-10-11 20:19:59'),(988,193,2,40922,1989,13,109754,1,0,'2022-05-26',10000.00,1,1.00,'Factura C N°: 0005-00001069',NULL,'2022-10-04 15:45:58','2022-10-11 20:19:59','2022-10-11 20:19:59'),(989,193,2,40922,1989,13,109754,1,0,'2022-05-26',4000.00,1,1.00,'Factura C N°: 0005-00001070',NULL,'2022-10-04 15:45:58','2022-10-11 20:19:59','2022-10-11 20:19:59'),(990,193,2,40922,41252,13,109754,1,0,'2022-05-26',17500.00,1,1.00,'Factura C N°: 0005-00001071',NULL,'2022-10-04 15:45:58','2022-10-11 20:19:59','2022-10-11 20:19:59'),(991,193,2,40922,1989,13,109754,1,0,'2022-05-26',2500.00,1,1.00,'Factura C N°: 0005-00001072',NULL,'2022-10-04 15:45:58','2022-10-11 20:19:59','2022-10-11 20:19:59'),(992,193,2,40922,1989,13,109754,1,0,'2022-05-27',5000.00,1,1.00,'Factura C N°: 0005-00001073',NULL,'2022-10-04 15:45:58','2022-10-11 20:19:59','2022-10-11 20:19:59'),(993,193,2,40922,1989,13,109754,1,0,'2022-05-27',9000.00,1,1.00,'Factura C N°: 0005-00001074',NULL,'2022-10-04 15:45:58','2022-10-11 20:19:59','2022-10-11 20:19:59'),(994,193,2,40922,1989,13,109754,1,0,'2022-05-30',9500.00,1,1.00,'Factura C N°: 0005-00001075',NULL,'2022-10-04 15:45:58','2022-10-11 20:19:59','2022-10-11 20:19:59'),(995,193,2,40922,1989,13,109754,1,0,'2022-05-30',10000.00,1,1.00,'Factura C N°: 0005-00001076',NULL,'2022-10-04 15:45:58','2022-10-11 20:19:59','2022-10-11 20:19:59'),(996,193,2,40922,1989,13,109754,1,0,'2022-05-31',4000.00,1,1.00,'Factura C N°: 0005-00001077',NULL,'2022-10-04 15:45:58','2022-10-11 20:19:59','2022-10-11 20:19:59'),(997,193,2,40922,1989,13,109754,1,0,'2022-05-31',5000.00,1,1.00,'Factura C N°: 0005-00001078',NULL,'2022-10-04 15:45:58','2022-10-11 20:19:59','2022-10-11 20:19:59'),(998,193,2,40922,1989,13,109754,1,0,'2022-05-31',4000.00,1,1.00,'Factura C N°: 0005-00001079',NULL,'2022-10-04 15:45:59','2022-10-11 20:19:59','2022-10-11 20:19:59'),(999,193,2,40922,1989,13,109754,1,0,'2022-05-31',8000.00,1,1.00,'Factura C N°: 0005-00001080',NULL,'2022-10-04 15:45:59','2022-10-11 20:19:59','2022-10-11 20:19:59'),(1000,193,2,40922,1989,13,109754,1,0,'2022-05-31',5000.00,1,1.00,'Factura C N°: 0005-00001081',NULL,'2022-10-04 15:45:59','2022-10-11 20:19:59','2022-10-11 20:19:59'),(1001,193,2,40922,1989,13,109754,1,0,'2022-04-01',3500.00,1,1.00,'Factura C N°: 0005-00000957',NULL,'2022-10-04 15:46:25','2022-10-11 20:19:59','2022-10-11 20:19:59');
INSERT INTO `cta_cte_cliente` VALUES (1002,193,2,40922,1989,13,109754,1,0,'2022-04-05',2000.00,1,1.00,'Factura C N°: 0005-00000958',NULL,'2022-10-04 15:46:25','2022-10-11 20:19:59','2022-10-11 20:19:59'),(1003,193,2,40922,1989,13,109754,1,0,'2022-04-05',3580.00,1,1.00,'Factura C N°: 0005-00000959',NULL,'2022-10-04 15:46:25','2022-10-11 20:19:59','2022-10-11 20:19:59'),(1004,193,2,40922,1989,13,109754,1,0,'2022-04-05',9000.00,1,1.00,'Factura C N°: 0005-00000960',NULL,'2022-10-04 15:46:25','2022-10-11 20:19:59','2022-10-11 20:19:59'),(1005,193,2,40922,41259,13,109754,1,0,'2022-04-06',10000.00,1,1.00,'Factura C N°: 0005-00000961',NULL,'2022-10-04 15:46:25','2022-10-11 20:19:59','2022-10-11 20:19:59'),(1006,193,2,40922,1989,13,109754,1,0,'2022-04-07',4000.00,1,1.00,'Factura C N°: 0005-00000962',NULL,'2022-10-04 15:46:25','2022-10-11 20:19:59','2022-10-11 20:19:59'),(1007,193,2,40922,41260,13,109754,1,0,'2022-04-07',5000.00,1,1.00,'Factura C N°: 0005-00000963',NULL,'2022-10-04 15:46:25','2022-10-11 20:20:00','2022-10-11 20:20:00'),(1008,193,2,40922,41249,13,109754,1,0,'2022-04-08',20000.00,1,1.00,'Factura C N°: 0005-00000964',NULL,'2022-10-04 15:46:25','2022-10-11 20:20:00','2022-10-11 20:20:00'),(1009,193,2,40922,1989,13,109754,1,0,'2022-04-12',7000.00,1,1.00,'Factura C N°: 0005-00000965',NULL,'2022-10-04 15:46:26','2022-10-11 20:20:00','2022-10-11 20:20:00'),(1010,193,2,40922,1989,13,109754,1,0,'2022-04-12',8000.00,1,1.00,'Factura C N°: 0005-00000966',NULL,'2022-10-04 15:46:26','2022-10-11 20:20:00','2022-10-11 20:20:00'),(1011,193,2,40922,1989,13,109754,1,0,'2022-04-14',8000.00,1,1.00,'Factura C N°: 0005-00000967',NULL,'2022-10-04 15:46:26','2022-10-11 20:20:00','2022-10-11 20:20:00'),(1012,193,2,40922,1989,13,109754,1,0,'2022-04-14',4000.00,1,1.00,'Factura C N°: 0005-00000968',NULL,'2022-10-04 15:46:26','2022-10-11 20:20:00','2022-10-11 20:20:00'),(1013,193,2,40922,1989,13,109754,1,0,'2022-04-14',10000.00,1,1.00,'Factura C N°: 0005-00000969',NULL,'2022-10-04 15:46:26','2022-10-11 20:20:00','2022-10-11 20:20:00'),(1014,193,2,40922,41261,13,109754,1,0,'2022-04-18',2000.00,1,1.00,'Factura C N°: 0005-00000970',NULL,'2022-10-04 15:46:26','2022-10-11 20:20:00','2022-10-11 20:20:00'),(1015,193,2,40922,1989,13,109754,1,0,'2022-04-18',4000.00,1,1.00,'Factura C N°: 0005-00000971',NULL,'2022-10-04 15:46:26','2022-10-11 20:20:00','2022-10-11 20:20:00'),(1016,193,2,40922,1989,13,109754,1,0,'2022-04-18',4000.00,1,1.00,'Factura C N°: 0005-00000972',NULL,'2022-10-04 15:46:26','2022-10-11 20:20:00','2022-10-11 20:20:00'),(1017,193,2,40922,1989,13,109754,1,0,'2022-04-19',8000.00,1,1.00,'Factura C N°: 0005-00000973',NULL,'2022-10-04 15:46:26','2022-10-11 20:20:00','2022-10-11 20:20:00'),(1018,193,2,40922,41262,13,109754,1,0,'2022-04-19',5000.00,1,1.00,'Factura C N°: 0005-00000974',NULL,'2022-10-04 15:46:27','2022-10-11 20:20:00','2022-10-11 20:20:00'),(1019,193,2,40922,1989,13,109754,1,0,'2022-04-20',2000.00,1,1.00,'Factura C N°: 0005-00000975',NULL,'2022-10-04 15:46:27','2022-10-11 20:20:00','2022-10-11 20:20:00'),(1020,193,2,40922,1989,13,109754,1,0,'2022-04-20',6500.00,1,1.00,'Factura C N°: 0005-00000976',NULL,'2022-10-04 15:46:27','2022-10-11 20:20:00','2022-10-11 20:20:00'),(1021,193,2,40922,41263,13,109754,1,0,'2022-04-20',10000.00,1,1.00,'Factura C N°: 0005-00000977',NULL,'2022-10-04 15:46:27','2022-10-11 20:20:00','2022-10-11 20:20:00'),(1022,193,2,40922,1989,13,109754,1,0,'2022-04-20',5000.00,1,1.00,'Factura C N°: 0005-00000978',NULL,'2022-10-04 15:46:27','2022-10-11 20:20:00','2022-10-11 20:20:00'),(1023,193,2,40922,1989,13,109754,1,0,'2022-04-20',4000.00,1,1.00,'Factura C N°: 0005-00000979',NULL,'2022-10-04 15:46:27','2022-10-11 20:20:00','2022-10-11 20:20:00'),(1024,193,2,40922,1989,13,109754,1,0,'2022-04-20',2000.00,1,1.00,'Factura C N°: 0005-00000980',NULL,'2022-10-04 15:46:27','2022-10-11 20:20:00','2022-10-11 20:20:00');
INSERT INTO `cta_cte_cliente` VALUES (1025,193,2,40922,1989,13,109754,1,0,'2022-04-21',4000.00,1,1.00,'Factura C N°: 0005-00000981',NULL,'2022-10-04 15:46:27','2022-10-11 20:20:00','2022-10-11 20:20:00'),(1026,193,2,40922,1989,13,109754,1,0,'2022-04-21',4000.00,1,1.00,'Factura C N°: 0005-00000982',NULL,'2022-10-04 15:46:27','2022-10-11 20:20:00','2022-10-11 20:20:00'),(1027,193,2,40922,1989,13,109754,1,0,'2022-04-21',3000.00,1,1.00,'Factura C N°: 0005-00000983',NULL,'2022-10-04 15:46:27','2022-10-11 20:20:00','2022-10-11 20:20:00'),(1028,193,2,40922,1989,13,109754,1,0,'2022-04-21',5000.00,1,1.00,'Factura C N°: 0005-00000984',NULL,'2022-10-04 15:46:27','2022-10-11 20:20:00','2022-10-11 20:20:00'),(1029,193,2,40922,1989,13,109754,1,0,'2022-04-21',5840.00,1,1.00,'Factura C N°: 0005-00000985',NULL,'2022-10-04 15:46:27','2022-10-11 20:20:00','2022-10-11 20:20:00'),(1030,193,2,40922,1989,13,109754,1,0,'2022-04-22',2000.00,1,1.00,'Factura C N°: 0005-00000986',NULL,'2022-10-04 15:46:27','2022-10-11 20:20:00','2022-10-11 20:20:00'),(1031,193,2,40922,1989,13,109754,1,0,'2022-04-25',13000.00,1,1.00,'Factura C N°: 0005-00000987',NULL,'2022-10-04 15:46:28','2022-10-11 20:20:00','2022-10-11 20:20:00'),(1032,193,2,40922,1989,13,109754,1,0,'2022-04-25',2500.00,1,1.00,'Factura C N°: 0005-00000988',NULL,'2022-10-04 15:46:28','2022-10-11 20:20:00','2022-10-11 20:20:00'),(1033,193,2,40922,1989,13,109754,1,0,'2022-04-25',7000.00,1,1.00,'Factura C N°: 0005-00000989',NULL,'2022-10-04 15:46:28','2022-10-11 20:20:00','2022-10-11 20:20:00'),(1034,193,2,40922,1989,13,109754,1,0,'2022-04-25',5000.00,1,1.00,'Factura C N°: 0005-00000990',NULL,'2022-10-04 15:46:28','2022-10-11 20:20:00','2022-10-11 20:20:00'),(1035,193,2,40922,1989,13,109754,1,0,'2022-04-25',5000.00,1,1.00,'Factura C N°: 0005-00000991',NULL,'2022-10-04 15:46:28','2022-10-11 20:20:00','2022-10-11 20:20:00'),(1036,193,2,40922,1989,13,109754,1,0,'2022-04-25',3000.00,1,1.00,'Factura C N°: 0005-00000992',NULL,'2022-10-04 15:46:28','2022-10-11 20:20:00','2022-10-11 20:20:00'),(1037,193,2,40922,1989,13,109754,1,0,'2022-04-25',2000.00,1,1.00,'Factura C N°: 0005-00000993',NULL,'2022-10-04 15:46:29','2022-10-11 20:20:00','2022-10-11 20:20:00'),(1038,193,2,40922,1989,13,109754,1,0,'2022-04-26',2000.00,1,1.00,'Factura C N°: 0005-00000994',NULL,'2022-10-04 15:46:29','2022-10-11 20:20:00','2022-10-11 20:20:00'),(1039,193,2,40922,1989,13,109754,1,0,'2022-04-26',8000.00,1,1.00,'Factura C N°: 0005-00000995',NULL,'2022-10-04 15:46:29','2022-10-11 20:20:00','2022-10-11 20:20:00'),(1040,193,2,40922,1989,13,109754,1,0,'2022-04-27',3500.00,1,1.00,'Factura C N°: 0005-00000996',NULL,'2022-10-04 15:46:29','2022-10-11 20:20:00','2022-10-11 20:20:00'),(1041,193,2,40922,1989,13,109754,1,0,'2022-04-27',8000.00,1,1.00,'Factura C N°: 0005-00000997',NULL,'2022-10-04 15:46:29','2022-10-11 20:20:00','2022-10-11 20:20:00'),(1042,193,2,40922,1989,13,109754,1,0,'2022-04-27',10000.00,1,1.00,'Factura C N°: 0005-00000998',NULL,'2022-10-04 15:46:29','2022-10-11 20:20:00','2022-10-11 20:20:00'),(1043,193,2,40922,1989,13,109754,1,0,'2022-04-27',3000.00,1,1.00,'Factura C N°: 0005-00000999',NULL,'2022-10-04 15:46:29','2022-10-11 20:20:00','2022-10-11 20:20:00'),(1044,193,2,40922,41264,13,109754,1,0,'2022-04-29',20000.00,1,1.00,'Factura C N°: 0005-00001000',NULL,'2022-10-04 15:46:30','2022-10-11 20:20:00','2022-10-11 20:20:00'),(1045,193,2,40922,1989,13,109754,1,0,'2022-04-29',3000.00,1,1.00,'Factura C N°: 0005-00001001',NULL,'2022-10-04 15:46:30','2022-10-11 20:20:00','2022-10-11 20:20:00'),(1046,193,2,40922,1989,13,109754,1,0,'2022-04-29',10000.00,1,1.00,'Factura C N°: 0005-00001002',NULL,'2022-10-04 15:46:30','2022-10-11 20:20:00','2022-10-11 20:20:00'),(1047,193,2,40922,1989,13,109754,1,0,'2022-04-29',900.00,1,1.00,'Factura C N°: 0005-00001003',NULL,'2022-10-04 15:46:30','2022-10-11 20:20:01','2022-10-11 20:20:01');
INSERT INTO `cta_cte_cliente` VALUES (1048,193,2,40922,1989,13,109754,1,0,'2022-04-29',3000.00,1,1.00,'Factura C N°: 0005-00001004',NULL,'2022-10-04 15:46:30','2022-10-11 20:20:01','2022-10-11 20:20:01'),(1049,193,2,40922,1989,13,109754,1,0,'2022-03-02',3000.00,1,1.00,'Factura C N°: 0005-00000928',NULL,'2022-10-04 15:47:12','2022-10-11 20:20:01','2022-10-11 20:20:01'),(1050,193,2,40922,1989,13,109754,1,0,'2022-03-02',6000.00,1,1.00,'Factura C N°: 0005-00000929',NULL,'2022-10-04 15:47:12','2022-10-11 20:20:01','2022-10-11 20:20:01'),(1051,193,2,40922,1989,13,109754,1,0,'2022-03-02',4000.00,1,1.00,'Factura C N°: 0005-00000930',NULL,'2022-10-04 15:47:12','2022-10-11 20:20:01','2022-10-11 20:20:01'),(1052,193,2,40922,1989,13,109754,1,0,'2022-03-03',7000.00,1,1.00,'Factura C N°: 0005-00000931',NULL,'2022-10-04 15:47:12','2022-10-11 20:20:01','2022-10-11 20:20:01'),(1053,193,2,40922,41265,13,109754,1,0,'2022-03-03',10000.00,1,1.00,'Factura C N°: 0005-00000932',NULL,'2022-10-04 15:47:12','2022-10-11 20:20:01','2022-10-11 20:20:01'),(1054,193,2,40922,1989,13,109754,1,0,'2022-03-03',4000.00,1,1.00,'Factura C N°: 0005-00000933',NULL,'2022-10-04 15:47:12','2022-10-11 20:20:01','2022-10-11 20:20:01'),(1055,193,2,40922,1989,13,109754,1,0,'2022-03-03',3000.00,1,1.00,'Factura C N°: 0005-00000934',NULL,'2022-10-04 15:47:13','2022-10-11 20:20:01','2022-10-11 20:20:01'),(1056,193,2,40922,1989,13,109754,1,0,'2022-03-03',3000.00,1,1.00,'Factura C N°: 0005-00000935',NULL,'2022-10-04 15:47:13','2022-10-11 20:20:01','2022-10-11 20:20:01'),(1057,193,2,40922,1989,13,109754,1,0,'2022-03-04',3000.00,1,1.00,'Factura C N°: 0005-00000936',NULL,'2022-10-04 15:47:13','2022-10-11 20:20:01','2022-10-11 20:20:01'),(1058,193,2,40922,1989,13,109754,1,0,'2022-03-04',7000.00,1,1.00,'Factura C N°: 0005-00000937',NULL,'2022-10-04 15:47:13','2022-10-11 20:20:01','2022-10-11 20:20:01'),(1059,193,2,40922,41196,13,109754,1,0,'2022-03-16',20000.00,1,1.00,'Factura C N°: 0005-00000938',NULL,'2022-10-04 15:47:13','2022-10-11 20:20:01','2022-10-11 20:20:01'),(1060,193,2,40922,1989,13,109754,1,0,'2022-03-17',5000.00,1,1.00,'Factura C N°: 0005-00000939',NULL,'2022-10-04 15:47:13','2022-10-11 20:20:01','2022-10-11 20:20:01'),(1061,193,2,40922,1989,13,109754,1,0,'2022-03-17',3000.00,1,1.00,'Factura C N°: 0005-00000940',NULL,'2022-10-04 15:47:13','2022-10-11 20:20:01','2022-10-11 20:20:01'),(1062,193,2,40922,1989,13,109754,1,0,'2022-03-17',4000.00,1,1.00,'Factura C N°: 0005-00000941',NULL,'2022-10-04 15:47:13','2022-10-11 20:20:01','2022-10-11 20:20:01'),(1063,193,2,40922,1989,13,109754,1,0,'2022-03-17',5000.00,1,1.00,'Factura C N°: 0005-00000942',NULL,'2022-10-04 15:47:13','2022-10-11 20:20:01','2022-10-11 20:20:01'),(1064,193,2,40922,1989,13,109754,1,0,'2022-03-17',2000.00,1,1.00,'Factura C N°: 0005-00000943',NULL,'2022-10-04 15:47:13','2022-10-11 20:20:01','2022-10-11 20:20:01'),(1065,193,2,40922,1989,13,109754,1,0,'2022-03-17',1500.00,1,1.00,'Factura C N°: 0005-00000944',NULL,'2022-10-04 15:47:14','2022-10-11 20:20:01','2022-10-11 20:20:01'),(1066,193,2,40922,1989,13,109754,1,0,'2022-03-21',2000.00,1,1.00,'Factura C N°: 0005-00000945',NULL,'2022-10-04 15:47:14','2022-10-11 20:20:01','2022-10-11 20:20:01'),(1067,193,2,40922,1989,13,109754,1,0,'2022-03-21',3000.00,1,1.00,'Factura C N°: 0005-00000946',NULL,'2022-10-04 15:47:14','2022-10-11 20:20:02','2022-10-11 20:20:02'),(1068,193,2,40922,1989,13,109754,1,0,'2022-03-21',1780.00,1,1.00,'Factura C N°: 0005-00000947',NULL,'2022-10-04 15:47:14','2022-10-11 20:20:02','2022-10-11 20:20:02'),(1069,193,2,40922,1989,13,109754,1,0,'2022-03-22',3000.00,1,1.00,'Factura C N°: 0005-00000948',NULL,'2022-10-04 15:47:14','2022-10-11 20:20:02','2022-10-11 20:20:02'),(1070,193,2,40922,1989,13,109754,1,0,'2022-03-22',4000.00,1,1.00,'Factura C N°: 0005-00000949',NULL,'2022-10-04 15:47:14','2022-10-11 20:20:02','2022-10-11 20:20:02');
INSERT INTO `cta_cte_cliente` VALUES (1071,193,2,40922,1989,13,109754,1,0,'2022-03-22',4560.00,1,1.00,'Factura C N°: 0005-00000950',NULL,'2022-10-04 15:47:14','2022-10-11 20:20:02','2022-10-11 20:20:02'),(1072,193,2,40922,1989,13,109754,1,0,'2022-03-23',5000.00,1,1.00,'Factura C N°: 0005-00000951',NULL,'2022-10-04 15:47:14','2022-10-11 20:20:02','2022-10-11 20:20:02'),(1073,193,2,40922,1989,13,109754,1,0,'2022-03-28',1500.00,1,1.00,'Factura C N°: 0005-00000952',NULL,'2022-10-04 15:47:14','2022-10-11 20:20:02','2022-10-11 20:20:02'),(1074,193,2,40922,1989,13,109754,1,0,'2022-03-30',1500.00,1,1.00,'Factura C N°: 0005-00000953',NULL,'2022-10-04 15:47:14','2022-10-11 20:20:02','2022-10-11 20:20:02'),(1075,193,2,40922,1989,13,109754,1,0,'2022-03-31',2000.00,1,1.00,'Factura C N°: 0005-00000954',NULL,'2022-10-04 15:47:14','2022-10-11 20:20:02','2022-10-11 20:20:02'),(1076,193,2,40922,1989,13,109754,1,0,'2022-03-31',4000.00,1,1.00,'Factura C N°: 0005-00000955',NULL,'2022-10-04 15:47:15','2022-10-11 20:20:02','2022-10-11 20:20:02'),(1077,193,2,40922,1989,13,109754,1,0,'2022-03-31',3000.00,1,1.00,'Factura C N°: 0005-00000956',NULL,'2022-10-04 15:47:15','2022-10-11 20:20:02','2022-10-11 20:20:02'),(1078,193,2,40922,1989,13,109754,1,0,'2022-02-01',5000.00,1,1.00,'Factura C N°: 0005-00000868',NULL,'2022-10-04 15:49:40','2022-10-11 20:19:14','2022-10-11 20:19:14'),(1079,193,2,40922,1989,13,109754,1,0,'2022-02-01',1500.00,1,1.00,'Factura C N°: 0005-00000869',NULL,'2022-10-04 15:49:40','2022-10-11 20:18:58','2022-10-11 20:18:58'),(1080,193,2,40922,1989,13,109754,1,0,'2022-02-02',4000.00,1,1.00,'Factura C N°: 0005-00000870',NULL,'2022-10-04 15:49:40','2022-10-11 20:18:40','2022-10-11 20:18:40'),(1081,193,2,40922,1989,13,109754,1,0,'2022-02-02',3000.00,1,1.00,'Factura C N°: 0005-00000871',NULL,'2022-10-04 15:49:40','2022-10-11 20:18:19','2022-10-11 20:18:19'),(1082,193,2,40922,41266,13,109754,1,0,'2022-02-03',15000.00,1,1.00,'Factura C N°: 0005-00000872',NULL,'2022-10-04 15:49:41','2022-10-11 20:17:59','2022-10-11 20:17:59'),(1083,193,2,40922,1989,13,109754,1,0,'2022-02-03',3000.00,1,1.00,'Factura C N°: 0005-00000873',NULL,'2022-10-04 15:49:41','2022-10-11 20:17:34','2022-10-11 20:17:34'),(1084,193,2,40922,1989,13,109754,1,0,'2022-02-03',3000.00,1,1.00,'Factura C N°: 0005-00000874',NULL,'2022-10-04 15:49:41','2022-10-11 20:17:10','2022-10-11 20:17:10'),(1085,193,2,40922,1989,13,109754,1,0,'2022-02-03',1500.00,1,1.00,'Factura C N°: 0005-00000875',NULL,'2022-10-04 15:49:41','2022-10-11 20:15:53','2022-10-11 20:15:53'),(1086,193,2,40922,1989,13,109754,1,0,'2022-02-03',1500.00,1,1.00,'Factura C N°: 0005-00000876',NULL,'2022-10-04 15:49:41','2022-10-11 20:15:11','2022-10-11 20:15:11'),(1087,193,2,40922,1989,13,109754,1,0,'2022-02-07',5000.00,1,1.00,'Factura C N°: 0005-00000877',NULL,'2022-10-04 15:49:41','2022-10-11 20:13:54','2022-10-11 20:13:54'),(1088,193,2,40922,41267,13,109754,1,0,'2022-02-07',5050.00,1,1.00,'Factura C N°: 0005-00000878',NULL,'2022-10-04 15:49:41','2022-10-11 20:13:08','2022-10-11 20:13:08'),(1089,193,2,40922,41268,13,109754,1,0,'2022-02-07',9000.00,1,1.00,'Factura C N°: 0005-00000879',NULL,'2022-10-04 15:49:41','2022-10-11 09:00:59','2022-10-11 09:00:59'),(1090,193,2,40922,1989,13,109754,1,0,'2022-02-07',4000.00,1,1.00,'Factura C N°: 0005-00000880',NULL,'2022-10-04 15:49:42','2022-10-11 09:00:43','2022-10-11 09:00:43'),(1091,193,2,40922,41269,13,109754,1,0,'2022-02-07',7000.00,1,1.00,'Factura C N°: 0005-00000881',NULL,'2022-10-04 15:49:42','2022-10-11 09:00:28','2022-10-11 09:00:28'),(1092,193,2,40922,1989,13,109754,1,0,'2022-02-07',3000.00,1,1.00,'Factura C N°: 0005-00000882',NULL,'2022-10-04 15:49:42','2022-10-11 09:00:18','2022-10-11 09:00:18'),(1093,193,2,40922,41263,13,109754,1,0,'2022-02-08',10000.00,1,1.00,'Factura C N°: 0005-00000883',NULL,'2022-10-04 15:49:42','2022-10-11 08:59:55','2022-10-11 08:59:55');
INSERT INTO `cta_cte_cliente` VALUES (1094,193,2,40922,1989,13,109754,1,0,'2022-02-08',5000.00,1,1.00,'Factura C N°: 0005-00000884',NULL,'2022-10-04 15:49:42','2022-10-11 08:59:33','2022-10-11 08:59:33'),(1095,193,2,40922,41270,13,109754,1,0,'2022-02-08',15000.00,1,1.00,'Factura C N°: 0005-00000885',NULL,'2022-10-04 15:49:42','2022-10-11 08:59:24','2022-10-11 08:59:24'),(1096,193,2,40922,41265,13,109754,1,0,'2022-02-08',10000.00,1,1.00,'Factura C N°: 0005-00000886',NULL,'2022-10-04 15:49:42','2022-10-11 08:59:14','2022-10-11 08:59:14'),(1097,193,2,40922,41271,13,109754,1,0,'2022-02-08',18280.00,1,1.00,'Factura C N°: 0005-00000887',NULL,'2022-10-04 15:49:42','2022-10-11 08:58:54','2022-10-11 08:58:54'),(1098,193,2,40922,41272,13,109754,1,0,'2022-02-09',30000.00,1,1.00,'Factura C N°: 0005-00000888',NULL,'2022-10-04 15:49:42','2022-10-11 08:58:46','2022-10-11 08:58:46'),(1099,193,2,40922,41273,13,109754,1,0,'2022-02-09',7000.00,1,1.00,'Factura C N°: 0005-00000889',NULL,'2022-10-04 15:49:42','2022-10-11 08:58:27','2022-10-11 08:58:27'),(1100,193,2,40922,41274,13,109754,1,0,'2022-02-09',7000.00,1,1.00,'Factura C N°: 0005-00000890',NULL,'2022-10-04 15:49:42','2022-10-11 08:58:14','2022-10-11 08:58:14'),(1101,193,2,40922,41275,13,109754,1,0,'2022-02-10',10000.00,1,1.00,'Factura C N°: 0005-00000891',NULL,'2022-10-04 15:49:42','2022-10-11 08:58:03','2022-10-11 08:58:03'),(1102,193,2,40922,1989,13,109754,1,0,'2022-02-10',6500.00,1,1.00,'Factura C N°: 0005-00000892',NULL,'2022-10-04 15:49:42','2022-10-11 08:57:53','2022-10-11 08:57:53'),(1103,193,2,40922,1989,13,109754,1,0,'2022-02-10',4000.00,1,1.00,'Factura C N°: 0005-00000893',NULL,'2022-10-04 15:49:43','2022-10-11 08:57:42','2022-10-11 08:57:42'),(1104,193,2,40922,41252,13,109754,1,0,'2022-02-10',15000.00,1,1.00,'Factura C N°: 0005-00000894',NULL,'2022-10-04 15:49:43','2022-10-11 08:57:32','2022-10-11 08:57:32'),(1105,193,2,40922,1989,13,109754,1,0,'2022-02-11',3000.00,1,1.00,'Factura C N°: 0005-00000895',NULL,'2022-10-04 15:49:43','2022-10-11 08:57:05','2022-10-11 08:57:05'),(1106,193,2,40922,1989,13,109754,1,0,'2022-02-14',4000.00,1,1.00,'Factura C N°: 0005-00000896',NULL,'2022-10-04 15:49:43','2022-10-11 08:56:57','2022-10-11 08:56:57'),(1107,193,2,40922,41264,13,109754,1,0,'2022-02-14',20000.00,1,1.00,'Factura C N°: 0005-00000897',NULL,'2022-10-04 15:49:43','2022-10-11 08:56:47','2022-10-11 08:56:47'),(1108,193,2,40922,1989,13,109754,1,0,'2022-02-15',5000.00,1,1.00,'Factura C N°: 0005-00000898',NULL,'2022-10-04 15:49:43','2022-10-11 08:56:36','2022-10-11 08:56:36'),(1109,193,2,40922,1989,13,109754,1,0,'2022-02-15',4000.00,1,1.00,'Factura C N°: 0005-00000899',NULL,'2022-10-04 15:49:43','2022-10-11 08:56:26','2022-10-11 08:56:26'),(1110,193,2,40922,41276,13,109754,1,0,'2022-02-16',38000.00,1,1.00,'Factura C N°: 0005-00000900',NULL,'2022-10-04 15:49:43','2022-10-11 08:56:16','2022-10-11 08:56:16'),(1111,193,2,40922,41216,13,109754,1,0,'2022-02-16',1500.00,1,1.00,'Factura C N°: 0005-00000901',NULL,'2022-10-04 15:49:43','2022-10-11 08:56:04','2022-10-11 08:56:04'),(1112,193,2,40922,1989,13,109754,1,0,'2022-02-16',4000.00,1,1.00,'Factura C N°: 0005-00000902',NULL,'2022-10-04 15:49:43','2022-10-11 08:55:54','2022-10-11 08:55:54'),(1113,193,2,40922,1989,13,109754,1,0,'2022-02-16',4000.00,1,1.00,'Factura C N°: 0005-00000903',NULL,'2022-10-04 15:49:43','2022-10-11 08:55:44','2022-10-11 08:55:44'),(1114,193,2,40922,1989,13,109754,1,0,'2022-02-16',2000.00,1,1.00,'Factura C N°: 0005-00000904',NULL,'2022-10-04 15:49:43','2022-10-11 08:55:34','2022-10-11 08:55:34'),(1115,193,2,40922,1989,13,109754,1,0,'2022-02-16',3000.00,1,1.00,'Factura C N°: 0005-00000905',NULL,'2022-10-04 15:49:43','2022-10-11 08:55:22','2022-10-11 08:55:22'),(1116,193,2,40922,41277,13,109754,1,0,'2022-02-16',8000.00,1,1.00,'Factura C N°: 0005-00000906',NULL,'2022-10-04 15:49:44','2022-10-11 08:55:11','2022-10-11 08:55:11');
INSERT INTO `cta_cte_cliente` VALUES (1117,193,2,40922,1989,13,109754,1,0,'2022-02-17',4000.00,1,1.00,'Factura C N°: 0005-00000907',NULL,'2022-10-04 15:49:44','2022-10-11 08:55:00','2022-10-11 08:55:00'),(1118,193,2,40922,1989,13,109754,1,0,'2022-02-17',5000.00,1,1.00,'Factura C N°: 0005-00000908',NULL,'2022-10-04 15:49:44','2022-10-11 08:54:49','2022-10-11 08:54:49'),(1119,193,2,40922,41199,13,109754,1,0,'2022-02-18',4000.00,1,1.00,'Factura C N°: 0005-00000909',NULL,'2022-10-04 15:49:44','2022-10-11 08:54:39','2022-10-11 08:54:39'),(1120,193,2,40922,1989,13,109754,1,0,'2022-02-18',1500.00,1,1.00,'Factura C N°: 0005-00000910',NULL,'2022-10-04 15:49:44','2022-10-11 08:54:27','2022-10-11 08:54:27'),(1121,193,2,40922,1989,13,109754,1,0,'2022-02-18',1500.00,1,1.00,'Factura C N°: 0005-00000911',NULL,'2022-10-04 15:49:44','2022-10-11 08:54:13','2022-10-11 08:54:13'),(1122,193,2,40922,1989,13,109754,1,0,'2022-02-21',3000.00,1,1.00,'Factura C N°: 0005-00000912',NULL,'2022-10-04 15:49:44','2022-10-11 08:54:02','2022-10-11 08:54:02'),(1123,193,2,40922,1989,13,109754,1,0,'2022-02-21',6000.00,1,1.00,'Factura C N°: 0005-00000913',NULL,'2022-10-04 15:49:44','2022-10-11 08:53:48','2022-10-11 08:53:48'),(1124,193,2,40922,41197,13,109754,1,0,'2022-02-22',1200.00,1,1.00,'Factura C N°: 0005-00000914',NULL,'2022-10-04 15:49:44','2022-10-11 08:53:38','2022-10-11 08:53:38'),(1125,193,2,40922,41263,13,109754,1,0,'2022-02-22',15000.00,1,1.00,'Factura C N°: 0005-00000915',NULL,'2022-10-04 15:49:44','2022-10-11 08:53:25','2022-10-11 08:53:25'),(1126,193,2,40922,41278,13,109754,1,0,'2022-02-22',3280.00,1,1.00,'Factura C N°: 0005-00000916',NULL,'2022-10-04 15:49:44','2022-10-11 08:53:14','2022-10-11 08:53:14'),(1127,193,2,40922,41279,13,109754,1,0,'2022-02-23',1500.00,1,1.00,'Factura C N°: 0005-00000917',NULL,'2022-10-04 15:49:44','2022-10-11 08:53:01','2022-10-11 08:53:01'),(1128,193,2,40922,1989,13,109754,1,0,'2022-02-23',6000.00,1,1.00,'Factura C N°: 0005-00000918',NULL,'2022-10-04 15:49:44','2022-10-11 08:52:48','2022-10-11 08:52:48'),(1129,193,2,40922,1989,13,109754,1,0,'2022-02-23',3000.00,1,1.00,'Factura C N°: 0005-00000919',NULL,'2022-10-04 15:49:44','2022-10-11 08:52:39','2022-10-11 08:52:39'),(1130,193,2,40922,1989,13,109754,1,0,'2022-02-23',2560.00,1,1.00,'Factura C N°: 0005-00000920',NULL,'2022-10-04 15:49:44','2022-10-11 08:52:24','2022-10-11 08:52:24'),(1131,193,2,40922,41280,13,109754,1,0,'2022-02-23',10000.00,1,1.00,'Factura C N°: 0005-00000921',NULL,'2022-10-04 15:49:44','2022-10-11 08:52:11','2022-10-11 08:52:11'),(1132,193,2,40922,41281,13,109754,1,0,'2022-02-24',4000.00,1,1.00,'Factura C N°: 0005-00000922',NULL,'2022-10-04 15:49:45','2022-10-11 08:52:01','2022-10-11 08:52:01'),(1133,193,2,40922,1989,13,109754,1,0,'2022-02-24',4000.00,1,1.00,'Factura C N°: 0005-00000923',NULL,'2022-10-04 15:49:45','2022-10-11 08:51:46','2022-10-11 08:51:46'),(1134,193,2,40922,1989,13,109754,1,0,'2022-02-24',1500.00,1,1.00,'Factura C N°: 0005-00000924',NULL,'2022-10-04 15:49:45','2022-10-11 08:51:36','2022-10-11 08:51:36'),(1135,193,2,40922,1989,13,109754,1,0,'2022-02-24',3000.00,1,1.00,'Factura C N°: 0005-00000925',NULL,'2022-10-04 15:49:45','2022-10-11 08:51:26','2022-10-11 08:51:26'),(1136,193,2,40922,1989,13,109754,1,0,'2022-02-24',1000.00,1,1.00,'Factura C N°: 0005-00000926',NULL,'2022-10-04 15:49:45','2022-10-11 08:51:12','2022-10-11 08:51:12'),(1137,193,2,40922,1989,13,109754,1,0,'2022-02-25',5000.00,1,1.00,'Factura C N°: 0005-00000927',NULL,'2022-10-04 15:49:45','2022-10-11 08:51:01','2022-10-11 08:51:01'),(1172,193,2,40852,1989,13,100734,1,0,'2022-10-04',5920.00,1,1.00,'OTROS COMPROBANTES QUE NO CUMPLEN O ESTÁN EXCEPTUADOS DE LA R.G. 1415 Y SUS MODIF N°: 1046-50050272',NULL,'2022-10-04 15:57:29','2022-10-04 15:58:22','2022-10-04 15:58:22'),(1173,193,2,40852,1989,13,100734,1,0,'2022-10-04',5920.00,1,1.00,'OTROS COMPROBANTES QUE NO CUMPLEN O ESTÁN EXCEPTUADOS DE LA R.G. 1415 Y SUS MODIF N°: 1046-50050272',NULL,'2022-10-04 15:58:22','2022-10-04 16:43:35','2022-10-04 16:43:35');
INSERT INTO `cta_cte_cliente` VALUES (1174,193,2,40852,41289,13,100734,1,0,'2022-10-03',32780.00,1,1.00,'OTROS COMPROBANTES QUE NO CUMPLEN O ESTÁN EXCEPTUADOS DE LA R.G. 1415 Y SUS MODIF N°: 0001-00000005',NULL,'2022-10-04 16:19:42','2022-10-04 16:21:32','2022-10-04 16:21:32'),(1175,193,2,40852,41289,13,100734,1,0,'2022-10-03',32780.00,1,1.00,'OTROS COMPROBANTES QUE NO CUMPLEN O ESTÁN EXCEPTUADOS DE LA R.G. 1415 Y SUS MODIF N°: 0001-00000005',NULL,'2022-10-04 16:21:32','2022-10-04 16:43:16','2022-10-04 16:43:16'),(1176,193,2,40852,41289,13,100734,1,0,'2022-10-04',10670.00,1,1.00,'OTROS COMPROBANTES QUE NO CUMPLEN O ESTÁN EXCEPTUADOS DE LA R.G. 1415 Y SUS MODIF N°: 0001-00000006',NULL,'2022-10-04 16:34:50','2022-10-04 16:35:14','2022-10-04 16:35:14'),(1177,193,2,40852,41289,13,100734,1,0,'2022-10-04',10670.00,1,1.00,'OTROS COMPROBANTES QUE NO CUMPLEN O ESTÁN EXCEPTUADOS DE LA R.G. 1415 Y SUS MODIF N°: 0001-00000006',NULL,'2022-10-04 16:35:14','2022-10-04 16:42:52','2022-10-04 16:42:52'),(1178,193,2,40852,1989,13,100734,1,0,'2022-10-04',1460.00,1,1.00,'OTROS COMPROBANTES QUE NO CUMPLEN O ESTÁN EXCEPTUADOS DE LA R.G. 1415 Y SUS MODIF N°: 0001-00000007',NULL,'2022-10-04 16:37:02','2022-10-04 16:37:23','2022-10-04 16:37:23'),(1179,193,2,40852,1989,13,100734,1,0,'2022-10-04',1460.00,1,1.00,'OTROS COMPROBANTES QUE NO CUMPLEN O ESTÁN EXCEPTUADOS DE LA R.G. 1415 Y SUS MODIF N°: 0001-00000007',NULL,'2022-10-04 16:37:23','2022-10-04 16:42:37','2022-10-04 16:42:37'),(1180,193,20,40852,1989,13,100734,2,0,'2022-10-04',1460.00,1,1.00,NULL,NULL,'2022-10-04 16:42:37','2022-10-26 16:50:51','2022-10-26 16:50:51'),(1181,193,2,40852,1989,13,100734,1,0,'2022-10-04',1460.00,1,1.00,'OTROS COMPROBANTES QUE NO CUMPLEN O ESTÁN EXCEPTUADOS DE LA R.G. 1415 Y SUS MODIF N°: 0001-00000007',NULL,'2022-10-04 16:42:37','2022-10-26 16:50:51','2022-10-26 16:50:51'),(1182,193,20,40852,41289,13,100734,2,0,'2022-10-04',10670.00,1,1.00,NULL,NULL,'2022-10-04 16:42:52','2022-10-26 16:50:58','2022-10-26 16:50:58'),(1183,193,2,40852,41289,13,100734,1,0,'2022-10-04',10670.00,1,1.00,'OTROS COMPROBANTES QUE NO CUMPLEN O ESTÁN EXCEPTUADOS DE LA R.G. 1415 Y SUS MODIF N°: 0001-00000006',NULL,'2022-10-04 16:42:52','2022-10-26 16:50:58','2022-10-26 16:50:58'),(1184,193,20,40852,41289,13,100734,2,0,'2022-10-03',32780.00,1,1.00,NULL,NULL,'2022-10-04 16:43:16','2022-10-26 16:51:07','2022-10-26 16:51:07'),(1185,193,2,40852,41289,13,100734,1,0,'2022-10-03',32780.00,1,1.00,'OTROS COMPROBANTES QUE NO CUMPLEN O ESTÁN EXCEPTUADOS DE LA R.G. 1415 Y SUS MODIF N°: 0001-00000005',NULL,'2022-10-04 16:43:16','2022-10-26 16:51:07','2022-10-26 16:51:07'),(1186,193,20,40852,1989,13,100734,2,0,'2022-10-04',5920.00,1,1.00,NULL,NULL,'2022-10-04 16:43:35','2022-10-26 10:57:39','2022-10-26 10:57:39'),(1187,193,2,40852,1989,13,100734,1,0,'2022-10-04',5920.00,1,1.00,'OTROS COMPROBANTES QUE NO CUMPLEN O ESTÁN EXCEPTUADOS DE LA R.G. 1415 Y SUS MODIF N°: 1046-50050272',NULL,'2022-10-04 16:43:35','2022-10-26 10:57:39','2022-10-26 10:57:39'),(1188,193,3,40852,1989,57,100733,2,0,'2022-09-15',600.00,1,1.00,'OTROS COMPROBANTES QUE NO CUMPLEN O ESTÁN EXCEPTUADOS DE LA R.G. 1415 Y SUS MODIF N°: 2576-00336703',NULL,'2022-10-04 17:57:48','2022-10-04 18:00:42','2022-10-04 18:00:42'),(1189,193,3,40852,1989,57,100733,2,0,'2022-09-15',21800.00,1,1.00,'OTROS COMPROBANTES QUE NO CUMPLEN O ESTÁN EXCEPTUADOS DE LA R.G. 1415 Y SUS MODIF N°: 2572-09570271',NULL,'2022-10-04 17:58:51','2022-10-04 18:00:24','2022-10-04 18:00:24'),(1190,193,3,40852,1989,57,100733,2,0,'2022-09-15',1330.00,1,1.00,'OTROS COMPROBANTES QUE NO CUMPLEN O ESTÁN EXCEPTUADOS DE LA R.G. 1415 Y SUS MODIF N°: 2572-07593168',NULL,'2022-10-04 17:59:34','2022-10-04 18:00:07','2022-10-04 18:00:07'),(1191,193,21,40852,1989,57,100733,1,0,'2022-09-15',1330.00,1,1.00,NULL,NULL,'2022-10-04 18:00:07','2022-10-26 08:54:58','2022-10-26 08:54:58');
INSERT INTO `cta_cte_cliente` VALUES (1192,193,3,40852,1989,57,100733,2,0,'2022-09-15',1330.00,1,1.00,'OTROS COMPROBANTES QUE NO CUMPLEN O ESTÁN EXCEPTUADOS DE LA R.G. 1415 Y SUS MODIF N°: 2572-07593168',NULL,'2022-10-04 18:00:07','2022-10-26 08:54:58','2022-10-26 08:54:58'),(1193,193,21,40852,1989,57,100733,1,0,'2022-09-15',21800.00,1,1.00,NULL,NULL,'2022-10-04 18:00:24','2022-10-26 08:55:22','2022-10-26 08:55:22'),(1194,193,3,40852,1989,57,100733,2,0,'2022-09-15',21800.00,1,1.00,'OTROS COMPROBANTES QUE NO CUMPLEN O ESTÁN EXCEPTUADOS DE LA R.G. 1415 Y SUS MODIF N°: 2572-09570271',NULL,'2022-10-04 18:00:24','2022-10-26 08:55:22','2022-10-26 08:55:22'),(1195,193,3,40852,1989,57,100733,2,0,'2022-09-15',600.00,1,1.00,'OTROS COMPROBANTES QUE NO CUMPLEN O ESTÁN EXCEPTUADOS DE LA R.G. 1415 Y SUS MODIF N°: 2576-00336703',NULL,'2022-10-04 18:00:42','2022-10-04 18:00:59','2022-10-04 18:00:59'),(1196,193,21,40852,1989,57,100733,1,0,'2022-09-15',600.00,1,1.00,NULL,NULL,'2022-10-04 18:00:59','2022-10-26 08:55:53','2022-10-26 08:55:53'),(1197,193,3,40852,1989,57,100733,2,0,'2022-09-15',600.00,1,1.00,'OTROS COMPROBANTES QUE NO CUMPLEN O ESTÁN EXCEPTUADOS DE LA R.G. 1415 Y SUS MODIF N°: 2576-00336703',NULL,'2022-10-04 18:00:59','2022-10-26 08:55:53','2022-10-26 08:55:53'),(1198,193,3,40852,1989,57,100733,2,0,'2022-09-15',1200.00,1,1.00,'OTROS COMPROBANTES QUE NO CUMPLEN O ESTÁN EXCEPTUADOS DE LA R.G. 1415 Y SUS MODIF N°: 0001-00000008',NULL,'2022-10-04 18:06:32','2022-10-04 18:06:53','2022-10-04 18:06:53'),(1199,193,21,40852,1989,57,100733,1,0,'2022-09-15',1200.00,1,1.00,NULL,NULL,'2022-10-04 18:06:53','2022-10-04 18:06:53',NULL),(1200,193,3,40852,1989,57,100733,2,0,'2022-09-15',1200.00,1,1.00,'OTROS COMPROBANTES QUE NO CUMPLEN O ESTÁN EXCEPTUADOS DE LA R.G. 1415 Y SUS MODIF N°: 0001-00000008',NULL,'2022-10-04 18:06:53','2022-10-04 18:06:53',NULL),(1201,193,3,40852,1989,57,100733,2,0,'2022-09-15',3600.00,1,1.00,'OTROS COMPROBANTES QUE NO CUMPLEN O ESTÁN EXCEPTUADOS DE LA R.G. 1415 Y SUS MODIF N°: 0001-00000009',NULL,'2022-10-04 18:09:36','2022-10-04 18:10:00','2022-10-04 18:10:00'),(1202,193,21,40852,1989,57,100733,1,0,'2022-09-15',3600.00,1,1.00,NULL,NULL,'2022-10-04 18:10:00','2022-10-04 18:10:00',NULL),(1203,193,3,40852,1989,57,100733,2,0,'2022-09-15',3600.00,1,1.00,'OTROS COMPROBANTES QUE NO CUMPLEN O ESTÁN EXCEPTUADOS DE LA R.G. 1415 Y SUS MODIF N°: 0001-00000009',NULL,'2022-10-04 18:10:00','2022-10-04 18:10:00',NULL),(1204,193,21,40852,1989,57,100733,1,0,'2022-09-23',500.00,1,1.00,NULL,NULL,'2022-10-04 18:11:59','2022-10-04 18:11:59',NULL),(1205,193,3,40852,1989,57,100733,2,0,'2022-09-23',500.00,1,1.00,'Tique (Informe Diario Z) N°: 0000-00000002',NULL,'2022-10-04 18:11:59','2022-10-04 18:11:59',NULL),(1206,193,3,40852,1989,57,100733,2,0,'2022-09-28',2098.00,1,1.00,'OTROS COMPROBANTES QUE NO CUMPLEN O ESTÁN EXCEPTUADOS DE LA R.G. 1415 Y SUS MODIF N°: 0700-12447638',NULL,'2022-10-04 18:21:43','2022-10-04 18:22:02','2022-10-04 18:22:02'),(1207,193,21,40852,1989,57,100733,1,0,'2022-09-28',2098.00,1,1.00,NULL,NULL,'2022-10-04 18:22:02','2022-10-26 08:53:35','2022-10-26 08:53:35'),(1208,193,3,40852,1989,57,100733,2,0,'2022-09-28',2098.00,1,1.00,'OTROS COMPROBANTES QUE NO CUMPLEN O ESTÁN EXCEPTUADOS DE LA R.G. 1415 Y SUS MODIF N°: 0700-12447638',NULL,'2022-10-04 18:22:02','2022-10-26 08:53:35','2022-10-26 08:53:35'),(1209,193,3,40852,1989,57,100733,2,0,'2022-09-30',1265.00,1,1.00,'OTROS COMPROBANTES QUE NO CUMPLEN O ESTÁN EXCEPTUADOS DE LA R.G. 1415 Y SUS MODIF N°: 0000-00930301',NULL,'2022-10-04 18:26:29','2022-10-04 18:27:53','2022-10-04 18:27:53'),(1210,193,3,40852,1989,57,100733,2,0,'2022-09-30',661.68,1,1.00,'OTROS COMPROBANTES QUE NO CUMPLEN O ESTÁN EXCEPTUADOS DE LA R.G. 1415 Y SUS MODIF N°: 0046-00068706',NULL,'2022-10-04 18:27:19','2022-10-04 18:27:40','2022-10-04 18:27:40'),(1211,193,21,40852,1989,57,100733,1,0,'2022-09-30',661.00,1,1.00,NULL,NULL,'2022-10-04 18:27:40','2022-10-04 18:27:40',NULL);
INSERT INTO `cta_cte_cliente` VALUES (1212,193,3,40852,1989,57,100733,2,0,'2022-09-30',661.68,1,1.00,'OTROS COMPROBANTES QUE NO CUMPLEN O ESTÁN EXCEPTUADOS DE LA R.G. 1415 Y SUS MODIF N°: 0046-00068706',NULL,'2022-10-04 18:27:40','2022-10-04 18:27:40',NULL),(1213,193,3,40852,1989,57,100733,2,0,'2022-09-30',1265.00,1,1.00,'OTROS COMPROBANTES QUE NO CUMPLEN O ESTÁN EXCEPTUADOS DE LA R.G. 1415 Y SUS MODIF N°: 0000-00930301',NULL,'2022-10-04 18:27:53','2022-10-26 08:51:50','2022-10-26 08:51:50'),(1214,193,3,40852,1989,57,100733,2,0,'2022-09-30',2590.00,1,1.00,'OTROS COMPROBANTES QUE NO CUMPLEN O ESTÁN EXCEPTUADOS DE LA R.G. 1415 Y SUS MODIF N°: 1329-00007540',NULL,'2022-10-04 18:29:22','2022-10-04 18:30:39','2022-10-04 18:30:39'),(1215,193,3,40852,1989,57,100733,2,0,'2022-09-30',790.53,1,1.00,'OTROS COMPROBANTES QUE NO CUMPLEN O ESTÁN EXCEPTUADOS DE LA R.G. 1415 Y SUS MODIF N°: 0078-00000802',NULL,'2022-10-04 18:30:07','2022-10-04 18:30:24','2022-10-04 18:30:24'),(1216,193,21,40852,1989,57,100733,1,0,'2022-09-30',790.53,1,1.00,NULL,NULL,'2022-10-04 18:30:24','2022-10-13 10:04:11','2022-10-13 10:04:11'),(1217,193,3,40852,1989,57,100733,2,0,'2022-09-30',790.53,1,1.00,'OTROS COMPROBANTES QUE NO CUMPLEN O ESTÁN EXCEPTUADOS DE LA R.G. 1415 Y SUS MODIF N°: 0078-00000802',NULL,'2022-10-04 18:30:24','2022-10-13 10:04:11','2022-10-13 10:04:11'),(1218,193,21,40852,1989,57,100733,1,0,'2022-09-30',2590.00,1,1.00,NULL,NULL,'2022-10-04 18:30:39','2022-10-04 18:30:39',NULL),(1219,193,3,40852,1989,57,100733,2,0,'2022-09-30',2590.00,1,1.00,'OTROS COMPROBANTES QUE NO CUMPLEN O ESTÁN EXCEPTUADOS DE LA R.G. 1415 Y SUS MODIF N°: 1329-00007540',NULL,'2022-10-04 18:30:39','2022-10-04 18:30:39',NULL),(1220,193,3,40852,41290,57,100734,2,0,'2022-10-04',100800.00,1,1.00,'OTROS COMPROBANTES QUE NO CUMPLEN O ESTÁN EXCEPTUADOS DE LA R.G. 1415 Y SUS MODIF N°: 6581-00008591',NULL,'2022-10-04 18:45:37','2022-10-04 18:48:50','2022-10-04 18:48:50'),(1221,193,3,40852,41291,57,100734,2,0,'2022-10-04',30000.00,1,1.00,'OTROS COMPROBANTES QUE NO CUMPLEN O ESTÁN EXCEPTUADOS DE LA R.G. 1415 Y SUS MODIF N°: 1828-00001594',NULL,'2022-10-04 18:47:09','2022-10-04 18:48:33','2022-10-04 18:48:33'),(1222,193,21,40852,41291,57,100734,1,0,'2022-10-04',30000.00,1,1.00,NULL,NULL,'2022-10-04 18:48:33','2022-10-26 08:50:19','2022-10-26 08:50:19'),(1223,193,3,40852,41291,57,100734,2,0,'2022-10-04',30000.00,1,1.00,'OTROS COMPROBANTES QUE NO CUMPLEN O ESTÁN EXCEPTUADOS DE LA R.G. 1415 Y SUS MODIF N°: 1828-00001594',NULL,'2022-10-04 18:48:33','2022-10-26 08:50:19','2022-10-26 08:50:19'),(1224,193,21,40852,41290,57,100734,1,0,'2022-10-04',100800.00,1,1.00,NULL,NULL,'2022-10-04 18:48:50','2022-10-26 08:50:25','2022-10-26 08:50:25'),(1225,193,3,40852,41290,57,100734,2,0,'2022-10-04',100800.00,1,1.00,'OTROS COMPROBANTES QUE NO CUMPLEN O ESTÁN EXCEPTUADOS DE LA R.G. 1415 Y SUS MODIF N°: 6581-00008591',NULL,'2022-10-04 18:48:50','2022-10-26 08:50:25','2022-10-26 08:50:25'),(1226,193,2,40780,41124,13,47655,1,0,'2022-09-27',159379.00,1,1.00,'Factura C N°: 0003-00000046',NULL,'2022-10-04 18:51:32','2022-10-04 18:51:32',NULL),(1227,193,2,40750,40900,13,25660,1,0,'2022-09-05',940471.29,1,1.00,'Factura A N°: 0004-00000021',NULL,'2022-10-05 11:27:18','2022-10-05 11:27:18',NULL),(1228,193,2,40750,40900,13,25660,1,0,'2022-09-10',616746.68,1,1.00,'Factura A N°: 0004-00000022',NULL,'2022-10-05 11:27:18','2022-10-05 11:27:18',NULL),(1229,193,2,40750,40900,13,25660,1,0,'2022-09-14',587769.60,1,1.00,'Factura A N°: 0004-00000023',NULL,'2022-10-05 11:27:19','2022-10-05 11:27:19',NULL),(1230,193,2,40750,40900,13,25660,1,0,'2022-09-15',1792860.63,1,1.00,'Factura A N°: 0004-00000024',NULL,'2022-10-05 11:27:19','2022-10-05 11:27:19',NULL),(1231,193,2,40750,40900,13,25660,1,0,'2022-09-16',2121219.54,1,1.00,'Factura A N°: 0004-00000025',NULL,'2022-10-05 11:27:19','2022-10-05 11:27:19',NULL),(1232,193,2,40750,40900,13,25660,1,0,'2022-09-22',1384837.74,1,1.00,'Factura A N°: 0004-00000026',NULL,'2022-10-05 11:27:19','2022-10-05 11:27:19',NULL);
INSERT INTO `cta_cte_cliente` VALUES (1233,193,3,40750,40902,57,25660,2,0,'2022-09-01',8373.00,1,1.00,'Factura C N°: 0014-00030843',NULL,'2022-10-05 11:31:38','2022-10-05 11:31:38',NULL),(1234,193,3,40750,34218,57,25660,2,0,'2022-09-01',6283.99,1,1.00,'Factura B N°: 0007-00002693',NULL,'2022-10-05 11:31:38','2022-10-14 13:08:09','2022-10-14 13:08:09'),(1235,193,3,40750,41292,57,25660,2,0,'2022-09-01',16100.00,1,1.00,'Factura B N°: 0030-00065402',NULL,'2022-10-05 11:31:39','2022-10-14 13:06:37','2022-10-14 13:06:37'),(1236,193,3,40750,40913,57,25660,2,0,'2022-09-02',21600.00,1,1.00,'Factura C N°: 0002-00000109',NULL,'2022-10-05 11:31:39','2022-10-05 11:31:39',NULL),(1237,193,3,40750,1176,57,25660,2,0,'2022-09-04',3100.29,1,1.00,'Factura A N°: 9058-00006695',NULL,'2022-10-05 11:31:39','2022-10-05 11:31:39',NULL),(1238,193,3,40750,8109,57,25660,2,0,'2022-09-05',215.00,1,1.00,'Factura B N°: 5015-02842556',NULL,'2022-10-05 11:31:39','2022-10-14 13:04:52','2022-10-14 13:04:52'),(1239,193,3,40750,41293,57,25660,2,0,'2022-09-05',49993.00,1,1.00,'Factura C N°: 0006-00000025',NULL,'2022-10-05 11:31:39','2022-10-05 11:31:39',NULL),(1240,193,3,40750,41294,57,25660,2,0,'2022-09-09',8894.57,1,1.00,'Factura A N°: 0001-00085581',NULL,'2022-10-05 11:31:39','2022-10-05 11:31:39',NULL),(1241,193,3,40750,41294,57,25660,2,0,'2022-09-09',13101.83,1,1.00,'Factura A N°: 0001-00085579',NULL,'2022-10-05 11:31:39','2022-10-05 11:31:39',NULL),(1242,193,3,40750,41294,57,25660,1,0,'2022-09-09',13101.83,1,1.00,'Nota de crédito A N°: 0001-00006523',NULL,'2022-10-05 11:31:39','2022-10-05 11:31:39',NULL),(1243,193,3,40750,40905,57,25660,2,0,'2022-09-09',76140.00,1,1.00,'Factura C N°: 0002-00000138',NULL,'2022-10-05 11:31:39','2022-10-05 11:31:39',NULL),(1244,193,3,40750,40913,57,25660,2,0,'2022-09-09',19200.00,1,1.00,'Factura C N°: 0002-00000110',NULL,'2022-10-05 11:31:39','2022-10-05 11:31:39',NULL),(1245,193,3,40750,37115,57,25660,2,0,'2022-09-12',940.00,1,1.00,'Factura B N°: 5002-00709106',NULL,'2022-10-05 11:31:39','2022-10-05 11:36:19','2022-10-05 11:36:19'),(1246,193,3,40750,41295,57,25660,2,0,'2022-09-12',13800.00,1,1.00,'Factura C N°: 0002-00000008',NULL,'2022-10-05 11:31:39','2022-10-05 11:31:39',NULL),(1247,193,3,40750,41296,57,25660,2,0,'2022-09-12',33759.00,1,1.00,'Factura A N°: 0001-00000216',NULL,'2022-10-05 11:31:39','2022-10-10 08:27:07','2022-10-10 08:27:07'),(1248,193,3,40750,37115,57,25660,1,0,'2022-09-13',940.00,1,1.00,'Nota de crédito B N°: 5002-00124138',NULL,'2022-10-05 11:31:39','2022-10-05 11:37:35','2022-10-05 11:37:35'),(1249,193,3,40750,1112,57,25660,2,0,'2022-09-13',30810.61,1,1.00,'Factura B N°: 1346-11674833',NULL,'2022-10-05 11:31:40','2022-10-10 08:26:28','2022-10-10 08:26:28'),(1250,193,3,40750,1176,57,25660,2,0,'2022-09-13',3465.00,1,1.00,'Factura A N°: 7964-00009456',NULL,'2022-10-05 11:31:40','2022-10-05 11:31:40',NULL),(1251,193,3,40750,8174,57,25660,2,0,'2022-09-20',3554.00,1,1.00,'Factura B N°: 2739-00009553',NULL,'2022-10-05 11:31:40','2022-10-10 08:25:28','2022-10-10 08:25:28'),(1252,193,3,40750,40905,57,25660,2,0,'2022-09-20',67032.00,1,1.00,'Factura C N°: 0002-00000141',NULL,'2022-10-05 11:31:40','2022-10-10 08:25:13','2022-10-10 08:25:13'),(1253,193,3,40750,1176,57,25660,2,0,'2022-09-20',3500.60,1,1.00,'Factura A N°: 7968-00010873',NULL,'2022-10-05 11:31:40','2022-10-10 08:24:25','2022-10-10 08:24:25'),(1254,193,3,40750,33688,57,25660,2,0,'2022-09-23',1755.00,1,1.00,'Factura B N°: 0700-05607996',NULL,'2022-10-05 11:31:40','2022-10-10 08:24:13','2022-10-10 08:24:13'),(1255,193,3,40750,33180,57,25660,2,0,'2022-09-24',456270.48,1,1.00,'Factura B N°: 0131-00023172',NULL,'2022-10-05 11:31:40','2022-10-10 08:24:00','2022-10-10 08:24:00'),(1256,193,3,40750,37115,57,25660,2,0,'2022-09-26',940.00,1,1.00,'Factura B N°: 5002-00714829',NULL,'2022-10-05 11:31:40','2022-10-05 11:36:24','2022-10-05 11:36:24');
INSERT INTO `cta_cte_cliente` VALUES (1257,193,3,40750,41297,57,25660,2,0,'2022-09-26',31050.00,1,1.00,'Factura C N°: 0002-00000007',NULL,'2022-10-05 11:31:40','2022-10-10 08:22:42','2022-10-10 08:22:42'),(1258,193,3,40750,41297,57,25660,2,0,'2022-09-26',24150.00,1,1.00,'Factura C N°: 0002-00000006',NULL,'2022-10-05 11:31:41','2022-10-10 08:22:31','2022-10-10 08:22:31'),(1259,193,3,40750,37115,57,25660,1,0,'2022-09-27',940.00,1,1.00,'Nota de crédito B N°: 5002-00125206',NULL,'2022-10-05 11:31:41','2022-10-05 11:36:06','2022-10-05 11:36:06'),(1260,193,3,40750,37115,57,25660,2,0,'2022-09-28',940.00,1,1.00,'Factura B N°: 5002-00715801',NULL,'2022-10-05 11:31:41','2022-10-05 11:35:56','2022-10-05 11:35:56'),(1261,193,3,40750,40902,57,25660,2,0,'2022-09-30',8958.00,1,1.00,'Factura C N°: 0014-00031448',NULL,'2022-10-05 11:31:41','2022-10-05 11:31:41',NULL),(1262,193,3,40750,40761,57,25660,2,0,'2022-09-30',60000.00,1,1.00,'Factura C N°: 0001-00000007',NULL,'2022-10-05 11:31:41','2022-10-10 08:21:09','2022-10-10 08:21:09'),(1263,193,2,40922,1989,13,109757,1,0,'2022-10-05',0.01,1,1.00,'Factura C N°: 0006-00000001',NULL,'2022-10-05 17:55:49','2022-10-05 17:55:49',NULL),(1264,7917,2,40922,41298,13,109757,1,0,'2022-10-05',5000.00,1,1.00,'Factura C N°: 0006-00000002',NULL,'2022-10-05 18:14:55','2022-10-05 18:14:55',NULL),(1265,193,2,40750,40900,13,25661,1,0,'2022-10-06',429020.02,1,1.00,'Factura A N°: 0006-00000001',NULL,'2022-10-06 12:11:18','2022-10-06 12:11:18',NULL),(1266,193,2,40750,41299,13,25661,1,0,'2022-10-06',198778.80,1,1.00,'Factura A N°: 0006-00000002',NULL,'2022-10-06 12:13:01','2022-10-06 12:13:01',NULL),(1267,193,2,40750,40900,13,25661,1,0,'2022-10-06',470448.00,1,1.00,'Factura A N°: 0006-00000003',NULL,'2022-10-06 14:55:48','2022-10-06 14:55:48',NULL),(1268,193,2,41302,40871,13,176785,1,0,'2022-05-02',36000.00,1,1.00,'Factura C N°: 0001-00000067',NULL,'2022-10-07 10:14:40','2022-10-07 10:14:40',NULL),(1269,193,2,41302,40915,13,176785,1,0,'2022-05-16',18000.00,1,1.00,'Factura C N°: 0001-00000068',NULL,'2022-10-07 10:14:57','2022-10-07 10:14:57',NULL),(1270,193,2,41302,40871,13,176785,1,0,'2022-05-19',108000.00,1,1.00,'Factura C N°: 0001-00000069',NULL,'2022-10-07 10:15:08','2022-10-07 10:15:08',NULL),(1271,193,2,41302,40871,13,176791,1,0,'2021-11-22',48000.00,1,1.00,'Factura C N°: 0001-00000051',NULL,'2022-10-07 10:24:39','2022-10-07 10:24:54','2022-10-07 10:24:54'),(1272,193,2,41302,40871,13,176779,1,0,'2021-11-22',48000.00,1,1.00,'Factura C N°: 0001-00000051',NULL,'2022-10-07 10:24:54','2022-10-07 10:24:54',NULL),(1273,193,2,41302,40871,13,176779,1,0,'2021-11-15',48000.00,1,1.00,'Factura C N°: 0001-00000050',NULL,'2022-10-07 10:25:04','2022-10-07 10:25:04',NULL),(1274,193,2,41302,40871,13,176779,1,0,'2021-11-09',21000.00,1,1.00,'Factura C N°: 0001-00000049',NULL,'2022-10-07 10:25:15','2022-10-07 10:25:15',NULL),(1275,193,2,41302,40871,13,176779,1,0,'2021-11-03',36000.00,1,1.00,'Factura C N°: 0001-00000048',NULL,'2022-10-07 10:25:31','2022-10-07 10:25:31',NULL),(1276,7917,2,40922,41304,13,109757,1,0,'2022-10-07',2000.00,1,1.00,'Factura C N°: 0006-00000003',NULL,'2022-10-07 14:45:29','2022-10-07 14:45:29',NULL),(1277,193,2,40753,40870,13,27781,1,0,'2022-09-02',238370.00,1,1.00,'Factura A N°: 0005-00000185',NULL,'2022-10-07 18:24:00','2022-10-07 18:24:00',NULL),(1278,193,2,40753,40965,13,27781,1,0,'2022-09-04',605000.00,1,1.00,'Factura B N°: 0005-00000010',NULL,'2022-10-07 18:24:00','2022-10-07 18:24:00',NULL),(1279,193,2,40753,41305,13,27781,1,0,'2022-09-06',203280.00,1,1.00,'Factura A N°: 0005-00000186',NULL,'2022-10-07 18:24:00','2022-10-07 18:24:00',NULL),(1280,193,2,40753,41305,13,27781,1,0,'2022-09-06',135520.00,1,1.00,'Factura A N°: 0005-00000187',NULL,'2022-10-07 18:24:00','2022-10-07 18:24:00',NULL),(1281,193,2,40753,41306,13,27781,1,0,'2022-09-07',232320.00,1,1.00,'Factura A N°: 0005-00000188',NULL,'2022-10-07 18:24:00','2022-10-07 18:24:00',NULL);
INSERT INTO `cta_cte_cliente` VALUES (1282,193,2,40753,40870,13,27781,1,0,'2022-09-10',302500.00,1,1.00,'Factura A N°: 0005-00000189',NULL,'2022-10-07 18:24:00','2022-10-07 18:24:00',NULL),(1283,193,2,40753,40870,13,27781,1,0,'2022-09-13',128260.00,1,1.00,'Factura A N°: 0005-00000190',NULL,'2022-10-07 18:24:01','2022-10-07 18:24:01',NULL),(1284,193,2,40753,40970,13,27781,1,0,'2022-09-13',66550.00,1,1.00,'Factura A N°: 0005-00000191',NULL,'2022-10-07 18:24:01','2022-10-07 18:24:01',NULL),(1285,193,2,40753,40970,13,27781,1,0,'2022-09-13',808280.00,1,1.00,'FACTURA DE CRÉDITO ELECTRÓNICA MiPyMEs (FCE) A N°: 0005-00000001',NULL,'2022-10-07 18:24:01','2022-10-07 18:24:01',NULL),(1286,193,2,40753,41307,13,27781,1,0,'2022-09-20',202070.00,1,1.00,'Factura A N°: 0005-00000192',NULL,'2022-10-07 18:24:01','2022-10-07 18:24:01',NULL),(1287,193,2,40753,41307,13,27781,1,0,'2022-09-20',399300.00,1,1.00,'Factura A N°: 0005-00000193',NULL,'2022-10-07 18:24:01','2022-10-07 18:24:01',NULL),(1288,193,2,40753,40970,13,27781,1,0,'2022-09-27',133100.00,1,1.00,'Factura A N°: 0005-00000194',NULL,'2022-10-07 18:24:01','2022-10-07 18:24:01',NULL),(1289,193,2,40753,41308,13,27781,1,0,'2022-09-27',111320.00,1,1.00,'Factura A N°: 0005-00000195',NULL,'2022-10-07 18:24:01','2022-10-07 18:24:01',NULL),(1290,193,2,40753,41307,13,27781,1,0,'2022-09-27',202070.00,1,1.00,'Factura A N°: 0005-00000196',NULL,'2022-10-07 18:24:01','2022-10-07 18:24:01',NULL),(1291,193,2,40753,41307,13,27782,1,0,'2022-10-07',202070.00,1,1.00,'Factura A N°: 0007-00000001',NULL,'2022-10-07 19:21:28','2022-10-07 19:21:28',NULL),(1292,193,2,40753,41307,13,27782,1,0,'2022-10-07',447700.00,1,1.00,'Factura A N°: 0007-00000002',NULL,'2022-10-07 19:23:27','2022-10-07 19:23:27',NULL),(1293,193,2,40753,41309,13,178309,1,0,'2022-07-05',80283.50,1,1.00,'Factura A N°: 0005-00000169',NULL,'2022-10-07 19:57:22','2022-10-07 19:57:22',NULL),(1294,193,2,40753,40966,13,178309,1,0,'2022-07-06',60500.00,1,1.00,'Factura A N°: 0005-00000170',NULL,'2022-10-07 19:57:22','2022-10-07 19:57:22',NULL),(1295,193,2,40753,40870,13,178309,1,0,'2022-07-08',447700.00,1,1.00,'Factura A N°: 0005-00000171',NULL,'2022-10-07 19:57:22','2022-10-07 19:57:22',NULL),(1296,193,2,40753,40870,13,178309,1,0,'2022-07-08',511225.00,1,1.00,'Factura A N°: 0005-00000172',NULL,'2022-10-07 19:57:22','2022-10-07 19:57:22',NULL),(1297,193,2,40753,40870,13,178309,1,0,'2022-07-21',363000.00,1,1.00,'Factura A N°: 0005-00000173',NULL,'2022-10-07 19:57:22','2022-10-07 19:57:22',NULL),(1298,193,2,40753,40870,13,178309,1,0,'2022-07-21',411400.00,1,1.00,'Factura A N°: 0005-00000174',NULL,'2022-10-07 19:57:22','2022-10-07 19:57:22',NULL),(1299,193,2,40753,3056,13,178303,1,0,'2022-01-03',100000.00,1,1.00,'Factura B N°: 0005-00000004',NULL,'2022-10-07 19:58:00','2022-10-07 19:58:00',NULL),(1300,193,2,40753,3056,13,178303,1,0,'2022-01-03',100000.00,1,1.00,'Factura B N°: 0005-00000005',NULL,'2022-10-07 19:58:00','2022-10-07 19:58:00',NULL),(1301,193,2,40753,33161,13,178304,1,0,'2022-02-07',1131800.00,1,1.00,'Factura B N°: 0005-00000006',NULL,'2022-10-07 20:00:36','2022-10-07 20:00:36',NULL),(1302,193,2,40753,41310,13,178304,1,0,'2022-02-08',338800.00,1,1.00,'Factura A N°: 0005-00000132',NULL,'2022-10-07 20:00:36','2022-10-07 20:00:36',NULL),(1303,193,2,40753,41311,13,178304,1,0,'2022-02-19',137940.00,1,1.00,'Factura A N°: 0005-00000133',NULL,'2022-10-07 20:00:36','2022-10-07 20:00:36',NULL),(1304,193,2,40753,41312,13,178304,1,0,'2022-02-21',135520.00,1,1.00,'Factura A N°: 0005-00000134',NULL,'2022-10-07 20:00:36','2022-10-07 20:00:36',NULL),(1305,193,2,40753,41312,13,178304,1,0,'2022-02-21',127050.00,1,1.00,'Factura A N°: 0005-00000135',NULL,'2022-10-07 20:00:36','2022-10-07 20:00:36',NULL),(1306,193,2,40753,41313,13,178304,1,0,'2022-02-26',60500.00,1,1.00,'Factura A N°: 0005-00000136',NULL,'2022-10-07 20:00:36','2022-10-07 20:00:36',NULL),(1307,193,2,40753,41314,13,178305,1,0,'2022-03-04',87120.00,1,1.00,'Factura A N°: 0005-00000137',NULL,'2022-10-07 20:01:26','2022-10-07 20:01:26',NULL);
INSERT INTO `cta_cte_cliente` VALUES (1308,193,2,40753,41315,13,178305,1,0,'2022-03-09',112530.00,1,1.00,'Factura A N°: 0005-00000138',NULL,'2022-10-07 20:01:26','2022-10-07 20:01:26',NULL),(1309,193,2,40753,41316,13,178305,1,0,'2022-03-15',363000.00,1,1.00,'Factura A N°: 0005-00000139',NULL,'2022-10-07 20:01:26','2022-10-07 20:01:26',NULL),(1310,193,2,40753,41317,13,178305,1,0,'2022-03-18',60500.00,1,1.00,'Factura A N°: 0005-00000140',NULL,'2022-10-07 20:01:26','2022-10-07 20:01:26',NULL),(1311,193,2,40753,41314,13,178305,1,0,'2022-03-22',44770.00,1,1.00,'Factura A N°: 0005-00000141',NULL,'2022-10-07 20:01:26','2022-10-07 20:01:26',NULL),(1312,193,2,40753,41314,13,178305,1,0,'2022-03-22',6655.00,1,1.00,'Factura A N°: 0005-00000142',NULL,'2022-10-07 20:01:26','2022-10-07 20:01:26',NULL),(1313,193,2,40753,40870,13,178305,1,0,'2022-03-23',77440.00,1,1.00,'Factura A N°: 0005-00000143',NULL,'2022-10-07 20:01:26','2022-10-07 20:01:26',NULL),(1314,193,2,40753,40870,13,178305,1,0,'2022-03-23',79860.00,1,1.00,'Factura A N°: 0005-00000144',NULL,'2022-10-07 20:01:26','2022-10-07 20:01:26',NULL),(1315,193,2,40753,41317,13,178305,1,0,'2022-03-23',60500.00,1,1.00,'Factura A N°: 0005-00000145',NULL,'2022-10-07 20:01:26','2022-10-07 20:01:26',NULL),(1316,193,2,40753,41318,13,178305,1,0,'2022-03-23',166072.00,1,1.00,'Factura A N°: 0005-00000146',NULL,'2022-10-07 20:01:26','2022-10-07 20:01:26',NULL),(1317,193,2,40753,41319,13,178305,1,0,'2022-03-24',45980.00,1,1.00,'Factura A N°: 0005-00000147',NULL,'2022-10-07 20:01:26','2022-10-07 20:01:26',NULL),(1318,193,2,40753,41307,13,27782,2,0,'2022-10-07',202070.00,1,1.00,'Nota de crédito A N°: 0007-00000001',NULL,'2022-10-07 20:05:03','2022-10-07 20:05:03',NULL),(1319,193,2,40753,41307,13,27782,1,0,'2022-10-07',399300.00,1,1.00,'Factura A N°: 0007-00000003',NULL,'2022-10-07 20:07:14','2022-10-07 20:07:14',NULL),(1320,193,2,40753,41316,13,178306,1,0,'2022-04-01',1864526.00,1,1.00,'Factura A N°: 0005-00000148',NULL,'2022-10-07 20:11:34','2022-10-07 20:11:34',NULL),(1321,193,2,40753,40970,13,178306,1,0,'2022-04-01',123420.00,1,1.00,'Factura A N°: 0005-00000149',NULL,'2022-10-07 20:11:34','2022-10-07 20:11:34',NULL),(1322,193,2,40753,41320,13,178306,1,0,'2022-04-01',127903.05,1,1.00,'Factura A N°: 0005-00000150',NULL,'2022-10-07 20:11:34','2022-10-07 20:11:34',NULL),(1323,193,2,40753,41321,13,178306,1,0,'2022-04-11',1321320.00,1,1.00,'Factura A N°: 0005-00000151',NULL,'2022-10-07 20:11:34','2022-10-07 20:11:34',NULL),(1324,193,2,40753,41321,13,178306,1,0,'2022-04-15',181500.00,1,1.00,'Factura A N°: 0005-00000152',NULL,'2022-10-07 20:11:35','2022-10-07 20:11:35',NULL),(1325,193,2,40753,41322,13,178306,1,0,'2022-04-25',81070.00,1,1.00,'Factura A N°: 0005-00000153',NULL,'2022-10-07 20:11:35','2022-10-07 20:11:35',NULL),(1326,193,2,40753,40970,13,178306,1,0,'2022-04-25',87785.50,1,1.00,'Factura A N°: 0005-00000154',NULL,'2022-10-07 20:11:35','2022-10-07 20:11:35',NULL),(1327,193,2,40753,41320,13,178306,1,0,'2022-04-28',139150.00,1,1.00,'Factura A N°: 0005-00000155',NULL,'2022-10-07 20:11:35','2022-10-07 20:11:35',NULL),(1328,193,2,40753,40970,13,178306,1,0,'2022-04-28',126445.00,1,1.00,'Factura A N°: 0005-00000156',NULL,'2022-10-07 20:11:35','2022-10-07 20:11:35',NULL),(1329,193,2,40753,40970,13,178306,2,0,'2022-04-28',87785.50,1,1.00,'Nota de crédito A N°: 0005-00000015',NULL,'2022-10-07 20:11:35','2022-10-07 20:11:35',NULL),(1330,193,2,40753,40870,13,178307,1,0,'2022-05-09',84942.00,1,1.00,'Factura A N°: 0005-00000157',NULL,'2022-10-07 20:19:27','2022-10-07 20:19:27',NULL),(1331,193,2,40753,40870,13,178307,1,0,'2022-05-09',174845.00,1,1.00,'Factura A N°: 0005-00000158',NULL,'2022-10-07 20:19:27','2022-10-07 20:19:27',NULL),(1332,193,2,40753,41327,13,178307,1,0,'2022-05-10',18150.00,1,1.00,'Factura A N°: 0005-00000159',NULL,'2022-10-07 20:19:28','2022-10-07 20:19:28',NULL),(1333,193,2,40753,41328,13,178307,1,0,'2022-05-24',203146.90,1,1.00,'Factura A N°: 0005-00000160',NULL,'2022-10-07 20:19:28','2022-10-07 20:19:28',NULL);
INSERT INTO `cta_cte_cliente` VALUES (1334,193,2,40753,41329,13,178307,1,0,'2022-05-26',181500.00,1,1.00,'Factura A N°: 0005-00000161',NULL,'2022-10-07 20:19:28','2022-10-07 20:19:28',NULL),(1335,193,2,40753,41318,13,178307,1,0,'2022-05-26',452842.50,1,1.00,'Factura A N°: 0005-00000162',NULL,'2022-10-07 20:19:28','2022-10-07 20:19:28',NULL),(1336,193,2,40753,41321,13,178307,2,0,'2022-05-26',181500.00,1,1.00,'Nota de crédito A N°: 0005-00000016',NULL,'2022-10-07 20:19:28','2022-10-07 20:19:28',NULL),(1337,193,2,40753,41330,13,178307,1,0,'2022-05-29',6900.00,1,1.00,'Factura B N°: 0005-00000007',NULL,'2022-10-07 20:19:28','2022-10-07 20:19:28',NULL),(1338,193,2,40753,41331,13,178308,1,0,'2022-06-03',157300.00,1,1.00,'Factura A N°: 0005-00000163',NULL,'2022-10-07 20:21:02','2022-10-07 20:21:02',NULL),(1339,193,2,40753,40870,13,178308,1,0,'2022-06-06',85063.00,1,1.00,'Factura A N°: 0005-00000164',NULL,'2022-10-07 20:21:02','2022-10-07 20:21:02',NULL),(1340,193,2,40753,41332,13,178308,1,0,'2022-06-06',241782.20,1,1.00,'Factura A N°: 0005-00000165',NULL,'2022-10-07 20:21:02','2022-10-07 20:21:02',NULL),(1341,193,2,40753,41333,13,178308,1,0,'2022-06-08',435600.00,1,1.00,'Factura A N°: 0005-00000166',NULL,'2022-10-07 20:21:02','2022-10-07 20:21:02',NULL),(1342,193,2,40753,41333,13,178308,1,0,'2022-06-08',112530.00,1,1.00,'Factura A N°: 0005-00000167',NULL,'2022-10-07 20:21:02','2022-10-07 20:21:02',NULL),(1343,193,2,40753,33199,13,178308,1,0,'2022-06-17',178475.00,1,1.00,'Factura A N°: 0005-00000168',NULL,'2022-10-07 20:21:02','2022-10-07 20:21:02',NULL),(1344,193,3,40753,33650,57,27781,2,0,'2022-09-13',10400.10,1,1.00,'Factura A N°: 0004-00001197',NULL,'2022-10-08 08:30:42','2022-10-08 09:01:13','2022-10-08 09:01:13'),(1345,193,3,40753,40977,57,27781,2,0,'2022-09-23',8197.39,1,1.00,'Factura A N°: 0005-00003197',NULL,'2022-10-08 08:32:50','2022-10-08 08:33:33','2022-10-08 08:33:33'),(1346,193,3,40753,41178,57,27781,2,0,'2022-09-29',116400.06,1,1.00,'Factura A N°: 0010-00010610',NULL,'2022-10-08 08:33:17','2022-10-08 08:56:14','2022-10-08 08:56:14'),(1347,193,3,40753,40977,57,27781,2,0,'2022-09-24',5537.79,1,1.00,'Factura A N°: 0005-00003202',NULL,'2022-10-08 08:33:25','2022-10-08 08:52:12','2022-10-08 08:52:12'),(1348,193,3,40753,40977,57,27781,2,0,'2022-09-23',8197.39,1,1.00,'Factura A N°: 0005-00003197',NULL,'2022-10-08 08:33:33','2022-10-08 08:52:02','2022-10-08 08:52:02'),(1349,193,3,40753,40975,57,27781,2,0,'2022-09-20',40000.00,1,1.00,'Factura C N°: 0001-00000150',NULL,'2022-10-08 08:33:43','2022-10-08 08:57:51','2022-10-08 08:57:51'),(1350,193,3,40753,40975,57,27781,2,0,'2022-09-20',8000.00,1,1.00,'Factura C N°: 0001-00000154',NULL,'2022-10-08 08:33:52','2022-10-08 08:57:56','2022-10-08 08:57:56'),(1351,193,3,40753,40975,57,27781,2,0,'2022-09-20',8000.00,1,1.00,'Factura C N°: 0001-00000148',NULL,'2022-10-08 08:34:01','2022-10-08 08:34:07','2022-10-08 08:34:07'),(1352,193,3,40753,40975,57,27781,2,0,'2022-09-20',8000.00,1,1.00,'Factura C N°: 0001-00000148',NULL,'2022-10-08 08:34:07','2022-10-08 08:58:03','2022-10-08 08:58:03'),(1353,193,3,40753,40975,57,27781,2,0,'2022-09-20',8000.00,1,1.00,'Factura C N°: 0001-00000155',NULL,'2022-10-08 08:34:15','2022-10-08 08:58:09','2022-10-08 08:58:09'),(1354,193,3,40753,40975,57,27781,2,0,'2022-09-20',8000.00,1,1.00,'Factura C N°: 0001-00000151',NULL,'2022-10-08 08:34:25','2022-10-08 08:58:16','2022-10-08 08:58:16'),(1355,193,3,40753,40975,57,27781,2,0,'2022-09-20',9000.00,1,1.00,'Factura C N°: 0001-00000145',NULL,'2022-10-08 08:34:34','2022-10-08 08:34:43','2022-10-08 08:34:43'),(1356,193,3,40753,40975,57,27781,2,0,'2022-09-20',9000.00,1,1.00,'Factura C N°: 0001-00000145',NULL,'2022-10-08 08:34:43','2022-10-08 08:58:26','2022-10-08 08:58:26'),(1357,193,3,40753,40975,57,27781,2,0,'2022-09-19',16500.00,1,1.00,'Factura C N°: 0001-00000140',NULL,'2022-10-08 08:34:59','2022-10-08 08:34:59',NULL);
INSERT INTO `cta_cte_cliente` VALUES (1358,193,3,40753,40975,57,27781,2,0,'2022-09-19',15000.00,1,1.00,'Factura C N°: 0001-00000134',NULL,'2022-10-08 08:35:11','2022-10-08 08:35:11',NULL),(1359,193,3,40753,40975,57,27781,2,0,'2022-09-19',30000.00,1,1.00,'Factura C N°: 0001-00000136',NULL,'2022-10-08 08:37:04','2022-10-08 08:59:41','2022-10-08 08:59:41'),(1360,193,3,40753,40975,57,27781,2,0,'2022-09-20',8000.00,1,1.00,'Factura C N°: 0001-00000156',NULL,'2022-10-08 08:37:14','2022-10-08 08:37:14',NULL),(1361,193,3,40753,40975,57,27781,2,0,'2022-09-20',4000.00,1,1.00,'Factura C N°: 0001-00000149',NULL,'2022-10-08 08:37:30','2022-10-08 08:37:30',NULL),(1362,193,3,40753,40971,57,27780,2,0,'2022-08-01',30250.00,1,1.00,'Factura A N°: 0002-00002000',NULL,'2022-10-08 08:37:57','2022-10-08 08:55:56','2022-10-08 08:55:56'),(1363,193,3,40753,40972,57,27780,2,0,'2022-08-02',100000.00,1,1.00,'Factura C N°: 0002-00000059',NULL,'2022-10-08 08:38:19','2022-10-08 08:38:19',NULL),(1364,193,3,40753,40973,57,27780,2,0,'2022-08-03',24000.00,1,1.00,'Factura C N°: 0001-00000452',NULL,'2022-10-08 08:40:04','2022-10-08 08:40:04',NULL),(1365,193,3,40753,40973,57,27780,2,0,'2022-08-03',8000.00,1,1.00,'Factura C N°: 0001-00000453',NULL,'2022-10-08 08:40:20','2022-10-08 08:40:20',NULL),(1366,193,3,40753,40974,57,27780,2,0,'2022-08-04',25000.00,1,1.00,'Factura C N°: 0002-00000033',NULL,'2022-10-08 08:40:38','2022-10-08 08:40:38',NULL),(1367,193,3,40753,40971,57,27780,2,0,'2022-08-05',30250.00,1,1.00,'Factura A N°: 0002-00002007',NULL,'2022-10-08 08:40:58','2022-10-08 08:40:58',NULL),(1368,193,3,40753,40776,57,27780,2,0,'2022-08-08',25000.00,1,1.00,'Factura C N°: 0001-00000029',NULL,'2022-10-08 08:41:17','2022-10-08 08:41:17',NULL),(1369,193,3,40753,40973,57,27780,2,0,'2022-08-16',9000.00,1,1.00,'Factura C N°: 0001-00000463',NULL,'2022-10-08 08:41:35','2022-10-08 08:41:35',NULL),(1370,193,3,40753,40970,57,27781,2,0,'2022-09-13',1500.00,1,1.00,'Factura B N°: 0014-00955915',NULL,'2022-10-08 08:43:05','2022-10-08 09:02:16','2022-10-08 09:02:16'),(1371,193,3,40753,40973,57,27780,2,0,'2022-08-29',11000.00,1,1.00,'Factura C N°: 0001-00000474',NULL,'2022-10-08 08:43:35','2022-10-08 08:43:35',NULL),(1372,193,3,40753,40979,57,27780,2,0,'2022-08-30',35204.02,1,1.00,'Factura B N°: 0012-00068045',NULL,'2022-10-08 08:44:17','2022-10-08 09:03:29','2022-10-08 09:03:29'),(1373,193,3,40753,40972,57,27781,2,0,'2022-09-06',100000.00,1,1.00,'Factura C N°: 0002-00000062',NULL,'2022-10-08 08:44:39','2022-10-08 09:02:32','2022-10-08 09:02:32'),(1374,193,3,40753,41176,57,27781,2,0,'2022-09-12',22187.76,1,1.00,'Factura A N°: 0024-00000347',NULL,'2022-10-08 08:45:18','2022-10-08 08:47:42','2022-10-08 08:47:42'),(1375,193,3,40753,41176,57,27781,2,0,'2022-09-12',22187.76,1,1.00,'Factura A N°: 0024-00000347',NULL,'2022-10-08 08:47:42','2022-10-08 09:02:23','2022-10-08 09:02:23'),(1376,193,3,40753,41177,57,27781,2,0,'2022-09-13',4922.47,1,1.00,'Factura A N°: 0008-00007114',NULL,'2022-10-08 08:50:52','2022-10-08 09:01:23','2022-10-08 09:01:23'),(1377,193,3,40753,40977,57,27781,2,0,'2022-09-23',8197.39,1,1.00,'Factura A N°: 0005-00003197',NULL,'2022-10-08 08:52:02','2022-10-08 08:57:44','2022-10-08 08:57:44'),(1378,193,3,40753,40977,57,27781,2,0,'2022-09-24',5537.79,1,1.00,'Factura A N°: 0005-00003202',NULL,'2022-10-08 08:52:12','2022-10-08 08:57:38','2022-10-08 08:57:38'),(1379,193,3,40753,40977,57,27781,2,0,'2022-09-30',4440.32,1,1.00,'Factura A N°: 0005-00003256',NULL,'2022-10-08 08:52:22','2022-10-08 08:56:09','2022-10-08 08:56:09'),(1380,193,3,40753,40971,57,27780,2,0,'2022-08-01',30250.00,1,1.00,'Factura A N°: 0002-00002000',NULL,'2022-10-08 08:55:56','2022-10-08 08:55:56',NULL),(1381,193,3,40753,40977,57,27781,2,0,'2022-09-30',4440.32,1,1.00,'Factura A N°: 0005-00003256',NULL,'2022-10-08 08:56:09','2022-10-08 08:57:00','2022-10-08 08:57:00'),(1382,193,3,40753,41178,57,27781,2,0,'2022-09-29',116400.06,1,1.00,'Factura A N°: 0010-00010610',NULL,'2022-10-08 08:56:14','2022-10-08 08:56:52','2022-10-08 08:56:52');
INSERT INTO `cta_cte_cliente` VALUES (1383,193,3,40753,41178,57,27781,2,0,'2022-09-29',116400.06,1,1.00,'Factura A N°: 0010-00010610',NULL,'2022-10-08 08:56:52','2022-10-08 08:56:52',NULL),(1384,193,3,40753,40977,57,27781,2,0,'2022-09-30',4440.32,1,1.00,'Factura A N°: 0005-00003256',NULL,'2022-10-08 08:57:00','2022-10-08 08:57:00',NULL),(1385,193,3,40753,40977,57,27781,2,0,'2022-09-24',5537.79,1,1.00,'Factura A N°: 0005-00003202',NULL,'2022-10-08 08:57:38','2022-10-08 08:57:38',NULL),(1386,193,3,40753,40977,57,27781,2,0,'2022-09-23',8197.39,1,1.00,'Factura A N°: 0005-00003197',NULL,'2022-10-08 08:57:44','2022-10-08 08:57:44',NULL),(1387,193,3,40753,40975,57,27781,2,0,'2022-09-20',40000.00,1,1.00,'Factura C N°: 0001-00000150',NULL,'2022-10-08 08:57:51','2022-10-08 08:57:51',NULL),(1388,193,3,40753,40975,57,27781,2,0,'2022-09-20',8000.00,1,1.00,'Factura C N°: 0001-00000154',NULL,'2022-10-08 08:57:56','2022-10-08 08:57:56',NULL),(1389,193,3,40753,40975,57,27781,2,0,'2022-09-20',8000.00,1,1.00,'Factura C N°: 0001-00000148',NULL,'2022-10-08 08:58:03','2022-10-08 08:58:03',NULL),(1390,193,3,40753,40975,57,27781,2,0,'2022-09-20',8000.00,1,1.00,'Factura C N°: 0001-00000155',NULL,'2022-10-08 08:58:09','2022-10-08 08:58:09',NULL),(1391,193,3,40753,40975,57,27781,2,0,'2022-09-20',8000.00,1,1.00,'Factura C N°: 0001-00000151',NULL,'2022-10-08 08:58:16','2022-10-08 08:58:16',NULL),(1392,193,3,40753,40975,57,27781,2,0,'2022-09-20',9000.00,1,1.00,'Factura C N°: 0001-00000145',NULL,'2022-10-08 08:58:26','2022-10-08 08:58:26',NULL),(1393,193,3,40753,40975,57,27781,2,0,'2022-09-20',8000.00,1,1.00,'Factura C N°: 0001-00000147',NULL,'2022-10-08 08:58:46','2022-10-08 08:58:46',NULL),(1394,193,3,40753,40975,57,27781,2,0,'2022-09-20',4000.00,1,1.00,'Factura C N°: 0001-00000157',NULL,'2022-10-08 08:58:57','2022-10-08 08:58:57',NULL),(1395,193,3,40753,40975,57,27781,2,0,'2022-09-20',8000.00,1,1.00,'Factura C N°: 0001-00000153',NULL,'2022-10-08 08:59:08','2022-10-08 08:59:08',NULL),(1396,193,3,40753,40975,57,27781,2,0,'2022-09-20',8000.00,1,1.00,'Factura C N°: 0001-00000152',NULL,'2022-10-08 08:59:19','2022-10-08 08:59:19',NULL),(1397,193,3,40753,40975,57,27781,2,0,'2022-09-20',12000.00,1,1.00,'Factura C N°: 0001-00000146',NULL,'2022-10-08 08:59:32','2022-10-08 08:59:32',NULL),(1398,193,3,40753,40975,57,27781,2,0,'2022-09-19',30000.00,1,1.00,'Factura C N°: 0001-00000136',NULL,'2022-10-08 08:59:41','2022-10-08 08:59:41',NULL),(1399,193,3,40753,40975,57,27781,2,0,'2022-09-19',15000.00,1,1.00,'Factura C N°: 0001-00000135',NULL,'2022-10-08 08:59:53','2022-10-08 08:59:53',NULL),(1400,193,3,40753,40975,57,27781,2,0,'2022-09-19',25250.00,1,1.00,'Factura C N°: 0001-00000139',NULL,'2022-10-08 09:00:04','2022-10-08 09:00:04',NULL),(1401,193,3,40753,40975,57,27781,2,0,'2022-09-19',32000.00,1,1.00,'Factura C N°: 0001-00000141',NULL,'2022-10-08 09:00:17','2022-10-08 09:00:17',NULL),(1402,193,3,40753,40975,57,27781,2,0,'2022-09-19',17000.00,1,1.00,'Factura C N°: 0001-00000138',NULL,'2022-10-08 09:00:29','2022-10-08 09:00:29',NULL),(1403,193,3,40753,40975,57,27781,2,0,'2022-09-19',51000.00,1,1.00,'Factura C N°: 0001-00000137',NULL,'2022-10-08 09:00:39','2022-10-08 09:00:39',NULL),(1404,193,3,40753,40978,57,27781,2,0,'2022-09-17',40000.00,1,1.00,'Factura C N°: 0001-00000007',NULL,'2022-10-08 09:00:48','2022-10-08 09:00:48',NULL),(1405,193,3,40753,40974,57,27781,2,0,'2022-09-16',50000.00,1,1.00,'Factura C N°: 0002-00000035',NULL,'2022-10-08 09:01:04','2022-10-08 09:01:04',NULL),(1406,193,3,40753,33650,57,27781,2,0,'2022-09-13',10400.10,1,1.00,'Factura A N°: 0004-00001197',NULL,'2022-10-08 09:01:13','2022-10-08 09:01:13',NULL),(1407,193,3,40753,41177,57,27781,2,0,'2022-09-13',4922.47,1,1.00,'Factura A N°: 0008-00007114',NULL,'2022-10-08 09:01:23','2022-10-08 09:02:06','2022-10-08 09:02:06'),(1408,193,3,40753,41177,57,27781,2,0,'2022-09-13',4922.47,1,1.00,'Factura A N°: 0008-00007114',NULL,'2022-10-08 09:02:06','2022-10-08 09:02:06',NULL);
INSERT INTO `cta_cte_cliente` VALUES (1409,193,3,40753,40970,57,27781,2,0,'2022-09-13',1500.00,1,1.00,'Factura B N°: 0014-00955915',NULL,'2022-10-08 09:02:16','2022-10-12 10:06:32','2022-10-12 10:06:32'),(1410,193,3,40753,41176,57,27781,2,0,'2022-09-12',22187.76,1,1.00,'Factura A N°: 0024-00000347',NULL,'2022-10-08 09:02:23','2022-10-08 09:02:23',NULL),(1411,193,3,40753,40972,57,27781,2,0,'2022-09-06',100000.00,1,1.00,'Factura C N°: 0002-00000062',NULL,'2022-10-08 09:02:32','2022-10-08 09:02:32',NULL),(1412,193,3,40753,40979,57,27780,2,0,'2022-08-30',35204.02,1,1.00,'Factura B N°: 0012-00068045',NULL,'2022-10-08 09:03:29','2022-10-12 10:07:08','2022-10-12 10:07:08'),(1413,193,3,40753,40978,57,27780,2,0,'2022-08-29',26000.00,1,1.00,'Factura C N°: 0001-00000006',NULL,'2022-10-08 09:03:40','2022-10-08 09:03:40',NULL),(1414,193,3,40753,40973,57,27780,2,0,'2022-08-29',17000.00,1,1.00,'Factura C N°: 0001-00000475',NULL,'2022-10-08 09:03:49','2022-10-08 09:03:49',NULL),(1415,193,3,40750,40761,57,25660,2,0,'2022-09-30',60000.00,1,1.00,'Factura C N°: 0001-00000007',NULL,'2022-10-10 08:21:09','2022-10-19 11:48:14','2022-10-19 11:48:14'),(1416,193,3,40750,41297,57,25660,2,0,'2022-09-26',24150.00,1,1.00,'Factura C N°: 0002-00000006',NULL,'2022-10-10 08:22:31','2022-10-10 08:22:31',NULL),(1417,193,3,40750,41297,57,25660,2,0,'2022-09-26',31050.00,1,1.00,'Factura C N°: 0002-00000007',NULL,'2022-10-10 08:22:42','2022-10-10 08:22:42',NULL),(1418,193,3,40750,33180,57,25660,2,0,'2022-09-24',456902.85,1,1.00,'Factura B N°: 0131-00023172',NULL,'2022-10-10 08:24:00','2022-10-10 08:41:20','2022-10-10 08:41:20'),(1419,193,3,40750,33688,57,25660,2,0,'2022-09-23',1755.00,1,1.00,'Factura B N°: 0700-05607996',NULL,'2022-10-10 08:24:13','2022-10-14 13:04:14','2022-10-14 13:04:14'),(1420,193,3,40750,1176,57,25660,2,0,'2022-09-20',3500.60,1,1.00,'Factura A N°: 7968-00010873',NULL,'2022-10-10 08:24:25','2022-10-10 08:24:25',NULL),(1421,193,3,40750,40905,57,25660,2,0,'2022-09-20',67032.00,1,1.00,'Factura C N°: 0002-00000141',NULL,'2022-10-10 08:25:13','2022-10-10 08:25:13',NULL),(1422,193,3,40750,41296,57,25660,2,0,'2022-09-12',33759.00,1,1.00,'Factura A N°: 0001-00000216',NULL,'2022-10-10 08:27:07','2022-10-10 08:27:07',NULL),(1423,193,3,40750,33180,57,25660,2,0,'2022-09-24',456902.85,1,1.00,'Factura B N°: 0131-00023172',NULL,'2022-10-10 08:41:20','2022-10-14 13:03:40','2022-10-14 13:03:40'),(1424,193,2,40757,41334,13,30606,1,0,'2022-09-08',2000.00,1,1.00,'Factura A N°: 0004-00000294',NULL,'2022-10-11 07:33:58','2022-10-11 07:33:58',NULL),(1425,193,2,40757,41334,13,30606,1,0,'2022-09-08',303216.00,1,1.00,'Factura A N°: 0004-00000295',NULL,'2022-10-11 07:33:58','2022-10-11 07:33:58',NULL),(1426,193,2,40757,41335,13,30606,1,0,'2022-09-20',12650.00,1,1.00,'Factura A N°: 0004-00000296',NULL,'2022-10-11 07:33:58','2022-10-11 07:33:58',NULL),(1427,193,2,40757,41334,13,30606,1,0,'2022-09-27',6300.00,1,1.00,'Factura A N°: 0004-00000297',NULL,'2022-10-11 07:33:58','2022-10-11 07:33:58',NULL),(1428,193,3,40757,2482,57,30606,2,0,'2022-09-01',53514.31,1,1.00,'Factura B N°: 0049-03165586',NULL,'2022-10-11 07:34:07','2022-10-19 08:45:24','2022-10-19 08:45:24'),(1429,193,3,40757,8108,57,30606,2,0,'2022-09-02',76.00,1,1.00,'Factura B N°: 0711-24821206',NULL,'2022-10-11 07:34:07','2022-10-19 08:45:15','2022-10-19 08:45:15'),(1430,193,3,40757,827,57,30606,2,0,'2022-09-04',6949.12,1,1.00,'Factura A N°: 2014-00030562',NULL,'2022-10-11 07:34:07','2022-10-19 08:58:51','2022-10-19 08:58:51'),(1431,193,3,40757,8109,57,30606,2,0,'2022-09-05',1112.12,1,1.00,'Factura B N°: 5016-03764843',NULL,'2022-10-11 07:34:07','2022-10-19 08:45:06','2022-10-19 08:45:06'),(1432,193,3,40757,34199,57,30606,2,0,'2022-09-06',341302.36,1,1.00,'Factura A N°: 0581-00001328',NULL,'2022-10-11 07:34:07','2022-10-19 08:58:01','2022-10-19 08:58:01'),(1433,193,3,40757,827,57,30606,2,0,'2022-09-09',5518.82,1,1.00,'Factura A N°: 4225-00000364',NULL,'2022-10-11 07:34:07','2022-10-19 08:58:58','2022-10-19 08:58:58');
INSERT INTO `cta_cte_cliente` VALUES (1434,193,3,40757,41336,57,30606,2,0,'2022-09-12',106000.00,1,1.00,'Factura C N°: 0001-00000185',NULL,'2022-10-11 07:34:07','2022-10-19 08:58:32','2022-10-19 08:58:32'),(1435,193,3,40757,41337,57,30606,2,0,'2022-09-12',7190000.00,1,1.00,'Factura B N°: 0011-00010062',NULL,'2022-10-11 07:34:07','2022-10-19 08:44:58','2022-10-19 08:44:58'),(1436,193,3,40757,41338,57,30606,2,0,'2022-09-12',2483.01,1,1.00,'Factura A N°: 0006-00000033',NULL,'2022-10-11 07:34:07','2022-10-11 07:34:07',NULL),(1437,193,3,40757,41339,57,30606,2,0,'2022-09-13',1250.00,1,1.00,'Factura B N°: 1411-01828532',NULL,'2022-10-11 07:34:07','2022-10-19 08:44:43','2022-10-19 08:44:43'),(1438,193,3,40757,827,57,30606,2,0,'2022-09-13',7038.57,1,1.00,'Factura A N°: 2011-00017508',NULL,'2022-10-11 07:34:07','2022-10-19 08:59:52','2022-10-19 08:59:52'),(1439,193,3,40757,8109,57,30606,2,0,'2022-09-19',914.81,1,1.00,'Factura B N°: 5016-03846250',NULL,'2022-10-11 07:34:07','2022-10-19 08:44:07','2022-10-19 08:44:07'),(1440,193,3,40757,41340,57,30606,2,0,'2022-09-19',715.00,1,1.00,'Factura B N°: 0007-00284124',NULL,'2022-10-11 07:34:07','2022-10-19 08:44:51','2022-10-19 08:44:51'),(1441,193,3,40757,33688,57,30606,2,0,'2022-09-23',936.00,1,1.00,'Factura B N°: 0700-05415457',NULL,'2022-10-11 07:34:07','2022-10-19 08:44:01','2022-10-19 08:44:01'),(1442,193,3,40757,41341,57,30606,2,0,'2022-09-23',4900.00,1,1.00,'Factura C N°: 0600-00945412',NULL,'2022-10-11 07:34:08','2022-10-19 08:47:41','2022-10-19 08:47:41'),(1443,193,3,40757,39269,57,30606,2,0,'2022-09-23',3500.00,1,1.00,'Factura A N°: 0036-00000702',NULL,'2022-10-11 07:34:08','2022-10-19 08:59:43','2022-10-19 08:59:43'),(1444,193,3,40757,41341,57,30606,2,0,'2022-09-28',5404.00,1,1.00,'Factura C N°: 0400-05612814',NULL,'2022-10-11 07:34:08','2022-10-19 08:58:10','2022-10-19 08:58:10'),(1445,193,3,40757,41342,57,30606,2,0,'2022-09-30',1425.00,1,1.00,'Factura B N°: 0009-00010500',NULL,'2022-10-11 07:34:08','2022-10-19 08:43:53','2022-10-19 08:43:53'),(1446,193,2,40922,1989,13,109749,1,0,'2022-02-25',5000.00,1,1.00,'Factura C N°: 0005-00000927',NULL,'2022-10-11 08:51:01','2022-10-11 08:51:01',NULL),(1447,193,2,40922,1989,13,109749,1,0,'2022-02-24',1000.00,1,1.00,'Factura C N°: 0005-00000926',NULL,'2022-10-11 08:51:12','2022-10-11 08:51:12',NULL),(1448,193,2,40922,1989,13,109749,1,0,'2022-02-24',3000.00,1,1.00,'Factura C N°: 0005-00000925',NULL,'2022-10-11 08:51:26','2022-10-11 08:51:26',NULL),(1449,193,2,40922,1989,13,109749,1,0,'2022-02-24',1500.00,1,1.00,'Factura C N°: 0005-00000924',NULL,'2022-10-11 08:51:36','2022-10-11 08:51:36',NULL),(1450,193,2,40922,1989,13,109749,1,0,'2022-02-24',4000.00,1,1.00,'Factura C N°: 0005-00000923',NULL,'2022-10-11 08:51:46','2022-10-11 08:51:46',NULL),(1451,193,2,40922,41281,13,109749,1,0,'2022-02-24',4000.00,1,1.00,'Factura C N°: 0005-00000922',NULL,'2022-10-11 08:52:01','2022-10-11 08:52:01',NULL),(1452,193,2,40922,41280,13,109749,1,0,'2022-02-23',10000.00,1,1.00,'Factura C N°: 0005-00000921',NULL,'2022-10-11 08:52:11','2022-10-11 08:52:11',NULL),(1453,193,2,40922,1989,13,109749,1,0,'2022-02-23',2560.00,1,1.00,'Factura C N°: 0005-00000920',NULL,'2022-10-11 08:52:24','2022-10-11 08:52:24',NULL),(1454,193,2,40922,1989,13,109749,1,0,'2022-02-23',3000.00,1,1.00,'Factura C N°: 0005-00000919',NULL,'2022-10-11 08:52:39','2022-10-11 08:52:39',NULL),(1455,193,2,40922,1989,13,109749,1,0,'2022-02-23',6000.00,1,1.00,'Factura C N°: 0005-00000918',NULL,'2022-10-11 08:52:48','2022-10-11 08:52:48',NULL),(1456,193,2,40922,41279,13,109749,1,0,'2022-02-23',1500.00,1,1.00,'Factura C N°: 0005-00000917',NULL,'2022-10-11 08:53:01','2022-10-11 08:53:01',NULL),(1457,193,2,40922,41278,13,109749,1,0,'2022-02-22',3280.00,1,1.00,'Factura C N°: 0005-00000916',NULL,'2022-10-11 08:53:14','2022-10-11 08:53:14',NULL),(1458,193,2,40922,41263,13,109749,1,0,'2022-02-22',15000.00,1,1.00,'Factura C N°: 0005-00000915',NULL,'2022-10-11 08:53:25','2022-10-11 08:53:25',NULL);
INSERT INTO `cta_cte_cliente` VALUES (1459,193,2,40922,41197,13,109749,1,0,'2022-02-22',1200.00,1,1.00,'Factura C N°: 0005-00000914',NULL,'2022-10-11 08:53:38','2022-10-11 08:53:38',NULL),(1460,193,2,40922,1989,13,109749,1,0,'2022-02-21',6000.00,1,1.00,'Factura C N°: 0005-00000913',NULL,'2022-10-11 08:53:48','2022-10-11 08:53:48',NULL),(1461,193,2,40922,1989,13,109749,1,0,'2022-02-21',3000.00,1,1.00,'Factura C N°: 0005-00000912',NULL,'2022-10-11 08:54:02','2022-10-11 08:54:02',NULL),(1462,193,2,40922,1989,13,109749,1,0,'2022-02-18',1500.00,1,1.00,'Factura C N°: 0005-00000911',NULL,'2022-10-11 08:54:13','2022-10-11 08:54:13',NULL),(1463,193,2,40922,1989,13,109749,1,0,'2022-02-18',1500.00,1,1.00,'Factura C N°: 0005-00000910',NULL,'2022-10-11 08:54:27','2022-10-11 08:54:27',NULL),(1464,193,2,40922,41199,13,109749,1,0,'2022-02-18',4000.00,1,1.00,'Factura C N°: 0005-00000909',NULL,'2022-10-11 08:54:39','2022-10-11 08:54:39',NULL),(1465,193,2,40922,1989,13,109749,1,0,'2022-02-17',5000.00,1,1.00,'Factura C N°: 0005-00000908',NULL,'2022-10-11 08:54:50','2022-10-11 08:54:50',NULL),(1466,193,2,40922,1989,13,109749,1,0,'2022-02-17',4000.00,1,1.00,'Factura C N°: 0005-00000907',NULL,'2022-10-11 08:55:00','2022-10-11 08:55:00',NULL),(1467,193,2,40922,41277,13,109749,1,0,'2022-02-16',8000.00,1,1.00,'Factura C N°: 0005-00000906',NULL,'2022-10-11 08:55:11','2022-10-11 08:55:11',NULL),(1468,193,2,40922,1989,13,109749,1,0,'2022-02-16',3000.00,1,1.00,'Factura C N°: 0005-00000905',NULL,'2022-10-11 08:55:22','2022-10-11 08:55:22',NULL),(1469,193,2,40922,1989,13,109749,1,0,'2022-02-16',2000.00,1,1.00,'Factura C N°: 0005-00000904',NULL,'2022-10-11 08:55:34','2022-10-11 08:55:34',NULL),(1470,193,2,40922,1989,13,109749,1,0,'2022-02-16',4000.00,1,1.00,'Factura C N°: 0005-00000903',NULL,'2022-10-11 08:55:44','2022-10-11 08:55:44',NULL),(1471,193,2,40922,1989,13,109749,1,0,'2022-02-16',4000.00,1,1.00,'Factura C N°: 0005-00000902',NULL,'2022-10-11 08:55:54','2022-10-11 08:55:54',NULL),(1472,193,2,40922,41216,13,109749,1,0,'2022-02-16',1500.00,1,1.00,'Factura C N°: 0005-00000901',NULL,'2022-10-11 08:56:04','2022-10-11 08:56:04',NULL),(1473,193,2,40922,41276,13,109749,1,0,'2022-02-16',38000.00,1,1.00,'Factura C N°: 0005-00000900',NULL,'2022-10-11 08:56:16','2022-10-11 08:56:16',NULL),(1474,193,2,40922,1989,13,109749,1,0,'2022-02-15',4000.00,1,1.00,'Factura C N°: 0005-00000899',NULL,'2022-10-11 08:56:26','2022-10-11 08:56:26',NULL),(1475,193,2,40922,1989,13,109749,1,0,'2022-02-15',5000.00,1,1.00,'Factura C N°: 0005-00000898',NULL,'2022-10-11 08:56:36','2022-10-11 08:56:36',NULL),(1476,193,2,40922,41264,13,109749,1,0,'2022-02-14',20000.00,1,1.00,'Factura C N°: 0005-00000897',NULL,'2022-10-11 08:56:47','2022-10-11 08:56:47',NULL),(1477,193,2,40922,1989,13,109749,1,0,'2022-02-14',4000.00,1,1.00,'Factura C N°: 0005-00000896',NULL,'2022-10-11 08:56:57','2022-10-11 08:56:57',NULL),(1478,193,2,40922,1989,13,109754,1,0,'2022-02-11',3000.00,1,1.00,'Factura C N°: 0005-00000895',NULL,'2022-10-11 08:57:05','2022-10-11 08:57:18','2022-10-11 08:57:18'),(1479,193,2,40922,1989,13,109749,1,0,'2022-02-11',3000.00,1,1.00,'Factura C N°: 0005-00000895',NULL,'2022-10-11 08:57:18','2022-10-11 08:57:18',NULL),(1480,193,2,40922,41252,13,109749,1,0,'2022-02-10',15000.00,1,1.00,'Factura C N°: 0005-00000894',NULL,'2022-10-11 08:57:32','2022-10-11 08:57:32',NULL),(1481,193,2,40922,1989,13,109749,1,0,'2022-02-10',4000.00,1,1.00,'Factura C N°: 0005-00000893',NULL,'2022-10-11 08:57:42','2022-10-11 08:57:42',NULL),(1482,193,2,40922,1989,13,109749,1,0,'2022-02-10',6500.00,1,1.00,'Factura C N°: 0005-00000892',NULL,'2022-10-11 08:57:53','2022-10-11 08:57:53',NULL),(1483,193,2,40922,41275,13,109749,1,0,'2022-02-10',10000.00,1,1.00,'Factura C N°: 0005-00000891',NULL,'2022-10-11 08:58:03','2022-10-11 08:58:03',NULL),(1484,193,2,40922,41274,13,109749,1,0,'2022-02-09',7000.00,1,1.00,'Factura C N°: 0005-00000890',NULL,'2022-10-11 08:58:14','2022-10-11 08:58:14',NULL);
INSERT INTO `cta_cte_cliente` VALUES (1485,193,2,40922,41273,13,109749,1,0,'2022-02-09',7000.00,1,1.00,'Factura C N°: 0005-00000889',NULL,'2022-10-11 08:58:27','2022-10-11 08:58:27',NULL),(1486,193,2,40922,41272,13,109749,1,0,'2022-02-09',30000.00,1,1.00,'Factura C N°: 0005-00000888',NULL,'2022-10-11 08:58:46','2022-10-11 08:58:46',NULL),(1487,193,2,40922,41271,13,109754,1,0,'2022-02-08',18280.00,1,1.00,'Factura C N°: 0005-00000887',NULL,'2022-10-11 08:58:54','2022-10-11 08:59:04','2022-10-11 08:59:04'),(1488,193,2,40922,41271,13,109749,1,0,'2022-02-08',18280.00,1,1.00,'Factura C N°: 0005-00000887',NULL,'2022-10-11 08:59:04','2022-10-11 08:59:04',NULL),(1489,193,2,40922,41265,13,109749,1,0,'2022-02-08',10000.00,1,1.00,'Factura C N°: 0005-00000886',NULL,'2022-10-11 08:59:14','2022-10-11 08:59:14',NULL),(1490,193,2,40922,41270,13,109749,1,0,'2022-02-08',15000.00,1,1.00,'Factura C N°: 0005-00000885',NULL,'2022-10-11 08:59:24','2022-10-11 08:59:24',NULL),(1491,193,2,40922,1989,13,109754,1,0,'2022-02-08',5000.00,1,1.00,'Factura C N°: 0005-00000884',NULL,'2022-10-11 08:59:33','2022-10-11 08:59:44','2022-10-11 08:59:44'),(1492,193,2,40922,1989,13,109749,1,0,'2022-02-08',5000.00,1,1.00,'Factura C N°: 0005-00000884',NULL,'2022-10-11 08:59:44','2022-10-11 08:59:44',NULL),(1493,193,2,40922,41263,13,109754,1,0,'2022-02-08',10000.00,1,1.00,'Factura C N°: 0005-00000883',NULL,'2022-10-11 08:59:55','2022-10-11 09:00:05','2022-10-11 09:00:05'),(1494,193,2,40922,41263,13,109749,1,0,'2022-02-08',10000.00,1,1.00,'Factura C N°: 0005-00000883',NULL,'2022-10-11 09:00:05','2022-10-11 09:00:05',NULL),(1495,193,2,40922,1989,13,109749,1,0,'2022-02-07',3000.00,1,1.00,'Factura C N°: 0005-00000882',NULL,'2022-10-11 09:00:18','2022-10-11 09:00:18',NULL),(1496,193,2,40922,41269,13,109749,1,0,'2022-02-07',7000.00,1,1.00,'Factura C N°: 0005-00000881',NULL,'2022-10-11 09:00:28','2022-10-11 09:00:28',NULL),(1497,193,2,40922,1989,13,109749,1,0,'2022-02-07',4000.00,1,1.00,'Factura C N°: 0005-00000880',NULL,'2022-10-11 09:00:43','2022-10-11 09:00:43',NULL),(1498,193,2,40922,41268,13,109749,1,0,'2022-02-07',9000.00,1,1.00,'Factura C N°: 0005-00000879',NULL,'2022-10-11 09:00:59','2022-10-11 09:00:59',NULL),(1533,193,2,40922,1989,13,109748,1,0,'2022-01-03',4000.00,1,1.00,'Factura C N°: 0005-00000814',NULL,'2022-10-11 09:29:49','2022-10-11 09:29:49',NULL),(1534,193,2,40922,1989,13,109748,1,0,'2022-01-03',3000.00,1,1.00,'Factura C N°: 0005-00000815',NULL,'2022-10-11 09:29:49','2022-10-11 09:29:49',NULL),(1535,193,2,40922,1989,13,109748,1,0,'2022-01-03',8000.00,1,1.00,'Factura C N°: 0005-00000816',NULL,'2022-10-11 09:29:49','2022-10-11 09:29:49',NULL),(1536,193,2,40922,1989,13,109748,1,0,'2022-01-04',5000.00,1,1.00,'Factura C N°: 0005-00000817',NULL,'2022-10-11 09:29:50','2022-10-11 09:29:50',NULL),(1537,193,2,40922,1989,13,109748,1,0,'2022-01-05',3000.00,1,1.00,'Factura C N°: 0005-00000818',NULL,'2022-10-11 09:29:50','2022-10-11 09:29:50',NULL),(1538,193,2,40922,1989,13,109748,1,0,'2022-01-06',1500.00,1,1.00,'Factura C N°: 0005-00000819',NULL,'2022-10-11 09:29:50','2022-10-11 09:29:50',NULL),(1539,193,2,40922,1989,13,109748,1,0,'2022-01-06',2000.00,1,1.00,'Factura C N°: 0005-00000820',NULL,'2022-10-11 09:29:50','2022-10-11 09:29:50',NULL),(1540,193,2,40922,41274,13,109748,1,0,'2022-01-06',3000.00,1,1.00,'Factura C N°: 0005-00000821',NULL,'2022-10-11 09:29:50','2022-10-11 09:29:50',NULL),(1541,193,2,40922,1989,13,109748,1,0,'2022-01-07',3000.00,1,1.00,'Factura C N°: 0005-00000822',NULL,'2022-10-11 09:29:50','2022-10-11 09:29:50',NULL),(1542,193,2,40922,1989,13,109748,1,0,'2022-01-10',500.00,1,1.00,'Factura C N°: 0005-00000823',NULL,'2022-10-11 09:29:50','2022-10-11 09:29:50',NULL),(1543,193,2,40922,1989,13,109748,1,0,'2022-01-10',2000.00,1,1.00,'Factura C N°: 0005-00000824',NULL,'2022-10-11 09:29:50','2022-10-11 09:29:50',NULL),(1544,193,2,40922,1989,13,109748,1,0,'2022-01-12',500.00,1,1.00,'Factura C N°: 0005-00000825',NULL,'2022-10-11 09:29:50','2022-10-11 09:29:50',NULL);
INSERT INTO `cta_cte_cliente` VALUES (1545,193,2,40922,1989,13,109748,1,0,'2022-01-12',5000.00,1,1.00,'Factura C N°: 0005-00000826',NULL,'2022-10-11 09:29:50','2022-10-11 09:29:50',NULL),(1546,193,2,40922,1989,13,109748,1,0,'2022-01-12',4000.00,1,1.00,'Factura C N°: 0005-00000827',NULL,'2022-10-11 09:29:50','2022-10-11 09:29:50',NULL),(1547,193,2,40922,1989,13,109748,1,0,'2022-01-12',1500.00,1,1.00,'Factura C N°: 0005-00000828',NULL,'2022-10-11 09:29:50','2022-10-11 09:29:50',NULL),(1548,193,2,40922,1989,13,109748,1,0,'2022-01-12',2000.00,1,1.00,'Factura C N°: 0005-00000829',NULL,'2022-10-11 09:29:50','2022-10-11 09:29:50',NULL),(1549,193,2,40922,1989,13,109748,1,0,'2022-01-12',2000.00,1,1.00,'Factura C N°: 0005-00000830',NULL,'2022-10-11 09:29:50','2022-10-11 09:29:50',NULL),(1550,193,2,40922,1989,13,109748,1,0,'2022-01-13',5000.00,1,1.00,'Factura C N°: 0005-00000831',NULL,'2022-10-11 09:29:50','2022-10-11 09:29:50',NULL),(1551,193,2,40922,1989,13,109748,1,0,'2022-01-13',3000.00,1,1.00,'Factura C N°: 0005-00000832',NULL,'2022-10-11 09:29:50','2022-10-11 09:29:50',NULL),(1552,193,2,40922,1989,13,109748,1,0,'2022-01-13',3000.00,1,1.00,'Factura C N°: 0005-00000833',NULL,'2022-10-11 09:29:51','2022-10-11 09:29:51',NULL),(1553,193,2,40922,41350,13,109748,1,0,'2022-01-14',4000.00,1,1.00,'Factura C N°: 0005-00000834',NULL,'2022-10-11 09:29:51','2022-10-11 09:29:51',NULL),(1554,193,2,40922,1989,13,109748,1,0,'2022-01-14',3000.00,1,1.00,'Factura C N°: 0005-00000835',NULL,'2022-10-11 09:29:51','2022-10-11 09:29:51',NULL),(1555,193,2,40922,1989,13,109748,1,0,'2022-01-14',3000.00,1,1.00,'Factura C N°: 0005-00000836',NULL,'2022-10-11 09:29:51','2022-10-11 09:29:51',NULL),(1556,193,2,40922,41264,13,109748,1,0,'2022-01-17',8000.00,1,1.00,'Factura C N°: 0005-00000837',NULL,'2022-10-11 09:29:51','2022-10-11 09:29:51',NULL),(1557,193,2,40922,1989,13,109748,1,0,'2022-01-17',3000.00,1,1.00,'Factura C N°: 0005-00000838',NULL,'2022-10-11 09:29:51','2022-10-11 09:29:51',NULL),(1558,193,2,40922,1989,13,109748,1,0,'2022-01-17',4000.00,1,1.00,'Factura C N°: 0005-00000839',NULL,'2022-10-11 09:29:51','2022-10-11 09:29:51',NULL),(1559,193,2,40922,1989,13,109748,1,0,'2022-01-18',3000.00,1,1.00,'Factura C N°: 0005-00000840',NULL,'2022-10-11 09:29:51','2022-10-11 09:29:51',NULL),(1560,193,2,40922,1989,13,109748,1,0,'2022-01-18',5000.00,1,1.00,'Factura C N°: 0005-00000841',NULL,'2022-10-11 09:29:51','2022-10-11 09:29:51',NULL),(1561,193,2,40922,41351,13,109748,1,0,'2022-01-18',13000.00,1,1.00,'Factura C N°: 0005-00000842',NULL,'2022-10-11 09:29:51','2022-10-11 09:29:51',NULL),(1562,193,2,40922,41352,13,109748,1,0,'2022-01-18',8000.00,1,1.00,'Factura C N°: 0005-00000843',NULL,'2022-10-11 09:29:51','2022-10-11 09:29:51',NULL),(1563,193,2,40922,41353,13,109748,1,0,'2022-01-19',1500.00,1,1.00,'Factura C N°: 0005-00000844',NULL,'2022-10-11 09:29:51','2022-10-11 09:29:51',NULL),(1564,193,2,40922,1989,13,109748,1,0,'2022-01-19',2000.00,1,1.00,'Factura C N°: 0005-00000845',NULL,'2022-10-11 09:29:51','2022-10-11 09:29:51',NULL),(1565,193,2,40922,1989,13,109748,1,0,'2022-01-19',1500.00,1,1.00,'Factura C N°: 0005-00000846',NULL,'2022-10-11 09:29:51','2022-10-11 09:29:51',NULL),(1566,193,2,40922,41354,13,109748,1,0,'2022-01-19',20000.00,1,1.00,'Factura C N°: 0005-00000847',NULL,'2022-10-11 09:29:51','2022-10-11 09:29:51',NULL),(1567,193,2,40922,1989,13,109748,1,0,'2022-01-20',15000.00,1,1.00,'Factura C N°: 0005-00000848',NULL,'2022-10-11 09:29:51','2022-10-11 09:29:51',NULL),(1568,193,2,40922,41350,13,109748,1,0,'2022-01-21',4000.00,1,1.00,'Factura C N°: 0005-00000849',NULL,'2022-10-11 09:29:51','2022-10-11 09:29:51',NULL),(1569,193,2,40922,1989,13,109748,1,0,'2022-01-21',3000.00,1,1.00,'Factura C N°: 0005-00000850',NULL,'2022-10-11 09:29:51','2022-10-11 09:29:51',NULL),(1570,193,2,40922,41264,13,109748,1,0,'2022-01-24',15000.00,1,1.00,'Factura C N°: 0005-00000851',NULL,'2022-10-11 09:29:52','2022-10-11 09:29:52',NULL);
INSERT INTO `cta_cte_cliente` VALUES (1571,193,2,40922,41272,13,109748,1,0,'2022-01-25',30000.00,1,1.00,'Factura C N°: 0005-00000852',NULL,'2022-10-11 09:29:52','2022-10-11 09:29:52',NULL),(1572,193,2,40922,1989,13,109748,1,0,'2022-01-25',1500.00,1,1.00,'Factura C N°: 0005-00000853',NULL,'2022-10-11 09:29:52','2022-10-11 09:29:52',NULL),(1573,193,2,40922,1989,13,109748,1,0,'2022-01-25',3000.00,1,1.00,'Factura C N°: 0005-00000854',NULL,'2022-10-11 09:29:52','2022-10-11 09:29:52',NULL),(1574,193,2,40922,1989,13,109748,1,0,'2022-01-26',2500.00,1,1.00,'Factura C N°: 0005-00000855',NULL,'2022-10-11 09:29:52','2022-10-11 09:29:52',NULL),(1575,193,2,40922,1989,13,109748,1,0,'2022-01-26',4000.00,1,1.00,'Factura C N°: 0005-00000856',NULL,'2022-10-11 09:29:52','2022-10-11 09:29:52',NULL),(1576,193,2,40922,41214,13,109748,1,0,'2022-01-27',11000.00,1,1.00,'Factura C N°: 0005-00000857',NULL,'2022-10-11 09:29:52','2022-10-11 09:29:52',NULL),(1577,193,2,40922,41355,13,109748,1,0,'2022-01-27',11000.00,1,1.00,'Factura C N°: 0005-00000858',NULL,'2022-10-11 09:29:52','2022-10-11 09:29:52',NULL),(1578,193,2,40922,1989,13,109748,1,0,'2022-01-27',3000.00,1,1.00,'Factura C N°: 0005-00000859',NULL,'2022-10-11 09:29:52','2022-10-11 09:29:52',NULL),(1579,193,2,40922,1989,13,109748,1,0,'2022-01-27',10000.00,1,1.00,'Factura C N°: 0005-00000860',NULL,'2022-10-11 09:29:52','2022-10-11 09:29:52',NULL),(1580,193,2,40922,41252,13,109748,1,0,'2022-01-27',15000.00,1,1.00,'Factura C N°: 0005-00000861',NULL,'2022-10-11 09:29:52','2022-10-11 09:29:52',NULL),(1581,193,2,40922,1989,13,109748,1,0,'2022-01-27',3000.00,1,1.00,'Factura C N°: 0005-00000862',NULL,'2022-10-11 09:29:52','2022-10-11 09:29:52',NULL),(1582,193,2,40922,1989,13,109748,1,0,'2022-01-27',3000.00,1,1.00,'Factura C N°: 0005-00000863',NULL,'2022-10-11 09:29:52','2022-10-11 09:29:52',NULL),(1583,193,2,40922,1989,13,109748,1,0,'2022-01-28',3000.00,1,1.00,'Factura C N°: 0005-00000864',NULL,'2022-10-11 09:29:52','2022-10-11 09:29:52',NULL),(1584,193,2,40922,1989,13,109748,1,0,'2022-01-31',1500.00,1,1.00,'Factura C N°: 0005-00000865',NULL,'2022-10-11 09:29:52','2022-10-11 09:29:52',NULL),(1585,193,2,40922,1989,13,109748,1,0,'2022-01-31',4150.00,1,1.00,'Factura C N°: 0005-00000866',NULL,'2022-10-11 09:29:52','2022-10-11 09:29:52',NULL),(1586,193,2,40922,1989,13,109748,1,0,'2022-01-31',1500.00,1,1.00,'Factura C N°: 0005-00000867',NULL,'2022-10-11 09:29:52','2022-10-11 09:29:52',NULL),(1606,193,2,40922,1989,13,179080,1,0,'2021-12-01',2000.00,1,1.00,'Factura C N°: 0005-00000752',NULL,'2022-10-11 09:41:59','2022-10-11 09:41:59',NULL),(1607,193,2,40922,1989,13,179080,1,0,'2021-12-01',3250.00,1,1.00,'Factura C N°: 0005-00000753',NULL,'2022-10-11 09:41:59','2022-10-11 09:41:59',NULL),(1608,193,2,40922,1989,13,179080,1,0,'2021-12-02',4000.00,1,1.00,'Factura C N°: 0005-00000754',NULL,'2022-10-11 09:41:59','2022-10-11 09:41:59',NULL),(1609,193,2,40922,1989,13,179080,1,0,'2021-12-02',7000.00,1,1.00,'Factura C N°: 0005-00000755',NULL,'2022-10-11 09:42:00','2022-10-11 09:42:00',NULL),(1610,193,2,40922,41366,13,179080,1,0,'2021-12-03',10000.00,1,1.00,'Factura C N°: 0005-00000756',NULL,'2022-10-11 09:42:00','2022-10-11 09:42:00',NULL),(1611,193,2,40922,1989,13,179080,1,0,'2021-12-03',1500.00,1,1.00,'Factura C N°: 0005-00000757',NULL,'2022-10-11 09:42:00','2022-10-11 09:42:00',NULL),(1612,193,2,40922,1989,13,179080,1,0,'2021-12-03',1500.00,1,1.00,'Factura C N°: 0005-00000758',NULL,'2022-10-11 09:42:00','2022-10-11 09:42:00',NULL),(1613,193,2,40922,41367,13,179080,1,0,'2021-12-03',60000.00,1,1.00,'Factura C N°: 0005-00000759',NULL,'2022-10-11 09:42:00','2022-10-11 09:42:00',NULL),(1614,193,2,40922,41368,13,179080,1,0,'2021-12-03',5000.00,1,1.00,'Factura C N°: 0005-00000760',NULL,'2022-10-11 09:42:00','2022-10-11 09:42:00',NULL),(1615,193,2,40922,1989,13,179080,1,0,'2021-12-06',1500.00,1,1.00,'Factura C N°: 0005-00000761',NULL,'2022-10-11 09:42:00','2022-10-11 09:42:00',NULL);
INSERT INTO `cta_cte_cliente` VALUES (1616,193,2,40922,1989,13,179080,1,0,'2021-12-06',1500.00,1,1.00,'Factura C N°: 0005-00000762',NULL,'2022-10-11 09:42:00','2022-10-11 09:42:00',NULL),(1617,193,2,40922,1989,13,179080,1,0,'2021-12-06',3000.00,1,1.00,'Factura C N°: 0005-00000763',NULL,'2022-10-11 09:42:00','2022-10-11 09:42:00',NULL),(1618,193,2,40922,1989,13,179080,1,0,'2021-12-06',3000.00,1,1.00,'Factura C N°: 0005-00000764',NULL,'2022-10-11 09:42:00','2022-10-11 09:42:00',NULL),(1619,193,2,40922,1989,13,179080,1,0,'2021-12-06',3500.00,1,1.00,'Factura C N°: 0005-00000765',NULL,'2022-10-11 09:42:01','2022-10-11 09:42:01',NULL),(1620,193,2,40922,1989,13,179080,1,0,'2021-12-07',1500.00,1,1.00,'Factura C N°: 0005-00000766',NULL,'2022-10-11 09:42:01','2022-10-11 09:42:01',NULL),(1621,193,2,40922,1989,13,179080,1,0,'2021-12-07',3000.00,1,1.00,'Factura C N°: 0005-00000767',NULL,'2022-10-11 09:42:01','2022-10-11 09:42:01',NULL),(1622,193,2,40922,1989,13,179080,1,0,'2021-12-07',2000.00,1,1.00,'Factura C N°: 0005-00000768',NULL,'2022-10-11 09:42:01','2022-10-11 09:42:01',NULL),(1623,193,2,40922,1989,13,179080,1,0,'2021-12-07',3500.00,1,1.00,'Factura C N°: 0005-00000769',NULL,'2022-10-11 09:42:01','2022-10-11 09:42:01',NULL),(1624,193,2,40922,1989,13,179080,1,0,'2021-12-07',2000.00,1,1.00,'Factura C N°: 0005-00000770',NULL,'2022-10-11 09:42:01','2022-10-11 09:42:01',NULL),(1625,193,2,40922,1989,13,179080,1,0,'2021-12-10',10000.00,1,1.00,'Factura C N°: 0005-00000771',NULL,'2022-10-11 09:42:01','2022-10-11 09:42:01',NULL),(1626,193,2,40922,1989,13,179080,1,0,'2021-12-10',1500.00,1,1.00,'Factura C N°: 0005-00000772',NULL,'2022-10-11 09:42:02','2022-10-11 09:42:02',NULL),(1627,193,2,40922,1989,13,179080,1,0,'2021-12-10',3000.00,1,1.00,'Factura C N°: 0005-00000773',NULL,'2022-10-11 09:42:02','2022-10-11 09:42:02',NULL),(1628,193,2,40922,41369,13,179080,1,0,'2021-12-10',41450.00,1,1.00,'Factura C N°: 0005-00000774',NULL,'2022-10-11 09:42:02','2022-10-11 09:42:02',NULL),(1629,193,2,40922,1989,13,179080,1,0,'2021-12-13',4000.00,1,1.00,'Factura C N°: 0005-00000775',NULL,'2022-10-11 09:42:02','2022-10-11 09:42:02',NULL),(1630,193,2,40922,1989,13,179080,1,0,'2021-12-13',3000.00,1,1.00,'Factura C N°: 0005-00000776',NULL,'2022-10-11 09:42:02','2022-10-11 09:42:02',NULL),(1631,193,2,40922,1989,13,179080,1,0,'2021-12-13',1500.00,1,1.00,'Factura C N°: 0005-00000777',NULL,'2022-10-11 09:42:02','2022-10-11 09:42:02',NULL),(1632,193,2,40922,1989,13,179080,1,0,'2021-12-13',1500.00,1,1.00,'Factura C N°: 0005-00000778',NULL,'2022-10-11 09:42:03','2022-10-11 09:42:03',NULL),(1633,193,2,40922,1989,13,179080,1,0,'2021-12-13',3000.00,1,1.00,'Factura C N°: 0005-00000779',NULL,'2022-10-11 09:42:03','2022-10-11 09:42:03',NULL),(1634,193,2,40922,1989,13,179080,1,0,'2021-12-13',3000.00,1,1.00,'Factura C N°: 0005-00000780',NULL,'2022-10-11 09:42:03','2022-10-11 09:42:03',NULL),(1635,193,2,40922,41370,13,179080,1,0,'2021-12-14',3000.00,1,1.00,'Factura C N°: 0005-00000781',NULL,'2022-10-11 09:42:03','2022-10-11 09:42:03',NULL),(1636,193,2,40922,1989,13,179080,1,0,'2021-12-14',3000.00,1,1.00,'Factura C N°: 0005-00000782',NULL,'2022-10-11 09:42:03','2022-10-11 09:42:03',NULL),(1637,193,2,40922,1989,13,179080,1,0,'2021-12-15',1500.00,1,1.00,'Factura C N°: 0005-00000783',NULL,'2022-10-11 09:42:03','2022-10-11 09:42:03',NULL),(1638,193,2,40922,1989,13,179080,1,0,'2021-12-15',3000.00,1,1.00,'Factura C N°: 0005-00000784',NULL,'2022-10-11 09:42:03','2022-10-11 09:42:03',NULL),(1639,193,2,40922,41272,13,179080,1,0,'2021-12-16',25000.00,1,1.00,'Factura C N°: 0005-00000785',NULL,'2022-10-11 09:42:04','2022-10-11 09:42:04',NULL),(1640,193,2,40922,41371,13,179080,1,0,'2021-12-16',10000.00,1,1.00,'Factura C N°: 0005-00000786',NULL,'2022-10-11 09:42:04','2022-10-11 09:42:04',NULL),(1641,193,2,40922,1989,13,179080,1,0,'2021-12-17',3000.00,1,1.00,'Factura C N°: 0005-00000787',NULL,'2022-10-11 09:42:04','2022-10-11 09:42:04',NULL);
INSERT INTO `cta_cte_cliente` VALUES (1642,193,2,40922,1989,13,179080,1,0,'2021-12-20',2000.00,1,1.00,'Factura C N°: 0005-00000788',NULL,'2022-10-11 09:42:04','2022-10-11 09:42:04',NULL),(1643,193,2,40922,1989,13,179080,1,0,'2021-12-20',2000.00,1,1.00,'Factura C N°: 0005-00000789',NULL,'2022-10-11 09:42:04','2022-10-11 09:42:04',NULL),(1644,193,2,40922,1989,13,179080,1,0,'2021-12-20',3000.00,1,1.00,'Factura C N°: 0005-00000790',NULL,'2022-10-11 09:42:04','2022-10-11 09:42:04',NULL),(1645,193,2,40922,1989,13,179080,1,0,'2021-12-20',10000.00,1,1.00,'Factura C N°: 0005-00000791',NULL,'2022-10-11 09:42:04','2022-10-11 09:42:04',NULL),(1646,193,2,40922,41372,13,179080,1,0,'2021-12-21',6000.00,1,1.00,'Factura C N°: 0005-00000792',NULL,'2022-10-11 09:42:04','2022-10-11 09:42:04',NULL),(1647,193,2,40922,41373,13,179080,1,0,'2021-12-22',10000.00,1,1.00,'Factura C N°: 0005-00000793',NULL,'2022-10-11 09:42:04','2022-10-11 09:42:04',NULL),(1648,193,2,40922,1989,13,179080,1,0,'2021-12-22',6000.00,1,1.00,'Factura C N°: 0005-00000794',NULL,'2022-10-11 09:42:04','2022-10-11 09:42:04',NULL),(1649,193,2,40922,41196,13,179080,1,0,'2021-12-22',3000.00,1,1.00,'Factura C N°: 0005-00000795',NULL,'2022-10-11 09:42:04','2022-10-11 09:42:04',NULL),(1650,193,2,40922,1989,13,179080,1,0,'2021-12-22',3000.00,1,1.00,'Factura C N°: 0005-00000796',NULL,'2022-10-11 09:42:04','2022-10-11 09:42:04',NULL),(1651,193,2,40922,1989,13,179080,1,0,'2021-12-22',5000.00,1,1.00,'Factura C N°: 0005-00000797',NULL,'2022-10-11 09:42:04','2022-10-11 09:42:04',NULL),(1652,193,2,40922,1989,13,179080,1,0,'2021-12-22',3000.00,1,1.00,'Factura C N°: 0005-00000798',NULL,'2022-10-11 09:42:04','2022-10-11 09:42:04',NULL),(1653,193,2,40922,1989,13,179080,1,0,'2021-12-22',3000.00,1,1.00,'Factura C N°: 0005-00000799',NULL,'2022-10-11 09:42:05','2022-10-11 09:42:05',NULL),(1654,193,2,40922,1989,13,179080,1,0,'2021-12-22',2250.00,1,1.00,'Factura C N°: 0005-00000800',NULL,'2022-10-11 09:42:05','2022-10-11 09:42:05',NULL),(1655,193,2,40922,1989,13,179080,1,0,'2021-12-23',1500.00,1,1.00,'Factura C N°: 0005-00000801',NULL,'2022-10-11 09:42:05','2022-10-11 09:42:05',NULL),(1656,193,2,40922,1989,13,179080,1,0,'2021-12-23',3000.00,1,1.00,'Factura C N°: 0005-00000802',NULL,'2022-10-11 09:42:05','2022-10-11 09:42:05',NULL),(1657,193,2,40922,41264,13,179080,1,0,'2021-12-27',1500.00,1,1.00,'Factura C N°: 0005-00000803',NULL,'2022-10-11 09:42:05','2022-10-11 09:42:05',NULL),(1658,193,2,40922,1989,13,179080,1,0,'2021-12-27',3000.00,1,1.00,'Factura C N°: 0005-00000804',NULL,'2022-10-11 09:42:05','2022-10-11 09:42:05',NULL),(1659,193,2,40922,1989,13,179080,1,0,'2021-12-27',3250.00,1,1.00,'Factura C N°: 0005-00000805',NULL,'2022-10-11 09:42:05','2022-10-11 09:42:05',NULL),(1660,193,2,40922,41269,13,179080,1,0,'2021-12-27',8000.00,1,1.00,'Factura C N°: 0005-00000806',NULL,'2022-10-11 09:42:05','2022-10-11 09:42:05',NULL),(1661,193,2,40922,1989,13,179080,1,0,'2021-12-27',3000.00,1,1.00,'Factura C N°: 0005-00000807',NULL,'2022-10-11 09:42:05','2022-10-11 09:42:05',NULL),(1662,193,2,40922,1989,13,179080,1,0,'2021-12-28',5000.00,1,1.00,'Factura C N°: 0005-00000808',NULL,'2022-10-11 09:42:05','2022-10-11 09:42:05',NULL),(1663,193,2,40922,1989,13,179080,1,0,'2021-12-28',3000.00,1,1.00,'Factura C N°: 0005-00000809',NULL,'2022-10-11 09:42:05','2022-10-11 09:42:05',NULL),(1664,193,2,40922,41373,13,179080,1,0,'2021-12-28',10000.00,1,1.00,'Factura C N°: 0005-00000810',NULL,'2022-10-11 09:42:05','2022-10-11 09:42:05',NULL),(1665,193,2,40922,1989,13,179080,1,0,'2021-12-28',3000.00,1,1.00,'Factura C N°: 0005-00000811',NULL,'2022-10-11 09:42:06','2022-10-11 09:42:06',NULL),(1666,193,2,40922,41196,13,179080,1,0,'2021-12-29',3000.00,1,1.00,'Factura C N°: 0005-00000812',NULL,'2022-10-11 09:42:06','2022-10-11 09:42:06',NULL),(1667,193,2,40922,41374,13,179080,1,0,'2021-12-29',3000.00,1,1.00,'Factura C N°: 0005-00000813',NULL,'2022-10-11 09:42:06','2022-10-11 09:42:06',NULL);
INSERT INTO `cta_cte_cliente` VALUES (1668,193,2,40922,1989,13,179080,1,0,'2021-11-01',6000.00,1,1.00,'Factura C N°: 0005-00000703',NULL,'2022-10-11 09:53:26','2022-10-11 10:03:46','2022-10-11 10:03:46'),(1669,193,2,40922,1989,13,179080,1,0,'2021-11-02',5000.00,1,1.00,'Factura C N°: 0005-00000704',NULL,'2022-10-11 09:53:26','2022-10-11 10:27:26','2022-10-11 10:27:26'),(1670,193,2,40922,1989,13,179080,1,0,'2021-11-04',3000.00,1,1.00,'Factura C N°: 0005-00000705',NULL,'2022-10-11 09:53:26','2022-10-11 10:27:02','2022-10-11 10:27:02'),(1671,193,2,40922,1989,13,179080,1,0,'2021-11-04',2000.00,1,1.00,'Factura C N°: 0005-00000706',NULL,'2022-10-11 09:53:26','2022-10-11 10:26:45','2022-10-11 10:26:45'),(1672,193,2,40922,1989,13,179080,1,0,'2021-11-04',5000.00,1,1.00,'Factura C N°: 0005-00000707',NULL,'2022-10-11 09:53:26','2022-10-11 10:26:23','2022-10-11 10:26:23'),(1673,193,2,40922,41375,13,179080,1,0,'2021-11-04',10000.00,1,1.00,'Factura C N°: 0005-00000708',NULL,'2022-10-11 09:53:26','2022-10-11 10:25:54','2022-10-11 10:25:54'),(1674,193,2,40922,1989,13,179080,1,0,'2021-11-04',450.00,1,1.00,'Factura C N°: 0005-00000709',NULL,'2022-10-11 09:53:26','2022-10-11 10:25:23','2022-10-11 10:25:23'),(1675,193,2,40922,1989,13,179080,1,0,'2021-11-04',5000.00,1,1.00,'Factura C N°: 0005-00000710',NULL,'2022-10-11 09:53:26','2022-10-11 10:16:42','2022-10-11 10:16:42'),(1676,193,2,40922,1989,13,179080,1,0,'2021-11-05',5000.00,1,1.00,'Factura C N°: 0005-00000711',NULL,'2022-10-11 09:53:26','2022-10-11 10:16:19','2022-10-11 10:16:19'),(1677,193,2,40922,1989,13,179080,1,0,'2021-11-05',3000.00,1,1.00,'Factura C N°: 0005-00000712',NULL,'2022-10-11 09:53:26','2022-10-11 10:16:04','2022-10-11 10:16:04'),(1678,193,2,40922,1989,13,179080,1,0,'2021-11-08',2000.00,1,1.00,'Factura C N°: 0005-00000713',NULL,'2022-10-11 09:53:26','2022-10-11 10:15:50','2022-10-11 10:15:50'),(1679,193,2,40922,1989,13,179080,1,0,'2021-11-08',3000.00,1,1.00,'Factura C N°: 0005-00000714',NULL,'2022-10-11 09:53:26','2022-10-11 10:15:34','2022-10-11 10:15:34'),(1680,193,2,40922,1989,13,179080,1,0,'2021-11-08',3000.00,1,1.00,'Factura C N°: 0005-00000715',NULL,'2022-10-11 09:53:27','2022-10-11 10:15:11','2022-10-11 10:15:11'),(1681,193,2,40922,1989,13,179080,1,0,'2021-11-08',5000.00,1,1.00,'Factura C N°: 0005-00000716',NULL,'2022-10-11 09:53:27','2022-10-11 10:14:56','2022-10-11 10:14:56'),(1682,193,2,40922,41198,13,179080,1,0,'2021-11-10',4000.00,1,1.00,'Factura C N°: 0005-00000717',NULL,'2022-10-11 09:53:27','2022-10-11 10:14:40','2022-10-11 10:14:40'),(1683,193,2,40922,1989,13,179080,1,0,'2021-11-10',1500.00,1,1.00,'Factura C N°: 0005-00000718',NULL,'2022-10-11 09:53:27','2022-10-11 10:14:24','2022-10-11 10:14:24'),(1684,193,2,40922,1989,13,179080,1,0,'2021-11-10',1500.00,1,1.00,'Factura C N°: 0005-00000719',NULL,'2022-10-11 09:53:27','2022-10-11 10:14:08','2022-10-11 10:14:08'),(1685,193,2,40922,41375,13,179080,1,0,'2021-11-11',10000.00,1,1.00,'Factura C N°: 0005-00000720',NULL,'2022-10-11 09:53:27','2022-10-11 10:13:51','2022-10-11 10:13:51'),(1686,193,2,40922,1989,13,179080,1,0,'2021-11-11',3000.00,1,1.00,'Factura C N°: 0005-00000721',NULL,'2022-10-11 09:53:27','2022-10-11 10:13:33','2022-10-11 10:13:33'),(1687,193,2,40922,1989,13,179080,1,0,'2021-11-11',3500.00,1,1.00,'Factura C N°: 0005-00000722',NULL,'2022-10-11 09:53:27','2022-10-11 10:13:15','2022-10-11 10:13:15'),(1688,193,2,40922,1989,13,179080,1,0,'2021-11-12',5000.00,1,1.00,'Factura C N°: 0005-00000723',NULL,'2022-10-11 09:53:27','2022-10-11 10:12:57','2022-10-11 10:12:57'),(1689,193,2,40922,1989,13,179080,1,0,'2021-11-12',5000.00,1,1.00,'Factura C N°: 0005-00000724',NULL,'2022-10-11 09:53:27','2022-10-11 10:12:42','2022-10-11 10:12:42'),(1690,193,2,40922,1989,13,179080,1,0,'2021-11-15',5950.00,1,1.00,'Factura C N°: 0005-00000725',NULL,'2022-10-11 09:53:27','2022-10-11 10:12:22','2022-10-11 10:12:22');
