INSERT INTO `log_debug` VALUES (15138,NULL,'assingPeriodsToBusiness','While de empresa, year->2084, initial_month->1, endMonth->12, contador->76','2022-05-20 14:37:32',NULL),(15139,NULL,'assingPeriodsToBusiness','While de empresa, year->2085, initial_month->1, endMonth->12, contador->77','2022-05-20 14:37:32',NULL),(15140,NULL,'assingPeriodsToBusiness','While de empresa, year->2086, initial_month->1, endMonth->12, contador->78','2022-05-20 14:37:32',NULL),(15141,NULL,'assingPeriodsToBusiness','While de empresa, year->2087, initial_month->1, endMonth->12, contador->79','2022-05-20 14:37:32',NULL),(15142,NULL,'assingPeriodsToBusiness','While de empresa, year->2088, initial_month->1, endMonth->12, contador->80','2022-05-20 14:37:32',NULL),(15143,NULL,'assingPeriodsToBusiness','While de empresa, year->2089, initial_month->1, endMonth->12, contador->81','2022-05-20 14:37:32',NULL),(15144,NULL,'assingPeriodsToBusiness','While de empresa, year->2090, initial_month->1, endMonth->12, contador->82','2022-05-20 14:37:32',NULL),(15145,NULL,'assingPeriodsToBusiness','While de empresa, year->2091, initial_month->1, endMonth->12, contador->83','2022-05-20 14:37:32',NULL),(15146,NULL,'assingPeriodsToBusiness','While de empresa, year->2092, initial_month->1, endMonth->12, contador->84','2022-05-20 14:37:32',NULL),(15147,NULL,'assingPeriodsToBusiness','While de empresa, year->2093, initial_month->1, endMonth->12, contador->85','2022-05-20 14:37:32',NULL),(15148,NULL,'assingPeriodsToBusiness','While de empresa, year->2094, initial_month->1, endMonth->12, contador->86','2022-05-20 14:37:32',NULL),(15149,NULL,'assingPeriodsToBusiness','While de empresa, year->2095, initial_month->1, endMonth->12, contador->87','2022-05-20 14:37:32',NULL),(15150,NULL,'assingPeriodsToBusiness','While de empresa, year->2096, initial_month->1, endMonth->12, contador->88','2022-05-20 14:37:32',NULL),(15151,NULL,'assingPeriodsToBusiness','While de empresa, year->2097, initial_month->1, endMonth->12, contador->89','2022-05-20 14:37:32',NULL),(15152,NULL,'assingPeriodsToBusiness','While de empresa, year->2098, initial_month->1, endMonth->12, contador->90','2022-05-20 14:37:32',NULL),(15153,NULL,'assingPeriodsToBusiness','While de empresa, year->2099, initial_month->1, endMonth->12, contador->91','2022-05-20 14:37:32',NULL),(15154,NULL,'assingPeriodsToBusiness','While de empresa, year->2100, initial_month->1, endMonth->12, contador->92','2022-05-20 14:37:32',NULL),(15155,NULL,'assingPeriodsToBusiness','While de empresa, year->2101, initial_month->1, endMonth->12, contador->93','2022-05-20 14:37:32',NULL),(15156,NULL,'assingPeriodsToBusiness','While de empresa, year->2102, initial_month->1, endMonth->12, contador->94','2022-05-20 14:37:32',NULL),(15157,NULL,'assingPeriodsToBusiness','While de empresa, year->2103, initial_month->1, endMonth->12, contador->95','2022-05-20 14:37:32',NULL),(15158,NULL,'assingPeriodsToBusiness','While de empresa, year->2104, initial_month->1, endMonth->12, contador->96','2022-05-20 14:37:32',NULL),(15159,NULL,'assingPeriodsToBusiness','While de empresa, year->2105, initial_month->1, endMonth->12, contador->97','2022-05-20 14:37:32',NULL),(15160,NULL,'assingPeriodsToBusiness','While de empresa, year->2106, initial_month->1, endMonth->12, contador->98','2022-05-20 14:37:32',NULL),(15161,NULL,'assingPeriodsToBusiness','While de empresa, year->2107, initial_month->1, endMonth->12, contador->99','2022-05-20 14:37:32',NULL),(15162,NULL,'assingPeriodsToBusiness','While de empresa, year->2108, initial_month->1, endMonth->0, contador->100','2022-05-20 14:37:32',NULL),(15163,NULL,'assingPeriodsToBusiness','ejecutando funcion','2022-09-01 22:43:08',NULL),(15164,NULL,'assingPeriodsToBusiness','While de empresa, year->2021, initial_month->0, endMonth->12, contador->0','2022-09-01 22:43:08',NULL),(15165,NULL,'assingPeriodsToBusiness','While de empresa, year->2022, initial_month->1, endMonth->12, contador->1','2022-09-01 22:43:08',NULL);
INSERT INTO `log_debug` VALUES (15166,NULL,'assingPeriodsToBusiness','While de empresa, year->2023, initial_month->1, endMonth->12, contador->2','2022-09-01 22:43:08',NULL),(15167,NULL,'assingPeriodsToBusiness','While de empresa, year->2024, initial_month->1, endMonth->12, contador->3','2022-09-01 22:43:08',NULL),(15168,NULL,'assingPeriodsToBusiness','While de empresa, year->2025, initial_month->1, endMonth->12, contador->4','2022-09-01 22:43:08',NULL),(15169,NULL,'assingPeriodsToBusiness','While de empresa, year->2026, initial_month->1, endMonth->12, contador->5','2022-09-01 22:43:08',NULL),(15170,NULL,'assingPeriodsToBusiness','While de empresa, year->2027, initial_month->1, endMonth->12, contador->6','2022-09-01 22:43:08',NULL),(15171,NULL,'assingPeriodsToBusiness','While de empresa, year->2028, initial_month->1, endMonth->12, contador->7','2022-09-01 22:43:08',NULL),(15172,NULL,'assingPeriodsToBusiness','While de empresa, year->2029, initial_month->1, endMonth->12, contador->8','2022-09-01 22:43:08',NULL),(15173,NULL,'assingPeriodsToBusiness','While de empresa, year->2030, initial_month->1, endMonth->12, contador->9','2022-09-01 22:43:08',NULL),(15174,NULL,'assingPeriodsToBusiness','While de empresa, year->2031, initial_month->1, endMonth->12, contador->10','2022-09-01 22:43:08',NULL),(15175,NULL,'assingPeriodsToBusiness','While de empresa, year->2032, initial_month->1, endMonth->12, contador->11','2022-09-01 22:43:08',NULL),(15176,NULL,'assingPeriodsToBusiness','While de empresa, year->2033, initial_month->1, endMonth->12, contador->12','2022-09-01 22:43:08',NULL),(15177,NULL,'assingPeriodsToBusiness','While de empresa, year->2034, initial_month->1, endMonth->12, contador->13','2022-09-01 22:43:08',NULL),(15178,NULL,'assingPeriodsToBusiness','While de empresa, year->2035, initial_month->1, endMonth->12, contador->14','2022-09-01 22:43:08',NULL),(15179,NULL,'assingPeriodsToBusiness','While de empresa, year->2036, initial_month->1, endMonth->12, contador->15','2022-09-01 22:43:08',NULL),(15180,NULL,'assingPeriodsToBusiness','While de empresa, year->2037, initial_month->1, endMonth->12, contador->16','2022-09-01 22:43:08',NULL),(15181,NULL,'assingPeriodsToBusiness','While de empresa, year->2038, initial_month->1, endMonth->12, contador->17','2022-09-01 22:43:08',NULL),(15182,NULL,'assingPeriodsToBusiness','While de empresa, year->2039, initial_month->1, endMonth->12, contador->18','2022-09-01 22:43:08',NULL),(15183,NULL,'assingPeriodsToBusiness','While de empresa, year->2040, initial_month->1, endMonth->12, contador->19','2022-09-01 22:43:08',NULL),(15184,NULL,'assingPeriodsToBusiness','While de empresa, year->2041, initial_month->1, endMonth->12, contador->20','2022-09-01 22:43:08',NULL),(15185,NULL,'assingPeriodsToBusiness','While de empresa, year->2042, initial_month->1, endMonth->12, contador->21','2022-09-01 22:43:08',NULL),(15186,NULL,'assingPeriodsToBusiness','While de empresa, year->2043, initial_month->1, endMonth->12, contador->22','2022-09-01 22:43:08',NULL),(15187,NULL,'assingPeriodsToBusiness','While de empresa, year->2044, initial_month->1, endMonth->12, contador->23','2022-09-01 22:43:08',NULL),(15188,NULL,'assingPeriodsToBusiness','While de empresa, year->2045, initial_month->1, endMonth->12, contador->24','2022-09-01 22:43:08',NULL),(15189,NULL,'assingPeriodsToBusiness','While de empresa, year->2046, initial_month->1, endMonth->12, contador->25','2022-09-01 22:43:08',NULL),(15190,NULL,'assingPeriodsToBusiness','While de empresa, year->2047, initial_month->1, endMonth->12, contador->26','2022-09-01 22:43:08',NULL),(15191,NULL,'assingPeriodsToBusiness','While de empresa, year->2048, initial_month->1, endMonth->12, contador->27','2022-09-01 22:43:08',NULL),(15192,NULL,'assingPeriodsToBusiness','While de empresa, year->2049, initial_month->1, endMonth->12, contador->28','2022-09-01 22:43:08',NULL),(15193,NULL,'assingPeriodsToBusiness','While de empresa, year->2050, initial_month->1, endMonth->12, contador->29','2022-09-01 22:43:08',NULL);
INSERT INTO `log_debug` VALUES (15194,NULL,'assingPeriodsToBusiness','While de empresa, year->2051, initial_month->1, endMonth->12, contador->30','2022-09-01 22:43:08',NULL),(15195,NULL,'assingPeriodsToBusiness','While de empresa, year->2052, initial_month->1, endMonth->12, contador->31','2022-09-01 22:43:08',NULL),(15196,NULL,'assingPeriodsToBusiness','While de empresa, year->2053, initial_month->1, endMonth->12, contador->32','2022-09-01 22:43:08',NULL),(15197,NULL,'assingPeriodsToBusiness','While de empresa, year->2054, initial_month->1, endMonth->12, contador->33','2022-09-01 22:43:08',NULL),(15198,NULL,'assingPeriodsToBusiness','While de empresa, year->2055, initial_month->1, endMonth->12, contador->34','2022-09-01 22:43:08',NULL),(15199,NULL,'assingPeriodsToBusiness','While de empresa, year->2056, initial_month->1, endMonth->12, contador->35','2022-09-01 22:43:08',NULL),(15200,NULL,'assingPeriodsToBusiness','While de empresa, year->2057, initial_month->1, endMonth->12, contador->36','2022-09-01 22:43:08',NULL),(15201,NULL,'assingPeriodsToBusiness','While de empresa, year->2058, initial_month->1, endMonth->12, contador->37','2022-09-01 22:43:08',NULL),(15202,NULL,'assingPeriodsToBusiness','While de empresa, year->2059, initial_month->1, endMonth->12, contador->38','2022-09-01 22:43:08',NULL),(15203,NULL,'assingPeriodsToBusiness','While de empresa, year->2060, initial_month->1, endMonth->12, contador->39','2022-09-01 22:43:08',NULL),(15204,NULL,'assingPeriodsToBusiness','While de empresa, year->2061, initial_month->1, endMonth->12, contador->40','2022-09-01 22:43:08',NULL),(15205,NULL,'assingPeriodsToBusiness','While de empresa, year->2062, initial_month->1, endMonth->12, contador->41','2022-09-01 22:43:08',NULL),(15206,NULL,'assingPeriodsToBusiness','While de empresa, year->2063, initial_month->1, endMonth->12, contador->42','2022-09-01 22:43:08',NULL),(15207,NULL,'assingPeriodsToBusiness','While de empresa, year->2064, initial_month->1, endMonth->12, contador->43','2022-09-01 22:43:08',NULL),(15208,NULL,'assingPeriodsToBusiness','While de empresa, year->2065, initial_month->1, endMonth->12, contador->44','2022-09-01 22:43:08',NULL),(15209,NULL,'assingPeriodsToBusiness','While de empresa, year->2066, initial_month->1, endMonth->12, contador->45','2022-09-01 22:43:08',NULL),(15210,NULL,'assingPeriodsToBusiness','While de empresa, year->2067, initial_month->1, endMonth->12, contador->46','2022-09-01 22:43:08',NULL),(15211,NULL,'assingPeriodsToBusiness','While de empresa, year->2068, initial_month->1, endMonth->12, contador->47','2022-09-01 22:43:08',NULL),(15212,NULL,'assingPeriodsToBusiness','While de empresa, year->2069, initial_month->1, endMonth->12, contador->48','2022-09-01 22:43:08',NULL),(15213,NULL,'assingPeriodsToBusiness','While de empresa, year->2070, initial_month->1, endMonth->12, contador->49','2022-09-01 22:43:08',NULL),(15214,NULL,'assingPeriodsToBusiness','While de empresa, year->2071, initial_month->1, endMonth->12, contador->50','2022-09-01 22:43:08',NULL),(15215,NULL,'assingPeriodsToBusiness','While de empresa, year->2072, initial_month->1, endMonth->12, contador->51','2022-09-01 22:43:08',NULL),(15216,NULL,'assingPeriodsToBusiness','While de empresa, year->2073, initial_month->1, endMonth->12, contador->52','2022-09-01 22:43:08',NULL),(15217,NULL,'assingPeriodsToBusiness','While de empresa, year->2074, initial_month->1, endMonth->12, contador->53','2022-09-01 22:43:08',NULL),(15218,NULL,'assingPeriodsToBusiness','While de empresa, year->2075, initial_month->1, endMonth->12, contador->54','2022-09-01 22:43:08',NULL),(15219,NULL,'assingPeriodsToBusiness','While de empresa, year->2076, initial_month->1, endMonth->12, contador->55','2022-09-01 22:43:08',NULL),(15220,NULL,'assingPeriodsToBusiness','While de empresa, year->2077, initial_month->1, endMonth->12, contador->56','2022-09-01 22:43:08',NULL),(15221,NULL,'assingPeriodsToBusiness','While de empresa, year->2078, initial_month->1, endMonth->12, contador->57','2022-09-01 22:43:08',NULL);
INSERT INTO `log_debug` VALUES (15222,NULL,'assingPeriodsToBusiness','While de empresa, year->2079, initial_month->1, endMonth->12, contador->58','2022-09-01 22:43:08',NULL),(15223,NULL,'assingPeriodsToBusiness','While de empresa, year->2080, initial_month->1, endMonth->12, contador->59','2022-09-01 22:43:08',NULL),(15224,NULL,'assingPeriodsToBusiness','While de empresa, year->2081, initial_month->1, endMonth->12, contador->60','2022-09-01 22:43:08',NULL),(15225,NULL,'assingPeriodsToBusiness','While de empresa, year->2082, initial_month->1, endMonth->12, contador->61','2022-09-01 22:43:08',NULL),(15226,NULL,'assingPeriodsToBusiness','While de empresa, year->2083, initial_month->1, endMonth->12, contador->62','2022-09-01 22:43:08',NULL),(15227,NULL,'assingPeriodsToBusiness','While de empresa, year->2084, initial_month->1, endMonth->12, contador->63','2022-09-01 22:43:08',NULL),(15228,NULL,'assingPeriodsToBusiness','While de empresa, year->2085, initial_month->1, endMonth->12, contador->64','2022-09-01 22:43:08',NULL),(15229,NULL,'assingPeriodsToBusiness','While de empresa, year->2086, initial_month->1, endMonth->12, contador->65','2022-09-01 22:43:08',NULL),(15230,NULL,'assingPeriodsToBusiness','While de empresa, year->2087, initial_month->1, endMonth->12, contador->66','2022-09-01 22:43:08',NULL),(15231,NULL,'assingPeriodsToBusiness','While de empresa, year->2088, initial_month->1, endMonth->12, contador->67','2022-09-01 22:43:08',NULL),(15232,NULL,'assingPeriodsToBusiness','While de empresa, year->2089, initial_month->1, endMonth->12, contador->68','2022-09-01 22:43:08',NULL),(15233,NULL,'assingPeriodsToBusiness','While de empresa, year->2090, initial_month->1, endMonth->12, contador->69','2022-09-01 22:43:08',NULL),(15234,NULL,'assingPeriodsToBusiness','While de empresa, year->2091, initial_month->1, endMonth->12, contador->70','2022-09-01 22:43:08',NULL),(15235,NULL,'assingPeriodsToBusiness','While de empresa, year->2092, initial_month->1, endMonth->12, contador->71','2022-09-01 22:43:08',NULL),(15236,NULL,'assingPeriodsToBusiness','While de empresa, year->2093, initial_month->1, endMonth->12, contador->72','2022-09-01 22:43:08',NULL),(15237,NULL,'assingPeriodsToBusiness','While de empresa, year->2094, initial_month->1, endMonth->12, contador->73','2022-09-01 22:43:08',NULL),(15238,NULL,'assingPeriodsToBusiness','While de empresa, year->2095, initial_month->1, endMonth->12, contador->74','2022-09-01 22:43:08',NULL),(15239,NULL,'assingPeriodsToBusiness','While de empresa, year->2096, initial_month->1, endMonth->12, contador->75','2022-09-01 22:43:08',NULL),(15240,NULL,'assingPeriodsToBusiness','While de empresa, year->2097, initial_month->1, endMonth->12, contador->76','2022-09-01 22:43:08',NULL),(15241,NULL,'assingPeriodsToBusiness','While de empresa, year->2098, initial_month->1, endMonth->12, contador->77','2022-09-01 22:43:08',NULL),(15242,NULL,'assingPeriodsToBusiness','While de empresa, year->2099, initial_month->1, endMonth->12, contador->78','2022-09-01 22:43:08',NULL),(15243,NULL,'assingPeriodsToBusiness','While de empresa, year->2100, initial_month->1, endMonth->12, contador->79','2022-09-01 22:43:08',NULL),(15244,NULL,'assingPeriodsToBusiness','While de empresa, year->2101, initial_month->1, endMonth->12, contador->80','2022-09-01 22:43:08',NULL),(15245,NULL,'assingPeriodsToBusiness','While de empresa, year->2102, initial_month->1, endMonth->12, contador->81','2022-09-01 22:43:08',NULL),(15246,NULL,'assingPeriodsToBusiness','While de empresa, year->2103, initial_month->1, endMonth->12, contador->82','2022-09-01 22:43:08',NULL),(15247,NULL,'assingPeriodsToBusiness','While de empresa, year->2104, initial_month->1, endMonth->12, contador->83','2022-09-01 22:43:08',NULL),(15248,NULL,'assingPeriodsToBusiness','While de empresa, year->2105, initial_month->1, endMonth->12, contador->84','2022-09-01 22:43:08',NULL),(15249,NULL,'assingPeriodsToBusiness','While de empresa, year->2106, initial_month->1, endMonth->12, contador->85','2022-09-01 22:43:08',NULL);
INSERT INTO `log_debug` VALUES (15250,NULL,'assingPeriodsToBusiness','While de empresa, year->2107, initial_month->1, endMonth->12, contador->86','2022-09-01 22:43:08',NULL),(15251,NULL,'assingPeriodsToBusiness','While de empresa, year->2108, initial_month->1, endMonth->12, contador->87','2022-09-01 22:43:08',NULL),(15252,NULL,'assingPeriodsToBusiness','While de empresa, year->2109, initial_month->1, endMonth->12, contador->88','2022-09-01 22:43:08',NULL),(15253,NULL,'assingPeriodsToBusiness','While de empresa, year->2110, initial_month->1, endMonth->0, contador->89','2022-09-01 22:43:08',NULL),(15254,NULL,'assingPeriodsToBusiness','ejecutando funcion','2022-09-07 13:20:53',NULL),(15255,NULL,'assingPeriodsToBusiness','While de empresa, year->2014, initial_month->0, endMonth->12, contador->0','2022-09-07 13:20:53',NULL),(15256,NULL,'assingPeriodsToBusiness','While de empresa, year->2015, initial_month->1, endMonth->12, contador->1','2022-09-07 13:20:53',NULL),(15257,NULL,'assingPeriodsToBusiness','While de empresa, year->2016, initial_month->1, endMonth->12, contador->2','2022-09-07 13:20:53',NULL),(15258,NULL,'assingPeriodsToBusiness','While de empresa, year->2017, initial_month->1, endMonth->12, contador->3','2022-09-07 13:20:53',NULL),(15259,NULL,'assingPeriodsToBusiness','While de empresa, year->2018, initial_month->1, endMonth->12, contador->4','2022-09-07 13:20:53',NULL),(15260,NULL,'assingPeriodsToBusiness','While de empresa, year->2019, initial_month->1, endMonth->12, contador->5','2022-09-07 13:20:53',NULL),(15261,NULL,'assingPeriodsToBusiness','While de empresa, year->2020, initial_month->1, endMonth->12, contador->6','2022-09-07 13:20:53',NULL),(15262,NULL,'assingPeriodsToBusiness','While de empresa, year->2021, initial_month->1, endMonth->12, contador->7','2022-09-07 13:20:53',NULL),(15263,NULL,'assingPeriodsToBusiness','While de empresa, year->2022, initial_month->1, endMonth->12, contador->8','2022-09-07 13:20:53',NULL),(15264,NULL,'assingPeriodsToBusiness','While de empresa, year->2023, initial_month->1, endMonth->12, contador->9','2022-09-07 13:20:53',NULL),(15265,NULL,'assingPeriodsToBusiness','While de empresa, year->2024, initial_month->1, endMonth->12, contador->10','2022-09-07 13:20:53',NULL),(15266,NULL,'assingPeriodsToBusiness','While de empresa, year->2025, initial_month->1, endMonth->12, contador->11','2022-09-07 13:20:53',NULL),(15267,NULL,'assingPeriodsToBusiness','While de empresa, year->2026, initial_month->1, endMonth->12, contador->12','2022-09-07 13:20:53',NULL),(15268,NULL,'assingPeriodsToBusiness','While de empresa, year->2027, initial_month->1, endMonth->12, contador->13','2022-09-07 13:20:53',NULL),(15269,NULL,'assingPeriodsToBusiness','While de empresa, year->2028, initial_month->1, endMonth->12, contador->14','2022-09-07 13:20:53',NULL),(15270,NULL,'assingPeriodsToBusiness','While de empresa, year->2029, initial_month->1, endMonth->12, contador->15','2022-09-07 13:20:53',NULL),(15271,NULL,'assingPeriodsToBusiness','While de empresa, year->2030, initial_month->1, endMonth->12, contador->16','2022-09-07 13:20:53',NULL),(15272,NULL,'assingPeriodsToBusiness','While de empresa, year->2031, initial_month->1, endMonth->12, contador->17','2022-09-07 13:20:53',NULL),(15273,NULL,'assingPeriodsToBusiness','While de empresa, year->2032, initial_month->1, endMonth->12, contador->18','2022-09-07 13:20:53',NULL),(15274,NULL,'assingPeriodsToBusiness','While de empresa, year->2033, initial_month->1, endMonth->12, contador->19','2022-09-07 13:20:53',NULL),(15275,NULL,'assingPeriodsToBusiness','While de empresa, year->2034, initial_month->1, endMonth->12, contador->20','2022-09-07 13:20:53',NULL),(15276,NULL,'assingPeriodsToBusiness','While de empresa, year->2035, initial_month->1, endMonth->12, contador->21','2022-09-07 13:20:53',NULL),(15277,NULL,'assingPeriodsToBusiness','While de empresa, year->2036, initial_month->1, endMonth->12, contador->22','2022-09-07 13:20:53',NULL);
INSERT INTO `log_debug` VALUES (15278,NULL,'assingPeriodsToBusiness','While de empresa, year->2037, initial_month->1, endMonth->12, contador->23','2022-09-07 13:20:53',NULL),(15279,NULL,'assingPeriodsToBusiness','While de empresa, year->2038, initial_month->1, endMonth->12, contador->24','2022-09-07 13:20:53',NULL),(15280,NULL,'assingPeriodsToBusiness','While de empresa, year->2039, initial_month->1, endMonth->12, contador->25','2022-09-07 13:20:53',NULL),(15281,NULL,'assingPeriodsToBusiness','While de empresa, year->2040, initial_month->1, endMonth->12, contador->26','2022-09-07 13:20:53',NULL),(15282,NULL,'assingPeriodsToBusiness','While de empresa, year->2041, initial_month->1, endMonth->12, contador->27','2022-09-07 13:20:53',NULL),(15283,NULL,'assingPeriodsToBusiness','While de empresa, year->2042, initial_month->1, endMonth->12, contador->28','2022-09-07 13:20:53',NULL),(15284,NULL,'assingPeriodsToBusiness','While de empresa, year->2043, initial_month->1, endMonth->12, contador->29','2022-09-07 13:20:53',NULL),(15285,NULL,'assingPeriodsToBusiness','While de empresa, year->2044, initial_month->1, endMonth->12, contador->30','2022-09-07 13:20:53',NULL),(15286,NULL,'assingPeriodsToBusiness','While de empresa, year->2045, initial_month->1, endMonth->12, contador->31','2022-09-07 13:20:53',NULL),(15287,NULL,'assingPeriodsToBusiness','While de empresa, year->2046, initial_month->1, endMonth->12, contador->32','2022-09-07 13:20:53',NULL),(15288,NULL,'assingPeriodsToBusiness','While de empresa, year->2047, initial_month->1, endMonth->12, contador->33','2022-09-07 13:20:53',NULL),(15289,NULL,'assingPeriodsToBusiness','While de empresa, year->2048, initial_month->1, endMonth->12, contador->34','2022-09-07 13:20:53',NULL),(15290,NULL,'assingPeriodsToBusiness','While de empresa, year->2049, initial_month->1, endMonth->12, contador->35','2022-09-07 13:20:53',NULL),(15291,NULL,'assingPeriodsToBusiness','While de empresa, year->2050, initial_month->1, endMonth->12, contador->36','2022-09-07 13:20:53',NULL),(15292,NULL,'assingPeriodsToBusiness','While de empresa, year->2051, initial_month->1, endMonth->12, contador->37','2022-09-07 13:20:53',NULL),(15293,NULL,'assingPeriodsToBusiness','While de empresa, year->2052, initial_month->1, endMonth->12, contador->38','2022-09-07 13:20:53',NULL),(15294,NULL,'assingPeriodsToBusiness','While de empresa, year->2053, initial_month->1, endMonth->12, contador->39','2022-09-07 13:20:53',NULL),(15295,NULL,'assingPeriodsToBusiness','While de empresa, year->2054, initial_month->1, endMonth->12, contador->40','2022-09-07 13:20:53',NULL),(15296,NULL,'assingPeriodsToBusiness','While de empresa, year->2055, initial_month->1, endMonth->12, contador->41','2022-09-07 13:20:53',NULL),(15297,NULL,'assingPeriodsToBusiness','While de empresa, year->2056, initial_month->1, endMonth->12, contador->42','2022-09-07 13:20:53',NULL),(15298,NULL,'assingPeriodsToBusiness','While de empresa, year->2057, initial_month->1, endMonth->12, contador->43','2022-09-07 13:20:53',NULL),(15299,NULL,'assingPeriodsToBusiness','While de empresa, year->2058, initial_month->1, endMonth->12, contador->44','2022-09-07 13:20:53',NULL),(15300,NULL,'assingPeriodsToBusiness','While de empresa, year->2059, initial_month->1, endMonth->12, contador->45','2022-09-07 13:20:53',NULL),(15301,NULL,'assingPeriodsToBusiness','While de empresa, year->2060, initial_month->1, endMonth->12, contador->46','2022-09-07 13:20:53',NULL),(15302,NULL,'assingPeriodsToBusiness','While de empresa, year->2061, initial_month->1, endMonth->12, contador->47','2022-09-07 13:20:53',NULL),(15303,NULL,'assingPeriodsToBusiness','While de empresa, year->2062, initial_month->1, endMonth->12, contador->48','2022-09-07 13:20:53',NULL),(15304,NULL,'assingPeriodsToBusiness','While de empresa, year->2063, initial_month->1, endMonth->12, contador->49','2022-09-07 13:20:53',NULL),(15305,NULL,'assingPeriodsToBusiness','While de empresa, year->2064, initial_month->1, endMonth->12, contador->50','2022-09-07 13:20:53',NULL);
INSERT INTO `log_debug` VALUES (15306,NULL,'assingPeriodsToBusiness','While de empresa, year->2065, initial_month->1, endMonth->12, contador->51','2022-09-07 13:20:53',NULL),(15307,NULL,'assingPeriodsToBusiness','While de empresa, year->2066, initial_month->1, endMonth->12, contador->52','2022-09-07 13:20:53',NULL),(15308,NULL,'assingPeriodsToBusiness','While de empresa, year->2067, initial_month->1, endMonth->12, contador->53','2022-09-07 13:20:53',NULL),(15309,NULL,'assingPeriodsToBusiness','While de empresa, year->2068, initial_month->1, endMonth->12, contador->54','2022-09-07 13:20:53',NULL),(15310,NULL,'assingPeriodsToBusiness','While de empresa, year->2069, initial_month->1, endMonth->12, contador->55','2022-09-07 13:20:53',NULL),(15311,NULL,'assingPeriodsToBusiness','While de empresa, year->2070, initial_month->1, endMonth->12, contador->56','2022-09-07 13:20:53',NULL),(15312,NULL,'assingPeriodsToBusiness','While de empresa, year->2071, initial_month->1, endMonth->12, contador->57','2022-09-07 13:20:53',NULL),(15313,NULL,'assingPeriodsToBusiness','While de empresa, year->2072, initial_month->1, endMonth->12, contador->58','2022-09-07 13:20:53',NULL),(15314,NULL,'assingPeriodsToBusiness','While de empresa, year->2073, initial_month->1, endMonth->12, contador->59','2022-09-07 13:20:53',NULL),(15315,NULL,'assingPeriodsToBusiness','While de empresa, year->2074, initial_month->1, endMonth->12, contador->60','2022-09-07 13:20:53',NULL),(15316,NULL,'assingPeriodsToBusiness','While de empresa, year->2075, initial_month->1, endMonth->12, contador->61','2022-09-07 13:20:53',NULL),(15317,NULL,'assingPeriodsToBusiness','While de empresa, year->2076, initial_month->1, endMonth->12, contador->62','2022-09-07 13:20:53',NULL),(15318,NULL,'assingPeriodsToBusiness','While de empresa, year->2077, initial_month->1, endMonth->12, contador->63','2022-09-07 13:20:53',NULL),(15319,NULL,'assingPeriodsToBusiness','While de empresa, year->2078, initial_month->1, endMonth->12, contador->64','2022-09-07 13:20:53',NULL),(15320,NULL,'assingPeriodsToBusiness','While de empresa, year->2079, initial_month->1, endMonth->12, contador->65','2022-09-07 13:20:53',NULL),(15321,NULL,'assingPeriodsToBusiness','While de empresa, year->2080, initial_month->1, endMonth->12, contador->66','2022-09-07 13:20:53',NULL),(15322,NULL,'assingPeriodsToBusiness','While de empresa, year->2081, initial_month->1, endMonth->12, contador->67','2022-09-07 13:20:53',NULL),(15323,NULL,'assingPeriodsToBusiness','While de empresa, year->2082, initial_month->1, endMonth->12, contador->68','2022-09-07 13:20:53',NULL),(15324,NULL,'assingPeriodsToBusiness','While de empresa, year->2083, initial_month->1, endMonth->12, contador->69','2022-09-07 13:20:53',NULL),(15325,NULL,'assingPeriodsToBusiness','While de empresa, year->2084, initial_month->1, endMonth->12, contador->70','2022-09-07 13:20:53',NULL),(15326,NULL,'assingPeriodsToBusiness','While de empresa, year->2085, initial_month->1, endMonth->12, contador->71','2022-09-07 13:20:53',NULL),(15327,NULL,'assingPeriodsToBusiness','While de empresa, year->2086, initial_month->1, endMonth->12, contador->72','2022-09-07 13:20:53',NULL),(15328,NULL,'assingPeriodsToBusiness','While de empresa, year->2087, initial_month->1, endMonth->12, contador->73','2022-09-07 13:20:53',NULL),(15329,NULL,'assingPeriodsToBusiness','While de empresa, year->2088, initial_month->1, endMonth->12, contador->74','2022-09-07 13:20:53',NULL),(15330,NULL,'assingPeriodsToBusiness','While de empresa, year->2089, initial_month->1, endMonth->12, contador->75','2022-09-07 13:20:53',NULL),(15331,NULL,'assingPeriodsToBusiness','While de empresa, year->2090, initial_month->1, endMonth->12, contador->76','2022-09-07 13:20:53',NULL),(15332,NULL,'assingPeriodsToBusiness','While de empresa, year->2091, initial_month->1, endMonth->12, contador->77','2022-09-07 13:20:53',NULL),(15333,NULL,'assingPeriodsToBusiness','While de empresa, year->2092, initial_month->1, endMonth->12, contador->78','2022-09-07 13:20:53',NULL);
INSERT INTO `log_debug` VALUES (15334,NULL,'assingPeriodsToBusiness','While de empresa, year->2093, initial_month->1, endMonth->12, contador->79','2022-09-07 13:20:53',NULL),(15335,NULL,'assingPeriodsToBusiness','While de empresa, year->2094, initial_month->1, endMonth->12, contador->80','2022-09-07 13:20:53',NULL),(15336,NULL,'assingPeriodsToBusiness','While de empresa, year->2095, initial_month->1, endMonth->12, contador->81','2022-09-07 13:20:53',NULL),(15337,NULL,'assingPeriodsToBusiness','While de empresa, year->2096, initial_month->1, endMonth->12, contador->82','2022-09-07 13:20:53',NULL),(15338,NULL,'assingPeriodsToBusiness','While de empresa, year->2097, initial_month->1, endMonth->12, contador->83','2022-09-07 13:20:53',NULL),(15339,NULL,'assingPeriodsToBusiness','While de empresa, year->2098, initial_month->1, endMonth->12, contador->84','2022-09-07 13:20:53',NULL),(15340,NULL,'assingPeriodsToBusiness','While de empresa, year->2099, initial_month->1, endMonth->12, contador->85','2022-09-07 13:20:53',NULL),(15341,NULL,'assingPeriodsToBusiness','While de empresa, year->2100, initial_month->1, endMonth->12, contador->86','2022-09-07 13:20:53',NULL),(15342,NULL,'assingPeriodsToBusiness','While de empresa, year->2101, initial_month->1, endMonth->12, contador->87','2022-09-07 13:20:53',NULL),(15343,NULL,'assingPeriodsToBusiness','While de empresa, year->2102, initial_month->1, endMonth->12, contador->88','2022-09-07 13:20:53',NULL),(15344,NULL,'assingPeriodsToBusiness','While de empresa, year->2103, initial_month->1, endMonth->12, contador->89','2022-09-07 13:20:53',NULL),(15345,NULL,'assingPeriodsToBusiness','While de empresa, year->2104, initial_month->1, endMonth->12, contador->90','2022-09-07 13:20:53',NULL),(15346,NULL,'assingPeriodsToBusiness','While de empresa, year->2105, initial_month->1, endMonth->12, contador->91','2022-09-07 13:20:53',NULL),(15347,NULL,'assingPeriodsToBusiness','While de empresa, year->2106, initial_month->1, endMonth->12, contador->92','2022-09-07 13:20:53',NULL),(15348,NULL,'assingPeriodsToBusiness','While de empresa, year->2107, initial_month->1, endMonth->12, contador->93','2022-09-07 13:20:53',NULL),(15349,NULL,'assingPeriodsToBusiness','While de empresa, year->2108, initial_month->1, endMonth->12, contador->94','2022-09-07 13:20:53',NULL),(15350,NULL,'assingPeriodsToBusiness','While de empresa, year->2109, initial_month->1, endMonth->12, contador->95','2022-09-07 13:20:53',NULL),(15351,NULL,'assingPeriodsToBusiness','While de empresa, year->2110, initial_month->1, endMonth->0, contador->96','2022-09-07 13:20:53',NULL),(15352,NULL,'assingPeriodsToBusiness','ejecutando funcion','2022-10-03 22:32:30',NULL),(15353,NULL,'assingPeriodsToBusiness','While de empresa, year->2011, initial_month->0, endMonth->12, contador->0','2022-10-03 22:32:30',NULL),(15354,NULL,'assingPeriodsToBusiness','While de empresa, year->2012, initial_month->1, endMonth->12, contador->1','2022-10-03 22:32:30',NULL),(15355,NULL,'assingPeriodsToBusiness','While de empresa, year->2013, initial_month->1, endMonth->12, contador->2','2022-10-03 22:32:30',NULL),(15356,NULL,'assingPeriodsToBusiness','While de empresa, year->2014, initial_month->1, endMonth->12, contador->3','2022-10-03 22:32:30',NULL),(15357,NULL,'assingPeriodsToBusiness','While de empresa, year->2015, initial_month->1, endMonth->12, contador->4','2022-10-03 22:32:30',NULL),(15358,NULL,'assingPeriodsToBusiness','While de empresa, year->2016, initial_month->1, endMonth->12, contador->5','2022-10-03 22:32:30',NULL),(15359,NULL,'assingPeriodsToBusiness','While de empresa, year->2017, initial_month->1, endMonth->12, contador->6','2022-10-03 22:32:30',NULL),(15360,NULL,'assingPeriodsToBusiness','While de empresa, year->2018, initial_month->1, endMonth->12, contador->7','2022-10-03 22:32:30',NULL),(15361,NULL,'assingPeriodsToBusiness','While de empresa, year->2019, initial_month->1, endMonth->12, contador->8','2022-10-03 22:32:30',NULL);
INSERT INTO `log_debug` VALUES (15362,NULL,'assingPeriodsToBusiness','While de empresa, year->2020, initial_month->1, endMonth->12, contador->9','2022-10-03 22:32:30',NULL),(15363,NULL,'assingPeriodsToBusiness','While de empresa, year->2021, initial_month->1, endMonth->12, contador->10','2022-10-03 22:32:30',NULL),(15364,NULL,'assingPeriodsToBusiness','While de empresa, year->2022, initial_month->1, endMonth->12, contador->11','2022-10-03 22:32:31',NULL),(15365,NULL,'assingPeriodsToBusiness','While de empresa, year->2023, initial_month->1, endMonth->12, contador->12','2022-10-03 22:32:31',NULL),(15366,NULL,'assingPeriodsToBusiness','While de empresa, year->2024, initial_month->1, endMonth->12, contador->13','2022-10-03 22:32:31',NULL),(15367,NULL,'assingPeriodsToBusiness','While de empresa, year->2025, initial_month->1, endMonth->12, contador->14','2022-10-03 22:32:31',NULL),(15368,NULL,'assingPeriodsToBusiness','While de empresa, year->2026, initial_month->1, endMonth->12, contador->15','2022-10-03 22:32:31',NULL),(15369,NULL,'assingPeriodsToBusiness','While de empresa, year->2027, initial_month->1, endMonth->12, contador->16','2022-10-03 22:32:31',NULL),(15370,NULL,'assingPeriodsToBusiness','While de empresa, year->2028, initial_month->1, endMonth->12, contador->17','2022-10-03 22:32:31',NULL),(15371,NULL,'assingPeriodsToBusiness','While de empresa, year->2029, initial_month->1, endMonth->12, contador->18','2022-10-03 22:32:31',NULL),(15372,NULL,'assingPeriodsToBusiness','While de empresa, year->2030, initial_month->1, endMonth->12, contador->19','2022-10-03 22:32:31',NULL),(15373,NULL,'assingPeriodsToBusiness','While de empresa, year->2031, initial_month->1, endMonth->12, contador->20','2022-10-03 22:32:31',NULL),(15374,NULL,'assingPeriodsToBusiness','While de empresa, year->2032, initial_month->1, endMonth->12, contador->21','2022-10-03 22:32:31',NULL),(15375,NULL,'assingPeriodsToBusiness','While de empresa, year->2033, initial_month->1, endMonth->12, contador->22','2022-10-03 22:32:31',NULL),(15376,NULL,'assingPeriodsToBusiness','While de empresa, year->2034, initial_month->1, endMonth->12, contador->23','2022-10-03 22:32:31',NULL),(15377,NULL,'assingPeriodsToBusiness','While de empresa, year->2035, initial_month->1, endMonth->12, contador->24','2022-10-03 22:32:31',NULL),(15378,NULL,'assingPeriodsToBusiness','While de empresa, year->2036, initial_month->1, endMonth->12, contador->25','2022-10-03 22:32:31',NULL),(15379,NULL,'assingPeriodsToBusiness','While de empresa, year->2037, initial_month->1, endMonth->12, contador->26','2022-10-03 22:32:31',NULL),(15380,NULL,'assingPeriodsToBusiness','While de empresa, year->2038, initial_month->1, endMonth->12, contador->27','2022-10-03 22:32:31',NULL),(15381,NULL,'assingPeriodsToBusiness','While de empresa, year->2039, initial_month->1, endMonth->12, contador->28','2022-10-03 22:32:31',NULL),(15382,NULL,'assingPeriodsToBusiness','While de empresa, year->2040, initial_month->1, endMonth->12, contador->29','2022-10-03 22:32:31',NULL),(15383,NULL,'assingPeriodsToBusiness','While de empresa, year->2041, initial_month->1, endMonth->12, contador->30','2022-10-03 22:32:31',NULL),(15384,NULL,'assingPeriodsToBusiness','While de empresa, year->2042, initial_month->1, endMonth->12, contador->31','2022-10-03 22:32:31',NULL),(15385,NULL,'assingPeriodsToBusiness','While de empresa, year->2043, initial_month->1, endMonth->12, contador->32','2022-10-03 22:32:31',NULL),(15386,NULL,'assingPeriodsToBusiness','While de empresa, year->2044, initial_month->1, endMonth->12, contador->33','2022-10-03 22:32:31',NULL),(15387,NULL,'assingPeriodsToBusiness','While de empresa, year->2045, initial_month->1, endMonth->12, contador->34','2022-10-03 22:32:31',NULL),(15388,NULL,'assingPeriodsToBusiness','While de empresa, year->2046, initial_month->1, endMonth->12, contador->35','2022-10-03 22:32:31',NULL),(15389,NULL,'assingPeriodsToBusiness','While de empresa, year->2047, initial_month->1, endMonth->12, contador->36','2022-10-03 22:32:31',NULL);
INSERT INTO `log_debug` VALUES (15390,NULL,'assingPeriodsToBusiness','While de empresa, year->2048, initial_month->1, endMonth->12, contador->37','2022-10-03 22:32:31',NULL),(15391,NULL,'assingPeriodsToBusiness','While de empresa, year->2049, initial_month->1, endMonth->12, contador->38','2022-10-03 22:32:31',NULL),(15392,NULL,'assingPeriodsToBusiness','While de empresa, year->2050, initial_month->1, endMonth->12, contador->39','2022-10-03 22:32:31',NULL),(15393,NULL,'assingPeriodsToBusiness','While de empresa, year->2051, initial_month->1, endMonth->12, contador->40','2022-10-03 22:32:31',NULL),(15394,NULL,'assingPeriodsToBusiness','While de empresa, year->2052, initial_month->1, endMonth->12, contador->41','2022-10-03 22:32:31',NULL),(15395,NULL,'assingPeriodsToBusiness','While de empresa, year->2053, initial_month->1, endMonth->12, contador->42','2022-10-03 22:32:31',NULL),(15396,NULL,'assingPeriodsToBusiness','While de empresa, year->2054, initial_month->1, endMonth->12, contador->43','2022-10-03 22:32:31',NULL),(15397,NULL,'assingPeriodsToBusiness','While de empresa, year->2055, initial_month->1, endMonth->12, contador->44','2022-10-03 22:32:31',NULL),(15398,NULL,'assingPeriodsToBusiness','While de empresa, year->2056, initial_month->1, endMonth->12, contador->45','2022-10-03 22:32:31',NULL),(15399,NULL,'assingPeriodsToBusiness','While de empresa, year->2057, initial_month->1, endMonth->12, contador->46','2022-10-03 22:32:31',NULL),(15400,NULL,'assingPeriodsToBusiness','While de empresa, year->2058, initial_month->1, endMonth->12, contador->47','2022-10-03 22:32:31',NULL),(15401,NULL,'assingPeriodsToBusiness','While de empresa, year->2059, initial_month->1, endMonth->12, contador->48','2022-10-03 22:32:31',NULL),(15402,NULL,'assingPeriodsToBusiness','While de empresa, year->2060, initial_month->1, endMonth->12, contador->49','2022-10-03 22:32:31',NULL),(15403,NULL,'assingPeriodsToBusiness','While de empresa, year->2061, initial_month->1, endMonth->12, contador->50','2022-10-03 22:32:31',NULL),(15404,NULL,'assingPeriodsToBusiness','While de empresa, year->2062, initial_month->1, endMonth->12, contador->51','2022-10-03 22:32:31',NULL),(15405,NULL,'assingPeriodsToBusiness','While de empresa, year->2063, initial_month->1, endMonth->12, contador->52','2022-10-03 22:32:31',NULL),(15406,NULL,'assingPeriodsToBusiness','While de empresa, year->2064, initial_month->1, endMonth->12, contador->53','2022-10-03 22:32:31',NULL),(15407,NULL,'assingPeriodsToBusiness','While de empresa, year->2065, initial_month->1, endMonth->12, contador->54','2022-10-03 22:32:31',NULL),(15408,NULL,'assingPeriodsToBusiness','While de empresa, year->2066, initial_month->1, endMonth->12, contador->55','2022-10-03 22:32:31',NULL),(15409,NULL,'assingPeriodsToBusiness','While de empresa, year->2067, initial_month->1, endMonth->12, contador->56','2022-10-03 22:32:31',NULL),(15410,NULL,'assingPeriodsToBusiness','While de empresa, year->2068, initial_month->1, endMonth->12, contador->57','2022-10-03 22:32:31',NULL),(15411,NULL,'assingPeriodsToBusiness','While de empresa, year->2069, initial_month->1, endMonth->12, contador->58','2022-10-03 22:32:31',NULL),(15412,NULL,'assingPeriodsToBusiness','While de empresa, year->2070, initial_month->1, endMonth->12, contador->59','2022-10-03 22:32:31',NULL),(15413,NULL,'assingPeriodsToBusiness','While de empresa, year->2071, initial_month->1, endMonth->12, contador->60','2022-10-03 22:32:31',NULL),(15414,NULL,'assingPeriodsToBusiness','While de empresa, year->2072, initial_month->1, endMonth->12, contador->61','2022-10-03 22:32:31',NULL),(15415,NULL,'assingPeriodsToBusiness','While de empresa, year->2073, initial_month->1, endMonth->12, contador->62','2022-10-03 22:32:31',NULL),(15416,NULL,'assingPeriodsToBusiness','While de empresa, year->2074, initial_month->1, endMonth->12, contador->63','2022-10-03 22:32:31',NULL),(15417,NULL,'assingPeriodsToBusiness','While de empresa, year->2075, initial_month->1, endMonth->12, contador->64','2022-10-03 22:32:31',NULL);
INSERT INTO `log_debug` VALUES (15418,NULL,'assingPeriodsToBusiness','While de empresa, year->2076, initial_month->1, endMonth->12, contador->65','2022-10-03 22:32:31',NULL),(15419,NULL,'assingPeriodsToBusiness','While de empresa, year->2077, initial_month->1, endMonth->12, contador->66','2022-10-03 22:32:31',NULL),(15420,NULL,'assingPeriodsToBusiness','While de empresa, year->2078, initial_month->1, endMonth->12, contador->67','2022-10-03 22:32:31',NULL),(15421,NULL,'assingPeriodsToBusiness','While de empresa, year->2079, initial_month->1, endMonth->12, contador->68','2022-10-03 22:32:31',NULL),(15422,NULL,'assingPeriodsToBusiness','While de empresa, year->2080, initial_month->1, endMonth->12, contador->69','2022-10-03 22:32:31',NULL),(15423,NULL,'assingPeriodsToBusiness','While de empresa, year->2081, initial_month->1, endMonth->12, contador->70','2022-10-03 22:32:31',NULL),(15424,NULL,'assingPeriodsToBusiness','While de empresa, year->2082, initial_month->1, endMonth->12, contador->71','2022-10-03 22:32:31',NULL),(15425,NULL,'assingPeriodsToBusiness','While de empresa, year->2083, initial_month->1, endMonth->12, contador->72','2022-10-03 22:32:31',NULL),(15426,NULL,'assingPeriodsToBusiness','While de empresa, year->2084, initial_month->1, endMonth->12, contador->73','2022-10-03 22:32:31',NULL),(15427,NULL,'assingPeriodsToBusiness','While de empresa, year->2085, initial_month->1, endMonth->12, contador->74','2022-10-03 22:32:31',NULL),(15428,NULL,'assingPeriodsToBusiness','While de empresa, year->2086, initial_month->1, endMonth->12, contador->75','2022-10-03 22:32:31',NULL),(15429,NULL,'assingPeriodsToBusiness','While de empresa, year->2087, initial_month->1, endMonth->12, contador->76','2022-10-03 22:32:31',NULL),(15430,NULL,'assingPeriodsToBusiness','While de empresa, year->2088, initial_month->1, endMonth->12, contador->77','2022-10-03 22:32:31',NULL),(15431,NULL,'assingPeriodsToBusiness','While de empresa, year->2089, initial_month->1, endMonth->12, contador->78','2022-10-03 22:32:31',NULL),(15432,NULL,'assingPeriodsToBusiness','While de empresa, year->2090, initial_month->1, endMonth->12, contador->79','2022-10-03 22:32:31',NULL),(15433,NULL,'assingPeriodsToBusiness','While de empresa, year->2091, initial_month->1, endMonth->12, contador->80','2022-10-03 22:32:31',NULL),(15434,NULL,'assingPeriodsToBusiness','While de empresa, year->2092, initial_month->1, endMonth->12, contador->81','2022-10-03 22:32:31',NULL),(15435,NULL,'assingPeriodsToBusiness','While de empresa, year->2093, initial_month->1, endMonth->12, contador->82','2022-10-03 22:32:31',NULL),(15436,NULL,'assingPeriodsToBusiness','While de empresa, year->2094, initial_month->1, endMonth->12, contador->83','2022-10-03 22:32:31',NULL),(15437,NULL,'assingPeriodsToBusiness','While de empresa, year->2095, initial_month->1, endMonth->12, contador->84','2022-10-03 22:32:31',NULL),(15438,NULL,'assingPeriodsToBusiness','While de empresa, year->2096, initial_month->1, endMonth->12, contador->85','2022-10-03 22:32:31',NULL),(15439,NULL,'assingPeriodsToBusiness','While de empresa, year->2097, initial_month->1, endMonth->12, contador->86','2022-10-03 22:32:31',NULL),(15440,NULL,'assingPeriodsToBusiness','While de empresa, year->2098, initial_month->1, endMonth->12, contador->87','2022-10-03 22:32:31',NULL),(15441,NULL,'assingPeriodsToBusiness','While de empresa, year->2099, initial_month->1, endMonth->12, contador->88','2022-10-03 22:32:31',NULL),(15442,NULL,'assingPeriodsToBusiness','While de empresa, year->2100, initial_month->1, endMonth->12, contador->89','2022-10-03 22:32:31',NULL),(15443,NULL,'assingPeriodsToBusiness','While de empresa, year->2101, initial_month->1, endMonth->12, contador->90','2022-10-03 22:32:31',NULL),(15444,NULL,'assingPeriodsToBusiness','While de empresa, year->2102, initial_month->1, endMonth->12, contador->91','2022-10-03 22:32:31',NULL),(15445,NULL,'assingPeriodsToBusiness','While de empresa, year->2103, initial_month->1, endMonth->12, contador->92','2022-10-03 22:32:31',NULL);
INSERT INTO `log_debug` VALUES (15446,NULL,'assingPeriodsToBusiness','While de empresa, year->2104, initial_month->1, endMonth->12, contador->93','2022-10-03 22:32:31',NULL),(15447,NULL,'assingPeriodsToBusiness','While de empresa, year->2105, initial_month->1, endMonth->12, contador->94','2022-10-03 22:32:31',NULL),(15448,NULL,'assingPeriodsToBusiness','While de empresa, year->2106, initial_month->1, endMonth->12, contador->95','2022-10-03 22:32:31',NULL),(15449,NULL,'assingPeriodsToBusiness','While de empresa, year->2107, initial_month->1, endMonth->12, contador->96','2022-10-03 22:32:31',NULL),(15450,NULL,'assingPeriodsToBusiness','While de empresa, year->2108, initial_month->1, endMonth->12, contador->97','2022-10-03 22:32:31',NULL),(15451,NULL,'assingPeriodsToBusiness','While de empresa, year->2109, initial_month->1, endMonth->0, contador->98','2022-10-03 22:32:31',NULL),(15452,NULL,'assingPeriodsToBusiness','ejecutando funcion','2022-10-04 10:45:33',NULL),(15453,NULL,'assingPeriodsToBusiness','While de empresa, year->2011, initial_month->0, endMonth->12, contador->0','2022-10-04 10:45:33',NULL),(15454,NULL,'assingPeriodsToBusiness','While de empresa, year->2012, initial_month->1, endMonth->12, contador->1','2022-10-04 10:45:33',NULL),(15455,NULL,'assingPeriodsToBusiness','While de empresa, year->2013, initial_month->1, endMonth->12, contador->2','2022-10-04 10:45:33',NULL),(15456,NULL,'assingPeriodsToBusiness','While de empresa, year->2014, initial_month->1, endMonth->12, contador->3','2022-10-04 10:45:33',NULL),(15457,NULL,'assingPeriodsToBusiness','While de empresa, year->2015, initial_month->1, endMonth->12, contador->4','2022-10-04 10:45:33',NULL),(15458,NULL,'assingPeriodsToBusiness','While de empresa, year->2016, initial_month->1, endMonth->12, contador->5','2022-10-04 10:45:33',NULL),(15459,NULL,'assingPeriodsToBusiness','While de empresa, year->2017, initial_month->1, endMonth->12, contador->6','2022-10-04 10:45:33',NULL),(15460,NULL,'assingPeriodsToBusiness','While de empresa, year->2018, initial_month->1, endMonth->12, contador->7','2022-10-04 10:45:33',NULL),(15461,NULL,'assingPeriodsToBusiness','While de empresa, year->2019, initial_month->1, endMonth->12, contador->8','2022-10-04 10:45:33',NULL),(15462,NULL,'assingPeriodsToBusiness','While de empresa, year->2020, initial_month->1, endMonth->12, contador->9','2022-10-04 10:45:34',NULL),(15463,NULL,'assingPeriodsToBusiness','While de empresa, year->2021, initial_month->1, endMonth->12, contador->10','2022-10-04 10:45:34',NULL),(15464,NULL,'assingPeriodsToBusiness','While de empresa, year->2022, initial_month->1, endMonth->12, contador->11','2022-10-04 10:45:34',NULL),(15465,NULL,'assingPeriodsToBusiness','While de empresa, year->2023, initial_month->1, endMonth->12, contador->12','2022-10-04 10:45:34',NULL),(15466,NULL,'assingPeriodsToBusiness','While de empresa, year->2024, initial_month->1, endMonth->12, contador->13','2022-10-04 10:45:34',NULL),(15467,NULL,'assingPeriodsToBusiness','While de empresa, year->2025, initial_month->1, endMonth->12, contador->14','2022-10-04 10:45:34',NULL),(15468,NULL,'assingPeriodsToBusiness','While de empresa, year->2026, initial_month->1, endMonth->12, contador->15','2022-10-04 10:45:34',NULL),(15469,NULL,'assingPeriodsToBusiness','While de empresa, year->2027, initial_month->1, endMonth->12, contador->16','2022-10-04 10:45:34',NULL),(15470,NULL,'assingPeriodsToBusiness','While de empresa, year->2028, initial_month->1, endMonth->12, contador->17','2022-10-04 10:45:34',NULL),(15471,NULL,'assingPeriodsToBusiness','While de empresa, year->2029, initial_month->1, endMonth->12, contador->18','2022-10-04 10:45:34',NULL),(15472,NULL,'assingPeriodsToBusiness','While de empresa, year->2030, initial_month->1, endMonth->12, contador->19','2022-10-04 10:45:34',NULL),(15473,NULL,'assingPeriodsToBusiness','While de empresa, year->2031, initial_month->1, endMonth->12, contador->20','2022-10-04 10:45:34',NULL);
INSERT INTO `log_debug` VALUES (15474,NULL,'assingPeriodsToBusiness','While de empresa, year->2032, initial_month->1, endMonth->12, contador->21','2022-10-04 10:45:34',NULL),(15475,NULL,'assingPeriodsToBusiness','While de empresa, year->2033, initial_month->1, endMonth->12, contador->22','2022-10-04 10:45:34',NULL),(15476,NULL,'assingPeriodsToBusiness','While de empresa, year->2034, initial_month->1, endMonth->12, contador->23','2022-10-04 10:45:34',NULL),(15477,NULL,'assingPeriodsToBusiness','While de empresa, year->2035, initial_month->1, endMonth->12, contador->24','2022-10-04 10:45:34',NULL),(15478,NULL,'assingPeriodsToBusiness','While de empresa, year->2036, initial_month->1, endMonth->12, contador->25','2022-10-04 10:45:34',NULL),(15479,NULL,'assingPeriodsToBusiness','While de empresa, year->2037, initial_month->1, endMonth->12, contador->26','2022-10-04 10:45:34',NULL),(15480,NULL,'assingPeriodsToBusiness','While de empresa, year->2038, initial_month->1, endMonth->12, contador->27','2022-10-04 10:45:34',NULL),(15481,NULL,'assingPeriodsToBusiness','While de empresa, year->2039, initial_month->1, endMonth->12, contador->28','2022-10-04 10:45:34',NULL),(15482,NULL,'assingPeriodsToBusiness','While de empresa, year->2040, initial_month->1, endMonth->12, contador->29','2022-10-04 10:45:34',NULL),(15483,NULL,'assingPeriodsToBusiness','While de empresa, year->2041, initial_month->1, endMonth->12, contador->30','2022-10-04 10:45:34',NULL),(15484,NULL,'assingPeriodsToBusiness','While de empresa, year->2042, initial_month->1, endMonth->12, contador->31','2022-10-04 10:45:34',NULL),(15485,NULL,'assingPeriodsToBusiness','While de empresa, year->2043, initial_month->1, endMonth->12, contador->32','2022-10-04 10:45:34',NULL),(15486,NULL,'assingPeriodsToBusiness','While de empresa, year->2044, initial_month->1, endMonth->12, contador->33','2022-10-04 10:45:34',NULL),(15487,NULL,'assingPeriodsToBusiness','While de empresa, year->2045, initial_month->1, endMonth->12, contador->34','2022-10-04 10:45:34',NULL),(15488,NULL,'assingPeriodsToBusiness','While de empresa, year->2046, initial_month->1, endMonth->12, contador->35','2022-10-04 10:45:34',NULL),(15489,NULL,'assingPeriodsToBusiness','While de empresa, year->2047, initial_month->1, endMonth->12, contador->36','2022-10-04 10:45:34',NULL),(15490,NULL,'assingPeriodsToBusiness','While de empresa, year->2048, initial_month->1, endMonth->12, contador->37','2022-10-04 10:45:34',NULL),(15491,NULL,'assingPeriodsToBusiness','While de empresa, year->2049, initial_month->1, endMonth->12, contador->38','2022-10-04 10:45:34',NULL),(15492,NULL,'assingPeriodsToBusiness','While de empresa, year->2050, initial_month->1, endMonth->12, contador->39','2022-10-04 10:45:34',NULL),(15493,NULL,'assingPeriodsToBusiness','While de empresa, year->2051, initial_month->1, endMonth->12, contador->40','2022-10-04 10:45:34',NULL),(15494,NULL,'assingPeriodsToBusiness','While de empresa, year->2052, initial_month->1, endMonth->12, contador->41','2022-10-04 10:45:34',NULL),(15495,NULL,'assingPeriodsToBusiness','While de empresa, year->2053, initial_month->1, endMonth->12, contador->42','2022-10-04 10:45:34',NULL),(15496,NULL,'assingPeriodsToBusiness','While de empresa, year->2054, initial_month->1, endMonth->12, contador->43','2022-10-04 10:45:34',NULL),(15497,NULL,'assingPeriodsToBusiness','While de empresa, year->2055, initial_month->1, endMonth->12, contador->44','2022-10-04 10:45:34',NULL),(15498,NULL,'assingPeriodsToBusiness','While de empresa, year->2056, initial_month->1, endMonth->12, contador->45','2022-10-04 10:45:34',NULL),(15499,NULL,'assingPeriodsToBusiness','While de empresa, year->2057, initial_month->1, endMonth->12, contador->46','2022-10-04 10:45:34',NULL),(15500,NULL,'assingPeriodsToBusiness','While de empresa, year->2058, initial_month->1, endMonth->12, contador->47','2022-10-04 10:45:34',NULL),(15501,NULL,'assingPeriodsToBusiness','While de empresa, year->2059, initial_month->1, endMonth->12, contador->48','2022-10-04 10:45:34',NULL);
INSERT INTO `log_debug` VALUES (15502,NULL,'assingPeriodsToBusiness','While de empresa, year->2060, initial_month->1, endMonth->12, contador->49','2022-10-04 10:45:34',NULL),(15503,NULL,'assingPeriodsToBusiness','While de empresa, year->2061, initial_month->1, endMonth->12, contador->50','2022-10-04 10:45:34',NULL),(15504,NULL,'assingPeriodsToBusiness','While de empresa, year->2062, initial_month->1, endMonth->12, contador->51','2022-10-04 10:45:34',NULL),(15505,NULL,'assingPeriodsToBusiness','While de empresa, year->2063, initial_month->1, endMonth->12, contador->52','2022-10-04 10:45:34',NULL),(15506,NULL,'assingPeriodsToBusiness','While de empresa, year->2064, initial_month->1, endMonth->12, contador->53','2022-10-04 10:45:34',NULL),(15507,NULL,'assingPeriodsToBusiness','While de empresa, year->2065, initial_month->1, endMonth->12, contador->54','2022-10-04 10:45:34',NULL),(15508,NULL,'assingPeriodsToBusiness','While de empresa, year->2066, initial_month->1, endMonth->12, contador->55','2022-10-04 10:45:34',NULL),(15509,NULL,'assingPeriodsToBusiness','While de empresa, year->2067, initial_month->1, endMonth->12, contador->56','2022-10-04 10:45:34',NULL),(15510,NULL,'assingPeriodsToBusiness','While de empresa, year->2068, initial_month->1, endMonth->12, contador->57','2022-10-04 10:45:34',NULL),(15511,NULL,'assingPeriodsToBusiness','While de empresa, year->2069, initial_month->1, endMonth->12, contador->58','2022-10-04 10:45:34',NULL),(15512,NULL,'assingPeriodsToBusiness','While de empresa, year->2070, initial_month->1, endMonth->12, contador->59','2022-10-04 10:45:34',NULL),(15513,NULL,'assingPeriodsToBusiness','While de empresa, year->2071, initial_month->1, endMonth->12, contador->60','2022-10-04 10:45:34',NULL),(15514,NULL,'assingPeriodsToBusiness','While de empresa, year->2072, initial_month->1, endMonth->12, contador->61','2022-10-04 10:45:34',NULL),(15515,NULL,'assingPeriodsToBusiness','While de empresa, year->2073, initial_month->1, endMonth->12, contador->62','2022-10-04 10:45:34',NULL),(15516,NULL,'assingPeriodsToBusiness','While de empresa, year->2074, initial_month->1, endMonth->12, contador->63','2022-10-04 10:45:34',NULL),(15517,NULL,'assingPeriodsToBusiness','While de empresa, year->2075, initial_month->1, endMonth->12, contador->64','2022-10-04 10:45:34',NULL),(15518,NULL,'assingPeriodsToBusiness','While de empresa, year->2076, initial_month->1, endMonth->12, contador->65','2022-10-04 10:45:34',NULL),(15519,NULL,'assingPeriodsToBusiness','While de empresa, year->2077, initial_month->1, endMonth->12, contador->66','2022-10-04 10:45:34',NULL),(15520,NULL,'assingPeriodsToBusiness','While de empresa, year->2078, initial_month->1, endMonth->12, contador->67','2022-10-04 10:45:34',NULL),(15521,NULL,'assingPeriodsToBusiness','While de empresa, year->2079, initial_month->1, endMonth->12, contador->68','2022-10-04 10:45:34',NULL),(15522,NULL,'assingPeriodsToBusiness','While de empresa, year->2080, initial_month->1, endMonth->12, contador->69','2022-10-04 10:45:34',NULL),(15523,NULL,'assingPeriodsToBusiness','While de empresa, year->2081, initial_month->1, endMonth->12, contador->70','2022-10-04 10:45:34',NULL),(15524,NULL,'assingPeriodsToBusiness','While de empresa, year->2082, initial_month->1, endMonth->12, contador->71','2022-10-04 10:45:34',NULL),(15525,NULL,'assingPeriodsToBusiness','While de empresa, year->2083, initial_month->1, endMonth->12, contador->72','2022-10-04 10:45:34',NULL),(15526,NULL,'assingPeriodsToBusiness','While de empresa, year->2084, initial_month->1, endMonth->12, contador->73','2022-10-04 10:45:34',NULL),(15527,NULL,'assingPeriodsToBusiness','While de empresa, year->2085, initial_month->1, endMonth->12, contador->74','2022-10-04 10:45:34',NULL),(15528,NULL,'assingPeriodsToBusiness','While de empresa, year->2086, initial_month->1, endMonth->12, contador->75','2022-10-04 10:45:34',NULL),(15529,NULL,'assingPeriodsToBusiness','While de empresa, year->2087, initial_month->1, endMonth->12, contador->76','2022-10-04 10:45:34',NULL);
INSERT INTO `log_debug` VALUES (15530,NULL,'assingPeriodsToBusiness','While de empresa, year->2088, initial_month->1, endMonth->12, contador->77','2022-10-04 10:45:34',NULL),(15531,NULL,'assingPeriodsToBusiness','While de empresa, year->2089, initial_month->1, endMonth->12, contador->78','2022-10-04 10:45:34',NULL),(15532,NULL,'assingPeriodsToBusiness','While de empresa, year->2090, initial_month->1, endMonth->12, contador->79','2022-10-04 10:45:34',NULL),(15533,NULL,'assingPeriodsToBusiness','While de empresa, year->2091, initial_month->1, endMonth->12, contador->80','2022-10-04 10:45:34',NULL),(15534,NULL,'assingPeriodsToBusiness','While de empresa, year->2092, initial_month->1, endMonth->12, contador->81','2022-10-04 10:45:34',NULL),(15535,NULL,'assingPeriodsToBusiness','While de empresa, year->2093, initial_month->1, endMonth->12, contador->82','2022-10-04 10:45:34',NULL),(15536,NULL,'assingPeriodsToBusiness','While de empresa, year->2094, initial_month->1, endMonth->12, contador->83','2022-10-04 10:45:34',NULL),(15537,NULL,'assingPeriodsToBusiness','While de empresa, year->2095, initial_month->1, endMonth->12, contador->84','2022-10-04 10:45:34',NULL),(15538,NULL,'assingPeriodsToBusiness','While de empresa, year->2096, initial_month->1, endMonth->12, contador->85','2022-10-04 10:45:34',NULL),(15539,NULL,'assingPeriodsToBusiness','While de empresa, year->2097, initial_month->1, endMonth->12, contador->86','2022-10-04 10:45:34',NULL),(15540,NULL,'assingPeriodsToBusiness','While de empresa, year->2098, initial_month->1, endMonth->12, contador->87','2022-10-04 10:45:34',NULL),(15541,NULL,'assingPeriodsToBusiness','While de empresa, year->2099, initial_month->1, endMonth->12, contador->88','2022-10-04 10:45:34',NULL),(15542,NULL,'assingPeriodsToBusiness','While de empresa, year->2100, initial_month->1, endMonth->12, contador->89','2022-10-04 10:45:34',NULL),(15543,NULL,'assingPeriodsToBusiness','While de empresa, year->2101, initial_month->1, endMonth->12, contador->90','2022-10-04 10:45:34',NULL),(15544,NULL,'assingPeriodsToBusiness','While de empresa, year->2102, initial_month->1, endMonth->12, contador->91','2022-10-04 10:45:34',NULL),(15545,NULL,'assingPeriodsToBusiness','While de empresa, year->2103, initial_month->1, endMonth->12, contador->92','2022-10-04 10:45:34',NULL),(15546,NULL,'assingPeriodsToBusiness','While de empresa, year->2104, initial_month->1, endMonth->12, contador->93','2022-10-04 10:45:34',NULL),(15547,NULL,'assingPeriodsToBusiness','While de empresa, year->2105, initial_month->1, endMonth->12, contador->94','2022-10-04 10:45:34',NULL),(15548,NULL,'assingPeriodsToBusiness','While de empresa, year->2106, initial_month->1, endMonth->12, contador->95','2022-10-04 10:45:34',NULL),(15549,NULL,'assingPeriodsToBusiness','While de empresa, year->2107, initial_month->1, endMonth->12, contador->96','2022-10-04 10:45:34',NULL),(15550,NULL,'assingPeriodsToBusiness','While de empresa, year->2108, initial_month->1, endMonth->12, contador->97','2022-10-04 10:45:34',NULL),(15551,NULL,'assingPeriodsToBusiness','While de empresa, year->2109, initial_month->1, endMonth->0, contador->98','2022-10-04 10:45:34',NULL),(15552,NULL,'assingPeriodsToBusiness','ejecutando funcion','2022-10-07 22:56:46',NULL),(15553,NULL,'assingPeriodsToBusiness','While de empresa, year->2021, initial_month->0, endMonth->12, contador->0','2022-10-07 22:56:46',NULL),(15554,NULL,'assingPeriodsToBusiness','While de empresa, year->2022, initial_month->1, endMonth->12, contador->1','2022-10-07 22:56:46',NULL),(15555,NULL,'assingPeriodsToBusiness','While de empresa, year->2023, initial_month->1, endMonth->12, contador->2','2022-10-07 22:56:46',NULL),(15556,NULL,'assingPeriodsToBusiness','While de empresa, year->2024, initial_month->1, endMonth->12, contador->3','2022-10-07 22:56:46',NULL),(15557,NULL,'assingPeriodsToBusiness','While de empresa, year->2025, initial_month->1, endMonth->12, contador->4','2022-10-07 22:56:46',NULL);
INSERT INTO `log_debug` VALUES (15558,NULL,'assingPeriodsToBusiness','While de empresa, year->2026, initial_month->1, endMonth->12, contador->5','2022-10-07 22:56:46',NULL),(15559,NULL,'assingPeriodsToBusiness','While de empresa, year->2027, initial_month->1, endMonth->12, contador->6','2022-10-07 22:56:46',NULL),(15560,NULL,'assingPeriodsToBusiness','While de empresa, year->2028, initial_month->1, endMonth->12, contador->7','2022-10-07 22:56:46',NULL),(15561,NULL,'assingPeriodsToBusiness','While de empresa, year->2029, initial_month->1, endMonth->12, contador->8','2022-10-07 22:56:46',NULL),(15562,NULL,'assingPeriodsToBusiness','While de empresa, year->2030, initial_month->1, endMonth->12, contador->9','2022-10-07 22:56:46',NULL),(15563,NULL,'assingPeriodsToBusiness','While de empresa, year->2031, initial_month->1, endMonth->12, contador->10','2022-10-07 22:56:46',NULL),(15564,NULL,'assingPeriodsToBusiness','While de empresa, year->2032, initial_month->1, endMonth->12, contador->11','2022-10-07 22:56:46',NULL),(15565,NULL,'assingPeriodsToBusiness','While de empresa, year->2033, initial_month->1, endMonth->12, contador->12','2022-10-07 22:56:46',NULL),(15566,NULL,'assingPeriodsToBusiness','While de empresa, year->2034, initial_month->1, endMonth->12, contador->13','2022-10-07 22:56:46',NULL),(15567,NULL,'assingPeriodsToBusiness','While de empresa, year->2035, initial_month->1, endMonth->12, contador->14','2022-10-07 22:56:46',NULL),(15568,NULL,'assingPeriodsToBusiness','While de empresa, year->2036, initial_month->1, endMonth->12, contador->15','2022-10-07 22:56:46',NULL),(15569,NULL,'assingPeriodsToBusiness','While de empresa, year->2037, initial_month->1, endMonth->12, contador->16','2022-10-07 22:56:46',NULL),(15570,NULL,'assingPeriodsToBusiness','While de empresa, year->2038, initial_month->1, endMonth->12, contador->17','2022-10-07 22:56:46',NULL),(15571,NULL,'assingPeriodsToBusiness','While de empresa, year->2039, initial_month->1, endMonth->12, contador->18','2022-10-07 22:56:46',NULL),(15572,NULL,'assingPeriodsToBusiness','While de empresa, year->2040, initial_month->1, endMonth->12, contador->19','2022-10-07 22:56:46',NULL),(15573,NULL,'assingPeriodsToBusiness','While de empresa, year->2041, initial_month->1, endMonth->12, contador->20','2022-10-07 22:56:46',NULL),(15574,NULL,'assingPeriodsToBusiness','While de empresa, year->2042, initial_month->1, endMonth->12, contador->21','2022-10-07 22:56:46',NULL),(15575,NULL,'assingPeriodsToBusiness','While de empresa, year->2043, initial_month->1, endMonth->12, contador->22','2022-10-07 22:56:46',NULL),(15576,NULL,'assingPeriodsToBusiness','While de empresa, year->2044, initial_month->1, endMonth->12, contador->23','2022-10-07 22:56:46',NULL),(15577,NULL,'assingPeriodsToBusiness','While de empresa, year->2045, initial_month->1, endMonth->12, contador->24','2022-10-07 22:56:46',NULL),(15578,NULL,'assingPeriodsToBusiness','While de empresa, year->2046, initial_month->1, endMonth->12, contador->25','2022-10-07 22:56:46',NULL),(15579,NULL,'assingPeriodsToBusiness','While de empresa, year->2047, initial_month->1, endMonth->12, contador->26','2022-10-07 22:56:46',NULL),(15580,NULL,'assingPeriodsToBusiness','While de empresa, year->2048, initial_month->1, endMonth->12, contador->27','2022-10-07 22:56:46',NULL),(15581,NULL,'assingPeriodsToBusiness','While de empresa, year->2049, initial_month->1, endMonth->12, contador->28','2022-10-07 22:56:46',NULL),(15582,NULL,'assingPeriodsToBusiness','While de empresa, year->2050, initial_month->1, endMonth->12, contador->29','2022-10-07 22:56:46',NULL),(15583,NULL,'assingPeriodsToBusiness','While de empresa, year->2051, initial_month->1, endMonth->12, contador->30','2022-10-07 22:56:46',NULL),(15584,NULL,'assingPeriodsToBusiness','While de empresa, year->2052, initial_month->1, endMonth->12, contador->31','2022-10-07 22:56:46',NULL),(15585,NULL,'assingPeriodsToBusiness','While de empresa, year->2053, initial_month->1, endMonth->12, contador->32','2022-10-07 22:56:46',NULL);
INSERT INTO `log_debug` VALUES (15586,NULL,'assingPeriodsToBusiness','While de empresa, year->2054, initial_month->1, endMonth->12, contador->33','2022-10-07 22:56:46',NULL),(15587,NULL,'assingPeriodsToBusiness','While de empresa, year->2055, initial_month->1, endMonth->12, contador->34','2022-10-07 22:56:46',NULL),(15588,NULL,'assingPeriodsToBusiness','While de empresa, year->2056, initial_month->1, endMonth->12, contador->35','2022-10-07 22:56:46',NULL),(15589,NULL,'assingPeriodsToBusiness','While de empresa, year->2057, initial_month->1, endMonth->12, contador->36','2022-10-07 22:56:46',NULL),(15590,NULL,'assingPeriodsToBusiness','While de empresa, year->2058, initial_month->1, endMonth->12, contador->37','2022-10-07 22:56:46',NULL),(15591,NULL,'assingPeriodsToBusiness','While de empresa, year->2059, initial_month->1, endMonth->12, contador->38','2022-10-07 22:56:46',NULL),(15592,NULL,'assingPeriodsToBusiness','While de empresa, year->2060, initial_month->1, endMonth->12, contador->39','2022-10-07 22:56:46',NULL),(15593,NULL,'assingPeriodsToBusiness','While de empresa, year->2061, initial_month->1, endMonth->12, contador->40','2022-10-07 22:56:46',NULL),(15594,NULL,'assingPeriodsToBusiness','While de empresa, year->2062, initial_month->1, endMonth->12, contador->41','2022-10-07 22:56:46',NULL),(15595,NULL,'assingPeriodsToBusiness','While de empresa, year->2063, initial_month->1, endMonth->12, contador->42','2022-10-07 22:56:46',NULL),(15596,NULL,'assingPeriodsToBusiness','While de empresa, year->2064, initial_month->1, endMonth->12, contador->43','2022-10-07 22:56:46',NULL),(15597,NULL,'assingPeriodsToBusiness','While de empresa, year->2065, initial_month->1, endMonth->12, contador->44','2022-10-07 22:56:46',NULL),(15598,NULL,'assingPeriodsToBusiness','While de empresa, year->2066, initial_month->1, endMonth->12, contador->45','2022-10-07 22:56:46',NULL),(15599,NULL,'assingPeriodsToBusiness','While de empresa, year->2067, initial_month->1, endMonth->12, contador->46','2022-10-07 22:56:46',NULL),(15600,NULL,'assingPeriodsToBusiness','While de empresa, year->2068, initial_month->1, endMonth->12, contador->47','2022-10-07 22:56:46',NULL),(15601,NULL,'assingPeriodsToBusiness','While de empresa, year->2069, initial_month->1, endMonth->12, contador->48','2022-10-07 22:56:46',NULL),(15602,NULL,'assingPeriodsToBusiness','While de empresa, year->2070, initial_month->1, endMonth->12, contador->49','2022-10-07 22:56:46',NULL),(15603,NULL,'assingPeriodsToBusiness','While de empresa, year->2071, initial_month->1, endMonth->12, contador->50','2022-10-07 22:56:46',NULL),(15604,NULL,'assingPeriodsToBusiness','While de empresa, year->2072, initial_month->1, endMonth->12, contador->51','2022-10-07 22:56:46',NULL),(15605,NULL,'assingPeriodsToBusiness','While de empresa, year->2073, initial_month->1, endMonth->12, contador->52','2022-10-07 22:56:46',NULL),(15606,NULL,'assingPeriodsToBusiness','While de empresa, year->2074, initial_month->1, endMonth->12, contador->53','2022-10-07 22:56:46',NULL),(15607,NULL,'assingPeriodsToBusiness','While de empresa, year->2075, initial_month->1, endMonth->12, contador->54','2022-10-07 22:56:46',NULL),(15608,NULL,'assingPeriodsToBusiness','While de empresa, year->2076, initial_month->1, endMonth->12, contador->55','2022-10-07 22:56:46',NULL),(15609,NULL,'assingPeriodsToBusiness','While de empresa, year->2077, initial_month->1, endMonth->12, contador->56','2022-10-07 22:56:46',NULL),(15610,NULL,'assingPeriodsToBusiness','While de empresa, year->2078, initial_month->1, endMonth->12, contador->57','2022-10-07 22:56:46',NULL),(15611,NULL,'assingPeriodsToBusiness','While de empresa, year->2079, initial_month->1, endMonth->12, contador->58','2022-10-07 22:56:46',NULL),(15612,NULL,'assingPeriodsToBusiness','While de empresa, year->2080, initial_month->1, endMonth->12, contador->59','2022-10-07 22:56:46',NULL),(15613,NULL,'assingPeriodsToBusiness','While de empresa, year->2081, initial_month->1, endMonth->12, contador->60','2022-10-07 22:56:46',NULL);
INSERT INTO `log_debug` VALUES (15614,NULL,'assingPeriodsToBusiness','While de empresa, year->2082, initial_month->1, endMonth->12, contador->61','2022-10-07 22:56:46',NULL),(15615,NULL,'assingPeriodsToBusiness','While de empresa, year->2083, initial_month->1, endMonth->12, contador->62','2022-10-07 22:56:46',NULL),(15616,NULL,'assingPeriodsToBusiness','While de empresa, year->2084, initial_month->1, endMonth->12, contador->63','2022-10-07 22:56:46',NULL),(15617,NULL,'assingPeriodsToBusiness','While de empresa, year->2085, initial_month->1, endMonth->12, contador->64','2022-10-07 22:56:46',NULL),(15618,NULL,'assingPeriodsToBusiness','While de empresa, year->2086, initial_month->1, endMonth->12, contador->65','2022-10-07 22:56:46',NULL),(15619,NULL,'assingPeriodsToBusiness','While de empresa, year->2087, initial_month->1, endMonth->12, contador->66','2022-10-07 22:56:46',NULL),(15620,NULL,'assingPeriodsToBusiness','While de empresa, year->2088, initial_month->1, endMonth->12, contador->67','2022-10-07 22:56:46',NULL),(15621,NULL,'assingPeriodsToBusiness','While de empresa, year->2089, initial_month->1, endMonth->12, contador->68','2022-10-07 22:56:46',NULL),(15622,NULL,'assingPeriodsToBusiness','While de empresa, year->2090, initial_month->1, endMonth->12, contador->69','2022-10-07 22:56:46',NULL),(15623,NULL,'assingPeriodsToBusiness','While de empresa, year->2091, initial_month->1, endMonth->12, contador->70','2022-10-07 22:56:46',NULL),(15624,NULL,'assingPeriodsToBusiness','While de empresa, year->2092, initial_month->1, endMonth->12, contador->71','2022-10-07 22:56:46',NULL),(15625,NULL,'assingPeriodsToBusiness','While de empresa, year->2093, initial_month->1, endMonth->12, contador->72','2022-10-07 22:56:46',NULL),(15626,NULL,'assingPeriodsToBusiness','While de empresa, year->2094, initial_month->1, endMonth->12, contador->73','2022-10-07 22:56:46',NULL),(15627,NULL,'assingPeriodsToBusiness','While de empresa, year->2095, initial_month->1, endMonth->12, contador->74','2022-10-07 22:56:46',NULL),(15628,NULL,'assingPeriodsToBusiness','While de empresa, year->2096, initial_month->1, endMonth->12, contador->75','2022-10-07 22:56:46',NULL),(15629,NULL,'assingPeriodsToBusiness','While de empresa, year->2097, initial_month->1, endMonth->12, contador->76','2022-10-07 22:56:46',NULL),(15630,NULL,'assingPeriodsToBusiness','While de empresa, year->2098, initial_month->1, endMonth->12, contador->77','2022-10-07 22:56:46',NULL),(15631,NULL,'assingPeriodsToBusiness','While de empresa, year->2099, initial_month->1, endMonth->12, contador->78','2022-10-07 22:56:46',NULL),(15632,NULL,'assingPeriodsToBusiness','While de empresa, year->2100, initial_month->1, endMonth->12, contador->79','2022-10-07 22:56:46',NULL),(15633,NULL,'assingPeriodsToBusiness','While de empresa, year->2101, initial_month->1, endMonth->12, contador->80','2022-10-07 22:56:46',NULL),(15634,NULL,'assingPeriodsToBusiness','While de empresa, year->2102, initial_month->1, endMonth->12, contador->81','2022-10-07 22:56:46',NULL),(15635,NULL,'assingPeriodsToBusiness','While de empresa, year->2103, initial_month->1, endMonth->12, contador->82','2022-10-07 22:56:46',NULL),(15636,NULL,'assingPeriodsToBusiness','While de empresa, year->2104, initial_month->1, endMonth->12, contador->83','2022-10-07 22:56:46',NULL),(15637,NULL,'assingPeriodsToBusiness','While de empresa, year->2105, initial_month->1, endMonth->12, contador->84','2022-10-07 22:56:46',NULL),(15638,NULL,'assingPeriodsToBusiness','While de empresa, year->2106, initial_month->1, endMonth->12, contador->85','2022-10-07 22:56:46',NULL),(15639,NULL,'assingPeriodsToBusiness','While de empresa, year->2107, initial_month->1, endMonth->12, contador->86','2022-10-07 22:56:46',NULL),(15640,NULL,'assingPeriodsToBusiness','While de empresa, year->2108, initial_month->1, endMonth->12, contador->87','2022-10-07 22:56:46',NULL),(15641,NULL,'assingPeriodsToBusiness','While de empresa, year->2109, initial_month->1, endMonth->12, contador->88','2022-10-07 22:56:46',NULL);
INSERT INTO `log_debug` VALUES (15642,NULL,'assingPeriodsToBusiness','While de empresa, year->2110, initial_month->1, endMonth->0, contador->89','2022-10-07 22:56:46',NULL),(15643,NULL,'assingPeriodsToBusiness','ejecutando funcion','2022-10-11 12:39:56',NULL),(15644,NULL,'assingPeriodsToBusiness','While de empresa, year->2011, initial_month->0, endMonth->12, contador->0','2022-10-11 12:39:56',NULL),(15645,NULL,'assingPeriodsToBusiness','While de empresa, year->2012, initial_month->1, endMonth->12, contador->1','2022-10-11 12:39:56',NULL),(15646,NULL,'assingPeriodsToBusiness','While de empresa, year->2013, initial_month->1, endMonth->12, contador->2','2022-10-11 12:39:56',NULL),(15647,NULL,'assingPeriodsToBusiness','While de empresa, year->2014, initial_month->1, endMonth->12, contador->3','2022-10-11 12:39:56',NULL),(15648,NULL,'assingPeriodsToBusiness','While de empresa, year->2015, initial_month->1, endMonth->12, contador->4','2022-10-11 12:39:56',NULL),(15649,NULL,'assingPeriodsToBusiness','While de empresa, year->2016, initial_month->1, endMonth->12, contador->5','2022-10-11 12:39:56',NULL),(15650,NULL,'assingPeriodsToBusiness','While de empresa, year->2017, initial_month->1, endMonth->12, contador->6','2022-10-11 12:39:56',NULL),(15651,NULL,'assingPeriodsToBusiness','While de empresa, year->2018, initial_month->1, endMonth->12, contador->7','2022-10-11 12:39:56',NULL),(15652,NULL,'assingPeriodsToBusiness','While de empresa, year->2019, initial_month->1, endMonth->12, contador->8','2022-10-11 12:39:56',NULL),(15653,NULL,'assingPeriodsToBusiness','While de empresa, year->2020, initial_month->1, endMonth->12, contador->9','2022-10-11 12:39:56',NULL),(15654,NULL,'assingPeriodsToBusiness','While de empresa, year->2021, initial_month->1, endMonth->12, contador->10','2022-10-11 12:39:56',NULL),(15655,NULL,'assingPeriodsToBusiness','While de empresa, year->2022, initial_month->1, endMonth->12, contador->11','2022-10-11 12:39:56',NULL),(15656,NULL,'assingPeriodsToBusiness','While de empresa, year->2023, initial_month->1, endMonth->12, contador->12','2022-10-11 12:39:56',NULL),(15657,NULL,'assingPeriodsToBusiness','While de empresa, year->2024, initial_month->1, endMonth->12, contador->13','2022-10-11 12:39:56',NULL),(15658,NULL,'assingPeriodsToBusiness','While de empresa, year->2025, initial_month->1, endMonth->12, contador->14','2022-10-11 12:39:56',NULL),(15659,NULL,'assingPeriodsToBusiness','While de empresa, year->2026, initial_month->1, endMonth->12, contador->15','2022-10-11 12:39:56',NULL),(15660,NULL,'assingPeriodsToBusiness','While de empresa, year->2027, initial_month->1, endMonth->12, contador->16','2022-10-11 12:39:56',NULL),(15661,NULL,'assingPeriodsToBusiness','While de empresa, year->2028, initial_month->1, endMonth->12, contador->17','2022-10-11 12:39:56',NULL),(15662,NULL,'assingPeriodsToBusiness','While de empresa, year->2029, initial_month->1, endMonth->12, contador->18','2022-10-11 12:39:56',NULL),(15663,NULL,'assingPeriodsToBusiness','While de empresa, year->2030, initial_month->1, endMonth->12, contador->19','2022-10-11 12:39:56',NULL),(15664,NULL,'assingPeriodsToBusiness','While de empresa, year->2031, initial_month->1, endMonth->12, contador->20','2022-10-11 12:39:56',NULL),(15665,NULL,'assingPeriodsToBusiness','While de empresa, year->2032, initial_month->1, endMonth->12, contador->21','2022-10-11 12:39:56',NULL),(15666,NULL,'assingPeriodsToBusiness','While de empresa, year->2033, initial_month->1, endMonth->12, contador->22','2022-10-11 12:39:56',NULL),(15667,NULL,'assingPeriodsToBusiness','While de empresa, year->2034, initial_month->1, endMonth->12, contador->23','2022-10-11 12:39:56',NULL),(15668,NULL,'assingPeriodsToBusiness','While de empresa, year->2035, initial_month->1, endMonth->12, contador->24','2022-10-11 12:39:56',NULL),(15669,NULL,'assingPeriodsToBusiness','While de empresa, year->2036, initial_month->1, endMonth->12, contador->25','2022-10-11 12:39:56',NULL);
INSERT INTO `log_debug` VALUES (15670,NULL,'assingPeriodsToBusiness','While de empresa, year->2037, initial_month->1, endMonth->12, contador->26','2022-10-11 12:39:56',NULL),(15671,NULL,'assingPeriodsToBusiness','While de empresa, year->2038, initial_month->1, endMonth->12, contador->27','2022-10-11 12:39:56',NULL),(15672,NULL,'assingPeriodsToBusiness','While de empresa, year->2039, initial_month->1, endMonth->12, contador->28','2022-10-11 12:39:56',NULL),(15673,NULL,'assingPeriodsToBusiness','While de empresa, year->2040, initial_month->1, endMonth->12, contador->29','2022-10-11 12:39:56',NULL),(15674,NULL,'assingPeriodsToBusiness','While de empresa, year->2041, initial_month->1, endMonth->12, contador->30','2022-10-11 12:39:56',NULL),(15675,NULL,'assingPeriodsToBusiness','While de empresa, year->2042, initial_month->1, endMonth->12, contador->31','2022-10-11 12:39:56',NULL),(15676,NULL,'assingPeriodsToBusiness','While de empresa, year->2043, initial_month->1, endMonth->12, contador->32','2022-10-11 12:39:56',NULL),(15677,NULL,'assingPeriodsToBusiness','While de empresa, year->2044, initial_month->1, endMonth->12, contador->33','2022-10-11 12:39:56',NULL),(15678,NULL,'assingPeriodsToBusiness','While de empresa, year->2045, initial_month->1, endMonth->12, contador->34','2022-10-11 12:39:56',NULL),(15679,NULL,'assingPeriodsToBusiness','While de empresa, year->2046, initial_month->1, endMonth->12, contador->35','2022-10-11 12:39:56',NULL),(15680,NULL,'assingPeriodsToBusiness','While de empresa, year->2047, initial_month->1, endMonth->12, contador->36','2022-10-11 12:39:56',NULL),(15681,NULL,'assingPeriodsToBusiness','While de empresa, year->2048, initial_month->1, endMonth->12, contador->37','2022-10-11 12:39:56',NULL),(15682,NULL,'assingPeriodsToBusiness','While de empresa, year->2049, initial_month->1, endMonth->12, contador->38','2022-10-11 12:39:56',NULL),(15683,NULL,'assingPeriodsToBusiness','While de empresa, year->2050, initial_month->1, endMonth->12, contador->39','2022-10-11 12:39:56',NULL),(15684,NULL,'assingPeriodsToBusiness','While de empresa, year->2051, initial_month->1, endMonth->12, contador->40','2022-10-11 12:39:56',NULL),(15685,NULL,'assingPeriodsToBusiness','While de empresa, year->2052, initial_month->1, endMonth->12, contador->41','2022-10-11 12:39:56',NULL),(15686,NULL,'assingPeriodsToBusiness','While de empresa, year->2053, initial_month->1, endMonth->12, contador->42','2022-10-11 12:39:56',NULL),(15687,NULL,'assingPeriodsToBusiness','While de empresa, year->2054, initial_month->1, endMonth->12, contador->43','2022-10-11 12:39:56',NULL),(15688,NULL,'assingPeriodsToBusiness','While de empresa, year->2055, initial_month->1, endMonth->12, contador->44','2022-10-11 12:39:56',NULL),(15689,NULL,'assingPeriodsToBusiness','While de empresa, year->2056, initial_month->1, endMonth->12, contador->45','2022-10-11 12:39:56',NULL),(15690,NULL,'assingPeriodsToBusiness','While de empresa, year->2057, initial_month->1, endMonth->12, contador->46','2022-10-11 12:39:56',NULL),(15691,NULL,'assingPeriodsToBusiness','While de empresa, year->2058, initial_month->1, endMonth->12, contador->47','2022-10-11 12:39:56',NULL),(15692,NULL,'assingPeriodsToBusiness','While de empresa, year->2059, initial_month->1, endMonth->12, contador->48','2022-10-11 12:39:56',NULL),(15693,NULL,'assingPeriodsToBusiness','While de empresa, year->2060, initial_month->1, endMonth->12, contador->49','2022-10-11 12:39:56',NULL),(15694,NULL,'assingPeriodsToBusiness','While de empresa, year->2061, initial_month->1, endMonth->12, contador->50','2022-10-11 12:39:56',NULL),(15695,NULL,'assingPeriodsToBusiness','While de empresa, year->2062, initial_month->1, endMonth->12, contador->51','2022-10-11 12:39:56',NULL),(15696,NULL,'assingPeriodsToBusiness','While de empresa, year->2063, initial_month->1, endMonth->12, contador->52','2022-10-11 12:39:56',NULL),(15697,NULL,'assingPeriodsToBusiness','While de empresa, year->2064, initial_month->1, endMonth->12, contador->53','2022-10-11 12:39:56',NULL);
INSERT INTO `log_debug` VALUES (15698,NULL,'assingPeriodsToBusiness','While de empresa, year->2065, initial_month->1, endMonth->12, contador->54','2022-10-11 12:39:56',NULL),(15699,NULL,'assingPeriodsToBusiness','While de empresa, year->2066, initial_month->1, endMonth->12, contador->55','2022-10-11 12:39:56',NULL),(15700,NULL,'assingPeriodsToBusiness','While de empresa, year->2067, initial_month->1, endMonth->12, contador->56','2022-10-11 12:39:56',NULL),(15701,NULL,'assingPeriodsToBusiness','While de empresa, year->2068, initial_month->1, endMonth->12, contador->57','2022-10-11 12:39:56',NULL),(15702,NULL,'assingPeriodsToBusiness','While de empresa, year->2069, initial_month->1, endMonth->12, contador->58','2022-10-11 12:39:56',NULL),(15703,NULL,'assingPeriodsToBusiness','While de empresa, year->2070, initial_month->1, endMonth->12, contador->59','2022-10-11 12:39:56',NULL),(15704,NULL,'assingPeriodsToBusiness','While de empresa, year->2071, initial_month->1, endMonth->12, contador->60','2022-10-11 12:39:56',NULL),(15705,NULL,'assingPeriodsToBusiness','While de empresa, year->2072, initial_month->1, endMonth->12, contador->61','2022-10-11 12:39:57',NULL),(15706,NULL,'assingPeriodsToBusiness','While de empresa, year->2073, initial_month->1, endMonth->12, contador->62','2022-10-11 12:39:57',NULL),(15707,NULL,'assingPeriodsToBusiness','While de empresa, year->2074, initial_month->1, endMonth->12, contador->63','2022-10-11 12:39:57',NULL),(15708,NULL,'assingPeriodsToBusiness','While de empresa, year->2075, initial_month->1, endMonth->12, contador->64','2022-10-11 12:39:57',NULL),(15709,NULL,'assingPeriodsToBusiness','While de empresa, year->2076, initial_month->1, endMonth->12, contador->65','2022-10-11 12:39:57',NULL),(15710,NULL,'assingPeriodsToBusiness','While de empresa, year->2077, initial_month->1, endMonth->12, contador->66','2022-10-11 12:39:57',NULL),(15711,NULL,'assingPeriodsToBusiness','While de empresa, year->2078, initial_month->1, endMonth->12, contador->67','2022-10-11 12:39:57',NULL),(15712,NULL,'assingPeriodsToBusiness','While de empresa, year->2079, initial_month->1, endMonth->12, contador->68','2022-10-11 12:39:57',NULL),(15713,NULL,'assingPeriodsToBusiness','While de empresa, year->2080, initial_month->1, endMonth->12, contador->69','2022-10-11 12:39:57',NULL),(15714,NULL,'assingPeriodsToBusiness','While de empresa, year->2081, initial_month->1, endMonth->12, contador->70','2022-10-11 12:39:57',NULL),(15715,NULL,'assingPeriodsToBusiness','While de empresa, year->2082, initial_month->1, endMonth->12, contador->71','2022-10-11 12:39:57',NULL),(15716,NULL,'assingPeriodsToBusiness','While de empresa, year->2083, initial_month->1, endMonth->12, contador->72','2022-10-11 12:39:57',NULL),(15717,NULL,'assingPeriodsToBusiness','While de empresa, year->2084, initial_month->1, endMonth->12, contador->73','2022-10-11 12:39:57',NULL),(15718,NULL,'assingPeriodsToBusiness','While de empresa, year->2085, initial_month->1, endMonth->12, contador->74','2022-10-11 12:39:57',NULL),(15719,NULL,'assingPeriodsToBusiness','While de empresa, year->2086, initial_month->1, endMonth->12, contador->75','2022-10-11 12:39:57',NULL),(15720,NULL,'assingPeriodsToBusiness','While de empresa, year->2087, initial_month->1, endMonth->12, contador->76','2022-10-11 12:39:57',NULL),(15721,NULL,'assingPeriodsToBusiness','While de empresa, year->2088, initial_month->1, endMonth->12, contador->77','2022-10-11 12:39:57',NULL),(15722,NULL,'assingPeriodsToBusiness','While de empresa, year->2089, initial_month->1, endMonth->12, contador->78','2022-10-11 12:39:57',NULL),(15723,NULL,'assingPeriodsToBusiness','While de empresa, year->2090, initial_month->1, endMonth->12, contador->79','2022-10-11 12:39:57',NULL),(15724,NULL,'assingPeriodsToBusiness','While de empresa, year->2091, initial_month->1, endMonth->12, contador->80','2022-10-11 12:39:57',NULL),(15725,NULL,'assingPeriodsToBusiness','While de empresa, year->2092, initial_month->1, endMonth->12, contador->81','2022-10-11 12:39:57',NULL);
INSERT INTO `log_debug` VALUES (15726,NULL,'assingPeriodsToBusiness','While de empresa, year->2093, initial_month->1, endMonth->12, contador->82','2022-10-11 12:39:57',NULL),(15727,NULL,'assingPeriodsToBusiness','While de empresa, year->2094, initial_month->1, endMonth->12, contador->83','2022-10-11 12:39:57',NULL),(15728,NULL,'assingPeriodsToBusiness','While de empresa, year->2095, initial_month->1, endMonth->12, contador->84','2022-10-11 12:39:57',NULL),(15729,NULL,'assingPeriodsToBusiness','While de empresa, year->2096, initial_month->1, endMonth->12, contador->85','2022-10-11 12:39:57',NULL),(15730,NULL,'assingPeriodsToBusiness','While de empresa, year->2097, initial_month->1, endMonth->12, contador->86','2022-10-11 12:39:57',NULL),(15731,NULL,'assingPeriodsToBusiness','While de empresa, year->2098, initial_month->1, endMonth->12, contador->87','2022-10-11 12:39:57',NULL),(15732,NULL,'assingPeriodsToBusiness','While de empresa, year->2099, initial_month->1, endMonth->12, contador->88','2022-10-11 12:39:57',NULL),(15733,NULL,'assingPeriodsToBusiness','While de empresa, year->2100, initial_month->1, endMonth->12, contador->89','2022-10-11 12:39:57',NULL),(15734,NULL,'assingPeriodsToBusiness','While de empresa, year->2101, initial_month->1, endMonth->12, contador->90','2022-10-11 12:39:57',NULL),(15735,NULL,'assingPeriodsToBusiness','While de empresa, year->2102, initial_month->1, endMonth->12, contador->91','2022-10-11 12:39:57',NULL),(15736,NULL,'assingPeriodsToBusiness','While de empresa, year->2103, initial_month->1, endMonth->12, contador->92','2022-10-11 12:39:57',NULL),(15737,NULL,'assingPeriodsToBusiness','While de empresa, year->2104, initial_month->1, endMonth->12, contador->93','2022-10-11 12:39:57',NULL),(15738,NULL,'assingPeriodsToBusiness','While de empresa, year->2105, initial_month->1, endMonth->12, contador->94','2022-10-11 12:39:57',NULL),(15739,NULL,'assingPeriodsToBusiness','While de empresa, year->2106, initial_month->1, endMonth->12, contador->95','2022-10-11 12:39:57',NULL),(15740,NULL,'assingPeriodsToBusiness','While de empresa, year->2107, initial_month->1, endMonth->12, contador->96','2022-10-11 12:39:57',NULL),(15741,NULL,'assingPeriodsToBusiness','While de empresa, year->2108, initial_month->1, endMonth->12, contador->97','2022-10-11 12:39:57',NULL),(15742,NULL,'assingPeriodsToBusiness','While de empresa, year->2109, initial_month->1, endMonth->0, contador->98','2022-10-11 12:39:57',NULL),(15743,NULL,'assingPeriodsToBusiness','ejecutando funcion','2022-10-20 09:57:27',NULL),(15744,NULL,'assingPeriodsToBusiness','While de empresa, year->2020, initial_month->0, endMonth->12, contador->0','2022-10-20 09:57:27',NULL),(15745,NULL,'assingPeriodsToBusiness','While de empresa, year->2021, initial_month->1, endMonth->12, contador->1','2022-10-20 09:57:27',NULL),(15746,NULL,'assingPeriodsToBusiness','While de empresa, year->2022, initial_month->1, endMonth->12, contador->2','2022-10-20 09:57:27',NULL),(15747,NULL,'assingPeriodsToBusiness','While de empresa, year->2023, initial_month->1, endMonth->12, contador->3','2022-10-20 09:57:27',NULL),(15748,NULL,'assingPeriodsToBusiness','While de empresa, year->2024, initial_month->1, endMonth->12, contador->4','2022-10-20 09:57:27',NULL),(15749,NULL,'assingPeriodsToBusiness','While de empresa, year->2025, initial_month->1, endMonth->12, contador->5','2022-10-20 09:57:27',NULL),(15750,NULL,'assingPeriodsToBusiness','While de empresa, year->2026, initial_month->1, endMonth->12, contador->6','2022-10-20 09:57:27',NULL),(15751,NULL,'assingPeriodsToBusiness','While de empresa, year->2027, initial_month->1, endMonth->12, contador->7','2022-10-20 09:57:27',NULL),(15752,NULL,'assingPeriodsToBusiness','While de empresa, year->2028, initial_month->1, endMonth->12, contador->8','2022-10-20 09:57:27',NULL),(15753,NULL,'assingPeriodsToBusiness','While de empresa, year->2029, initial_month->1, endMonth->12, contador->9','2022-10-20 09:57:27',NULL);
INSERT INTO `log_debug` VALUES (15754,NULL,'assingPeriodsToBusiness','While de empresa, year->2030, initial_month->1, endMonth->12, contador->10','2022-10-20 09:57:27',NULL),(15755,NULL,'assingPeriodsToBusiness','While de empresa, year->2031, initial_month->1, endMonth->12, contador->11','2022-10-20 09:57:27',NULL),(15756,NULL,'assingPeriodsToBusiness','While de empresa, year->2032, initial_month->1, endMonth->12, contador->12','2022-10-20 09:57:27',NULL),(15757,NULL,'assingPeriodsToBusiness','While de empresa, year->2033, initial_month->1, endMonth->12, contador->13','2022-10-20 09:57:27',NULL),(15758,NULL,'assingPeriodsToBusiness','While de empresa, year->2034, initial_month->1, endMonth->12, contador->14','2022-10-20 09:57:27',NULL),(15759,NULL,'assingPeriodsToBusiness','While de empresa, year->2035, initial_month->1, endMonth->12, contador->15','2022-10-20 09:57:27',NULL),(15760,NULL,'assingPeriodsToBusiness','While de empresa, year->2036, initial_month->1, endMonth->12, contador->16','2022-10-20 09:57:27',NULL),(15761,NULL,'assingPeriodsToBusiness','While de empresa, year->2037, initial_month->1, endMonth->12, contador->17','2022-10-20 09:57:27',NULL),(15762,NULL,'assingPeriodsToBusiness','While de empresa, year->2038, initial_month->1, endMonth->12, contador->18','2022-10-20 09:57:27',NULL),(15763,NULL,'assingPeriodsToBusiness','While de empresa, year->2039, initial_month->1, endMonth->12, contador->19','2022-10-20 09:57:27',NULL),(15764,NULL,'assingPeriodsToBusiness','While de empresa, year->2040, initial_month->1, endMonth->12, contador->20','2022-10-20 09:57:27',NULL),(15765,NULL,'assingPeriodsToBusiness','While de empresa, year->2041, initial_month->1, endMonth->12, contador->21','2022-10-20 09:57:27',NULL),(15766,NULL,'assingPeriodsToBusiness','While de empresa, year->2042, initial_month->1, endMonth->12, contador->22','2022-10-20 09:57:27',NULL),(15767,NULL,'assingPeriodsToBusiness','While de empresa, year->2043, initial_month->1, endMonth->12, contador->23','2022-10-20 09:57:27',NULL),(15768,NULL,'assingPeriodsToBusiness','While de empresa, year->2044, initial_month->1, endMonth->12, contador->24','2022-10-20 09:57:27',NULL),(15769,NULL,'assingPeriodsToBusiness','While de empresa, year->2045, initial_month->1, endMonth->12, contador->25','2022-10-20 09:57:27',NULL),(15770,NULL,'assingPeriodsToBusiness','While de empresa, year->2046, initial_month->1, endMonth->12, contador->26','2022-10-20 09:57:27',NULL),(15771,NULL,'assingPeriodsToBusiness','While de empresa, year->2047, initial_month->1, endMonth->12, contador->27','2022-10-20 09:57:27',NULL),(15772,NULL,'assingPeriodsToBusiness','While de empresa, year->2048, initial_month->1, endMonth->12, contador->28','2022-10-20 09:57:27',NULL),(15773,NULL,'assingPeriodsToBusiness','While de empresa, year->2049, initial_month->1, endMonth->12, contador->29','2022-10-20 09:57:27',NULL),(15774,NULL,'assingPeriodsToBusiness','While de empresa, year->2050, initial_month->1, endMonth->12, contador->30','2022-10-20 09:57:27',NULL),(15775,NULL,'assingPeriodsToBusiness','While de empresa, year->2051, initial_month->1, endMonth->12, contador->31','2022-10-20 09:57:27',NULL),(15776,NULL,'assingPeriodsToBusiness','While de empresa, year->2052, initial_month->1, endMonth->12, contador->32','2022-10-20 09:57:27',NULL),(15777,NULL,'assingPeriodsToBusiness','While de empresa, year->2053, initial_month->1, endMonth->12, contador->33','2022-10-20 09:57:27',NULL),(15778,NULL,'assingPeriodsToBusiness','While de empresa, year->2054, initial_month->1, endMonth->12, contador->34','2022-10-20 09:57:27',NULL),(15779,NULL,'assingPeriodsToBusiness','While de empresa, year->2055, initial_month->1, endMonth->12, contador->35','2022-10-20 09:57:27',NULL),(15780,NULL,'assingPeriodsToBusiness','While de empresa, year->2056, initial_month->1, endMonth->12, contador->36','2022-10-20 09:57:27',NULL),(15781,NULL,'assingPeriodsToBusiness','While de empresa, year->2057, initial_month->1, endMonth->12, contador->37','2022-10-20 09:57:27',NULL);
INSERT INTO `log_debug` VALUES (15782,NULL,'assingPeriodsToBusiness','While de empresa, year->2058, initial_month->1, endMonth->12, contador->38','2022-10-20 09:57:27',NULL),(15783,NULL,'assingPeriodsToBusiness','While de empresa, year->2059, initial_month->1, endMonth->12, contador->39','2022-10-20 09:57:27',NULL),(15784,NULL,'assingPeriodsToBusiness','While de empresa, year->2060, initial_month->1, endMonth->12, contador->40','2022-10-20 09:57:27',NULL),(15785,NULL,'assingPeriodsToBusiness','While de empresa, year->2061, initial_month->1, endMonth->12, contador->41','2022-10-20 09:57:27',NULL),(15786,NULL,'assingPeriodsToBusiness','While de empresa, year->2062, initial_month->1, endMonth->12, contador->42','2022-10-20 09:57:27',NULL),(15787,NULL,'assingPeriodsToBusiness','While de empresa, year->2063, initial_month->1, endMonth->12, contador->43','2022-10-20 09:57:27',NULL),(15788,NULL,'assingPeriodsToBusiness','While de empresa, year->2064, initial_month->1, endMonth->12, contador->44','2022-10-20 09:57:27',NULL),(15789,NULL,'assingPeriodsToBusiness','While de empresa, year->2065, initial_month->1, endMonth->12, contador->45','2022-10-20 09:57:27',NULL),(15790,NULL,'assingPeriodsToBusiness','While de empresa, year->2066, initial_month->1, endMonth->12, contador->46','2022-10-20 09:57:27',NULL),(15791,NULL,'assingPeriodsToBusiness','While de empresa, year->2067, initial_month->1, endMonth->12, contador->47','2022-10-20 09:57:27',NULL),(15792,NULL,'assingPeriodsToBusiness','While de empresa, year->2068, initial_month->1, endMonth->12, contador->48','2022-10-20 09:57:27',NULL),(15793,NULL,'assingPeriodsToBusiness','While de empresa, year->2069, initial_month->1, endMonth->12, contador->49','2022-10-20 09:57:27',NULL),(15794,NULL,'assingPeriodsToBusiness','While de empresa, year->2070, initial_month->1, endMonth->12, contador->50','2022-10-20 09:57:27',NULL),(15795,NULL,'assingPeriodsToBusiness','While de empresa, year->2071, initial_month->1, endMonth->12, contador->51','2022-10-20 09:57:27',NULL),(15796,NULL,'assingPeriodsToBusiness','While de empresa, year->2072, initial_month->1, endMonth->12, contador->52','2022-10-20 09:57:27',NULL),(15797,NULL,'assingPeriodsToBusiness','While de empresa, year->2073, initial_month->1, endMonth->12, contador->53','2022-10-20 09:57:27',NULL),(15798,NULL,'assingPeriodsToBusiness','While de empresa, year->2074, initial_month->1, endMonth->12, contador->54','2022-10-20 09:57:27',NULL),(15799,NULL,'assingPeriodsToBusiness','While de empresa, year->2075, initial_month->1, endMonth->12, contador->55','2022-10-20 09:57:27',NULL),(15800,NULL,'assingPeriodsToBusiness','While de empresa, year->2076, initial_month->1, endMonth->12, contador->56','2022-10-20 09:57:27',NULL),(15801,NULL,'assingPeriodsToBusiness','While de empresa, year->2077, initial_month->1, endMonth->12, contador->57','2022-10-20 09:57:27',NULL),(15802,NULL,'assingPeriodsToBusiness','While de empresa, year->2078, initial_month->1, endMonth->12, contador->58','2022-10-20 09:57:27',NULL),(15803,NULL,'assingPeriodsToBusiness','While de empresa, year->2079, initial_month->1, endMonth->12, contador->59','2022-10-20 09:57:27',NULL),(15804,NULL,'assingPeriodsToBusiness','While de empresa, year->2080, initial_month->1, endMonth->12, contador->60','2022-10-20 09:57:27',NULL),(15805,NULL,'assingPeriodsToBusiness','While de empresa, year->2081, initial_month->1, endMonth->12, contador->61','2022-10-20 09:57:27',NULL),(15806,NULL,'assingPeriodsToBusiness','While de empresa, year->2082, initial_month->1, endMonth->12, contador->62','2022-10-20 09:57:27',NULL),(15807,NULL,'assingPeriodsToBusiness','While de empresa, year->2083, initial_month->1, endMonth->12, contador->63','2022-10-20 09:57:27',NULL),(15808,NULL,'assingPeriodsToBusiness','While de empresa, year->2084, initial_month->1, endMonth->12, contador->64','2022-10-20 09:57:27',NULL),(15809,NULL,'assingPeriodsToBusiness','While de empresa, year->2085, initial_month->1, endMonth->12, contador->65','2022-10-20 09:57:27',NULL);
INSERT INTO `log_debug` VALUES (15810,NULL,'assingPeriodsToBusiness','While de empresa, year->2086, initial_month->1, endMonth->12, contador->66','2022-10-20 09:57:27',NULL),(15811,NULL,'assingPeriodsToBusiness','While de empresa, year->2087, initial_month->1, endMonth->12, contador->67','2022-10-20 09:57:27',NULL),(15812,NULL,'assingPeriodsToBusiness','While de empresa, year->2088, initial_month->1, endMonth->12, contador->68','2022-10-20 09:57:27',NULL),(15813,NULL,'assingPeriodsToBusiness','While de empresa, year->2089, initial_month->1, endMonth->12, contador->69','2022-10-20 09:57:27',NULL),(15814,NULL,'assingPeriodsToBusiness','While de empresa, year->2090, initial_month->1, endMonth->12, contador->70','2022-10-20 09:57:27',NULL),(15815,NULL,'assingPeriodsToBusiness','While de empresa, year->2091, initial_month->1, endMonth->12, contador->71','2022-10-20 09:57:27',NULL),(15816,NULL,'assingPeriodsToBusiness','While de empresa, year->2092, initial_month->1, endMonth->12, contador->72','2022-10-20 09:57:27',NULL),(15817,NULL,'assingPeriodsToBusiness','While de empresa, year->2093, initial_month->1, endMonth->12, contador->73','2022-10-20 09:57:27',NULL),(15818,NULL,'assingPeriodsToBusiness','While de empresa, year->2094, initial_month->1, endMonth->12, contador->74','2022-10-20 09:57:27',NULL),(15819,NULL,'assingPeriodsToBusiness','While de empresa, year->2095, initial_month->1, endMonth->12, contador->75','2022-10-20 09:57:27',NULL),(15820,NULL,'assingPeriodsToBusiness','While de empresa, year->2096, initial_month->1, endMonth->12, contador->76','2022-10-20 09:57:27',NULL),(15821,NULL,'assingPeriodsToBusiness','While de empresa, year->2097, initial_month->1, endMonth->12, contador->77','2022-10-20 09:57:27',NULL),(15822,NULL,'assingPeriodsToBusiness','While de empresa, year->2098, initial_month->1, endMonth->12, contador->78','2022-10-20 09:57:27',NULL),(15823,NULL,'assingPeriodsToBusiness','While de empresa, year->2099, initial_month->1, endMonth->12, contador->79','2022-10-20 09:57:27',NULL),(15824,NULL,'assingPeriodsToBusiness','While de empresa, year->2100, initial_month->1, endMonth->12, contador->80','2022-10-20 09:57:27',NULL),(15825,NULL,'assingPeriodsToBusiness','While de empresa, year->2101, initial_month->1, endMonth->12, contador->81','2022-10-20 09:57:27',NULL),(15826,NULL,'assingPeriodsToBusiness','While de empresa, year->2102, initial_month->1, endMonth->12, contador->82','2022-10-20 09:57:27',NULL),(15827,NULL,'assingPeriodsToBusiness','While de empresa, year->2103, initial_month->1, endMonth->12, contador->83','2022-10-20 09:57:27',NULL),(15828,NULL,'assingPeriodsToBusiness','While de empresa, year->2104, initial_month->1, endMonth->12, contador->84','2022-10-20 09:57:27',NULL),(15829,NULL,'assingPeriodsToBusiness','While de empresa, year->2105, initial_month->1, endMonth->12, contador->85','2022-10-20 09:57:27',NULL),(15830,NULL,'assingPeriodsToBusiness','While de empresa, year->2106, initial_month->1, endMonth->12, contador->86','2022-10-20 09:57:27',NULL),(15831,NULL,'assingPeriodsToBusiness','While de empresa, year->2107, initial_month->1, endMonth->12, contador->87','2022-10-20 09:57:27',NULL),(15832,NULL,'assingPeriodsToBusiness','While de empresa, year->2108, initial_month->1, endMonth->12, contador->88','2022-10-20 09:57:27',NULL),(15833,NULL,'assingPeriodsToBusiness','While de empresa, year->2109, initial_month->1, endMonth->0, contador->89','2022-10-20 09:57:27',NULL),(15834,NULL,'assingPeriodsToBusiness','ejecutando funcion','2022-10-25 09:21:28',NULL),(15835,NULL,'assingPeriodsToBusiness','While de empresa, year->2011, initial_month->0, endMonth->12, contador->0','2022-10-25 09:21:28',NULL),(15836,NULL,'assingPeriodsToBusiness','While de empresa, year->2012, initial_month->1, endMonth->12, contador->1','2022-10-25 09:21:28',NULL),(15837,NULL,'assingPeriodsToBusiness','While de empresa, year->2013, initial_month->1, endMonth->12, contador->2','2022-10-25 09:21:28',NULL);
INSERT INTO `log_debug` VALUES (15838,NULL,'assingPeriodsToBusiness','While de empresa, year->2014, initial_month->1, endMonth->12, contador->3','2022-10-25 09:21:28',NULL),(15839,NULL,'assingPeriodsToBusiness','While de empresa, year->2015, initial_month->1, endMonth->12, contador->4','2022-10-25 09:21:28',NULL),(15840,NULL,'assingPeriodsToBusiness','While de empresa, year->2016, initial_month->1, endMonth->12, contador->5','2022-10-25 09:21:28',NULL),(15841,NULL,'assingPeriodsToBusiness','While de empresa, year->2017, initial_month->1, endMonth->12, contador->6','2022-10-25 09:21:28',NULL),(15842,NULL,'assingPeriodsToBusiness','While de empresa, year->2018, initial_month->1, endMonth->12, contador->7','2022-10-25 09:21:28',NULL),(15843,NULL,'assingPeriodsToBusiness','While de empresa, year->2019, initial_month->1, endMonth->12, contador->8','2022-10-25 09:21:28',NULL),(15844,NULL,'assingPeriodsToBusiness','While de empresa, year->2020, initial_month->1, endMonth->12, contador->9','2022-10-25 09:21:28',NULL),(15845,NULL,'assingPeriodsToBusiness','While de empresa, year->2021, initial_month->1, endMonth->12, contador->10','2022-10-25 09:21:28',NULL),(15846,NULL,'assingPeriodsToBusiness','While de empresa, year->2022, initial_month->1, endMonth->12, contador->11','2022-10-25 09:21:28',NULL),(15847,NULL,'assingPeriodsToBusiness','While de empresa, year->2023, initial_month->1, endMonth->12, contador->12','2022-10-25 09:21:28',NULL),(15848,NULL,'assingPeriodsToBusiness','While de empresa, year->2024, initial_month->1, endMonth->12, contador->13','2022-10-25 09:21:28',NULL),(15849,NULL,'assingPeriodsToBusiness','While de empresa, year->2025, initial_month->1, endMonth->12, contador->14','2022-10-25 09:21:28',NULL),(15850,NULL,'assingPeriodsToBusiness','While de empresa, year->2026, initial_month->1, endMonth->12, contador->15','2022-10-25 09:21:28',NULL),(15851,NULL,'assingPeriodsToBusiness','While de empresa, year->2027, initial_month->1, endMonth->12, contador->16','2022-10-25 09:21:28',NULL),(15852,NULL,'assingPeriodsToBusiness','While de empresa, year->2028, initial_month->1, endMonth->12, contador->17','2022-10-25 09:21:28',NULL),(15853,NULL,'assingPeriodsToBusiness','While de empresa, year->2029, initial_month->1, endMonth->12, contador->18','2022-10-25 09:21:28',NULL),(15854,NULL,'assingPeriodsToBusiness','While de empresa, year->2030, initial_month->1, endMonth->12, contador->19','2022-10-25 09:21:28',NULL),(15855,NULL,'assingPeriodsToBusiness','While de empresa, year->2031, initial_month->1, endMonth->12, contador->20','2022-10-25 09:21:28',NULL),(15856,NULL,'assingPeriodsToBusiness','While de empresa, year->2032, initial_month->1, endMonth->12, contador->21','2022-10-25 09:21:28',NULL),(15857,NULL,'assingPeriodsToBusiness','While de empresa, year->2033, initial_month->1, endMonth->12, contador->22','2022-10-25 09:21:28',NULL),(15858,NULL,'assingPeriodsToBusiness','While de empresa, year->2034, initial_month->1, endMonth->12, contador->23','2022-10-25 09:21:28',NULL),(15859,NULL,'assingPeriodsToBusiness','While de empresa, year->2035, initial_month->1, endMonth->12, contador->24','2022-10-25 09:21:28',NULL),(15860,NULL,'assingPeriodsToBusiness','While de empresa, year->2036, initial_month->1, endMonth->12, contador->25','2022-10-25 09:21:28',NULL),(15861,NULL,'assingPeriodsToBusiness','While de empresa, year->2037, initial_month->1, endMonth->12, contador->26','2022-10-25 09:21:28',NULL),(15862,NULL,'assingPeriodsToBusiness','While de empresa, year->2038, initial_month->1, endMonth->12, contador->27','2022-10-25 09:21:28',NULL),(15863,NULL,'assingPeriodsToBusiness','While de empresa, year->2039, initial_month->1, endMonth->12, contador->28','2022-10-25 09:21:28',NULL),(15864,NULL,'assingPeriodsToBusiness','While de empresa, year->2040, initial_month->1, endMonth->12, contador->29','2022-10-25 09:21:28',NULL),(15865,NULL,'assingPeriodsToBusiness','While de empresa, year->2041, initial_month->1, endMonth->12, contador->30','2022-10-25 09:21:28',NULL);
INSERT INTO `log_debug` VALUES (15866,NULL,'assingPeriodsToBusiness','While de empresa, year->2042, initial_month->1, endMonth->12, contador->31','2022-10-25 09:21:28',NULL),(15867,NULL,'assingPeriodsToBusiness','While de empresa, year->2043, initial_month->1, endMonth->12, contador->32','2022-10-25 09:21:28',NULL),(15868,NULL,'assingPeriodsToBusiness','While de empresa, year->2044, initial_month->1, endMonth->12, contador->33','2022-10-25 09:21:28',NULL),(15869,NULL,'assingPeriodsToBusiness','While de empresa, year->2045, initial_month->1, endMonth->12, contador->34','2022-10-25 09:21:28',NULL),(15870,NULL,'assingPeriodsToBusiness','While de empresa, year->2046, initial_month->1, endMonth->12, contador->35','2022-10-25 09:21:28',NULL),(15871,NULL,'assingPeriodsToBusiness','While de empresa, year->2047, initial_month->1, endMonth->12, contador->36','2022-10-25 09:21:28',NULL),(15872,NULL,'assingPeriodsToBusiness','While de empresa, year->2048, initial_month->1, endMonth->12, contador->37','2022-10-25 09:21:28',NULL),(15873,NULL,'assingPeriodsToBusiness','While de empresa, year->2049, initial_month->1, endMonth->12, contador->38','2022-10-25 09:21:28',NULL),(15874,NULL,'assingPeriodsToBusiness','While de empresa, year->2050, initial_month->1, endMonth->12, contador->39','2022-10-25 09:21:28',NULL),(15875,NULL,'assingPeriodsToBusiness','While de empresa, year->2051, initial_month->1, endMonth->12, contador->40','2022-10-25 09:21:28',NULL),(15876,NULL,'assingPeriodsToBusiness','While de empresa, year->2052, initial_month->1, endMonth->12, contador->41','2022-10-25 09:21:28',NULL),(15877,NULL,'assingPeriodsToBusiness','While de empresa, year->2053, initial_month->1, endMonth->12, contador->42','2022-10-25 09:21:28',NULL),(15878,NULL,'assingPeriodsToBusiness','While de empresa, year->2054, initial_month->1, endMonth->12, contador->43','2022-10-25 09:21:28',NULL),(15879,NULL,'assingPeriodsToBusiness','While de empresa, year->2055, initial_month->1, endMonth->12, contador->44','2022-10-25 09:21:28',NULL),(15880,NULL,'assingPeriodsToBusiness','While de empresa, year->2056, initial_month->1, endMonth->12, contador->45','2022-10-25 09:21:28',NULL),(15881,NULL,'assingPeriodsToBusiness','While de empresa, year->2057, initial_month->1, endMonth->12, contador->46','2022-10-25 09:21:28',NULL),(15882,NULL,'assingPeriodsToBusiness','While de empresa, year->2058, initial_month->1, endMonth->12, contador->47','2022-10-25 09:21:28',NULL),(15883,NULL,'assingPeriodsToBusiness','While de empresa, year->2059, initial_month->1, endMonth->12, contador->48','2022-10-25 09:21:28',NULL),(15884,NULL,'assingPeriodsToBusiness','While de empresa, year->2060, initial_month->1, endMonth->12, contador->49','2022-10-25 09:21:28',NULL),(15885,NULL,'assingPeriodsToBusiness','While de empresa, year->2061, initial_month->1, endMonth->12, contador->50','2022-10-25 09:21:28',NULL),(15886,NULL,'assingPeriodsToBusiness','While de empresa, year->2062, initial_month->1, endMonth->12, contador->51','2022-10-25 09:21:28',NULL),(15887,NULL,'assingPeriodsToBusiness','While de empresa, year->2063, initial_month->1, endMonth->12, contador->52','2022-10-25 09:21:28',NULL),(15888,NULL,'assingPeriodsToBusiness','While de empresa, year->2064, initial_month->1, endMonth->12, contador->53','2022-10-25 09:21:28',NULL),(15889,NULL,'assingPeriodsToBusiness','While de empresa, year->2065, initial_month->1, endMonth->12, contador->54','2022-10-25 09:21:28',NULL),(15890,NULL,'assingPeriodsToBusiness','While de empresa, year->2066, initial_month->1, endMonth->12, contador->55','2022-10-25 09:21:28',NULL),(15891,NULL,'assingPeriodsToBusiness','While de empresa, year->2067, initial_month->1, endMonth->12, contador->56','2022-10-25 09:21:28',NULL),(15892,NULL,'assingPeriodsToBusiness','While de empresa, year->2068, initial_month->1, endMonth->12, contador->57','2022-10-25 09:21:28',NULL),(15893,NULL,'assingPeriodsToBusiness','While de empresa, year->2069, initial_month->1, endMonth->12, contador->58','2022-10-25 09:21:28',NULL);
INSERT INTO `log_debug` VALUES (15894,NULL,'assingPeriodsToBusiness','While de empresa, year->2070, initial_month->1, endMonth->12, contador->59','2022-10-25 09:21:28',NULL),(15895,NULL,'assingPeriodsToBusiness','While de empresa, year->2071, initial_month->1, endMonth->12, contador->60','2022-10-25 09:21:29',NULL),(15896,NULL,'assingPeriodsToBusiness','While de empresa, year->2072, initial_month->1, endMonth->12, contador->61','2022-10-25 09:21:29',NULL),(15897,NULL,'assingPeriodsToBusiness','While de empresa, year->2073, initial_month->1, endMonth->12, contador->62','2022-10-25 09:21:29',NULL),(15898,NULL,'assingPeriodsToBusiness','While de empresa, year->2074, initial_month->1, endMonth->12, contador->63','2022-10-25 09:21:29',NULL),(15899,NULL,'assingPeriodsToBusiness','While de empresa, year->2075, initial_month->1, endMonth->12, contador->64','2022-10-25 09:21:29',NULL),(15900,NULL,'assingPeriodsToBusiness','While de empresa, year->2076, initial_month->1, endMonth->12, contador->65','2022-10-25 09:21:29',NULL),(15901,NULL,'assingPeriodsToBusiness','While de empresa, year->2077, initial_month->1, endMonth->12, contador->66','2022-10-25 09:21:29',NULL),(15902,NULL,'assingPeriodsToBusiness','While de empresa, year->2078, initial_month->1, endMonth->12, contador->67','2022-10-25 09:21:29',NULL),(15903,NULL,'assingPeriodsToBusiness','While de empresa, year->2079, initial_month->1, endMonth->12, contador->68','2022-10-25 09:21:29',NULL),(15904,NULL,'assingPeriodsToBusiness','While de empresa, year->2080, initial_month->1, endMonth->12, contador->69','2022-10-25 09:21:29',NULL),(15905,NULL,'assingPeriodsToBusiness','While de empresa, year->2081, initial_month->1, endMonth->12, contador->70','2022-10-25 09:21:29',NULL),(15906,NULL,'assingPeriodsToBusiness','While de empresa, year->2082, initial_month->1, endMonth->12, contador->71','2022-10-25 09:21:29',NULL),(15907,NULL,'assingPeriodsToBusiness','While de empresa, year->2083, initial_month->1, endMonth->12, contador->72','2022-10-25 09:21:29',NULL),(15908,NULL,'assingPeriodsToBusiness','While de empresa, year->2084, initial_month->1, endMonth->12, contador->73','2022-10-25 09:21:29',NULL),(15909,NULL,'assingPeriodsToBusiness','While de empresa, year->2085, initial_month->1, endMonth->12, contador->74','2022-10-25 09:21:29',NULL),(15910,NULL,'assingPeriodsToBusiness','While de empresa, year->2086, initial_month->1, endMonth->12, contador->75','2022-10-25 09:21:29',NULL),(15911,NULL,'assingPeriodsToBusiness','While de empresa, year->2087, initial_month->1, endMonth->12, contador->76','2022-10-25 09:21:29',NULL),(15912,NULL,'assingPeriodsToBusiness','While de empresa, year->2088, initial_month->1, endMonth->12, contador->77','2022-10-25 09:21:29',NULL),(15913,NULL,'assingPeriodsToBusiness','While de empresa, year->2089, initial_month->1, endMonth->12, contador->78','2022-10-25 09:21:29',NULL),(15914,NULL,'assingPeriodsToBusiness','While de empresa, year->2090, initial_month->1, endMonth->12, contador->79','2022-10-25 09:21:29',NULL),(15915,NULL,'assingPeriodsToBusiness','While de empresa, year->2091, initial_month->1, endMonth->12, contador->80','2022-10-25 09:21:29',NULL),(15916,NULL,'assingPeriodsToBusiness','While de empresa, year->2092, initial_month->1, endMonth->12, contador->81','2022-10-25 09:21:29',NULL),(15917,NULL,'assingPeriodsToBusiness','While de empresa, year->2093, initial_month->1, endMonth->12, contador->82','2022-10-25 09:21:29',NULL),(15918,NULL,'assingPeriodsToBusiness','While de empresa, year->2094, initial_month->1, endMonth->12, contador->83','2022-10-25 09:21:29',NULL),(15919,NULL,'assingPeriodsToBusiness','While de empresa, year->2095, initial_month->1, endMonth->12, contador->84','2022-10-25 09:21:29',NULL),(15920,NULL,'assingPeriodsToBusiness','While de empresa, year->2096, initial_month->1, endMonth->12, contador->85','2022-10-25 09:21:29',NULL),(15921,NULL,'assingPeriodsToBusiness','While de empresa, year->2097, initial_month->1, endMonth->12, contador->86','2022-10-25 09:21:29',NULL);
INSERT INTO `log_debug` VALUES (15922,NULL,'assingPeriodsToBusiness','While de empresa, year->2098, initial_month->1, endMonth->12, contador->87','2022-10-25 09:21:29',NULL),(15923,NULL,'assingPeriodsToBusiness','While de empresa, year->2099, initial_month->1, endMonth->12, contador->88','2022-10-25 09:21:29',NULL),(15924,NULL,'assingPeriodsToBusiness','While de empresa, year->2100, initial_month->1, endMonth->12, contador->89','2022-10-25 09:21:29',NULL),(15925,NULL,'assingPeriodsToBusiness','While de empresa, year->2101, initial_month->1, endMonth->12, contador->90','2022-10-25 09:21:29',NULL),(15926,NULL,'assingPeriodsToBusiness','While de empresa, year->2102, initial_month->1, endMonth->12, contador->91','2022-10-25 09:21:29',NULL),(15927,NULL,'assingPeriodsToBusiness','While de empresa, year->2103, initial_month->1, endMonth->12, contador->92','2022-10-25 09:21:29',NULL),(15928,NULL,'assingPeriodsToBusiness','While de empresa, year->2104, initial_month->1, endMonth->12, contador->93','2022-10-25 09:21:29',NULL),(15929,NULL,'assingPeriodsToBusiness','While de empresa, year->2105, initial_month->1, endMonth->12, contador->94','2022-10-25 09:21:29',NULL),(15930,NULL,'assingPeriodsToBusiness','While de empresa, year->2106, initial_month->1, endMonth->12, contador->95','2022-10-25 09:21:29',NULL),(15931,NULL,'assingPeriodsToBusiness','While de empresa, year->2107, initial_month->1, endMonth->12, contador->96','2022-10-25 09:21:29',NULL),(15932,NULL,'assingPeriodsToBusiness','While de empresa, year->2108, initial_month->1, endMonth->12, contador->97','2022-10-25 09:21:29',NULL),(15933,NULL,'assingPeriodsToBusiness','While de empresa, year->2109, initial_month->1, endMonth->0, contador->98','2022-10-25 09:21:29',NULL),(15934,NULL,'assingPeriodsToBusiness','ejecutando funcion','2022-10-25 22:26:37',NULL),(15935,NULL,'assingPeriodsToBusiness','While de empresa, year->2012, initial_month->0, endMonth->12, contador->0','2022-10-25 22:26:37',NULL),(15936,NULL,'assingPeriodsToBusiness','While de empresa, year->2013, initial_month->1, endMonth->12, contador->1','2022-10-25 22:26:37',NULL),(15937,NULL,'assingPeriodsToBusiness','While de empresa, year->2014, initial_month->1, endMonth->12, contador->2','2022-10-25 22:26:37',NULL),(15938,NULL,'assingPeriodsToBusiness','While de empresa, year->2015, initial_month->1, endMonth->12, contador->3','2022-10-25 22:26:37',NULL),(15939,NULL,'assingPeriodsToBusiness','While de empresa, year->2016, initial_month->1, endMonth->12, contador->4','2022-10-25 22:26:37',NULL),(15940,NULL,'assingPeriodsToBusiness','While de empresa, year->2017, initial_month->1, endMonth->12, contador->5','2022-10-25 22:26:37',NULL),(15941,NULL,'assingPeriodsToBusiness','While de empresa, year->2018, initial_month->1, endMonth->12, contador->6','2022-10-25 22:26:37',NULL),(15942,NULL,'assingPeriodsToBusiness','While de empresa, year->2019, initial_month->1, endMonth->12, contador->7','2022-10-25 22:26:37',NULL),(15943,NULL,'assingPeriodsToBusiness','While de empresa, year->2020, initial_month->1, endMonth->12, contador->8','2022-10-25 22:26:37',NULL),(15944,NULL,'assingPeriodsToBusiness','While de empresa, year->2021, initial_month->1, endMonth->12, contador->9','2022-10-25 22:26:37',NULL),(15945,NULL,'assingPeriodsToBusiness','While de empresa, year->2022, initial_month->1, endMonth->12, contador->10','2022-10-25 22:26:37',NULL),(15946,NULL,'assingPeriodsToBusiness','While de empresa, year->2023, initial_month->1, endMonth->12, contador->11','2022-10-25 22:26:37',NULL),(15947,NULL,'assingPeriodsToBusiness','While de empresa, year->2024, initial_month->1, endMonth->12, contador->12','2022-10-25 22:26:37',NULL),(15948,NULL,'assingPeriodsToBusiness','While de empresa, year->2025, initial_month->1, endMonth->12, contador->13','2022-10-25 22:26:37',NULL),(15949,NULL,'assingPeriodsToBusiness','While de empresa, year->2026, initial_month->1, endMonth->12, contador->14','2022-10-25 22:26:37',NULL);
INSERT INTO `log_debug` VALUES (15950,NULL,'assingPeriodsToBusiness','While de empresa, year->2027, initial_month->1, endMonth->12, contador->15','2022-10-25 22:26:37',NULL),(15951,NULL,'assingPeriodsToBusiness','While de empresa, year->2028, initial_month->1, endMonth->12, contador->16','2022-10-25 22:26:37',NULL),(15952,NULL,'assingPeriodsToBusiness','While de empresa, year->2029, initial_month->1, endMonth->12, contador->17','2022-10-25 22:26:37',NULL),(15953,NULL,'assingPeriodsToBusiness','While de empresa, year->2030, initial_month->1, endMonth->12, contador->18','2022-10-25 22:26:37',NULL),(15954,NULL,'assingPeriodsToBusiness','While de empresa, year->2031, initial_month->1, endMonth->12, contador->19','2022-10-25 22:26:37',NULL),(15955,NULL,'assingPeriodsToBusiness','While de empresa, year->2032, initial_month->1, endMonth->12, contador->20','2022-10-25 22:26:37',NULL),(15956,NULL,'assingPeriodsToBusiness','While de empresa, year->2033, initial_month->1, endMonth->12, contador->21','2022-10-25 22:26:37',NULL),(15957,NULL,'assingPeriodsToBusiness','While de empresa, year->2034, initial_month->1, endMonth->12, contador->22','2022-10-25 22:26:37',NULL),(15958,NULL,'assingPeriodsToBusiness','While de empresa, year->2035, initial_month->1, endMonth->12, contador->23','2022-10-25 22:26:37',NULL),(15959,NULL,'assingPeriodsToBusiness','While de empresa, year->2036, initial_month->1, endMonth->12, contador->24','2022-10-25 22:26:37',NULL),(15960,NULL,'assingPeriodsToBusiness','While de empresa, year->2037, initial_month->1, endMonth->12, contador->25','2022-10-25 22:26:37',NULL),(15961,NULL,'assingPeriodsToBusiness','While de empresa, year->2038, initial_month->1, endMonth->12, contador->26','2022-10-25 22:26:37',NULL),(15962,NULL,'assingPeriodsToBusiness','While de empresa, year->2039, initial_month->1, endMonth->12, contador->27','2022-10-25 22:26:37',NULL),(15963,NULL,'assingPeriodsToBusiness','While de empresa, year->2040, initial_month->1, endMonth->12, contador->28','2022-10-25 22:26:37',NULL),(15964,NULL,'assingPeriodsToBusiness','While de empresa, year->2041, initial_month->1, endMonth->12, contador->29','2022-10-25 22:26:37',NULL),(15965,NULL,'assingPeriodsToBusiness','While de empresa, year->2042, initial_month->1, endMonth->12, contador->30','2022-10-25 22:26:37',NULL),(15966,NULL,'assingPeriodsToBusiness','While de empresa, year->2043, initial_month->1, endMonth->12, contador->31','2022-10-25 22:26:37',NULL),(15967,NULL,'assingPeriodsToBusiness','While de empresa, year->2044, initial_month->1, endMonth->12, contador->32','2022-10-25 22:26:37',NULL),(15968,NULL,'assingPeriodsToBusiness','While de empresa, year->2045, initial_month->1, endMonth->12, contador->33','2022-10-25 22:26:37',NULL),(15969,NULL,'assingPeriodsToBusiness','While de empresa, year->2046, initial_month->1, endMonth->12, contador->34','2022-10-25 22:26:37',NULL),(15970,NULL,'assingPeriodsToBusiness','While de empresa, year->2047, initial_month->1, endMonth->12, contador->35','2022-10-25 22:26:37',NULL),(15971,NULL,'assingPeriodsToBusiness','While de empresa, year->2048, initial_month->1, endMonth->12, contador->36','2022-10-25 22:26:37',NULL),(15972,NULL,'assingPeriodsToBusiness','While de empresa, year->2049, initial_month->1, endMonth->12, contador->37','2022-10-25 22:26:37',NULL),(15973,NULL,'assingPeriodsToBusiness','While de empresa, year->2050, initial_month->1, endMonth->12, contador->38','2022-10-25 22:26:37',NULL),(15974,NULL,'assingPeriodsToBusiness','While de empresa, year->2051, initial_month->1, endMonth->12, contador->39','2022-10-25 22:26:37',NULL),(15975,NULL,'assingPeriodsToBusiness','While de empresa, year->2052, initial_month->1, endMonth->12, contador->40','2022-10-25 22:26:37',NULL),(15976,NULL,'assingPeriodsToBusiness','While de empresa, year->2053, initial_month->1, endMonth->12, contador->41','2022-10-25 22:26:37',NULL),(15977,NULL,'assingPeriodsToBusiness','While de empresa, year->2054, initial_month->1, endMonth->12, contador->42','2022-10-25 22:26:37',NULL);
INSERT INTO `log_debug` VALUES (15978,NULL,'assingPeriodsToBusiness','While de empresa, year->2055, initial_month->1, endMonth->12, contador->43','2022-10-25 22:26:37',NULL),(15979,NULL,'assingPeriodsToBusiness','While de empresa, year->2056, initial_month->1, endMonth->12, contador->44','2022-10-25 22:26:37',NULL),(15980,NULL,'assingPeriodsToBusiness','While de empresa, year->2057, initial_month->1, endMonth->12, contador->45','2022-10-25 22:26:37',NULL),(15981,NULL,'assingPeriodsToBusiness','While de empresa, year->2058, initial_month->1, endMonth->12, contador->46','2022-10-25 22:26:37',NULL),(15982,NULL,'assingPeriodsToBusiness','While de empresa, year->2059, initial_month->1, endMonth->12, contador->47','2022-10-25 22:26:37',NULL),(15983,NULL,'assingPeriodsToBusiness','While de empresa, year->2060, initial_month->1, endMonth->12, contador->48','2022-10-25 22:26:37',NULL),(15984,NULL,'assingPeriodsToBusiness','While de empresa, year->2061, initial_month->1, endMonth->12, contador->49','2022-10-25 22:26:37',NULL),(15985,NULL,'assingPeriodsToBusiness','While de empresa, year->2062, initial_month->1, endMonth->12, contador->50','2022-10-25 22:26:37',NULL),(15986,NULL,'assingPeriodsToBusiness','While de empresa, year->2063, initial_month->1, endMonth->12, contador->51','2022-10-25 22:26:37',NULL),(15987,NULL,'assingPeriodsToBusiness','While de empresa, year->2064, initial_month->1, endMonth->12, contador->52','2022-10-25 22:26:37',NULL),(15988,NULL,'assingPeriodsToBusiness','While de empresa, year->2065, initial_month->1, endMonth->12, contador->53','2022-10-25 22:26:37',NULL),(15989,NULL,'assingPeriodsToBusiness','While de empresa, year->2066, initial_month->1, endMonth->12, contador->54','2022-10-25 22:26:37',NULL),(15990,NULL,'assingPeriodsToBusiness','While de empresa, year->2067, initial_month->1, endMonth->12, contador->55','2022-10-25 22:26:37',NULL),(15991,NULL,'assingPeriodsToBusiness','While de empresa, year->2068, initial_month->1, endMonth->12, contador->56','2022-10-25 22:26:37',NULL),(15992,NULL,'assingPeriodsToBusiness','While de empresa, year->2069, initial_month->1, endMonth->12, contador->57','2022-10-25 22:26:37',NULL),(15993,NULL,'assingPeriodsToBusiness','While de empresa, year->2070, initial_month->1, endMonth->12, contador->58','2022-10-25 22:26:37',NULL),(15994,NULL,'assingPeriodsToBusiness','While de empresa, year->2071, initial_month->1, endMonth->12, contador->59','2022-10-25 22:26:37',NULL),(15995,NULL,'assingPeriodsToBusiness','While de empresa, year->2072, initial_month->1, endMonth->12, contador->60','2022-10-25 22:26:37',NULL),(15996,NULL,'assingPeriodsToBusiness','While de empresa, year->2073, initial_month->1, endMonth->12, contador->61','2022-10-25 22:26:37',NULL),(15997,NULL,'assingPeriodsToBusiness','While de empresa, year->2074, initial_month->1, endMonth->12, contador->62','2022-10-25 22:26:37',NULL),(15998,NULL,'assingPeriodsToBusiness','While de empresa, year->2075, initial_month->1, endMonth->12, contador->63','2022-10-25 22:26:37',NULL),(15999,NULL,'assingPeriodsToBusiness','While de empresa, year->2076, initial_month->1, endMonth->12, contador->64','2022-10-25 22:26:37',NULL),(16000,NULL,'assingPeriodsToBusiness','While de empresa, year->2077, initial_month->1, endMonth->12, contador->65','2022-10-25 22:26:37',NULL),(16001,NULL,'assingPeriodsToBusiness','While de empresa, year->2078, initial_month->1, endMonth->12, contador->66','2022-10-25 22:26:37',NULL),(16002,NULL,'assingPeriodsToBusiness','While de empresa, year->2079, initial_month->1, endMonth->12, contador->67','2022-10-25 22:26:37',NULL),(16003,NULL,'assingPeriodsToBusiness','While de empresa, year->2080, initial_month->1, endMonth->12, contador->68','2022-10-25 22:26:37',NULL),(16004,NULL,'assingPeriodsToBusiness','While de empresa, year->2081, initial_month->1, endMonth->12, contador->69','2022-10-25 22:26:37',NULL),(16005,NULL,'assingPeriodsToBusiness','While de empresa, year->2082, initial_month->1, endMonth->12, contador->70','2022-10-25 22:26:37',NULL);
INSERT INTO `log_debug` VALUES (16006,NULL,'assingPeriodsToBusiness','While de empresa, year->2083, initial_month->1, endMonth->12, contador->71','2022-10-25 22:26:37',NULL),(16007,NULL,'assingPeriodsToBusiness','While de empresa, year->2084, initial_month->1, endMonth->12, contador->72','2022-10-25 22:26:37',NULL),(16008,NULL,'assingPeriodsToBusiness','While de empresa, year->2085, initial_month->1, endMonth->12, contador->73','2022-10-25 22:26:37',NULL),(16009,NULL,'assingPeriodsToBusiness','While de empresa, year->2086, initial_month->1, endMonth->12, contador->74','2022-10-25 22:26:37',NULL),(16010,NULL,'assingPeriodsToBusiness','While de empresa, year->2087, initial_month->1, endMonth->12, contador->75','2022-10-25 22:26:37',NULL),(16011,NULL,'assingPeriodsToBusiness','While de empresa, year->2088, initial_month->1, endMonth->12, contador->76','2022-10-25 22:26:37',NULL),(16012,NULL,'assingPeriodsToBusiness','While de empresa, year->2089, initial_month->1, endMonth->12, contador->77','2022-10-25 22:26:37',NULL),(16013,NULL,'assingPeriodsToBusiness','While de empresa, year->2090, initial_month->1, endMonth->12, contador->78','2022-10-25 22:26:37',NULL),(16014,NULL,'assingPeriodsToBusiness','While de empresa, year->2091, initial_month->1, endMonth->12, contador->79','2022-10-25 22:26:37',NULL),(16015,NULL,'assingPeriodsToBusiness','While de empresa, year->2092, initial_month->1, endMonth->12, contador->80','2022-10-25 22:26:37',NULL),(16016,NULL,'assingPeriodsToBusiness','While de empresa, year->2093, initial_month->1, endMonth->12, contador->81','2022-10-25 22:26:37',NULL),(16017,NULL,'assingPeriodsToBusiness','While de empresa, year->2094, initial_month->1, endMonth->12, contador->82','2022-10-25 22:26:37',NULL),(16018,NULL,'assingPeriodsToBusiness','While de empresa, year->2095, initial_month->1, endMonth->12, contador->83','2022-10-25 22:26:37',NULL),(16019,NULL,'assingPeriodsToBusiness','While de empresa, year->2096, initial_month->1, endMonth->12, contador->84','2022-10-25 22:26:37',NULL),(16020,NULL,'assingPeriodsToBusiness','While de empresa, year->2097, initial_month->1, endMonth->12, contador->85','2022-10-25 22:26:37',NULL),(16021,NULL,'assingPeriodsToBusiness','While de empresa, year->2098, initial_month->1, endMonth->12, contador->86','2022-10-25 22:26:37',NULL),(16022,NULL,'assingPeriodsToBusiness','While de empresa, year->2099, initial_month->1, endMonth->12, contador->87','2022-10-25 22:26:37',NULL),(16023,NULL,'assingPeriodsToBusiness','While de empresa, year->2100, initial_month->1, endMonth->12, contador->88','2022-10-25 22:26:37',NULL),(16024,NULL,'assingPeriodsToBusiness','While de empresa, year->2101, initial_month->1, endMonth->12, contador->89','2022-10-25 22:26:37',NULL),(16025,NULL,'assingPeriodsToBusiness','While de empresa, year->2102, initial_month->1, endMonth->12, contador->90','2022-10-25 22:26:37',NULL),(16026,NULL,'assingPeriodsToBusiness','While de empresa, year->2103, initial_month->1, endMonth->12, contador->91','2022-10-25 22:26:37',NULL),(16027,NULL,'assingPeriodsToBusiness','While de empresa, year->2104, initial_month->1, endMonth->12, contador->92','2022-10-25 22:26:37',NULL),(16028,NULL,'assingPeriodsToBusiness','While de empresa, year->2105, initial_month->1, endMonth->12, contador->93','2022-10-25 22:26:37',NULL),(16029,NULL,'assingPeriodsToBusiness','While de empresa, year->2106, initial_month->1, endMonth->12, contador->94','2022-10-25 22:26:37',NULL),(16030,NULL,'assingPeriodsToBusiness','While de empresa, year->2107, initial_month->1, endMonth->12, contador->95','2022-10-25 22:26:37',NULL),(16031,NULL,'assingPeriodsToBusiness','While de empresa, year->2108, initial_month->1, endMonth->12, contador->96','2022-10-25 22:26:37',NULL),(16032,NULL,'assingPeriodsToBusiness','While de empresa, year->2109, initial_month->1, endMonth->0, contador->97','2022-10-25 22:26:37',NULL);

--
-- Table structure for table `lpg_granos`
--

CREATE TABLE `lpg_granos` (
  `id` int(10) unsigned NOT NULL AUTO_INCREMENT,
  `user_id` int(10) unsigned NOT NULL,
  `descripcion` varchar(191) COLLATE utf8mb4_unicode_ci DEFAULT NULL,
  `codigo_afip` int(10) unsigned NOT NULL,
  `habilitado` tinyint(1) NOT NULL DEFAULT '1',
  `created_at` timestamp NULL DEFAULT NULL,
  `updated_at` timestamp NULL DEFAULT NULL,
  `deleted_at` timestamp NULL DEFAULT NULL,
  PRIMARY KEY (`id`)
) ENGINE=InnoDB AUTO_INCREMENT=40 DEFAULT CHARSET=utf8mb4 COLLATE=utf8mb4_unicode_ci;

--
-- Dumping data for table `lpg_granos`
--

INSERT INTO `lpg_granos` VALUES (1,0,'Lino',1,1,NULL,NULL,NULL),(2,0,'Girasol',2,1,NULL,NULL,NULL),(3,0,'Maní en caja',3,1,NULL,NULL,NULL),(4,0,'Girasol Descascarado',4,1,NULL,NULL,NULL),(5,0,'Maní para industria de selección',5,1,NULL,NULL,NULL),(6,0,'Maní para industria aceitera',6,1,NULL,NULL,NULL),(7,0,'Maní tipo confitería',7,1,NULL,NULL,NULL),(8,0,'Colza',8,1,NULL,NULL,NULL),(9,0,'Colza “00”/Canola',9,1,NULL,NULL,NULL),(10,0,'Trigo forrajero',10,1,NULL,NULL,NULL),(11,0,'Cebada forrajera',11,1,NULL,NULL,NULL),(12,0,'Cebada apta para maltería',12,1,NULL,NULL,NULL),(13,0,'Trigo candeal',14,1,NULL,NULL,NULL),(14,0,'Trigo pan',15,1,NULL,NULL,NULL),(15,0,'Avena',16,1,NULL,NULL,NULL),(16,0,'Cebada cervecera',17,1,NULL,NULL,NULL),(17,0,'Centeno',18,1,NULL,NULL,NULL),(18,0,'Maíz',19,1,NULL,NULL,NULL),(19,0,'Mijo',20,1,NULL,NULL,NULL),(20,0,'Arroz cáscara',21,1,NULL,NULL,NULL),(21,0,'Sorgo granífero',22,1,NULL,NULL,NULL),(22,0,'Soja',23,1,NULL,NULL,NULL),(23,0,'Trigo blando',24,1,NULL,NULL,NULL),(24,0,'Trigo plata',25,1,NULL,NULL,NULL),(25,0,'Maíz flynt o plata',26,1,NULL,NULL,NULL),(26,0,'Maíz pisingallo',27,1,NULL,NULL,NULL),(27,0,'Triticale',28,1,NULL,NULL,NULL),(28,0,'Alpiste',30,1,NULL,NULL,NULL),(29,0,'Algodón',31,1,NULL,NULL,NULL),(30,0,'Cártamo',32,1,NULL,NULL,NULL),(31,0,'Poroto blanco natural oval y alubia',33,1,NULL,NULL,NULL),(32,0,'Poroto distinto del blanco oval y alubia',34,1,NULL,NULL,NULL),(33,0,'Arroz',35,1,NULL,NULL,NULL),(34,0,'Lenteja',46,1,NULL,NULL,NULL),(35,0,'Arveja',47,1,NULL,NULL,NULL),(36,0,'Poroto blanco seleccionado oval y alubia',48,1,NULL,NULL,NULL),(37,0,'Otras legumbres',49,1,NULL,NULL,NULL),(38,0,'Otros granos',50,1,NULL,NULL,NULL),(39,0,'Garbanzo',59,1,NULL,NULL,NULL);

--
-- Table structure for table `lpg_receipt_detail`
--

CREATE TABLE `lpg_receipt_detail` (
  `id` int(10) unsigned NOT NULL AUTO_INCREMENT,
  `user_id` int(10) unsigned NOT NULL,
  `lpg_receipt_id` int(10) unsigned NOT NULL,
  `saldo_id` int(10) unsigned NOT NULL,
  `concepto` varchar(191) COLLATE utf8mb4_unicode_ci DEFAULT NULL,
  `lpg_grano_id` int(10) unsigned NOT NULL,
  `cantidad` decimal(16,2) NOT NULL DEFAULT '0.00',
  `fac_elec_unidad_medida_id` int(10) unsigned NOT NULL,
  `precio` decimal(16,2) NOT NULL DEFAULT '0.00',
  `subtotal` decimal(16,2) NOT NULL DEFAULT '0.00',
  `created_at` timestamp NULL DEFAULT NULL,
  `updated_at` timestamp NULL DEFAULT NULL,
  `deleted_at` timestamp NULL DEFAULT NULL,
  PRIMARY KEY (`id`),
  KEY `lpg_receipt_detail_lpg_receipt_id_foreign` (`lpg_receipt_id`),
  KEY `lpg_receipt_detail_saldo_id_foreign` (`saldo_id`),
  KEY `lpg_receipt_detail_lpg_grano_id_foreign` (`lpg_grano_id`),
  KEY `lpg_receipt_detail_fac_elec_unidad_medida_id_foreign` (`fac_elec_unidad_medida_id`),
  CONSTRAINT `lpg_receipt_detail_fac_elec_unidad_medida_id_foreign` FOREIGN KEY (`fac_elec_unidad_medida_id`) REFERENCES `fac_elec_unidad_medidas` (`id`),
  CONSTRAINT `lpg_receipt_detail_lpg_grano_id_foreign` FOREIGN KEY (`lpg_grano_id`) REFERENCES `lpg_granos` (`id`),
  CONSTRAINT `lpg_receipt_detail_lpg_receipt_id_foreign` FOREIGN KEY (`lpg_receipt_id`) REFERENCES `lpg_receipts` (`id`),
  CONSTRAINT `lpg_receipt_detail_saldo_id_foreign` FOREIGN KEY (`saldo_id`) REFERENCES `conta_tipo_saldos` (`id`)
) ENGINE=InnoDB DEFAULT CHARSET=utf8mb4 COLLATE=utf8mb4_unicode_ci;

--
-- Dumping data for table `lpg_receipt_detail`
--


--
-- Table structure for table `lpg_receipts`
--

CREATE TABLE `lpg_receipts` (
  `id` int(10) unsigned NOT NULL AUTO_INCREMENT,
  `user_id` int(10) unsigned NOT NULL,
  `person_id` int(10) unsigned NOT NULL,
  `receipt_id` int(10) unsigned DEFAULT NULL,
  `fecha` date DEFAULT NULL,
  `num_comprobante` varchar(191) COLLATE utf8mb4_unicode_ci DEFAULT NULL,
  `created_at` timestamp NULL DEFAULT NULL,
  `updated_at` timestamp NULL DEFAULT NULL,
  `deleted_at` timestamp NULL DEFAULT NULL,
  PRIMARY KEY (`id`),
  KEY `lpg_receipts_person_id_foreign` (`person_id`),
  KEY `lpg_receipts_receipt_id_foreign` (`receipt_id`),
  CONSTRAINT `lpg_receipts_person_id_foreign` FOREIGN KEY (`person_id`) REFERENCES `persons` (`id`),
  CONSTRAINT `lpg_receipts_receipt_id_foreign` FOREIGN KEY (`receipt_id`) REFERENCES `receipts` (`id`)
) ENGINE=InnoDB DEFAULT CHARSET=utf8mb4 COLLATE=utf8mb4_unicode_ci;

--
-- Dumping data for table `lpg_receipts`
--


--
-- Table structure for table `mails`
--

CREATE TABLE `mails` (
  `id` int(10) unsigned NOT NULL AUTO_INCREMENT,
  `user_id` int(10) unsigned DEFAULT NULL,
  `name` varchar(255) COLLATE utf8mb4_unicode_ci NOT NULL,
  `created_at` timestamp NULL DEFAULT NULL,
  `updated_at` timestamp NULL DEFAULT NULL,
  `deleted_at` timestamp NULL DEFAULT NULL,
  PRIMARY KEY (`id`)
) ENGINE=InnoDB AUTO_INCREMENT=12 DEFAULT CHARSET=utf8mb4 COLLATE=utf8mb4_unicode_ci;

--
-- Dumping data for table `mails`
--

INSERT INTO `mails` VALUES (1,NULL,'Principal',NULL,NULL,NULL),(2,NULL,'Segundo',NULL,NULL,NULL),(3,NULL,'Tercero',NULL,NULL,NULL),(4,NULL,'Cuarto',NULL,NULL,NULL),(5,NULL,'Quinto',NULL,NULL,NULL),(6,NULL,'Sexto',NULL,NULL,NULL),(7,NULL,'Septimo',NULL,NULL,NULL),(8,NULL,'Octavo',NULL,NULL,NULL),(9,NULL,'Noveno',NULL,NULL,NULL),(10,NULL,'Decimo',NULL,NULL,NULL),(11,NULL,'Otro',NULL,NULL,NULL);

--
-- Table structure for table `mails_details`
--

CREATE TABLE `mails_details` (
  `id` int(10) unsigned NOT NULL AUTO_INCREMENT,
  `user_id` int(10) unsigned DEFAULT NULL,
  `mail` varchar(255) COLLATE utf8mb4_unicode_ci DEFAULT NULL,
  `telefono` varchar(255) COLLATE utf8mb4_unicode_ci DEFAULT NULL,
  `comentario` varchar(255) COLLATE utf8mb4_unicode_ci DEFAULT NULL,
  `mail_id` int(10) unsigned NOT NULL,
  `person_id` int(10) unsigned NOT NULL,
  `status` int(10) unsigned NOT NULL DEFAULT '1',
  `created_at` timestamp NULL DEFAULT NULL,
  `updated_at` timestamp NULL DEFAULT NULL,
  `deleted_at` timestamp NULL DEFAULT NULL,
  PRIMARY KEY (`id`),
  KEY `mails_details_mail_id_foreign` (`mail_id`),
  KEY `mails_details_person_id_foreign` (`person_id`),
  CONSTRAINT `mails_details_mail_id_foreign` FOREIGN KEY (`mail_id`) REFERENCES `mails` (`id`),
  CONSTRAINT `mails_details_person_id_foreign` FOREIGN KEY (`person_id`) REFERENCES `persons` (`id`)
) ENGINE=InnoDB AUTO_INCREMENT=138 DEFAULT CHARSET=utf8mb4 COLLATE=utf8mb4_unicode_ci;

--
-- Dumping data for table `mails_details`
--

INSERT INTO `mails_details` VALUES (5,193,'letpg@hotmail.com',NULL,NULL,1,40752,1,'2022-05-10 12:11:16','2022-05-10 12:11:16',NULL),(54,193,'hpantuso@gmail.com',NULL,'',1,40783,1,'2022-09-29 06:43:36','2022-09-29 06:43:36',NULL),(55,193,'vtroncoso@ashiwea.com',NULL,'',1,40784,1,'2022-09-29 06:43:43','2022-09-29 06:43:43',NULL),(59,193,'sylvia.hollmann@gmail.com',NULL,'',1,40788,1,'2022-09-29 06:44:27','2022-09-29 06:44:27',NULL),(60,193,'Estudiocontablelet.pg@gmail.com',NULL,'',1,40896,1,'2022-09-29 06:44:38','2022-09-29 06:44:38',NULL),(61,193,'cabsanmartindelosandes@gmail.com',NULL,'',2,40896,1,'2022-09-29 06:44:38','2022-09-29 06:44:38',NULL),(67,193,'abenzadon@hotmail.com',NULL,'',1,40750,1,'2022-10-06 11:11:31','2022-10-06 11:11:31',NULL),(71,193,'Estudiocontablelet.pg@gmail.com',NULL,'',1,40753,1,'2022-10-12 10:50:56','2022-10-12 10:50:56',NULL),(76,193,'Estudiocontablelet.pg@gmail.com',NULL,'',1,40757,1,'2022-10-18 18:54:43','2022-10-18 18:54:43',NULL),(83,193,'vtroncoso@ashiwea.com',NULL,'',1,40787,1,'2022-10-20 10:35:12','2022-10-20 10:35:12',NULL),(89,193,'Estudiocontablelet.pg@gmail.com',NULL,'',1,40994,1,'2022-10-22 11:59:45','2022-10-22 11:59:45',NULL),(91,193,'potenza.comunicaciones@gmail.com',NULL,'',1,40873,1,'2022-10-25 11:54:35','2022-10-25 11:54:35',NULL),(92,193,'estudiocontablelet.pg@gmail.com',NULL,'',2,40873,1,'2022-10-25 11:54:35','2022-10-25 11:54:35',NULL),(96,193,'Estudiocontablelet.pg@gmail.com',NULL,'',1,40785,1,'2022-10-26 10:04:15','2022-10-26 10:04:15',NULL),(98,193,'Estudiocontablelet.pg@gmail.com',NULL,'',1,40985,1,'2022-10-26 12:25:22','2022-10-26 12:25:22',NULL),(102,193,'Estudiocontablelet.pg@gmail.com',NULL,'',1,40758,1,'2022-10-27 07:14:26','2022-10-27 07:14:26',NULL),(103,193,'Estudiocontablelet.pg@gmail.com',NULL,'',1,41498,1,'2022-10-30 09:18:14','2022-10-30 09:18:14',NULL),(106,193,'Estudiocontablelet.pg@gmail.com',NULL,'',1,40922,1,'2022-11-02 09:30:15','2022-11-02 09:30:15',NULL),(107,193,'Estudiocontablelet.pg@gmail.com',NULL,'',1,40780,1,'2022-12-02 15:33:06','2022-12-02 15:33:06',NULL),(110,193,'Estudiocontablelet.pg@gmail.com',NULL,'',1,40722,1,'2022-12-12 07:24:39','2022-12-12 07:24:39',NULL),(111,193,'blacona.marinho@gmail.com',NULL,'',1,40782,1,'2022-12-14 07:30:44','2022-12-14 07:30:44',NULL),(112,193,'estudiocontablelet.p.g@gmail.com',NULL,'',2,40782,1,'2022-12-14 07:30:44','2022-12-14 07:30:44',NULL),(115,193,'Estudiocontablelet.pg@gmail.com',NULL,'',1,41617,1,'2023-01-06 16:50:00','2023-01-06 16:50:00',NULL),(116,193,'Sebamamone74@gmail.com',NULL,'',1,40786,1,'2023-01-08 09:08:24','2023-01-08 09:08:24',NULL),(117,193,'estudiocontablelet.p.g@gmail.com',NULL,'',2,40786,1,'2023-01-08 09:08:24','2023-01-08 09:08:24',NULL),(118,193,'Estudiocontablelet.pg@gmail.com',NULL,'',1,40897,1,'2023-01-09 07:42:27','2023-01-09 07:42:27',NULL),(119,193,'estudiocontablelet.p.g@gmail.com',NULL,'',2,40897,1,'2023-01-09 07:42:27','2023-01-09 07:42:27',NULL),(120,193,'Estudiocontablelet.pg@gmail.com',NULL,'',1,41138,1,'2023-01-09 08:08:19','2023-01-09 08:08:19',NULL),(121,193,'Estudiocontablelet.pg@gmail.com',NULL,NULL,1,41126,1,'2023-01-09 08:31:15','2023-01-09 08:31:15',NULL),(123,193,'Estudiocontablelet.pg@gmail.com',NULL,'',1,41622,1,'2023-01-09 11:40:53','2023-01-09 11:40:53',NULL),(124,193,'Estudiocontablelet.pg@gmail.com',NULL,'',1,41621,1,'2023-01-09 11:45:29','2023-01-09 11:45:29',NULL),(125,193,'Estudiocontablelet.pg@gmail.com',NULL,'',1,41559,1,'2023-01-09 16:15:51','2023-01-09 16:15:51',NULL),(126,193,'Estudiocontablelet.pg@gmail.com',NULL,'',1,41302,1,'2023-01-09 16:44:38','2023-01-09 16:44:38',NULL),(127,193,'Estudiocontablelet.pg@gmail.com',NULL,'',1,40852,1,'2023-01-11 17:21:59','2023-01-11 17:21:59',NULL),(128,193,'Estudiocontablelet.pg@gmail.com','1133703423','',1,40778,1,'2023-01-12 19:43:52','2023-01-12 19:43:52',NULL),(129,193,'Estudiocontablelet.pg@gmail.com',NULL,'',1,41632,1,'2023-01-14 07:51:01','2023-01-14 07:51:01',NULL);
INSERT INTO `mails_details` VALUES (130,193,'Estudiocontablelet.pg@gmail.com',NULL,'',1,41633,1,'2023-01-14 09:28:58','2023-01-14 09:28:58',NULL),(133,193,'Estudiocontablelet.pg@gmail.com',NULL,'',1,41638,1,'2023-01-18 09:37:07','2023-01-18 09:37:07',NULL),(134,193,'Estudiocontablelet.pg@gmail.com',NULL,'',1,41639,1,'2023-01-18 10:12:43','2023-01-18 10:12:43',NULL),(135,193,'Estudiocontablelet.pg@gmail.com',NULL,'',1,41641,1,'2023-01-18 10:42:42','2023-01-18 10:42:42',NULL),(137,193,'Estudiocontablelet.pg@gmail.com',NULL,'',1,41656,1,'2023-01-19 17:52:23','2023-01-19 17:52:23',NULL);
DELIMITER ;;
/*!50003 CREATE*/ /*!50017 DEFINER=`forge`@`%`*/ /*!50003 TRIGGER `MailsDetail_BD` BEFORE DELETE ON `mails_details` FOR EACH ROW insert into back_up_mails_details (mail,telefono,comentario,mail_id,person_id,modificado)
values(old.mail,old.telefono,old.comentario,old.mail_id,old.person_id,now()) */;;
DELIMITER ;

--
-- Table structure for table `migrations`
--

CREATE TABLE `migrations` (
  `id` int(10) unsigned NOT NULL AUTO_INCREMENT,
  `migration` varchar(255) COLLATE utf8mb4_unicode_ci NOT NULL,
  `batch` int(11) NOT NULL,
  PRIMARY KEY (`id`)
) ENGINE=InnoDB AUTO_INCREMENT=1040 DEFAULT CHARSET=utf8mb4 COLLATE=utf8mb4_unicode_ci;

--
-- Dumping data for table `migrations`
--

INSERT INTO `migrations` VALUES (1,'2014_10_12_000000_create_users_table',1),(2,'2014_10_12_100000_create_password_resets_table',1),(3,'2017_09_15_000000_CreateCountrysTable',1),(4,'2017_09_15_100000_CreateStatesTable',1),(5,'2017_09_15_221521_create_modules_table',1),(6,'2017_09_15_224048_create_usermodules_table',1),(7,'2017_12_04_172644_CreateTableActivitites',1),(8,'2017_12_04_181801_CreateTableReceiptTypes',1),(9,'2017_12_04_182416_CreateTableRetentionType',1),(10,'2017_12_04_190828_CreateTableTypes',1),(11,'2017_12_04_191413_CreateTableRetentions',1),(12,'2017_12_04_191537_CreateTableIIBBRetentions',1),(13,'2017_12_04_192126_CreateTableSystemTaxes',1),(14,'2017_12_04_202132_CreateTableZones',1),(15,'2017_12_04_210000_CreateTableOtherTaxes',1),(16,'2017_12_07_200000_CreateTableTaxAccounts',1),(17,'2017_12_07_202200_CreateTableStatus',1),(18,'2017_12_07_204438_CreateTablePersons',1),(19,'2017_12_07_204500_CreateTablePersonZones',1),(20,'2017_12_07_205029_CreateTablePeriods',1),(21,'2017_12_07_205700_CreateTableReceipts',1),(22,'2017_12_07_205819_CreateTableReceiptTaxes',1),(23,'2017_12_16_025744_CreateTableUserPersons',1),(24,'2018_02_01_205100_CreateTablePeriodLiquidation',1),(25,'2018_02_02_150420_ModPeriodLiq_CreateDetail',1),(26,'2018_02_06_162435_CreateTablePersonConfigurations',1),(27,'2018_03_07_162435_CreateTablesLiqIVA',1),(28,'2018_03_18_000010_IVAGroups',1),(29,'2018_03_20_000010_InsertsRT',1),(30,'2018_03_21_000010_UpdateRT',1),(31,'2018_03_26_232558_InsertsModules',1),(32,'2018_03_28_151014_CreateTablesBusinessModule',1),(33,'2018_04_11_124200_ModBusinessModule',1),(34,'2018_04_17_153900_ModBusinessModule2',1),(35,'2018_04_20_115000_TableBaseMonthsForPeriods',1),(36,'2018_04_24_155000_ModAddUsersBusiness',1),(37,'2018_04_27_162700_BusinessFieldsEmpresaMadre',1),(38,'2018_05_04_144100_BusinessViewValidateSave',1),(39,'2018_05_18_110400_FileUplodsBase_XLS',2),(40,'2018_05_30_183700_alter__system_taxes_to_system_taxese',3),(41,'2018_05_30_220512_alter__system_taxes__add__status',3),(42,'2018_05_31_221821_update_data_types',4),(43,'2018_06_03_1341_ProcedureAssingPeriodsTo',5),(44,'2018_06_04_001420_create_reportes_table',5),(45,'2018_06_04_2159_ProcedureReportesComprobantes',5),(46,'2018_06_05_104818_update_receipt_types__column__code',5),(47,'2018_06_05_171044_update__system__taxes__gravado0',5),(48,'2018_06_06_010459_create_procedure_creacion_empresa_usuario',5),(49,'2018_06_06_110700_UpdateReportesRutas',6),(50,'2018_06_07_011985_create_procedure_eliminasion_masiva_comprobantes',7),(51,'2018_06_09_141500_UpdateReportesRutasTableroAndModules',8),(52,'2018_06_10_203200_CreateViewReceiptsReports',9),(53,'2018_06_11_114580_UpdateTypesEliminacionMasiva',9),(54,'2018_06_19_110400_TableControlGeneral',10),(57,'2018_06_19_158985_InsertsModules_Control_General',11),(58,'2018_06_22_203200_CreateViewLiquidacionesIVA',12),(61,'2018_06_27_204440_alter_Table_Person_Configuration',13),(70,'2018_07_01_110401_InsertsModules_ClavesYMails',17),(71,'2018_07_01_110400_TableClavesYMails',18),(72,'2018_06_27_204436_CreateTableMails',19),(73,'2018_06_27_204437_CreateTableMailsDetails',19),(74,'2018_06_27_204438_CreateTableClaves',19),(75,'2018_06_27_204439_CreateTableClavesDetails',19),(76,'2018_07_07_011985_alter_procedure_eliminasion_masiva_comprobantes',20),(77,'2018_07_08_110400_UpdateTableClavesYMails',21),(78,'2018_07_11_011985_alter_procedure_eliminasion_masiva_comprobantes',22),(79,'2018_07_11_010459_alter_procedure_creacion_empresa_usuario',23),(80,'2018_07_15_110401_InsertsModules_Informacion',24),(81,'2018_07_17_110400_AddRegistroClavesYMails',25),(82,'2018_07_17_204439_CreateTableCharlasDetails',25),(83,'2018_07_11_011985_alter_procedure_eliminasion_masiva_comprobantes2',26),(90,'2018_07_18_110410_AddRegistroControlGeneral',26),(92,'2018_07_19_110404_SP_LiquidacionesHijas',26),(95,'2018_07_18_110400_TableVtoImpuestos',27),(96,'2018_07_18_110401_TableVtoFinCuit',27),(97,'2018_07_18_110402_TableImpuestoFinCuit',27);
INSERT INTO `migrations` VALUES (98,'2018_07_18_110403_TableVtoVencimiento',27),(99,'2018_07_18_110405_TableCategoriaImpuesto',27),(100,'2018_07_18_110409_TablePerson_Impuesto',27),(102,'2018_07_18_110412_CreateView_VencimientosAnuales',27),(103,'2018_07_18_110412_CreateView_liquidaciones_iibb',28),(104,'2018_07_18_110413_AddRegistroControlGeneral2',28),(105,'2018_07_18_110414_AddColumnTablePerson_Impuesto',28),(107,'2018_07_27_110400_InsertsModules_Impuestos',30),(115,'2018_07_29_110405_AddTypesAsientoSueldos',32),(116,'2018_07_29_110398_TableContaTipoCuentas',33),(117,'2018_07_29_110399_TableContaTipoSaldos',33),(118,'2018_07_29_110400_TableContaPlanCuenta',33),(119,'2018_07_29_110401_TableContaTipoDeAsientos',33),(126,'2018_08_06_110400_CreateTableEjerciciosAnteriores',36),(127,'2018_08_06_110400_AddTypesExportar',37),(128,'2018_08_12_110404_SP_LiquidacionesHijasActualizadas',38),(129,'2018_08_16_110400_AddReporteIVA',39),(130,'2018_08_16_110401_EditReporteLiquidacionesIIBB',39),(135,'2018_08_26_110400_InsertsModules_MonotributoIIBB',41),(136,'2018_08_66_110401_CreateTableCategoriasMonotributo',41),(139,'2018_08_22_093000_SP_LiquidacionesHijasFiltrosCorregidos',42),(140,'2018_08_30_110400_SP_DeleteLiquidationStatus1',43),(141,'2018_09_02_110400_SP_AsientoSueldo',44),(142,'2018_09_02_110401_SP_IIBBGasto',44),(143,'2018_09_02_110402_SP_ProyecGanancias',44),(144,'2018_09_02_110403_SP_RetencionesGanancias',44),(145,'2018_09_02_110404_SP_AnticiposGanancias',44),(146,'2018_09_03_110400_CreateViewLiquidacionesIVACorregida',45),(147,'2018_09_03_110401_CreateView_liquidaciones_iibbCorregida',45),(148,'2018_06_29_114600_CreateView_Proyeccion_Ganancias',46),(149,'2018_08_01_110401_CreateView_IIBB_Gasto',46),(150,'2018_08_05_110401_CreateView_AntGanan_SIRCREB_Compen',46),(151,'2018_08_01_110400_CreateView_Asientos',47),(152,'2018_08_05_110400_CreateView_RetencionesGanancias',47),(153,'2018_08_27_110400_CreateView_ProyecGananciasAll',48),(154,'2018_08_31_161300_TablesFacturaElectronica',49),(155,'2018_09_06_110400_InsertsModules_CtasCtes',50),(160,'2018_09_15_110400_AddColumnTablePersonConfiguration',50),(161,'2018_09_18_110400_InsertsModules_Bancos',50),(162,'2018_09_19_110400_SP_assingFromPeriodsPerson',51),(169,'2018_07_29_110402_TableContaAsientos',53),(170,'2018_07_29_110404_TableContaAsientosDetails',53),(171,'2018_09_10_110402_CreateView_CtaCteAsientos',53),(172,'2018_09_13_110400_AddColumnTableContaAsientos',53),(173,'2018_09_10_110400_CreateView_CtaCteSaldosCajas',54),(174,'2018_09_21_110400_AddColumnTableContaAsientosDebeHaber',54),(175,'2018_09_23_110400_InsertsModules_Gastos',54),(176,'2018_09_23_110401_TableCtaCteTiposDeGastos',54),(177,'2018_09_23_110402_TableCtaCteCuentaTipo',54),(178,'2018_09_23_110403_TableCtaCteCentrosCostos',54),(179,'2018_09_24_110400_TableCtaCteGastosMensuales',54),(180,'2018_09_27_110400_AddColumnTableContaAsientosPagado',54),(181,'2018_10_05_110400_InsertsModules_TableroControl',54),(183,'2018_10_09_110400_AddColumnTablePersonConfigurationBanco',56),(184,'2018_09_10_110401_CreateView_CtaCteClientes',57),(185,'2018_10_15_110400_TableCtaCteBancos',58),(186,'2018_10_15_110401_TableCtaCteCheques',58),(187,'2018_10_16_110400_CreateView_CtaCteCheques',58),(188,'2018_10_18_110400_CreateView_ConsultaComprobantes',59),(189,'2018_07_18_110411_CreateView_VencimientoImpuestos',60),(190,'2018_10_22_110400_TableCtaCteBancosDatos',61),(191,'2018_11_02_110400_AddColumnTableReceiptComprobanteAFIP',62),(192,'2018_11_04_110400_CreateTableClavesDetailsBackUp',62),(193,'2018_11_04_110401_CreateTableMailsDetailsBackUp',62),(194,'2018_11_04_110402_CreateTableCharlasDetailsBackUp',62),(195,'2018_11_04_110403_TriggerClaves',62),(196,'2018_11_04_110404_TriggerMails',62),(197,'2018_11_04_110405_TriggerCharla',62),(198,'2018_11_08_010400_modify_procedure_creacion_empresa_usuario',62),(199,'2018_11_10_110400_AddColumnTableChequesFoto',62),(200,'2018_11_19_110400_ModifyView_VencimientoImpuestos',62);
INSERT INTO `migrations` VALUES (201,'2018_11_23_110400_DeleteForeignKeyCtaCteCheques',62),(202,'2018_11_26_110400_AddColumnTableVto_categoria_imp',62),(203,'2018_11_26_110401_CreateSPMonotributistas',62),(204,'2018_11_28_110400_CreateTableCategoriasIIBB',62),(205,'2018_11_28_110401_UpdateTableVto_categoria_imp',62),(206,'2018_11_28_110402_CreateView_IIBBRegSimpl',62),(207,'2018_12_05_110400_CreateView_PDF_ConsultaComprobantes',62),(208,'2018_12_06_110400_Add_data_types_libros',62),(209,'2018_12_07_110400_ViewLiquidacionesIVALiquidador',62),(210,'2018_12_07_110401_View_liquidaciones_iibbLiquidador',62),(211,'2018_12_09_110400_AddColumnFileReceipts',62),(212,'2018_12_11_110400_InsertsModules_Contabilidad',62),(213,'2018_12_12_110400_TableBalanceLibro',62),(214,'2018_12_12_110401_TableBalanceLibroDetails',62),(215,'2018_12_12_110402_AddContaTipoDeAsientos',62),(216,'2018_12_13_110400_UpdateTableContaPlanCuenta',62),(217,'2018_12_26_110400_CreateSPAsientosContables',62),(218,'2019_01_01_110400_AddColumnContaPlanCuenta',62),(219,'2019_01_02_110400_InsertsModules_ContabilidadPlanCuenta',62),(220,'2019_01_02_110401_AddCuentasTableContaPlanCuenta',62),(221,'2019_01_02_110402_ModifyRubroContaPlanCuenta',62),(222,'2019_01_03_11040_ModifyVentasPlanCuenta',62),(223,'2019_01_03_11041_ModifyPlanCuentasNiveles',62),(224,'2019_01_04_110400_AddColumnContaPlanCuentaNoEditable',62),(225,'2019_01_04_110401_ModifyColumnBalanceLibro',62),(226,'2019_01_04_110402_ModifySPAsientosContables',62),(227,'2019_01_04_110403_ModifyPlanCuentasNiveles5',62),(228,'2019_01_04_110404_InsertsModules_ContabilidadReportes',62),(229,'2019_01_06_110400_ModifyTableCategoriasMonotributo',62),(230,'2019_01_06_110401_ModiyfyContaPlanCuentaNivel5',62),(231,'2019_01_06_110402_SPSumasYSaldos',62),(232,'2019_01_07_110400_ModifyView_CtaCteClientes',62),(233,'2019_01_08_110400_ModiyfyOtraVezContaPlanCuentaNivel5',62),(234,'2019_01_08_110401_ModifySPAsientosContablesV1',62),(235,'2019_01_08_110402_UpdateTableVtoVencimiento2019',62),(236,'2019_01_08_110403_UpdateTableCategoriasMonotributo',62),(237,'2019_01_08_1104043_UpdateTableCategoriasIIBB',62),(238,'2019_01_09_110400_AddColumnconta_tipo_asientosOrderBy',62),(239,'2019_01_09_110401_ModifySPAsientosContablesOrderBy',62),(240,'2019_01_09_110402_UpdateValores2019vto_categoria_imp',62),(241,'2019_01_09_135600_SPAsignacionPeriodosEntreFechas',62),(242,'2019_01_16_110400_ModifySPAsientosContablesV2',62),(243,'2019_01_17_110400_InsertsModules_ContabilidadLibros',62),(244,'2019_01_17_110401_Delete_data_types_libros',62),(245,'2019_01_18_110400_ModifySPAsientosContablesV3',62),(246,'2019_01_19_110400_ModifySPAsientosContablesMensuales',62),(247,'2019_01_20_110400_InsertsModules_Administracion',62),(248,'2019_01_21_110400_CreateTableDbAbuelas',62),(249,'2019_01_21_110400_SP_AsientoSueldoV1',62),(250,'2019_01_24_110400_ModifySPAsientosContablesMensualesV1',62),(251,'2019_01_24_110401_ModiyfyContaPlanCuentaNivelV1',62),(252,'2019_01_24_110402_Modify_CtaCteSaldosCajasV1',62),(253,'2019_02_08_110400_InsertsModules_Mails',62),(254,'2019_02_10_183012_create_jobs_table',62),(255,'2019_02_11_110400_AddColumnTdbAbuelasLocalidad',62),(256,'2019_02_11_110401_ModifyPlanCuentasNiveles6',62),(257,'2019_02_11_110401_SP_VtoImpuestosMail',62),(258,'2019_02_12_110400_UpdateValores2019vto_categoria_impV1',62),(259,'2019_02_12_110401_SP_VtoImpuestosMailV1',63),(260,'2019_02_12_110402_AddColumnTablePersonConfigurationEnviarMail',63),(261,'2019_02_15_011342_create_failed_jobs_table',63),(262,'2019_02_15_110400_AddHonorarioToTableVtoVencimiento',63),(263,'2019_02_17_110400_AddTypeUserOperador',63),(264,'2019_02_22_110400_CreateTableVto_person_impuestos_creados',63),(265,'2019_03_06_110400_UpdateTableCategoriasMonotributoV1',64),(266,'2018_09_17_115300_UpdateConDatosTablesFacturaElectronica',65),(267,'2018_09_21_110401_CreateView_CtaCteClientes',65),(268,'2018_09_27_154000_ModifyTablesFacturaElectronica',65),(269,'2019_01_12_090909_ModifyTablesFacturaElectronicaPuntoVenta',65);
INSERT INTO `migrations` VALUES (270,'2019_03_13_110400_CreateView_CtaCteClientesV2',66),(271,'2019_03_13_110401_AddColumnContaAsiento',67),(272,'2019_03_20_110400_UpdateValores2019vto_categoria_impAutonomosMarzo',68),(273,'2019_03_20_110400_UpdateValores2019vto_categoria_impAutonomosMarzoV1',69),(274,'2019_03_20_110401_CreateTablePruebaGratis',70),(275,'2019_03_27_110400_AddColumnTableBalanceLibro',71),(276,'2019_03_29_110400_SP_VtoImpuestosMailV2',72),(277,'2019_04_04_110400_ModifyPlanCuentasNiveles7',73),(278,'2019_04_09_110400_AddColumnPersonPlanCuentaId',74),(279,'2019_04_09_110401_AddColumnReceiptPlanCuentaId',74),(280,'2019_04_05_110400_AddColumnTableReceiptTypes',75),(281,'2019_04_14_110400_Insert_data_typesMisComprobantes',75),(282,'2019_04_28_110400_DeleteRegisterReportes',76),(283,'2019_04_30_110400_CorreccionTableVtoVencimiento2019',77),(284,'2019_04_22_110400_AddColumnAndUpdateCuenta_idInTablesImpuestos',78),(285,'2019_04_23_110400_AddRegisterTableSystemTaxes',78),(286,'2019_04_25_110400_AddColumnTableOtherTaxes',78),(287,'2019_05_02_110400_SPExportarComprobantes',78),(288,'2019_05_14_110400_AddRegisterReceiptTypes',79),(289,'2019_05_24_110400_UpdatePersons',80),(292,'2019_06_07_110400_AddColumnUser',81),(294,'2019_06_21_110400_TableActas',82),(295,'2019_06_27_110400_SPExportarComprobantes',83),(296,'2019_06_28_110400_AddRegisterTActas',84),(297,'2019_03_04_110400_UpdateSystemTaxesAfipAlicuota',85),(298,'2019_04_01_100000_ModificacionesFADetallesCondicionesVenta',85),(299,'2019_04_19_100000_TablasFacturaElectronicaMasiva',85),(300,'2019_06_27_110400_SPUpdateHonorario',86),(301,'2019_07_09_110400_AddColumnFacEleRecDetail',86),(302,'2019_07_10_110400_AddColumnPersonConfig',87),(303,'2019_07_11_110400_ModifySPproyecGanancias',87),(304,'2019_07_11_110401_ModifySPAsientoSueldo',87),(305,'2019_07_11_110402_ModifySPiibb_gasto',87),(306,'2019_07_11_110403_ModifySPRetenciones',87),(307,'2019_07_11_110404_ModifySPAnticipoGanancias',87),(308,'2019_07_11_110405_ModifySPIIBB_Gasto',88),(309,'2019_07_11_110406_SPLiquidacionesIVA',88),(310,'2019_07_11_110407_SPLiquidacionesIIBB',88),(311,'2019_07_11_110408_ModifySPMonotributistas',89),(312,'2019_07_11_110409_ModifySPIIBB_GastoV1',90),(313,'2019_07_11_110410_SPReceipts',91),(314,'2019_07_11_110411_SPReceiptsForExporTXT',92),(315,'2019_07_14_110400_TableFEUnidadMedida',93),(316,'2019_07_14_110401_TableCondicionFrenteIVA',93),(317,'2019_07_14_110402_AddColumnCondFrenteIVAFE',93),(318,'2019_07_15_110401_ModifySPMonotributistasV1',93),(319,'2019_07_215_110400_DeleteRegisterSystemTaxes',93),(320,'2019_07_18_110400_ModifySPIIBB_GastoV2',94),(321,'2019_07_18_110401_ModifySPLiquidacionesIIBB',94),(322,'2019_07_18_110403_ModifySPLiquidacionesIVA',94),(323,'2019_07_23_110400_AddColumnFEMasivaDetalle',95),(324,'2019_07_29_110400_AddColumnReceiptType_FE',96),(325,'2019_08_05_110400_DeleteForeingKeyTableReceiptFactElec',97),(327,'2019_08_07_110400_UpdateValores2019vto_categoria_impAutonomosJunio',98),(328,'2019_08_07_110401_InsertsModules_Configuracion',99),(329,'2019_08_11_110401_InsertsModules_CerrarPeriodosContabilidad',100),(330,'2019_08_20_110400_AddColumnFEPuntoVenta',101),(331,'2019_08_20_110401_AddModuleFEConfiguracion',101),(332,'2019_08_23_110400_DeleteCuentaPlanCuenta',102),(333,'2019_08_28_110400_ModifyActasModelos',103),(334,'2019_09_26_110400_ModifyView_IIBBRegSimpl',104),(335,'2019_10_01_110400_UpdateTableCategoriasIIBBV2',105),(336,'2019_10_01_110401_UpdateValores2019vto_categoria_impAutonomosSeptiembre',106),(337,'2019_09_17_110400_TableCtaCteClientes',107),(338,'2019_09_17_110401_AddModuleCtaCteCliente',107),(339,'2019_09_19_110400_SPCtaCteCliente',107),(340,'2019_09_22_110400_AddColumnBalanceLibroCtaCteCliente',107),(341,'2019_09_23_110400_ModifySPAsientosContablesV2',107),(342,'2019_09_24_110400_TableCtaCtePivotReceipt',107),(343,'2019_09_25_110400_ModifyCuentasContablesRetenciones',107),(344,'2019_09_2_110401_AddRegisterContaTipoAsientos',107);
INSERT INTO `migrations` VALUES (345,'2019_10_04_110398_AddColumnPlanCuenta',108),(346,'2019_10_04_110399_DeleteColumnBalanceLibro',108),(347,'2019_10_04_110400_TableCtaCteTesoreriaCuentas',108),(348,'2019_10_04_110401_TableCtaCteTesoreriaCtaCte',108),(349,'2019_10_04_110402_AddColumnBalanceLibroCtaCteTesoreria',108),(350,'2019_10_04_110404_ModifyTableCtaCteCheques',108),(351,'2019_10_05_110404_ModifyTableCtaCteCcliente',108),(352,'2019_10_06_110400_AddModuleTesoreria',108),(353,'2019_10_09_110400_SPCtaCteClienteUpdate',108),(354,'2019_10_16_11040_AddRegisterContaTipoAsientos22',108),(355,'2019_10_24_110400_AddModuleNoFiscal',109),(356,'2019_10_24_110401_TablesNoFiscal',109),(357,'2019_10_30_110400_ModifySPAsientosContablesV3',109),(358,'2019_29_10_110400_ModifyTablesNFRelashionship',109),(359,'2019_11_03_110400_AddFacturaElectronicaPyme',110),(360,'2019_11_08_110400_TablesGanancias',111),(361,'2019_11_08_110401_AddModuleGanancias',111),(362,'2019_11_18_110400_AddModuleBienesPersonales',112),(363,'2019_11_18_110400_TablesBienesPersonales',112),(364,'2019_11_20_110400_UpdateDataTypeLibroIvaDigital',113),(365,'2019_11_21_110400_AddColumnPersonConfFELeyenda',114),(366,'2019_11_24_110400_TablesAsientosModelos',115),(367,'2019_11_27_110400_TablesObligacionesAnuales',116),(368,'2019_11_27_110401_AddModuleObligacionesAnuales',116),(369,'2019_12_06_110400_UpdateDataTypeAFIP',117),(370,'2019_12_06_110401_AddModuleControlAfip',118),(371,'2019_12_06_110402_TableControlCuitsAfip',118),(372,'2019_12_08_110400_AddColumnJobs',118),(373,'2019_12_09_110401_TablesRecibos',119),(374,'2019_12_09_11040_AddModuleRecibo_Presupuesto',119),(375,'2019_12_14_110400_DeleteTableFE',120),(376,'2019_12_16_110400_TablesDeudasImpositivas',121),(377,'2019_12_16_110401_AddModuleDeudasImpositivas',121),(378,'2019_12_18_110400_AddUserFirma',121),(379,'2019_12_23_110400_TablesPresupuestos',122),(380,'2019_12_24_110400_UpdateTableBalanceAddUser',123),(381,'2020_01_07_110400_ModifyForeingConstrainBalanceLibro',124),(382,'2020_01_08_110400_AddIIBBCordoba',125),(383,'2020_01_09_110399_AddIIBBCordobaRegSimp',126),(384,'2020_01_09_110400_UpdateTableVtoVencimiento2020',126),(385,'2020_01_09_110401_UpdateTableCategoriasMonotributo2020',126),(386,'2020_01_09_110402_UpdateTableCategoriasIIBB2020',126),(387,'2020_01_09_110403_UpdateValores2020vto_categoria_imp',126),(388,'2020_01_09_110404_UpdateVencimientosPerson2020',126),(389,'2020_01_12_110400_ModifySPMonotributistasV2',127),(390,'2020_01_13_110400_AddSoftDeletePeriodLiquidations',128),(391,'2020_01_14_110400_SPExportarComprobantesV2',129),(392,'2020_01_14_110401_ModifySPRetencionesV1',129),(393,'2020_01_14_110402_ModifySPAnticipoGananciasV1',129),(394,'2020_01_16_110400_ModifySPMonotributistasV3',130),(395,'2020_01_16_110401_UpdateValores2020vto_categoria_impV1',131),(396,'2020_01_16_110402_UpdateVencimientosPerson2020V1',131),(397,'2020_01_15_110400_TableTUser_Persons',132),(398,'2020_01_15_110401_TablesNotificaciones',132),(399,'2020_01_27_110400_AddReceiptTypeCierreZ',133),(400,'2020_01_28_110400_TablesGananciasV1',134),(401,'2020_01_28_110401_TablesGanancias2020',135),(402,'2020_01_30_110400_DeleteRegisterNoFicalContabilidad',136),(403,'2020_01_30_110400_ModifySPAsientosContablesMensualesV2',137),(404,'2020_01_30_110401_ModifySPAsientosContablesV4',138),(405,'2020_01_30_110402_DeleteSPAsientosContablesMensuales',139),(406,'2020_01_31_110400_AddUserIdVariasTables',140),(407,'2020_01_29_110400_AddColumnCtasTesoreriaContaAsientos',141),(408,'2020_02_06_110400_View_CtaCteClientesV3',141),(409,'2020_02_06_110401_AddCuentasMiasTesoreria',141),(410,'2020_02_07_110400_AddColumnPersonConfigLiqEsp',142),(411,'2020_02_08_110400_AddColumnPersonConfigLiqEspV1',143),(412,'2020_02_08_110401_AddColumnCtaCteCuentasTesoreriaCtaCteGastos',144),(413,'2020_02_09_110400_DeleteColumnPlanCuenta',145),(414,'2020_02_10_110400_ModifySPAsientoSueldo2020',146),(415,'2020_02_11_110400_ModifyView_CtaCteChequesV1',147),(416,'2020_02_13_110400_SPSumasYSaldosV1',148);
INSERT INTO `migrations` VALUES (417,'2020_02_13_110401_AddSoftDeleteCtaCteCheques',149),(418,'2020_02_19_110400_AddReceiptTypeCompraBsUsados',150),(419,'2020_02_19_110401_AddColumnTusersTypesUsers',151),(420,'2020_02_19_110402_DeleteSPNoUsoMas',152),(421,'2020_02_20_110400_AddColumnReceiptToFacEleReceitp',153),(422,'2020_02_25_110400_DeleteSPNoUsoMasV2',154),(423,'2020_02_26_110400_AddMonotributoSocial',155),(424,'2020_02_26_110401_UpdateReceiptTypeLetra',155),(425,'2020_02_27_110400_UpdateGananciasArt90',156),(426,'2020_02_28_110400_TableAjPorInflacionIndices',157),(427,'2020_03_02_110400_AddColumnPersonConfigCtaCteTesCuenta',158),(428,'2020_03_08_110400_AddModuleVentanillaElect',159),(429,'2020_03_08_110400_TablesVentanillaElec',160),(430,'2020_03_20_110400_UpdateReceiptTiquetZ',161),(431,'2020_04_16_110400_UpdateSystemTaxes',162),(432,'2020_05_18_110400_View_PdfConsultaComprobantes',163),(433,'2020_05_24_110400_TablesRemitos',164),(434,'2020_05_27_110400_AddImpuestoSegHigiene',165),(435,'2019_08_12_110400_AddColumnsTModules',166),(436,'2019_08_13_110399_InsertsModulesSueldo',167),(437,'2019_08_13_110400_TableSueldosSyJTipoEmpleador',167),(438,'2019_08_13_110401_TableSueldosSyJAlicuotaAporteContribucion',167),(439,'2019_08_13_110402_TableSueldosSyJActividad',167),(440,'2019_08_13_110403_TableSueldosSyJObraSocial',167),(441,'2019_08_13_110404_TableSueldosSyJZonaGeografica',167),(442,'2019_08_13_110405_TableSueldosSyJTituloLey20744',167),(443,'2019_08_13_110406_TablePais',167),(444,'2019_08_13_110407_TableLocalidad',167),(445,'2019_08_13_110408_TableCalle',167),(446,'2019_08_13_110408_TableSueldosSyJEmpAfecta',167),(447,'2019_08_13_110409_TableSueldosSyJTipoLiquidacion',167),(448,'2019_08_13_110412_TableSueldosSyJEmpAlcance',167),(449,'2019_08_13_110413_TableSexo',167),(450,'2019_08_13_110414_TableNacionalidad',167),(451,'2019_08_13_110415_TableEstadoCivil',167),(452,'2019_08_13_110416_TableTipoDocumento',167),(453,'2019_08_13_110417_TableSyJEmpEstado',167),(454,'2019_08_13_110418_TableSyJObraSocPlanes',167),(455,'2019_08_13_110419_TableSyJFormaPago',167),(456,'2019_08_13_110421_TableSyJEmpSituacionRevista',167),(457,'2019_08_13_110422_TableSyJEmpCondicion',167),(458,'2019_08_13_110423_TableSyJEmpModalidadContratacion',167),(459,'2019_08_13_110424_TableSyJEmpCodSiniestro',167),(460,'2019_08_13_110425_TableSyJRegimen',167),(461,'2019_08_13_110426_TableSyJEmpParentesco',167),(462,'2019_08_13_110427_TableSyJConfig',167),(463,'2019_08_13_110428_TableSyJDomiclioExplotacion',167),(464,'2020_03_17_110399_TableSeccionesCargoCCosto',167),(465,'2020_03_17_110400_TableConvenios',167),(466,'2020_03_17_110401_TableReferencias',167),(467,'2020_03_17_110402_SYJFunciones',167),(468,'2020_03_17_110402_TableAntesConceptos',167),(469,'2020_03_17_110402_TableConceptos',167),(470,'2020_03_17_110402_TablePivotConceptoCategoria',167),(471,'2020_03_17_110402_TablePivotConceptoTipoLiquidaciones',167),(472,'2020_03_17_110410_TableEmpleados',167),(473,'2020_03_17_110411_TablePivotEmpleadoConcepto',167),(474,'2020_03_19_110400_SYJPeriods',167),(475,'2020_03_19_110401_SYJLiquidaciones',167),(476,'2020_03_29_110400_SYJLiquidacionEmpleado',167),(477,'2020_04_03_110400_TablePivotConceptoCantidadValor',167),(478,'2020_04_07_110400_TablePivotConceptoEscala',167),(479,'2020_04_19_110400_AddColumnConceptosFiltrosAsoc',167),(480,'2020_04_19_110401_TableSyJEmpleadoFamiliar',167),(481,'2020_04_19_110402_TableSyJEmpleadoVacaciones',167),(482,'2020_04_26_110400_TableSyJReportes',167),(483,'2020_04_26_110401_TableSyJTablasdelSistema',167),(484,'2020_04_27_110400_AddColumnEmpleados',167),(485,'2020_04_27_110401_AddColumnCodigosAfip',167),(486,'2020_04_28_110399_TableSICOSSFormatValor',167),(487,'2020_04_28_110400_TableSICOSS',167),(488,'2020_04_28_110401_TablePivotConvenioFormatoSicoss',167),(489,'2020_04_28_110402_AddColumnPivotFormatoSicossConv',167),(490,'2020_04_29_110400_AddColumnFormatoSicossDetalleV1',167),(491,'2020_04_29_110401_AddColumnFormatoSicossDetalle',167);
INSERT INTO `migrations` VALUES (492,'2020_04_30_110400_AddColumnDomicilios',167),(493,'2020_05_02_110400_AddColumnControlaTopes',167),(494,'2020_05_05_110400_TableSindicatos',167),(495,'2020_05_07_110400_SYJPeriodsAddColumn',167),(496,'2020_05_07_110401_AddColumnBalanceLibroSueldos',167),(497,'2020_05_10_110400_AddColumnTablasFunciones',167),(498,'2020_05_11_110400_AddColumnTablaMasterEmpDomestica',167),(499,'2020_05_19_110400_TablePivotEmpleadoExcluirConcepto',167),(500,'2020_05_22_110400_InsertsModulesBlog',167),(501,'2020_05_22_110400_SYJPeriodsEmpDomestica',167),(502,'2020_05_25_110399_AddImpuestoSegHigiene',167),(503,'2020_05_25_110400_AddColumnVtoImpuestos',167),(504,'2020_05_26_110400_AddColumnSyJLiquidaciones',167),(505,'2020_05_26_110402_AddColumnSyJFormatoSicossDetalle',167),(506,'2020_12_31_110400_CopyDatoFromDBTaxes',167),(507,'2020_05_31_110400_InsertsModulesConfigUser',168),(508,'2020_06_03_110400_UpdateVtoImpuestos',169),(509,'2020_06_07_110400_InsertsModulesConfigAltaAbuela',170),(510,'2020_06_09_110400_AlterTableSyJConfig',170),(511,'2020_06_09_110400_InsertTablaReferencia',170),(512,'2020_06_11_000000_create_blogs_table',170),(513,'2020_06_14_110400_TableContactos',170),(514,'2020_06_14_110400_TablePlanesSuscripcion',170),(515,'2020_06_19_110400_TableAjPorInflacionIndicesV1',170),(516,'2020_06_14_110401_TablePlanesSuscripcionV1',171),(517,'2020_06_22_110400_AddColumnUsers',171),(518,'2020_06_22_110401_TableUserCtaCte',171),(519,'2020_07_06_110400_AddReceiptTypeCuentaVenta',172),(520,'2020_07_07_110400_AddImpuestoIIBBCorrientes',173),(521,'2020_07_07_110400_InsertConceptoReferencia',174),(522,'2020_06_25_110400_TableSyJG4OtrosEmpleos',175),(523,'2020_06_25_110401_TableSyJG4Deducciones',175),(524,'2020_06_25_110402_TableSyJG4DeducPersonales',175),(525,'2020_06_25_110403_TableSyJG4Art90',175),(526,'2020_07_02_110400_InsertsGravImpGcias',175),(527,'2020_07_02_110401_TableSyJG4Detail',175),(528,'2020_07_04_110402_AddColumnSyJG4TipoDeducPers',175),(529,'2020_07_05_110401_TableSyJG4F1357',175),(530,'2020_07_09_110400_AddColumnDeducGenerales',175),(531,'2020_07_10_110400_AddColumnDBAbuela',176),(532,'2020_07_12_110400_UpdateTableTesoreriaCtas',177),(533,'2020_07_13_110400_AddImpuestoIIBBSantaFe',178),(534,'2020_07_14_110400_TablesLPG',179),(535,'2020_07_17_110400_AddColumnReceiptTypeLPG',179),(536,'2020_07_17_110401_AddColumnReceiptLPG',179),(537,'2020_07_19_110400_AddRegisterUserPersonDbAbuela',180),(538,'2020_07_20_110400_UpdateBsPersonales',180),(539,'2020_07_25_110400_AddReceiptTypeTiquet',181),(540,'2020_07_25_1104041_AddReceiptTypeColumnShowFromTotal',182),(541,'2020_07_31_110400_TablesAfipServicios',183),(542,'2020_08_06_110400_UpdateAutonomos',184),(543,'2020_08_06_1104001_UpdateImpuestosSegunTablas',185),(544,'2020_08_08_110400_UpdateConveniosEmpAfecta',186),(545,'2020_08_12_110400_TablesDebitosAutomaticos',187),(546,'2020_08_18_110400_AddReceiptTypeSectorPecuario',188),(547,'2020_08_19_110400_UpdateSectorPecuario',189),(548,'2020_08_24_110401_UpdateReceiptsCredit',190),(549,'2020_08_26_110400_AddOperaciones',191),(550,'2020_08_27_110400_UpdateFuncionesCantidad',192),(551,'2020_08_29_110400_TableSyJRecibosModelo',193),(552,'2020_08_30_110400_UpdateReciboModelo',194),(553,'2020_08_31_110400_UpdateOperacionesImporte',195),(554,'2020_09_05_110400_AddRecibosModelo',196),(555,'2020_08_23_110400_AddColumnReceiptIVAApertura',197),(556,'2020_08_24_110400_AddColumnLiqIvaDetail',197),(557,'2020_08_24_110401_TablesIVAAgrupacion',197),(558,'2020_08_25_110400_AddColumnIVACreditosTipos',197),(559,'2020_08_27_110400_TableFaq',197),(560,'2020_08_30_110401_UpdatePeriodLiquidationDetail',197),(561,'2020_09_01_110400_AddActivities',197),(562,'2020_09_01_110401_TableZoneActivities',197),(563,'2020_09_01_110402_AddColumnPeriodLiqDetail',197),(564,'2020_09_01_110403_TablePeriodLiquidationIIBB',197),(565,'2020_09_06_110400_AddColumnPersonActivities',197),(566,'2020_09_06_110401_AddColumnFAMasivaActivity',197);
INSERT INTO `migrations` VALUES (567,'2020_09_09_110400_UpdateRetenciones',197),(568,'2020_09_18_110402_AddSyJReciboModelo',198),(569,'2020_09_23_110400_AddColumnUserCtaCte',199),(570,'2020_09_24_110400_AddImpuestoIIBBEntreRios',199),(571,'2020_09_25_110400_AddColumnUserCtaCteIngEgr',200),(572,'2020_09_25_110400_AddImpuestoProfesionalesLiberalesEntreRios',201),(573,'2020_09_26_110400_AlterColumnFactElecReceipt',202),(574,'2020_09_27_110400_AddColumnMonth',203),(575,'2020_09_28_110400_AddColumnSyJConfig',204),(576,'2020_10_04_110400_CorrecionPersons',205),(577,'2020_10_05_110403_TableCursos',206),(578,'2020_10_05_110403_TableCursosDetail',206),(579,'2020_10_14_110400_AddReceiptTypeSectorPecuario2',207),(580,'2020_10_15_110401_UpdateReceiptsCredit2',208),(581,'2020_10_15_110400_AddFuncionesDeValor',209),(582,'2020_10_27_110400_AddColumnConceptos',210),(583,'2020_10_27_110401_AddFuncionesDeCantidad1',210),(584,'2020_10_27_110401_AddFuncionesDeImporte1',210),(585,'2020_10_27_110401_AddFuncionesDeValor1',210),(586,'2020_10_23_110400_InsertsModulesContConfig',211),(587,'2020_11_02_110400_InsertTablaReferencia1',212),(588,'2020_11_03_110400_TableUsersPersonsBlock',213),(589,'2020_11_04_110400_ViewLiquidacionesIVA',214),(590,'2020_11_05_110400_AddReceiptType1',215),(591,'2020_11_11_110400_AddImpuestoIIBBRioNegro',216),(592,'2020_11_13_110400_AddColumnPersonConfigProIVA',216),(593,'2020_11_13_110400_AddImpuestoIIBBNeuquen',216),(594,'2020_11_19_110400_UpdateReceiptsType',217),(595,'2020_11_20_110400_AddIndicesAxI',218),(596,'2020_10_19_110400_TableSyJConceptosAfip',219),(597,'2020_10_19_110401_AddColumnSyJConceptos',219),(598,'2020_10_20_110400_TableSyJLsdImpConc',219),(599,'2020_10_20_110401_AddFuncionesFormatoSicoss',219),(600,'2020_10_20_110401_TableSyjLsdReg',219),(601,'2020_10_20_110402_AddFormatoSicoss',219),(602,'2020_11_24_110400_AddColumnSyJFromatoSICOSS',219),(603,'2020_11_26_110400_ModifyConceptosAFIP',220),(604,'2020_11_28_110400_AddColumnCtaCteCliente',221),(605,'2020_12_02_110400_TableUsersLogged',222),(606,'2020_12_04_110400_AddImpuestoIIBBCorrientes2',223),(607,'2020_12_04_110400_AddImpuestoManifestacionDeGanado',223),(608,'2020_12_03_110399_UpdateTarjetaTaxes',224),(609,'2020_12_03_110400_TableTarjetaTXT',224),(610,'2020_12_07_110400_AddColumnSyjLiqEmpleado',225),(611,'2020_12_22_110400_UpdateArt90',226),(612,'2020_01_04_110401_UpdateTableCategoriasIIBB2021',227),(613,'2021_01_03_110400_UpdateTableVtoVencimiento2021',227),(614,'2021_01_04_110400_UpdateAutonomos2021',227),(615,'2021_01_04_110402_UpdateVencimientosPerson2021',227),(616,'2021_01_06_110400_ModifyIvaCredFiscal',228),(617,'2021_01_08_110400_CheckPeriods2021',229),(618,'2021_01_14_110400_TableSyJG4Art902021',230),(619,'2021_01_14_110401_TableSyJG4Deducciones2021',230),(620,'2021_01_14_110402_TableSyJG4DeducPersonales2021',230),(621,'2021_01_14_110403_TablesGanancias2021',230),(622,'2020_07_13_110401_AddImpuestoDREISantaFe',231),(623,'2021_01_28_110400_AddImpuestoUTEDYC',232),(624,'2021_02_01_110400_ModifyNameTableReferencia',233),(625,'2021_02_02_110400_AddColumnMaterialCurso',234),(626,'2021_02_03_110400_ChangeCampoAsientoModelo',234),(627,'2021_02_04_110400_UpdateTopesJubilatorios',235),(628,'2021_02_04_110401_AddTablaReferencia',236),(629,'2021_02_8_110400_AddImpuestoSIRADIG',237),(630,'2021_02_9_110400_AddImpuestoIIBBSantaFeRegSimplificado',238),(631,'2021_02_10_110400_AddColumnDelSistema',239),(632,'2021_02_11_110400_AddColumnLiqIVA',240),(633,'2021_02_11_110401_AddColumnLiqITCPersonConfig',240),(634,'2021_02_16_110400_AddColumnIsZonaPatagonica',241),(635,'2021_02_16_110401_AddColumnFactElecTotal',242),(636,'2021_02_17_110400_SPSumasYSaldosV2',243),(637,'2021_02_17_110401_AddContaPlanCuentaITC',243),(638,'2021_02_21_110400_ModuloConvenioMultilateral',244),(639,'2021_02_21_110401_AddColumnZoneCodCM',244),(640,'2021_02_23_110400_TableSolicitantesCertificado',244),(641,'2021_02_23_110401_AddColumnsCursos',244),(642,'2021_02_25_110400_UpdateTableVtoVencimiento2021',245);
INSERT INTO `migrations` VALUES (643,'2021_03_03_110400_AddReceiptType2',246),(644,'2021_03_02_110400_TablePathOfFile',247),(645,'2021_03_04_110400_AddColumnPeriodLiquidationIIBB',248),(646,'2021_03_05_110400_AddPathOfFileName',249),(647,'2021_03_15_110400_AddColumnPeriodLiquidationIVA',250),(648,'2021_03_15_110401_AddColumnFEReceiptCompAsoc',251),(649,'2021_03_17_110400_ChangeFEReceiptCAENull',252),(650,'2021_03_23_110400_ModifyReceiptTypeOtrosCompr',253),(651,'2021_03_26_110400_UpdateAutonomos2021Abril',254),(652,'2021_03_30_110400_UpdateTopesJubilatorios',254),(653,'2021_03_24_110400_TDAbuelaHost',255),(654,'2021_03_30_110400_UpdateTopesJubilatoriosMar2021',255),(655,'2021_04_06_110400_AddContaPlanCuenta',256),(656,'2021_03_19_110400_TableTdbAbuelasEstados',257),(657,'2021_03_19_110401_AddColumnTdbAbuelasEstado',257),(658,'2021_03_19_110402_TableTdbAbuelasCharlas',257),(659,'2021_04_09_110400_UpdateEstadosAbuelas',257),(660,'2021_04_14_110400_AddColumnFEReceiptOp',257),(661,'2021_04_14_110400_AddColumnEstadoId',258),(662,'2021_04_15_110400_UpdateEstadosAbuelasRollBack',258),(663,'2021_04_16_110400_UpdateEstadosAbuelasV1',258),(664,'2021_04_16_110401_UpdateEstadosAbuelasRollBackV1',258),(665,'2021_04_16_110402_UpdateEstadosAbuelasV2',258),(666,'2021_04_21_110400_TableQueueProcesos',258),(667,'2021_04_23_110400_TableReporteSUSS',259),(668,'2021_04_23_110400_UpdateEstadosAbuelasV3',259),(669,'2021_04_27_110400_AddFieldEscracharTdbabuela',260),(670,'2021_04_27_110400_UpdateArba2021',260),(671,'2021_04_30_110400_ModifyIvaCredFiscalV1',261),(672,'2021_05_14_110400_AddSyJReciboModeloV2',262),(673,'2021_05_27_110400_UpdateEstadosAbuelasV4',263),(674,'2021_06_03_110400_UpdateEstadosAbuelasV5',263),(675,'2021_06_04_110401_UpdateMonotributos2021',263),(676,'2021_02_25_110400_UpdateTableVtoVencimiento2021V1',264),(677,'2021_05_17_110400_TableUsersEmpleados',264),(678,'2021_05_25_110400_TablesPortalEmpleados',264),(679,'2021_05_25_110401_TablesTaxesServicios',264),(680,'2021_05_25_110402_TablesEmpleadosFiles',264),(681,'2021_05_27_110400_AddColumnImagenUser',264),(682,'2021_05_29_110400_AddColumnTablesPortalEmpleados',264),(683,'2021_06_02_110400_AddColumnLiqEmpFirmado',264),(684,'2021_06_02_110401_AddColumnLiqEmpFirmadoFecha',264),(685,'2021_06_06_110401_TablesEmpleadosFilesMasivos',264),(686,'2021_06_06_11040_AddColumnEmpFile',264),(687,'2021_06_10_110401_UpdateConceptosAFIP',265),(688,'2021_06_15_110400_TablesBienesPersonalesV2021',266),(689,'2021_06_14_110400_TablePLSubdomain',267),(690,'2021_06_16_11040_AddRegistroPathOfFileName',267),(691,'2021_06_28_110400_UpdateTopesJubilatoriosJun2021',268),(692,'2021_06_30_110400_UpdatePerAlicuotas',269),(693,'2021_07_06_11040_AddColumnMetodoPago',270),(694,'2021_07_7_11040_AddRegistroPathOfFileNameV1',270),(695,'2021_07_08_110400_UpdateAutonomos2021Julio',271),(696,'2021_07_09_110400_AddColumnPathFileName',272),(697,'2021_07_11_110400_TablesAuxiliar',273),(698,'2021_07_18_110400_AddColumnPeriodLiquidation',274),(699,'2021_07_22_110400_AddColumnPeriodLiquidationAuxiliarId',275),(700,'2021_07_22_110401_AddColumnActividadCodigoCM',276),(701,'2021_07_22_110402_TablesCMArticulosRegimenes',276),(702,'2021_07_26_110400_AddImpuestoIIBBLaRioja',277),(703,'2021_07_22_110403_AddColumnPersonActivitiesCMID',278),(704,'2021_07_27_110400_AddColumnLiquidacionIIBB',278),(705,'2021_07_29_110400_AddColumnCMArticuloRegimen',279),(706,'2021_07_29_110401_UpdateMonotributos2021V2',280),(707,'2021_07_17_110400_ModuloPermisos',281),(708,'2021_08_08_11040_AddColumnReceiptHasta',281),(709,'2021_08_10_110400_FechasEnContabilidad',282),(710,'2021_08_14_11040_AddColumnFormatoSicoss',283),(711,'2021_08_18_110400_AddRegistroSyjActividad',284),(712,'2021_08_20_11040_AddColumnDeletedAtConceptoPivot',285),(713,'2020_07_01_110400_AddColumnDeletedAtConceptoPivot',286),(714,'2021_08_23_11040_AddColumnPersonsIVACreditoTipo',286),(715,'2021_09_08_11040_UpdateSituacionRevista',287),(716,'2021_09_09_11040_UpdateEmpleadoCondicion',287);
INSERT INTO `migrations` VALUES (717,'2021_09_09_11040_UpdateModalidadContratacion',287),(718,'2021_09_14_11040_UpdateEstadoCompsM',287),(719,'2021_09_16_110400_UpdateTopesJubilatoriosSept2021',287),(720,'2021_09_16_110400_TablesTaxesAdminNotif',288),(721,'2021_09_21_110400_UpdateModContratacion',288),(722,'2021_09_24_110400_AddColumnEmpleadoCBU',289),(723,'2021_09_24_110401_AddColumnEmpleadoDiasPropTope',289),(724,'2021_09_24_110402_AddRegistroFuncionesSicoss20210924',290),(725,'2021_09_26_110400_TablesConsultasAux',291),(726,'2021_10_18_110400_TablesEmpleadosEventuales',292),(727,'2021_10_18_110401_AddRegistrosLSDReg5',292),(728,'2021_10_18_110402_AddRegistroFuncionesSicoss',292),(729,'2021_10_18_110403_AddConvenioEventual',292),(730,'2021_10_18_110404_ModifyConvenioEventual',293),(731,'2021_10_31_110400_TablesPeriodLiquidationFiles',294),(732,'2021_09_24_110400_TableTaxesAdmTours',295),(733,'2021_12_03_110400_UpdateModContratacionV1',295),(734,'2021_12_09_110400_UpdateTopesJubilatoriosDic2021',295),(735,'2021_12_13_110400_UpdateAutonomosSept2021',296),(736,'2021_12_14_110400_AddColumnSyJReportes',297),(737,'2021_12_21_110400_AddFuncionesDeValorV2',298),(738,'2021_12_21_110400_AddTablaReferenciaV1',298),(739,'2021_12_29_110401_UpdateMonotributos2022',299),(740,'2022_01_05_110400_UpdateAutonomosDic2021',299),(741,'2022_01_05_110400_UpdateTableVtoVencimientoMonyAut2022',299),(742,'2021_01_11_110404_UpdateTableVtoVencimiento2022V1',300),(743,'2022_01_11_110400_TableSyJG4Art902022',300),(744,'2022_01_11_110401_TableSyJG4DeduccionesGrales2022',300),(745,'2022_01_11_110402_TableSyJG4DeducPersonales2022',300),(746,'2022_01_11_110403_TablesGanancias2022',300),(747,'2022_02_01_110400_UpdateVencimientosPerson2022',301),(748,'2022_01_17_110400_TablesInventarios',302),(749,'2022_01_24_110400_TableInvProductReceipt',302),(750,'2022_01_26_110400_AddTaxesServicios',302),(751,'2022_01_26_110401_TablesGestionDeEmpresa',302),(752,'2022_02_01_110400_TablesQuerys',302),(753,'2022_02_06_110400_UpdateGananciasArt902022V1',303),(754,'2022_02_10_110400_AddColumnZoneCodigoAfip',304),(755,'2022_02_10_110400_UpdateTableVtoVencimiento2022V2',305),(756,'2022_02_11_110400_AddImpuestoIIBBSantaCruz',306),(757,'2022_02_12_110400_AddSyJOperacionesImporte',307),(758,'2022_02_15_110400_AddFieldEstadoOrden',307),(759,'2022_02_15_110400_AddReceiptTypeT',307),(760,'2022_02_15_110401_AddColumnQueryPersonID',308),(761,'2022_02_15_110402_TablesFEMasivaStock',308),(762,'2022_03_04_110400_AddFieldProximoContactoAbuela',309),(763,'2022_03_06_110400_AddFieldProductoCombo',309),(764,'2022_03_15_110400_AddRegisterQueePortalIVA',310),(765,'2022_03_17_110400_TablesCondicionFrenteIVA',311),(766,'2022_03_17_110401_AddRegisterIVAAgrupacionMonos',311),(767,'2022_03_21_110400_AddModuleMercadoLibre',312),(768,'2022_03_21_110401_TableMercadoLibre',312),(769,'2022_03_30_110400_AddFuncionesDeValorV3',312),(770,'2022_03_31_110400_UpdateTopesJubilatoriosMarzo2022',313),(771,'2022_02_09_110400_TablesSicore',314),(772,'2022_02_09_110401_AddModuleSicore',314),(773,'2022_04_07_110400_AddImpuestoIIBBMendoza',314),(774,'2022_04_07_110401_UpdateImpuestoIIBBCorrientes',314),(775,'2022_04_12_110400_AddFieldPruebaGratisCursoId',314),(776,'2022_04_22_110400_AddFAMasivaDetalleGravaIIBB',315),(777,'2022_04_25_110400_UpdateTableAjPorInflacionIndices',316),(778,'2022_04_02_110400_AddModuleOrdenDeTrabajo',317),(779,'2022_04_02_110401_TablesOrdenesDeTrabajo',317),(780,'2022_04_13_110400_AddFieldInvProductReceipt',317),(781,'2022_04_18_110400_TablesOrdenesDeTrabajoFacturadas',317),(782,'2022_04_22_110400_TablesContaCentroDeCostos',317),(783,'2022_04_22_110401_AddFieldReceiptCentroCosto',317),(784,'2022_04_26_110400_AddFieldBalanceLibroInvOrdenId',317),(785,'2022_04_26_110400_TablesOrdenesTrabajoCC',317),(786,'2022_04_29_110400_AddFieldPuntoVentaFEHabilitado',318),(787,'2022_05_02_110400_AddModuleTicket',319),(788,'2022_05_02_110400_TablesTickets',319),(789,'2022_05_06_110400_AddFieldTicketsCaeVencimiento',320);
INSERT INTO `migrations` VALUES (790,'2022_05_07_110400_UpdateAutonomosMarzo2022',320),(791,'2022_04_24_110400_AddFieldSKU',321),(792,'2022_05_06_110401_AddFieldGestionDeEmpresa',321),(793,'2022_05_07_110400_TablesTaxesServiciosDetails',321),(794,'2022_05_08_110400_RemoveTablesGestionEmpresa',321),(795,'2022_05_09_110400_AddFieldInvOrdenTrabajoConfigCc',322),(796,'2022_05_09_110401_AddFieldOrdenDeTrabajoStatus',322),(797,'2022_05_09_110402_MLSetFacturacion',323),(798,'2022_05_11_110400_TableMLOrdersFacturada',323),(799,'2022_05_11_110401_CorreccionCondicionFrenteAlIva',324),(800,'2022_05_12_110400_AddFieldInvRegistradoraUsaProductos',325),(801,'2022_05_13_110400_AddFieldTicketDetailPolimorfica',325),(802,'2022_05_15_110400_AddFieldInvProductReceiptPolimorfica',325),(803,'2022_05_17_110400_TablesBienesPersonalesV2022',326),(804,'2022_05_16_110400_TableInvIndicadores',327),(805,'2022_05_18_110400_AddIdFacturaEnviada',327),(806,'2022_05_19_110400_AddFieldInvIndicadoresOrder',328),(807,'2022_05_22_110400_TablesTaxesSubDomain',329),(808,'2022_05_24_110400_UpdateTopesJubilatoriosJunio2022',329),(809,'2022_05_30_110400_AddFieldSyJEmpleadosLiqEnCero',330),(810,'2022_05_28_110400_TableMLItemProducto',331),(811,'2022_06_06_110400_TableSyJUsarloComo',331),(812,'2022_06_06_110400_UpdateGananciasArt902022V2',332),(813,'2022_06_08_110400_AddTablaReferenciaV2',333),(814,'2022_06_08_110401_AddFieldTaxesServiciosDiasDePrueba',333),(815,'2022_06_08_110402_AddFieldContactanos',333),(816,'2022_06_12_110400_TableMonedas',333),(817,'2022_06_12_110401_TablesTaxesCotizaciones',333),(818,'2022_06_16_110401_UpdateTablesGanancias2021',334),(819,'2022_06_15_110400_AddModuleDocumentosComerciales',335),(820,'2022_06_15_110401_TablesDocumentosComerciales',335),(821,'2022_06_21_110400_AddFieldReceiptsDcOrdenId',335),(822,'2022_06_24_110400_UpdateOS3900',335),(823,'2022_06_24_110401_TablesNoFiscalInvoice',335),(824,'2022_07_01_110400_AddFieldCtaCteClientePivotReceiptImporte',336),(825,'2022_07_06_110401_UpdateFacturacionMonotributos072022',337),(826,'2022_07_07_110400_AddEmpresasToTaxesServiciosDetails',338),(827,'2022_07_07_110400_UpdateAutonomosJunio2022',338),(828,'2022_07_07_110401_AddModuleTaxesEmpresas',338),(829,'2022_07_07_110402_AddFieldTaxesServiciosDetails',338),(830,'2022_07_07_110403_AddFieldTUserCtasCtesPersonId',338),(831,'2022_07_08_110400_AddReceiptTypeVacunos',338),(832,'2022_07_10_110400_AddRegisterQueeArchivosPem',339),(833,'2022_07_11_110400_AddColumnBlog',340),(834,'2022_07_17_110400_AddReceiptTypeTiqueC',340),(835,'2022_07_19_110400_AddIsTaxesEmpresas',341),(836,'2022_08_10_110400_AddColumnClaveTipos',341),(837,'2022_08_16_110400_AddModuleAltas',342),(838,'2022_08_16_110401_AddModuleServicios',342),(839,'2022_08_17_110400_UpdateReceiptTypesCuentaDeVenta',342),(840,'2022_08_16_110400_AddInvHsTipos',343),(841,'2022_08_21_110400_AddModulosTMS',343),(842,'2022_08_30_110400_AddMoneda',344),(843,'2021_09_02_110400_UpdateTableVtoVencimientoIIBBRioNegro',345),(844,'2022_09_08_110400_AddRegisterOtherTaxes',345),(845,'2022_09_08_110401_TablesRetPercFE',345),(846,'2022_09_09_110400_AddOrdenTipo',346),(847,'2022_09_13_110400_TUsersTarjetas',347),(848,'2022_09_13_110400_UpdateImpuestoIIBBCorrientesV2',347),(849,'2022_09_16_110400_AddRegisterPathFileNameSicoss',347),(850,'2022_08_25_110400_TdbabuelaFacturacion',348),(851,'2022_09_27_110400_AddReceiptTypeTiqueNotadeDebitoA',348),(852,'2022_10_03_110400_UpdateAutonomosSept2022',348),(853,'2022_09_19_110000_TablesEncuestas',349),(854,'2022_10_13_110400_UpdateRegSimpAGIP2022',349),(855,'2022_10_13_110401_UpdateTopesJubilatoriosSept2022',349),(856,'2022_10_17_110400_UpdateCategoriasIIBB2022',349),(857,'2022_10_23_110400_AddModuleConfigTesoreria',349),(858,'2022_10_23_110401_TablePersonRelationeds',349),(859,'2022_10_19_110400_TablesEmpleadosPdfAuto',350),(860,'2022_10_25_110400_AddModuleCtaCteUnificadoTesoreria',350),(861,'2022_10_26_110400_TablesEmpleadosPdfAuto2',350);
INSERT INTO `migrations` VALUES (862,'2022_11_14_110400_UpdateFacturacionMonoSocial',351),(863,'2022_11_17_11000_AddRegistroPathOfFileNameV2',352),(864,'2022_11_23_110400_TableTdbAbuelaEstadoLog',352),(865,'2022_12_03_110400_ModulosMobile',352),(866,'2022_12_05_110400_TablesDcOrdenesFacturadas',352),(867,'2022_12_11_110400_ModulosMobileTableroDeControl',353),(868,'2022_12_13_110400_RemoveColumnTarjetaTdbabuela',353),(869,'2022_12_22_110400_TablesPersonsDatos',353),(870,'2022_12_22_110401_AddModuleConfigEmpresa',353),(871,'2022_12_22_110402_AddModuleEmpresaCertificados',353),(872,'2022_12_26_110400_UpdateModalidadContratacion22',354),(873,'2022_12_26_110401_TablesGanancias2023',354),(874,'2022_12_26_110402_TableSyJG4Art902023',354),(875,'2022_12_28_110401_TableSyJG4DeduccionesGrales2023',354),(876,'2022_12_28_110402_TableSyJG4DeducPersonales2023',354),(877,'2022_12_28_110403_UpdateTopesJubilatoriosDic2022',354),(878,'2022_01_03_110402_UpdateTableVtoVencimientoMonyAut2023',355),(879,'2023_01_03_110400_UpdateMonotributos2023',355),(880,'2023_01_03_110401_AddMonotributoCategorias',355),(881,'2023_01_04_110400_UpdateAutonomosDic2022',356),(882,'2023_01_04_110401_UpdateTableVtoVencimiento2023',356),(883,'2023_01_04_110402_AddVencimientosImpuestos',356),(884,'2023_01_04_110403_UpdateTableVtoVencimientoIIBB2023',356),(885,'2023_01_03_110402_AddModuleNovedades',357),(886,'2023_01_03_110403_TablesSyJNovedades',357),(887,'2023_01_18_110400_AddFieldTablesCurso',358),(888,'2023_01_18_110401_AddFieldTaxesServiciosDetailsFechaComentario',358),(889,'2023_01_20_110400_AddReceiptTypeTiqueNotaDeCreditoC',358),(890,'2023_01_23_110400_AddFieldFacturaElecReferencia',359),(891,'2023_01_25_110400_UpdateFacturacionMonoSocial2023',360),(892,'2023_01_27_110400_UpdateTableVtoVencimientoIIBBVarios',361),(893,'2023_02_03_110400_UpdateTableAjPorInflacionIndices',362),(894,'2023_02_03_110400_UpdateTableAjPorInflacionIndicesV20230208',363),(895,'2023_02_17_110400_AddFieldEmpleadoSueldoNetoPactado',364),(896,'2023_02_17_110401_AddModuleSueldoNetoPactado',364),(897,'2023_01_19_110400_RemoveEstadoColumnTdbabuelas',365),(898,'2023_01_24_110401_AddColumnTdbabuelasEstadosType',365),(899,'2023_01_24_110402_UpdateTdabuelasEstadosTable',365),(900,'2023_02_25_110402_AddModuleTAReportes',365),(901,'2023_03_06_110400_UpdateTableVtoVencimientoIIBBCorrientes',365),(902,'2023_03_08_110400_AddRegisterConsultas',366),(903,'2023_03_11_110400_AddFieldsCheques',366),(904,'2023_03_15_110400_MonedasHabilitadoId4',367),(905,'2023_03_13_110400_AddModulosTMS2',368),(906,'2023_03_14_110400_TableInvDescargas',368),(907,'2023_03_14_110401_TableInvDescargas2',368),(908,'2023_03_16_110400_AlterColumnPivotReceipt',369),(909,'2023_03_20_110400_ModifyRegisterTesoreriaCuentasV1',370),(910,'2023_03_22_110400_ModifyRegisterTesoreriaCuentasV2',371),(911,'2023_03_22_110401_TableChequesTransferEmitidas',371),(912,'2023_03_27_110400_AddModuleConciliaciones',372),(913,'2023_03_27_110401_AddColumnIsConciliadoCtaCteTesDetail',372),(914,'2023_03_28_110400_AddModuleCobranzas',372),(915,'2023_03_28_110401_AddModulePagos',372),(916,'2023_03_20_110400_TableCobradores',373),(917,'2023_03_20_110401_TablePersonCobrador',373),(918,'2023_03_20_110402_AddModuloCobrador',373),(919,'2023_03_20_110403_AddColumnHabilitadoCobradores',373),(920,'2023_04_10_110400_UpdateAutonomosMarzo2023',374),(921,'2023_04_10_110401_UpdateTopesJubilatoriosMarzo2023',374),(922,'2023_04_12_110400_CreatePersonsSicoreTable',375),(923,'2023_04_12_110401_UpdateTableSicoreDetails',375),(924,'2023_04_12_110402_RenameTableSicoreDetailsNetoGrav',375),(925,'2023_04_10_110400_AddDocumentoComercialRequerimiento',376),(926,'2023_04_11_110400_AddDCOrdenCompraRequerimiento',376),(927,'2023_04_14_110400_AddModulosTMS3',377),(928,'2023_04_15_11400_AddRegistroPathOfFileNameV3',377),(929,'2023_04_18_11400_ModifyColumnsMonedaCotizacion',378),(930,'2023_04_18_11401_ModifyColumnsMonedaCotizacionV2',378),(931,'2023_04_25_11400_AddColumnPersonConfigMultimoneda',378);
INSERT INTO `migrations` VALUES (932,'2023_05_04_11400_AddColumnReceiptPendiente',379),(933,'2023_05_14_11400_AddColumnPeriodLiquidationIVAReducMonos',380),(934,'2023_05_15_110400_AddFieldTaxesSubDomainEcommerce',381),(935,'2023_05_16_11400_AddColumnInvProductoDepositos',381),(936,'2023_05_17_110400_AddFieldTaxesSubDomainLayout',382),(937,'2023_05_21_11400_AddColumnPersonConfigAgPerRet',382),(938,'2023_05_22_11400_AddColumnInvProductoShowInCatalogo',382),(939,'2023_05_23_110400_TableInvProductoFotos',383),(940,'2023_05_30_110400_TablesBienesPersonalesV2023',384),(941,'2023_05_24_11400_AddColumnRetentions',385),(942,'2023_05_29_110400_AddModuleTesoreriaReportes',385),(943,'2023_05_30_110401_AddModulosTMSCobranzas',386),(944,'2023_06_01_11400_ModifyRegistersTesoreriaCuentas',386),(945,'2023_06_03_110400_AddDocumentoComercialRemito',387),(946,'2023_06_04_110400_ModifyColumnSubdomainIsCatalogo',387),(947,'2023_06_05_110400_AddModulosTaxesSubdomain',388),(948,'2023_06_08_110400_UpdateSicoreRegimenes',388),(949,'2023_06_08_110401_UpdateVencimientosPerson2023',388),(950,'2023_06_08_110400_AddModuleSubdominio',389),(951,'2023_06_08_110401_AddRegisterTaxesServicioLanding',389),(952,'2023_06_10_110400_TableDcOrdenOrigenDestino',389),(953,'2023_06_12_110400_AddDocumentoComercialRemitoEgreso',389),(954,'2023_06_12_110401_AddColumnInvOtProductoDcOrdenId',389),(955,'2023_06_15_110400_TableDcOrdenesFiles',390),(956,'2023_06_17_110400_AddColumnTdbAbuelaContactado',391),(957,'2023_06_21_110400_UpdateMonotributosJulio2023',391),(958,'2023_06_21_110401_AddDocumentoComercialRemitoInterno',392),(959,'2023_06_21_114002_AddColumnDcOrdenesDetailsInvProductoDestino',392),(960,'2023_06_21_11400_AddColumnInvProductoPrioridad',392),(961,'2023_06_25_110400_AddModulosTMSRemitos',393),(962,'2023_06_27_110402_UpdateGananciasArt90Tope',393),(963,'2023_06_27_114000_AddColumnInvOrdenTrabajosResponsable',393),(964,'2023_06_27_114001_AddColumnInvOrdenTrabajosFechaCierre',393),(965,'2023_06_21_110401_UpdatePlanesJulio2023',394),(966,'2023_06_29_114000_AddColumnTicketsClienteId',394),(967,'2023_06_30_110400_AddColumnDcOrdenIsCompletado',395),(968,'2023_07_01_110400_AddDCOrdenIngresoCompra',395),(969,'2023_07_02_110400_AddDocumentoComercialRemitoIngresoFromOc',395),(970,'2023_07_03_110400_ModifyRegisterDCOrdenesOrigenTipo',396),(971,'2023_07_03_114001_AddColumnDcOrdenesTitulo',396),(972,'2023_07_04_110400_AddImpuestoRegSimpNequen',397),(973,'2023_07_04_110401_AddImpuestoRegSimpRioNegro',397),(974,'2023_07_04_110402_AddReceiptTypeOtroCompA',397),(975,'2023_07_07_114000_AddColumnPersonFantasyName',398),(976,'2023_04_10_110401_UpdateTopesJubilatoriosJunio2023',399),(977,'2023_07_07_110400_UpdateAutonomosJunio2023',399),(978,'2023_07_09_110400_TableTaxesSubdomainTipos',399),(979,'2023_07_10_110402_AddReceiptTypeTiqueNotaDeCreditoA',399),(980,'2023_07_11_110400_UpdateImportePlanesJulio2023',399),(981,'2023_07_12_110400_AddColumnDcOrdenMoneda',400),(982,'2023_07_12_110401_AddMonedaEuro',400),(983,'2023_08_01_110400_TableDcOrdenesFirmas',401),(984,'2023_08_01_110401_AddModulosTMSFirmarRemitos',401),(985,'2023_08_05_110400_TableDcFirmasReglas',401),(986,'2023_08_05_110401_AddFieldsDcFirmas',401),(987,'2023_08_07_110400_AddModulosTMSFirmarOc',402),(988,'2023_08_08_110400_AddDcEstadoEliminado',402),(989,'2023_08_11_110400_AddModulosTMSProduccionReq',402),(990,'2023_08_13_110400_AddColumnStockMovimientoDetalle',402),(991,'2023_08_13_110401_TableInvOrdenTrabajoServicios',403),(992,'2023_08_13_110402_AddDCRemitoServicioOT',403),(993,'2023_08_13_110403_TableDCOrdenServicioCompra',403),(994,'2023_08_15_110400_CorreccionesTableInvHoras',404),(995,'2023_08_16_110400_AddColumnOTProductoImporte',405),(996,'2023_08_22_110400_AddColumnHorasDisponibles',405),(997,'2023_08_22_110401_AddModulosTMSFirmarHoras',405),(998,'2023_08_22_110402_AddColumnHorasDispoType',405),(999,'2023_08_24_110400_ModifyColumnDcOrdenNumeroATexto',406),(1000,'2023_08_25_110400_AddColumnOtClasificacion',406);
INSERT INTO `migrations` VALUES (1001,'2023_08_27_110400_ModifyColumnDcOrdenNumeroANumero',406),(1002,'2023_08_29_110400_AddColumnDcOrdenMultiplesOt',407),(1003,'2023_08_31_110400_AddColumnNFCtaCteCompensado',407),(1004,'2023_09_01_110400_ModifyIOrigenDestinoHorasTipos',408),(1005,'2023_09_04_110400_AddModulosTMSFirmarProductos',408),(1006,'2023_09_11_110400_AddColumnHorasTiposImporte',408),(1007,'2023_09_12_110400_AddColumnOtClasificacion',408),(1008,'2023_09_12_110400_AddFirmarRemitosDeIngreso',408),(1009,'2023_09_12_110401_AddColumnInvOrdenTrabajoPatente',408),(1010,'2023_09_12_110400_AddColumnOtClasificacionV1',409),(1011,'2023_09_14_110400_TableInvOrdenTrabajoTareas',409),(1012,'2023_09_14_110401_AddModulosTMSTareas',409),(1013,'2023_09_14_110402_CentroCostosCorreciones',409),(1014,'2023_09_21_110401_TableReceiptDcOrden',410),(1015,'2023_09_24_110400_AddTableReceiptsDcFirmaId',410),(1016,'2023_09_24_110401_AddModulosTMSFirmarFacturasCompra',410),(1017,'2023_09_25_110400_ModifySistemTaxesOnlyTMS',410),(1018,'2023_09_25_110400_UpdateGananciasArt902023',410),(1019,'2023_09_26_110400_TableOrdenDePago',411),(1020,'2023_09_27_110400_TableOrdenDePagoReceipts',412),(1021,'2023_09_27_110401_UpdateReceitpsFirmaId',412),(1022,'2023_09_29_110400_AddModulosTMSCuentas',413),(1023,'2023_10_02_110400_AddModulosTMSCuentasV1',413),(1024,'2023_10_02_110401_UpdateTableReceitpsFirmaIdDefault',413),(1025,'2023_10_05_110400_AddColumnReceiptOrdenesImporte',414),(1026,'2023_10_10_110400_AddColumnReceiptOrdenesOC',415),(1027,'2023_10_11_110400_AddColumnDCFirmasEmitido',415),(1028,'2023_10_12_110400_AddRegisterReceiptRedondeo',415),(1029,'2023_10_15_110400_ModifyColumnReceiptComentario',416),(1030,'2023_10_16_110400_AddRegisterTypesSIRTAC',417),(1031,'2023_10_17_110400_AddCuentasContableSirtac',418),(1032,'2023_10_18_110400_AddModulosWhatsApp',419),(1033,'2023_10_18_110401_TablesWhatsApp',419),(1034,'2023_10_20_110400_TableWsTelefonos',419),(1035,'2023_10_21_110400_TablePaisesPrefijos',419),(1036,'2023_10_23_110400_AddModulosContactos',419),(1037,'2023_10_23_110401_AddColumnWsContactoPersonId',419),(1038,'2023_10_23_110402_ImportarContactosUserMaster',419),(1039,'2023_10_24_110400_AddColumnHorasTiposShow',419);

--
-- Table structure for table `ml`
--

CREATE TABLE `ml` (
  `id` int(10) unsigned NOT NULL AUTO_INCREMENT,
  `user_id` int(10) unsigned DEFAULT NULL,
  `taxes_servicio_id` int(10) unsigned NOT NULL DEFAULT '5',
  `person_id` int(10) unsigned NOT NULL,
  `person_id_relationed` int(10) unsigned NOT NULL,
  `ml_user_id` varchar(191) COLLATE utf8mb4_unicode_ci DEFAULT NULL,
  `nick_name` varchar(191) COLLATE utf8mb4_unicode_ci DEFAULT NULL,
  `access_token` varchar(191) COLLATE utf8mb4_unicode_ci DEFAULT NULL,
  `code` varchar(191) COLLATE utf8mb4_unicode_ci DEFAULT NULL,
  `refresh_token` varchar(191) COLLATE utf8mb4_unicode_ci DEFAULT NULL,
  `comentario` varchar(191) COLLATE utf8mb4_unicode_ci DEFAULT NULL,
  `habilitado` tinyint(1) NOT NULL DEFAULT '1',
  `created_at` timestamp NULL DEFAULT NULL,
  `updated_at` timestamp NULL DEFAULT NULL,
  `deleted_at` timestamp NULL DEFAULT NULL,
  PRIMARY KEY (`id`),
  KEY `ml_person_id_foreign` (`person_id`),
  KEY `ml_person_id_relationed_foreign` (`person_id_relationed`),
  CONSTRAINT `ml_person_id_foreign` FOREIGN KEY (`person_id`) REFERENCES `persons` (`id`),
  CONSTRAINT `ml_person_id_relationed_foreign` FOREIGN KEY (`person_id_relationed`) REFERENCES `persons` (`id`)
) ENGINE=InnoDB DEFAULT CHARSET=utf8mb4 COLLATE=utf8mb4_unicode_ci;

--
-- Dumping data for table `ml`
--


--
-- Table structure for table `ml_item_producto`
--

CREATE TABLE `ml_item_producto` (
  `id` bigint(20) unsigned NOT NULL AUTO_INCREMENT,
  `person_id` int(10) unsigned NOT NULL,
  `ml_item_id` varchar(191) COLLATE utf8mb4_unicode_ci NOT NULL,
  `inv_producto_id` bigint(20) unsigned DEFAULT NULL,
  `created_at` timestamp NULL DEFAULT NULL,
  `updated_at` timestamp NULL DEFAULT NULL,
  `deleted_at` timestamp NULL DEFAULT NULL,
  PRIMARY KEY (`id`),
  KEY `ml_item_producto_person_id_foreign` (`person_id`),
  KEY `ml_item_producto_inv_producto_id_foreign` (`inv_producto_id`),
  CONSTRAINT `ml_item_producto_inv_producto_id_foreign` FOREIGN KEY (`inv_producto_id`) REFERENCES `inv_productos` (`id`),
  CONSTRAINT `ml_item_producto_person_id_foreign` FOREIGN KEY (`person_id`) REFERENCES `persons` (`id`)
) ENGINE=InnoDB DEFAULT CHARSET=utf8mb4 COLLATE=utf8mb4_unicode_ci;

--
-- Dumping data for table `ml_item_producto`
--


--
-- Table structure for table `ml_orders_facturadas`
--

CREATE TABLE `ml_orders_facturadas` (
  `id` bigint(20) unsigned NOT NULL AUTO_INCREMENT,
  `user_id` int(10) unsigned DEFAULT NULL,
  `person_id` int(10) unsigned NOT NULL,
  `order_id` varchar(191) COLLATE utf8mb4_unicode_ci NOT NULL,
  `fact_elec_receipt_id` int(10) unsigned DEFAULT NULL,
  `id_factura_ml` varchar(191) COLLATE utf8mb4_unicode_ci DEFAULT NULL,
  `created_at` timestamp NULL DEFAULT NULL,
  `updated_at` timestamp NULL DEFAULT NULL,
  `deleted_at` timestamp NULL DEFAULT NULL,
  PRIMARY KEY (`id`),
  KEY `ml_orders_facturadas_person_id_foreign` (`person_id`),
  KEY `ml_orders_facturadas_fact_elec_receipt_id_foreign` (`fact_elec_receipt_id`),
  CONSTRAINT `ml_orders_facturadas_fact_elec_receipt_id_foreign` FOREIGN KEY (`fact_elec_receipt_id`) REFERENCES `fact_elec_receipts` (`id`),
  CONSTRAINT `ml_orders_facturadas_person_id_foreign` FOREIGN KEY (`person_id`) REFERENCES `persons` (`id`)
) ENGINE=InnoDB DEFAULT CHARSET=utf8mb4 COLLATE=utf8mb4_unicode_ci;

--
-- Dumping data for table `ml_orders_facturadas`
--


--
-- Table structure for table `ml_set_facturacion`
--

CREATE TABLE `ml_set_facturacion` (
  `id` bigint(20) unsigned NOT NULL AUTO_INCREMENT,
  `user_id` int(10) unsigned DEFAULT NULL,
  `person_id` int(10) unsigned NOT NULL,
  `cliente_id` int(10) unsigned DEFAULT NULL,
  `taxable_iibb` int(11) NOT NULL DEFAULT '2',
  `type_receipt_id` int(10) unsigned DEFAULT NULL,
  `cond_frente_iva` int(10) unsigned DEFAULT NULL,
  `cond_venta` int(10) unsigned DEFAULT NULL,
  `zone_id` int(10) unsigned DEFAULT NULL,
  `activity_id` int(10) unsigned DEFAULT NULL,
  `punto_venta_id` int(10) unsigned DEFAULT NULL,
  `concepto_id` int(10) unsigned DEFAULT NULL,
  `system_tax_id` int(10) unsigned DEFAULT NULL,
  `habilitado` tinyint(1) NOT NULL DEFAULT '1',
  `created_at` timestamp NULL DEFAULT NULL,
  `updated_at` timestamp NULL DEFAULT NULL,
  `deleted_at` timestamp NULL DEFAULT NULL,
  PRIMARY KEY (`id`),
  KEY `ml_set_facturacion_person_id_foreign` (`person_id`),
  KEY `ml_set_facturacion_cliente_id_foreign` (`cliente_id`),
  KEY `ml_set_facturacion_type_receipt_id_foreign` (`type_receipt_id`),
  KEY `ml_set_facturacion_cond_frente_iva_foreign` (`cond_frente_iva`),
  KEY `ml_set_facturacion_cond_venta_foreign` (`cond_venta`),
  KEY `ml_set_facturacion_zone_id_foreign` (`zone_id`),
  KEY `ml_set_facturacion_activity_id_foreign` (`activity_id`),
  KEY `ml_set_facturacion_punto_venta_id_foreign` (`punto_venta_id`),
  KEY `ml_set_facturacion_concepto_id_foreign` (`concepto_id`),
  KEY `ml_set_facturacion_system_tax_id_foreign` (`system_tax_id`),
  CONSTRAINT `ml_set_facturacion_activity_id_foreign` FOREIGN KEY (`activity_id`) REFERENCES `activities` (`id`),
  CONSTRAINT `ml_set_facturacion_cliente_id_foreign` FOREIGN KEY (`cliente_id`) REFERENCES `persons` (`id`),
  CONSTRAINT `ml_set_facturacion_concepto_id_foreign` FOREIGN KEY (`concepto_id`) REFERENCES `fact_elec_conceptos_afip` (`id`),
  CONSTRAINT `ml_set_facturacion_cond_frente_iva_foreign` FOREIGN KEY (`cond_frente_iva`) REFERENCES `condicion_frente_al_iva` (`id`),
  CONSTRAINT `ml_set_facturacion_cond_venta_foreign` FOREIGN KEY (`cond_venta`) REFERENCES `condiciones_venta` (`id`),
  CONSTRAINT `ml_set_facturacion_person_id_foreign` FOREIGN KEY (`person_id`) REFERENCES `persons` (`id`),
  CONSTRAINT `ml_set_facturacion_punto_venta_id_foreign` FOREIGN KEY (`punto_venta_id`) REFERENCES `fact_elec_puntos_venta` (`id`),
  CONSTRAINT `ml_set_facturacion_system_tax_id_foreign` FOREIGN KEY (`system_tax_id`) REFERENCES `system_taxes` (`id`),
  CONSTRAINT `ml_set_facturacion_type_receipt_id_foreign` FOREIGN KEY (`type_receipt_id`) REFERENCES `receipt_types` (`id`),
  CONSTRAINT `ml_set_facturacion_zone_id_foreign` FOREIGN KEY (`zone_id`) REFERENCES `zones` (`id`)
) ENGINE=InnoDB DEFAULT CHARSET=utf8mb4 COLLATE=utf8mb4_unicode_ci;

--
-- Dumping data for table `ml_set_facturacion`
--


--
-- Table structure for table `monedas`
--

CREATE TABLE `monedas` (
  `id` int(10) unsigned NOT NULL AUTO_INCREMENT,
  `user_id` int(10) unsigned DEFAULT NULL,
  `moneda` text COLLATE utf8mb4_unicode_ci NOT NULL,
  `descripcion_afip` varchar(191) COLLATE utf8mb4_unicode_ci DEFAULT NULL,
  `codigo_afip` varchar(191) COLLATE utf8mb4_unicode_ci DEFAULT NULL,
  `is_default` tinyint(1) NOT NULL DEFAULT '0',
  `descripcion` varchar(191) COLLATE utf8mb4_unicode_ci NOT NULL,
  `simbolo` varchar(191) COLLATE utf8mb4_unicode_ci NOT NULL,
  `habilitado` tinyint(1) NOT NULL DEFAULT '1',
  `created_at` timestamp NULL DEFAULT NULL,
  `updated_at` timestamp NULL DEFAULT NULL,
  `deleted_at` timestamp NULL DEFAULT NULL,
  PRIMARY KEY (`id`)
) ENGINE=InnoDB AUTO_INCREMENT=6 DEFAULT CHARSET=utf8mb4 COLLATE=utf8mb4_unicode_ci;

--
-- Dumping data for table `monedas`
--

INSERT INTO `monedas` VALUES (1,NULL,'PESOS',NULL,'PES',1,'$ Pesos','$',1,'2022-06-12 23:06:51','2023-07-13 00:02:08',NULL),(2,NULL,'DOLARES','Dólar EstadoUnidense','DOL',0,'U$S Oficial Venta','USD',1,'2022-06-12 23:06:51','2023-07-13 00:02:08',NULL),(3,NULL,'DOLARES',NULL,NULL,0,'U$S Blue Venta','U$S',1,'2022-06-12 23:06:51','2023-07-13 00:02:08',NULL),(4,NULL,'DOLARES',NULL,NULL,0,'U$S Mayorista Venta','U$S',0,'2022-08-30 15:28:50','2023-07-13 00:02:08',NULL),(5,NULL,'EUROS','EURO','060',0,'Euro Oficial Venta','€',1,'2023-07-13 00:02:09','2023-07-13 00:02:09',NULL);

--
-- Table structure for table `months`
--

CREATE TABLE `months` (
  `id` int(11) NOT NULL AUTO_INCREMENT,
  `month` int(11) DEFAULT NULL,
  `date_to` varchar(6) DEFAULT NULL,
  `descripcion` varchar(191) NOT NULL,
  PRIMARY KEY (`id`)
) ENGINE=InnoDB AUTO_INCREMENT=13 DEFAULT CHARSET=latin1;

--
-- Dumping data for table `months`
--

INSERT INTO `months` VALUES (1,1,'-01-31','enero'),(2,2,'-02-28','febrero'),(3,3,'-03-31','marzo'),(4,4,'-04-30','abril'),(5,5,'-05-31','mayo'),(6,6,'-06-30','junio'),(7,7,'-07-31','julio'),(8,8,'-08-31','agosto'),(9,9,'-09-30','septiembre'),(10,10,'-10-31','octubre'),(11,11,'-11-30','noviembre'),(12,12,'-12-31','diciembre');

--
-- Table structure for table `nacionalidad`
--

CREATE TABLE `nacionalidad` (
  `id` int(10) unsigned NOT NULL AUTO_INCREMENT,
  `user_id` int(10) unsigned DEFAULT NULL,
  `descripcion` varchar(191) COLLATE utf8mb4_unicode_ci NOT NULL,
  `habilitado` tinyint(1) NOT NULL DEFAULT '1',
  `created_at` timestamp NULL DEFAULT NULL,
  `updated_at` timestamp NULL DEFAULT NULL,
  `deleted_at` timestamp NULL DEFAULT NULL,
  PRIMARY KEY (`id`),
  UNIQUE KEY `nacionalidad_descripcion_unique` (`descripcion`)
) ENGINE=InnoDB AUTO_INCREMENT=3 DEFAULT CHARSET=utf8mb4 COLLATE=utf8mb4_unicode_ci;

--
-- Dumping data for table `nacionalidad`
--

INSERT INTO `nacionalidad` VALUES (1,NULL,'Argentina',1,'2020-05-28 20:55:23','2020-05-28 20:55:23',NULL),(2,NULL,'Extranjero',1,'2020-05-28 20:55:23','2020-05-28 20:55:23',NULL);

--
-- Table structure for table `nf_cta_cte`
--

CREATE TABLE `nf_cta_cte` (
  `id` int(10) unsigned NOT NULL AUTO_INCREMENT,
  `user_id` int(10) unsigned DEFAULT NULL,
  `nf_receipt_id` int(10) unsigned DEFAULT NULL,
  `tipo_asiento_id` int(10) unsigned NOT NULL,
  `person_id` int(10) unsigned NOT NULL,
  `person_id_relationed` int(10) unsigned NOT NULL,
  `period_id` int(10) unsigned NOT NULL,
  `cta_cte_tesoreria_cuenta_id` int(10) unsigned NOT NULL,
  `saldo_id` int(10) unsigned NOT NULL,
  `compensado` tinyint(1) NOT NULL DEFAULT '0',
  `fecha` date DEFAULT NULL,
  `total` decimal(16,2) NOT NULL,
  `moneda_id` int(10) unsigned NOT NULL DEFAULT '1',
  `comentario` varchar(191) COLLATE utf8mb4_unicode_ci DEFAULT NULL,
  `file` varchar(191) COLLATE utf8mb4_unicode_ci DEFAULT NULL,
  `created_at` timestamp NULL DEFAULT NULL,
  `updated_at` timestamp NULL DEFAULT NULL,
  `deleted_at` timestamp NULL DEFAULT NULL,
  PRIMARY KEY (`id`),
  KEY `nf_cta_cte_nf_receipt_id_foreign` (`nf_receipt_id`),
  KEY `nf_cta_cte_person_id_foreign` (`person_id`),
  KEY `nf_cta_cte_person_id_relationed_foreign` (`person_id_relationed`),
  KEY `nf_cta_cte_period_id_foreign` (`period_id`),
  KEY `nf_cta_cte_cta_cte_tesoreria_cuenta_id_foreign` (`cta_cte_tesoreria_cuenta_id`),
  KEY `nf_cta_cte_saldo_id_foreign` (`saldo_id`),
  KEY `nf_cta_cte_tipo_asiento_id_foreign` (`tipo_asiento_id`),
  KEY `nf_cta_cte_moneda_id_foreign` (`moneda_id`),
  CONSTRAINT `nf_cta_cte_cta_cte_tesoreria_cuenta_id_foreign` FOREIGN KEY (`cta_cte_tesoreria_cuenta_id`) REFERENCES `cta_cte_tesoreria_cuentas` (`id`),
  CONSTRAINT `nf_cta_cte_moneda_id_foreign` FOREIGN KEY (`moneda_id`) REFERENCES `monedas` (`id`),
  CONSTRAINT `nf_cta_cte_nf_receipt_id_foreign` FOREIGN KEY (`nf_receipt_id`) REFERENCES `nf_receipts` (`id`),
  CONSTRAINT `nf_cta_cte_period_id_foreign` FOREIGN KEY (`period_id`) REFERENCES `periods` (`id`),
  CONSTRAINT `nf_cta_cte_person_id_foreign` FOREIGN KEY (`person_id`) REFERENCES `persons` (`id`),
  CONSTRAINT `nf_cta_cte_person_id_relationed_foreign` FOREIGN KEY (`person_id_relationed`) REFERENCES `persons` (`id`),
  CONSTRAINT `nf_cta_cte_saldo_id_foreign` FOREIGN KEY (`saldo_id`) REFERENCES `conta_tipo_saldos` (`id`),
  CONSTRAINT `nf_cta_cte_tipo_asiento_id_foreign` FOREIGN KEY (`tipo_asiento_id`) REFERENCES `conta_tipo_asientos` (`id`)
) ENGINE=InnoDB AUTO_INCREMENT=37 DEFAULT CHARSET=utf8mb4 COLLATE=utf8mb4_unicode_ci;

--
-- Dumping data for table `nf_cta_cte`
--

INSERT INTO `nf_cta_cte` VALUES (1,193,1,2,40722,40853,4350,13,1,0,'2022-08-01',60000.00,1,NULL,NULL,'2022-08-31 11:53:05','2022-08-31 11:53:30','2022-08-31 11:53:30'),(2,193,2,3,40722,40853,4350,57,2,0,'2022-08-02',60000.00,1,NULL,NULL,'2022-08-31 11:53:30','2022-09-23 12:03:06','2022-09-23 12:03:06'),(3,193,NULL,21,40722,40858,4350,57,1,0,'2022-09-01',272000.00,1,NULL,NULL,'2022-08-31 23:48:14','2022-09-27 11:15:02','2022-09-27 11:15:02'),(4,193,NULL,21,40722,40869,4351,57,1,0,'2022-09-01',8000000.00,1,NULL,NULL,'2022-09-01 09:45:20','2022-09-02 08:41:22','2022-09-02 08:41:22'),(5,193,3,3,40722,40853,4351,57,2,0,'2022-09-02',84000.00,1,'CELINA MATRANGOLO',NULL,'2022-09-02 08:38:02','2022-09-02 08:38:24','2022-09-02 08:38:24'),(6,193,4,3,40722,40853,4351,57,2,0,'2022-09-02',84000.00,1,'CELINA MATRANGOLO',NULL,'2022-09-02 08:38:24','2022-09-02 08:46:15','2022-09-02 08:46:15'),(7,193,5,3,40722,40853,4351,57,2,0,'2022-09-02',30000.00,1,'CELINA MATRANGOLO',NULL,'2022-09-02 08:46:15','2022-09-23 12:03:03','2022-09-23 12:03:03'),(8,193,6,2,40722,40869,4351,13,1,0,'2022-09-02',8000000.00,1,'EVENTO LAS LOMITAS 22 DE SEPTIEMBRE ',NULL,'2022-09-02 08:56:01','2022-09-27 10:15:02','2022-09-27 10:15:02'),(9,193,NULL,20,40722,40869,4351,13,2,0,'2022-09-02',2000000.00,1,NULL,NULL,'2022-09-02 08:58:35','2022-09-02 08:58:35',NULL),(10,193,7,2,40785,40871,102253,13,1,0,'2022-01-10',105000.00,1,'',NULL,'2022-09-06 19:16:57','2022-09-07 08:52:21','2022-09-07 08:52:21'),(11,193,8,2,40785,40871,102253,13,1,0,'2022-01-17',108000.00,1,'',NULL,'2022-09-06 19:17:55','2022-09-07 08:52:45','2022-09-07 08:52:45'),(12,193,9,2,40785,40871,102253,13,1,0,'2022-01-18',6000.00,1,'',NULL,'2022-09-06 19:19:02','2022-09-07 08:52:42','2022-09-07 08:52:42'),(13,193,10,2,40785,40871,102253,13,1,0,'2022-01-31',140000.00,1,'',NULL,'2022-09-06 19:19:41','2022-09-07 08:52:39','2022-09-07 08:52:39'),(14,193,11,2,40785,40871,102254,13,1,0,'2022-02-21',266500.00,1,'',NULL,'2022-09-06 19:22:09','2022-09-07 08:52:37','2022-09-07 08:52:37'),(15,193,12,2,40785,40871,102254,13,1,0,'2022-02-21',300000.00,1,'',NULL,'2022-09-06 19:22:49','2022-09-07 08:52:34','2022-09-07 08:52:34'),(16,193,13,2,40785,40871,55448,13,1,0,'2022-08-01',150000.00,1,'',NULL,'2022-09-07 07:35:00','2022-09-07 08:52:32','2022-09-07 08:52:32'),(17,193,14,2,40785,40871,55448,13,1,0,'2022-08-02',57500.00,1,'',NULL,'2022-09-07 07:35:41','2022-09-07 08:52:30','2022-09-07 08:52:30'),(18,193,15,2,40785,40915,55448,13,1,0,'2022-08-24',33000.00,1,'',NULL,'2022-09-07 07:36:36','2022-09-07 08:52:27','2022-09-07 08:52:27'),(19,193,16,2,40785,40871,55447,13,1,0,'2022-07-08',140500.00,1,'',NULL,'2022-09-07 07:40:31','2022-09-07 08:52:24','2022-09-07 08:52:24'),(20,193,17,2,40785,40871,55446,13,1,0,'2022-06-08',412000.00,1,'',NULL,'2022-09-07 07:43:00','2022-09-07 08:50:38','2022-09-07 08:50:38'),(21,193,18,2,40785,40871,55445,13,1,0,'2022-05-04',66000.00,1,'',NULL,'2022-09-07 07:43:50','2022-09-07 08:33:04','2022-09-07 08:33:04'),(22,193,19,2,40785,40871,55445,13,1,0,'2022-05-04',66000.00,1,'',NULL,'2022-09-07 08:33:04','2022-09-07 08:50:43','2022-09-07 08:50:43'),(23,193,NULL,21,40722,40869,4351,57,1,0,'2022-09-12',2000000.00,1,NULL,NULL,'2022-09-13 20:29:21','2022-09-13 20:30:19','2022-09-13 20:30:19'),(24,193,NULL,20,40722,40869,4351,13,2,0,'2022-09-12',2000000.00,1,NULL,NULL,'2022-09-13 20:31:07','2022-09-13 20:31:07',NULL),(25,193,NULL,20,40722,40869,4350,13,2,0,'2022-08-31',2420000.00,1,NULL,NULL,'2022-09-13 20:34:10','2022-09-13 20:34:10',NULL),(26,193,20,3,40852,1989,100733,57,2,0,'2022-09-15',35000.00,1,'GASTSO ESCRIBANO FUNDACION TRANSFERENCIA ROMINA',NULL,'2022-09-19 09:26:37','2022-09-19 09:27:00','2022-09-19 09:27:00'),(27,193,21,3,40852,1989,100733,57,2,0,'2022-09-15',35000.00,1,'GASTOS ESCRIBANO FUNDACION TRANSFERENCIA ROMINA',NULL,'2022-09-19 09:27:00','2022-09-19 10:13:36','2022-09-19 10:13:36'),(28,193,NULL,21,40852,1989,100733,57,1,0,'2022-09-15',1330.00,1,NULL,NULL,'2022-09-19 11:08:32','2022-10-21 10:32:16','2022-10-21 10:32:16');
INSERT INTO `nf_cta_cte` VALUES (29,193,NULL,21,40852,1989,100733,57,1,0,'2022-09-15',600.00,1,NULL,NULL,'2022-09-19 11:10:35','2022-10-21 10:32:14','2022-10-21 10:32:14'),(30,193,NULL,21,40852,1989,100733,57,1,0,'2022-09-15',21800.00,1,NULL,NULL,'2022-09-19 11:12:50','2022-10-21 10:32:10','2022-10-21 10:32:10'),(31,193,22,3,40852,1989,100733,57,2,0,'2022-09-15',45.37,1,'',NULL,'2022-09-20 08:51:53','2022-09-20 08:53:24','2022-09-20 08:53:24'),(32,193,23,3,40852,1989,100733,57,2,0,'2022-09-15',45.37,1,'',NULL,'2022-09-20 08:53:24','2022-09-20 08:54:09','2022-09-20 08:54:09'),(33,193,24,3,40852,1989,100733,57,2,0,'2022-09-15',35000.00,1,'',NULL,'2022-09-20 08:54:09','2022-09-21 08:54:22','2022-09-21 08:54:22'),(34,193,25,3,40852,1989,100733,57,2,0,'2022-09-21',26.10,1,'200 PESOS DE PROPINA\n',NULL,'2022-09-21 08:51:56','2022-09-21 08:52:27','2022-09-21 08:52:27'),(35,193,26,3,40852,1989,100733,57,2,0,'2022-09-21',2610.00,1,'200 PESOS DE PROPINA\n',NULL,'2022-09-21 08:52:27','2022-09-23 09:50:06','2022-09-23 09:50:06'),(36,193,27,2,40985,1989,138541,13,1,0,'2022-09-30',114190.00,1,'TERAPUETAS',NULL,'2022-10-25 18:58:12','2022-10-25 18:58:12',NULL);

--
-- Table structure for table `nf_cta_cte_details`
--

CREATE TABLE `nf_cta_cte_details` (
  `id` int(10) unsigned NOT NULL AUTO_INCREMENT,
  `user_id` int(10) unsigned DEFAULT NULL,
  `nf_cta_cte_id` int(10) unsigned NOT NULL,
  `person_id` int(10) unsigned DEFAULT NULL,
  `person_id_relationed` int(10) unsigned DEFAULT NULL,
  `period_id` int(10) unsigned DEFAULT NULL,
  `tipo_asiento_id` int(10) unsigned NOT NULL,
  `cta_cte_tesoreria_cuenta_id` int(10) unsigned NOT NULL,
  `saldo_id` int(10) unsigned NOT NULL,
  `monto` decimal(16,2) NOT NULL,
  `created_at` timestamp NULL DEFAULT NULL,
  `updated_at` timestamp NULL DEFAULT NULL,
  `deleted_at` timestamp NULL DEFAULT NULL,
  PRIMARY KEY (`id`),
  KEY `nf_cta_cte_details_nf_cta_cte_id_foreign` (`nf_cta_cte_id`),
  KEY `nf_cta_cte_details_person_id_foreign` (`person_id`),
  KEY `nf_cta_cte_details_person_id_relationed_foreign` (`person_id_relationed`),
  KEY `nf_cta_cte_details_period_id_foreign` (`period_id`),
  KEY `nf_cta_cte_details_tipo_asiento_id_foreign` (`tipo_asiento_id`),
  KEY `nf_cta_cte_details_cta_cte_tesoreria_cuenta_id_foreign` (`cta_cte_tesoreria_cuenta_id`),
  KEY `nf_cta_cte_details_saldo_id_foreign` (`saldo_id`),
  CONSTRAINT `nf_cta_cte_details_cta_cte_tesoreria_cuenta_id_foreign` FOREIGN KEY (`cta_cte_tesoreria_cuenta_id`) REFERENCES `cta_cte_tesoreria_cuentas` (`id`),
  CONSTRAINT `nf_cta_cte_details_nf_cta_cte_id_foreign` FOREIGN KEY (`nf_cta_cte_id`) REFERENCES `nf_cta_cte` (`id`),
  CONSTRAINT `nf_cta_cte_details_period_id_foreign` FOREIGN KEY (`period_id`) REFERENCES `periods` (`id`),
  CONSTRAINT `nf_cta_cte_details_person_id_foreign` FOREIGN KEY (`person_id`) REFERENCES `persons` (`id`),
  CONSTRAINT `nf_cta_cte_details_person_id_relationed_foreign` FOREIGN KEY (`person_id_relationed`) REFERENCES `persons` (`id`),
  CONSTRAINT `nf_cta_cte_details_saldo_id_foreign` FOREIGN KEY (`saldo_id`) REFERENCES `conta_tipo_saldos` (`id`),
  CONSTRAINT `nf_cta_cte_details_tipo_asiento_id_foreign` FOREIGN KEY (`tipo_asiento_id`) REFERENCES `conta_tipo_asientos` (`id`)
) ENGINE=InnoDB AUTO_INCREMENT=15 DEFAULT CHARSET=utf8mb4 COLLATE=utf8mb4_unicode_ci;

--
-- Dumping data for table `nf_cta_cte_details`
--

INSERT INTO `nf_cta_cte_details` VALUES (7,193,9,40722,40869,4351,20,13,2,2000000.00,'2022-09-02 08:58:35','2022-09-02 08:58:35',NULL),(8,193,9,40722,40869,4351,20,758,1,2000000.00,'2022-09-02 08:58:35','2022-09-02 08:58:35',NULL),(11,193,24,40722,40869,4351,20,13,2,2000000.00,'2022-09-13 20:31:07','2022-09-13 20:31:07',NULL),(12,193,24,40722,40869,4351,20,758,1,2000000.00,'2022-09-13 20:31:07','2022-09-13 20:31:07',NULL),(13,193,25,40722,40869,4350,20,13,2,2420000.00,'2022-09-13 20:34:10','2022-09-13 20:34:10',NULL),(14,193,25,40722,40869,4350,20,757,1,2420000.00,'2022-09-13 20:34:10','2022-09-13 20:34:10',NULL);

--
-- Table structure for table `nf_invoices`
--

CREATE TABLE `nf_invoices` (
  `id` bigint(20) unsigned NOT NULL AUTO_INCREMENT,
  `user_id` int(10) unsigned DEFAULT NULL,
  `person_id` int(10) unsigned NOT NULL,
  `person_id_relationed` int(10) unsigned NOT NULL,
  `punto_vta_id` int(10) unsigned NOT NULL,
  `period_id` int(10) unsigned NOT NULL,
  `numero` int(11) NOT NULL,
  `fecha` date NOT NULL,
  `total` decimal(16,2) NOT NULL,
  `comentario` longtext COLLATE utf8mb4_unicode_ci NOT NULL,
  `created_at` timestamp NULL DEFAULT NULL,
  `updated_at` timestamp NULL DEFAULT NULL,
  `deleted_at` timestamp NULL DEFAULT NULL,
  PRIMARY KEY (`id`),
  KEY `nf_invoices_person_id_foreign` (`person_id`),
  KEY `nf_invoices_person_id_relationed_foreign` (`person_id_relationed`),
  KEY `nf_invoices_punto_vta_id_foreign` (`punto_vta_id`),
  KEY `nf_invoices_period_id_foreign` (`period_id`),
  CONSTRAINT `nf_invoices_period_id_foreign` FOREIGN KEY (`period_id`) REFERENCES `periods` (`id`),
  CONSTRAINT `nf_invoices_person_id_foreign` FOREIGN KEY (`person_id`) REFERENCES `persons` (`id`),
  CONSTRAINT `nf_invoices_person_id_relationed_foreign` FOREIGN KEY (`person_id_relationed`) REFERENCES `persons` (`id`),
  CONSTRAINT `nf_invoices_punto_vta_id_foreign` FOREIGN KEY (`punto_vta_id`) REFERENCES `fact_elec_puntos_venta` (`id`)
) ENGINE=InnoDB AUTO_INCREMENT=9 DEFAULT CHARSET=utf8mb4 COLLATE=utf8mb4_unicode_ci;

--
-- Dumping data for table `nf_invoices`
--

INSERT INTO `nf_invoices` VALUES (8,193,40722,40853,1,4350,1,'2022-08-01',60000.00,'','2022-08-31 11:53:05','2022-08-31 11:53:05',NULL);

--
-- Table structure for table `nf_invoices_details`
--

CREATE TABLE `nf_invoices_details` (
  `id` bigint(20) unsigned NOT NULL AUTO_INCREMENT,
  `user_id` int(10) unsigned DEFAULT NULL,
  `nf_invoice_id` bigint(20) unsigned NOT NULL,
  `cantidades` decimal(16,2) NOT NULL,
  `inv_producto_id` bigint(20) unsigned DEFAULT NULL,
  `descripcion` varchar(191) COLLATE utf8mb4_unicode_ci DEFAULT NULL,
  `neto` decimal(16,2) NOT NULL,
  `desc_porc` decimal(16,2) DEFAULT NULL,
  `descuento` decimal(16,2) DEFAULT NULL,
  `subtotal` decimal(16,2) NOT NULL,
  `created_at` timestamp NULL DEFAULT NULL,
  `updated_at` timestamp NULL DEFAULT NULL,
  `deleted_at` timestamp NULL DEFAULT NULL,
  PRIMARY KEY (`id`),
  KEY `nf_invoices_details_nf_invoice_id_foreign` (`nf_invoice_id`),
  KEY `nf_invoices_details_inv_producto_id_foreign` (`inv_producto_id`),
  CONSTRAINT `nf_invoices_details_inv_producto_id_foreign` FOREIGN KEY (`inv_producto_id`) REFERENCES `inv_productos` (`id`),
  CONSTRAINT `nf_invoices_details_nf_invoice_id_foreign` FOREIGN KEY (`nf_invoice_id`) REFERENCES `nf_invoices` (`id`)
) ENGINE=InnoDB AUTO_INCREMENT=2 DEFAULT CHARSET=utf8mb4 COLLATE=utf8mb4_unicode_ci;

--
-- Dumping data for table `nf_invoices_details`
--

INSERT INTO `nf_invoices_details` VALUES (1,NULL,8,1.00,NULL,'varios',60000.00,NULL,0.00,60000.00,NULL,NULL,NULL);

--
-- Table structure for table `nf_receipts`
--

CREATE TABLE `nf_receipts` (
  `id` int(10) unsigned NOT NULL AUTO_INCREMENT,
  `user_id` int(10) unsigned NOT NULL,
  `person_id` int(10) unsigned NOT NULL,
  `person_id_relationed` int(10) unsigned NOT NULL,
  `period_id` int(10) unsigned NOT NULL,
  `type_id` int(10) unsigned NOT NULL,
  `receipt_type_id` int(10) unsigned NOT NULL,
  `fecha` date DEFAULT NULL,
  `total` decimal(16,2) NOT NULL,
  `descripcion` varchar(191) COLLATE utf8mb4_unicode_ci DEFAULT NULL,
  `comentario` varchar(191) COLLATE utf8mb4_unicode_ci DEFAULT NULL,
  `file` varchar(191) COLLATE utf8mb4_unicode_ci DEFAULT NULL,
  `created_at` timestamp NULL DEFAULT NULL,
  `updated_at` timestamp NULL DEFAULT NULL,
  `deleted_at` timestamp NULL DEFAULT NULL,
  PRIMARY KEY (`id`),
  KEY `nf_receipts_person_id_foreign` (`person_id`),
  KEY `nf_receipts_person_id_relationed_foreign` (`person_id_relationed`),
  KEY `nf_receipts_period_id_foreign` (`period_id`),
  KEY `nf_receipts_type_id_foreign` (`type_id`),
  KEY `nf_receipts_receipt_type_id_foreign` (`receipt_type_id`),
  CONSTRAINT `nf_receipts_period_id_foreign` FOREIGN KEY (`period_id`) REFERENCES `periods` (`id`),
  CONSTRAINT `nf_receipts_person_id_foreign` FOREIGN KEY (`person_id`) REFERENCES `persons` (`id`),
  CONSTRAINT `nf_receipts_person_id_relationed_foreign` FOREIGN KEY (`person_id_relationed`) REFERENCES `persons` (`id`),
  CONSTRAINT `nf_receipts_receipt_type_id_foreign` FOREIGN KEY (`receipt_type_id`) REFERENCES `receipt_types` (`id`),
  CONSTRAINT `nf_receipts_type_id_foreign` FOREIGN KEY (`type_id`) REFERENCES `types` (`id`)
) ENGINE=InnoDB AUTO_INCREMENT=28 DEFAULT CHARSET=utf8mb4 COLLATE=utf8mb4_unicode_ci;

--
-- Dumping data for table `nf_receipts`
--

INSERT INTO `nf_receipts` VALUES (1,193,40722,40853,4350,1,1,'2022-08-01',60000.00,'00000 - 00000001',NULL,NULL,'2022-08-31 11:53:05','2022-08-31 11:53:30','2022-08-31 11:53:30'),(2,193,40722,40853,4350,2,1,'2022-08-02',60000.00,'00000 - 00000001',NULL,NULL,'2022-08-31 11:53:30','2022-09-23 12:03:06','2022-09-23 12:03:06'),(3,193,40722,40853,4351,2,1,'2022-09-02',84000.00,'00011','CELINA MATRANGOLO','nf_receipt/40717/BHuWYRxDtiN3zZL7vTJPe6yu1r7GIOmXGY5QcBmM.pdf','2022-09-02 08:38:02','2022-09-02 08:38:24','2022-09-02 08:38:24'),(4,193,40722,40853,4351,2,1,'2022-09-02',84000.00,'00011-84','CELINA MATRANGOLO',NULL,'2022-09-02 08:38:24','2022-09-02 08:46:15','2022-09-02 08:46:15'),(5,193,40722,40853,4351,2,1,'2022-09-02',30000.00,'00011-84','CELINA MATRANGOLO',NULL,'2022-09-02 08:46:15','2022-09-23 12:03:03','2022-09-23 12:03:03'),(6,193,40722,40869,4351,1,1,'2022-09-02',8000000.00,'0-0','EVENTO LAS LOMITAS 22 DE SEPTIEMBRE ',NULL,'2022-09-02 08:56:01','2022-09-27 10:15:02','2022-09-27 10:15:02'),(7,193,40785,40871,102253,1,1,'2022-01-10',105000.00,'2-199','',NULL,'2022-09-06 19:16:57','2022-09-07 08:52:21','2022-09-07 08:52:21'),(8,193,40785,40871,102253,1,1,'2022-01-17',108000.00,'2-200','',NULL,'2022-09-06 19:17:55','2022-09-07 08:52:45','2022-09-07 08:52:45'),(9,193,40785,40871,102253,1,1,'2022-01-18',6000.00,'2-201','',NULL,'2022-09-06 19:19:02','2022-09-07 08:52:42','2022-09-07 08:52:42'),(10,193,40785,40871,102253,1,1,'2022-01-31',140000.00,'2-202','',NULL,'2022-09-06 19:19:41','2022-09-07 08:52:39','2022-09-07 08:52:39'),(11,193,40785,40871,102254,1,1,'2022-02-21',266500.00,'2-203','',NULL,'2022-09-06 19:22:09','2022-09-07 08:52:37','2022-09-07 08:52:37'),(12,193,40785,40871,102254,1,1,'2022-02-21',300000.00,'2-204','',NULL,'2022-09-06 19:22:49','2022-09-07 08:52:34','2022-09-07 08:52:34'),(13,193,40785,40871,55448,1,1,'2022-08-01',150000.00,'2-217','',NULL,'2022-09-07 07:35:00','2022-09-07 08:52:32','2022-09-07 08:52:32'),(14,193,40785,40871,55448,1,1,'2022-08-02',57500.00,'2-2019','',NULL,'2022-09-07 07:35:41','2022-09-07 08:52:30','2022-09-07 08:52:30'),(15,193,40785,40915,55448,1,1,'2022-08-24',33000.00,'2-219','',NULL,'2022-09-07 07:36:36','2022-09-07 08:52:27','2022-09-07 08:52:27'),(16,193,40785,40871,55447,1,1,'2022-07-08',140500.00,'2-216','',NULL,'2022-09-07 07:40:31','2022-09-07 08:52:24','2022-09-07 08:52:24'),(17,193,40785,40871,55446,1,1,'2022-06-08',412000.00,'2-215','',NULL,'2022-09-07 07:43:00','2022-09-07 08:50:38','2022-09-07 08:50:38'),(18,193,40785,40871,55445,1,1,'2022-05-04',66000.00,'2-214','',NULL,'2022-09-07 07:43:50','2022-09-07 08:33:04','2022-09-07 08:33:04'),(19,193,40785,40871,55445,1,1,'2022-05-04',66000.00,'2-214','',NULL,'2022-09-07 08:33:04','2022-09-07 08:50:43','2022-09-07 08:50:43'),(20,193,40852,1989,100733,2,1,'2022-09-15',35000.00,'59804537','GASTSO ESCRIBANO FUNDACION TRANSFERENCIA ROMINA','nf_receipt/40717/spFo2lu66BOkoE8WUB5SOEF74FKdOlhv7BOXFlMq.jpg','2022-09-19 09:26:37','2022-09-19 09:27:00','2022-09-19 09:27:00'),(21,193,40852,1989,100733,2,1,'2022-09-15',35000.00,'59804537','GASTOS ESCRIBANO FUNDACION TRANSFERENCIA ROMINA',NULL,'2022-09-19 09:27:00','2022-09-19 10:13:36','2022-09-19 10:13:36'),(22,193,40852,1989,100733,2,1,'2022-09-15',45.37,'598','','nf_receipt/40717/8ZQd5h4MKDZZTw7DtD0ZNeo6h3kPBLJp5N96qzw7.jpg','2022-09-20 08:51:53','2022-09-20 08:53:24','2022-09-20 08:53:24'),(23,193,40852,1989,100733,2,1,'2022-09-15',45.37,'598','',NULL,'2022-09-20 08:53:24','2022-09-20 08:54:09','2022-09-20 08:54:09'),(24,193,40852,1989,100733,2,1,'2022-09-15',35000.00,'59804537','','nf_receipt/40717/etFzjW4HI7gFq2WGSLJ4uiVBoMHaHUGkJis1LnKM.jpg','2022-09-20 08:54:09','2022-09-21 08:54:22','2022-09-21 08:54:22'),(25,193,40852,1989,100733,2,1,'2022-09-21',26.10,'25977010100','200 PESOS DE PROPINA\n','nf_receipt/40717/xptSMHrLXCZSHmbL6dDxGQ3brNFmcYjSZ0ZHWSkp.jpg','2022-09-21 08:51:56','2022-09-21 08:52:27','2022-09-21 08:52:27');
INSERT INTO `nf_receipts` VALUES (26,193,40852,1989,100733,2,1,'2022-09-21',2610.00,'25977010100','200 PESOS DE PROPINA\n',NULL,'2022-09-21 08:52:27','2022-09-23 09:50:06','2022-09-23 09:50:06'),(27,193,40985,1989,138541,1,1,'2022-09-30',114190.00,'1','TERAPUETAS',NULL,'2022-10-25 18:58:12','2022-10-25 18:58:12',NULL);

--
-- Table structure for table `notif`
--

CREATE TABLE `notif` (
  `id` int(10) unsigned NOT NULL AUTO_INCREMENT,
  `user_id` int(10) unsigned DEFAULT NULL,
  `send_notif_user_person_id` int(10) unsigned NOT NULL,
  `recept_notif_user_person_id` int(10) unsigned NOT NULL,
  `fecha` datetime NOT NULL DEFAULT '2020-01-23 18:56:25',
  `fecha_vto` datetime DEFAULT NULL,
  `leido` tinyint(1) NOT NULL DEFAULT '0',
  `pendiente` tinyint(1) NOT NULL DEFAULT '0',
  `asunto` varchar(191) COLLATE utf8mb4_unicode_ci DEFAULT NULL,
  `created_at` timestamp NULL DEFAULT NULL,
  `updated_at` timestamp NULL DEFAULT NULL,
  `deleted_at` timestamp NULL DEFAULT NULL,
  PRIMARY KEY (`id`),
  KEY `notif_send_notif_user_person_id_foreign` (`send_notif_user_person_id`),
  KEY `notif_recept_notif_user_person_id_foreign` (`recept_notif_user_person_id`),
  CONSTRAINT `notif_recept_notif_user_person_id_foreign` FOREIGN KEY (`recept_notif_user_person_id`) REFERENCES `notif_users_persons` (`id`),
  CONSTRAINT `notif_send_notif_user_person_id_foreign` FOREIGN KEY (`send_notif_user_person_id`) REFERENCES `notif_users_persons` (`id`)
) ENGINE=InnoDB DEFAULT CHARSET=utf8mb4 COLLATE=utf8mb4_unicode_ci;

--
-- Dumping data for table `notif`
--


--
-- Table structure for table `notif_detail`
--

CREATE TABLE `notif_detail` (
  `id` int(10) unsigned NOT NULL AUTO_INCREMENT,
  `user_id` int(10) unsigned DEFAULT NULL,
  `notificacion_id` int(10) unsigned NOT NULL,
  `notif_respuesta_id` int(10) unsigned DEFAULT NULL,
  `send_notif_user_person_id` int(10) unsigned NOT NULL,
  `recept_notif_user_person_id` int(10) unsigned NOT NULL,
  `fecha` datetime NOT NULL DEFAULT '2020-01-23 18:56:25',
  `body` text COLLATE utf8mb4_unicode_ci,
  `adjunto` text COLLATE utf8mb4_unicode_ci,
  `send_email` tinyint(1) NOT NULL DEFAULT '0',
  `is_respuesta` tinyint(1) NOT NULL DEFAULT '0',
  `created_at` timestamp NULL DEFAULT NULL,
  `updated_at` timestamp NULL DEFAULT NULL,
  `deleted_at` timestamp NULL DEFAULT NULL,
  PRIMARY KEY (`id`),
  KEY `notif_detail_send_notif_user_person_id_foreign` (`send_notif_user_person_id`),
  KEY `notif_detail_recept_notif_user_person_id_foreign` (`recept_notif_user_person_id`),
  KEY `notif_detail_notificacion_id_foreign` (`notificacion_id`),
  KEY `notif_detail_notif_respuesta_id_foreign` (`notif_respuesta_id`),
  CONSTRAINT `notif_detail_notif_respuesta_id_foreign` FOREIGN KEY (`notif_respuesta_id`) REFERENCES `notif_respuestas` (`id`),
  CONSTRAINT `notif_detail_notificacion_id_foreign` FOREIGN KEY (`notificacion_id`) REFERENCES `notif` (`id`),
  CONSTRAINT `notif_detail_recept_notif_user_person_id_foreign` FOREIGN KEY (`recept_notif_user_person_id`) REFERENCES `notif_users_persons` (`id`),
  CONSTRAINT `notif_detail_send_notif_user_person_id_foreign` FOREIGN KEY (`send_notif_user_person_id`) REFERENCES `notif_users_persons` (`id`)
) ENGINE=InnoDB DEFAULT CHARSET=utf8mb4 COLLATE=utf8mb4_unicode_ci;

--
-- Dumping data for table `notif_detail`
--


--
-- Table structure for table `notif_respuestas`
--

CREATE TABLE `notif_respuestas` (
  `id` int(10) unsigned NOT NULL AUTO_INCREMENT,
  `user_id` int(10) unsigned DEFAULT NULL,
  `send_notif_user_person_id` int(10) unsigned NOT NULL,
  `recept_notif_user_person_id` int(10) unsigned NOT NULL,
  `notif_id` int(10) unsigned DEFAULT NULL,
  `fecha` datetime NOT NULL DEFAULT '2020-01-23 18:56:25',
  `fecha_vto` datetime DEFAULT NULL,
  `leido` tinyint(1) NOT NULL DEFAULT '0',
  `asunto` varchar(191) COLLATE utf8mb4_unicode_ci DEFAULT NULL,
  `created_at` timestamp NULL DEFAULT NULL,
  `updated_at` timestamp NULL DEFAULT NULL,
  `deleted_at` timestamp NULL DEFAULT NULL,
  PRIMARY KEY (`id`),
  KEY `notif_respuestas_send_notif_user_person_id_foreign` (`send_notif_user_person_id`),
  KEY `notif_respuestas_recept_notif_user_person_id_foreign` (`recept_notif_user_person_id`),
  KEY `notif_respuestas_notif_id_foreign` (`notif_id`),
  CONSTRAINT `notif_respuestas_notif_id_foreign` FOREIGN KEY (`notif_id`) REFERENCES `notif` (`id`),
  CONSTRAINT `notif_respuestas_recept_notif_user_person_id_foreign` FOREIGN KEY (`recept_notif_user_person_id`) REFERENCES `notif_users_persons` (`id`),
  CONSTRAINT `notif_respuestas_send_notif_user_person_id_foreign` FOREIGN KEY (`send_notif_user_person_id`) REFERENCES `notif_users_persons` (`id`)
) ENGINE=InnoDB DEFAULT CHARSET=utf8mb4 COLLATE=utf8mb4_unicode_ci;

--
-- Dumping data for table `notif_respuestas`
--


--
-- Table structure for table `notif_users_persons`
--

CREATE TABLE `notif_users_persons` (
  `id` int(10) unsigned NOT NULL AUTO_INCREMENT,
  `user_id` int(10) unsigned NOT NULL,
  `person_id` int(10) unsigned NOT NULL,
  `parent_person_id` int(10) unsigned NOT NULL,
  `created_at` timestamp NULL DEFAULT NULL,
  `updated_at` timestamp NULL DEFAULT NULL,
  `deleted_at` timestamp NULL DEFAULT NULL,
  PRIMARY KEY (`id`),
  KEY `notif_users_persons_user_id_foreign` (`user_id`),
  KEY `notif_users_persons_person_id_foreign` (`person_id`),
  KEY `notif_users_persons_parent_person_id_foreign` (`parent_person_id`),
  CONSTRAINT `notif_users_persons_parent_person_id_foreign` FOREIGN KEY (`parent_person_id`) REFERENCES `persons` (`id`),
  CONSTRAINT `notif_users_persons_person_id_foreign` FOREIGN KEY (`person_id`) REFERENCES `persons` (`id`),
  CONSTRAINT `notif_users_persons_user_id_foreign` FOREIGN KEY (`user_id`) REFERENCES `tusers` (`idUser`)
) ENGINE=InnoDB DEFAULT CHARSET=utf8mb4 COLLATE=utf8mb4_unicode_ci;

--
-- Dumping data for table `notif_users_persons`
--


--
-- Table structure for table `obl_anual_conceptos`
--

CREATE TABLE `obl_anual_conceptos` (
  `id` int(10) unsigned NOT NULL AUTO_INCREMENT,
  `user_id` int(10) unsigned DEFAULT NULL,
  `nombre` varchar(191) COLLATE utf8mb4_unicode_ci NOT NULL,
  `created_at` timestamp NULL DEFAULT NULL,
  `updated_at` timestamp NULL DEFAULT NULL,
  `deleted_at` timestamp NULL DEFAULT NULL,
  PRIMARY KEY (`id`)
) ENGINE=InnoDB AUTO_INCREMENT=10 DEFAULT CHARSET=utf8mb4 COLLATE=utf8mb4_unicode_ci;

--
-- Dumping data for table `obl_anual_conceptos`
--

INSERT INTO `obl_anual_conceptos` VALUES (1,NULL,'Balance','2019-11-29 18:37:49','2019-11-29 18:37:49',NULL),(2,NULL,'Ganancias','2019-11-29 18:37:49','2019-11-29 18:37:49',NULL),(3,NULL,'Acc y Part Soc','2019-11-29 18:37:49','2019-11-29 18:37:49',NULL),(4,NULL,'Part Soc Informativa','2019-11-29 18:37:49','2019-11-29 18:37:49',NULL),(5,NULL,'IGJ Balance','2019-11-29 18:37:49','2019-11-29 18:37:49',NULL),(6,NULL,'TASAS IGJ','2019-11-29 18:37:49','2019-11-29 18:37:49',NULL),(7,NULL,'Auditoria','2019-11-29 18:37:49','2019-11-29 18:37:49',NULL),(8,NULL,'Libros Societarios','2019-11-29 18:37:49','2019-11-29 18:37:49',NULL),(9,NULL,'CM 05','2019-11-29 18:37:49','2019-11-29 18:37:49',NULL);

--
-- Table structure for table `obl_anual_registros`
--

CREATE TABLE `obl_anual_registros` (
  `id` int(10) unsigned NOT NULL AUTO_INCREMENT,
  `user_id` int(10) unsigned DEFAULT NULL,
  `anio` int(10) unsigned NOT NULL,
  `person_id` int(10) unsigned NOT NULL,
  `obl_anual_concepto_id` int(10) unsigned NOT NULL,
  `cumplido` tinyint(1) NOT NULL DEFAULT '0',
  `created_at` timestamp NULL DEFAULT NULL,
  `updated_at` timestamp NULL DEFAULT NULL,
  `deleted_at` timestamp NULL DEFAULT NULL,
  PRIMARY KEY (`id`),
  KEY `obl_anual_registros_person_id_foreign` (`person_id`),
  KEY `obl_anual_registros_obl_anual_concepto_id_foreign` (`obl_anual_concepto_id`),
  CONSTRAINT `obl_anual_registros_obl_anual_concepto_id_foreign` FOREIGN KEY (`obl_anual_concepto_id`) REFERENCES `obl_anual_conceptos` (`id`) ON DELETE CASCADE,
  CONSTRAINT `obl_anual_registros_person_id_foreign` FOREIGN KEY (`person_id`) REFERENCES `persons` (`id`)
) ENGINE=InnoDB AUTO_INCREMENT=118 DEFAULT CHARSET=utf8mb4 COLLATE=utf8mb4_unicode_ci;

--
-- Dumping data for table `obl_anual_registros`
--

INSERT INTO `obl_anual_registros` VALUES (1,193,2021,2141,1,0,'2021-10-24 09:38:16','2021-10-24 09:38:16',NULL),(2,193,2021,2141,2,0,'2021-10-24 09:38:16','2021-10-24 09:38:16',NULL),(3,193,2021,2141,3,0,'2021-10-24 09:38:16','2021-10-24 09:38:16',NULL),(4,193,2021,2141,4,0,'2021-10-24 09:38:16','2021-10-24 09:38:16',NULL),(5,193,2021,2141,5,0,'2021-10-24 09:38:16','2021-10-24 09:38:16',NULL),(6,193,2021,2141,6,0,'2021-10-24 09:38:16','2021-10-24 09:38:16',NULL),(7,193,2021,2141,7,0,'2021-10-24 09:38:16','2021-10-24 09:38:16',NULL),(8,193,2021,2141,8,0,'2021-10-24 09:38:16','2021-10-24 09:38:16',NULL),(9,193,2021,2141,9,0,'2021-10-24 09:38:16','2021-10-24 09:38:16',NULL),(10,193,2022,2141,1,0,'2022-01-01 09:04:30','2022-01-01 09:04:30',NULL),(11,193,2022,2141,2,0,'2022-01-01 09:04:30','2022-01-01 09:04:30',NULL),(12,193,2022,2141,3,0,'2022-01-01 09:04:30','2022-01-01 09:04:30',NULL),(13,193,2022,2141,4,0,'2022-01-01 09:04:30','2022-01-01 09:04:30',NULL),(14,193,2022,2141,5,0,'2022-01-01 09:04:30','2022-01-01 09:04:30',NULL),(15,193,2022,2141,6,0,'2022-01-01 09:04:30','2022-01-01 09:04:30',NULL),(16,193,2022,2141,7,0,'2022-01-01 09:04:30','2022-01-01 09:04:30',NULL),(17,193,2022,2141,8,0,'2022-01-01 09:04:30','2022-01-01 09:04:30',NULL),(18,193,2022,2141,9,0,'2022-01-01 09:04:30','2022-01-01 09:04:30',NULL),(28,193,2022,40994,1,0,'2022-10-03 20:00:04','2022-10-03 20:00:04',NULL),(29,193,2022,40994,2,0,'2022-10-03 20:00:04','2022-10-03 20:00:04',NULL),(30,193,2022,40994,3,0,'2022-10-03 20:00:04','2022-10-03 20:00:04',NULL),(31,193,2022,40994,4,0,'2022-10-03 20:00:04','2022-10-03 20:00:04',NULL),(32,193,2022,40994,5,0,'2022-10-03 20:00:04','2022-10-03 20:00:04',NULL),(33,193,2022,40994,6,0,'2022-10-03 20:00:04','2022-10-03 20:00:04',NULL),(34,193,2022,40994,7,0,'2022-10-03 20:00:04','2022-10-03 20:00:04',NULL),(35,193,2022,40994,8,0,'2022-10-03 20:00:04','2022-10-03 20:00:04',NULL),(36,193,2022,40994,9,0,'2022-10-03 20:00:04','2022-10-03 20:00:04',NULL),(37,193,2022,41125,1,0,'2022-10-03 20:00:04','2022-10-03 20:00:04',NULL),(38,193,2022,41125,2,0,'2022-10-03 20:00:04','2022-10-03 20:00:04',NULL),(39,193,2022,41125,3,0,'2022-10-03 20:00:04','2022-10-03 20:00:04',NULL),(40,193,2022,41125,4,0,'2022-10-03 20:00:04','2022-10-03 20:00:04',NULL),(41,193,2022,41125,5,0,'2022-10-03 20:00:04','2022-10-03 20:00:04',NULL),(42,193,2022,41125,6,0,'2022-10-03 20:00:04','2022-10-03 20:00:04',NULL),(43,193,2022,41125,7,0,'2022-10-03 20:00:04','2022-10-03 20:00:04',NULL),(44,193,2022,41125,8,0,'2022-10-03 20:00:05','2022-10-03 20:00:05',NULL),(45,193,2022,41125,9,0,'2022-10-03 20:00:05','2022-10-03 20:00:05',NULL),(46,193,2022,41498,1,0,'2022-10-27 17:48:27','2022-10-27 17:48:27',NULL),(47,193,2022,41498,2,0,'2022-10-27 17:48:27','2022-10-27 17:48:27',NULL),(48,193,2022,41498,3,0,'2022-10-27 17:48:27','2022-10-27 17:48:27',NULL),(49,193,2022,41498,4,0,'2022-10-27 17:48:27','2022-10-27 17:48:27',NULL),(50,193,2022,41498,5,0,'2022-10-27 17:48:27','2022-10-27 17:48:27',NULL),(51,193,2022,41498,6,0,'2022-10-27 17:48:27','2022-10-27 17:48:27',NULL),(52,193,2022,41498,7,0,'2022-10-27 17:48:27','2022-10-27 17:48:27',NULL),(53,193,2022,41498,8,0,'2022-10-27 17:48:27','2022-10-27 17:48:27',NULL),(54,193,2022,41498,9,0,'2022-10-27 17:48:27','2022-10-27 17:48:27',NULL),(55,193,2022,41126,1,0,'2022-11-04 10:19:34','2022-11-04 10:19:34',NULL),(56,193,2022,41126,2,0,'2022-11-04 10:19:34','2022-11-04 10:19:34',NULL),(57,193,2022,41126,3,0,'2022-11-04 10:19:34','2022-11-04 10:19:34',NULL),(58,193,2022,41126,4,0,'2022-11-04 10:19:34','2022-11-04 10:19:34',NULL),(59,193,2022,41126,5,0,'2022-11-04 10:19:34','2022-11-04 10:19:34',NULL),(60,193,2022,41126,6,0,'2022-11-04 10:19:34','2022-11-04 10:19:34',NULL),(61,193,2022,41126,7,0,'2022-11-04 10:19:34','2022-11-04 10:19:34',NULL),(62,193,2022,41126,8,0,'2022-11-04 10:19:34','2022-11-04 10:19:34',NULL),(63,193,2022,41126,9,0,'2022-11-04 10:19:34','2022-11-04 10:19:34',NULL),(64,193,2023,2141,1,0,'2023-01-07 18:40:34','2023-01-07 18:40:34',NULL);
INSERT INTO `obl_anual_registros` VALUES (65,193,2023,2141,2,0,'2023-01-07 18:40:34','2023-01-07 18:40:34',NULL),(66,193,2023,2141,3,0,'2023-01-07 18:40:34','2023-01-07 18:40:34',NULL),(67,193,2023,2141,4,0,'2023-01-07 18:40:34','2023-01-07 18:40:34',NULL),(68,193,2023,2141,5,0,'2023-01-07 18:40:34','2023-01-07 18:40:34',NULL),(69,193,2023,2141,6,0,'2023-01-07 18:40:34','2023-01-07 18:40:34',NULL),(70,193,2023,2141,7,0,'2023-01-07 18:40:34','2023-01-07 18:40:34',NULL),(71,193,2023,2141,8,0,'2023-01-07 18:40:34','2023-01-07 18:40:34',NULL),(72,193,2023,2141,9,0,'2023-01-07 18:40:34','2023-01-07 18:40:34',NULL),(73,193,2023,40994,1,0,'2023-01-07 18:40:34','2023-01-07 18:40:34',NULL),(74,193,2023,40994,2,0,'2023-01-07 18:40:34','2023-01-07 18:40:34',NULL),(75,193,2023,40994,3,0,'2023-01-07 18:40:34','2023-01-07 18:40:34',NULL),(76,193,2023,40994,4,0,'2023-01-07 18:40:34','2023-01-07 18:40:34',NULL),(77,193,2023,40994,5,0,'2023-01-07 18:40:34','2023-01-07 18:40:34',NULL),(78,193,2023,40994,6,0,'2023-01-07 18:40:34','2023-01-07 18:40:34',NULL),(79,193,2023,40994,7,0,'2023-01-07 18:40:34','2023-01-07 18:40:34',NULL),(80,193,2023,40994,8,0,'2023-01-07 18:40:34','2023-01-07 18:40:34',NULL),(81,193,2023,40994,9,0,'2023-01-07 18:40:34','2023-01-07 18:40:34',NULL),(82,193,2023,41125,1,0,'2023-01-07 18:40:34','2023-01-07 18:40:34',NULL),(83,193,2023,41125,2,0,'2023-01-07 18:40:34','2023-01-07 18:40:34',NULL),(84,193,2023,41125,3,0,'2023-01-07 18:40:34','2023-01-07 18:40:34',NULL),(85,193,2023,41125,4,0,'2023-01-07 18:40:34','2023-01-07 18:40:34',NULL),(86,193,2023,41125,5,0,'2023-01-07 18:40:34','2023-01-07 18:40:34',NULL),(87,193,2023,41125,6,0,'2023-01-07 18:40:34','2023-01-07 18:40:34',NULL),(88,193,2023,41125,7,0,'2023-01-07 18:40:34','2023-01-07 18:40:34',NULL),(89,193,2023,41125,8,0,'2023-01-07 18:40:34','2023-01-07 18:40:34',NULL),(90,193,2023,41125,9,0,'2023-01-07 18:40:34','2023-01-07 18:40:34',NULL),(91,193,2023,41126,1,0,'2023-01-07 18:40:34','2023-01-07 18:40:34',NULL),(92,193,2023,41126,2,0,'2023-01-07 18:40:34','2023-01-07 18:40:34',NULL),(93,193,2023,41126,3,0,'2023-01-07 18:40:34','2023-01-07 18:40:34',NULL),(94,193,2023,41126,4,0,'2023-01-07 18:40:34','2023-01-07 18:40:34',NULL),(95,193,2023,41126,5,0,'2023-01-07 18:40:34','2023-01-07 18:40:34',NULL),(96,193,2023,41126,6,0,'2023-01-07 18:40:34','2023-01-07 18:40:34',NULL),(97,193,2023,41126,7,0,'2023-01-07 18:40:34','2023-01-07 18:40:34',NULL),(98,193,2023,41126,8,0,'2023-01-07 18:40:34','2023-01-07 18:40:34',NULL),(99,193,2023,41126,9,0,'2023-01-07 18:40:34','2023-01-07 18:40:34',NULL),(100,193,2023,41498,1,0,'2023-01-07 18:40:34','2023-01-07 18:40:34',NULL),(101,193,2023,41498,2,0,'2023-01-07 18:40:34','2023-01-07 18:40:34',NULL),(102,193,2023,41498,3,0,'2023-01-07 18:40:34','2023-01-07 18:40:34',NULL),(103,193,2023,41498,4,0,'2023-01-07 18:40:34','2023-01-07 18:40:34',NULL),(104,193,2023,41498,5,0,'2023-01-07 18:40:34','2023-01-07 18:40:34',NULL),(105,193,2023,41498,6,0,'2023-01-07 18:40:34','2023-01-07 18:40:34',NULL),(106,193,2023,41498,7,0,'2023-01-07 18:40:34','2023-01-07 18:40:34',NULL),(107,193,2023,41498,8,0,'2023-01-07 18:40:34','2023-01-07 18:40:34',NULL),(108,193,2023,41498,9,0,'2023-01-07 18:40:35','2023-01-07 18:40:35',NULL),(109,193,2023,41656,1,0,'2023-01-29 11:05:58','2023-01-29 11:05:58',NULL),(110,193,2023,41656,2,0,'2023-01-29 11:05:58','2023-01-29 11:05:58',NULL),(111,193,2023,41656,3,0,'2023-01-29 11:05:58','2023-01-29 11:05:58',NULL),(112,193,2023,41656,4,0,'2023-01-29 11:05:58','2023-01-29 11:05:58',NULL),(113,193,2023,41656,5,0,'2023-01-29 11:05:58','2023-01-29 11:05:58',NULL),(114,193,2023,41656,6,0,'2023-01-29 11:05:58','2023-01-29 11:05:58',NULL),(115,193,2023,41656,7,0,'2023-01-29 11:05:58','2023-01-29 11:05:58',NULL),(116,193,2023,41656,8,0,'2023-01-29 11:05:58','2023-01-29 11:05:58',NULL),(117,193,2023,41656,9,0,'2023-01-29 11:05:58','2023-01-29 11:05:58',NULL);

--
-- Table structure for table `other_taxes`
--

CREATE TABLE `other_taxes` (
  `id` int(10) unsigned NOT NULL AUTO_INCREMENT,
  `created_at` timestamp NULL DEFAULT NULL,
  `updated_at` timestamp NULL DEFAULT NULL,
  `name` varchar(255) COLLATE utf8mb4_unicode_ci NOT NULL,
  `section` varchar(255) COLLATE utf8mb4_unicode_ci NOT NULL,
  `percent_tax` decimal(16,2) NOT NULL DEFAULT '0.00',
  `zone_id` int(10) unsigned DEFAULT NULL,
  `aliases` varchar(255) COLLATE utf8mb4_unicode_ci DEFAULT NULL,
  `section_name` varchar(255) COLLATE utf8mb4_unicode_ci DEFAULT NULL,
  `plan_cuenta_id` int(10) unsigned NOT NULL DEFAULT '1',
  PRIMARY KEY (`id`),
  KEY `other_taxes_plan_cuenta_id_foreign` (`plan_cuenta_id`),
  CONSTRAINT `other_taxes_plan_cuenta_id_foreign` FOREIGN KEY (`plan_cuenta_id`) REFERENCES `conta_plan_cuenta` (`id`)
) ENGINE=InnoDB AUTO_INCREMENT=1034 DEFAULT CHARSET=utf8mb4 COLLATE=utf8mb4_unicode_ci;

--
-- Dumping data for table `other_taxes`
--

INSERT INTO `other_taxes` VALUES (1000,NULL,NULL,'Perc IVA -RG3337','iva',0.00,NULL,NULL,'IVA',220),(1001,NULL,NULL,'Imps. Internos','gas',0.00,NULL,NULL,'Imp. Combustibles',221),(1002,NULL,NULL,'Imp. Gasoil','gas',0.00,NULL,NULL,'Imp. Combustibles',222),(1003,NULL,NULL,'Imp. Hídricos','gas',0.00,NULL,NULL,'Imp. Combustibles',223),(1004,NULL,NULL,'ITC','gas',0.00,NULL,NULL,'Imp. Combustibles',224),(1005,NULL,NULL,'Perc IIBB  Buenos Aires','iibb',0.00,23,NULL,'IIBB',225),(1006,NULL,NULL,'Perc IIBB  Capital Federal','iibb',0.00,22,NULL,'IIBB',226),(1007,NULL,NULL,'Perc IIBB  Catamarca','iibb',0.00,24,NULL,'IIBB',227),(1008,NULL,NULL,'Perc IIBB  Chaco','iibb',0.00,3,NULL,'IIBB',228),(1009,NULL,NULL,'Perc IIBB  Chubut','iibb',0.00,4,NULL,'IIBB',229),(1010,NULL,NULL,'Perc IIBB  Córdoba','iibb',0.00,1,NULL,'IIBB',230),(1011,NULL,NULL,'Perc IIBB  Corrientes','iibb',0.00,2,NULL,'IIBB',231),(1012,NULL,NULL,'Perc IIBB  Entre Ríos','iibb',0.00,5,NULL,'IIBB',232),(1013,NULL,NULL,'Perc IIBB  Formosa','iibb',0.00,6,NULL,'IIBB',233),(1014,NULL,NULL,'Perc IIBB  Jujuy','iibb',0.00,7,NULL,'IIBB',234),(1015,NULL,NULL,'Perc IIBB  La Pampa','iibb',0.00,8,NULL,'IIBB',235),(1016,NULL,NULL,'Perc IIBB  La Rioja','iibb',0.00,9,NULL,'IIBB',236),(1017,NULL,NULL,'Perc IIBB  Mendoza','iibb',0.00,10,NULL,'IIBB',237),(1018,NULL,NULL,'Perc IIBB  Misiones','iibb',0.00,11,NULL,'IIBB',238),(1019,NULL,NULL,'Perc IIBB  Neuquén','iibb',0.00,12,NULL,'IIBB',239),(1020,NULL,NULL,'Perc IIBB  Pascua Lama','iibb',0.00,25,NULL,'IIBB',240),(1021,NULL,NULL,'Perc IIBB  Río Negro','iibb',0.00,13,NULL,'IIBB',241),(1022,NULL,NULL,'Perc IIBB  Salta','iibb',0.00,14,NULL,'IIBB',242),(1023,NULL,NULL,'Perc IIBB  San Juan','iibb',0.00,15,NULL,'IIBB',243),(1024,NULL,NULL,'Perc IIBB  San Luis','iibb',0.00,16,NULL,'IIBB',244),(1025,NULL,NULL,'Perc IIBB  Santa Cruz','iibb',0.00,17,NULL,'IIBB',245),(1026,NULL,NULL,'Perc IIBB  Santa Fe','iibb',0.00,18,NULL,'IIBB',246),(1027,NULL,NULL,'Perc IIBB  Santiago del Estero','iibb',0.00,19,NULL,'IIBB',247),(1028,NULL,NULL,'Perc IIBB  Tierra del Fuego','iibb',0.00,20,NULL,'IIBB',248),(1029,NULL,NULL,'Perc IIBB  Tucuman','iibb',0.00,21,NULL,'IIBB',249),(1030,'2019-05-03 03:33:05','2019-05-03 03:33:05','CO2 - Imp. Al Carbono','gas',0.00,NULL,NULL,'Imp. Combustibles',478),(1031,'2022-09-09 07:54:27','2022-09-09 07:54:27','Imp. Municipales','gas',0.00,NULL,NULL,'Imp. Combustibles',215),(1032,'2022-09-09 07:54:27','2022-09-09 07:54:27','Perc/Ret. Imp. Ganancias','gas',0.00,NULL,NULL,'Imp. Combustibles',216),(1033,'2023-10-12 08:08:55','2023-10-12 08:08:55','Redondeo','redondeo',0.00,NULL,NULL,'Redondeo',136);

--
-- Table structure for table `pais`
--

CREATE TABLE `pais` (
  `id` int(10) unsigned NOT NULL AUTO_INCREMENT,
  `user_id` int(10) unsigned DEFAULT NULL,
  `codigo` int(10) unsigned DEFAULT NULL,
  `descripcion` varchar(191) COLLATE utf8mb4_unicode_ci NOT NULL,
  `habilitado` tinyint(1) NOT NULL DEFAULT '1',
  `created_at` timestamp NULL DEFAULT NULL,
  `updated_at` timestamp NULL DEFAULT NULL,
  `deleted_at` timestamp NULL DEFAULT NULL,
  PRIMARY KEY (`id`),
  UNIQUE KEY `pais_descripcion_unique` (`descripcion`),
  UNIQUE KEY `pais_codigo_unique` (`codigo`)
) ENGINE=InnoDB AUTO_INCREMENT=249 DEFAULT CHARSET=utf8mb4 COLLATE=utf8mb4_unicode_ci;

--
-- Dumping data for table `pais`
--

INSERT INTO `pais` VALUES (1,NULL,NULL,'Argentina',1,'2020-05-28 20:55:22','2020-05-28 20:55:22',NULL),(2,NULL,NULL,'Afghanistan',1,'2020-05-28 20:55:22','2020-05-28 20:55:22',NULL),(3,NULL,NULL,'Albania',1,'2020-05-28 20:55:22','2020-05-28 20:55:22',NULL),(4,NULL,NULL,'Alemania',1,'2020-05-28 20:55:22','2020-05-28 20:55:22',NULL),(5,NULL,NULL,'Algeria',1,'2020-05-28 20:55:22','2020-05-28 20:55:22',NULL),(6,NULL,NULL,'Andorra',1,'2020-05-28 20:55:22','2020-05-28 20:55:22',NULL),(7,NULL,NULL,'Angola',1,'2020-05-28 20:55:22','2020-05-28 20:55:22',NULL),(8,NULL,NULL,'Anguila',1,'2020-05-28 20:55:22','2020-05-28 20:55:22',NULL),(9,NULL,NULL,'Antártida',1,'2020-05-28 20:55:22','2020-05-28 20:55:22',NULL),(10,NULL,NULL,'Antigua y Barbuda',1,'2020-05-28 20:55:22','2020-05-28 20:55:22',NULL),(11,NULL,NULL,'Arabia Saudita',1,'2020-05-28 20:55:22','2020-05-28 20:55:22',NULL),(12,NULL,NULL,'Armenia',1,'2020-05-28 20:55:22','2020-05-28 20:55:22',NULL),(13,NULL,NULL,'Aruba',1,'2020-05-28 20:55:22','2020-05-28 20:55:22',NULL),(14,NULL,NULL,'Australia',1,'2020-05-28 20:55:22','2020-05-28 20:55:22',NULL),(15,NULL,NULL,'Austria',1,'2020-05-28 20:55:22','2020-05-28 20:55:22',NULL),(16,NULL,NULL,'Azerbaiyán',1,'2020-05-28 20:55:22','2020-05-28 20:55:22',NULL),(17,NULL,NULL,'Bélgica',1,'2020-05-28 20:55:22','2020-05-28 20:55:22',NULL),(18,NULL,NULL,'Bahamas',1,'2020-05-28 20:55:22','2020-05-28 20:55:22',NULL),(19,NULL,NULL,'Bahrein',1,'2020-05-28 20:55:22','2020-05-28 20:55:22',NULL),(20,NULL,NULL,'Bangladesh',1,'2020-05-28 20:55:22','2020-05-28 20:55:22',NULL),(21,NULL,NULL,'Barbados',1,'2020-05-28 20:55:22','2020-05-28 20:55:22',NULL),(22,NULL,NULL,'Belice',1,'2020-05-28 20:55:22','2020-05-28 20:55:22',NULL),(23,NULL,NULL,'Benín',1,'2020-05-28 20:55:22','2020-05-28 20:55:22',NULL),(24,NULL,NULL,'Bhután',1,'2020-05-28 20:55:22','2020-05-28 20:55:22',NULL),(25,NULL,NULL,'Bielorrusia',1,'2020-05-28 20:55:22','2020-05-28 20:55:22',NULL),(26,NULL,NULL,'Birmania',1,'2020-05-28 20:55:22','2020-05-28 20:55:22',NULL),(27,NULL,NULL,'Bolivia',1,'2020-05-28 20:55:22','2020-05-28 20:55:22',NULL),(28,NULL,NULL,'Bosnia y Herzegovina',1,'2020-05-28 20:55:22','2020-05-28 20:55:22',NULL),(29,NULL,NULL,'Botsuana',1,'2020-05-28 20:55:22','2020-05-28 20:55:22',NULL),(30,NULL,NULL,'Brasil',1,'2020-05-28 20:55:22','2020-05-28 20:55:22',NULL),(31,NULL,NULL,'Brunéi',1,'2020-05-28 20:55:22','2020-05-28 20:55:22',NULL),(32,NULL,NULL,'Bulgaria',1,'2020-05-28 20:55:22','2020-05-28 20:55:22',NULL),(33,NULL,NULL,'Burkina Faso',1,'2020-05-28 20:55:22','2020-05-28 20:55:22',NULL),(34,NULL,NULL,'Burundi',1,'2020-05-28 20:55:22','2020-05-28 20:55:22',NULL),(35,NULL,NULL,'Cabo Verde',1,'2020-05-28 20:55:22','2020-05-28 20:55:22',NULL),(36,NULL,NULL,'Camboya',1,'2020-05-28 20:55:22','2020-05-28 20:55:22',NULL),(37,NULL,NULL,'Camerún',1,'2020-05-28 20:55:22','2020-05-28 20:55:22',NULL),(38,NULL,NULL,'Canadá',1,'2020-05-28 20:55:22','2020-05-28 20:55:22',NULL),(39,NULL,NULL,'Chad',1,'2020-05-28 20:55:22','2020-05-28 20:55:22',NULL),(40,NULL,NULL,'Chile',1,'2020-05-28 20:55:22','2020-05-28 20:55:22',NULL),(41,NULL,NULL,'China',1,'2020-05-28 20:55:22','2020-05-28 20:55:22',NULL),(42,NULL,NULL,'Chipre',1,'2020-05-28 20:55:22','2020-05-28 20:55:22',NULL),(43,NULL,NULL,'Ciudad del Vaticano',1,'2020-05-28 20:55:22','2020-05-28 20:55:22',NULL),(44,NULL,NULL,'Colombia',1,'2020-05-28 20:55:22','2020-05-28 20:55:22',NULL),(45,NULL,NULL,'Comoras',1,'2020-05-28 20:55:22','2020-05-28 20:55:22',NULL),(46,NULL,NULL,'República del Congo',1,'2020-05-28 20:55:22','2020-05-28 20:55:22',NULL),(47,NULL,NULL,'República Democrática del Congo',1,'2020-05-28 20:55:22','2020-05-28 20:55:22',NULL),(48,NULL,NULL,'Corea del Norte',1,'2020-05-28 20:55:22','2020-05-28 20:55:22',NULL),(49,NULL,NULL,'Corea del Sur',1,'2020-05-28 20:55:22','2020-05-28 20:55:22',NULL),(50,NULL,NULL,'Costa de Marfil',1,'2020-05-28 20:55:22','2020-05-28 20:55:22',NULL),(51,NULL,NULL,'Costa Rica',1,'2020-05-28 20:55:22','2020-05-28 20:55:22',NULL);
INSERT INTO `pais` VALUES (52,NULL,NULL,'Croacia',1,'2020-05-28 20:55:22','2020-05-28 20:55:22',NULL),(53,NULL,NULL,'Cuba',1,'2020-05-28 20:55:22','2020-05-28 20:55:22',NULL),(54,NULL,NULL,'Curazao',1,'2020-05-28 20:55:22','2020-05-28 20:55:22',NULL),(55,NULL,NULL,'Dinamarca',1,'2020-05-28 20:55:22','2020-05-28 20:55:22',NULL),(56,NULL,NULL,'Dominica',1,'2020-05-28 20:55:22','2020-05-28 20:55:22',NULL),(57,NULL,NULL,'Ecuador',1,'2020-05-28 20:55:22','2020-05-28 20:55:22',NULL),(58,NULL,NULL,'Egipto',1,'2020-05-28 20:55:22','2020-05-28 20:55:22',NULL),(59,NULL,NULL,'El Salvador',1,'2020-05-28 20:55:22','2020-05-28 20:55:22',NULL),(60,NULL,NULL,'Emiratos Árabes Unidos',1,'2020-05-28 20:55:22','2020-05-28 20:55:22',NULL),(61,NULL,NULL,'Eritrea',1,'2020-05-28 20:55:22','2020-05-28 20:55:22',NULL),(62,NULL,NULL,'Eslovaquia',1,'2020-05-28 20:55:22','2020-05-28 20:55:22',NULL),(63,NULL,NULL,'Eslovenia',1,'2020-05-28 20:55:22','2020-05-28 20:55:22',NULL),(64,NULL,NULL,'España',1,'2020-05-28 20:55:22','2020-05-28 20:55:22',NULL),(65,NULL,NULL,'Estados Unidos de América',1,'2020-05-28 20:55:22','2020-05-28 20:55:22',NULL),(66,NULL,NULL,'Estonia',1,'2020-05-28 20:55:22','2020-05-28 20:55:22',NULL),(67,NULL,NULL,'Etiopía',1,'2020-05-28 20:55:22','2020-05-28 20:55:22',NULL),(68,NULL,NULL,'Filipinas',1,'2020-05-28 20:55:22','2020-05-28 20:55:22',NULL),(69,NULL,NULL,'Finlandia',1,'2020-05-28 20:55:22','2020-05-28 20:55:22',NULL),(70,NULL,NULL,'Fiyi',1,'2020-05-28 20:55:22','2020-05-28 20:55:22',NULL),(71,NULL,NULL,'Francia',1,'2020-05-28 20:55:22','2020-05-28 20:55:22',NULL),(72,NULL,NULL,'Gabón',1,'2020-05-28 20:55:22','2020-05-28 20:55:22',NULL),(73,NULL,NULL,'Gambia',1,'2020-05-28 20:55:22','2020-05-28 20:55:22',NULL),(74,NULL,NULL,'Georgia',1,'2020-05-28 20:55:22','2020-05-28 20:55:22',NULL),(75,NULL,NULL,'Ghana',1,'2020-05-28 20:55:22','2020-05-28 20:55:22',NULL),(76,NULL,NULL,'Gibraltar',1,'2020-05-28 20:55:22','2020-05-28 20:55:22',NULL),(77,NULL,NULL,'Granada',1,'2020-05-28 20:55:22','2020-05-28 20:55:22',NULL),(78,NULL,NULL,'Grecia',1,'2020-05-28 20:55:22','2020-05-28 20:55:22',NULL),(79,NULL,NULL,'Groenlandia',1,'2020-05-28 20:55:22','2020-05-28 20:55:22',NULL),(80,NULL,NULL,'Guadalupe',1,'2020-05-28 20:55:22','2020-05-28 20:55:22',NULL),(81,NULL,NULL,'Guam',1,'2020-05-28 20:55:22','2020-05-28 20:55:22',NULL),(82,NULL,NULL,'Guatemala',1,'2020-05-28 20:55:22','2020-05-28 20:55:22',NULL),(83,NULL,NULL,'Guayana Francesa',1,'2020-05-28 20:55:22','2020-05-28 20:55:22',NULL),(84,NULL,NULL,'Guernsey',1,'2020-05-28 20:55:22','2020-05-28 20:55:22',NULL),(85,NULL,NULL,'Guinea',1,'2020-05-28 20:55:22','2020-05-28 20:55:22',NULL),(86,NULL,NULL,'Guinea Ecuatorial',1,'2020-05-28 20:55:22','2020-05-28 20:55:22',NULL),(87,NULL,NULL,'Guinea-Bissau',1,'2020-05-28 20:55:22','2020-05-28 20:55:22',NULL),(88,NULL,NULL,'Guyana',1,'2020-05-28 20:55:22','2020-05-28 20:55:22',NULL),(89,NULL,NULL,'Haití',1,'2020-05-28 20:55:22','2020-05-28 20:55:22',NULL),(90,NULL,NULL,'Honduras',1,'2020-05-28 20:55:22','2020-05-28 20:55:22',NULL),(91,NULL,NULL,'Hong kong',1,'2020-05-28 20:55:23','2020-05-28 20:55:23',NULL),(92,NULL,NULL,'Hungría',1,'2020-05-28 20:55:23','2020-05-28 20:55:23',NULL),(93,NULL,NULL,'India',1,'2020-05-28 20:55:23','2020-05-28 20:55:23',NULL),(94,NULL,NULL,'Indonesia',1,'2020-05-28 20:55:23','2020-05-28 20:55:23',NULL),(95,NULL,NULL,'Irán',1,'2020-05-28 20:55:23','2020-05-28 20:55:23',NULL),(96,NULL,NULL,'Irak',1,'2020-05-28 20:55:23','2020-05-28 20:55:23',NULL),(97,NULL,NULL,'Irlanda',1,'2020-05-28 20:55:23','2020-05-28 20:55:23',NULL),(98,NULL,NULL,'Isla Bouvet',1,'2020-05-28 20:55:23','2020-05-28 20:55:23',NULL),(99,NULL,NULL,'Isla de Man',1,'2020-05-28 20:55:23','2020-05-28 20:55:23',NULL),(100,NULL,NULL,'Isla de Navidad',1,'2020-05-28 20:55:23','2020-05-28 20:55:23',NULL),(101,NULL,NULL,'Isla Norfolk',1,'2020-05-28 20:55:23','2020-05-28 20:55:23',NULL),(102,NULL,NULL,'Islandia',1,'2020-05-28 20:55:23','2020-05-28 20:55:23',NULL);
INSERT INTO `pais` VALUES (103,NULL,NULL,'Islas Bermudas',1,'2020-05-28 20:55:23','2020-05-28 20:55:23',NULL),(104,NULL,NULL,'Islas Caimán',1,'2020-05-28 20:55:23','2020-05-28 20:55:23',NULL),(105,NULL,NULL,'Islas Cocos (Keeling)',1,'2020-05-28 20:55:23','2020-05-28 20:55:23',NULL),(106,NULL,NULL,'Islas Cook',1,'2020-05-28 20:55:23','2020-05-28 20:55:23',NULL),(107,NULL,NULL,'Islas de Åland',1,'2020-05-28 20:55:23','2020-05-28 20:55:23',NULL),(108,NULL,NULL,'Islas Feroe',1,'2020-05-28 20:55:23','2020-05-28 20:55:23',NULL),(109,NULL,NULL,'Islas Georgias del Sur y Sandwich del Sur',1,'2020-05-28 20:55:23','2020-05-28 20:55:23',NULL),(110,NULL,NULL,'Islas Heard y McDonald',1,'2020-05-28 20:55:23','2020-05-28 20:55:23',NULL),(111,NULL,NULL,'Islas Maldivas',1,'2020-05-28 20:55:23','2020-05-28 20:55:23',NULL),(112,NULL,NULL,'Islas Malvinas',1,'2020-05-28 20:55:23','2020-05-28 20:55:23',NULL),(113,NULL,NULL,'Islas Marianas del Norte',1,'2020-05-28 20:55:23','2020-05-28 20:55:23',NULL),(114,NULL,NULL,'Islas Marshall',1,'2020-05-28 20:55:23','2020-05-28 20:55:23',NULL),(115,NULL,NULL,'Islas Pitcairn',1,'2020-05-28 20:55:23','2020-05-28 20:55:23',NULL),(116,NULL,NULL,'Islas Salomón',1,'2020-05-28 20:55:23','2020-05-28 20:55:23',NULL),(117,NULL,NULL,'Islas Turcas y Caicos',1,'2020-05-28 20:55:23','2020-05-28 20:55:23',NULL),(118,NULL,NULL,'Islas Ultramarinas Menores de Estados Unidos',1,'2020-05-28 20:55:23','2020-05-28 20:55:23',NULL),(119,NULL,NULL,'Islas Vírgenes Británicas',1,'2020-05-28 20:55:23','2020-05-28 20:55:23',NULL),(120,NULL,NULL,'Islas Vírgenes de los Estados Unidos',1,'2020-05-28 20:55:23','2020-05-28 20:55:23',NULL),(121,NULL,NULL,'Israel',1,'2020-05-28 20:55:23','2020-05-28 20:55:23',NULL),(122,NULL,NULL,'Italia',1,'2020-05-28 20:55:23','2020-05-28 20:55:23',NULL),(123,NULL,NULL,'Jamaica',1,'2020-05-28 20:55:23','2020-05-28 20:55:23',NULL),(124,NULL,NULL,'Japón',1,'2020-05-28 20:55:23','2020-05-28 20:55:23',NULL),(125,NULL,NULL,'Jersey',1,'2020-05-28 20:55:23','2020-05-28 20:55:23',NULL),(126,NULL,NULL,'Jordania',1,'2020-05-28 20:55:23','2020-05-28 20:55:23',NULL),(127,NULL,NULL,'Kazajistán',1,'2020-05-28 20:55:23','2020-05-28 20:55:23',NULL),(128,NULL,NULL,'Kenia',1,'2020-05-28 20:55:23','2020-05-28 20:55:23',NULL),(129,NULL,NULL,'Kirguistán',1,'2020-05-28 20:55:23','2020-05-28 20:55:23',NULL),(130,NULL,NULL,'Kiribati',1,'2020-05-28 20:55:23','2020-05-28 20:55:23',NULL),(131,NULL,NULL,'Kuwait',1,'2020-05-28 20:55:23','2020-05-28 20:55:23',NULL),(132,NULL,NULL,'Líbano',1,'2020-05-28 20:55:23','2020-05-28 20:55:23',NULL),(133,NULL,NULL,'Laos',1,'2020-05-28 20:55:23','2020-05-28 20:55:23',NULL),(134,NULL,NULL,'Lesoto',1,'2020-05-28 20:55:23','2020-05-28 20:55:23',NULL),(135,NULL,NULL,'Letonia',1,'2020-05-28 20:55:23','2020-05-28 20:55:23',NULL),(136,NULL,NULL,'Liberia',1,'2020-05-28 20:55:23','2020-05-28 20:55:23',NULL),(137,NULL,NULL,'Libia',1,'2020-05-28 20:55:23','2020-05-28 20:55:23',NULL),(138,NULL,NULL,'Liechtenstein',1,'2020-05-28 20:55:23','2020-05-28 20:55:23',NULL),(139,NULL,NULL,'Lituania',1,'2020-05-28 20:55:23','2020-05-28 20:55:23',NULL),(140,NULL,NULL,'Luxemburgo',1,'2020-05-28 20:55:23','2020-05-28 20:55:23',NULL),(141,NULL,NULL,'México',1,'2020-05-28 20:55:23','2020-05-28 20:55:23',NULL),(142,NULL,NULL,'Mónaco',1,'2020-05-28 20:55:23','2020-05-28 20:55:23',NULL),(143,NULL,NULL,'Macao',1,'2020-05-28 20:55:23','2020-05-28 20:55:23',NULL),(144,NULL,NULL,'Macedônia',1,'2020-05-28 20:55:23','2020-05-28 20:55:23',NULL),(145,NULL,NULL,'Madagascar',1,'2020-05-28 20:55:23','2020-05-28 20:55:23',NULL),(146,NULL,NULL,'Malasia',1,'2020-05-28 20:55:23','2020-05-28 20:55:23',NULL),(147,NULL,NULL,'Malawi',1,'2020-05-28 20:55:23','2020-05-28 20:55:23',NULL),(148,NULL,NULL,'Mali',1,'2020-05-28 20:55:23','2020-05-28 20:55:23',NULL),(149,NULL,NULL,'Malta',1,'2020-05-28 20:55:23','2020-05-28 20:55:23',NULL),(150,NULL,NULL,'Marruecos',1,'2020-05-28 20:55:23','2020-05-28 20:55:23',NULL);
INSERT INTO `pais` VALUES (151,NULL,NULL,'Martinica',1,'2020-05-28 20:55:23','2020-05-28 20:55:23',NULL),(152,NULL,NULL,'Mauricio',1,'2020-05-28 20:55:23','2020-05-28 20:55:23',NULL),(153,NULL,NULL,'Mauritania',1,'2020-05-28 20:55:23','2020-05-28 20:55:23',NULL),(154,NULL,NULL,'Mayotte',1,'2020-05-28 20:55:23','2020-05-28 20:55:23',NULL),(155,NULL,NULL,'Micronesia',1,'2020-05-28 20:55:23','2020-05-28 20:55:23',NULL),(156,NULL,NULL,'Moldavia',1,'2020-05-28 20:55:23','2020-05-28 20:55:23',NULL),(157,NULL,NULL,'Mongolia',1,'2020-05-28 20:55:23','2020-05-28 20:55:23',NULL),(158,NULL,NULL,'Montenegro',1,'2020-05-28 20:55:23','2020-05-28 20:55:23',NULL),(159,NULL,NULL,'Montserrat',1,'2020-05-28 20:55:23','2020-05-28 20:55:23',NULL),(160,NULL,NULL,'Mozambique',1,'2020-05-28 20:55:23','2020-05-28 20:55:23',NULL),(161,NULL,NULL,'Namibia',1,'2020-05-28 20:55:23','2020-05-28 20:55:23',NULL),(162,NULL,NULL,'Nauru',1,'2020-05-28 20:55:23','2020-05-28 20:55:23',NULL),(163,NULL,NULL,'Nepal',1,'2020-05-28 20:55:23','2020-05-28 20:55:23',NULL),(164,NULL,NULL,'Nicaragua',1,'2020-05-28 20:55:23','2020-05-28 20:55:23',NULL),(165,NULL,NULL,'Niger',1,'2020-05-28 20:55:23','2020-05-28 20:55:23',NULL),(166,NULL,NULL,'Nigeria',1,'2020-05-28 20:55:23','2020-05-28 20:55:23',NULL),(167,NULL,NULL,'Niue',1,'2020-05-28 20:55:23','2020-05-28 20:55:23',NULL),(168,NULL,NULL,'Noruega',1,'2020-05-28 20:55:23','2020-05-28 20:55:23',NULL),(169,NULL,NULL,'Nueva Caledonia',1,'2020-05-28 20:55:23','2020-05-28 20:55:23',NULL),(170,NULL,NULL,'Nueva Zelanda',1,'2020-05-28 20:55:23','2020-05-28 20:55:23',NULL),(171,NULL,NULL,'Omán',1,'2020-05-28 20:55:23','2020-05-28 20:55:23',NULL),(172,NULL,NULL,'Países Bajos',1,'2020-05-28 20:55:23','2020-05-28 20:55:23',NULL),(173,NULL,NULL,'Pakistán',1,'2020-05-28 20:55:23','2020-05-28 20:55:23',NULL),(174,NULL,NULL,'Palau',1,'2020-05-28 20:55:23','2020-05-28 20:55:23',NULL),(175,NULL,NULL,'Palestina',1,'2020-05-28 20:55:23','2020-05-28 20:55:23',NULL),(176,NULL,NULL,'Panamá',1,'2020-05-28 20:55:23','2020-05-28 20:55:23',NULL),(177,NULL,NULL,'Papúa Nueva Guinea',1,'2020-05-28 20:55:23','2020-05-28 20:55:23',NULL),(178,NULL,NULL,'Paraguay',1,'2020-05-28 20:55:23','2020-05-28 20:55:23',NULL),(179,NULL,NULL,'Perú',1,'2020-05-28 20:55:23','2020-05-28 20:55:23',NULL),(180,NULL,NULL,'Polinesia Francesa',1,'2020-05-28 20:55:23','2020-05-28 20:55:23',NULL),(181,NULL,NULL,'Polonia',1,'2020-05-28 20:55:23','2020-05-28 20:55:23',NULL),(182,NULL,NULL,'Portugal',1,'2020-05-28 20:55:23','2020-05-28 20:55:23',NULL),(183,NULL,NULL,'Puerto Rico',1,'2020-05-28 20:55:23','2020-05-28 20:55:23',NULL),(184,NULL,NULL,'Qatar',1,'2020-05-28 20:55:23','2020-05-28 20:55:23',NULL),(185,NULL,NULL,'Reino Unido',1,'2020-05-28 20:55:23','2020-05-28 20:55:23',NULL),(186,NULL,NULL,'República Centroafricana',1,'2020-05-28 20:55:23','2020-05-28 20:55:23',NULL),(187,NULL,NULL,'República Checa',1,'2020-05-28 20:55:23','2020-05-28 20:55:23',NULL),(188,NULL,NULL,'República Dominicana',1,'2020-05-28 20:55:23','2020-05-28 20:55:23',NULL),(189,NULL,NULL,'República de Sudán del Sur',1,'2020-05-28 20:55:23','2020-05-28 20:55:23',NULL),(190,NULL,NULL,'Reunión',1,'2020-05-28 20:55:23','2020-05-28 20:55:23',NULL),(191,NULL,NULL,'Ruanda',1,'2020-05-28 20:55:23','2020-05-28 20:55:23',NULL),(192,NULL,NULL,'Rumanía',1,'2020-05-28 20:55:23','2020-05-28 20:55:23',NULL),(193,NULL,NULL,'Rusia',1,'2020-05-28 20:55:23','2020-05-28 20:55:23',NULL),(194,NULL,NULL,'Sahara Occidental',1,'2020-05-28 20:55:23','2020-05-28 20:55:23',NULL),(195,NULL,NULL,'Samoa',1,'2020-05-28 20:55:23','2020-05-28 20:55:23',NULL),(196,NULL,NULL,'Samoa Americana',1,'2020-05-28 20:55:23','2020-05-28 20:55:23',NULL),(197,NULL,NULL,'San Bartolomé',1,'2020-05-28 20:55:23','2020-05-28 20:55:23',NULL),(198,NULL,NULL,'San Cristóbal y Nieves',1,'2020-05-28 20:55:23','2020-05-28 20:55:23',NULL),(199,NULL,NULL,'San Marino',1,'2020-05-28 20:55:23','2020-05-28 20:55:23',NULL);
INSERT INTO `pais` VALUES (200,NULL,NULL,'San Martín (Francia)',1,'2020-05-28 20:55:23','2020-05-28 20:55:23',NULL),(201,NULL,NULL,'San Pedro y Miquelón',1,'2020-05-28 20:55:23','2020-05-28 20:55:23',NULL),(202,NULL,NULL,'San Vicente y las Granadinas',1,'2020-05-28 20:55:23','2020-05-28 20:55:23',NULL),(203,NULL,NULL,'Santa Elena',1,'2020-05-28 20:55:23','2020-05-28 20:55:23',NULL),(204,NULL,NULL,'Santa Lucía',1,'2020-05-28 20:55:23','2020-05-28 20:55:23',NULL),(205,NULL,NULL,'Santo Tomé y Príncipe',1,'2020-05-28 20:55:23','2020-05-28 20:55:23',NULL),(206,NULL,NULL,'Senegal',1,'2020-05-28 20:55:23','2020-05-28 20:55:23',NULL),(207,NULL,NULL,'Serbia',1,'2020-05-28 20:55:23','2020-05-28 20:55:23',NULL),(208,NULL,NULL,'Seychelles',1,'2020-05-28 20:55:23','2020-05-28 20:55:23',NULL),(209,NULL,NULL,'Sierra Leona',1,'2020-05-28 20:55:23','2020-05-28 20:55:23',NULL),(210,NULL,NULL,'Singapur',1,'2020-05-28 20:55:23','2020-05-28 20:55:23',NULL),(211,NULL,NULL,'Sint Maarten',1,'2020-05-28 20:55:23','2020-05-28 20:55:23',NULL),(212,NULL,NULL,'Siria',1,'2020-05-28 20:55:23','2020-05-28 20:55:23',NULL),(213,NULL,NULL,'Somalia',1,'2020-05-28 20:55:23','2020-05-28 20:55:23',NULL),(214,NULL,NULL,'Sri lanka',1,'2020-05-28 20:55:23','2020-05-28 20:55:23',NULL),(215,NULL,NULL,'Sudáfrica',1,'2020-05-28 20:55:23','2020-05-28 20:55:23',NULL),(216,NULL,NULL,'Sudán',1,'2020-05-28 20:55:23','2020-05-28 20:55:23',NULL),(217,NULL,NULL,'Suecia',1,'2020-05-28 20:55:23','2020-05-28 20:55:23',NULL),(218,NULL,NULL,'Suiza',1,'2020-05-28 20:55:23','2020-05-28 20:55:23',NULL),(219,NULL,NULL,'Surinám',1,'2020-05-28 20:55:23','2020-05-28 20:55:23',NULL),(220,NULL,NULL,'Svalbard y Jan Mayen',1,'2020-05-28 20:55:23','2020-05-28 20:55:23',NULL),(221,NULL,NULL,'Swazilandia',1,'2020-05-28 20:55:23','2020-05-28 20:55:23',NULL),(222,NULL,NULL,'Tayikistán',1,'2020-05-28 20:55:23','2020-05-28 20:55:23',NULL),(223,NULL,NULL,'Tailandia',1,'2020-05-28 20:55:23','2020-05-28 20:55:23',NULL),(224,NULL,NULL,'Taiwán',1,'2020-05-28 20:55:23','2020-05-28 20:55:23',NULL),(225,NULL,NULL,'Tanzania',1,'2020-05-28 20:55:23','2020-05-28 20:55:23',NULL),(226,NULL,NULL,'Territorio Británico del Océano Índico',1,'2020-05-28 20:55:23','2020-05-28 20:55:23',NULL),(227,NULL,NULL,'Territorios Australes y Antárticas Franceses',1,'2020-05-28 20:55:23','2020-05-28 20:55:23',NULL),(228,NULL,NULL,'Timor Oriental',1,'2020-05-28 20:55:23','2020-05-28 20:55:23',NULL),(229,NULL,NULL,'Togo',1,'2020-05-28 20:55:23','2020-05-28 20:55:23',NULL),(230,NULL,NULL,'Tokelau',1,'2020-05-28 20:55:23','2020-05-28 20:55:23',NULL),(231,NULL,NULL,'Tonga',1,'2020-05-28 20:55:23','2020-05-28 20:55:23',NULL),(232,NULL,NULL,'Trinidad y Tobago',1,'2020-05-28 20:55:23','2020-05-28 20:55:23',NULL),(233,NULL,NULL,'Tunez',1,'2020-05-28 20:55:23','2020-05-28 20:55:23',NULL),(234,NULL,NULL,'Turkmenistán',1,'2020-05-28 20:55:23','2020-05-28 20:55:23',NULL),(235,NULL,NULL,'Turquía',1,'2020-05-28 20:55:23','2020-05-28 20:55:23',NULL),(236,NULL,NULL,'Tuvalu',1,'2020-05-28 20:55:23','2020-05-28 20:55:23',NULL),(237,NULL,NULL,'Ucrania',1,'2020-05-28 20:55:23','2020-05-28 20:55:23',NULL),(238,NULL,NULL,'Uganda',1,'2020-05-28 20:55:23','2020-05-28 20:55:23',NULL),(239,NULL,NULL,'Uruguay',1,'2020-05-28 20:55:23','2020-05-28 20:55:23',NULL),(240,NULL,NULL,'Uzbekistán',1,'2020-05-28 20:55:23','2020-05-28 20:55:23',NULL),(241,NULL,NULL,'Vanuatu',1,'2020-05-28 20:55:23','2020-05-28 20:55:23',NULL),(242,NULL,NULL,'Venezuela',1,'2020-05-28 20:55:23','2020-05-28 20:55:23',NULL),(243,NULL,NULL,'Vietnam',1,'2020-05-28 20:55:23','2020-05-28 20:55:23',NULL),(244,NULL,NULL,'Wallis y Futuna',1,'2020-05-28 20:55:23','2020-05-28 20:55:23',NULL),(245,NULL,NULL,'Yemen',1,'2020-05-28 20:55:23','2020-05-28 20:55:23',NULL),(246,NULL,NULL,'Yibuti',1,'2020-05-28 20:55:23','2020-05-28 20:55:23',NULL),(247,NULL,NULL,'Zambia',1,'2020-05-28 20:55:23','2020-05-28 20:55:23',NULL),(248,NULL,NULL,'Zimbabue',1,'2020-05-28 20:55:23','2020-05-28 20:55:23',NULL);

--
