-- Dumping data for table `syj_funciones_valor`
--

INSERT INTO `syj_funciones_valor` VALUES (1,NULL,'Nada',1,'Retorna el mismo Valor','nada',NULL,1,'2020-04-07 03:01:59','2020-04-07 03:01:59',NULL),(2,NULL,'Importe Sueldo Anual Complementario',1,'Retorna el importe del SAC en función de la cantidad de días SAC. Si la cantidad de dias es menor a 30, retorna la doceava parte de la mayor remuneración.','importe_sac','return $concepto->valor/360;',1,'2020-04-07 03:01:59','2020-04-07 03:01:59',NULL),(3,NULL,'Doceava parte',1,'Retorna la doceava parte del valor unitario calculado.','doceava_parte','return $concepto->valor / 12;',1,'2020-04-07 03:01:59','2020-04-07 03:01:59',NULL),(4,NULL,'PRV',1,'Cálcula el Premedio de Remuneraciones Variables de los períodos indicados.','prv','return ($concepto->valor/$liq_empleado[\'dias_trabajados_semestre\'])??0;',1,'2020-04-07 03:01:59','2020-04-07 03:01:59',NULL),(5,NULL,'Valor obtenido dividido 30',1,'Al valor obtenido lo divide por 30.','valor_obtenido_dividido_30','return $concepto->valor / 30;',1,'2020-04-07 03:01:59','2020-04-07 03:01:59',NULL),(6,NULL,'Valor obtenido dividido 25',1,'Al valor obtenido lo divide por 25.','valor_obtenido_dividido_25','return $concepto->valor / 25;',1,'2020-04-07 03:01:59','2020-04-07 03:01:59',NULL),(7,NULL,'Reintegro I. Ganancias Renta Cuarta',1,'Calcula el reintegro de impuesto a las ganancias rentas de cuarta categoría Inc. B: Trabajo en relación de dependencia.','FALTAAAAAAAAAAAAAAAAAAAAAAAAAA_DEFINIR',NULL,1,'2020-04-07 03:01:59','2020-04-07 03:01:59',NULL),(8,NULL,'Retención I. Ganancias Renta Cuarta',1,'Calcula la retención de impuesto a las ganancias rentas de cuarta categoría Inc. B: Trabajo en relación de dependencia.','FALTAAAAAAAAAAAAAAAAAAAAAAAAAA_DEFINIR',NULL,1,'2020-04-07 03:01:59','2020-04-07 03:01:59',NULL),(9,NULL,'Buscar en escala importe fijo',1,'Busca el valor unitario en la escala asociada al concepto, y retorna el importe fijo.','buscar_escala_importe_fijo','        $linea = $concepto->escalas\n            ->where(\'desde\',\'<=\',$concepto->valor)\n            ->where(\'hasta\',\'>=\',$concepto->valor)\n            ->first();\n        $result = $linea->fijo;\n\n        return $result;',1,'2020-04-07 03:01:59','2020-04-07 03:01:59',NULL),(10,NULL,'Valor Hora',1,'Valor hora de un empleado se compone: ValorUnitario / cantidad de horas totales definidos en la categoria.','valor_hora','$empleado = SyJEmpleado::find($liq_empleado[\'empleado_id\']);',1,'2020-04-07 03:01:59','2020-04-07 03:01:59',NULL),(11,NULL,'Retención I. Ganancias Renta Cuarta',0,'Calcula la retención de impuesto a las ganancias rentas de cuarta categoría Inc. B: Trabajo en relación de dependencia.','FALTAAAAAAAAAAAAAAAAAAAAAAAAAA_DEFINIR',NULL,1,'2020-04-07 03:01:59','2020-04-07 03:01:59',NULL),(12,NULL,'Minimo no imponible SUSS',1,'Retorna el importe a detraer según Art. 4 Dto 814-01 cargado en los parametros del servicio, proporcionado a las horas de jornada del empleado.','FALTAAAAAAAAAAAAAAAAAAAAAAAAAA_DEFINIR',NULL,1,'2020-04-07 03:01:59','2020-04-07 03:01:59',NULL),(13,NULL,'Valor Horas Extras al 50%',1,'Valor hora extra al 50% de un empleado se compone: ValorUnitario / cantidad de horas totales definidos en la categoria * 1.5.','valor_hora_extra_al_50_porciento','        $empleado = SyJEmpleado::find($liq_empleado[\'empleado_id\']);',1,'2020-04-07 03:01:59','2020-04-07 03:01:59',NULL),(14,NULL,'Valor Horas Extras al 100%',1,'Valor hora extra al 100% de un empleado se compone: ValorUnitario / cantidad de horas totales definidos en la categoria * 2.','valor_hora_extra_al_100_porciento','        $empleado = SyJEmpleado::find($liq_empleado[\'empleado_id\']);',1,'2020-04-07 03:01:59','2020-04-07 03:01:59',NULL),(19,NULL,'Embargo',1,'Calcula la base imponible y el porcentaje del embargo, según el bruto definido y el sueldo mínimo vital y movil configurado en los parámetros del servicio.','FALTAAAAAAAAAAAAAAAAAAAAAAAAAA_DEFINIR',NULL,1,'2020-04-07 03:01:59','2020-04-07 03:01:59',NULL);
INSERT INTO `syj_funciones_valor` VALUES (20,NULL,'Adicional Hora Nocturna',1,'Adicional  de 8 minutos como recargo por alternar horas diurnas/nocturnas.','adicional_hora_nocturna','return $concepto->valor / 60 * 8;',1,'2020-04-07 03:01:59','2020-04-07 03:01:59',NULL),(21,NULL,'Base Imponible OS',1,'Toma el total Remunerativo por la cantidad de Hs Jornada de la categoria dividido la cantidad de Hs de la Jornada del legajo del empleado.','base_imponible_obra_social','        $empleado = SyJEmpleado::find($liq_empleado[\'empleado_id\']);',1,'2020-04-07 03:01:59','2020-04-07 03:01:59',NULL),(22,NULL,'Proporcional a las Horas Trabajadas',1,'Devuelve el valor, proporcional a las horas de jornada del empleado.','proporcional_horas_trabajadas','        $empleado = SyJEmpleado::find($liq_empleado[\'empleado_id\']);',1,'2020-04-07 03:01:59','2020-04-07 03:01:59',NULL),(23,NULL,'Proporcional a dias y horas Trabajadas',1,'Devuelve el valor, proporcional a las horas de jornada del empleado.','proporcional_a_dias_y_horas_trabajadas','        $empleado = SyJEmpleado::find($liq_empleado[\'empleado_id\']);',1,'2020-04-07 03:01:59','2020-04-07 03:01:59',NULL),(25,NULL,'Valor obtenido dividido 360',0,'Al valor obtenido lo divide por 360','valor_obtenido_dividido_360','return $concepto->valor / 360;',1,'2020-04-07 03:01:59','2020-04-07 03:01:59',NULL),(26,NULL,'Embargo Q',0,'Calcula la base imponible y el porcentaje del embargo, según el bruto definido y el sueldo mínimo vital y movil configurado en los parámetros del servicio.','FALTAAAAAAAAAAAAAAAAAAAAAAAAAA_DEFINIR','',1,'2020-04-07 03:01:59','2020-04-07 03:01:59',NULL),(27,NULL,'Valor obtenido dividido 12',0,'Al valor obtenido lo divide por 12.','valor_obtenido_dividido_12','return $concepto->valor / 12;',1,'2020-04-07 03:01:59','2020-04-07 03:01:59',NULL),(28,NULL,'Remuneración Indemnización',1,'Retorna el valor menor entre: el concepto asociado que corresponde a la Remuneración Promedio del Convenio x 3, y la mayor remuneración percibida en los últimos 12 meses.','remuneracion_indemnizacion','return $liq_empleado[\'mayult12\'];',1,NULL,NULL,NULL),(29,NULL,'Por -1',1,'Multiplica al valor por -1','por_menos_1',NULL,1,NULL,NULL,NULL),(30,NULL,'Dividir por Campo Auxiliar de la Funcion',1,'Dividido por Campo Auxiliar de la Funcion','dividir_campo_auxiliar',NULL,1,NULL,NULL,NULL),(31,NULL,'Multiplicar por  Campo Auxiliar de la Funcion',1,'Multiplicar por Campo Auxiliar de la Funcion','multiplicar_campo_auxiliar',NULL,1,NULL,NULL,NULL),(32,NULL,'Sumar por  Campo Auxiliar de la Funcion',1,'Sumar por Campo Auxiliar de la Funcion','sumar_campo_auxiliar',NULL,1,NULL,NULL,NULL),(33,NULL,'restar por  Campo Auxiliar de la Funcion',1,'restar por Campo Auxiliar de la Funcion','restar_campo_auxiliar',NULL,1,NULL,NULL,NULL),(34,NULL,'Busca el Mayor Valor del Semestre dividido 25 de los Conceptos Seleccionados',1,'Busca el Mayor Valor del Semestre dividido 25 de los Conceptos Seleccionados','buscar_mayor_val_semes_div_25_from_concep_asoc',NULL,1,NULL,NULL,NULL),(35,NULL,'Tomar como Tope el campo auxiliar de la funcion',1,'Compara lo que tiene con el campo auxiliar, si mayor, se queda con el valor del campo auxiliar','tope_campo_auxiliar',NULL,1,NULL,NULL,NULL),(36,NULL,'Tomar como Minimo el campo auxiliar de la funcion',1,'Compara el valor que tiene con el campo auxiliar y se queda con el mayor o igual al campo auxiliar','minimo_campo_auxiliar',NULL,1,NULL,NULL,NULL),(37,NULL,'Promedio Hs Extras Camioneros',1,'','promedioHsExtras',NULL,1,NULL,NULL,NULL),(38,NULL,'Liquida Conceptos Asociados',1,'','liquida_los_conceptos_asoc',NULL,1,NULL,NULL,NULL);

--
-- Table structure for table `syj_g4_art90_mensual`
--

CREATE TABLE `syj_g4_art90_mensual` (
  `id` int(10) unsigned NOT NULL AUTO_INCREMENT,
  `user_id` int(10) unsigned DEFAULT NULL,
  `anio` int(10) unsigned NOT NULL,
  `mes` int(10) unsigned NOT NULL,
  `desde` decimal(16,2) NOT NULL DEFAULT '0.00',
  `hasta` decimal(16,2) NOT NULL DEFAULT '0.00',
  `impuesto` decimal(16,2) NOT NULL DEFAULT '0.00',
  `mas_porcentaje` decimal(16,2) NOT NULL DEFAULT '0.00',
  `excedente` decimal(16,2) NOT NULL DEFAULT '0.00',
  `habilitado` tinyint(1) NOT NULL DEFAULT '1',
  `created_at` timestamp NULL DEFAULT NULL,
  `updated_at` timestamp NULL DEFAULT NULL,
  `deleted_at` timestamp NULL DEFAULT NULL,
  PRIMARY KEY (`id`)
) ENGINE=InnoDB AUTO_INCREMENT=961 DEFAULT CHARSET=utf8mb4 COLLATE=utf8mb4_unicode_ci;

--
-- Dumping data for table `syj_g4_art90_mensual`
--

INSERT INTO `syj_g4_art90_mensual` VALUES (1,NULL,2020,1,-9999999.00,0.01,0.00,0.00,0.00,1,NULL,NULL,NULL),(2,NULL,2020,1,0.01,3972.43,0.00,0.05,0.01,1,NULL,NULL,NULL),(3,NULL,2020,1,3972.43,7944.86,198.62,0.09,3972.43,1,NULL,NULL,NULL),(4,NULL,2020,1,7944.86,11917.29,556.14,0.12,7944.86,1,NULL,NULL,NULL),(5,NULL,2020,1,11917.29,15889.72,1032.83,0.15,11917.29,1,NULL,NULL,NULL),(6,NULL,2020,1,15889.72,23834.58,1628.69,0.19,15889.72,1,NULL,NULL,NULL),(7,NULL,2020,1,23834.58,31779.44,3138.21,0.23,23834.58,1,NULL,NULL,NULL),(8,NULL,2020,1,31779.44,47669.16,4965.53,0.27,31779.44,1,NULL,NULL,NULL),(9,NULL,2020,1,47669.16,63558.88,9255.75,0.31,47669.16,1,NULL,NULL,NULL),(10,NULL,2020,1,63558.88,9999999.00,14181.56,0.35,63558.88,1,NULL,NULL,NULL),(11,NULL,2020,2,-9999999.00,0.01,0.00,0.00,0.00,1,NULL,NULL,NULL),(12,NULL,2020,2,0.01,7944.86,0.00,0.05,0.01,1,NULL,NULL,NULL),(13,NULL,2020,2,7944.86,15889.72,397.24,0.09,7944.86,1,NULL,NULL,NULL),(14,NULL,2020,2,15889.72,23834.58,1112.28,0.12,15889.72,1,NULL,NULL,NULL),(15,NULL,2020,2,23834.58,31779.44,2065.66,0.15,23834.58,1,NULL,NULL,NULL),(16,NULL,2020,2,31779.44,47669.16,3257.39,0.19,31779.44,1,NULL,NULL,NULL),(17,NULL,2020,2,47669.16,63558.88,6276.44,0.23,47669.16,1,NULL,NULL,NULL),(18,NULL,2020,2,63558.88,95338.32,9931.08,0.27,63558.88,1,NULL,NULL,NULL),(19,NULL,2020,2,95338.32,127117.76,18511.53,0.31,95338.32,1,NULL,NULL,NULL),(20,NULL,2020,2,127117.76,9999999.00,28363.16,0.35,127117.76,1,NULL,NULL,NULL),(21,NULL,2020,3,-9999999.00,0.01,0.00,0.00,0.00,1,NULL,NULL,NULL),(22,NULL,2020,3,0.01,11917.29,0.00,0.05,0.01,1,NULL,NULL,NULL),(23,NULL,2020,3,11917.29,23834.58,595.86,0.09,11917.29,1,NULL,NULL,NULL),(24,NULL,2020,3,23834.58,35751.87,1668.42,0.12,23834.58,1,NULL,NULL,NULL),(25,NULL,2020,3,35751.87,47669.16,3098.49,0.15,35751.87,1,NULL,NULL,NULL),(26,NULL,2020,3,47669.16,71503.74,4886.08,0.19,47669.16,1,NULL,NULL,NULL),(27,NULL,2020,3,71503.74,95338.32,9414.65,0.23,71503.74,1,NULL,NULL,NULL),(28,NULL,2020,3,95338.32,143007.48,14896.60,0.27,95338.32,1,NULL,NULL,NULL),(29,NULL,2020,3,143007.48,190676.64,27767.27,0.31,143007.48,1,NULL,NULL,NULL),(30,NULL,2020,3,190676.64,9999999.00,42544.71,0.35,190676.64,1,NULL,NULL,NULL),(31,NULL,2020,4,-9999999.00,0.01,0.00,0.00,0.00,1,NULL,NULL,NULL),(32,NULL,2020,4,0.01,15889.72,0.00,0.05,0.01,1,NULL,NULL,NULL),(33,NULL,2020,4,15889.72,31779.44,794.49,0.09,15889.72,1,NULL,NULL,NULL),(34,NULL,2020,4,31779.44,47669.16,2224.56,0.12,31779.44,1,NULL,NULL,NULL),(35,NULL,2020,4,47669.16,63558.88,4131.33,0.15,47669.16,1,NULL,NULL,NULL),(36,NULL,2020,4,63558.88,95338.32,6514.79,0.19,63558.88,1,NULL,NULL,NULL),(37,NULL,2020,4,95338.32,127117.76,12552.88,0.23,95338.32,1,NULL,NULL,NULL),(38,NULL,2020,4,127117.76,190676.64,19862.15,0.27,127117.76,1,NULL,NULL,NULL),(39,NULL,2020,4,190676.64,254235.52,37023.05,0.31,190676.64,1,NULL,NULL,NULL),(40,NULL,2020,4,254235.52,9999999.00,56726.30,0.35,254235.52,1,NULL,NULL,NULL),(41,NULL,2020,5,-9999999.00,0.00,0.00,0.00,0.00,1,NULL,NULL,NULL),(42,NULL,2020,5,0.01,19862.15,0.00,0.05,0.01,1,NULL,NULL,NULL),(43,NULL,2020,5,19862.15,39724.30,993.11,0.09,19862.15,1,NULL,NULL,NULL),(44,NULL,2020,5,39724.30,59586.45,2780.70,0.12,39724.30,1,NULL,NULL,NULL),(45,NULL,2020,5,59586.45,79448.60,5164.16,0.15,59586.45,1,NULL,NULL,NULL),(46,NULL,2020,5,79448.60,119172.90,8143.48,0.19,79448.60,1,NULL,NULL,NULL),(47,NULL,2020,5,119172.90,158897.20,15691.10,0.23,119172.90,1,NULL,NULL,NULL),(48,NULL,2020,5,158897.20,238345.80,24827.69,0.27,158897.20,1,NULL,NULL,NULL),(49,NULL,2020,5,238345.80,317794.40,46278.81,0.31,238345.80,1,NULL,NULL,NULL),(50,NULL,2020,5,317794.40,9999999.00,70907.88,0.35,317794.40,1,NULL,NULL,NULL),(51,NULL,2020,6,-9999999.00,0.00,0.00,0.00,0.00,1,NULL,NULL,NULL),(52,NULL,2020,6,0.01,23834.58,0.00,0.05,0.01,1,NULL,NULL,NULL),(53,NULL,2020,6,23834.58,47669.16,1191.73,0.09,23834.58,1,NULL,NULL,NULL),(54,NULL,2020,6,47669.16,71503.74,3336.84,0.12,47669.16,1,NULL,NULL,NULL),(55,NULL,2020,6,71503.74,95338.33,6196.99,0.15,71503.74,1,NULL,NULL,NULL);
INSERT INTO `syj_g4_art90_mensual` VALUES (56,NULL,2020,6,95338.33,143007.48,9772.18,0.19,95338.33,1,NULL,NULL,NULL),(57,NULL,2020,6,143007.48,190676.64,18829.32,0.23,143007.48,1,NULL,NULL,NULL),(58,NULL,2020,6,190676.64,286014.96,29793.23,0.27,190676.64,1,NULL,NULL,NULL),(59,NULL,2020,6,286014.96,381353.29,55534.58,0.31,286014.96,1,NULL,NULL,NULL),(60,NULL,2020,6,381353.29,9999999.00,85089.46,0.35,381353.29,1,NULL,NULL,NULL),(61,NULL,2020,7,-9999999.00,0.00,0.00,0.00,0.00,1,NULL,NULL,NULL),(62,NULL,2020,7,0.01,27807.01,0.00,0.05,0.01,1,NULL,NULL,NULL),(63,NULL,2020,7,27807.01,55614.02,1390.35,0.09,27807.01,1,NULL,NULL,NULL),(64,NULL,2020,7,55614.02,83421.03,3892.98,0.12,55614.02,1,NULL,NULL,NULL),(65,NULL,2020,7,83421.03,111228.05,7229.82,0.15,83421.03,1,NULL,NULL,NULL),(66,NULL,2020,7,111228.05,166842.06,11400.87,0.19,111228.05,1,NULL,NULL,NULL),(67,NULL,2020,7,166842.06,222456.08,21967.53,0.23,166842.06,1,NULL,NULL,NULL),(68,NULL,2020,7,222456.08,333684.12,34758.75,0.27,222456.08,1,NULL,NULL,NULL),(69,NULL,2020,7,333684.12,444912.17,64790.32,0.31,333684.12,1,NULL,NULL,NULL),(70,NULL,2020,7,444912.17,9999999.00,99271.02,0.35,444912.17,1,NULL,NULL,NULL),(71,NULL,2020,8,-9999999.00,0.00,0.00,0.00,0.00,1,NULL,NULL,NULL),(72,NULL,2020,8,0.01,31779.44,0.00,0.05,0.01,1,NULL,NULL,NULL),(73,NULL,2020,8,31779.44,63558.88,1588.97,0.09,31779.44,1,NULL,NULL,NULL),(74,NULL,2020,8,63558.88,95338.32,4449.12,0.12,63558.88,1,NULL,NULL,NULL),(75,NULL,2020,8,95338.32,127117.77,8262.65,0.15,95338.32,1,NULL,NULL,NULL),(76,NULL,2020,8,127117.77,190676.64,13029.57,0.19,127117.77,1,NULL,NULL,NULL),(77,NULL,2020,8,190676.64,254235.52,25105.76,0.23,190676.64,1,NULL,NULL,NULL),(78,NULL,2020,8,254235.52,381353.28,39724.30,0.27,254235.52,1,NULL,NULL,NULL),(79,NULL,2020,8,381353.28,508471.05,74046.10,0.31,381353.28,1,NULL,NULL,NULL),(80,NULL,2020,8,508471.05,9999999.00,113452.61,0.35,508471.05,1,NULL,NULL,NULL),(81,NULL,2020,9,-9999999.00,0.00,0.00,0.00,0.00,1,NULL,NULL,NULL),(82,NULL,2020,9,0.01,35751.87,0.00,0.05,0.01,1,NULL,NULL,NULL),(83,NULL,2020,9,35751.87,71503.74,1787.59,0.09,35751.87,1,NULL,NULL,NULL),(84,NULL,2020,9,71503.74,107255.61,5005.26,0.12,71503.74,1,NULL,NULL,NULL),(85,NULL,2020,9,107255.61,143007.49,9295.48,0.15,107255.61,1,NULL,NULL,NULL),(86,NULL,2020,9,143007.49,214511.22,14658.26,0.19,143007.49,1,NULL,NULL,NULL),(87,NULL,2020,9,214511.22,286014.96,28243.97,0.23,214511.22,1,NULL,NULL,NULL),(88,NULL,2020,9,286014.96,429022.44,44689.83,0.27,286014.96,1,NULL,NULL,NULL),(89,NULL,2020,9,429022.44,572029.93,83301.85,0.31,429022.44,1,NULL,NULL,NULL),(90,NULL,2020,9,572029.93,9999999.00,127634.17,0.35,572029.93,1,NULL,NULL,NULL),(91,NULL,2020,10,-9999999.00,0.00,0.00,0.00,0.00,1,NULL,NULL,NULL),(92,NULL,2020,10,0.01,39724.30,0.00,0.05,0.01,1,NULL,NULL,NULL),(93,NULL,2020,10,39724.30,79448.60,1986.21,0.09,39724.30,1,NULL,NULL,NULL),(94,NULL,2020,10,79448.60,119172.90,5561.40,0.12,79448.60,1,NULL,NULL,NULL),(95,NULL,2020,10,119172.90,158897.21,10328.32,0.15,119172.90,1,NULL,NULL,NULL),(96,NULL,2020,10,158897.21,238345.80,16286.97,0.19,158897.21,1,NULL,NULL,NULL),(97,NULL,2020,10,238345.80,317794.40,31382.20,0.23,238345.80,1,NULL,NULL,NULL),(98,NULL,2020,10,317794.40,476691.60,49655.38,0.27,317794.40,1,NULL,NULL,NULL),(99,NULL,2020,10,476691.60,635588.81,92557.62,0.31,476691.60,1,NULL,NULL,NULL),(100,NULL,2020,10,635588.81,9999999.00,141815.76,0.35,635588.81,1,NULL,NULL,NULL),(101,NULL,2020,11,-9999999.00,0.00,0.00,0.00,0.00,1,NULL,NULL,NULL),(102,NULL,2020,11,0.01,43696.73,0.00,0.05,0.01,1,NULL,NULL,NULL),(103,NULL,2020,11,43696.73,87393.46,2184.84,0.09,43696.73,1,NULL,NULL,NULL),(104,NULL,2020,11,87393.46,131090.19,6117.55,0.12,87393.46,1,NULL,NULL,NULL),(105,NULL,2020,11,131090.19,174786.93,11361.16,0.15,131090.19,1,NULL,NULL,NULL),(106,NULL,2020,11,174786.93,262180.38,17915.67,0.19,174786.93,1,NULL,NULL,NULL),(107,NULL,2020,11,262180.38,349573.84,34520.43,0.23,262180.38,1,NULL,NULL,NULL),(108,NULL,2020,11,349573.84,524360.76,54620.93,0.27,349573.84,1,NULL,NULL,NULL);
INSERT INTO `syj_g4_art90_mensual` VALUES (109,NULL,2020,11,524360.76,699147.69,101813.40,0.31,524360.76,1,NULL,NULL,NULL),(110,NULL,2020,11,699147.69,9999999.00,155997.35,0.35,699147.69,1,NULL,NULL,NULL),(111,NULL,2020,12,-9999999.00,0.00,0.00,0.00,0.00,1,NULL,NULL,NULL),(112,NULL,2020,12,0.01,47669.16,0.00,0.05,0.01,1,NULL,NULL,NULL),(113,NULL,2020,12,47669.16,95338.32,2383.46,0.09,47669.16,1,NULL,NULL,NULL),(114,NULL,2020,12,95338.32,143007.48,6673.68,0.12,95338.32,1,NULL,NULL,NULL),(115,NULL,2020,12,143007.48,190676.65,12393.98,0.15,143007.48,1,NULL,NULL,NULL),(116,NULL,2020,12,190676.65,286014.96,19544.36,0.19,190676.65,1,NULL,NULL,NULL),(117,NULL,2020,12,286014.96,381353.28,37658.64,0.23,286014.96,1,NULL,NULL,NULL),(118,NULL,2020,12,381353.28,572029.92,59586.45,0.27,381353.28,1,NULL,NULL,NULL),(119,NULL,2020,12,572029.92,762706.57,111069.14,0.31,572029.92,1,NULL,NULL,NULL),(120,NULL,2020,12,762706.57,9999999.00,170178.90,0.35,762706.57,1,NULL,NULL,NULL),(121,NULL,2021,1,-9999999.00,0.01,0.00,0.00,0.00,1,NULL,NULL,NULL),(122,NULL,2021,1,0.01,5377.72,0.00,0.05,0.01,1,NULL,NULL,NULL),(123,NULL,2021,1,5377.72,10755.44,268.89,0.09,5377.72,1,NULL,NULL,NULL),(124,NULL,2021,1,10755.44,16133.16,752.88,0.12,10755.44,1,NULL,NULL,NULL),(125,NULL,2021,1,16133.16,21510.88,1398.21,0.15,16133.16,1,NULL,NULL,NULL),(126,NULL,2021,1,21510.88,32266.32,2204.87,0.19,21510.88,1,NULL,NULL,NULL),(127,NULL,2021,1,32266.32,43021.76,4248.40,0.23,32266.32,1,NULL,NULL,NULL),(128,NULL,2021,1,43021.76,64532.64,6722.15,0.27,43021.76,1,NULL,NULL,NULL),(129,NULL,2021,1,64532.64,86043.53,12530.09,0.31,64532.64,1,NULL,NULL,NULL),(130,NULL,2021,1,86043.53,9999999.00,19198.47,0.35,86043.53,1,NULL,NULL,NULL),(131,NULL,2021,2,-9999999.00,0.01,0.00,0.00,0.00,1,NULL,NULL,NULL),(132,NULL,2021,2,0.01,10755.44,0.00,0.05,0.01,1,NULL,NULL,NULL),(133,NULL,2021,2,10755.44,21510.88,537.77,0.09,10755.44,1,NULL,NULL,NULL),(134,NULL,2021,2,21510.88,32266.32,1505.76,0.12,21510.88,1,NULL,NULL,NULL),(135,NULL,2021,2,32266.32,43021.76,2796.41,0.15,32266.32,1,NULL,NULL,NULL),(136,NULL,2021,2,43021.76,64532.64,4409.73,0.19,43021.76,1,NULL,NULL,NULL),(137,NULL,2021,2,64532.64,86043.52,8496.80,0.23,64532.64,1,NULL,NULL,NULL),(138,NULL,2021,2,86043.52,129065.29,13444.30,0.27,86043.52,1,NULL,NULL,NULL),(139,NULL,2021,2,129065.29,172087.05,25060.18,0.31,129065.29,1,NULL,NULL,NULL),(140,NULL,2021,2,172087.05,9999999.00,38396.93,0.35,172087.05,1,NULL,NULL,NULL),(141,NULL,2021,3,-9999999.00,0.01,0.00,0.00,0.00,1,NULL,NULL,NULL),(142,NULL,2021,3,0.01,16133.16,0.00,0.05,0.01,1,NULL,NULL,NULL),(143,NULL,2021,3,16133.16,32266.32,806.66,0.09,16133.16,1,NULL,NULL,NULL),(144,NULL,2021,3,32266.32,48399.48,2258.64,0.12,32266.32,1,NULL,NULL,NULL),(145,NULL,2021,3,48399.48,64532.65,4194.62,0.15,48399.48,1,NULL,NULL,NULL),(146,NULL,2021,3,64532.65,94798.97,6614.60,0.19,64532.65,1,NULL,NULL,NULL),(147,NULL,2021,3,94798.97,129065.29,12745.20,0.23,94798.97,1,NULL,NULL,NULL),(148,NULL,2021,3,129065.29,193597.93,20166.45,0.27,129065.29,1,NULL,NULL,NULL),(149,NULL,2021,3,193597.93,258130.58,37590.26,0.31,193597.93,1,NULL,NULL,NULL),(150,NULL,2021,3,258130.58,9999999.00,57595.38,0.35,258130.58,1,NULL,NULL,NULL),(151,NULL,2021,4,-9999999.00,0.01,0.00,0.00,0.00,1,NULL,NULL,NULL),(152,NULL,2021,4,0.01,21510.88,0.00,0.05,0.01,1,NULL,NULL,NULL),(153,NULL,2021,4,21510.88,43021.76,1075.54,0.09,21510.88,1,NULL,NULL,NULL),(154,NULL,2021,4,43021.76,64532.64,3011.52,0.12,43021.76,1,NULL,NULL,NULL),(155,NULL,2021,4,64532.64,86043.53,5592.83,0.15,64532.64,1,NULL,NULL,NULL),(156,NULL,2021,4,86043.53,129065.29,8819.46,0.19,86043.53,1,NULL,NULL,NULL),(157,NULL,2021,4,129065.29,172087.05,16993.59,0.23,129065.29,1,NULL,NULL,NULL),(158,NULL,2021,4,172087.05,258130.57,26888.59,0.27,172087.05,1,NULL,NULL,NULL),(159,NULL,2021,4,258130.57,344174.10,50120.34,0.31,258130.57,1,NULL,NULL,NULL),(160,NULL,2021,4,344174.10,9999999.00,76793.83,0.35,344174.10,1,NULL,NULL,NULL),(161,NULL,2021,5,-9999999.00,0.00,0.00,0.00,0.00,1,NULL,NULL,NULL);
INSERT INTO `syj_g4_art90_mensual` VALUES (162,NULL,2021,5,0.01,26888.60,0.00,0.05,0.01,1,NULL,NULL,NULL),(163,NULL,2021,5,26888.60,53777.20,1344.43,0.09,26888.60,1,NULL,NULL,NULL),(164,NULL,2021,5,53777.20,80665.80,3764.40,0.12,53777.20,1,NULL,NULL,NULL),(165,NULL,2021,5,80665.80,107554.41,6991.03,0.15,80665.80,1,NULL,NULL,NULL),(166,NULL,2021,5,107554.41,161331.61,11024.32,0.19,107554.41,1,NULL,NULL,NULL),(167,NULL,2021,5,161331.61,215108.81,21241.99,0.23,161331.61,1,NULL,NULL,NULL),(168,NULL,2021,5,215108.81,322663.21,33610.75,0.27,215108.81,1,NULL,NULL,NULL),(169,NULL,2021,5,322663.21,430217.63,62650.44,0.31,322663.21,1,NULL,NULL,NULL),(170,NULL,2021,5,430217.63,9999999.00,95992.31,0.35,430217.63,1,NULL,NULL,NULL),(171,NULL,2021,6,-9999999.00,0.00,0.00,0.00,0.00,1,NULL,NULL,NULL),(172,NULL,2021,6,0.01,32266.32,0.00,0.05,0.01,1,NULL,NULL,NULL),(173,NULL,2021,6,32266.32,64532.65,1613.32,0.09,32266.32,1,NULL,NULL,NULL),(174,NULL,2021,6,64532.65,96798.97,4517.29,0.12,64532.65,1,NULL,NULL,NULL),(175,NULL,2021,6,96798.97,129065.29,8389.25,0.15,96798.97,1,NULL,NULL,NULL),(176,NULL,2021,6,129065.29,193597.93,13229.20,0.19,129065.29,1,NULL,NULL,NULL),(177,NULL,2021,6,193597.93,258130.57,25490.40,0.23,193597.93,1,NULL,NULL,NULL),(178,NULL,2021,6,258130.57,387195.86,40332.91,0.27,258130.57,1,NULL,NULL,NULL),(179,NULL,2021,6,387195.86,516261.15,75180.54,0.31,387195.86,1,NULL,NULL,NULL),(180,NULL,2021,6,516261.15,9999999.00,115190.78,0.35,516261.15,1,NULL,NULL,NULL),(181,NULL,2021,7,-9999999.00,0.00,0.00,0.00,0.00,1,NULL,NULL,NULL),(182,NULL,2021,7,0.01,37644.04,0.00,0.05,0.01,1,NULL,NULL,NULL),(183,NULL,2021,7,37644.04,75288.09,1882.20,0.09,37644.04,1,NULL,NULL,NULL),(184,NULL,2021,7,75288.09,112932.13,5270.16,0.12,75288.09,1,NULL,NULL,NULL),(185,NULL,2021,7,112932.13,150576.17,9787.44,0.15,112932.13,1,NULL,NULL,NULL),(186,NULL,2021,7,150576.17,225864.25,15434.05,0.19,150576.17,1,NULL,NULL,NULL),(187,NULL,2021,7,225864.25,301152.33,29738.79,0.23,225864.25,1,NULL,NULL,NULL),(188,NULL,2021,7,301152.33,451728.50,47055.05,0.27,301152.33,1,NULL,NULL,NULL),(189,NULL,2021,7,451728.50,602304.68,87710.62,0.31,451728.50,1,NULL,NULL,NULL),(190,NULL,2021,7,602304.68,9999999.00,134389.24,0.35,602304.68,1,NULL,NULL,NULL),(191,NULL,2021,8,-9999999.00,0.00,0.00,0.00,0.00,1,NULL,NULL,NULL),(192,NULL,2021,8,0.01,43021.76,0.00,0.05,0.01,1,NULL,NULL,NULL),(193,NULL,2021,8,43021.76,86043.53,2151.09,0.09,43021.76,1,NULL,NULL,NULL),(194,NULL,2021,8,86043.53,129065.29,6023.05,0.12,86043.53,1,NULL,NULL,NULL),(195,NULL,2021,8,129065.29,172087.05,11185.66,0.15,129065.29,1,NULL,NULL,NULL),(196,NULL,2021,8,172087.05,258130.57,17638.92,0.19,172087.05,1,NULL,NULL,NULL),(197,NULL,2021,8,258130.57,344174.09,33987.19,0.23,258130.57,1,NULL,NULL,NULL),(198,NULL,2021,8,344174.09,516261.14,53777.20,0.27,344174.09,1,NULL,NULL,NULL),(199,NULL,2021,8,516261.14,688348.20,100240.70,0.31,516261.14,1,NULL,NULL,NULL),(200,NULL,2021,8,688348.20,9999999.00,153587.69,0.35,688348.20,1,NULL,NULL,NULL),(201,NULL,2021,9,-9999999.00,0.00,0.00,0.00,0.00,1,NULL,NULL,NULL),(202,NULL,2021,9,0.01,48399.48,0.00,0.05,0.01,1,NULL,NULL,NULL),(203,NULL,2021,9,48399.48,96798.97,2419.97,0.09,48399.48,1,NULL,NULL,NULL),(204,NULL,2021,9,96798.97,145198.45,6775.92,0.12,96798.97,1,NULL,NULL,NULL),(205,NULL,2021,9,145198.45,193597.94,12583.86,0.15,145198.45,1,NULL,NULL,NULL),(206,NULL,2021,9,193597.94,290396.90,19843.78,0.19,193597.94,1,NULL,NULL,NULL),(207,NULL,2021,9,290396.90,387195.86,38235.58,0.23,290396.90,1,NULL,NULL,NULL),(208,NULL,2021,9,387195.86,580793.78,60499.34,0.27,387195.86,1,NULL,NULL,NULL),(209,NULL,2021,9,580793.78,774391.73,112770.78,0.31,580793.78,1,NULL,NULL,NULL),(210,NULL,2021,9,774391.73,9999999.00,172786.14,0.35,774391.73,1,NULL,NULL,NULL),(211,NULL,2021,10,-9999999.00,0.00,0.00,0.00,0.00,1,NULL,NULL,NULL),(212,NULL,2021,10,0.01,53777.20,0.00,0.05,0.01,1,NULL,NULL,NULL),(213,NULL,2021,10,53777.20,107554.41,2688.86,0.09,53777.20,1,NULL,NULL,NULL);
INSERT INTO `syj_g4_art90_mensual` VALUES (214,NULL,2021,10,107554.41,161331.61,7528.81,0.12,107554.41,1,NULL,NULL,NULL),(215,NULL,2021,10,161331.61,215108.82,13982.07,0.15,161331.61,1,NULL,NULL,NULL),(216,NULL,2021,10,215108.82,322663.22,22048.65,0.19,215108.82,1,NULL,NULL,NULL),(217,NULL,2021,10,322663.22,430217.62,42483.99,0.23,322663.22,1,NULL,NULL,NULL),(218,NULL,2021,10,430217.62,645326.43,67221.50,0.27,430217.62,1,NULL,NULL,NULL),(219,NULL,2021,10,645326.43,860435.25,125300.88,0.31,645326.43,1,NULL,NULL,NULL),(220,NULL,2021,10,860435.25,9999999.00,191984.61,0.35,860435.25,1,NULL,NULL,NULL),(221,NULL,2021,11,-9999999.00,0.00,0.00,0.00,0.00,1,NULL,NULL,NULL),(222,NULL,2021,11,0.01,59154.92,0.00,0.05,0.01,1,NULL,NULL,NULL),(223,NULL,2021,11,59154.92,118309.85,2957.75,0.09,59154.92,1,NULL,NULL,NULL),(224,NULL,2021,11,118309.85,177464.77,8281.69,0.12,118309.85,1,NULL,NULL,NULL),(225,NULL,2021,11,177464.77,236619.70,15380.28,0.15,177464.77,1,NULL,NULL,NULL),(226,NULL,2021,11,236619.70,354929.54,24253.52,0.19,236619.70,1,NULL,NULL,NULL),(227,NULL,2021,11,354929.54,473239.38,46732.39,0.23,354929.54,1,NULL,NULL,NULL),(228,NULL,2021,11,473239.38,709859.07,73943.65,0.27,473239.38,1,NULL,NULL,NULL),(229,NULL,2021,11,709859.07,946478.78,137830.97,0.31,709859.07,1,NULL,NULL,NULL),(230,NULL,2021,11,946478.78,9999999.00,211183.08,0.35,946478.78,1,NULL,NULL,NULL),(231,NULL,2021,12,-9999999.00,0.00,0.00,0.00,0.00,1,NULL,NULL,NULL),(232,NULL,2021,12,0.01,64532.64,0.00,0.05,0.01,1,NULL,NULL,NULL),(233,NULL,2021,12,64532.64,129065.29,3226.63,0.09,64532.64,1,NULL,NULL,NULL),(234,NULL,2021,12,129065.29,193597.93,9034.57,0.12,129065.29,1,NULL,NULL,NULL),(235,NULL,2021,12,193597.93,258130.58,16778.49,0.15,193597.93,1,NULL,NULL,NULL),(236,NULL,2021,12,258130.58,387195.86,26458.39,0.19,258130.58,1,NULL,NULL,NULL),(237,NULL,2021,12,387195.86,516261.14,50980.79,0.23,387195.86,1,NULL,NULL,NULL),(238,NULL,2021,12,516261.14,774391.71,80665.80,0.27,516261.14,1,NULL,NULL,NULL),(239,NULL,2021,12,774391.71,1032522.30,150361.06,0.31,774391.71,1,NULL,NULL,NULL),(240,NULL,2021,12,1032522.30,9999999.00,230381.54,0.35,1032522.30,1,NULL,NULL,NULL),(241,NULL,2022,1,-9999999.00,0.01,0.00,0.00,0.00,1,NULL,NULL,NULL),(242,NULL,2022,1,0.01,8100.17,0.00,0.05,0.01,1,NULL,NULL,NULL),(243,NULL,2022,1,8100.17,16200.33,268.89,0.09,8100.17,1,NULL,NULL,NULL),(244,NULL,2022,1,16200.33,24300.50,1134.02,0.12,16200.33,1,NULL,NULL,NULL),(245,NULL,2022,1,24300.50,32400.67,2106.04,0.15,24300.50,1,NULL,NULL,NULL),(246,NULL,2022,1,32400.67,48601.00,3321.07,0.19,32400.67,1,NULL,NULL,NULL),(247,NULL,2022,1,48601.00,64801.34,6399.13,0.23,48601.00,1,NULL,NULL,NULL),(248,NULL,2022,1,64801.34,97202.00,10125.21,0.27,64801.34,1,NULL,NULL,NULL),(249,NULL,2022,1,97202.00,129602.67,18873.39,0.31,97202.00,1,NULL,NULL,NULL),(250,NULL,2022,1,129602.67,9999999.00,28917.60,0.35,129602.67,1,NULL,NULL,NULL),(251,NULL,2022,2,-9999999.00,0.01,0.00,0.00,0.00,1,NULL,NULL,NULL),(252,NULL,2022,2,0.01,16200.33,0.00,0.05,0.01,1,NULL,NULL,NULL),(253,NULL,2022,2,16200.33,32400.66,810.01,0.09,16200.33,1,NULL,NULL,NULL),(254,NULL,2022,2,32400.66,48601.00,2268.04,0.12,32400.66,1,NULL,NULL,NULL),(255,NULL,2022,2,48601.00,64801.33,4212.08,0.15,48601.00,1,NULL,NULL,NULL),(256,NULL,2022,2,64801.33,97202.00,6642.13,0.19,64801.33,1,NULL,NULL,NULL),(257,NULL,2022,2,97202.00,129602.67,12798.26,0.23,97202.00,1,NULL,NULL,NULL),(258,NULL,2022,2,129602.67,194404.00,20250.41,0.27,129602.67,1,NULL,NULL,NULL),(259,NULL,2022,2,194404.00,259205.34,37746.77,0.31,194404.00,1,NULL,NULL,NULL),(260,NULL,2022,2,259205.34,9999999.00,57835.19,0.35,259205.34,1,NULL,NULL,NULL),(261,NULL,2022,3,-9999999.00,0.01,0.00,0.00,0.00,1,NULL,NULL,NULL),(262,NULL,2022,3,0.01,24300.49,0.00,0.05,0.01,1,NULL,NULL,NULL),(263,NULL,2022,3,24300.49,48601.00,1215.02,0.09,24300.49,1,NULL,NULL,NULL),(264,NULL,2022,3,48601.00,72901.50,3402.07,0.12,48601.00,1,NULL,NULL,NULL),(265,NULL,2022,3,72901.50,97202.00,6318.13,0.15,72901.50,1,NULL,NULL,NULL);
INSERT INTO `syj_g4_art90_mensual` VALUES (266,NULL,2022,3,97202.00,145803.00,9963.20,0.19,97202.00,1,NULL,NULL,NULL),(267,NULL,2022,3,145803.00,194404.00,19197.39,0.23,145803.00,1,NULL,NULL,NULL),(268,NULL,2022,3,194404.00,291606.00,30375.62,0.27,194404.00,1,NULL,NULL,NULL),(269,NULL,2022,3,291606.00,388808.01,56620.16,0.31,291606.00,1,NULL,NULL,NULL),(270,NULL,2022,3,388808.01,9999999.00,86752.78,0.35,388808.01,1,NULL,NULL,NULL),(271,NULL,2022,4,-9999999.00,0.01,0.00,0.00,0.00,1,NULL,NULL,NULL),(272,NULL,2022,4,0.01,32400.66,0.00,0.05,0.01,1,NULL,NULL,NULL),(273,NULL,2022,4,32400.66,64801.33,1620.03,0.09,32400.66,1,NULL,NULL,NULL),(274,NULL,2022,4,64801.33,97202.00,4536.09,0.12,64801.33,1,NULL,NULL,NULL),(275,NULL,2022,4,97202.00,129602.67,8424.17,0.15,97202.00,1,NULL,NULL,NULL),(276,NULL,2022,4,129602.67,194404.00,13284.27,0.19,129602.67,1,NULL,NULL,NULL),(277,NULL,2022,4,194404.00,259205.34,25596.53,0.23,194404.00,1,NULL,NULL,NULL),(278,NULL,2022,4,259205.34,388808.01,40500.83,0.27,259205.34,1,NULL,NULL,NULL),(279,NULL,2022,4,388808.01,518410.69,75493.55,0.31,388808.01,1,NULL,NULL,NULL),(280,NULL,2022,4,518410.69,9999999.00,115670.38,0.35,518410.69,1,NULL,NULL,NULL),(281,NULL,2022,5,-9999999.00,0.01,0.00,0.00,0.00,1,NULL,NULL,NULL),(282,NULL,2022,5,0.01,40500.83,0.00,0.05,0.01,1,NULL,NULL,NULL),(283,NULL,2022,5,40500.83,81001.67,2025.04,0.09,40500.82,1,NULL,NULL,NULL),(284,NULL,2022,5,81001.67,121502.50,5670.12,0.12,81001.67,1,NULL,NULL,NULL),(285,NULL,2022,5,121502.50,162003.34,10530.21,0.15,121502.50,1,NULL,NULL,NULL),(286,NULL,2022,5,162003.34,243005.00,16605.34,0.19,162003.34,1,NULL,NULL,NULL),(287,NULL,2022,5,243005.00,324006.67,31995.66,0.23,243005.00,1,NULL,NULL,NULL),(288,NULL,2022,5,324006.67,486010.01,50626.03,0.27,324006.67,1,NULL,NULL,NULL),(289,NULL,2022,5,486010.01,648013.36,94366.94,0.31,486010.01,1,NULL,NULL,NULL),(290,NULL,2022,5,648013.36,9999999.00,144587.97,0.35,648013.36,1,NULL,NULL,NULL),(291,NULL,2022,6,-9999999.00,0.01,0.00,0.00,0.00,1,NULL,NULL,NULL),(292,NULL,2022,6,0.01,48600.99,0.00,0.05,0.01,1,NULL,NULL,NULL),(293,NULL,2022,6,48600.99,97202.00,2430.05,0.09,48600.99,1,NULL,NULL,NULL),(294,NULL,2022,6,97202.00,145803.00,6804.14,0.12,97202.00,1,NULL,NULL,NULL),(295,NULL,2022,6,145803.00,194404.01,12636.26,0.15,145803.00,1,NULL,NULL,NULL),(296,NULL,2022,6,194404.01,291606.01,19926.41,0.19,194404.01,1,NULL,NULL,NULL),(297,NULL,2022,6,291606.01,388808.01,38394.79,0.23,291606.01,1,NULL,NULL,NULL),(298,NULL,2022,6,388808.01,583212.01,60751.24,0.27,388808.01,1,NULL,NULL,NULL),(299,NULL,2022,6,583212.01,777616.03,113240.33,0.31,583212.01,1,NULL,NULL,NULL),(300,NULL,2022,6,777616.03,9999999.00,173505.57,0.35,777616.03,1,NULL,NULL,NULL),(301,NULL,2022,7,-9999999.00,0.01,0.00,0.00,0.00,1,NULL,NULL,NULL),(302,NULL,2022,7,0.01,56701.16,0.00,0.05,0.01,1,NULL,NULL,NULL),(303,NULL,2022,7,56701.16,113402.33,2835.05,0.09,56701.16,1,NULL,NULL,NULL),(304,NULL,2022,7,113402.33,170103.50,7938.16,0.12,113402.33,1,NULL,NULL,NULL),(305,NULL,2022,7,170103.50,226804.67,14742.30,0.15,170103.50,1,NULL,NULL,NULL),(306,NULL,2022,7,226804.67,340207.01,23247.47,0.19,226804.67,1,NULL,NULL,NULL),(307,NULL,2022,7,340207.01,453609.34,44793.92,0.23,340207.01,1,NULL,NULL,NULL),(308,NULL,2022,7,453609.34,680414.01,70876.45,0.27,453609.34,1,NULL,NULL,NULL),(309,NULL,2022,7,680414.01,907218.70,132113.72,0.31,680414.01,1,NULL,NULL,NULL),(310,NULL,2022,7,907218.70,9999999.00,202423.17,0.35,907218.70,1,NULL,NULL,NULL),(311,NULL,2022,8,-9999999.00,0.01,0.00,0.00,0.00,1,NULL,NULL,NULL),(312,NULL,2022,8,0.01,64801.32,0.00,0.05,0.01,1,NULL,NULL,NULL),(313,NULL,2022,8,64801.32,129602.67,3240.06,0.09,64801.32,1,NULL,NULL,NULL),(314,NULL,2022,8,129602.67,194404.00,9072.19,0.12,129602.67,1,NULL,NULL,NULL),(315,NULL,2022,8,194404.00,259205.34,16848.34,0.15,194404.00,1,NULL,NULL,NULL),(316,NULL,2022,8,259205.34,388808.01,26568.54,0.19,259205.34,1,NULL,NULL,NULL),(317,NULL,2022,8,388808.01,518410.68,51193.06,0.23,388808.01,1,NULL,NULL,NULL);
INSERT INTO `syj_g4_art90_mensual` VALUES (318,NULL,2022,8,518410.68,777616.02,81001.66,0.27,518410.68,1,NULL,NULL,NULL),(319,NULL,2022,8,777616.02,1036821.38,150987.11,0.31,777616.02,1,NULL,NULL,NULL),(320,NULL,2022,8,1036821.38,9999999.00,231340.76,0.35,1036821.38,1,NULL,NULL,NULL),(321,NULL,2022,9,-9999999.00,0.01,0.00,0.00,0.00,1,NULL,NULL,NULL),(322,NULL,2022,9,0.01,72901.49,0.00,0.05,0.01,1,NULL,NULL,NULL),(323,NULL,2022,9,72901.49,145803.00,3645.07,0.09,72901.49,1,NULL,NULL,NULL),(324,NULL,2022,9,145803.00,218704.50,10206.21,0.12,145803.00,1,NULL,NULL,NULL),(325,NULL,2022,9,218704.50,291606.01,18954.39,0.15,218704.50,1,NULL,NULL,NULL),(326,NULL,2022,9,291606.01,437409.01,29889.61,0.19,291606.01,1,NULL,NULL,NULL),(327,NULL,2022,9,437409.01,583212.01,57592.19,0.23,437409.01,1,NULL,NULL,NULL),(328,NULL,2022,9,583212.01,874818.02,91126.86,0.27,583212.01,1,NULL,NULL,NULL),(329,NULL,2022,9,874818.02,1166424.05,169860.50,0.31,874818.02,1,NULL,NULL,NULL),(330,NULL,2022,9,1166424.05,9999999.00,260258.36,0.35,1166424.05,1,NULL,NULL,NULL),(331,NULL,2022,10,-9999999.00,0.01,0.00,0.00,0.00,1,NULL,NULL,NULL),(332,NULL,2022,10,0.01,81001.65,0.00,0.05,0.01,1,NULL,NULL,NULL),(333,NULL,2022,10,81001.65,162003.34,4050.08,0.09,81001.65,1,NULL,NULL,NULL),(334,NULL,2022,10,162003.34,243005.00,11340.24,0.12,162003.34,1,NULL,NULL,NULL),(335,NULL,2022,10,243005.00,324006.68,21060.43,0.15,243005.00,1,NULL,NULL,NULL),(336,NULL,2022,10,324006.68,486010.01,33210.68,0.19,324006.68,1,NULL,NULL,NULL),(337,NULL,2022,10,486010.01,648013.35,63991.32,0.23,486010.01,1,NULL,NULL,NULL),(338,NULL,2022,10,648013.35,972020.02,101252.07,0.27,648013.35,1,NULL,NULL,NULL),(339,NULL,2022,10,972020.02,1296026.72,188733.89,0.31,972020.02,1,NULL,NULL,NULL),(340,NULL,2022,10,1296026.72,9999999.00,289175.95,0.35,1296026.72,1,NULL,NULL,NULL),(341,NULL,2022,11,-9999999.00,0.01,0.00,0.00,0.00,1,NULL,NULL,NULL),(342,NULL,2022,11,0.01,89101.82,0.00,0.05,0.01,1,NULL,NULL,NULL),(343,NULL,2022,11,89101.82,178203.67,4455.09,0.09,89101.82,1,NULL,NULL,NULL),(344,NULL,2022,11,178203.67,267305.50,12474.26,0.12,178203.67,1,NULL,NULL,NULL),(345,NULL,2022,11,267305.50,356407.35,23166.47,0.15,267305.50,1,NULL,NULL,NULL),(346,NULL,2022,11,356407.35,534611.01,36531.75,0.19,356407.35,1,NULL,NULL,NULL),(347,NULL,2022,11,534611.01,712814.68,70390.45,0.23,534611.01,1,NULL,NULL,NULL),(348,NULL,2022,11,712814.68,1069222.02,111377.28,0.27,712814.68,1,NULL,NULL,NULL),(349,NULL,2022,11,1069222.02,1425629.39,207607.28,0.31,1069222.02,1,NULL,NULL,NULL),(350,NULL,2022,11,1425629.39,9999999.00,318093.55,0.35,1425629.39,1,NULL,NULL,NULL),(351,NULL,2022,12,-9999999.00,0.01,0.00,0.00,0.00,1,NULL,NULL,NULL),(352,NULL,2022,12,0.01,97201.99,0.00,0.05,0.01,1,NULL,NULL,NULL),(353,NULL,2022,12,97201.99,194404.01,4860.10,0.09,97201.99,1,NULL,NULL,NULL),(354,NULL,2022,12,194404.01,291606.01,13608.29,0.12,194404.01,1,NULL,NULL,NULL),(355,NULL,2022,12,291606.01,388808.02,25272.52,0.15,291606.01,1,NULL,NULL,NULL),(356,NULL,2022,12,388808.02,583212.02,39852.82,0.19,388808.02,1,NULL,NULL,NULL),(357,NULL,2022,12,583212.02,777616.02,76789.59,0.23,583212.02,1,NULL,NULL,NULL),(358,NULL,2022,12,777616.02,1166424.03,121502.49,0.27,777616.02,1,NULL,NULL,NULL),(359,NULL,2022,12,1166424.03,1555232.07,226480.67,0.31,1166424.03,1,NULL,NULL,NULL),(360,NULL,2022,12,1555232.07,9999999.00,347011.15,0.35,1555232.07,1,NULL,NULL,NULL),(361,NULL,2023,1,-9999999.00,0.01,0.00,0.00,0.00,1,NULL,NULL,NULL),(362,NULL,2023,1,0.01,14486.22,0.00,0.05,0.01,1,NULL,NULL,NULL),(363,NULL,2023,1,14486.22,28972.44,724.31,0.09,14486.22,1,NULL,NULL,NULL),(364,NULL,2023,1,28972.44,43458.65,2028.07,0.12,28972.44,1,NULL,NULL,NULL),(365,NULL,2023,1,43458.65,57944.87,3766.42,0.15,43458.65,1,NULL,NULL,NULL),(366,NULL,2023,1,57944.87,86917.31,5939.35,0.19,57944.87,1,NULL,NULL,NULL),(367,NULL,2023,1,86917.31,115889.74,11444.11,0.23,86917.31,1,NULL,NULL,NULL),(368,NULL,2023,1,115889.74,173834.61,18107.77,0.27,115889.74,1,NULL,NULL,NULL);
INSERT INTO `syj_g4_art90_mensual` VALUES (369,NULL,2023,1,173834.61,231779.49,33752.89,0.31,173834.61,1,NULL,NULL,NULL),(370,NULL,2023,1,231779.49,9999999.00,51715.80,0.35,231779.49,1,NULL,NULL,NULL),(371,NULL,2023,2,-9999999.00,0.01,0.00,0.00,0.00,1,NULL,NULL,NULL),(372,NULL,2023,2,0.01,28972.44,0.00,0.05,0.01,1,NULL,NULL,NULL),(373,NULL,2023,2,28972.44,57944.87,1448.62,0.09,28972.44,1,NULL,NULL,NULL),(374,NULL,2023,2,57944.87,86917.31,4056.14,0.12,57944.87,1,NULL,NULL,NULL),(375,NULL,2023,2,86917.31,115889.75,7532.83,0.15,86917.31,1,NULL,NULL,NULL),(376,NULL,2023,2,115889.75,173834.61,11878.70,0.19,115889.75,1,NULL,NULL,NULL),(377,NULL,2023,2,173834.61,231779.48,22888.22,0.23,173834.61,1,NULL,NULL,NULL),(378,NULL,2023,2,231779.48,347669.23,36215.54,0.27,231779.48,1,NULL,NULL,NULL),(379,NULL,2023,2,347669.23,463558.98,67505.77,0.31,347669.23,1,NULL,NULL,NULL),(380,NULL,2023,2,463558.98,9999999.00,103431.60,0.35,463558.98,1,NULL,NULL,NULL),(381,NULL,2023,3,-9999999.00,0.01,0.00,0.00,0.00,1,NULL,NULL,NULL),(382,NULL,2023,3,0.01,43458.65,0.00,0.05,0.01,1,NULL,NULL,NULL),(383,NULL,2023,3,43458.65,86917.31,2172.93,0.09,43458.65,1,NULL,NULL,NULL),(384,NULL,2023,3,86917.31,130375.96,6084.21,0.12,86917.31,1,NULL,NULL,NULL),(385,NULL,2023,3,130375.96,173834.62,11299.25,0.15,130375.96,1,NULL,NULL,NULL),(386,NULL,2023,3,173834.62,260751.92,17818.05,0.19,173834.62,1,NULL,NULL,NULL),(387,NULL,2023,3,260751.92,347669.23,34332.34,0.23,260751.92,1,NULL,NULL,NULL),(388,NULL,2023,3,347669.23,521503.84,54323.32,0.27,347669.23,1,NULL,NULL,NULL),(389,NULL,2023,3,521503.84,695338.46,101258.66,0.31,521503.84,1,NULL,NULL,NULL),(390,NULL,2023,3,695338.46,9999999.00,155147.40,0.35,695338.46,1,NULL,NULL,NULL),(391,NULL,2023,4,-9999999.00,0.01,0.00,0.00,0.00,1,NULL,NULL,NULL),(392,NULL,2023,4,0.01,57944.87,0.00,0.05,0.01,1,NULL,NULL,NULL),(393,NULL,2023,4,57944.87,115889.74,2897.24,0.09,57944.87,1,NULL,NULL,NULL),(394,NULL,2023,4,115889.74,173834.61,8112.28,0.12,115889.74,1,NULL,NULL,NULL),(395,NULL,2023,4,173834.61,231779.49,15065.67,0.15,173834.61,1,NULL,NULL,NULL),(396,NULL,2023,4,231779.49,347669.23,23757.40,0.19,231779.49,1,NULL,NULL,NULL),(397,NULL,2023,4,347669.23,463558.97,45776.45,0.23,347669.23,1,NULL,NULL,NULL),(398,NULL,2023,4,463558.97,695338.45,72431.09,0.27,463558.97,1,NULL,NULL,NULL),(399,NULL,2023,4,695338.45,927117.95,135011.55,0.31,695338.45,1,NULL,NULL,NULL),(400,NULL,2023,4,927117.95,9999999.00,206863.19,0.35,927117.95,1,NULL,NULL,NULL),(401,NULL,2023,5,-9999999.00,0.01,0.00,0.00,0.00,1,NULL,NULL,NULL),(402,NULL,2023,5,0.01,72431.09,0.00,0.05,0.01,1,NULL,NULL,NULL),(403,NULL,2023,5,72431.09,144862.18,3621.55,0.09,72431.09,1,NULL,NULL,NULL),(404,NULL,2023,5,144862.18,217293.27,10140.35,0.12,144862.18,1,NULL,NULL,NULL),(405,NULL,2023,5,217293.27,289724.36,18832.08,0.15,217293.27,1,NULL,NULL,NULL),(406,NULL,2023,5,289724.36,434586.53,29696.75,0.19,289724.36,1,NULL,NULL,NULL),(407,NULL,2023,5,434586.53,579448.71,57220.56,0.23,434586.53,1,NULL,NULL,NULL),(408,NULL,2023,5,579448.71,869173.06,90538.86,0.27,579448.71,1,NULL,NULL,NULL),(409,NULL,2023,5,869173.06,1158897.44,168764.43,0.31,869173.06,1,NULL,NULL,NULL),(410,NULL,2023,5,1158897.44,9999999.00,258578.99,0.35,1158897.44,1,NULL,NULL,NULL),(411,NULL,2023,6,-9999999.00,0.01,0.00,0.00,0.00,1,NULL,NULL,NULL),(412,NULL,2023,6,0.01,86917.31,0.00,0.05,0.01,1,NULL,NULL,NULL),(413,NULL,2023,6,86917.31,173834.62,4345.87,0.09,86917.31,1,NULL,NULL,NULL),(414,NULL,2023,6,173834.62,260751.92,12168.43,0.12,173834.62,1,NULL,NULL,NULL),(415,NULL,2023,6,260751.92,347669.24,22598.50,0.15,260751.92,1,NULL,NULL,NULL),(416,NULL,2023,6,347669.24,521503.84,35636.10,0.19,347669.24,1,NULL,NULL,NULL),(417,NULL,2023,6,521503.84,695338.45,68664.67,0.23,521503.84,1,NULL,NULL,NULL),(418,NULL,2023,6,695338.45,1043007.68,108646.63,0.27,695338.45,1,NULL,NULL,NULL),(419,NULL,2023,6,1043007.68,1390676.93,202517.32,0.31,1043007.68,1,NULL,NULL,NULL),(420,NULL,2023,6,1390676.93,9999999.00,310294.79,0.35,1390676.93,1,NULL,NULL,NULL);
INSERT INTO `syj_g4_art90_mensual` VALUES (421,NULL,2023,7,-9999999.00,0.01,0.00,0.00,0.00,1,NULL,NULL,NULL),(422,NULL,2023,7,0.01,101403.52,0.00,0.05,0.01,1,NULL,NULL,NULL),(423,NULL,2023,7,101403.52,202807.05,5070.18,0.09,101403.52,1,NULL,NULL,NULL),(424,NULL,2023,7,202807.05,304210.57,14196.50,0.12,202807.05,1,NULL,NULL,NULL),(425,NULL,2023,7,304210.57,405614.11,26364.92,0.15,304210.57,1,NULL,NULL,NULL),(426,NULL,2023,7,405614.11,608421.15,41575.44,0.19,405614.11,1,NULL,NULL,NULL),(427,NULL,2023,7,608421.15,811228.19,80108.78,0.23,608421.15,1,NULL,NULL,NULL),(428,NULL,2023,7,811228.19,1216842.29,126754.40,0.27,811228.19,1,NULL,NULL,NULL),(429,NULL,2023,7,1216842.29,1622456.41,236270.21,0.31,1216842.29,1,NULL,NULL,NULL),(430,NULL,2023,7,1622456.41,9999999.00,362010.59,0.35,1622456.41,1,NULL,NULL,NULL),(431,NULL,2023,8,-9999999.00,0.01,0.00,0.00,0.00,1,NULL,NULL,NULL),(432,NULL,2023,8,0.01,115889.74,0.00,0.05,0.01,1,NULL,NULL,NULL),(433,NULL,2023,8,115889.74,231779.49,5794.49,0.09,115889.74,1,NULL,NULL,NULL),(434,NULL,2023,8,231779.49,347669.23,16224.57,0.12,231779.49,1,NULL,NULL,NULL),(435,NULL,2023,8,347669.23,463558.98,30131.33,0.15,347669.23,1,NULL,NULL,NULL),(436,NULL,2023,8,463558.98,695338.45,47514.79,0.19,463558.98,1,NULL,NULL,NULL),(437,NULL,2023,8,695338.45,927117.93,91552.89,0.23,695338.45,1,NULL,NULL,NULL),(438,NULL,2023,8,927117.93,1390676.90,144862.17,0.27,927117.93,1,NULL,NULL,NULL),(439,NULL,2023,8,1390676.90,1854235.90,270023.09,0.31,1390676.90,1,NULL,NULL,NULL),(440,NULL,2023,8,1854235.90,9999999.00,413726.39,0.35,1854235.90,1,NULL,NULL,NULL),(441,NULL,2023,9,-9999999.00,0.01,0.00,0.00,0.00,1,NULL,NULL,NULL),(442,NULL,2023,9,0.01,130375.96,0.00,0.05,0.01,1,NULL,NULL,NULL),(443,NULL,2023,9,130375.96,260751.92,6518.80,0.09,130375.96,1,NULL,NULL,NULL),(444,NULL,2023,9,260751.92,391127.88,18252.64,0.12,260751.92,1,NULL,NULL,NULL),(445,NULL,2023,9,391127.88,521503.85,33897.75,0.15,391127.88,1,NULL,NULL,NULL),(446,NULL,2023,9,521503.85,782255.76,53454.14,0.19,521503.85,1,NULL,NULL,NULL),(447,NULL,2023,9,782255.76,1043007.68,102997.01,0.23,782255.76,1,NULL,NULL,NULL),(448,NULL,2023,9,1043007.68,1564511.51,162969.95,0.27,1043007.68,1,NULL,NULL,NULL),(449,NULL,2023,9,1564511.51,2086015.39,303775.98,0.31,1564511.51,1,NULL,NULL,NULL),(450,NULL,2023,9,2086015.39,9999999.00,465442.19,0.35,2086015.39,1,NULL,NULL,NULL),(451,NULL,2023,10,-9999999.00,0.01,0.00,0.00,0.00,1,NULL,NULL,NULL),(452,NULL,2023,10,0.01,144862.18,0.00,0.05,0.01,1,NULL,NULL,NULL),(453,NULL,2023,10,144862.18,289724.36,7243.11,0.09,144862.18,1,NULL,NULL,NULL),(454,NULL,2023,10,289724.36,434586.53,20280.71,0.12,289724.36,1,NULL,NULL,NULL),(455,NULL,2023,10,434586.53,579448.73,37664.17,0.15,434586.53,1,NULL,NULL,NULL),(456,NULL,2023,10,579448.73,869173.07,59393.49,0.19,579448.73,1,NULL,NULL,NULL),(457,NULL,2023,10,869173.07,1158897.42,114441.12,0.23,869173.07,1,NULL,NULL,NULL),(458,NULL,2023,10,1158897.42,1738346.13,181077.72,0.27,1158897.42,1,NULL,NULL,NULL),(459,NULL,2023,10,1738346.13,2317794.88,337528.87,0.31,1738346.13,1,NULL,NULL,NULL),(460,NULL,2023,10,2317794.88,9999999.00,517157.98,0.35,2317794.88,1,NULL,NULL,NULL),(461,NULL,2023,11,-9999999.00,0.01,0.00,0.00,0.00,1,NULL,NULL,NULL),(462,NULL,2023,11,0.01,159348.39,0.00,0.05,0.01,1,NULL,NULL,NULL),(463,NULL,2023,11,159348.39,318696.79,7967.42,0.09,159348.39,1,NULL,NULL,NULL),(464,NULL,2023,11,318696.79,478045.19,22308.78,0.12,318696.79,1,NULL,NULL,NULL),(465,NULL,2023,11,478045.19,637393.60,41430.58,0.15,478045.19,1,NULL,NULL,NULL),(466,NULL,2023,11,637393.60,956090.37,65332.84,0.19,637393.60,1,NULL,NULL,NULL),(467,NULL,2023,11,956090.37,1274787.16,125885.23,0.23,956090.37,1,NULL,NULL,NULL),(468,NULL,2023,11,1274787.16,1912180.74,199185.49,0.27,1274787.16,1,NULL,NULL,NULL),(469,NULL,2023,11,1912180.74,2549574.36,371281.75,0.31,1912180.74,1,NULL,NULL,NULL),(470,NULL,2023,11,2549574.36,9999999.00,568873.78,0.35,2549574.36,1,NULL,NULL,NULL),(471,NULL,2023,12,-9999999.00,0.01,0.00,0.00,0.00,1,NULL,NULL,NULL);
INSERT INTO `syj_g4_art90_mensual` VALUES (472,NULL,2023,12,0.01,173834.61,0.00,0.05,0.01,1,NULL,NULL,NULL),(473,NULL,2023,12,173834.61,347669.23,8691.73,0.09,173834.61,1,NULL,NULL,NULL),(474,NULL,2023,12,347669.23,521503.84,24336.85,0.12,347669.23,1,NULL,NULL,NULL),(475,NULL,2023,12,521503.84,695338.47,45197.00,0.15,521503.84,1,NULL,NULL,NULL),(476,NULL,2023,12,695338.47,1043007.68,71272.19,0.19,695338.47,1,NULL,NULL,NULL),(477,NULL,2023,12,1043007.68,1390676.90,137329.34,0.23,1043007.68,1,NULL,NULL,NULL),(478,NULL,2023,12,1390676.90,2086015.35,217293.26,0.27,1390676.90,1,NULL,NULL,NULL),(479,NULL,2023,12,2086015.35,2781353.85,405034.64,0.31,2086015.35,1,NULL,NULL,NULL),(480,NULL,2023,12,2781353.85,9999999.00,620589.58,0.35,2781353.85,1,NULL,NULL,NULL),(721,NULL,2024,1,-999999999.00,0.01,0.00,0.00,0.00,1,NULL,NULL,NULL),(722,NULL,2024,1,0.01,100000.00,0.00,0.05,0.01,1,NULL,NULL,NULL),(723,NULL,2024,1,100000.00,200000.00,5000.00,0.09,100000.00,1,NULL,NULL,NULL),(724,NULL,2024,1,200000.00,300000.00,14000.00,0.12,200000.00,1,NULL,NULL,NULL),(725,NULL,2024,1,300000.00,450000.00,26000.00,0.15,300000.00,1,NULL,NULL,NULL),(726,NULL,2024,1,450000.00,900000.00,48500.00,0.19,450000.00,1,NULL,NULL,NULL),(727,NULL,2024,1,900000.00,1350000.00,134000.00,0.23,900000.00,1,NULL,NULL,NULL),(728,NULL,2024,1,1350000.00,2025000.00,237500.00,0.27,1350000.00,1,NULL,NULL,NULL),(729,NULL,2024,1,2025000.00,3037500.00,419750.00,0.31,2025000.00,1,NULL,NULL,NULL),(730,NULL,2024,1,3037500.00,999999999.00,733625.00,0.35,3037500.00,1,NULL,NULL,NULL),(731,NULL,2024,2,-999999999.00,0.01,0.00,0.00,0.00,1,NULL,NULL,NULL),(732,NULL,2024,2,0.01,200000.00,0.00,0.05,0.01,1,NULL,NULL,NULL),(733,NULL,2024,2,200000.00,400000.00,10000.00,0.09,200000.00,1,NULL,NULL,NULL),(734,NULL,2024,2,400000.00,600000.00,28000.00,0.12,400000.00,1,NULL,NULL,NULL),(735,NULL,2024,2,600000.00,900000.00,52000.00,0.15,600000.00,1,NULL,NULL,NULL),(736,NULL,2024,2,900000.00,1800000.00,97000.00,0.19,900000.00,1,NULL,NULL,NULL),(737,NULL,2024,2,1800000.00,2700000.00,268000.00,0.23,1800000.00,1,NULL,NULL,NULL),(738,NULL,2024,2,2700000.00,4050000.00,475000.00,0.27,2700000.00,1,NULL,NULL,NULL),(739,NULL,2024,2,4050000.00,6075000.00,839500.00,0.31,4050000.00,1,NULL,NULL,NULL),(740,NULL,2024,2,6075000.00,999999999.00,1467250.00,0.35,6075000.00,1,NULL,NULL,NULL),(741,NULL,2024,3,-999999999.00,0.01,0.00,0.00,0.00,1,NULL,NULL,NULL),(742,NULL,2024,3,0.01,300000.00,0.00,0.05,0.01,1,NULL,NULL,NULL),(743,NULL,2024,3,300000.00,600000.00,15000.00,0.09,300000.00,1,NULL,NULL,NULL),(744,NULL,2024,3,600000.00,900000.00,42000.00,0.12,600000.00,1,NULL,NULL,NULL),(745,NULL,2024,3,900000.00,1350000.00,78000.00,0.15,900000.00,1,NULL,NULL,NULL),(746,NULL,2024,3,1350000.00,2700000.00,145500.00,0.19,1350000.00,1,NULL,NULL,NULL),(747,NULL,2024,3,2700000.00,4050000.00,402000.00,0.23,2700000.00,1,NULL,NULL,NULL),(748,NULL,2024,3,4050000.00,6075000.00,712500.00,0.27,4050000.00,1,NULL,NULL,NULL),(749,NULL,2024,3,6075000.00,9112500.00,1259250.00,0.31,6075000.00,1,NULL,NULL,NULL),(750,NULL,2024,3,9112500.00,999999999.00,2200875.00,0.35,9112500.00,1,NULL,NULL,NULL),(751,NULL,2024,4,-999999999.00,0.01,0.00,0.00,0.00,1,NULL,NULL,NULL),(752,NULL,2024,4,0.01,400000.00,0.00,0.05,0.01,1,NULL,NULL,NULL),(753,NULL,2024,4,400000.00,800000.00,20000.00,0.09,400000.00,1,NULL,NULL,NULL),(754,NULL,2024,4,800000.00,1200000.00,56000.00,0.12,800000.00,1,NULL,NULL,NULL),(755,NULL,2024,4,1200000.00,1800000.00,104000.00,0.15,1200000.00,1,NULL,NULL,NULL),(756,NULL,2024,4,1800000.00,3600000.00,194000.00,0.19,1800000.00,1,NULL,NULL,NULL),(757,NULL,2024,4,3600000.00,5400000.00,536000.00,0.23,3600000.00,1,NULL,NULL,NULL),(758,NULL,2024,4,5400000.00,8100000.00,950000.00,0.27,5400000.00,1,NULL,NULL,NULL),(759,NULL,2024,4,8100000.00,12150000.00,1679000.00,0.31,8100000.00,1,NULL,NULL,NULL),(760,NULL,2024,4,12150000.00,999999999.00,2934500.00,0.35,12150000.00,1,NULL,NULL,NULL),(761,NULL,2024,5,-999999999.00,0.01,0.00,0.00,0.00,1,NULL,NULL,NULL);
INSERT INTO `syj_g4_art90_mensual` VALUES (762,NULL,2024,5,0.01,500000.00,0.00,0.05,0.01,1,NULL,NULL,NULL),(763,NULL,2024,5,500000.00,1000000.00,25000.00,0.09,500000.00,1,NULL,NULL,NULL),(764,NULL,2024,5,1000000.00,1500000.00,70000.00,0.12,1000000.00,1,NULL,NULL,NULL),(765,NULL,2024,5,1500000.00,2250000.00,130000.00,0.15,1500000.00,1,NULL,NULL,NULL),(766,NULL,2024,5,2250000.00,4500000.00,242500.00,0.19,2250000.00,1,NULL,NULL,NULL),(767,NULL,2024,5,4500000.00,6750000.00,670000.00,0.23,4500000.00,1,NULL,NULL,NULL),(768,NULL,2024,5,6750000.00,10125000.00,1187500.00,0.27,6750000.00,1,NULL,NULL,NULL),(769,NULL,2024,5,10125000.00,15187500.00,2098750.00,0.31,10125000.00,1,NULL,NULL,NULL),(770,NULL,2024,5,15187500.00,999999999.00,3668125.00,0.35,15187500.00,1,NULL,NULL,NULL),(771,NULL,2024,6,-999999999.00,0.01,0.00,0.00,0.00,1,NULL,NULL,NULL),(772,NULL,2024,6,0.01,600000.00,0.00,0.05,0.01,1,NULL,NULL,NULL),(773,NULL,2024,6,600000.00,1200000.00,30000.00,0.09,600000.00,1,NULL,NULL,NULL),(774,NULL,2024,6,1200000.00,1800000.00,84000.00,0.12,1200000.00,1,NULL,NULL,NULL),(775,NULL,2024,6,1800000.00,2700000.00,156000.00,0.15,1800000.00,1,NULL,NULL,NULL),(776,NULL,2024,6,2700000.00,5400000.00,291000.00,0.19,2700000.00,1,NULL,NULL,NULL),(777,NULL,2024,6,5400000.00,8100000.00,804000.00,0.23,5400000.00,1,NULL,NULL,NULL),(778,NULL,2024,6,8100000.00,12150000.00,1425000.00,0.27,8100000.00,1,NULL,NULL,NULL),(779,NULL,2024,6,12150000.00,18225000.00,2518500.00,0.31,12150000.00,1,NULL,NULL,NULL),(780,NULL,2024,6,18225000.00,999999999.00,4401750.00,0.35,18225000.00,1,NULL,NULL,NULL),(781,NULL,2024,7,-999999999.00,0.01,0.00,0.00,0.00,1,NULL,NULL,NULL),(782,NULL,2024,7,0.01,700000.00,0.00,0.05,0.01,1,NULL,NULL,NULL),(783,NULL,2024,7,700000.00,1400000.00,35000.00,0.09,700000.00,1,NULL,NULL,NULL),(784,NULL,2024,7,1400000.00,2100000.00,98000.00,0.12,1400000.00,1,NULL,NULL,NULL),(785,NULL,2024,7,2100000.00,3150000.00,182000.00,0.15,2100000.00,1,NULL,NULL,NULL),(786,NULL,2024,7,3150000.00,6300000.00,339500.00,0.19,3150000.00,1,NULL,NULL,NULL),(787,NULL,2024,7,6300000.00,9450000.00,938000.00,0.23,6300000.00,1,NULL,NULL,NULL),(788,NULL,2024,7,9450000.00,14175000.00,1662500.00,0.27,9450000.00,1,NULL,NULL,NULL),(789,NULL,2024,7,14175000.00,21262500.00,2938250.00,0.31,14175000.00,1,NULL,NULL,NULL),(790,NULL,2024,7,21262500.00,999999999.00,5135375.00,0.35,21262500.00,1,NULL,NULL,NULL),(791,NULL,2024,8,-999999999.00,0.01,0.00,0.00,0.00,1,NULL,NULL,NULL),(792,NULL,2024,8,0.01,800000.00,0.00,0.05,0.01,1,NULL,NULL,NULL),(793,NULL,2024,8,800000.00,1600000.00,40000.00,0.09,800000.00,1,NULL,NULL,NULL),(794,NULL,2024,8,1600000.00,2400000.00,112000.00,0.12,1600000.00,1,NULL,NULL,NULL),(795,NULL,2024,8,2400000.00,3600000.00,208000.00,0.15,2400000.00,1,NULL,NULL,NULL),(796,NULL,2024,8,3600000.00,7200000.00,388000.00,0.19,3600000.00,1,NULL,NULL,NULL),(797,NULL,2024,8,7200000.00,10800000.00,1072000.00,0.23,7200000.00,1,NULL,NULL,NULL),(798,NULL,2024,8,10800000.00,16200000.00,1900000.00,0.27,10800000.00,1,NULL,NULL,NULL),(799,NULL,2024,8,16200000.00,24300000.00,3358000.00,0.31,16200000.00,1,NULL,NULL,NULL),(800,NULL,2024,8,24300000.00,999999999.00,5869000.00,0.35,24300000.00,1,NULL,NULL,NULL),(801,NULL,2024,9,-999999999.00,0.01,0.00,0.00,0.00,1,NULL,NULL,NULL),(802,NULL,2024,9,0.01,913350.00,0.00,0.05,0.01,1,NULL,NULL,NULL),(803,NULL,2024,9,913350.00,1826700.00,45667.50,0.09,913350.00,1,NULL,NULL,NULL),(804,NULL,2024,9,1826700.00,2740050.00,127869.00,0.12,1826700.00,1,NULL,NULL,NULL),(805,NULL,2024,9,2740050.00,4110075.00,237471.00,0.15,2740050.00,1,NULL,NULL,NULL),(806,NULL,2024,9,4110075.00,8220150.00,442974.75,0.19,4110075.00,1,NULL,NULL,NULL),(807,NULL,2024,9,8220150.00,12330225.00,1223889.00,0.23,8220150.00,1,NULL,NULL,NULL),(808,NULL,2024,9,12330225.00,18495337.50,2169206.25,0.27,12330225.00,1,NULL,NULL,NULL),(809,NULL,2024,9,18495337.50,27743006.25,3833786.63,0.31,18495337.50,1,NULL,NULL,NULL),(810,NULL,2024,9,27743006.25,999999999.00,6700563.94,0.35,27743006.25,1,NULL,NULL,NULL);
INSERT INTO `syj_g4_art90_mensual` VALUES (811,NULL,2024,10,-999999999.00,0.01,0.00,0.00,0.00,1,NULL,NULL,NULL),(812,NULL,2024,10,0.01,1026700.00,0.00,0.05,0.01,1,NULL,NULL,NULL),(813,NULL,2024,10,1026700.00,2053400.00,51335.00,0.09,1026700.00,1,NULL,NULL,NULL),(814,NULL,2024,10,2053400.00,3080100.00,143738.00,0.12,2053400.00,1,NULL,NULL,NULL),(815,NULL,2024,10,3080100.00,4620150.00,266942.00,0.15,3080100.00,1,NULL,NULL,NULL),(816,NULL,2024,10,4620150.00,9240300.00,497949.50,0.19,4620150.00,1,NULL,NULL,NULL),(817,NULL,2024,10,9240300.00,13860450.00,1375778.00,0.23,9240300.00,1,NULL,NULL,NULL),(818,NULL,2024,10,13860450.00,20790675.00,2438412.50,0.27,13860450.00,1,NULL,NULL,NULL),(819,NULL,2024,10,20790675.00,31186012.50,4309573.25,0.31,20790675.00,1,NULL,NULL,NULL),(820,NULL,2024,10,31186012.50,999999999.00,7532127.88,0.35,31186012.50,1,NULL,NULL,NULL),(821,NULL,2024,11,-999999999.00,0.01,0.00,0.00,0.00,1,NULL,NULL,NULL),(822,NULL,2024,11,0.01,1140050.00,0.00,0.05,0.01,1,NULL,NULL,NULL),(823,NULL,2024,11,1140050.00,2280100.00,57002.50,0.09,1140050.00,1,NULL,NULL,NULL),(824,NULL,2024,11,2280100.00,3420150.00,159607.00,0.12,2280100.00,1,NULL,NULL,NULL),(825,NULL,2024,11,3420150.00,5130225.00,296413.00,0.15,3420150.00,1,NULL,NULL,NULL),(826,NULL,2024,11,5130225.00,10260450.00,552924.25,0.19,5130225.00,1,NULL,NULL,NULL),(827,NULL,2024,11,10260450.00,15390675.00,1527667.00,0.23,10260450.00,1,NULL,NULL,NULL),(828,NULL,2024,11,15390675.00,23086012.50,2707618.75,0.27,15390675.00,1,NULL,NULL,NULL),(829,NULL,2024,11,23086012.50,34629018.75,4785359.88,0.31,23086012.50,1,NULL,NULL,NULL),(830,NULL,2024,11,34629018.75,999999999.00,8363691.82,0.35,34629018.75,1,NULL,NULL,NULL),(831,NULL,2024,12,-999999999.00,0.01,0.00,0.00,0.00,1,NULL,NULL,NULL),(832,NULL,2024,12,0.01,1253400.00,0.00,0.05,0.01,1,NULL,NULL,NULL),(833,NULL,2024,12,1253400.00,2506800.00,62670.00,0.09,1253400.00,1,NULL,NULL,NULL),(834,NULL,2024,12,2506800.00,3760200.00,175476.00,0.12,2506800.00,1,NULL,NULL,NULL),(835,NULL,2024,12,3760200.00,5640300.00,325884.00,0.15,3760200.00,1,NULL,NULL,NULL),(836,NULL,2024,12,5640300.00,11280600.00,607899.00,0.19,5640300.00,1,NULL,NULL,NULL),(837,NULL,2024,12,11280600.00,16920900.00,1679556.00,0.23,11280600.00,1,NULL,NULL,NULL),(838,NULL,2024,12,16920900.00,25381350.00,2976825.00,0.27,16920900.00,1,NULL,NULL,NULL),(839,NULL,2024,12,25381350.00,38072025.00,5261146.50,0.31,25381350.00,1,NULL,NULL,NULL),(840,NULL,2024,12,38072025.00,999999999.00,9195255.75,0.35,38072025.00,1,NULL,NULL,NULL),(841,NULL,2025,1,-999999999.00,0.01,0.00,0.00,0.00,1,NULL,NULL,NULL),(842,NULL,2025,1,0.01,126697.64,0.00,0.05,0.01,1,NULL,NULL,NULL),(843,NULL,2025,1,126697.64,253395.28,6334.88,0.09,126697.64,1,NULL,NULL,NULL),(844,NULL,2025,1,253395.28,380092.92,17737.67,0.12,253395.28,1,NULL,NULL,NULL),(845,NULL,2025,1,380092.92,570139.38,32941.39,0.15,380092.92,1,NULL,NULL,NULL),(846,NULL,2025,1,570139.38,1140278.75,61448.36,0.19,570139.38,1,NULL,NULL,NULL),(847,NULL,2025,1,1140278.75,1710418.13,169774.84,0.23,1140278.75,1,NULL,NULL,NULL),(848,NULL,2025,1,1710418.13,2565627.20,300906.89,0.27,1710418.13,1,NULL,NULL,NULL),(849,NULL,2025,1,2565627.20,3848440.79,531813.34,0.31,2565627.20,1,NULL,NULL,NULL),(850,NULL,2025,1,3848440.79,83333333333.25,929485.56,0.35,3848440.79,1,NULL,NULL,NULL),(851,NULL,2025,2,-999999999.00,0.01,0.00,0.00,0.00,1,NULL,NULL,NULL),(852,NULL,2025,2,0.01,253395.28,0.00,0.05,0.01,1,NULL,NULL,NULL),(853,NULL,2025,2,253395.28,506790.56,12669.76,0.09,253395.28,1,NULL,NULL,NULL),(854,NULL,2025,2,506790.56,760185.84,35475.34,0.12,506790.56,1,NULL,NULL,NULL),(855,NULL,2025,2,760185.84,1140278.75,65882.77,0.15,760185.84,1,NULL,NULL,NULL),(856,NULL,2025,2,1140278.75,2280557.51,122896.71,0.19,1140278.75,1,NULL,NULL,NULL),(857,NULL,2025,2,2280557.51,3420836.26,339549.67,0.23,2280557.51,1,NULL,NULL,NULL),(858,NULL,2025,2,3420836.26,5131254.39,601813.79,0.27,3420836.26,1,NULL,NULL,NULL),(859,NULL,2025,2,5131254.39,7696881.59,1063626.68,0.31,5131254.39,1,NULL,NULL,NULL);
INSERT INTO `syj_g4_art90_mensual` VALUES (860,NULL,2025,2,7696881.59,166666666666.50,1858971.11,0.35,7696881.59,1,NULL,NULL,NULL),(861,NULL,2025,3,-999999999.00,0.01,0.00,0.00,0.00,1,NULL,NULL,NULL),(862,NULL,2025,3,0.01,380092.92,0.00,0.05,0.01,1,NULL,NULL,NULL),(863,NULL,2025,3,380092.92,760185.84,19004.65,0.09,380092.92,1,NULL,NULL,NULL),(864,NULL,2025,3,760185.84,1140278.75,53213.01,0.12,760185.84,1,NULL,NULL,NULL),(865,NULL,2025,3,1140278.75,1710418.13,98824.16,0.15,1140278.75,1,NULL,NULL,NULL),(866,NULL,2025,3,1710418.13,3420836.26,184345.07,0.19,1710418.13,1,NULL,NULL,NULL),(867,NULL,2025,3,3420836.26,5131254.39,509324.51,0.23,3420836.26,1,NULL,NULL,NULL),(868,NULL,2025,3,5131254.39,7696881.59,902720.68,0.27,5131254.39,1,NULL,NULL,NULL),(869,NULL,2025,3,7696881.59,11545322.38,1595440.02,0.31,7696881.59,1,NULL,NULL,NULL),(870,NULL,2025,3,11545322.38,249999999999.75,2788456.67,0.35,11545322.38,1,NULL,NULL,NULL),(871,NULL,2025,4,-999999999.00,0.01,0.00,0.00,0.00,1,NULL,NULL,NULL),(872,NULL,2025,4,0.01,506790.56,0.00,0.05,0.01,1,NULL,NULL,NULL),(873,NULL,2025,4,506790.56,1013581.11,25339.53,0.09,506790.56,1,NULL,NULL,NULL),(874,NULL,2025,4,1013581.11,1520371.67,70950.68,0.12,1013581.11,1,NULL,NULL,NULL),(875,NULL,2025,4,1520371.67,2280557.51,131765.54,0.15,1520371.67,1,NULL,NULL,NULL),(876,NULL,2025,4,2280557.51,4561115.01,245793.42,0.19,2280557.51,1,NULL,NULL,NULL),(877,NULL,2025,4,4561115.01,6841672.52,679099.35,0.23,4561115.01,1,NULL,NULL,NULL),(878,NULL,2025,4,6841672.52,10262508.78,1203627.57,0.27,6841672.52,1,NULL,NULL,NULL),(879,NULL,2025,4,10262508.78,15393763.17,2127253.36,0.31,10262508.78,1,NULL,NULL,NULL),(880,NULL,2025,4,15393763.17,333333333333.00,3717942.22,0.35,15393763.17,1,NULL,NULL,NULL),(881,NULL,2025,5,-999999999.00,0.01,0.00,0.00,0.00,1,NULL,NULL,NULL),(882,NULL,2025,5,0.01,633488.20,0.00,0.05,0.01,1,NULL,NULL,NULL),(883,NULL,2025,5,633488.20,1266976.39,31674.41,0.09,633488.20,1,NULL,NULL,NULL),(884,NULL,2025,5,1266976.39,1900464.59,88688.35,0.12,1266976.39,1,NULL,NULL,NULL),(885,NULL,2025,5,1900464.59,2850696.88,164706.93,0.15,1900464.59,1,NULL,NULL,NULL),(886,NULL,2025,5,2850696.88,5701393.77,307241.78,0.19,2850696.88,1,NULL,NULL,NULL),(887,NULL,2025,5,5701393.77,8552090.65,848874.18,0.23,5701393.77,1,NULL,NULL,NULL),(888,NULL,2025,5,8552090.65,12828135.98,1504534.47,0.27,8552090.65,1,NULL,NULL,NULL),(889,NULL,2025,5,12828135.98,19242203.97,2659066.70,0.31,12828135.98,1,NULL,NULL,NULL),(890,NULL,2025,5,19242203.97,416666666666.25,4647427.78,0.35,19242203.97,1,NULL,NULL,NULL),(891,NULL,2025,6,-999999999.00,0.01,0.00,0.00,0.00,1,NULL,NULL,NULL),(892,NULL,2025,6,0.01,760185.84,0.00,0.05,0.01,1,NULL,NULL,NULL),(893,NULL,2025,6,760185.84,1520371.67,38009.29,0.09,760185.84,1,NULL,NULL,NULL),(894,NULL,2025,6,1520371.67,2280557.51,106426.02,0.12,1520371.67,1,NULL,NULL,NULL),(895,NULL,2025,6,2280557.51,3420836.26,197648.32,0.15,2280557.51,1,NULL,NULL,NULL),(896,NULL,2025,6,3420836.26,6841672.52,368690.13,0.19,3420836.26,1,NULL,NULL,NULL),(897,NULL,2025,6,6841672.52,10262508.78,1018649.02,0.23,6841672.52,1,NULL,NULL,NULL),(898,NULL,2025,6,10262508.78,15393763.17,1805441.36,0.27,10262508.78,1,NULL,NULL,NULL),(899,NULL,2025,6,15393763.17,23090644.76,3190880.05,0.31,15393763.17,1,NULL,NULL,NULL),(900,NULL,2025,6,23090644.76,499999999999.50,5576913.34,0.35,23090644.76,1,NULL,NULL,NULL),(901,NULL,2025,7,-999999999.00,0.01,0.00,0.00,0.00,1,NULL,NULL,NULL),(902,NULL,2025,7,0.01,886883.47,0.00,0.05,0.01,1,NULL,NULL,NULL),(903,NULL,2025,7,886883.47,1773766.95,44344.17,0.09,886883.47,1,NULL,NULL,NULL),(904,NULL,2025,7,1773766.95,2660650.42,124163.68,0.12,1773766.95,1,NULL,NULL,NULL),(905,NULL,2025,7,2660650.42,3990975.64,230589.70,0.15,2660650.42,1,NULL,NULL,NULL),(906,NULL,2025,7,3990975.64,7981951.27,430138.49,0.19,3990975.64,1,NULL,NULL,NULL),(907,NULL,2025,7,7981951.27,11972926.91,1188423.86,0.23,7981951.27,1,NULL,NULL,NULL),(908,NULL,2025,7,11972926.91,17959390.37,2106348.25,0.27,11972926.91,1,NULL,NULL,NULL);
INSERT INTO `syj_g4_art90_mensual` VALUES (909,NULL,2025,7,17959390.37,26939085.55,3722693.39,0.31,17959390.37,1,NULL,NULL,NULL),(910,NULL,2025,7,26939085.55,583333333332.75,6506398.89,0.35,26939085.55,1,NULL,NULL,NULL),(911,NULL,2025,8,-999999999.00,0.01,0.00,0.00,0.00,1,NULL,NULL,NULL),(912,NULL,2025,8,0.01,1013581.11,0.00,0.05,0.01,1,NULL,NULL,NULL),(913,NULL,2025,8,1013581.11,2027162.23,50679.05,0.09,1013581.11,1,NULL,NULL,NULL),(914,NULL,2025,8,2027162.23,3040743.34,141901.35,0.12,2027162.23,1,NULL,NULL,NULL),(915,NULL,2025,8,3040743.34,4561115.01,263531.09,0.15,3040743.34,1,NULL,NULL,NULL),(916,NULL,2025,8,4561115.01,9122230.03,491586.84,0.19,4561115.01,1,NULL,NULL,NULL),(917,NULL,2025,8,9122230.03,13683345.04,1358198.69,0.23,9122230.03,1,NULL,NULL,NULL),(918,NULL,2025,8,13683345.04,20525017.56,2407255.15,0.27,13683345.04,1,NULL,NULL,NULL),(919,NULL,2025,8,20525017.56,30787526.35,4254506.73,0.31,20525017.56,1,NULL,NULL,NULL),(920,NULL,2025,8,30787526.35,666666666666.00,7435884.45,0.35,30787526.35,1,NULL,NULL,NULL),(921,NULL,2025,9,-999999999.00,0.01,0.00,0.00,0.00,1,NULL,NULL,NULL),(922,NULL,2025,9,0.01,1140278.75,0.00,0.05,0.01,1,NULL,NULL,NULL),(923,NULL,2025,9,1140278.75,2280557.51,57013.94,0.09,1140278.75,1,NULL,NULL,NULL),(924,NULL,2025,9,2280557.51,3420836.26,159639.02,0.12,2280557.51,1,NULL,NULL,NULL),(925,NULL,2025,9,3420836.26,5131254.39,296472.47,0.15,3420836.26,1,NULL,NULL,NULL),(926,NULL,2025,9,5131254.39,10262508.78,553035.20,0.19,5131254.39,1,NULL,NULL,NULL),(927,NULL,2025,9,10262508.78,15393763.17,1527973.53,0.23,10262508.78,1,NULL,NULL,NULL),(928,NULL,2025,9,15393763.17,23090644.76,2708162.04,0.27,15393763.17,1,NULL,NULL,NULL),(929,NULL,2025,9,23090644.76,34635967.14,4786320.07,0.31,23090644.76,1,NULL,NULL,NULL),(930,NULL,2025,9,34635967.14,749999999999.25,8365370.00,0.35,34635967.14,1,NULL,NULL,NULL),(931,NULL,2025,10,-999999999.00,0.01,0.00,0.00,0.00,1,NULL,NULL,NULL),(932,NULL,2025,10,0.01,1266976.39,0.00,0.05,0.01,1,NULL,NULL,NULL),(933,NULL,2025,10,1266976.39,2533952.78,63348.82,0.09,1266976.39,1,NULL,NULL,NULL),(934,NULL,2025,10,2533952.78,3800929.18,177376.69,0.12,2533952.78,1,NULL,NULL,NULL),(935,NULL,2025,10,3800929.18,5701393.77,329413.86,0.15,3800929.18,1,NULL,NULL,NULL),(936,NULL,2025,10,5701393.77,11402787.53,614483.55,0.19,5701393.77,1,NULL,NULL,NULL),(937,NULL,2025,10,11402787.53,17104181.30,1697748.37,0.23,11402787.53,1,NULL,NULL,NULL),(938,NULL,2025,10,17104181.30,25656271.95,3009068.93,0.27,17104181.30,1,NULL,NULL,NULL),(939,NULL,2025,10,25656271.95,38484407.93,5318133.41,0.31,25656271.95,1,NULL,NULL,NULL),(940,NULL,2025,10,38484407.93,833333333332.50,9294855.56,0.35,38484407.93,1,NULL,NULL,NULL),(941,NULL,2025,11,-999999999.00,0.01,0.00,0.00,0.00,1,NULL,NULL,NULL),(942,NULL,2025,11,0.01,1393674.03,0.00,0.05,0.01,1,NULL,NULL,NULL),(943,NULL,2025,11,1393674.03,2787348.06,69683.70,0.09,1393674.03,1,NULL,NULL,NULL),(944,NULL,2025,11,2787348.06,4181022.09,195114.36,0.12,2787348.06,1,NULL,NULL,NULL),(945,NULL,2025,11,4181022.09,6271533.14,362355.24,0.15,4181022.09,1,NULL,NULL,NULL),(946,NULL,2025,11,6271533.14,12543066.29,675931.91,0.19,6271533.14,1,NULL,NULL,NULL),(947,NULL,2025,11,12543066.29,18814599.43,1867523.20,0.23,12543066.29,1,NULL,NULL,NULL),(948,NULL,2025,11,18814599.43,28221899.15,3309975.83,0.27,18814599.43,1,NULL,NULL,NULL),(949,NULL,2025,11,28221899.15,42332848.73,5849946.75,0.31,28221899.15,1,NULL,NULL,NULL),(950,NULL,2025,11,42332848.73,916666666665.75,10224341.11,0.35,42332848.73,1,NULL,NULL,NULL),(951,NULL,2025,12,-999999999.00,0.01,0.00,0.00,0.00,1,NULL,NULL,NULL),(952,NULL,2025,12,0.01,1520371.67,0.00,0.05,0.01,1,NULL,NULL,NULL),(953,NULL,2025,12,1520371.67,3040743.34,76018.58,0.09,1520371.67,1,NULL,NULL,NULL),(954,NULL,2025,12,3040743.34,4561115.01,212852.03,0.12,3040743.34,1,NULL,NULL,NULL),(955,NULL,2025,12,4561115.01,6841672.52,395296.63,0.15,4561115.01,1,NULL,NULL,NULL),(956,NULL,2025,12,6841672.52,13683345.04,737380.26,0.19,6841672.52,1,NULL,NULL,NULL);
INSERT INTO `syj_g4_art90_mensual` VALUES (957,NULL,2025,12,13683345.04,20525017.56,2037298.04,0.23,13683345.04,1,NULL,NULL,NULL),(958,NULL,2025,12,20525017.56,30787526.34,3610882.72,0.27,20525017.56,1,NULL,NULL,NULL),(959,NULL,2025,12,30787526.34,46181289.52,6381760.09,0.31,30787526.34,1,NULL,NULL,NULL),(960,NULL,2025,12,46181289.52,999999999999.00,11153826.67,0.35,46181289.52,1,NULL,NULL,NULL);

--
-- Table structure for table `syj_g4_deduc_gral`
--

CREATE TABLE `syj_g4_deduc_gral` (
  `id` int(10) unsigned NOT NULL AUTO_INCREMENT,
  `user_id` int(10) unsigned DEFAULT NULL,
  `syj_concepto_grav_gcia_id` int(10) unsigned DEFAULT NULL,
  `anio` int(10) unsigned NOT NULL,
  `descripcion` varchar(191) COLLATE utf8mb4_unicode_ci DEFAULT NULL,
  `tope` decimal(16,2) NOT NULL DEFAULT '0.00',
  `en_base_5_porc` tinyint(1) NOT NULL DEFAULT '0',
  `deduc_anual` tinyint(1) NOT NULL DEFAULT '0',
  `prorratea` tinyint(1) NOT NULL DEFAULT '0',
  `calcula_sistema` tinyint(1) NOT NULL DEFAULT '0',
  `informadas` tinyint(1) NOT NULL DEFAULT '1',
  `limite_5_porc` tinyint(1) NOT NULL DEFAULT '1',
  `habilitado` tinyint(1) NOT NULL DEFAULT '1',
  `created_at` timestamp NULL DEFAULT NULL,
  `updated_at` timestamp NULL DEFAULT NULL,
  `deleted_at` timestamp NULL DEFAULT NULL,
  PRIMARY KEY (`id`),
  KEY `syj_g4_deduc_gral_syj_concepto_grav_gcia_id_foreign` (`syj_concepto_grav_gcia_id`),
  CONSTRAINT `syj_g4_deduc_gral_syj_concepto_grav_gcia_id_foreign` FOREIGN KEY (`syj_concepto_grav_gcia_id`) REFERENCES `syj_concepto_grav_gcias` (`id`)
) ENGINE=InnoDB AUTO_INCREMENT=147 DEFAULT CHARSET=utf8mb4 COLLATE=utf8mb4_unicode_ci;

--
-- Dumping data for table `syj_g4_deduc_gral`
--

INSERT INTO `syj_g4_deduc_gral` VALUES (1,NULL,4,2020,'Aportes a fondos de jubilaciones, retiros, pensiones o subsidios que se destinen a cajas nacionales, provinciales o municipales',0.00,0,0,0,1,0,0,1,NULL,NULL,NULL),(2,NULL,1,2020,'Aportes a fondos de jubilaciones, retiros, pensiones o subsidios que se destinen a cajas nacionales, provinciales o municipales por otros empleos',0.00,0,0,0,0,1,0,1,NULL,NULL,NULL),(3,NULL,3,2020,'Aportes a obra sociales',0.00,0,0,0,1,0,0,1,NULL,NULL,NULL),(4,NULL,1,2020,'Aportes a obra sociales por otros empleos',0.00,0,0,0,0,1,0,1,NULL,NULL,NULL),(5,NULL,5,2020,'Cuota sindical',0.00,0,0,0,1,0,0,1,NULL,NULL,NULL),(6,NULL,1,2020,'Cuota sindical por otros empleos',0.00,0,0,0,0,1,0,1,NULL,NULL,NULL),(7,NULL,1,2020,'Cuotas médico asistenciales',0.00,1,0,0,0,1,0,1,NULL,'2020-12-01 17:11:30',NULL),(8,NULL,1,2020,'Primas de seguro para el caso de muerte',18000.00,0,1,0,0,1,1,1,NULL,NULL,NULL),(9,NULL,1,2020,'Primas por riesgo de muerte y de ahorro de seguros mixtos, excepto para los casos de seguros de retiro privados administrados por entidades sujetas al control de la Superintendencia de Seguro',18000.00,0,1,0,0,1,0,1,NULL,NULL,NULL),(10,NULL,1,2020,'Aportes a planes de seguro de retiro privados administrados por entidades sujetas al control de la Superintendencia de Seguros de la Nación',18000.00,0,0,0,0,1,1,1,NULL,NULL,NULL),(11,NULL,1,2020,'Cuotapartes de fondos comunes de inversión constituidos con fines de retiro',18000.00,0,0,0,0,1,0,1,NULL,NULL,NULL),(12,NULL,1,2020,'Gastos de sepelio',996.23,0,0,0,0,1,1,1,NULL,NULL,NULL),(13,NULL,1,2020,'Gastos amortización e intereses rodado para corredores y viajantes de comercio',0.00,0,0,0,0,1,0,1,NULL,NULL,NULL),(14,NULL,1,2020,'Donaciones a fiscos nacional, provinciales y municipales, y a instituciones comprendidas en el art. 20, inc. e) y f) de la ley',0.00,1,0,0,0,1,0,1,NULL,'2020-12-01 17:11:30',NULL),(15,NULL,1,2020,'Descuentos obligatorios establecidos por ley nacional, provincial o municipal',0.00,0,0,0,0,1,0,1,NULL,NULL,NULL),(16,NULL,1,2020,'Honorarios por servicios de asistencia sanitaria, médica y paramédica',0.00,1,1,0,0,1,0,1,NULL,'2020-12-01 17:11:30',NULL),(17,NULL,1,2020,'Intereses de créditos hipotecarios',20000.00,0,0,0,0,1,1,1,NULL,NULL,NULL),(18,NULL,1,2020,'Aportes al capital social o al fondo de riesgo de socios protectores de Sociedades de Garantía Recíproca',0.00,0,1,0,0,1,0,1,NULL,NULL,NULL),(19,NULL,1,2020,'Aportes a Cajas Complementarias de Previsión, Fondos Compensadores de Previsión o similares',0.00,0,1,0,0,1,0,1,NULL,NULL,NULL),(20,NULL,1,2020,'Alquileres de inmuebles destinados a casa habitación',123861.27,0,0,0,0,1,1,1,NULL,NULL,NULL),(21,NULL,1,2020,'Empleados del servicio doméstico',123861.27,0,0,0,0,1,1,1,NULL,NULL,NULL),(22,NULL,1,2020,'Gastos de movilidad, viáticos y otras compensaciones análogas abonados por el empleador',0.00,0,0,0,0,1,0,1,NULL,NULL,NULL),(23,NULL,1,2020,'Gastos por adquisición de indumentaria y/o equipamiento de trabajo',0.00,0,0,0,0,1,0,1,NULL,NULL,NULL),(24,NULL,1,2020,'Otras deducciones',0.00,0,0,0,0,1,0,1,NULL,NULL,NULL),(25,NULL,4,2021,'Aportes a fondos de jubilaciones, retiros, pensiones o subsidios que se destinen a cajas nacionales, provinciales o municipales',0.00,0,0,0,1,0,0,1,NULL,NULL,NULL),(26,NULL,1,2021,'Aportes a fondos de jubilaciones, retiros, pensiones o subsidios que se destinen a cajas nacionales, provinciales o municipales por otros empleos',0.00,0,0,0,0,1,0,1,NULL,NULL,NULL),(27,NULL,3,2021,'Aportes a obra sociales',0.00,0,0,0,1,0,0,1,NULL,NULL,NULL),(28,NULL,1,2021,'Aportes a obra sociales por otros empleos',0.00,0,0,0,0,1,0,1,NULL,NULL,NULL),(29,NULL,5,2021,'Cuota sindical',0.00,0,0,0,1,0,0,1,NULL,NULL,NULL),(30,NULL,1,2021,'Cuota sindical por otros empleos',0.00,0,0,0,0,1,0,1,NULL,NULL,NULL),(31,NULL,1,2021,'Cuotas médico asistenciales',0.00,0,0,0,0,1,0,1,NULL,NULL,NULL),(32,NULL,1,2021,'Primas de seguro para el caso de muerte',24000.00,0,1,0,0,1,1,1,NULL,NULL,NULL);
INSERT INTO `syj_g4_deduc_gral` VALUES (33,NULL,1,2021,'Primas por riesgo de muerte y de ahorro de seguros mixtos, excepto para los casos de seguros de retiro privados administrados por entidades sujetas al control de la Superintendencia de Seguro',24000.00,0,1,0,0,1,0,1,NULL,NULL,NULL),(34,NULL,1,2021,'Aportes a planes de seguro de retiro privados administrados por entidades sujetas al control de la Superintendencia de Seguros de la Nación',24000.00,0,0,0,0,1,1,1,NULL,NULL,NULL),(35,NULL,1,2021,'Cuotapartes de fondos comunes de inversión constituidos con fines de retiro',24000.00,0,0,0,0,1,0,1,NULL,NULL,NULL),(36,NULL,1,2021,'Gastos de sepelio',996.23,0,0,0,0,1,1,1,NULL,NULL,NULL),(37,NULL,1,2021,'Gastos amortización e intereses rodado para corredores y viajantes de comercio',0.00,0,0,0,0,1,0,1,NULL,NULL,NULL),(38,NULL,1,2021,'Donaciones a fiscos nacional, provinciales y municipales, y a instituciones comprendidas en el art. 20, inc. e) y f) de la ley',0.00,0,0,0,0,1,0,1,NULL,NULL,NULL),(39,NULL,1,2021,'Descuentos obligatorios establecidos por ley nacional, provincial o municipal',0.00,0,0,0,0,1,0,1,NULL,NULL,NULL),(40,NULL,1,2021,'Honorarios por servicios de asistencia sanitaria, médica y paramédica',0.00,0,1,0,0,1,0,1,NULL,NULL,NULL),(41,NULL,1,2021,'Intereses de créditos hipotecarios',20000.00,0,0,0,0,1,1,1,NULL,NULL,NULL),(42,NULL,1,2021,'Aportes al capital social o al fondo de riesgo de socios protectores de Sociedades de Garantía Recíproca',0.00,0,1,0,0,1,0,1,NULL,NULL,NULL),(43,NULL,1,2021,'Aportes a Cajas Complementarias de Previsión, Fondos Compensadores de Previsión o similares',0.00,0,1,0,0,1,0,1,NULL,NULL,NULL),(44,NULL,1,2021,'Alquileres de inmuebles destinados a casa habitación',167678.40,0,0,0,0,1,1,1,NULL,NULL,NULL),(45,NULL,1,2021,'Empleados del servicio doméstico',167678.40,0,0,0,0,1,1,1,NULL,NULL,NULL),(46,NULL,1,2021,'Gastos de movilidad, viáticos y otras compensaciones análogas abonados por el empleador',0.00,0,0,0,0,1,0,1,NULL,NULL,NULL),(47,NULL,1,2021,'Gastos por adquisición de indumentaria y/o equipamiento de trabajo',0.00,0,0,0,0,1,0,1,NULL,NULL,NULL),(48,NULL,1,2021,'Otras deducciones',0.00,0,0,0,0,1,0,1,NULL,NULL,NULL),(49,NULL,4,2022,'Aportes a fondos de jubilaciones, retiros, pensiones o subsidios que se destinen a cajas nacionales, provinciales o municipales',0.00,0,0,0,1,0,0,1,NULL,NULL,NULL),(50,NULL,1,2022,'Aportes a fondos de jubilaciones, retiros, pensiones o subsidios que se destinen a cajas nacionales, provinciales o municipales por otros empleos',0.00,0,0,0,0,1,0,1,NULL,NULL,NULL),(51,NULL,3,2022,'Aportes a obra sociales',0.00,0,0,0,1,0,0,1,NULL,NULL,NULL),(52,NULL,1,2022,'Aportes a obra sociales por otros empleos',0.00,0,0,0,0,1,0,1,NULL,NULL,NULL),(53,NULL,5,2022,'Cuota sindical',0.00,0,0,0,1,0,0,1,NULL,NULL,NULL),(54,NULL,1,2022,'Cuota sindical por otros empleos',0.00,0,0,0,0,1,0,1,NULL,NULL,NULL),(55,NULL,1,2022,'Cuotas médico asistenciales',0.00,0,0,0,0,1,0,1,NULL,NULL,NULL),(56,NULL,1,2022,'Primas de seguro para el caso de muerte',24000.00,0,1,0,0,1,1,1,NULL,NULL,NULL),(57,NULL,1,2022,'Primas por riesgo de muerte y de ahorro de seguros mixtos, excepto para los casos de seguros de retiro privados administrados por entidades sujetas al control de la Superintendencia de Seguro',24000.00,0,1,0,0,1,0,1,NULL,NULL,NULL),(58,NULL,1,2022,'Aportes a planes de seguro de retiro privados administrados por entidades sujetas al control de la Superintendencia de Seguros de la Nación',24000.00,0,0,0,0,1,1,1,NULL,NULL,NULL),(59,NULL,1,2022,'Cuotapartes de fondos comunes de inversión constituidos con fines de retiro',24000.00,0,0,0,0,1,0,1,NULL,NULL,NULL),(60,NULL,1,2022,'Gastos de sepelio',996.23,0,0,0,0,1,1,1,NULL,NULL,NULL),(61,NULL,1,2022,'Gastos amortización e intereses rodado para corredores y viajantes de comercio',0.00,0,0,0,0,1,0,1,NULL,NULL,NULL),(62,NULL,1,2022,'Donaciones a fiscos nacional, provinciales y municipales, y a instituciones comprendidas en el art. 20, inc. e) y f) de la ley',0.00,0,0,0,0,1,0,1,NULL,NULL,NULL);
INSERT INTO `syj_g4_deduc_gral` VALUES (63,NULL,1,2022,'Descuentos obligatorios establecidos por ley nacional, provincial o municipal',0.00,0,0,0,0,1,0,1,NULL,NULL,NULL),(64,NULL,1,2022,'Honorarios por servicios de asistencia sanitaria, médica y paramédica',0.00,0,1,0,0,1,0,1,NULL,NULL,NULL),(65,NULL,1,2022,'Intereses de créditos hipotecarios',20000.00,0,0,0,0,1,1,1,NULL,NULL,NULL),(66,NULL,1,2022,'Aportes al capital social o al fondo de riesgo de socios protectores de Sociedades de Garantía Recíproca',0.00,0,1,0,0,1,0,1,NULL,NULL,NULL),(67,NULL,1,2022,'Aportes a Cajas Complementarias de Previsión, Fondos Compensadores de Previsión o similares',0.00,0,1,0,0,1,0,1,NULL,NULL,NULL),(68,NULL,1,2022,'Alquileres de inmuebles destinados a casa habitación',252564.84,0,0,0,0,1,1,1,NULL,NULL,NULL),(69,NULL,1,2022,'Empleados del servicio doméstico',252564.84,0,0,0,0,1,1,1,NULL,NULL,NULL),(70,NULL,1,2022,'Gastos de movilidad, viáticos y otras compensaciones análogas abonados por el empleador',0.00,0,0,0,0,1,0,1,NULL,NULL,NULL),(71,NULL,1,2022,'Gastos por adquisición de indumentaria y/o equipamiento de trabajo',0.00,0,0,0,0,1,0,1,NULL,NULL,NULL),(72,NULL,1,2022,'Otras deducciones',0.00,0,0,0,0,1,0,1,NULL,NULL,NULL),(73,NULL,4,2023,'Aportes a fondos de jubilaciones, retiros, pensiones o subsidios que se destinen a cajas nacionales, provinciales o municipales',0.00,0,0,0,1,0,0,1,NULL,NULL,NULL),(74,NULL,1,2023,'Aportes a fondos de jubilaciones, retiros, pensiones o subsidios que se destinen a cajas nacionales, provinciales o municipales por otros empleos',0.00,0,0,0,0,1,0,1,NULL,NULL,NULL),(75,NULL,3,2023,'Aportes a obra sociales',0.00,0,0,0,1,0,0,1,NULL,NULL,NULL),(76,NULL,1,2023,'Aportes a obra sociales por otros empleos',0.00,0,0,0,0,1,0,1,NULL,NULL,NULL),(77,NULL,5,2023,'Cuota sindical',0.00,0,0,0,1,0,0,1,NULL,NULL,NULL),(78,NULL,1,2023,'Cuota sindical por otros empleos',0.00,0,0,0,0,1,0,1,NULL,NULL,NULL),(79,NULL,1,2023,'Cuotas médico asistenciales',0.00,0,0,0,0,1,0,1,NULL,NULL,NULL),(80,NULL,1,2023,'Primas de seguro para el caso de muerte',24000.00,0,1,0,0,1,1,1,NULL,NULL,NULL),(81,NULL,1,2023,'Primas por riesgo de muerte y de ahorro de seguros mixtos, excepto para los casos de seguros de retiro privados administrados por entidades sujetas al control de la Superintendencia de Seguro',24000.00,0,1,0,0,1,0,1,NULL,NULL,NULL),(82,NULL,1,2023,'Aportes a planes de seguro de retiro privados administrados por entidades sujetas al control de la Superintendencia de Seguros de la Nación',24000.00,0,0,0,0,1,1,1,NULL,NULL,NULL),(83,NULL,1,2023,'Cuotapartes de fondos comunes de inversión constituidos con fines de retiro',24000.00,0,0,0,0,1,0,1,NULL,NULL,NULL),(84,NULL,1,2023,'Gastos de sepelio',996.23,0,0,0,0,1,1,1,NULL,NULL,NULL),(85,NULL,1,2023,'Gastos amortización e intereses rodado para corredores y viajantes de comercio',0.00,0,0,0,0,1,0,1,NULL,NULL,NULL),(86,NULL,1,2023,'Donaciones a fiscos nacional, provinciales y municipales, y a instituciones comprendidas en el art. 20, inc. e) y f) de la ley',0.00,0,0,0,0,1,0,1,NULL,NULL,NULL),(87,NULL,1,2023,'Descuentos obligatorios establecidos por ley nacional, provincial o municipal',0.00,0,0,0,0,1,0,1,NULL,NULL,NULL),(88,NULL,1,2023,'Honorarios por servicios de asistencia sanitaria, médica y paramédica',0.00,0,1,0,0,1,0,1,NULL,NULL,NULL),(89,NULL,1,2023,'Intereses de créditos hipotecarios',20000.00,0,0,0,0,1,1,1,NULL,NULL,NULL),(90,NULL,1,2023,'Aportes al capital social o al fondo de riesgo de socios protectores de Sociedades de Garantía Recíproca',0.00,0,1,0,0,1,0,1,NULL,NULL,NULL),(91,NULL,1,2023,'Aportes a Cajas Complementarias de Previsión, Fondos Compensadores de Previsión o similares',0.00,0,1,0,0,1,0,1,NULL,NULL,NULL),(92,NULL,1,2023,'Alquileres de inmuebles destinados a casa habitación',451686.96,0,0,0,0,1,1,1,NULL,NULL,NULL),(93,NULL,1,2023,'Empleados del servicio doméstico',451686.96,0,0,0,0,1,1,1,NULL,NULL,NULL);
INSERT INTO `syj_g4_deduc_gral` VALUES (94,NULL,1,2023,'Gastos de movilidad, viáticos y otras compensaciones análogas abonados por el empleador',0.00,0,0,0,0,1,0,1,NULL,NULL,NULL),(95,NULL,1,2023,'Gastos por adquisición de indumentaria y/o equipamiento de trabajo',0.00,0,0,0,0,1,0,1,NULL,NULL,NULL),(96,NULL,1,2023,'Otras deducciones',0.00,0,0,0,0,1,0,1,NULL,NULL,NULL),(97,NULL,4,2024,'Aportes a fondos de jubilaciones, retiros, pensiones o subsidios que se destinen a cajas nacionales, provinciales o municipales',0.00,0,0,0,1,0,0,1,NULL,NULL,NULL),(98,NULL,1,2024,'Aportes a fondos de jubilaciones, retiros, pensiones o subsidios que se destinen a cajas nacionales, provinciales o municipales por otros empleos',0.00,0,0,0,0,1,0,1,NULL,NULL,NULL),(99,NULL,3,2024,'Aportes a obra sociales',0.00,0,0,0,1,0,0,1,NULL,NULL,NULL),(100,NULL,1,2024,'Aportes a obra sociales por otros empleos',0.00,0,0,0,0,1,0,1,NULL,NULL,NULL),(101,NULL,5,2024,'Cuota sindical',0.00,0,0,0,1,0,0,1,NULL,NULL,NULL),(102,NULL,1,2024,'Cuota sindical por otros empleos',0.00,0,0,0,0,1,0,1,NULL,NULL,NULL),(103,NULL,1,2024,'Cuotas médico asistenciales',0.00,0,0,0,0,1,0,1,NULL,NULL,NULL),(104,NULL,1,2024,'Primas de seguro para el caso de muerte',195845.39,0,1,0,0,1,1,1,NULL,NULL,NULL),(105,NULL,1,2024,'Primas por riesgo de muerte y de ahorro de seguros mixtos, excepto para los casos de seguros de retiro privados administrados por entidades sujetas al control de la Superintendencia de Seguro',195845.39,0,1,0,0,1,0,1,NULL,NULL,NULL),(106,NULL,1,2024,'Aportes a planes de seguro de retiro privados administrados por entidades sujetas al control de la Superintendencia de Seguros de la Nación',195845.39,0,0,0,0,1,1,1,NULL,NULL,NULL),(107,NULL,1,2024,'Cuotapartes de fondos comunes de inversión constituidos con fines de retiro',195845.39,0,0,0,0,1,0,1,NULL,NULL,NULL),(108,NULL,1,2024,'Gastos de sepelio',996.23,0,0,0,0,1,1,1,NULL,NULL,NULL),(109,NULL,1,2024,'Gastos amortización e intereses rodado para corredores y viajantes de comercio',0.00,0,0,0,0,1,0,1,NULL,NULL,NULL),(110,NULL,1,2024,'Donaciones a fiscos nacional, provinciales y municipales, y a instituciones comprendidas en el art. 20, inc. e) y f) de la ley',0.00,0,0,0,0,1,0,1,NULL,NULL,NULL),(111,NULL,1,2024,'Descuentos obligatorios establecidos por ley nacional, provincial o municipal',0.00,0,0,0,0,1,0,1,NULL,NULL,NULL),(112,NULL,1,2024,'Honorarios por servicios de asistencia sanitaria, médica y paramédica',0.00,0,1,0,0,1,0,1,NULL,NULL,NULL),(113,NULL,1,2024,'Intereses de créditos hipotecarios',20000.00,0,0,0,0,1,1,1,NULL,NULL,NULL),(114,NULL,1,2024,'Aportes al capital social o al fondo de riesgo de socios protectores de Sociedades de Garantía Recíproca',0.00,0,1,0,0,1,0,1,NULL,NULL,NULL),(115,NULL,1,2024,'Aportes a Cajas Complementarias de Previsión, Fondos Compensadores de Previsión o similares',0.00,0,1,0,0,1,0,1,NULL,NULL,NULL),(116,NULL,1,2024,'Alquileres de inmuebles destinados a casa habitación',3503688.17,0,0,0,0,1,1,1,NULL,NULL,NULL),(117,NULL,1,2024,'Empleados del servicio doméstico',3503688.17,0,0,0,0,1,1,1,NULL,NULL,NULL),(118,NULL,1,2024,'Gastos de movilidad, viáticos y otras compensaciones análogas abonados por el empleador',0.00,0,0,0,0,1,0,1,NULL,NULL,NULL),(119,NULL,1,2024,'Gastos por adquisición de indumentaria y/o equipamiento de trabajo',0.00,0,0,0,0,1,0,1,NULL,NULL,NULL),(120,NULL,1,2024,'Otras deducciones',0.00,0,0,0,0,1,0,1,NULL,NULL,NULL),(121,NULL,1,2024,'Servicios o Herramientas con Fines Educativos',1401475.27,0,0,0,0,1,0,1,NULL,NULL,NULL),(122,NULL,4,2025,'Aportes a fondos de jubilaciones, retiros, pensiones o subsidios que se destinen a cajas nacionales, provinciales o municipales',0.00,0,0,0,1,0,0,1,NULL,'2025-02-22 00:38:20',NULL),(123,NULL,1,2025,'Aportes a fondos de jubilaciones, retiros, pensiones o subsidios que se destinen a cajas nacionales, provinciales o municipales por otros empleos',0.00,0,0,0,0,1,0,1,NULL,'2025-02-22 00:38:20',NULL);
INSERT INTO `syj_g4_deduc_gral` VALUES (124,NULL,3,2025,'Aportes a obra sociales',0.00,0,0,0,1,0,0,1,NULL,'2025-02-22 00:38:20',NULL),(125,NULL,1,2025,'Aportes a obra sociales por otros empleos',0.00,0,0,0,0,1,0,1,NULL,'2025-02-22 00:38:20',NULL),(126,NULL,5,2025,'Cuota sindical',0.00,0,0,0,1,0,0,1,NULL,'2025-02-22 00:38:20',NULL),(127,NULL,1,2025,'Cuota sindical por otros empleos',0.00,0,0,0,0,1,0,1,NULL,'2025-02-22 00:38:20',NULL),(128,NULL,1,2025,'Cuotas médico asistenciales',0.00,0,0,0,0,1,1,1,NULL,'2025-02-22 00:38:20',NULL),(129,NULL,1,2025,'Primas de seguro para el caso de muerte',573817.13,0,1,0,0,1,0,1,NULL,'2025-02-22 00:38:20',NULL),(130,NULL,1,2025,'Primas por riesgo de muerte y de ahorro de seguros mixtos, excepto para los casos de seguros de retiro privados administrados por entidades sujetas al control de la Superintendencia de Seguro',573817.13,0,1,0,0,1,0,1,NULL,'2025-02-22 00:38:20',NULL),(131,NULL,1,2025,'Aportes a planes de seguro de retiro privados administrados por entidades sujetas al control de la Superintendencia de Seguros de la Nación',573817.13,0,0,0,0,1,0,1,NULL,'2025-02-22 00:38:20',NULL),(132,NULL,1,2025,'Cuotapartes de fondos comunes de inversión constituidos con fines de retiro',195845.39,0,0,0,0,1,0,1,NULL,'2025-02-22 00:38:20','2025-02-22 00:38:20'),(133,NULL,1,2025,'Gastos de sepelio',996.23,0,0,0,0,1,0,1,NULL,'2025-02-22 00:38:20',NULL),(134,NULL,1,2025,'Gastos amortización e intereses rodado para corredores y viajantes de comercio',0.00,0,0,0,0,1,0,1,NULL,'2025-02-22 00:38:20',NULL),(135,NULL,1,2025,'Donaciones a fiscos nacional, provinciales y municipales, y a instituciones comprendidas en el art. 20, inc. e) y f) de la ley',0.00,0,0,0,0,1,1,1,NULL,'2025-02-22 00:38:20',NULL),(136,NULL,1,2025,'Descuentos obligatorios establecidos por ley nacional, provincial o municipal',0.00,0,0,0,0,1,0,1,NULL,'2025-02-22 00:38:20',NULL),(137,NULL,1,2025,'Honorarios por servicios de asistencia sanitaria, médica y paramédica',0.00,0,1,0,0,1,0,1,NULL,'2025-02-22 00:38:20',NULL),(138,NULL,1,2025,'Intereses de créditos hipotecarios',20000.00,0,0,0,0,1,0,1,NULL,'2025-02-22 00:38:20',NULL),(139,NULL,1,2025,'Aportes al capital social o al fondo de riesgo de socios protectores de Sociedades de Garantía Recíproca',0.00,0,1,0,0,1,0,1,NULL,'2025-02-22 00:38:20',NULL),(140,NULL,1,2025,'Aportes a Cajas Complementarias de Previsión, Fondos Compensadores de Previsión o similares',0.00,0,1,0,0,1,0,1,NULL,'2025-02-22 00:38:20',NULL),(141,NULL,1,2025,'Alquileres de inmuebles destinados a casa habitación',3916268.37,0,0,0,0,1,0,1,NULL,'2025-02-22 00:38:20',NULL),(142,NULL,1,2025,'Empleados del servicio doméstico',3916268.37,0,0,0,0,1,0,1,NULL,'2025-02-22 00:38:20',NULL),(143,NULL,1,2025,'Gastos de movilidad, viáticos y otras compensaciones análogas abonados por el empleador',0.00,0,0,0,0,1,0,1,NULL,'2025-02-22 00:38:20',NULL),(144,NULL,1,2025,'Gastos por adquisición de indumentaria y/o equipamiento de trabajo',0.00,0,0,0,0,1,0,1,NULL,'2025-02-22 00:38:20',NULL),(145,NULL,1,2025,'Otras deducciones',0.00,0,0,0,0,1,0,1,NULL,'2025-02-22 00:38:20',NULL),(146,NULL,1,2025,'Servicios o Herramientas con Fines Educativos',1566507.35,0,0,0,0,1,0,1,NULL,'2025-02-22 00:38:20',NULL);

--
-- Table structure for table `syj_g4_deduc_gral_detail`
--

CREATE TABLE `syj_g4_deduc_gral_detail` (
  `id` int(10) unsigned NOT NULL AUTO_INCREMENT,
  `user_id` int(10) unsigned DEFAULT NULL,
  `person_id` int(10) unsigned NOT NULL,
  `period_id` int(10) unsigned DEFAULT NULL,
  `syj_empleado_id` int(10) unsigned NOT NULL,
  `syj_g4_deduc_gral_id` int(10) unsigned NOT NULL,
  `importe` decimal(16,2) NOT NULL DEFAULT '0.00',
  `comentario` longtext COLLATE utf8mb4_unicode_ci,
  `habilitado` tinyint(1) NOT NULL DEFAULT '1',
  `created_at` timestamp NULL DEFAULT NULL,
  `updated_at` timestamp NULL DEFAULT NULL,
  `deleted_at` timestamp NULL DEFAULT NULL,
  PRIMARY KEY (`id`),
  KEY `syj_g4_deduc_gral_detail_person_id_foreign` (`person_id`),
  KEY `syj_g4_deduc_gral_detail_syj_empleado_id_foreign` (`syj_empleado_id`),
  KEY `syj_g4_deduc_gral_detail_syj_g4_deduc_gral_id_foreign` (`syj_g4_deduc_gral_id`),
  KEY `syj_g4_deduc_gral_detail_period_id_foreign` (`period_id`),
  CONSTRAINT `syj_g4_deduc_gral_detail_period_id_foreign` FOREIGN KEY (`period_id`) REFERENCES `periods` (`id`),
  CONSTRAINT `syj_g4_deduc_gral_detail_person_id_foreign` FOREIGN KEY (`person_id`) REFERENCES `persons` (`id`),
  CONSTRAINT `syj_g4_deduc_gral_detail_syj_empleado_id_foreign` FOREIGN KEY (`syj_empleado_id`) REFERENCES `syj_empleados` (`id`),
  CONSTRAINT `syj_g4_deduc_gral_detail_syj_g4_deduc_gral_id_foreign` FOREIGN KEY (`syj_g4_deduc_gral_id`) REFERENCES `syj_g4_deduc_gral` (`id`)
) ENGINE=InnoDB DEFAULT CHARSET=utf8mb4 COLLATE=utf8mb4_unicode_ci;

--
-- Dumping data for table `syj_g4_deduc_gral_detail`
--


--
-- Table structure for table `syj_g4_deduc_pers_detail`
--

CREATE TABLE `syj_g4_deduc_pers_detail` (
  `id` int(10) unsigned NOT NULL AUTO_INCREMENT,
  `user_id` int(10) unsigned DEFAULT NULL,
  `person_id` int(10) unsigned NOT NULL,
  `syj_empleado_id` int(10) unsigned NOT NULL,
  `syj_g4_deduc_pers_por_anio_id` int(10) unsigned NOT NULL,
  `importe` decimal(16,2) NOT NULL DEFAULT '0.00',
  `comentario` longtext COLLATE utf8mb4_unicode_ci,
  `habilitado` tinyint(1) NOT NULL DEFAULT '1',
  `created_at` timestamp NULL DEFAULT NULL,
  `updated_at` timestamp NULL DEFAULT NULL,
  `deleted_at` timestamp NULL DEFAULT NULL,
  PRIMARY KEY (`id`),
  KEY `syj_g4_deduc_pers_detail_person_id_foreign` (`person_id`),
  KEY `syj_g4_deduc_pers_detail_syj_empleado_id_foreign` (`syj_empleado_id`),
  KEY `syj_g4_deduc_pers_detail_syj_g4_deduc_pers_por_anio_id_foreign` (`syj_g4_deduc_pers_por_anio_id`),
  CONSTRAINT `syj_g4_deduc_pers_detail_person_id_foreign` FOREIGN KEY (`person_id`) REFERENCES `persons` (`id`),
  CONSTRAINT `syj_g4_deduc_pers_detail_syj_empleado_id_foreign` FOREIGN KEY (`syj_empleado_id`) REFERENCES `syj_empleados` (`id`),
  CONSTRAINT `syj_g4_deduc_pers_detail_syj_g4_deduc_pers_por_anio_id_foreign` FOREIGN KEY (`syj_g4_deduc_pers_por_anio_id`) REFERENCES `syj_g4_deduc_pers_por_anio` (`id`)
) ENGINE=InnoDB DEFAULT CHARSET=utf8mb4 COLLATE=utf8mb4_unicode_ci;

--
-- Dumping data for table `syj_g4_deduc_pers_detail`
--


--
-- Table structure for table `syj_g4_deduc_pers_por_anio`
--

CREATE TABLE `syj_g4_deduc_pers_por_anio` (
  `id` int(10) unsigned NOT NULL AUTO_INCREMENT,
  `user_id` int(10) unsigned DEFAULT NULL,
  `syj_g4_tipo_deduc_pers_id` int(10) unsigned NOT NULL,
  `anio` int(10) unsigned NOT NULL,
  `mes` int(11) DEFAULT NULL,
  `tope` decimal(16,2) NOT NULL DEFAULT '0.00',
  `informadas` tinyint(1) NOT NULL DEFAULT '1',
  `habilitado` tinyint(1) NOT NULL DEFAULT '1',
  `created_at` timestamp NULL DEFAULT NULL,
  `updated_at` timestamp NULL DEFAULT NULL,
  `deleted_at` timestamp NULL DEFAULT NULL,
  PRIMARY KEY (`id`),
  KEY `syj_g4_deduc_pers_por_anio_syj_g4_tipo_deduc_pers_id_foreign` (`syj_g4_tipo_deduc_pers_id`),
  CONSTRAINT `syj_g4_deduc_pers_por_anio_syj_g4_tipo_deduc_pers_id_foreign` FOREIGN KEY (`syj_g4_tipo_deduc_pers_id`) REFERENCES `syj_g4_tipo_deduc_personal` (`id`)
) ENGINE=InnoDB AUTO_INCREMENT=121 DEFAULT CHARSET=utf8mb4 COLLATE=utf8mb4_unicode_ci;

--
-- Dumping data for table `syj_g4_deduc_pers_por_anio`
--

INSERT INTO `syj_g4_deduc_pers_por_anio` VALUES (1,NULL,1,2019,NULL,103018.79,0,1,NULL,NULL,NULL),(2,NULL,2,2019,NULL,80033.97,1,1,NULL,NULL,NULL),(3,NULL,3,2019,NULL,206037.56,1,1,NULL,NULL,NULL),(4,NULL,9,2019,NULL,103018.79,0,1,NULL,NULL,NULL),(5,NULL,1,2020,NULL,123861.27,0,1,NULL,NULL,NULL),(6,NULL,2,2020,NULL,115471.38,1,1,NULL,NULL,NULL),(7,NULL,3,2020,NULL,58232.65,1,1,NULL,NULL,NULL),(8,NULL,9,2020,NULL,594533.62,0,1,NULL,NULL,NULL),(9,NULL,1,2021,NULL,167678.40,0,1,NULL,NULL,NULL),(10,NULL,2,2021,NULL,156320.63,1,1,NULL,NULL,NULL),(11,NULL,3,2021,NULL,78833.08,1,1,NULL,NULL,NULL),(12,NULL,9,2021,NULL,804856.34,0,1,NULL,NULL,NULL),(13,NULL,1,2022,NULL,252564.84,0,1,NULL,NULL,NULL),(14,NULL,2,2022,NULL,235457.25,1,1,NULL,NULL,NULL),(15,NULL,3,2022,NULL,118741.97,1,1,NULL,NULL,NULL),(16,NULL,9,2022,NULL,1212311.24,0,1,NULL,NULL,NULL),(17,NULL,1,2023,NULL,451686.96,0,1,NULL,NULL,NULL),(18,NULL,2,2023,NULL,421091.75,1,1,NULL,NULL,NULL),(19,NULL,3,2023,NULL,212358.14,1,1,NULL,NULL,NULL),(20,NULL,9,2023,NULL,2168097.42,0,1,NULL,NULL,NULL),(25,NULL,1,2024,1,3091035.00,0,1,NULL,NULL,NULL),(26,NULL,2,2024,1,2911135.00,1,1,NULL,NULL,NULL),(27,NULL,3,2024,1,1468096.00,1,1,NULL,NULL,NULL),(28,NULL,9,2024,1,14836968.00,0,1,NULL,NULL,NULL),(29,NULL,1,2024,2,3091035.00,0,1,NULL,NULL,NULL),(30,NULL,2,2024,2,2911135.00,1,1,NULL,NULL,NULL),(31,NULL,3,2024,2,1468096.00,1,1,NULL,NULL,NULL),(32,NULL,9,2024,2,14836968.00,0,1,NULL,NULL,NULL),(33,NULL,1,2024,3,3091035.00,0,1,NULL,NULL,NULL),(34,NULL,2,2024,3,2911135.00,1,1,NULL,NULL,NULL),(35,NULL,3,2024,3,1468096.00,1,1,NULL,NULL,NULL),(36,NULL,9,2024,3,14836968.00,0,1,NULL,NULL,NULL),(37,NULL,1,2024,4,3091035.00,0,1,NULL,NULL,NULL),(38,NULL,2,2024,4,2911135.00,1,1,NULL,NULL,NULL),(39,NULL,3,2024,4,1468096.00,1,1,NULL,NULL,NULL),(40,NULL,9,2024,4,14836968.00,0,1,NULL,NULL,NULL),(41,NULL,1,2024,5,3091035.00,0,1,NULL,NULL,NULL),(42,NULL,2,2024,5,2911135.00,1,1,NULL,NULL,NULL),(43,NULL,3,2024,5,1468096.00,1,1,NULL,NULL,NULL),(44,NULL,9,2024,5,14836968.00,0,1,NULL,NULL,NULL),(45,NULL,1,2024,6,3091035.00,0,1,NULL,NULL,NULL),(46,NULL,2,2024,6,2911135.00,1,1,NULL,NULL,NULL),(47,NULL,3,2024,6,1468096.00,1,1,NULL,NULL,NULL),(48,NULL,9,2024,6,14836968.00,0,1,NULL,NULL,NULL),(49,NULL,1,2024,7,3091035.00,0,1,NULL,NULL,NULL),(50,NULL,2,2024,7,2911135.00,1,1,NULL,NULL,NULL),(51,NULL,3,2024,7,1468096.00,1,1,NULL,NULL,NULL),(52,NULL,9,2024,7,14836968.00,0,1,NULL,NULL,NULL),(53,NULL,1,2024,8,3091035.00,0,1,NULL,NULL,NULL),(54,NULL,2,2024,8,2911135.00,1,1,NULL,NULL,NULL),(55,NULL,3,2024,8,1468096.00,1,1,NULL,NULL,NULL),(56,NULL,9,2024,8,14836968.00,0,1,NULL,NULL,NULL),(57,NULL,1,2024,9,3503688.17,0,1,NULL,NULL,NULL),(58,NULL,2,2024,9,3299771.52,1,1,NULL,NULL,NULL),(59,NULL,3,2024,9,1664086.82,1,1,NULL,NULL,NULL),(60,NULL,9,2024,9,16817703.23,0,1,NULL,NULL,NULL),(61,NULL,1,2024,10,3503688.17,0,1,NULL,NULL,NULL),(62,NULL,2,2024,10,3299771.52,1,1,NULL,NULL,NULL),(63,NULL,3,2024,10,1664086.82,1,1,NULL,NULL,NULL),(64,NULL,9,2024,10,16817703.23,0,1,NULL,NULL,NULL),(65,NULL,1,2024,11,3503688.17,0,1,NULL,NULL,NULL),(66,NULL,2,2024,11,3299771.52,1,1,NULL,NULL,NULL),(67,NULL,3,2024,11,1664086.82,1,1,NULL,NULL,NULL),(68,NULL,9,2024,11,16817703.23,0,1,NULL,NULL,NULL),(69,NULL,1,2024,12,3503688.17,0,1,NULL,NULL,NULL),(70,NULL,2,2024,12,3299771.52,1,1,NULL,NULL,NULL),(71,NULL,3,2024,12,1664086.82,1,1,NULL,NULL,NULL),(72,NULL,9,2024,12,16817703.23,0,1,NULL,NULL,NULL),(73,NULL,1,2025,1,3916268.37,0,1,NULL,NULL,NULL),(74,NULL,2,2025,1,3688339.32,1,1,NULL,NULL,NULL),(75,NULL,3,2025,1,1860042.98,1,1,NULL,NULL,NULL),(76,NULL,9,2025,1,18798088.20,0,1,NULL,NULL,NULL),(77,NULL,1,2025,2,3916268.37,0,1,NULL,NULL,NULL),(78,NULL,2,2025,2,3688339.32,1,1,NULL,NULL,NULL),(79,NULL,3,2025,2,1860042.98,1,1,NULL,NULL,NULL),(80,NULL,9,2025,2,18798088.20,0,1,NULL,NULL,NULL),(81,NULL,1,2025,3,3916268.37,0,1,NULL,NULL,NULL),(82,NULL,2,2025,3,3688339.32,1,1,NULL,NULL,NULL),(83,NULL,3,2025,3,1860042.98,1,1,NULL,NULL,NULL);
INSERT INTO `syj_g4_deduc_pers_por_anio` VALUES (84,NULL,9,2025,3,18798088.20,0,1,NULL,NULL,NULL),(85,NULL,1,2025,4,3916268.37,0,1,NULL,NULL,NULL),(86,NULL,2,2025,4,3688339.32,1,1,NULL,NULL,NULL),(87,NULL,3,2025,4,1860042.98,1,1,NULL,NULL,NULL),(88,NULL,9,2025,4,18798088.20,0,1,NULL,NULL,NULL),(89,NULL,1,2025,5,3916268.37,0,1,NULL,NULL,NULL),(90,NULL,2,2025,5,3688339.32,1,1,NULL,NULL,NULL),(91,NULL,3,2025,5,1860042.98,1,1,NULL,NULL,NULL),(92,NULL,9,2025,5,18798088.20,0,1,NULL,NULL,NULL),(93,NULL,1,2025,6,3916268.37,0,1,NULL,NULL,NULL),(94,NULL,2,2025,6,3688339.32,1,1,NULL,NULL,NULL),(95,NULL,3,2025,6,1860042.98,1,1,NULL,NULL,NULL),(96,NULL,9,2025,6,18798088.20,0,1,NULL,NULL,NULL),(97,NULL,1,2025,7,3916268.37,0,1,NULL,NULL,NULL),(98,NULL,2,2025,7,3688339.32,1,1,NULL,NULL,NULL),(99,NULL,3,2025,7,1860042.98,1,1,NULL,NULL,NULL),(100,NULL,9,2025,7,18798088.20,0,1,NULL,NULL,NULL),(101,NULL,1,2025,8,3916268.37,0,1,NULL,NULL,NULL),(102,NULL,2,2025,8,3688339.32,1,1,NULL,NULL,NULL),(103,NULL,3,2025,8,1860042.98,1,1,NULL,NULL,NULL),(104,NULL,9,2025,8,18798088.20,0,1,NULL,NULL,NULL),(105,NULL,1,2025,9,3916268.37,0,1,NULL,NULL,NULL),(106,NULL,2,2025,9,3688339.32,1,1,NULL,NULL,NULL),(107,NULL,3,2025,9,1860042.98,1,1,NULL,NULL,NULL),(108,NULL,9,2025,9,18798088.20,0,1,NULL,NULL,NULL),(109,NULL,1,2025,10,3916268.37,0,1,NULL,NULL,NULL),(110,NULL,2,2025,10,3688339.32,1,1,NULL,NULL,NULL),(111,NULL,3,2025,10,1860042.98,1,1,NULL,NULL,NULL),(112,NULL,9,2025,10,18798088.20,0,1,NULL,NULL,NULL),(113,NULL,1,2025,11,3916268.37,0,1,NULL,NULL,NULL),(114,NULL,2,2025,11,3688339.32,1,1,NULL,NULL,NULL),(115,NULL,3,2025,11,1860042.98,1,1,NULL,NULL,NULL),(116,NULL,9,2025,11,18798088.20,0,1,NULL,NULL,NULL),(117,NULL,1,2025,12,3916268.37,0,1,NULL,NULL,NULL),(118,NULL,2,2025,12,3688339.32,1,1,NULL,NULL,NULL),(119,NULL,3,2025,12,1860042.98,1,1,NULL,NULL,NULL),(120,NULL,9,2025,12,18798088.20,0,1,NULL,NULL,NULL);

--
-- Table structure for table `syj_g4_detail`
--

CREATE TABLE `syj_g4_detail` (
  `id` int(10) unsigned NOT NULL AUTO_INCREMENT,
  `user_id` int(10) unsigned DEFAULT NULL,
  `period_id` int(10) unsigned NOT NULL,
  `syj_empleado_id` int(10) unsigned NOT NULL,
  `person_id` int(10) unsigned NOT NULL,
  `syj_g4_deduc_gral_detail_id` int(10) unsigned DEFAULT NULL,
  `is_limite_5_porc` tinyint(1) NOT NULL DEFAULT '0',
  `resaltar` tinyint(1) NOT NULL DEFAULT '0',
  `descripcion` varchar(191) COLLATE utf8mb4_unicode_ci NOT NULL,
  `importe` decimal(16,2) NOT NULL DEFAULT '0.00',
  `created_at` timestamp NULL DEFAULT NULL,
  `updated_at` timestamp NULL DEFAULT NULL,
  `deleted_at` timestamp NULL DEFAULT NULL,
  PRIMARY KEY (`id`),
  KEY `syj_g4_detail_period_id_foreign` (`period_id`),
  KEY `syj_g4_detail_syj_empleado_id_foreign` (`syj_empleado_id`),
  KEY `syj_g4_detail_person_id_foreign` (`person_id`),
  KEY `syj_g4_detail_syj_g4_deduc_gral_detail_id_foreign` (`syj_g4_deduc_gral_detail_id`),
  CONSTRAINT `syj_g4_detail_period_id_foreign` FOREIGN KEY (`period_id`) REFERENCES `periods` (`id`),
  CONSTRAINT `syj_g4_detail_person_id_foreign` FOREIGN KEY (`person_id`) REFERENCES `persons` (`id`),
  CONSTRAINT `syj_g4_detail_syj_empleado_id_foreign` FOREIGN KEY (`syj_empleado_id`) REFERENCES `syj_empleados` (`id`),
  CONSTRAINT `syj_g4_detail_syj_g4_deduc_gral_detail_id_foreign` FOREIGN KEY (`syj_g4_deduc_gral_detail_id`) REFERENCES `syj_g4_deduc_gral_detail` (`id`)
) ENGINE=InnoDB DEFAULT CHARSET=utf8mb4 COLLATE=utf8mb4_unicode_ci;

--
-- Dumping data for table `syj_g4_detail`
--


--
-- Table structure for table `syj_g4_f1357`
--

CREATE TABLE `syj_g4_f1357` (
  `id` int(10) unsigned NOT NULL AUTO_INCREMENT,
  `user_id` int(10) unsigned DEFAULT NULL,
  `syj_empleado_id` int(10) unsigned NOT NULL,
  `person_id` int(10) unsigned NOT NULL,
  `anio` int(10) unsigned NOT NULL,
  `descripcion` varchar(191) COLLATE utf8mb4_unicode_ci NOT NULL,
  `importe` decimal(16,2) NOT NULL DEFAULT '0.00',
  `resaltar` tinyint(1) NOT NULL DEFAULT '0',
  `es_titulo` tinyint(1) NOT NULL DEFAULT '0',
  `simbolo` varchar(191) COLLATE utf8mb4_unicode_ci DEFAULT NULL,
  `created_at` timestamp NULL DEFAULT NULL,
  `updated_at` timestamp NULL DEFAULT NULL,
  `deleted_at` timestamp NULL DEFAULT NULL,
  PRIMARY KEY (`id`),
  KEY `syj_g4_f1357_syj_empleado_id_foreign` (`syj_empleado_id`),
  KEY `syj_g4_f1357_person_id_foreign` (`person_id`),
  CONSTRAINT `syj_g4_f1357_person_id_foreign` FOREIGN KEY (`person_id`) REFERENCES `persons` (`id`),
  CONSTRAINT `syj_g4_f1357_syj_empleado_id_foreign` FOREIGN KEY (`syj_empleado_id`) REFERENCES `syj_empleados` (`id`)
) ENGINE=InnoDB DEFAULT CHARSET=utf8mb4 COLLATE=utf8mb4_unicode_ci;

--
-- Dumping data for table `syj_g4_f1357`
--


--
-- Table structure for table `syj_g4_otros_empleos`
--

CREATE TABLE `syj_g4_otros_empleos` (
  `id` int(10) unsigned NOT NULL AUTO_INCREMENT,
  `user_id` int(10) unsigned DEFAULT NULL,
  `descripcion` varchar(191) COLLATE utf8mb4_unicode_ci DEFAULT NULL,
  `grav_ganancias` tinyint(1) NOT NULL DEFAULT '1',
  `habilitado` tinyint(1) NOT NULL DEFAULT '1',
  `created_at` timestamp NULL DEFAULT NULL,
  `updated_at` timestamp NULL DEFAULT NULL,
  `deleted_at` timestamp NULL DEFAULT NULL,
  PRIMARY KEY (`id`)
) ENGINE=InnoDB AUTO_INCREMENT=12 DEFAULT CHARSET=utf8mb4 COLLATE=utf8mb4_unicode_ci;

--
-- Dumping data for table `syj_g4_otros_empleos`
--

INSERT INTO `syj_g4_otros_empleos` VALUES (1,NULL,'Remuneracion Bruta',1,1,NULL,NULL,NULL),(2,NULL,'Retribuciones No Habituales',1,1,NULL,NULL,NULL),(3,NULL,'SAC Primera Cuota',1,1,NULL,NULL,NULL),(4,NULL,'SAC Segunda Cuota',1,1,NULL,NULL,NULL),(5,NULL,'Horas Extras Remuneracion Gravada',1,1,NULL,NULL,NULL),(6,NULL,'Movilidad y Viaticos Remuneracion Gravada',1,1,NULL,NULL,NULL),(7,NULL,'Material didactico personal docente Remuneracion Gravada',1,1,NULL,NULL,NULL),(8,NULL,'Remuneracion No Alcanzada o Exenta',0,1,NULL,NULL,NULL),(9,NULL,'Horas Extras Remuneracion Exenta',0,1,NULL,NULL,NULL),(10,NULL,'Movilidad y Viaticos Remuneracion Exenta',0,1,NULL,NULL,NULL),(11,NULL,'Material didactico personal docente Remuneracion Exenta',0,1,NULL,NULL,NULL);

--
-- Table structure for table `syj_g4_otros_empleos_detail`
--

CREATE TABLE `syj_g4_otros_empleos_detail` (
  `id` int(10) unsigned NOT NULL AUTO_INCREMENT,
  `user_id` int(10) unsigned DEFAULT NULL,
  `syj_g4_otros_empleos_id` int(10) unsigned DEFAULT NULL,
  `syj_empleado_id` int(10) unsigned NOT NULL,
  `person_id` int(10) unsigned NOT NULL,
  `anio` int(10) unsigned NOT NULL,
  `importe` decimal(16,2) NOT NULL DEFAULT '0.00',
  `created_at` timestamp NULL DEFAULT NULL,
  `updated_at` timestamp NULL DEFAULT NULL,
  `deleted_at` timestamp NULL DEFAULT NULL,
  PRIMARY KEY (`id`),
  KEY `syj_g4_otros_empleos_detail_syj_g4_otros_empleos_id_foreign` (`syj_g4_otros_empleos_id`),
  KEY `syj_g4_otros_empleos_detail_syj_empleado_id_foreign` (`syj_empleado_id`),
  KEY `syj_g4_otros_empleos_detail_person_id_foreign` (`person_id`),
  CONSTRAINT `syj_g4_otros_empleos_detail_person_id_foreign` FOREIGN KEY (`person_id`) REFERENCES `persons` (`id`),
  CONSTRAINT `syj_g4_otros_empleos_detail_syj_empleado_id_foreign` FOREIGN KEY (`syj_empleado_id`) REFERENCES `syj_empleados` (`id`),
  CONSTRAINT `syj_g4_otros_empleos_detail_syj_g4_otros_empleos_id_foreign` FOREIGN KEY (`syj_g4_otros_empleos_id`) REFERENCES `syj_g4_otros_empleos` (`id`)
) ENGINE=InnoDB DEFAULT CHARSET=utf8mb4 COLLATE=utf8mb4_unicode_ci;

--
-- Dumping data for table `syj_g4_otros_empleos_detail`
--


--
-- Table structure for table `syj_g4_tipo_deduc_personal`
--

CREATE TABLE `syj_g4_tipo_deduc_personal` (
  `id` int(10) unsigned NOT NULL AUTO_INCREMENT,
  `user_id` int(10) unsigned DEFAULT NULL,
  `coddedpers` varchar(191) COLLATE utf8mb4_unicode_ci DEFAULT NULL,
  `descripcion` varchar(191) COLLATE utf8mb4_unicode_ci DEFAULT NULL,
  `informadas` tinyint(1) NOT NULL DEFAULT '0',
  `habilitado` tinyint(1) NOT NULL DEFAULT '1',
  `created_at` timestamp NULL DEFAULT NULL,
  `updated_at` timestamp NULL DEFAULT NULL,
  `deleted_at` timestamp NULL DEFAULT NULL,
  PRIMARY KEY (`id`)
) ENGINE=InnoDB AUTO_INCREMENT=11 DEFAULT CHARSET=utf8mb4 COLLATE=utf8mb4_unicode_ci;

--
-- Dumping data for table `syj_g4_tipo_deduc_personal`
--

INSERT INTO `syj_g4_tipo_deduc_personal` VALUES (1,NULL,'10','Ganancia No Imponible',0,1,NULL,NULL,NULL),(2,NULL,'20','Cargas de Familia Cónyuge',1,1,NULL,'2020-12-01 17:11:29',NULL),(3,NULL,'30','Cargas de Familia Hijos',1,1,NULL,'2020-12-01 17:11:29',NULL),(4,NULL,'40','Cargas de Familia Otras Cargas menor 24 años',0,0,NULL,'2020-12-01 17:11:29',NULL),(5,NULL,'50','Cargas de Familia Otras Cargas',0,0,NULL,'2020-12-01 17:11:29',NULL),(6,NULL,'60','Deducción Especial Incrementada',0,0,NULL,'2020-12-01 17:11:29',NULL),(7,NULL,'70','Incremento Decreto 1006/2013',0,0,NULL,'2020-12-01 17:11:29',NULL),(8,NULL,'80','Decreto 1242/2013',0,0,NULL,'2020-12-01 17:11:29',NULL),(9,NULL,'90','Deducción Especial',0,1,NULL,NULL,NULL),(10,NULL,'100','Deducción Especial Nuevos Emp. / Prof.',0,0,NULL,'2020-12-01 17:11:29',NULL);

--
-- Table structure for table `syj_liq_empleado`
--

CREATE TABLE `syj_liq_empleado` (
  `id` int(10) unsigned NOT NULL AUTO_INCREMENT,
  `user_id` int(10) unsigned DEFAULT NULL,
  `person_id` int(10) unsigned NOT NULL,
  `syj_liquidacion_id` int(10) unsigned NOT NULL,
  `empleado_id` int(10) unsigned NOT NULL,
  `numero_recibo` int(10) unsigned NOT NULL,
  `basico` decimal(16,2) NOT NULL DEFAULT '0.00',
  `adic_fijo` decimal(16,2) NOT NULL DEFAULT '0.00',
  `syj_convenio_id` int(10) unsigned NOT NULL,
  `syj_convenio_categoria_id` int(10) unsigned NOT NULL,
  `categoria` text COLLATE utf8mb4_unicode_ci NOT NULL,
  `syj_seccion_id` int(10) unsigned NOT NULL,
  `seccion` text COLLATE utf8mb4_unicode_ci NOT NULL,
  `syj_cargo_id` int(10) unsigned NOT NULL,
  `cargo` text COLLATE utf8mb4_unicode_ci NOT NULL,
  `syj_centro_costo_id` int(10) unsigned NOT NULL,
  `dias_trabajados` int(11) NOT NULL DEFAULT '0',
  `dtrab_man` int(10) unsigned DEFAULT NULL,
  `dias_vacaciones` int(11) NOT NULL DEFAULT '0',
  `horas_trabajadas` decimal(16,2) NOT NULL DEFAULT '0.00',
  `observaciones` varchar(191) COLLATE utf8mb4_unicode_ci DEFAULT NULL,
  `total_remun` decimal(16,2) NOT NULL DEFAULT '0.00',
  `total_no_remun` decimal(16,2) NOT NULL DEFAULT '0.00',
  `total_aportes` decimal(16,2) NOT NULL DEFAULT '0.00',
  `total_neto` decimal(16,2) NOT NULL DEFAULT '0.00',
  `fecha_desde` date DEFAULT NULL,
  `mayremun` decimal(16,2) NOT NULL DEFAULT '0.00',
  `mayremun_man` tinyint(1) NOT NULL DEFAULT '0',
  `diassac` decimal(16,2) NOT NULL DEFAULT '0.00',
  `fecha_egreso` date DEFAULT NULL,
  `syj_motivo_egreso_id` int(10) unsigned DEFAULT NULL,
  `dias_trabajados_semestre` int(11) NOT NULL DEFAULT '0',
  `dias_trabajados_anio` int(11) NOT NULL DEFAULT '0',
  `mayult12` decimal(16,2) NOT NULL DEFAULT '0.00',
  `mayult12_man` tinyint(1) NOT NULL DEFAULT '0',
  `prorratg4` int(11) NOT NULL DEFAULT '0',
  `novedades_guardadas` tinyint(1) NOT NULL DEFAULT '0',
  `syj_liq_firma_estado_id` int(10) unsigned NOT NULL DEFAULT '1',
  `syj_liq_firma_fecha` date DEFAULT NULL,
  `syj_liq_empleado_status_id` int(10) unsigned NOT NULL DEFAULT '1',
  `publicar` tinyint(1) NOT NULL DEFAULT '1',
  `created_at` timestamp NULL DEFAULT NULL,
  `updated_at` timestamp NULL DEFAULT NULL,
  `deleted_at` timestamp NULL DEFAULT NULL,
  PRIMARY KEY (`id`),
  KEY `syj_liq_empleado_person_id_foreign` (`person_id`),
  KEY `syj_liq_empleado_empleado_id_foreign` (`empleado_id`),
  KEY `syj_liq_empleado_syj_liquidacion_id_foreign` (`syj_liquidacion_id`),
  KEY `syj_liq_empleado_syj_convenio_id_foreign` (`syj_convenio_id`),
  KEY `syj_liq_empleado_syj_convenio_categoria_id_foreign` (`syj_convenio_categoria_id`),
  KEY `syj_liq_empleado_syj_seccion_id_foreign` (`syj_seccion_id`),
  KEY `syj_liq_empleado_syj_cargo_id_foreign` (`syj_cargo_id`),
  KEY `syj_liq_empleado_syj_centro_costo_id_foreign` (`syj_centro_costo_id`),
  KEY `syj_liq_empleado_syj_motivo_egreso_id_foreign` (`syj_motivo_egreso_id`),
  KEY `syj_liq_empleado_syj_liq_empleado_status_id_foreign` (`syj_liq_empleado_status_id`),
  CONSTRAINT `syj_liq_empleado_empleado_id_foreign` FOREIGN KEY (`empleado_id`) REFERENCES `syj_empleados` (`id`),
  CONSTRAINT `syj_liq_empleado_person_id_foreign` FOREIGN KEY (`person_id`) REFERENCES `persons` (`id`),
  CONSTRAINT `syj_liq_empleado_syj_cargo_id_foreign` FOREIGN KEY (`syj_cargo_id`) REFERENCES `syj_cargos` (`id`),
  CONSTRAINT `syj_liq_empleado_syj_centro_costo_id_foreign` FOREIGN KEY (`syj_centro_costo_id`) REFERENCES `syj_centros_costos` (`id`),
  CONSTRAINT `syj_liq_empleado_syj_convenio_categoria_id_foreign` FOREIGN KEY (`syj_convenio_categoria_id`) REFERENCES `syj_convenio_categorias` (`id`),
  CONSTRAINT `syj_liq_empleado_syj_convenio_id_foreign` FOREIGN KEY (`syj_convenio_id`) REFERENCES `syj_convenios` (`id`),
  CONSTRAINT `syj_liq_empleado_syj_liq_empleado_status_id_foreign` FOREIGN KEY (`syj_liq_empleado_status_id`) REFERENCES `syj_liq_empleado_status` (`id`),
  CONSTRAINT `syj_liq_empleado_syj_liquidacion_id_foreign` FOREIGN KEY (`syj_liquidacion_id`) REFERENCES `syj_liquidaciones` (`id`),
  CONSTRAINT `syj_liq_empleado_syj_motivo_egreso_id_foreign` FOREIGN KEY (`syj_motivo_egreso_id`) REFERENCES `syj_motivo_egreso` (`id`),
  CONSTRAINT `syj_liq_empleado_syj_seccion_id_foreign` FOREIGN KEY (`syj_seccion_id`) REFERENCES `syj_secciones` (`id`)
) ENGINE=InnoDB AUTO_INCREMENT=75 DEFAULT CHARSET=utf8mb4 COLLATE=utf8mb4_unicode_ci;

--
-- Dumping data for table `syj_liq_empleado`
--

INSERT INTO `syj_liq_empleado` VALUES (1,1444,40719,1,1,0,70966.83,0.00,22,159,'Conductor de 1ra Categoria',1,'Chofer',1,'chofer',1,30,NULL,0,240.00,NULL,0.00,0.00,0.00,0.00,NULL,0.00,0,0.00,NULL,NULL,0,0,0.00,0,0,1,1,NULL,1,1,'2022-10-08 09:59:32','2022-10-08 10:30:05','2022-10-08 10:30:05'),(2,1444,40719,1,1,0,70966.83,0.00,22,159,'Conductor de 1ra Categoria',1,'Chofer',1,'chofer',1,30,NULL,0,0.30,NULL,0.00,0.00,0.00,0.00,NULL,0.00,0,0.00,NULL,NULL,0,0,0.00,0,0,0,1,NULL,1,1,'2022-10-08 10:30:05','2022-10-08 10:38:04','2022-10-08 10:38:04'),(3,1444,40719,1,1,0,70966.83,0.00,22,159,'Conductor de 1ra Categoria',1,'Chofer',1,'chofer',1,30,NULL,0,0.30,NULL,0.00,0.00,0.00,0.00,NULL,0.00,0,0.00,NULL,NULL,0,0,0.00,0,0,1,1,NULL,1,1,'2022-10-08 10:38:04','2022-10-08 10:42:43','2022-10-08 10:42:43'),(4,1444,40719,1,1,0,70966.83,0.00,22,159,'Conductor de 1ra Categoria',1,'Chofer',1,'chofer',1,30,NULL,0,0.30,NULL,0.00,0.00,0.00,0.00,NULL,0.00,0,0.00,NULL,NULL,0,0,0.00,0,0,0,1,NULL,1,1,'2022-10-08 10:42:43','2022-10-08 10:44:05','2022-10-08 10:44:05'),(5,1444,40719,1,1,0,70966.83,0.00,22,159,'Conductor de 1ra Categoria',1,'Chofer',1,'chofer',1,30,NULL,0,0.30,NULL,0.00,0.00,0.00,0.00,NULL,0.00,0,0.00,NULL,NULL,0,0,0.00,0,0,0,1,NULL,1,1,'2022-10-08 10:44:05','2022-10-08 10:47:47','2022-10-08 10:47:47'),(6,1444,40719,1,1,0,70966.83,0.00,22,159,'Conductor de 1ra Categoria',1,'Chofer',1,'chofer',1,30,NULL,0,0.30,NULL,0.00,0.00,0.00,0.00,NULL,0.00,0,0.00,NULL,NULL,0,0,0.00,0,0,0,1,NULL,1,1,'2022-10-08 10:47:47','2022-10-08 10:48:54','2022-10-08 10:48:54'),(7,1444,40719,1,1,0,70966.83,0.00,22,159,'Conductor de 1ra Categoria',1,'Chofer',1,'chofer',1,30,NULL,0,0.30,NULL,0.00,0.00,0.00,0.00,NULL,0.00,0,0.00,NULL,NULL,0,0,0.00,0,0,1,1,NULL,1,1,'2022-10-08 10:48:55','2022-10-08 10:50:05','2022-10-08 10:50:05'),(8,1444,40719,1,1,0,70966.83,0.00,22,159,'Conductor de 1ra Categoria',1,'Chofer',1,'chofer',1,30,NULL,0,0.30,NULL,0.00,0.00,0.00,0.00,NULL,0.00,0,0.00,NULL,NULL,0,0,0.00,0,0,0,1,NULL,1,1,'2022-10-08 10:50:05','2022-10-08 10:53:16','2022-10-08 10:53:16'),(9,1444,40719,1,1,0,70966.83,0.00,22,159,'Conductor de 1ra Categoria',1,'Chofer',1,'chofer',1,30,NULL,0,0.30,NULL,0.00,0.00,0.00,0.00,NULL,0.00,0,0.00,NULL,NULL,0,0,0.00,0,0,0,1,NULL,1,1,'2022-10-08 10:53:16','2022-10-08 11:11:40','2022-10-08 11:11:40'),(10,1444,40719,1,1,0,70966.83,0.00,22,159,'Conductor de 1ra Categoria',1,'Chofer',1,'chofer',1,30,NULL,0,240.00,NULL,0.00,0.00,0.00,0.00,NULL,0.00,0,0.00,NULL,NULL,0,0,0.00,0,0,0,1,NULL,1,1,'2022-10-08 11:11:40','2022-10-08 11:13:49','2022-10-08 11:13:49'),(11,1444,40719,1,1,0,70966.83,0.00,22,159,'Conductor de 1ra Categoria',1,'Chofer',1,'chofer',1,30,NULL,0,240.00,NULL,0.00,0.00,0.00,0.00,NULL,0.00,0,0.00,NULL,NULL,0,0,0.00,0,0,1,1,NULL,1,1,'2022-10-08 11:13:49','2022-10-08 11:20:43','2022-10-08 11:20:43'),(12,1444,40719,1,1,0,70966.83,0.00,22,159,'Conductor de 1ra Categoria',1,'Chofer',1,'chofer',1,30,NULL,0,240.00,NULL,0.00,0.00,0.00,0.00,NULL,0.00,0,0.00,NULL,NULL,0,0,0.00,0,0,0,1,NULL,1,1,'2022-10-08 11:20:43','2022-10-08 11:22:56','2022-10-08 11:22:56'),(13,1444,40719,1,1,0,0.00,0.00,22,159,'Conductor de 1ra Categoria',1,'Chofer',1,'chofer',1,30,NULL,0,240.00,NULL,0.00,0.00,0.00,0.00,NULL,0.00,0,0.00,NULL,NULL,0,0,0.00,0,0,1,1,NULL,1,1,'2022-10-08 11:22:56','2022-10-08 13:04:22','2022-10-08 13:04:22'),(14,1444,40719,1,1,0,0.00,0.00,22,159,'Conductor de 1ra Categoria',1,'Chofer',1,'chofer',1,30,NULL,0,240.00,NULL,0.00,0.00,0.00,0.00,NULL,0.00,0,0.00,NULL,NULL,0,0,0.00,0,0,0,1,NULL,1,1,'2022-10-08 13:04:23','2022-10-08 13:10:12','2022-10-08 13:10:12'),(15,1444,40719,1,1,0,70966.83,0.00,22,159,'Conductor de 1ra Categoria',1,'Chofer',1,'chofer',1,30,NULL,0,240.00,NULL,0.00,0.00,0.00,0.00,NULL,0.00,0,0.00,NULL,NULL,0,0,0.00,0,0,1,1,NULL,1,1,'2022-10-08 13:10:12','2022-10-09 10:34:42','2022-10-09 10:34:42');
INSERT INTO `syj_liq_empleado` VALUES (16,1444,40719,1,1,0,70966.83,0.00,22,159,'Conductor de 1ra Categoria',1,'Chofer',1,'chofer',1,30,NULL,0,240.00,NULL,0.00,0.00,0.00,0.00,NULL,0.00,0,0.00,NULL,NULL,0,0,0.00,0,0,0,1,NULL,1,1,'2022-10-09 10:34:42','2022-10-09 10:39:25','2022-10-09 10:39:25'),(17,1444,40719,1,1,1,70966.83,0.00,22,159,'Conductor de 1ra Categoria',1,'Chofer',1,'chofer',1,30,NULL,0,240.00,NULL,99209.83,16415.69,15377.52,100248.00,NULL,0.00,0,0.00,NULL,NULL,0,0,0.00,0,0,1,1,NULL,1,1,'2022-10-09 10:39:25','2022-10-09 11:21:04','2022-10-09 11:21:04'),(18,1444,40719,1,1,0,70966.83,0.00,22,159,'Conductor de 1ra Categoria',1,'Chofer',1,'chofer',1,30,NULL,0,240.00,NULL,0.00,0.00,0.00,0.00,NULL,0.00,0,0.00,NULL,NULL,0,0,0.00,0,0,1,1,NULL,1,1,'2022-10-09 11:21:04','2022-10-09 11:24:06','2022-10-09 11:24:06'),(19,1444,40719,1,1,0,70966.83,0.00,22,159,'Conductor de 1ra Categoria',1,'Chofer',1,'chofer',1,30,NULL,0,240.00,NULL,0.00,0.00,0.00,0.00,NULL,0.00,0,0.00,NULL,NULL,0,0,0.00,0,0,0,1,NULL,1,1,'2022-10-09 11:24:06','2022-10-09 11:25:22','2022-10-09 11:25:22'),(20,1444,40719,1,1,0,70966.83,0.00,22,159,'Conductor de 1ra Categoria',1,'Chofer',1,'chofer',1,30,NULL,0,240.00,NULL,0.00,0.00,0.00,0.00,NULL,0.00,0,0.00,NULL,NULL,0,0,0.00,0,0,1,1,NULL,1,1,'2022-10-09 11:25:22','2022-10-09 11:26:40','2022-10-09 11:26:40'),(21,1444,40719,1,1,1,70966.83,0.00,22,159,'Conductor de 1ra Categoria',1,'Chofer',1,'chofer',1,30,NULL,0,240.00,NULL,99209.83,16415.27,21330.10,94295.00,NULL,0.00,0,0.00,NULL,NULL,0,0,0.00,0,0,0,1,NULL,1,1,'2022-10-09 11:26:40','2022-10-11 15:18:39','2022-10-11 15:18:39'),(22,1444,40719,1,1,1,70966.83,0.00,22,159,'Conductor de 1ra Categoria',1,'Chofer',1,'chofer',1,30,NULL,0,240.00,NULL,99209.83,16415.27,21330.10,94295.00,NULL,0.00,0,0.00,NULL,NULL,0,0,0.00,0,0,1,1,NULL,2,1,'2022-10-11 15:18:39','2022-10-12 16:40:25',NULL),(23,1444,40719,2,1,2,80840.48,0.00,22,159,'Conductor de 1ra Categoria',1,'Chofer',1,'chofer',1,30,NULL,0,240.00,NULL,113400.38,19086.70,24381.08,108106.00,NULL,0.00,0,0.00,NULL,NULL,0,0,0.00,0,0,1,1,NULL,2,1,'2022-11-28 12:02:29','2022-11-28 12:53:02',NULL),(24,1444,40719,3,1,3,102667.41,0.00,22,159,'Conductor de 1ra Categoria',1,'Chofer',1,'chofer',1,30,NULL,0,240.00,NULL,138766.85,18989.03,29834.88,127921.00,NULL,0.00,0,0.00,NULL,NULL,0,0,0.00,0,0,1,1,NULL,2,1,'2022-12-06 10:15:29','2023-03-10 13:07:35',NULL),(25,1444,40719,4,1,4,102667.41,0.00,22,159,'Conductor de 1ra Categoria',1,'Chofer',1,'chofer',1,0,NULL,0,0.00,NULL,60131.76,0.56,12928.32,47204.00,NULL,138766.85,0,0.00,NULL,NULL,156,0,0.00,0,0,1,1,NULL,2,1,'2022-12-21 13:21:26','2022-12-21 13:32:44',NULL),(26,1444,40719,5,1,5,102667.41,0.00,22,159,'Conductor de 1ra Categoria',1,'Chofer',1,'chofer',1,30,NULL,0,240.00,NULL,132105.24,16604.40,28402.64,120307.00,NULL,0.00,0,0.00,NULL,NULL,0,0,0.00,0,0,1,1,NULL,2,1,'2023-01-09 16:30:43','2023-01-09 16:38:22',NULL),(27,1444,40719,6,1,6,102667.41,0.00,22,159,'Conductor de 1ra Categoria',1,'Chofer',1,'chofer',1,30,NULL,0,0.00,NULL,142868.63,23090.13,30716.76,135242.00,NULL,0.00,0,0.00,NULL,NULL,0,0,0.00,0,0,1,1,NULL,2,1,'2023-02-09 12:34:57','2023-02-09 17:35:57',NULL),(28,1444,40719,7,1,0,102667.41,0.00,22,159,'Conductor de 1ra Categoria',1,'Chofer',1,'chofer',1,30,NULL,0,240.00,NULL,0.00,0.00,0.00,0.00,NULL,0.00,0,0.00,NULL,NULL,0,0,0.00,0,0,0,1,NULL,1,1,'2023-03-10 13:06:27','2023-03-10 13:18:14','2023-03-10 13:18:14'),(29,1444,40719,7,1,10,124494.34,0.00,22,159,'Conductor de 1ra Categoria',1,'Chofer',1,'chofer',1,30,NULL,0,240.00,NULL,151982.86,17114.46,32676.32,136421.00,NULL,0.00,0,0.00,NULL,NULL,0,0,0.00,0,0,1,1,NULL,2,1,'2023-03-10 13:18:14','2023-06-21 17:08:15',NULL),(30,1444,40719,8,1,8,124494.34,0.00,22,159,'Conductor de 1ra Categoria',1,'Chofer',1,'chofer',1,0,NULL,19,0.00,NULL,94615.63,0.73,20342.36,74274.00,'2023-03-06',0.00,0,0.00,NULL,NULL,0,0,0.00,0,0,0,1,NULL,1,1,'2023-04-05 11:52:05','2023-06-21 21:34:27','2023-06-21 21:34:27');
INSERT INTO `syj_liq_empleado` VALUES (31,1444,40719,9,1,9,124494.34,0.00,22,159,'Conductor de 1ra Categoria',1,'Chofer',1,'chofer',1,16,NULL,0,240.00,NULL,75568.22,3984.95,16247.17,63306.00,NULL,0.00,0,0.00,NULL,NULL,0,0,0.00,0,0,1,1,NULL,2,1,'2023-04-05 12:23:22','2023-05-02 15:20:12',NULL),(32,1444,40719,10,1,11,124494.34,0.00,22,159,'Conductor de 1ra Categoria',1,'Chofer',1,'chofer',1,30,NULL,0,240.00,NULL,133462.60,28781.87,28694.47,133550.00,NULL,0.00,0,0.00,NULL,NULL,0,0,0.00,0,0,1,1,NULL,2,1,'2023-05-09 10:59:58','2023-06-21 21:25:44',NULL),(33,1444,40719,11,1,0,124494.34,0.00,22,159,'Conductor de 1ra Categoria',1,'Chofer',1,'chofer',1,30,NULL,0,240.00,NULL,0.00,0.00,0.00,0.00,NULL,0.00,0,0.00,NULL,NULL,0,0,0.00,0,0,1,1,NULL,1,1,'2023-06-21 16:36:38','2023-06-21 21:34:27','2023-06-21 21:34:27'),(34,1444,40719,8,1,0,146321.27,0.00,22,159,'Conductor de 1ra Categoria',1,'Chofer',1,'chofer',1,0,NULL,0,240.00,NULL,0.00,0.00,0.00,0.00,NULL,0.00,0,0.00,NULL,NULL,0,0,0.00,0,0,0,1,NULL,1,1,'2023-06-21 21:34:27','2023-08-15 17:02:35','2023-08-15 17:02:35'),(35,1444,40719,11,1,12,146321.27,0.00,22,159,'Conductor de 1ra Categoria',1,'Chofer',1,'chofer',1,30,NULL,0,240.00,NULL,198249.65,57175.02,42623.67,212801.00,NULL,0.00,0,0.00,NULL,NULL,0,0,0.00,0,0,1,1,NULL,2,1,'2023-06-21 21:34:27','2023-08-07 17:23:30',NULL),(36,1444,40719,12,1,0,146321.27,0.00,22,159,'Conductor de 1ra Categoria',1,'Chofer',1,'chofer',1,0,NULL,0,0.00,NULL,0.00,0.00,0.00,0.00,NULL,0.00,0,0.00,NULL,NULL,118,0,0.00,0,0,1,1,NULL,1,1,'2023-07-07 12:24:25','2023-07-14 10:53:04','2023-07-14 10:53:04'),(37,1444,40719,13,1,14,146321.27,0.00,22,159,'Conductor de 1ra Categoria',1,'Chofer',1,'chofer',1,30,NULL,0,240.00,NULL,194284.37,47113.77,41771.14,199627.00,NULL,0.00,0,0.00,NULL,NULL,0,0,0.00,0,0,1,1,NULL,2,1,'2023-07-14 10:49:34','2023-08-07 17:30:46',NULL),(38,1444,40719,14,1,13,146321.27,0.00,22,159,'Conductor de 1ra Categoria',1,'Chofer',1,'chofer',1,0,NULL,0,0.00,NULL,74893.84,0.35,16102.19,58792.00,NULL,198249.65,0,0.00,NULL,NULL,136,0,0.00,0,0,0,1,NULL,2,1,'2023-07-14 10:55:15','2023-07-14 10:55:47',NULL),(39,1444,40719,15,1,15,146321.27,0.00,22,159,'Conductor de 1ra Categoria',1,'Chofer',1,'chofer',1,30,NULL,0,240.00,NULL,194284.37,47113.77,41771.14,199627.00,NULL,0.00,0,0.00,NULL,NULL,0,0,0.00,0,0,1,1,NULL,2,1,'2023-08-09 12:02:44','2023-08-09 12:16:07',NULL),(40,1444,40719,16,1,0,146321.27,0.00,22,159,'Conductor de 1ra Categoria',1,'Chofer',1,'chofer',1,0,NULL,0,240.00,NULL,0.00,0.00,0.00,0.00,NULL,269178.21,0,0.00,NULL,NULL,136,196,269178.21,0,0,0,1,NULL,1,1,'2023-08-15 14:44:24','2023-08-15 17:01:05','2023-08-15 17:01:05'),(41,1444,40719,17,1,0,146321.27,0.00,22,159,'Conductor de 1ra Categoria',1,'Chofer',1,'chofer',1,30,NULL,0,240.00,NULL,0.00,0.00,0.00,0.00,NULL,0.00,0,0.00,NULL,NULL,0,0,0.00,0,0,0,1,NULL,1,1,'2023-08-15 14:45:40','2023-08-15 14:45:56','2023-08-15 14:45:56'),(42,1444,40719,18,1,0,146321.27,0.00,22,159,'Conductor de 1ra Categoria',1,'Chofer',1,'chofer',1,30,NULL,0,240.00,NULL,0.00,0.00,0.00,0.00,NULL,0.00,0,0.00,NULL,NULL,0,0,0.00,0,0,0,1,NULL,1,1,'2023-08-15 14:46:29','2023-08-15 17:02:35','2023-08-15 17:02:35'),(43,1444,40719,19,1,0,146321.27,0.00,22,159,'Conductor de 1ra Categoria',1,'Chofer',1,'chofer',1,0,NULL,0,240.00,NULL,0.00,0.00,0.00,0.00,NULL,269178.21,0,0.00,NULL,NULL,136,196,269178.21,0,0,0,1,NULL,1,1,'2023-08-15 17:01:43','2023-08-15 17:01:56','2023-08-15 17:01:56'),(44,1444,40719,8,1,0,167339.79,0.00,22,159,'Conductor de 1ra Categoria',1,'Chofer',1,'chofer',1,0,NULL,0,240.00,NULL,0.00,0.00,0.00,0.00,NULL,0.00,0,0.00,NULL,NULL,0,0,0.00,0,0,0,1,NULL,1,1,'2023-08-15 17:02:35','2023-08-15 17:02:58','2023-08-15 17:02:58'),(45,1444,40719,18,1,0,167339.79,0.00,22,159,'Conductor de 1ra Categoria',1,'Chofer',1,'chofer',1,30,NULL,0,240.00,NULL,0.00,0.00,0.00,0.00,NULL,0.00,0,0.00,NULL,NULL,0,0,0.00,0,0,0,1,NULL,1,1,'2023-08-15 17:02:35','2023-08-15 17:02:58','2023-08-15 17:02:58');
INSERT INTO `syj_liq_empleado` VALUES (46,1444,40719,8,1,0,167339.79,0.00,22,159,'Conductor de 1ra Categoria',1,'Chofer',1,'chofer',1,0,NULL,0,240.00,NULL,0.00,0.00,0.00,0.00,NULL,0.00,0,0.00,NULL,NULL,0,0,0.00,0,0,0,1,NULL,1,1,'2023-08-15 17:02:58','2023-10-13 12:43:02','2023-10-13 12:43:02'),(47,1444,40719,18,1,16,167339.79,0.00,22,159,'Conductor de 1ra Categoria',1,'Chofer',1,'chofer',1,5,NULL,0,40.00,NULL,41032.95,5892.13,8822.08,38103.00,NULL,0.00,0,0.00,NULL,NULL,0,0,0.00,0,0,0,1,NULL,1,1,'2023-08-15 17:02:58','2023-10-09 17:04:27',NULL),(48,1444,40719,20,1,0,167339.79,0.00,22,159,'Conductor de 1ra Categoria',1,'Chofer',1,'chofer',1,35,NULL,6,280.00,NULL,0.00,0.00,0.00,0.00,NULL,194295.58,1,0.00,'2023-08-11',NULL,35,35,194295.58,1,0,1,1,NULL,1,1,'2023-08-15 17:09:44','2023-08-15 17:18:45',NULL),(49,1444,40719,21,1,0,167339.79,0.00,22,159,'Conductor de 1ra Categoria',1,'Chofer',1,'chofer',1,30,NULL,0,240.00,NULL,0.00,0.00,0.00,0.00,NULL,0.00,0,0.00,NULL,NULL,0,0,0.00,0,0,0,1,NULL,1,1,'2023-10-12 15:41:22','2023-10-13 12:43:02','2023-10-13 12:43:02'),(50,1444,40719,21,2,0,167339.79,0.00,22,159,'Conductor de 1ra Categoria',1,'Chofer',1,'chofer',1,30,NULL,0,240.00,NULL,0.00,0.00,0.00,0.00,NULL,0.00,0,0.00,NULL,NULL,0,0,0.00,0,0,0,1,NULL,1,1,'2023-10-12 15:41:22','2023-10-13 12:51:22','2023-10-13 12:51:22'),(51,1444,40719,22,1,0,167339.79,0.00,22,159,'Conductor de 1ra Categoria',1,'Chofer',1,'chofer',1,5,NULL,0,240.00,NULL,0.00,0.00,0.00,0.00,NULL,0.00,1,0.00,'2023-08-11',NULL,35,196,269178.21,0,0,1,1,NULL,1,1,'2023-10-12 15:42:38','2023-10-13 12:43:02','2023-10-13 12:43:02'),(52,1444,40719,22,2,0,167339.79,0.00,22,159,'Conductor de 1ra Categoria',1,'Chofer',1,'chofer',1,0,NULL,0,240.00,NULL,0.00,0.00,0.00,0.00,NULL,0.00,0,0.00,NULL,NULL,0,0,0.00,0,0,0,1,NULL,1,1,'2023-10-12 15:42:38','2023-10-13 12:51:18','2023-10-13 12:51:18'),(53,1444,40719,23,2,0,167339.79,0.00,22,159,'Conductor de 1ra Categoria',1,'Chofer',1,'chofer',1,0,NULL,0,240.00,NULL,0.00,0.00,0.00,0.00,NULL,0.00,0,0.00,NULL,NULL,0,0,0.00,0,0,0,1,NULL,1,1,'2023-10-13 12:52:19','2023-10-13 12:57:20','2023-10-13 12:57:20'),(54,1444,40719,24,1,0,167339.79,0.00,22,159,'Conductor de 1ra Categoria',1,'Chofer',1,'chofer',1,30,NULL,0,240.00,NULL,0.00,0.00,0.00,0.00,NULL,0.00,0,0.00,NULL,NULL,0,0,0.00,0,0,0,1,NULL,1,1,'2023-10-13 12:53:52','2023-10-13 12:53:52',NULL),(55,1444,40719,24,2,0,167339.79,0.00,22,159,'Conductor de 1ra Categoria',1,'Chofer',1,'chofer',1,30,NULL,0,240.00,NULL,0.00,0.00,0.00,0.00,NULL,0.00,0,0.00,NULL,NULL,0,0,0.00,0,0,0,1,NULL,1,1,'2023-10-13 12:53:52','2023-10-13 12:57:20','2023-10-13 12:57:20'),(56,1444,40719,23,2,0,167339.79,0.00,22,159,'Conductor de 1ra Categoria',1,'Chofer',1,'chofer',1,0,NULL,0,240.00,NULL,0.00,0.00,0.00,0.00,NULL,0.00,0,0.00,NULL,NULL,0,0,0.00,0,0,0,1,NULL,1,1,'2023-10-13 12:57:20','2023-10-13 12:57:34','2023-10-13 12:57:34'),(57,1444,40719,24,2,0,167339.79,0.00,22,159,'Conductor de 1ra Categoria',1,'Chofer',1,'chofer',1,9,NULL,0,240.00,NULL,0.00,0.00,0.00,0.00,NULL,0.00,0,0.00,NULL,NULL,0,0,0.00,0,0,1,1,NULL,1,1,'2023-10-13 12:57:20','2023-10-13 14:00:09','2023-10-13 14:00:09'),(58,1444,40719,25,1,16,167339.79,0.00,22,159,'Conductor de 1ra Categoria',1,'Chofer',1,'chofer',1,5,NULL,14,240.00,NULL,41032.95,24405.13,8822.08,56616.00,NULL,0.00,1,0.00,'2023-08-11',NULL,35,147,0.00,1,0,1,1,NULL,2,1,'2023-10-13 12:58:16','2023-10-13 13:55:13',NULL),(59,1444,40719,25,2,0,167339.79,0.00,22,159,'Conductor de 1ra Categoria',1,'Chofer',1,'chofer',1,5,NULL,0,240.00,NULL,0.00,0.00,0.00,0.00,NULL,194295.00,1,0.00,'2023-08-11',NULL,5,147,0.00,0,0,0,1,NULL,1,1,'2023-10-13 12:58:16','2023-10-13 14:00:09','2023-10-13 14:00:09'),(60,1444,40719,24,2,17,167339.79,0.00,22,159,'Conductor de 1ra Categoria',1,'Chofer',1,'chofer',1,9,NULL,0,240.00,NULL,57308.30,134.48,8882.78,48560.00,NULL,0.00,0,0.00,NULL,NULL,0,0,0.00,0,0,0,1,NULL,1,1,'2023-10-13 14:00:09','2023-10-13 14:11:23','2023-10-13 14:11:23');
INSERT INTO `syj_liq_empleado` VALUES (61,1444,40719,25,2,0,167339.79,0.00,22,159,'Conductor de 1ra Categoria',1,'Chofer',1,'chofer',1,0,NULL,0,240.00,NULL,0.00,0.00,0.00,0.00,NULL,0.00,0,0.00,NULL,NULL,0,0,0.00,0,0,0,1,NULL,1,1,'2023-10-13 14:00:09','2023-10-13 14:11:23','2023-10-13 14:11:23'),(62,1444,40719,24,2,17,167339.79,0.00,22,159,'Conductor de 1ra Categoria',1,'Chofer',1,'chofer',1,9,NULL,0,240.00,NULL,57308.30,133.98,12321.28,45121.00,NULL,0.00,0,0.00,NULL,NULL,0,0,0.00,0,0,0,1,NULL,1,1,'2023-10-13 14:11:24','2023-10-13 14:52:20','2023-10-13 14:52:20'),(63,1444,40719,25,2,0,167339.79,0.00,22,159,'Conductor de 1ra Categoria',1,'Chofer',1,'chofer',1,0,NULL,0,240.00,NULL,0.00,0.00,0.00,0.00,NULL,0.00,0,0.00,NULL,NULL,0,0,0.00,0,0,0,1,NULL,1,1,'2023-10-13 14:11:24','2023-10-13 14:52:20','2023-10-13 14:52:20'),(64,1444,40719,26,1,0,167339.79,0.00,22,159,'Conductor de 1ra Categoria',1,'Chofer',1,'chofer',1,30,NULL,0,240.00,NULL,0.00,0.00,0.00,0.00,NULL,0.00,0,0.00,NULL,NULL,0,0,0.00,0,0,0,1,NULL,1,1,'2023-10-13 14:27:23','2023-10-13 14:27:23',NULL),(65,1444,40719,26,2,0,167339.79,0.00,22,159,'Conductor de 1ra Categoria',1,'Chofer',1,'chofer',1,30,NULL,0,240.00,NULL,0.00,0.00,0.00,0.00,NULL,0.00,0,0.00,NULL,NULL,0,0,0.00,0,0,0,1,NULL,1,1,'2023-10-13 14:27:23','2023-10-13 14:27:23',NULL),(66,1444,40719,27,1,0,167339.79,0.00,22,159,'Conductor de 1ra Categoria',1,'Chofer',1,'chofer',1,0,NULL,0,240.00,NULL,0.00,0.00,0.00,0.00,NULL,269178.21,0,0.00,'0000-00-00',NULL,125,201,269178.21,0,0,0,1,NULL,1,1,'2023-10-13 14:28:35','2023-10-13 14:29:38',NULL),(67,1444,40719,27,2,0,167339.79,0.00,22,159,'Conductor de 1ra Categoria',1,'Chofer',1,'chofer',1,1,NULL,0,8.00,NULL,0.00,0.00,0.00,0.00,NULL,0.00,1,0.00,'0000-00-00',NULL,10,0,0.00,1,0,0,1,NULL,1,1,'2023-10-13 14:28:35','2023-10-13 14:30:33',NULL),(68,1444,40719,28,1,0,167339.79,0.00,22,159,'Conductor de 1ra Categoria',1,'Chofer',1,'chofer',1,0,NULL,0,8.00,NULL,0.00,0.00,0.00,0.00,NULL,0.00,1,0.00,'2023-09-04',NULL,10,10,0.00,1,0,1,1,NULL,1,1,'2023-10-13 14:31:55','2023-10-13 14:32:52',NULL),(69,1444,40719,28,2,0,167339.79,0.00,22,159,'Conductor de 1ra Categoria',1,'Chofer',1,'chofer',1,0,NULL,0,240.00,NULL,0.00,0.00,0.00,0.00,NULL,57308.30,0,0.00,'0000-00-00',NULL,9,9,57308.30,0,0,0,1,NULL,1,1,'2023-10-13 14:31:55','2023-10-13 14:34:23',NULL),(70,1444,40719,29,1,0,167339.79,0.00,22,159,'Conductor de 1ra Categoria',1,'Chofer',1,'chofer',1,0,NULL,0,240.00,NULL,0.00,0.00,0.00,0.00,NULL,269178.21,0,0.00,NULL,NULL,125,201,269178.21,0,0,0,1,NULL,1,1,'2023-10-13 14:35:16','2023-10-13 14:35:16',NULL),(71,1444,40719,29,2,18,167339.79,0.00,22,159,'Conductor de 1ra Categoria',1,'Chofer',1,'chofer',1,1,NULL,0,0.00,NULL,5711.89,1967.39,3773.28,3906.00,NULL,0.00,1,0.00,'2023-09-04',NULL,10,0,0.00,1,0,1,1,NULL,1,1,'2023-10-13 14:35:16','2023-10-13 14:52:20','2023-10-13 14:52:20'),(72,1444,40719,24,2,0,167339.79,0.00,22,159,'Conductor de 1ra Categoria',1,'Chofer',1,'chofer',1,30,NULL,0,240.00,NULL,0.00,0.00,0.00,0.00,NULL,0.00,0,0.00,NULL,NULL,0,0,0.00,0,0,0,1,NULL,1,1,'2023-10-13 14:52:20','2023-10-13 14:52:20',NULL),(73,1444,40719,25,2,0,167339.79,0.00,22,159,'Conductor de 1ra Categoria',1,'Chofer',1,'chofer',1,0,NULL,0,240.00,NULL,0.00,0.00,0.00,0.00,NULL,0.00,0,0.00,NULL,NULL,0,0,0.00,0,0,0,1,NULL,1,1,'2023-10-13 14:52:20','2023-10-13 14:52:20',NULL),(74,1444,40719,29,2,17,167339.79,0.00,22,159,'Conductor de 1ra Categoria',1,'Chofer',1,'chofer',1,1,NULL,0,0.00,NULL,5711.89,1967.39,3773.28,3906.00,NULL,0.00,0,0.00,'2023-09-04',NULL,10,0,0.00,0,0,1,1,NULL,2,1,'2023-10-13 14:52:20','2024-01-16 11:32:25',NULL);

--
-- Table structure for table `syj_liq_empleado_detail`
--

CREATE TABLE `syj_liq_empleado_detail` (
  `id` int(10) unsigned NOT NULL AUTO_INCREMENT,
  `user_id` int(10) unsigned DEFAULT NULL,
  `syj_liq_empleado_id` int(10) unsigned DEFAULT NULL,
  `syj_concepto_id` int(10) unsigned DEFAULT NULL,
  `cantidad` decimal(16,2) NOT NULL DEFAULT '0.00',
  `valor` decimal(16,2) NOT NULL DEFAULT '0.00',
  `importe` decimal(16,2) NOT NULL DEFAULT '0.00',
  `created_at` timestamp NULL DEFAULT NULL,
  `updated_at` timestamp NULL DEFAULT NULL,
  `deleted_at` timestamp NULL DEFAULT NULL,
  PRIMARY KEY (`id`),
  KEY `syj_liq_empleado_detail_syj_liq_empleado_id_foreign` (`syj_liq_empleado_id`),
  KEY `syj_liq_empleado_detail_syj_concepto_id_foreign` (`syj_concepto_id`),
  CONSTRAINT `syj_liq_empleado_detail_syj_concepto_id_foreign` FOREIGN KEY (`syj_concepto_id`) REFERENCES `syj_conceptos` (`id`),
  CONSTRAINT `syj_liq_empleado_detail_syj_liq_empleado_id_foreign` FOREIGN KEY (`syj_liq_empleado_id`) REFERENCES `syj_liq_empleado` (`id`)
) ENGINE=InnoDB AUTO_INCREMENT=1390 DEFAULT CHARSET=utf8mb4 COLLATE=utf8mb4_unicode_ci;

--
-- Dumping data for table `syj_liq_empleado_detail`
--

INSERT INTO `syj_liq_empleado_detail` VALUES (1,1444,1,3442,2890.00,5.68,0.00,'2022-10-08 10:27:21','2022-10-08 10:30:05','2022-10-08 10:30:05'),(2,1444,1,3441,4.00,2956.95,0.00,'2022-10-08 10:27:21','2022-10-08 10:30:05','2022-10-08 10:30:05'),(3,1444,1,3443,2890.00,5.68,0.00,'2022-10-08 10:27:21','2022-10-08 10:30:05','2022-10-08 10:30:05'),(4,1444,1,2611,0.00,2365.56,0.00,'2022-10-08 10:27:21','2022-10-08 10:30:05','2022-10-08 10:30:05'),(5,1444,1,2612,0.00,2365.56,0.00,'2022-10-08 10:27:21','2022-10-08 10:30:05','2022-10-08 10:30:05'),(6,1444,1,2570,0.00,2365.56,0.00,'2022-10-08 10:27:21','2022-10-08 10:30:05','2022-10-08 10:30:05'),(7,1444,1,2571,0.00,100.00,0.00,'2022-10-08 10:27:21','2022-10-08 10:30:05','2022-10-08 10:30:05'),(8,1444,1,2625,0.00,295.70,0.00,'2022-10-08 10:27:21','2022-10-08 10:30:05','2022-10-08 10:30:05'),(9,1444,1,2572,0.00,443.54,0.00,'2022-10-08 10:27:21','2022-10-08 10:30:05','2022-10-08 10:30:05'),(10,1444,1,2573,0.00,591.39,0.00,'2022-10-08 10:27:21','2022-10-08 10:30:05','2022-10-08 10:30:05'),(11,1444,1,2615,0.00,2838.67,0.00,'2022-10-08 10:27:21','2022-10-08 10:30:05','2022-10-08 10:30:05'),(12,1444,1,2574,0.00,2838.67,0.00,'2022-10-08 10:27:21','2022-10-08 10:30:05','2022-10-08 10:30:05'),(13,1444,1,3437,0.00,473.11,0.00,'2022-10-08 10:27:21','2022-10-08 10:30:05','2022-10-08 10:30:05'),(14,1444,1,2576,0.00,76878.37,0.00,'2022-10-08 10:27:21','2022-10-08 10:30:05','2022-10-08 10:30:05'),(15,1444,1,2565,1.00,4000.00,4000.00,'2022-10-08 10:27:21','2022-10-08 10:30:05','2022-10-08 10:30:05'),(16,1444,1,2631,30.00,500.94,15028.20,'2022-10-08 10:27:21','2022-10-08 10:30:05','2022-10-08 10:30:05'),(17,1444,1,2634,30.00,251.37,7541.10,'2022-10-08 10:27:21','2022-10-08 10:30:05','2022-10-08 10:30:05'),(18,1444,1,2561,1.00,0.00,0.00,'2022-10-08 10:27:21','2022-10-08 10:30:05','2022-10-08 10:30:05'),(19,1444,1,3442,2890.00,5.68,0.00,'2022-10-08 10:28:37','2022-10-08 10:30:05','2022-10-08 10:30:05'),(20,1444,1,3441,4.00,2956.95,0.00,'2022-10-08 10:28:37','2022-10-08 10:30:05','2022-10-08 10:30:05'),(21,1444,1,3443,2890.00,5.68,0.00,'2022-10-08 10:28:37','2022-10-08 10:30:05','2022-10-08 10:30:05'),(22,1444,1,2611,0.00,2365.56,0.00,'2022-10-08 10:28:37','2022-10-08 10:30:05','2022-10-08 10:30:05'),(23,1444,1,2612,0.00,2365.56,0.00,'2022-10-08 10:28:37','2022-10-08 10:30:05','2022-10-08 10:30:05'),(24,1444,1,2570,0.00,2365.56,0.00,'2022-10-08 10:28:37','2022-10-08 10:30:05','2022-10-08 10:30:05'),(25,1444,1,2571,0.00,100.00,0.00,'2022-10-08 10:28:37','2022-10-08 10:30:05','2022-10-08 10:30:05'),(26,1444,1,2625,0.00,295.70,0.00,'2022-10-08 10:28:37','2022-10-08 10:30:05','2022-10-08 10:30:05'),(27,1444,1,2572,0.00,443.54,0.00,'2022-10-08 10:28:37','2022-10-08 10:30:05','2022-10-08 10:30:05'),(28,1444,1,2573,0.00,591.39,0.00,'2022-10-08 10:28:37','2022-10-08 10:30:05','2022-10-08 10:30:05'),(29,1444,1,2615,0.00,2838.67,0.00,'2022-10-08 10:28:37','2022-10-08 10:30:05','2022-10-08 10:30:05'),(30,1444,1,2574,0.00,2838.67,0.00,'2022-10-08 10:28:37','2022-10-08 10:30:05','2022-10-08 10:30:05'),(31,1444,1,3437,0.00,473.11,0.00,'2022-10-08 10:28:37','2022-10-08 10:30:05','2022-10-08 10:30:05'),(32,1444,1,2576,0.00,76878.37,0.00,'2022-10-08 10:28:37','2022-10-08 10:30:05','2022-10-08 10:30:05'),(33,1444,1,2565,1.00,4000.00,4000.00,'2022-10-08 10:28:37','2022-10-08 10:30:05','2022-10-08 10:30:05'),(34,1444,1,2631,30.00,500.94,15028.20,'2022-10-08 10:28:37','2022-10-08 10:30:05','2022-10-08 10:30:05'),(35,1444,1,2634,30.00,251.37,7541.10,'2022-10-08 10:28:37','2022-10-08 10:30:05','2022-10-08 10:30:05'),(36,1444,1,2561,1.00,0.00,0.00,'2022-10-08 10:28:37','2022-10-08 10:30:05','2022-10-08 10:30:05'),(37,1444,3,3442,0.00,0.00,0.00,'2022-10-08 10:39:29','2022-10-08 10:42:43','2022-10-08 10:42:43'),(38,1444,3,3441,0.00,2956.95,0.00,'2022-10-08 10:39:29','2022-10-08 10:42:43','2022-10-08 10:42:43'),(39,1444,3,3443,0.00,0.00,0.00,'2022-10-08 10:39:29','2022-10-08 10:42:43','2022-10-08 10:42:43');
INSERT INTO `syj_liq_empleado_detail` VALUES (40,1444,3,2611,0.00,2.96,0.00,'2022-10-08 10:39:29','2022-10-08 10:42:43','2022-10-08 10:42:43'),(41,1444,3,2612,0.00,2.96,0.00,'2022-10-08 10:39:29','2022-10-08 10:42:43','2022-10-08 10:42:43'),(42,1444,3,2570,0.00,2.96,0.00,'2022-10-08 10:39:29','2022-10-08 10:42:43','2022-10-08 10:42:43'),(43,1444,3,2571,0.00,100.00,0.00,'2022-10-08 10:39:29','2022-10-08 10:42:43','2022-10-08 10:42:43'),(44,1444,3,2625,0.00,295.70,0.00,'2022-10-08 10:39:29','2022-10-08 10:42:43','2022-10-08 10:42:43'),(45,1444,3,2572,0.00,443.54,0.00,'2022-10-08 10:39:29','2022-10-08 10:42:43','2022-10-08 10:42:43'),(46,1444,3,2573,0.00,591.39,0.00,'2022-10-08 10:39:29','2022-10-08 10:42:43','2022-10-08 10:42:43'),(47,1444,3,2615,0.00,3.55,0.00,'2022-10-08 10:39:29','2022-10-08 10:42:43','2022-10-08 10:42:43'),(48,1444,3,2574,0.00,3.55,0.00,'2022-10-08 10:39:29','2022-10-08 10:42:43','2022-10-08 10:42:43'),(49,1444,3,3437,0.00,0.59,0.00,'2022-10-08 10:39:29','2022-10-08 10:42:43','2022-10-08 10:42:43'),(50,1444,3,2576,0.00,96.10,0.00,'2022-10-08 10:39:29','2022-10-08 10:42:43','2022-10-08 10:42:43'),(51,1444,3,2565,1.00,4000.00,4000.00,'2022-10-08 10:39:29','2022-10-08 10:42:43','2022-10-08 10:42:43'),(52,1444,3,2631,30.00,500.94,15028.20,'2022-10-08 10:39:29','2022-10-08 10:42:43','2022-10-08 10:42:43'),(53,1444,3,2634,30.00,251.37,7541.10,'2022-10-08 10:39:29','2022-10-08 10:42:43','2022-10-08 10:42:43'),(54,1444,3,2561,1.00,0.00,0.00,'2022-10-08 10:39:29','2022-10-08 10:42:43','2022-10-08 10:42:43'),(55,1444,7,3442,0.00,0.00,0.00,'2022-10-08 10:49:20','2022-10-08 10:50:05','2022-10-08 10:50:05'),(56,1444,7,3441,0.00,2956.95,0.00,'2022-10-08 10:49:20','2022-10-08 10:50:05','2022-10-08 10:50:05'),(57,1444,7,3443,0.00,0.00,0.00,'2022-10-08 10:49:20','2022-10-08 10:50:05','2022-10-08 10:50:05'),(58,1444,11,3442,2890.00,5.68,16407.85,'2022-10-08 11:18:56','2022-10-08 11:20:43','2022-10-08 11:20:43'),(59,1444,11,3441,4.00,2956.95,0.00,'2022-10-08 11:18:56','2022-10-08 11:20:43','2022-10-08 11:20:43'),(60,1444,11,3443,2890.00,5.68,16407.85,'2022-10-08 11:18:56','2022-10-08 11:20:43','2022-10-08 11:20:43'),(61,1444,11,3442,2890.00,5.68,16407.85,'2022-10-08 11:19:56','2022-10-08 11:20:43','2022-10-08 11:20:43'),(62,1444,11,3441,4.00,2956.95,0.00,'2022-10-08 11:19:56','2022-10-08 11:20:43','2022-10-08 11:20:43'),(63,1444,11,3443,2890.00,5.68,16407.85,'2022-10-08 11:19:56','2022-10-08 11:20:43','2022-10-08 11:20:43'),(64,1444,13,3442,2890.00,0.00,16407.85,'2022-10-08 11:29:17','2022-10-08 13:04:22','2022-10-08 13:04:22'),(65,1444,13,3441,4.00,2956.95,11827.80,'2022-10-08 11:29:17','2022-10-08 13:04:22','2022-10-08 13:04:22'),(66,1444,13,3443,289.00,5.68,16407.85,'2022-10-08 11:29:17','2022-10-08 13:04:22','2022-10-08 13:04:22'),(67,1444,13,3442,2890.00,0.00,16407.85,'2022-10-08 11:30:05','2022-10-08 13:04:22','2022-10-08 13:04:22'),(68,1444,13,3441,4.00,2956.95,11827.80,'2022-10-08 11:30:05','2022-10-08 13:04:22','2022-10-08 13:04:22'),(69,1444,13,3443,2890.00,5.68,16407.85,'2022-10-08 11:30:05','2022-10-08 13:04:22','2022-10-08 13:04:22'),(70,1444,13,3442,2890.00,16407.85,0.00,'2022-10-08 11:31:40','2022-10-08 13:04:22','2022-10-08 13:04:22'),(71,1444,13,3441,4.00,2956.95,11827.80,'2022-10-08 11:31:40','2022-10-08 13:04:22','2022-10-08 13:04:22'),(72,1444,13,3443,2890.00,5.68,16407.85,'2022-10-08 11:31:40','2022-10-08 13:04:22','2022-10-08 13:04:22'),(73,1444,13,3442,2890.00,16407.85,0.00,'2022-10-08 12:57:33','2022-10-08 13:04:22','2022-10-08 13:04:22'),(74,1444,13,3441,4.00,11827.80,11827.80,'2022-10-08 12:57:33','2022-10-08 13:04:22','2022-10-08 13:04:22'),(75,1444,13,3443,2890.00,16407.85,16407.85,'2022-10-08 12:57:33','2022-10-08 13:04:22','2022-10-08 13:04:22'),(76,1444,13,3442,2890.00,16407.85,0.00,'2022-10-08 12:58:10','2022-10-08 13:04:22','2022-10-08 13:04:22'),(77,1444,13,3441,4.00,11827.80,11827.80,'2022-10-08 12:58:10','2022-10-08 13:04:22','2022-10-08 13:04:22');
INSERT INTO `syj_liq_empleado_detail` VALUES (78,1444,13,3443,2890.00,16407.85,16407.85,'2022-10-08 12:58:10','2022-10-08 13:04:22','2022-10-08 13:04:22'),(79,1444,13,3442,2890.00,16407.85,16407.85,'2022-10-08 13:01:43','2022-10-08 13:04:22','2022-10-08 13:04:22'),(80,1444,13,3441,4.00,11827.80,11827.80,'2022-10-08 13:01:43','2022-10-08 13:04:22','2022-10-08 13:04:22'),(81,1444,13,3443,2890.00,16407.85,16407.85,'2022-10-08 13:01:43','2022-10-08 13:04:22','2022-10-08 13:04:22'),(82,1444,15,3442,0.00,0.00,0.00,'2022-10-08 13:26:09','2022-10-09 10:34:42','2022-10-09 10:34:42'),(83,1444,15,3441,4.00,2956.95,0.00,'2022-10-08 13:26:09','2022-10-09 10:34:42','2022-10-09 10:34:42'),(84,1444,15,3443,0.00,0.00,0.00,'2022-10-08 13:26:09','2022-10-09 10:34:42','2022-10-09 10:34:42'),(85,1444,15,3442,0.00,0.00,0.00,'2022-10-08 13:27:37','2022-10-09 10:34:42','2022-10-09 10:34:42'),(86,1444,15,3441,4.00,2956.95,0.00,'2022-10-08 13:27:37','2022-10-09 10:34:42','2022-10-09 10:34:42'),(87,1444,15,3443,0.00,0.00,0.00,'2022-10-08 13:27:37','2022-10-09 10:34:42','2022-10-09 10:34:42'),(88,1444,15,3442,2890.00,0.00,0.00,'2022-10-08 13:32:35','2022-10-09 10:34:42','2022-10-09 10:34:42'),(89,1444,15,3441,4.00,2956.95,0.00,'2022-10-08 13:32:35','2022-10-09 10:34:42','2022-10-09 10:34:42'),(90,1444,15,3443,2890.00,0.00,0.00,'2022-10-08 13:32:35','2022-10-09 10:34:42','2022-10-09 10:34:42'),(91,1444,15,3442,2890.00,0.00,0.00,'2022-10-08 13:32:48','2022-10-09 10:34:42','2022-10-09 10:34:42'),(92,1444,15,3441,4.00,2956.95,0.00,'2022-10-08 13:32:48','2022-10-09 10:34:42','2022-10-09 10:34:42'),(93,1444,15,3443,2890.00,0.00,0.00,'2022-10-08 13:32:48','2022-10-09 10:34:42','2022-10-09 10:34:42'),(94,1444,17,3442,2890.00,5.68,0.00,'2022-10-09 10:40:14','2022-10-09 10:51:02','2022-10-09 10:51:02'),(95,1444,17,3441,4.00,2956.95,0.00,'2022-10-09 10:40:14','2022-10-09 10:51:02','2022-10-09 10:51:02'),(96,1444,17,3443,2890.00,5.68,0.00,'2022-10-09 10:40:14','2022-10-09 10:51:02','2022-10-09 10:51:02'),(97,1444,17,2561,1.00,0.00,0.00,'2022-10-09 10:40:14','2022-10-09 10:51:02','2022-10-09 10:51:02'),(98,1444,17,3442,2890.00,5.68,0.00,'2022-10-09 10:40:36','2022-10-09 10:51:02','2022-10-09 10:51:02'),(99,1444,17,3441,4.00,2956.95,0.00,'2022-10-09 10:40:36','2022-10-09 10:51:02','2022-10-09 10:51:02'),(100,1444,17,3443,2890.00,5.68,0.00,'2022-10-09 10:40:36','2022-10-09 10:51:02','2022-10-09 10:51:02'),(101,1444,17,2561,1.00,0.00,0.00,'2022-10-09 10:40:36','2022-10-09 10:51:02','2022-10-09 10:51:02'),(102,1444,17,3442,2890.00,5.68,16415.20,'2022-10-09 10:51:02','2022-10-09 10:51:40','2022-10-09 10:51:40'),(103,1444,17,3441,4.00,2956.95,11827.80,'2022-10-09 10:51:02','2022-10-09 10:51:40','2022-10-09 10:51:40'),(104,1444,17,3443,2890.00,5.68,16415.20,'2022-10-09 10:51:02','2022-10-09 10:51:40','2022-10-09 10:51:40'),(105,1444,17,2618,0.00,2365.56,70966.83,'2022-10-09 10:51:02','2022-10-09 10:51:40','2022-10-09 10:51:40'),(106,1444,17,2621,1.00,76878.37,76878.37,'2022-10-09 10:51:02','2022-10-09 10:51:40','2022-10-09 10:51:40'),(107,1444,17,2620,1.00,2365.56,2365.56,'2022-10-09 10:51:02','2022-10-09 10:51:40','2022-10-09 10:51:40'),(108,1444,17,2622,8.33,70966.83,5911.54,'2022-10-09 10:51:02','2022-10-09 10:51:40','2022-10-09 10:51:40'),(109,1444,17,2560,1.00,1.00,0.49,'2022-10-09 10:51:02','2022-10-09 10:51:40','2022-10-09 10:51:40'),(110,1444,17,2595,11.00,99209.83,10913.08,'2022-10-09 10:51:02','2022-10-09 10:51:40','2022-10-09 10:51:40'),(111,1444,17,2598,3.00,99209.83,2976.29,'2022-10-09 10:51:02','2022-10-09 10:51:40','2022-10-09 10:51:40'),(112,1444,17,2637,1.50,99209.83,1488.15,'2022-10-09 10:51:02','2022-10-09 10:51:40','2022-10-09 10:51:40'),(113,1444,17,3442,2890.00,5.68,0.00,'2022-10-09 10:51:54','2022-10-09 11:21:04','2022-10-09 11:21:04'),(114,1444,17,3441,4.00,2956.95,0.00,'2022-10-09 10:51:54','2022-10-09 11:21:04','2022-10-09 11:21:04'),(115,1444,17,3443,2890.00,5.68,0.00,'2022-10-09 10:51:54','2022-10-09 11:21:04','2022-10-09 11:21:04');
INSERT INTO `syj_liq_empleado_detail` VALUES (116,1444,17,2561,1.00,0.00,0.00,'2022-10-09 10:51:54','2022-10-09 11:21:04','2022-10-09 11:21:04'),(117,1444,18,3442,2890.00,5.68,0.00,'2022-10-09 11:22:22','2022-10-09 11:24:06','2022-10-09 11:24:06'),(118,1444,18,3441,4.00,2956.95,0.00,'2022-10-09 11:22:22','2022-10-09 11:24:06','2022-10-09 11:24:06'),(119,1444,18,3443,2890.00,5.68,0.00,'2022-10-09 11:22:22','2022-10-09 11:24:06','2022-10-09 11:24:06'),(120,1444,18,2611,0.00,2365.56,0.00,'2022-10-09 11:22:22','2022-10-09 11:24:06','2022-10-09 11:24:06'),(121,1444,18,2612,0.00,2365.56,0.00,'2022-10-09 11:22:22','2022-10-09 11:24:06','2022-10-09 11:24:06'),(122,1444,18,2570,0.00,2365.56,0.00,'2022-10-09 11:22:22','2022-10-09 11:24:06','2022-10-09 11:24:06'),(123,1444,18,2571,0.00,100.00,0.00,'2022-10-09 11:22:22','2022-10-09 11:24:06','2022-10-09 11:24:06'),(124,1444,18,2625,0.00,295.70,0.00,'2022-10-09 11:22:22','2022-10-09 11:24:06','2022-10-09 11:24:06'),(125,1444,18,2572,0.00,443.54,0.00,'2022-10-09 11:22:22','2022-10-09 11:24:06','2022-10-09 11:24:06'),(126,1444,18,2573,0.00,591.39,0.00,'2022-10-09 11:22:22','2022-10-09 11:24:06','2022-10-09 11:24:06'),(127,1444,18,2615,0.00,2838.67,0.00,'2022-10-09 11:22:22','2022-10-09 11:24:06','2022-10-09 11:24:06'),(128,1444,18,2574,0.00,2838.67,0.00,'2022-10-09 11:22:22','2022-10-09 11:24:06','2022-10-09 11:24:06'),(129,1444,18,3437,0.00,473.11,0.00,'2022-10-09 11:22:22','2022-10-09 11:24:06','2022-10-09 11:24:06'),(130,1444,18,2576,0.00,76878.37,0.00,'2022-10-09 11:22:22','2022-10-09 11:24:06','2022-10-09 11:24:06'),(131,1444,18,2565,0.00,4000.00,4000.00,'2022-10-09 11:22:22','2022-10-09 11:24:06','2022-10-09 11:24:06'),(132,1444,18,2631,0.00,500.94,15028.20,'2022-10-09 11:22:22','2022-10-09 11:24:06','2022-10-09 11:24:06'),(133,1444,18,2634,0.00,251.37,7541.10,'2022-10-09 11:22:22','2022-10-09 11:24:06','2022-10-09 11:24:06'),(134,1444,18,2561,1.00,0.00,0.00,'2022-10-09 11:22:22','2022-10-09 11:24:06','2022-10-09 11:24:06'),(135,1444,18,3442,2890.00,5.68,0.00,'2022-10-09 11:22:54','2022-10-09 11:24:06','2022-10-09 11:24:06'),(136,1444,18,3441,4.00,2956.95,0.00,'2022-10-09 11:22:54','2022-10-09 11:24:06','2022-10-09 11:24:06'),(137,1444,18,3443,2890.00,5.68,0.00,'2022-10-09 11:22:54','2022-10-09 11:24:06','2022-10-09 11:24:06'),(138,1444,18,2611,0.00,2365.56,0.00,'2022-10-09 11:22:54','2022-10-09 11:24:06','2022-10-09 11:24:06'),(139,1444,18,2612,0.00,2365.56,0.00,'2022-10-09 11:22:54','2022-10-09 11:24:06','2022-10-09 11:24:06'),(140,1444,18,2570,0.00,2365.56,0.00,'2022-10-09 11:22:54','2022-10-09 11:24:06','2022-10-09 11:24:06'),(141,1444,18,2571,0.00,100.00,0.00,'2022-10-09 11:22:54','2022-10-09 11:24:06','2022-10-09 11:24:06'),(142,1444,18,2625,0.00,295.70,0.00,'2022-10-09 11:22:54','2022-10-09 11:24:06','2022-10-09 11:24:06'),(143,1444,18,2572,0.00,443.54,0.00,'2022-10-09 11:22:54','2022-10-09 11:24:06','2022-10-09 11:24:06'),(144,1444,18,2573,0.00,591.39,0.00,'2022-10-09 11:22:54','2022-10-09 11:24:06','2022-10-09 11:24:06'),(145,1444,18,2615,0.00,2838.67,0.00,'2022-10-09 11:22:54','2022-10-09 11:24:06','2022-10-09 11:24:06'),(146,1444,18,2574,0.00,2838.67,0.00,'2022-10-09 11:22:54','2022-10-09 11:24:06','2022-10-09 11:24:06'),(147,1444,18,3437,0.00,473.11,0.00,'2022-10-09 11:22:54','2022-10-09 11:24:06','2022-10-09 11:24:06'),(148,1444,18,2576,0.00,76878.37,0.00,'2022-10-09 11:22:54','2022-10-09 11:24:06','2022-10-09 11:24:06'),(149,1444,18,2565,0.00,4000.00,4000.00,'2022-10-09 11:22:54','2022-10-09 11:24:06','2022-10-09 11:24:06'),(150,1444,18,2631,0.00,500.94,15028.20,'2022-10-09 11:22:54','2022-10-09 11:24:06','2022-10-09 11:24:06'),(151,1444,18,2634,0.00,251.37,7541.10,'2022-10-09 11:22:54','2022-10-09 11:24:06','2022-10-09 11:24:06'),(152,1444,18,2561,1.00,0.00,0.00,'2022-10-09 11:22:54','2022-10-09 11:24:06','2022-10-09 11:24:06'),(153,1444,20,3442,2890.00,5.68,0.00,'2022-10-09 11:25:52','2022-10-09 11:26:40','2022-10-09 11:26:40');
INSERT INTO `syj_liq_empleado_detail` VALUES (154,1444,20,3441,4.00,2956.95,0.00,'2022-10-09 11:25:52','2022-10-09 11:26:40','2022-10-09 11:26:40'),(155,1444,20,3443,2890.00,5.68,0.00,'2022-10-09 11:25:52','2022-10-09 11:26:40','2022-10-09 11:26:40'),(156,1444,20,2611,0.00,2365.56,0.00,'2022-10-09 11:25:52','2022-10-09 11:26:40','2022-10-09 11:26:40'),(157,1444,20,2612,0.00,2365.56,0.00,'2022-10-09 11:25:52','2022-10-09 11:26:40','2022-10-09 11:26:40'),(158,1444,20,2570,0.00,2365.56,0.00,'2022-10-09 11:25:52','2022-10-09 11:26:40','2022-10-09 11:26:40'),(159,1444,20,2571,0.00,100.00,0.00,'2022-10-09 11:25:52','2022-10-09 11:26:40','2022-10-09 11:26:40'),(160,1444,20,2625,0.00,295.70,0.00,'2022-10-09 11:25:52','2022-10-09 11:26:40','2022-10-09 11:26:40'),(161,1444,20,2572,0.00,443.54,0.00,'2022-10-09 11:25:52','2022-10-09 11:26:40','2022-10-09 11:26:40'),(162,1444,20,2573,0.00,591.39,0.00,'2022-10-09 11:25:52','2022-10-09 11:26:40','2022-10-09 11:26:40'),(163,1444,20,2615,0.00,2838.67,0.00,'2022-10-09 11:25:52','2022-10-09 11:26:40','2022-10-09 11:26:40'),(164,1444,20,2574,0.00,2838.67,0.00,'2022-10-09 11:25:52','2022-10-09 11:26:40','2022-10-09 11:26:40'),(165,1444,20,3437,0.00,473.11,0.00,'2022-10-09 11:25:52','2022-10-09 11:26:40','2022-10-09 11:26:40'),(166,1444,20,2576,0.00,76878.37,0.00,'2022-10-09 11:25:52','2022-10-09 11:26:40','2022-10-09 11:26:40'),(167,1444,20,2565,0.00,4000.00,4000.00,'2022-10-09 11:25:52','2022-10-09 11:26:40','2022-10-09 11:26:40'),(168,1444,20,2631,0.00,500.94,15028.20,'2022-10-09 11:25:52','2022-10-09 11:26:40','2022-10-09 11:26:40'),(169,1444,20,2634,0.00,251.37,7541.10,'2022-10-09 11:25:52','2022-10-09 11:26:40','2022-10-09 11:26:40'),(170,1444,20,2561,1.00,0.00,0.00,'2022-10-09 11:25:52','2022-10-09 11:26:40','2022-10-09 11:26:40'),(171,1444,21,3442,2890.00,5.68,0.00,'2022-10-09 11:27:35','2022-10-09 11:28:31','2022-10-09 11:28:31'),(172,1444,21,3441,4.00,2956.95,0.00,'2022-10-09 11:27:35','2022-10-09 11:28:31','2022-10-09 11:28:31'),(173,1444,21,3443,2890.00,5.68,0.00,'2022-10-09 11:27:35','2022-10-09 11:28:31','2022-10-09 11:28:31'),(174,1444,21,2611,0.00,2365.56,0.00,'2022-10-09 11:27:35','2022-10-09 11:28:31','2022-10-09 11:28:31'),(175,1444,21,2612,0.00,2365.56,0.00,'2022-10-09 11:27:35','2022-10-09 11:28:31','2022-10-09 11:28:31'),(176,1444,21,2570,0.00,2365.56,0.00,'2022-10-09 11:27:35','2022-10-09 11:28:31','2022-10-09 11:28:31'),(177,1444,21,2571,0.00,100.00,0.00,'2022-10-09 11:27:35','2022-10-09 11:28:31','2022-10-09 11:28:31'),(178,1444,21,2625,0.00,295.70,0.00,'2022-10-09 11:27:35','2022-10-09 11:28:31','2022-10-09 11:28:31'),(179,1444,21,2572,0.00,443.54,0.00,'2022-10-09 11:27:35','2022-10-09 11:28:31','2022-10-09 11:28:31'),(180,1444,21,2573,0.00,591.39,0.00,'2022-10-09 11:27:35','2022-10-09 11:28:31','2022-10-09 11:28:31'),(181,1444,21,2615,0.00,2838.67,0.00,'2022-10-09 11:27:35','2022-10-09 11:28:31','2022-10-09 11:28:31'),(182,1444,21,2574,0.00,2838.67,0.00,'2022-10-09 11:27:35','2022-10-09 11:28:31','2022-10-09 11:28:31'),(183,1444,21,3437,0.00,473.11,0.00,'2022-10-09 11:27:35','2022-10-09 11:28:31','2022-10-09 11:28:31'),(184,1444,21,2576,0.00,76878.37,0.00,'2022-10-09 11:27:35','2022-10-09 11:28:31','2022-10-09 11:28:31'),(185,1444,21,2565,0.00,4000.00,4000.00,'2022-10-09 11:27:35','2022-10-09 11:28:31','2022-10-09 11:28:31'),(186,1444,21,2631,0.00,500.94,15028.20,'2022-10-09 11:27:35','2022-10-09 11:28:31','2022-10-09 11:28:31'),(187,1444,21,2634,0.00,251.37,7541.10,'2022-10-09 11:27:35','2022-10-09 11:28:31','2022-10-09 11:28:31'),(188,1444,21,2561,1.00,0.00,0.00,'2022-10-09 11:27:35','2022-10-09 11:28:31','2022-10-09 11:28:31'),(189,1444,21,3442,2890.00,5.68,16415.20,'2022-10-09 11:28:31','2022-10-10 19:20:33','2022-10-10 19:20:33'),(190,1444,21,3441,4.00,2956.95,11827.80,'2022-10-09 11:28:31','2022-10-10 19:20:33','2022-10-10 19:20:33'),(191,1444,21,3443,2890.00,5.68,16415.20,'2022-10-09 11:28:31','2022-10-10 19:20:33','2022-10-10 19:20:33');
INSERT INTO `syj_liq_empleado_detail` VALUES (192,1444,21,2618,0.00,2365.56,70966.83,'2022-10-09 11:28:31','2022-10-10 19:20:33','2022-10-10 19:20:33'),(193,1444,21,2621,1.00,76878.37,76878.37,'2022-10-09 11:28:31','2022-10-10 19:20:33','2022-10-10 19:20:33'),(194,1444,21,2620,1.00,2365.56,2365.56,'2022-10-09 11:28:31','2022-10-10 19:20:33','2022-10-10 19:20:33'),(195,1444,21,2622,8.33,70966.83,5911.54,'2022-10-09 11:28:31','2022-10-10 19:20:33','2022-10-10 19:20:33'),(196,1444,21,2560,1.00,1.00,0.07,'2022-10-09 11:28:31','2022-10-10 19:20:33','2022-10-10 19:20:33'),(197,1444,21,2595,11.00,99209.83,10913.08,'2022-10-09 11:28:31','2022-10-10 19:20:33','2022-10-10 19:20:33'),(198,1444,21,2596,3.00,99209.83,2976.29,'2022-10-09 11:28:31','2022-10-10 19:20:33','2022-10-10 19:20:33'),(199,1444,21,2597,3.00,99209.83,2976.29,'2022-10-09 11:28:31','2022-10-10 19:20:33','2022-10-10 19:20:33'),(200,1444,21,2598,3.00,99209.83,2976.29,'2022-10-09 11:28:31','2022-10-10 19:20:33','2022-10-10 19:20:33'),(201,1444,21,2637,1.50,99209.83,1488.15,'2022-10-09 11:28:31','2022-10-10 19:20:33','2022-10-10 19:20:33'),(202,1444,21,3442,2890.00,5.68,0.00,'2022-10-10 19:20:58','2022-10-10 19:23:43','2022-10-10 19:23:43'),(203,1444,21,3441,4.00,2956.95,0.00,'2022-10-10 19:20:58','2022-10-10 19:23:43','2022-10-10 19:23:43'),(204,1444,21,3443,28.90,5.68,0.00,'2022-10-10 19:20:58','2022-10-10 19:23:43','2022-10-10 19:23:43'),(205,1444,21,2611,0.00,2365.56,0.00,'2022-10-10 19:20:58','2022-10-10 19:23:43','2022-10-10 19:23:43'),(206,1444,21,2612,0.00,2365.56,0.00,'2022-10-10 19:20:58','2022-10-10 19:23:43','2022-10-10 19:23:43'),(207,1444,21,2570,0.00,2365.56,0.00,'2022-10-10 19:20:58','2022-10-10 19:23:43','2022-10-10 19:23:43'),(208,1444,21,2571,0.00,100.00,0.00,'2022-10-10 19:20:58','2022-10-10 19:23:43','2022-10-10 19:23:43'),(209,1444,21,2625,0.00,295.70,0.00,'2022-10-10 19:20:58','2022-10-10 19:23:43','2022-10-10 19:23:43'),(210,1444,21,2572,0.00,443.54,0.00,'2022-10-10 19:20:58','2022-10-10 19:23:43','2022-10-10 19:23:43'),(211,1444,21,2573,0.00,591.39,0.00,'2022-10-10 19:20:58','2022-10-10 19:23:43','2022-10-10 19:23:43'),(212,1444,21,2615,0.00,2838.67,0.00,'2022-10-10 19:20:58','2022-10-10 19:23:43','2022-10-10 19:23:43'),(213,1444,21,2574,0.00,2838.67,0.00,'2022-10-10 19:20:58','2022-10-10 19:23:43','2022-10-10 19:23:43'),(214,1444,21,3437,0.00,473.11,0.00,'2022-10-10 19:20:58','2022-10-10 19:23:43','2022-10-10 19:23:43'),(215,1444,21,2576,0.00,76878.37,0.00,'2022-10-10 19:20:58','2022-10-10 19:23:43','2022-10-10 19:23:43'),(216,1444,21,2565,0.00,4000.00,4000.00,'2022-10-10 19:20:58','2022-10-10 19:23:43','2022-10-10 19:23:43'),(217,1444,21,2631,0.00,500.94,15028.20,'2022-10-10 19:20:58','2022-10-10 19:23:43','2022-10-10 19:23:43'),(218,1444,21,2634,0.00,251.37,7541.10,'2022-10-10 19:20:58','2022-10-10 19:23:43','2022-10-10 19:23:43'),(219,1444,21,2561,1.00,0.00,0.00,'2022-10-10 19:20:58','2022-10-10 19:23:43','2022-10-10 19:23:43'),(220,1444,21,3442,2890.00,5.68,0.00,'2022-10-10 19:22:49','2022-10-10 19:23:43','2022-10-10 19:23:43'),(221,1444,21,3441,4.00,2956.95,0.00,'2022-10-10 19:22:49','2022-10-10 19:23:43','2022-10-10 19:23:43'),(222,1444,21,3443,2890.00,5.68,0.00,'2022-10-10 19:22:49','2022-10-10 19:23:43','2022-10-10 19:23:43'),(223,1444,21,2611,0.00,2365.56,0.00,'2022-10-10 19:22:49','2022-10-10 19:23:43','2022-10-10 19:23:43'),(224,1444,21,2612,0.00,2365.56,0.00,'2022-10-10 19:22:49','2022-10-10 19:23:43','2022-10-10 19:23:43'),(225,1444,21,2570,0.00,2365.56,0.00,'2022-10-10 19:22:49','2022-10-10 19:23:43','2022-10-10 19:23:43'),(226,1444,21,2571,0.00,100.00,0.00,'2022-10-10 19:22:49','2022-10-10 19:23:43','2022-10-10 19:23:43'),(227,1444,21,2625,0.00,295.70,0.00,'2022-10-10 19:22:49','2022-10-10 19:23:43','2022-10-10 19:23:43'),(228,1444,21,2572,0.00,443.54,0.00,'2022-10-10 19:22:49','2022-10-10 19:23:43','2022-10-10 19:23:43'),(229,1444,21,2573,0.00,591.39,0.00,'2022-10-10 19:22:49','2022-10-10 19:23:43','2022-10-10 19:23:43');
INSERT INTO `syj_liq_empleado_detail` VALUES (230,1444,21,2615,0.00,2838.67,0.00,'2022-10-10 19:22:49','2022-10-10 19:23:43','2022-10-10 19:23:43'),(231,1444,21,2574,0.00,2838.67,0.00,'2022-10-10 19:22:49','2022-10-10 19:23:43','2022-10-10 19:23:43'),(232,1444,21,3437,0.00,473.11,0.00,'2022-10-10 19:22:49','2022-10-10 19:23:43','2022-10-10 19:23:43'),(233,1444,21,2576,0.00,76878.37,0.00,'2022-10-10 19:22:49','2022-10-10 19:23:43','2022-10-10 19:23:43'),(234,1444,21,2565,0.00,4000.00,4000.00,'2022-10-10 19:22:49','2022-10-10 19:23:43','2022-10-10 19:23:43'),(235,1444,21,2631,0.00,500.94,15028.20,'2022-10-10 19:22:49','2022-10-10 19:23:43','2022-10-10 19:23:43'),(236,1444,21,2634,0.00,251.37,7541.10,'2022-10-10 19:22:49','2022-10-10 19:23:43','2022-10-10 19:23:43'),(237,1444,21,2561,1.00,0.00,0.00,'2022-10-10 19:22:49','2022-10-10 19:23:43','2022-10-10 19:23:43'),(238,1444,21,3442,2890.00,5.68,16415.20,'2022-10-10 19:23:43','2022-10-11 15:17:55','2022-10-11 15:17:55'),(239,1444,21,3441,4.00,2956.95,11827.80,'2022-10-10 19:23:43','2022-10-11 15:17:55','2022-10-11 15:17:55'),(240,1444,21,3443,2890.00,5.68,16415.20,'2022-10-10 19:23:43','2022-10-11 15:17:55','2022-10-11 15:17:55'),(241,1444,21,3444,1.00,7003.68,7003.68,'2022-10-10 19:23:43','2022-10-11 15:17:55','2022-10-11 15:17:55'),(242,1444,21,2618,0.00,2365.56,70966.83,'2022-10-10 19:23:43','2022-10-11 15:17:55','2022-10-11 15:17:55'),(243,1444,21,2621,1.00,76878.37,76878.37,'2022-10-10 19:23:43','2022-10-11 15:17:55','2022-10-11 15:17:55'),(244,1444,21,2620,1.00,2365.56,2365.56,'2022-10-10 19:23:43','2022-10-11 15:17:55','2022-10-11 15:17:55'),(245,1444,21,2622,8.33,70966.83,5911.54,'2022-10-10 19:23:43','2022-10-11 15:17:55','2022-10-11 15:17:55'),(246,1444,21,2560,1.00,1.00,0.07,'2022-10-10 19:23:43','2022-10-11 15:17:55','2022-10-11 15:17:55'),(247,1444,21,2595,11.00,99209.83,10913.08,'2022-10-10 19:23:43','2022-10-11 15:17:55','2022-10-11 15:17:55'),(248,1444,21,2596,3.00,99209.83,2976.29,'2022-10-10 19:23:43','2022-10-11 15:17:55','2022-10-11 15:17:55'),(249,1444,21,2597,3.00,99209.83,2976.29,'2022-10-10 19:23:43','2022-10-11 15:17:55','2022-10-11 15:17:55'),(250,1444,21,2598,3.00,99209.83,2976.29,'2022-10-10 19:23:43','2022-10-11 15:17:55','2022-10-11 15:17:55'),(251,1444,21,2637,1.50,99209.83,1488.15,'2022-10-10 19:23:43','2022-10-11 15:17:55','2022-10-11 15:17:55'),(252,1444,22,3442,2890.00,5.68,0.00,'2022-10-11 15:19:16','2022-10-11 15:53:17','2022-10-11 15:53:17'),(253,1444,22,3441,4.00,2956.95,0.00,'2022-10-11 15:19:16','2022-10-11 15:53:17','2022-10-11 15:53:17'),(254,1444,22,3443,2890.00,5.68,0.00,'2022-10-11 15:19:16','2022-10-11 15:53:17','2022-10-11 15:53:17'),(255,1444,22,2611,0.00,2365.56,0.00,'2022-10-11 15:19:16','2022-10-11 15:53:17','2022-10-11 15:53:17'),(256,1444,22,2612,0.00,2365.56,0.00,'2022-10-11 15:19:16','2022-10-11 15:53:17','2022-10-11 15:53:17'),(257,1444,22,2570,0.00,2365.56,0.00,'2022-10-11 15:19:16','2022-10-11 15:53:17','2022-10-11 15:53:17'),(258,1444,22,2571,0.00,100.00,0.00,'2022-10-11 15:19:16','2022-10-11 15:53:17','2022-10-11 15:53:17'),(259,1444,22,2625,0.00,295.70,0.00,'2022-10-11 15:19:16','2022-10-11 15:53:17','2022-10-11 15:53:17'),(260,1444,22,2572,0.00,443.54,0.00,'2022-10-11 15:19:16','2022-10-11 15:53:17','2022-10-11 15:53:17'),(261,1444,22,2573,0.00,591.39,0.00,'2022-10-11 15:19:16','2022-10-11 15:53:17','2022-10-11 15:53:17'),(262,1444,22,2615,0.00,2838.67,0.00,'2022-10-11 15:19:16','2022-10-11 15:53:17','2022-10-11 15:53:17'),(263,1444,22,2574,0.00,2838.67,0.00,'2022-10-11 15:19:16','2022-10-11 15:53:17','2022-10-11 15:53:17'),(264,1444,22,3437,0.00,473.11,0.00,'2022-10-11 15:19:16','2022-10-11 15:53:17','2022-10-11 15:53:17'),(265,1444,22,2576,0.00,76878.37,0.00,'2022-10-11 15:19:16','2022-10-11 15:53:17','2022-10-11 15:53:17'),(266,1444,22,2561,1.00,0.00,0.00,'2022-10-11 15:19:16','2022-10-11 15:53:17','2022-10-11 15:53:17'),(267,1444,22,3442,2890.00,5.68,16415.20,'2022-10-11 15:53:17','2022-10-11 15:53:17',NULL);
INSERT INTO `syj_liq_empleado_detail` VALUES (268,1444,22,3441,4.00,2956.95,11827.80,'2022-10-11 15:53:17','2022-10-11 15:53:17',NULL),(269,1444,22,3443,2890.00,5.68,16415.20,'2022-10-11 15:53:17','2022-10-11 15:53:17',NULL),(270,1444,22,3444,1.00,7003.68,7003.68,'2022-10-11 15:53:17','2022-10-11 15:53:17',NULL),(271,1444,22,2618,0.00,2365.56,70966.83,'2022-10-11 15:53:17','2022-10-11 15:53:17',NULL),(272,1444,22,2621,1.00,76878.37,76878.37,'2022-10-11 15:53:17','2022-10-11 15:53:17',NULL),(273,1444,22,2620,1.00,2365.56,2365.56,'2022-10-11 15:53:17','2022-10-11 15:53:17',NULL),(274,1444,22,2622,8.33,70966.83,5911.54,'2022-10-11 15:53:17','2022-10-11 15:53:17',NULL),(275,1444,22,2560,1.00,1.00,0.07,'2022-10-11 15:53:17','2022-10-11 15:53:17',NULL),(276,1444,22,2595,11.00,99209.83,10913.08,'2022-10-11 15:53:17','2022-10-11 15:53:17',NULL),(277,1444,22,2596,3.00,99209.83,2976.29,'2022-10-11 15:53:17','2022-10-11 15:53:17',NULL),(278,1444,22,2597,3.00,99209.83,2976.29,'2022-10-11 15:53:17','2022-10-11 15:53:17',NULL),(279,1444,22,2598,3.00,99209.83,2976.29,'2022-10-11 15:53:17','2022-10-11 15:53:17',NULL),(280,1444,22,2637,1.50,99209.83,1488.15,'2022-10-11 15:53:17','2022-10-11 15:53:17',NULL),(281,1444,22,2609,99209.83,8.09,1.00,'2022-10-11 15:53:17','2022-10-11 15:53:17',NULL),(282,1444,23,3442,2950.00,6.47,0.00,'2022-11-28 12:09:26','2022-11-28 12:11:13','2022-11-28 12:11:13'),(283,1444,23,3441,4.00,3368.35,0.00,'2022-11-28 12:09:26','2022-11-28 12:11:13','2022-11-28 12:11:13'),(284,1444,23,3443,0.00,5.68,0.00,'2022-11-28 12:09:26','2022-11-28 12:11:13','2022-11-28 12:11:13'),(285,1444,23,2611,0.00,2694.68,0.00,'2022-11-28 12:09:26','2022-11-28 12:11:13','2022-11-28 12:11:13'),(286,1444,23,2612,0.00,2694.68,0.00,'2022-11-28 12:09:26','2022-11-28 12:11:13','2022-11-28 12:11:13'),(287,1444,23,2570,0.00,2694.68,0.00,'2022-11-28 12:09:26','2022-11-28 12:11:13','2022-11-28 12:11:13'),(288,1444,23,2571,0.00,100.00,0.00,'2022-11-28 12:09:26','2022-11-28 12:11:13','2022-11-28 12:11:13'),(289,1444,23,2625,0.00,336.84,0.00,'2022-11-28 12:09:26','2022-11-28 12:11:13','2022-11-28 12:11:13'),(290,1444,23,2572,0.00,505.25,0.00,'2022-11-28 12:09:26','2022-11-28 12:11:13','2022-11-28 12:11:13'),(291,1444,23,2573,0.00,673.67,0.00,'2022-11-28 12:09:26','2022-11-28 12:11:13','2022-11-28 12:11:13'),(292,1444,23,2615,0.00,3233.62,0.00,'2022-11-28 12:09:26','2022-11-28 12:11:13','2022-11-28 12:11:13'),(293,1444,23,2574,0.00,3233.62,0.00,'2022-11-28 12:09:26','2022-11-28 12:11:13','2022-11-28 12:11:13'),(294,1444,23,3437,0.00,538.94,0.00,'2022-11-28 12:09:26','2022-11-28 12:11:13','2022-11-28 12:11:13'),(295,1444,23,2576,0.00,87574.49,0.00,'2022-11-28 12:09:26','2022-11-28 12:11:13','2022-11-28 12:11:13'),(296,1444,23,2561,1.00,0.00,0.00,'2022-11-28 12:09:26','2022-11-28 12:11:13','2022-11-28 12:11:13'),(297,1444,23,3442,2950.00,6.47,0.00,'2022-11-28 12:10:29','2022-11-28 12:11:13','2022-11-28 12:11:13'),(298,1444,23,3441,4.00,3368.35,0.00,'2022-11-28 12:10:29','2022-11-28 12:11:13','2022-11-28 12:11:13'),(299,1444,23,3443,2950.00,5.68,0.00,'2022-11-28 12:10:29','2022-11-28 12:11:13','2022-11-28 12:11:13'),(300,1444,23,2611,0.00,2694.68,0.00,'2022-11-28 12:10:29','2022-11-28 12:11:13','2022-11-28 12:11:13'),(301,1444,23,2612,0.00,2694.68,0.00,'2022-11-28 12:10:29','2022-11-28 12:11:13','2022-11-28 12:11:13'),(302,1444,23,2570,0.00,2694.68,0.00,'2022-11-28 12:10:29','2022-11-28 12:11:13','2022-11-28 12:11:13'),(303,1444,23,2571,0.00,100.00,0.00,'2022-11-28 12:10:29','2022-11-28 12:11:13','2022-11-28 12:11:13'),(304,1444,23,2625,0.00,336.84,0.00,'2022-11-28 12:10:29','2022-11-28 12:11:13','2022-11-28 12:11:13'),(305,1444,23,2572,0.00,505.25,0.00,'2022-11-28 12:10:29','2022-11-28 12:11:13','2022-11-28 12:11:13'),(306,1444,23,2573,0.00,673.67,0.00,'2022-11-28 12:10:29','2022-11-28 12:11:13','2022-11-28 12:11:13'),(307,1444,23,2615,0.00,3233.62,0.00,'2022-11-28 12:10:29','2022-11-28 12:11:13','2022-11-28 12:11:13');
INSERT INTO `syj_liq_empleado_detail` VALUES (308,1444,23,2574,0.00,3233.62,0.00,'2022-11-28 12:10:29','2022-11-28 12:11:13','2022-11-28 12:11:13'),(309,1444,23,3437,0.00,538.94,0.00,'2022-11-28 12:10:29','2022-11-28 12:11:13','2022-11-28 12:11:13'),(310,1444,23,2576,0.00,87574.49,0.00,'2022-11-28 12:10:29','2022-11-28 12:11:13','2022-11-28 12:11:13'),(311,1444,23,2561,1.00,0.00,0.00,'2022-11-28 12:10:29','2022-11-28 12:11:13','2022-11-28 12:11:13'),(312,1444,23,3442,2950.00,6.47,0.00,'2022-11-28 12:11:34','2022-11-28 12:53:02','2022-11-28 12:53:02'),(313,1444,23,3441,4.00,3368.35,0.00,'2022-11-28 12:11:34','2022-11-28 12:53:02','2022-11-28 12:53:02'),(314,1444,23,3443,2950.00,6.47,0.00,'2022-11-28 12:11:34','2022-11-28 12:53:02','2022-11-28 12:53:02'),(315,1444,23,2611,0.00,2694.68,0.00,'2022-11-28 12:11:34','2022-11-28 12:53:02','2022-11-28 12:53:02'),(316,1444,23,2612,0.00,2694.68,0.00,'2022-11-28 12:11:34','2022-11-28 12:53:02','2022-11-28 12:53:02'),(317,1444,23,2570,0.00,2694.68,0.00,'2022-11-28 12:11:34','2022-11-28 12:53:02','2022-11-28 12:53:02'),(318,1444,23,2571,0.00,100.00,0.00,'2022-11-28 12:11:34','2022-11-28 12:53:02','2022-11-28 12:53:02'),(319,1444,23,2625,0.00,336.84,0.00,'2022-11-28 12:11:34','2022-11-28 12:53:02','2022-11-28 12:53:02'),(320,1444,23,2572,0.00,505.25,0.00,'2022-11-28 12:11:34','2022-11-28 12:53:02','2022-11-28 12:53:02'),(321,1444,23,2573,0.00,673.67,0.00,'2022-11-28 12:11:34','2022-11-28 12:53:02','2022-11-28 12:53:02'),(322,1444,23,2615,0.00,3233.62,0.00,'2022-11-28 12:11:34','2022-11-28 12:53:02','2022-11-28 12:53:02'),(323,1444,23,2574,0.00,3233.62,0.00,'2022-11-28 12:11:34','2022-11-28 12:53:02','2022-11-28 12:53:02'),(324,1444,23,3437,0.00,538.94,0.00,'2022-11-28 12:11:34','2022-11-28 12:53:02','2022-11-28 12:53:02'),(325,1444,23,2576,0.00,87574.49,0.00,'2022-11-28 12:11:34','2022-11-28 12:53:02','2022-11-28 12:53:02'),(326,1444,23,2561,1.00,0.00,0.00,'2022-11-28 12:11:34','2022-11-28 12:53:02','2022-11-28 12:53:02'),(327,1444,23,3442,2950.00,6.47,19086.50,'2022-11-28 12:53:02','2022-11-28 12:53:02',NULL),(328,1444,23,3441,4.00,3368.35,13473.40,'2022-11-28 12:53:02','2022-11-28 12:53:02',NULL),(329,1444,23,3443,2950.00,6.47,19086.50,'2022-11-28 12:53:02','2022-11-28 12:53:02',NULL),(330,1444,23,3444,1.00,7003.68,7003.68,'2022-11-28 12:53:02','2022-11-28 12:53:02',NULL),(331,1444,23,2618,0.00,2694.68,80840.48,'2022-11-28 12:53:02','2022-11-28 12:53:02',NULL),(332,1444,23,2621,1.00,87574.49,87574.49,'2022-11-28 12:53:02','2022-11-28 12:53:02',NULL),(333,1444,23,2620,1.00,2694.68,2694.68,'2022-11-28 12:53:02','2022-11-28 12:53:02',NULL),(334,1444,23,2622,8.33,80840.48,6734.01,'2022-11-28 12:53:02','2022-11-28 12:53:02',NULL),(335,1444,23,2560,1.00,1.00,0.20,'2022-11-28 12:53:02','2022-11-28 12:53:02',NULL),(336,1444,23,2595,11.00,113400.38,12474.04,'2022-11-28 12:53:02','2022-11-28 12:53:02',NULL),(337,1444,23,2596,3.00,113400.38,3402.01,'2022-11-28 12:53:02','2022-11-28 12:53:02',NULL),(338,1444,23,2597,3.00,113400.38,3402.01,'2022-11-28 12:53:02','2022-11-28 12:53:02',NULL),(339,1444,23,2598,3.00,113400.38,3402.01,'2022-11-28 12:53:02','2022-11-28 12:53:02',NULL),(340,1444,23,2637,1.50,113400.38,1701.01,'2022-11-28 12:53:02','2022-11-28 12:53:02',NULL),(341,1444,23,2609,113400.38,8.09,1.00,'2022-11-28 12:53:02','2022-11-28 12:53:02',NULL),(342,1444,24,3442,2310.00,8.22,0.00,'2022-12-06 10:19:06','2022-12-06 10:23:08','2022-12-06 10:23:08'),(343,1444,24,3441,4.00,4277.81,0.00,'2022-12-06 10:19:06','2022-12-06 10:23:08','2022-12-06 10:23:08'),(344,1444,24,3443,2310.00,8.22,0.00,'2022-12-06 10:19:06','2022-12-06 10:23:08','2022-12-06 10:23:08'),(345,1444,24,2611,0.00,3422.25,0.00,'2022-12-06 10:19:06','2022-12-06 10:23:08','2022-12-06 10:23:08'),(346,1444,24,2612,0.00,3422.25,0.00,'2022-12-06 10:19:06','2022-12-06 10:23:08','2022-12-06 10:23:08'),(347,1444,24,2570,0.00,3422.25,0.00,'2022-12-06 10:19:06','2022-12-06 10:23:08','2022-12-06 10:23:08');
INSERT INTO `syj_liq_empleado_detail` VALUES (348,1444,24,2571,0.00,100.00,0.00,'2022-12-06 10:19:06','2022-12-06 10:23:08','2022-12-06 10:23:08'),(349,1444,24,2625,0.00,427.78,0.00,'2022-12-06 10:19:06','2022-12-06 10:23:08','2022-12-06 10:23:08'),(350,1444,24,2572,0.00,641.67,0.00,'2022-12-06 10:19:06','2022-12-06 10:23:08','2022-12-06 10:23:08'),(351,1444,24,2573,0.00,855.56,0.00,'2022-12-06 10:19:06','2022-12-06 10:23:08','2022-12-06 10:23:08'),(352,1444,24,2615,0.00,4106.70,0.00,'2022-12-06 10:19:06','2022-12-06 10:23:08','2022-12-06 10:23:08'),(353,1444,24,2574,0.00,4106.70,0.00,'2022-12-06 10:19:06','2022-12-06 10:23:08','2022-12-06 10:23:08'),(354,1444,24,3437,0.00,684.45,0.00,'2022-12-06 10:19:06','2022-12-06 10:23:08','2022-12-06 10:23:08'),(355,1444,24,2576,0.00,111219.61,0.00,'2022-12-06 10:19:06','2022-12-06 10:23:08','2022-12-06 10:23:08'),(356,1444,24,2561,1.00,0.00,0.00,'2022-12-06 10:19:06','2022-12-06 10:23:08','2022-12-06 10:23:08'),(357,1444,24,3442,2310.00,8.22,18988.20,'2022-12-06 10:23:08','2022-12-06 10:23:08',NULL),(358,1444,24,3441,4.00,4277.81,17111.24,'2022-12-06 10:23:08','2022-12-06 10:23:08',NULL),(359,1444,24,3443,2310.00,8.22,18988.20,'2022-12-06 10:23:08','2022-12-06 10:23:08',NULL),(360,1444,24,3444,1.00,7003.68,7003.68,'2022-12-06 10:23:08','2022-12-06 10:23:08',NULL),(361,1444,24,2618,0.00,3422.25,102667.41,'2022-12-06 10:23:08','2022-12-06 10:23:08',NULL),(362,1444,24,2621,1.00,111219.61,111219.61,'2022-12-06 10:23:08','2022-12-06 10:23:08',NULL),(363,1444,24,2620,1.00,3422.25,3422.25,'2022-12-06 10:23:08','2022-12-06 10:23:08',NULL),(364,1444,24,2622,8.33,102667.41,8552.20,'2022-12-06 10:23:08','2022-12-06 10:23:08',NULL),(365,1444,24,2560,1.00,1.00,0.83,'2022-12-06 10:23:08','2022-12-06 10:23:08',NULL),(366,1444,24,2595,11.00,138766.85,15264.35,'2022-12-06 10:23:08','2022-12-06 10:23:08',NULL),(367,1444,24,2596,3.00,138766.85,4163.01,'2022-12-06 10:23:08','2022-12-06 10:23:08',NULL),(368,1444,24,2597,3.00,138766.85,4163.01,'2022-12-06 10:23:08','2022-12-06 10:23:08',NULL),(369,1444,24,2598,3.00,138766.85,4163.01,'2022-12-06 10:23:08','2022-12-06 10:23:08',NULL),(370,1444,24,2637,1.50,138766.85,2081.50,'2022-12-06 10:23:08','2022-12-06 10:23:08',NULL),(371,1444,24,2609,138766.85,8.09,1.00,'2022-12-06 10:23:08','2022-12-06 10:23:08',NULL),(372,1444,25,3442,0.00,8.22,0.00,'2022-12-21 13:22:46','2022-12-21 13:32:44','2022-12-21 13:32:44'),(373,1444,25,3441,0.00,4277.81,0.00,'2022-12-21 13:22:46','2022-12-21 13:32:44','2022-12-21 13:32:44'),(374,1444,25,3443,0.00,8.22,0.00,'2022-12-21 13:22:46','2022-12-21 13:32:44','2022-12-21 13:32:44'),(375,1444,25,2625,0.00,427.78,0.00,'2022-12-21 13:22:46','2022-12-21 13:32:44','2022-12-21 13:32:44'),(376,1444,25,3437,0.00,684.45,0.00,'2022-12-21 13:22:46','2022-12-21 13:32:44','2022-12-21 13:32:44'),(377,1444,25,2561,1.00,0.00,0.00,'2022-12-21 13:22:46','2022-12-21 13:32:44','2022-12-21 13:32:44'),(378,1444,25,3444,1.00,7003.68,7003.68,'2022-12-21 13:32:44','2022-12-21 13:32:44',NULL),(379,1444,25,2620,1.00,3422.25,3422.25,'2022-12-21 13:32:44','2022-12-21 13:32:44',NULL),(380,1444,25,2616,156.00,385.46,60131.76,'2022-12-21 13:32:44','2022-12-21 13:32:44',NULL),(381,1444,25,2560,1.00,1.00,0.56,'2022-12-21 13:32:44','2022-12-21 13:32:44',NULL),(382,1444,25,2595,11.00,60131.76,6614.49,'2022-12-21 13:32:44','2022-12-21 13:32:44',NULL),(383,1444,25,2596,3.00,60131.76,1803.95,'2022-12-21 13:32:44','2022-12-21 13:32:44',NULL),(384,1444,25,2597,3.00,60131.76,1803.95,'2022-12-21 13:32:44','2022-12-21 13:32:44',NULL),(385,1444,25,2598,3.00,60131.76,1803.95,'2022-12-21 13:32:44','2022-12-21 13:32:44',NULL),(386,1444,25,2637,1.50,60131.76,901.98,'2022-12-21 13:32:44','2022-12-21 13:32:44',NULL),(387,1444,26,3442,2020.00,8.22,0.00,'2023-01-09 16:37:55','2023-01-09 16:38:22','2023-01-09 16:38:22'),(388,1444,26,3441,3.00,4277.81,0.00,'2023-01-09 16:37:55','2023-01-09 16:38:22','2023-01-09 16:38:22'),(389,1444,26,3443,2020.00,8.22,0.00,'2023-01-09 16:37:55','2023-01-09 16:38:22','2023-01-09 16:38:22');
INSERT INTO `syj_liq_empleado_detail` VALUES (390,1444,26,2611,0.00,3422.25,0.00,'2023-01-09 16:37:55','2023-01-09 16:38:22','2023-01-09 16:38:22'),(391,1444,26,2612,0.00,3422.25,0.00,'2023-01-09 16:37:55','2023-01-09 16:38:22','2023-01-09 16:38:22'),(392,1444,26,2570,0.00,3422.25,0.00,'2023-01-09 16:37:55','2023-01-09 16:38:22','2023-01-09 16:38:22'),(393,1444,26,2571,0.00,100.00,0.00,'2023-01-09 16:37:55','2023-01-09 16:38:22','2023-01-09 16:38:22'),(394,1444,26,2625,0.00,427.78,0.00,'2023-01-09 16:37:55','2023-01-09 16:38:22','2023-01-09 16:38:22'),(395,1444,26,2572,0.00,641.67,0.00,'2023-01-09 16:37:55','2023-01-09 16:38:22','2023-01-09 16:38:22'),(396,1444,26,2573,0.00,855.56,0.00,'2023-01-09 16:37:55','2023-01-09 16:38:22','2023-01-09 16:38:22'),(397,1444,26,2615,0.00,4106.70,0.00,'2023-01-09 16:37:55','2023-01-09 16:38:22','2023-01-09 16:38:22'),(398,1444,26,2574,0.00,4106.70,0.00,'2023-01-09 16:37:55','2023-01-09 16:38:22','2023-01-09 16:38:22'),(399,1444,26,3437,0.00,684.45,0.00,'2023-01-09 16:37:55','2023-01-09 16:38:22','2023-01-09 16:38:22'),(400,1444,26,2576,0.00,111219.61,0.00,'2023-01-09 16:37:55','2023-01-09 16:38:22','2023-01-09 16:38:22'),(401,1444,26,2561,1.00,0.00,0.00,'2023-01-09 16:37:55','2023-01-09 16:38:22','2023-01-09 16:38:22'),(402,1444,26,3442,2020.00,8.22,16604.40,'2023-01-09 16:38:22','2023-01-09 16:38:22',NULL),(403,1444,26,3441,3.00,4277.81,12833.43,'2023-01-09 16:38:22','2023-01-09 16:38:22',NULL),(404,1444,26,3443,2020.00,8.22,16604.40,'2023-01-09 16:38:22','2023-01-09 16:38:22',NULL),(405,1444,26,3444,1.00,7003.68,7003.68,'2023-01-09 16:38:22','2023-01-09 16:38:22',NULL),(406,1444,26,2618,0.00,3422.25,102667.41,'2023-01-09 16:38:22','2023-01-09 16:38:22',NULL),(407,1444,26,2621,1.00,111219.61,111219.61,'2023-01-09 16:38:22','2023-01-09 16:38:22',NULL),(408,1444,26,2620,1.00,3422.25,3422.25,'2023-01-09 16:38:22','2023-01-09 16:38:22',NULL),(409,1444,26,2622,8.33,102667.41,8552.20,'2023-01-09 16:38:22','2023-01-09 16:38:22',NULL),(410,1444,26,2595,11.00,132105.24,14531.58,'2023-01-09 16:38:22','2023-01-09 16:38:22',NULL),(411,1444,26,2596,3.00,132105.24,3963.16,'2023-01-09 16:38:22','2023-01-09 16:38:22',NULL),(412,1444,26,2597,3.00,132105.24,3963.16,'2023-01-09 16:38:22','2023-01-09 16:38:22',NULL),(413,1444,26,2598,3.00,132105.24,3963.16,'2023-01-09 16:38:22','2023-01-09 16:38:22',NULL),(414,1444,26,2637,1.50,132105.24,1981.58,'2023-01-09 16:38:22','2023-01-09 16:38:22',NULL),(415,1444,26,2609,132105.24,8.09,1.00,'2023-01-09 16:38:22','2023-01-09 16:38:22',NULL),(416,1444,27,3442,2809.00,8.22,0.00,'2023-02-09 16:59:27','2023-02-09 17:05:30','2023-02-09 17:05:30'),(417,1444,27,3441,4.00,4277.81,0.00,'2023-02-09 16:59:27','2023-02-09 17:05:30','2023-02-09 17:05:30'),(418,1444,27,3443,2809.00,8.22,0.00,'2023-02-09 16:59:27','2023-02-09 17:05:30','2023-02-09 17:05:30'),(419,1444,27,2611,0.00,3422.25,0.00,'2023-02-09 16:59:27','2023-02-09 17:05:30','2023-02-09 17:05:30'),(420,1444,27,2612,0.00,3422.25,0.00,'2023-02-09 16:59:27','2023-02-09 17:05:30','2023-02-09 17:05:30'),(421,1444,27,2570,0.00,3422.25,0.00,'2023-02-09 16:59:27','2023-02-09 17:05:30','2023-02-09 17:05:30'),(422,1444,27,2571,0.00,100.00,0.00,'2023-02-09 16:59:27','2023-02-09 17:05:30','2023-02-09 17:05:30'),(423,1444,27,2625,0.00,427.78,0.00,'2023-02-09 16:59:27','2023-02-09 17:05:30','2023-02-09 17:05:30'),(424,1444,27,2572,0.00,641.67,0.00,'2023-02-09 16:59:27','2023-02-09 17:05:30','2023-02-09 17:05:30'),(425,1444,27,2573,0.00,855.56,0.00,'2023-02-09 16:59:27','2023-02-09 17:05:30','2023-02-09 17:05:30'),(426,1444,27,2615,0.00,4106.70,0.00,'2023-02-09 16:59:27','2023-02-09 17:05:30','2023-02-09 17:05:30'),(427,1444,27,2574,0.00,4106.70,0.00,'2023-02-09 16:59:27','2023-02-09 17:05:30','2023-02-09 17:05:30'),(428,1444,27,3437,0.00,684.45,0.00,'2023-02-09 16:59:27','2023-02-09 17:05:30','2023-02-09 17:05:30'),(429,1444,27,2576,0.00,111219.61,0.00,'2023-02-09 16:59:27','2023-02-09 17:05:30','2023-02-09 17:05:30');
INSERT INTO `syj_liq_empleado_detail` VALUES (430,1444,27,2561,1.00,0.00,0.00,'2023-02-09 16:59:27','2023-02-09 17:05:30','2023-02-09 17:05:30'),(431,1444,27,3442,2809.00,8.22,23089.98,'2023-02-09 17:05:30','2023-02-09 17:05:30',NULL),(432,1444,27,3441,4.00,4277.81,17111.24,'2023-02-09 17:05:30','2023-02-09 17:05:30',NULL),(433,1444,27,3443,2809.00,8.22,23089.98,'2023-02-09 17:05:30','2023-02-09 17:05:30',NULL),(434,1444,27,3444,1.00,7003.68,7003.68,'2023-02-09 17:05:30','2023-02-09 17:05:30',NULL),(435,1444,27,2618,0.00,3422.25,102667.41,'2023-02-09 17:05:30','2023-02-09 17:05:30',NULL),(436,1444,27,2621,1.00,111219.61,111219.61,'2023-02-09 17:05:30','2023-02-09 17:05:30',NULL),(437,1444,27,2620,1.00,3422.25,3422.25,'2023-02-09 17:05:30','2023-02-09 17:05:30',NULL),(438,1444,27,2622,8.33,102667.41,8552.20,'2023-02-09 17:05:30','2023-02-09 17:05:30',NULL),(439,1444,27,2560,1.00,1.00,0.15,'2023-02-09 17:05:30','2023-02-09 17:05:30',NULL),(440,1444,27,2595,11.00,142868.63,15715.55,'2023-02-09 17:05:30','2023-02-09 17:05:30',NULL),(441,1444,27,2596,3.00,142868.63,4286.06,'2023-02-09 17:05:30','2023-02-09 17:05:30',NULL),(442,1444,27,2597,3.00,142868.63,4286.06,'2023-02-09 17:05:30','2023-02-09 17:05:30',NULL),(443,1444,27,2598,3.00,142868.63,4286.06,'2023-02-09 17:05:30','2023-02-09 17:05:30',NULL),(444,1444,27,2637,1.50,142868.63,2143.03,'2023-02-09 17:05:30','2023-02-09 17:05:30',NULL),(445,1444,27,2609,142868.63,8.09,1.00,'2023-02-09 17:05:30','2023-02-09 17:05:30',NULL),(446,1444,29,3442,1720.00,9.96,0.00,'2023-03-10 13:22:11','2023-03-10 13:23:43','2023-03-10 13:23:43'),(447,1444,29,3441,2.00,5187.26,0.00,'2023-03-10 13:22:11','2023-03-10 13:23:43','2023-03-10 13:23:43'),(448,1444,29,3443,1720.00,9.96,0.00,'2023-03-10 13:22:11','2023-03-10 13:23:43','2023-03-10 13:23:43'),(449,1444,29,2611,0.00,4149.81,0.00,'2023-03-10 13:22:11','2023-03-10 13:23:43','2023-03-10 13:23:43'),(450,1444,29,2612,0.00,4149.81,0.00,'2023-03-10 13:22:11','2023-03-10 13:23:43','2023-03-10 13:23:43'),(451,1444,29,2570,0.00,4149.81,0.00,'2023-03-10 13:22:11','2023-03-10 13:23:43','2023-03-10 13:23:43'),(452,1444,29,2571,0.00,100.00,0.00,'2023-03-10 13:22:11','2023-03-10 13:23:43','2023-03-10 13:23:43'),(453,1444,29,2625,0.00,518.73,0.00,'2023-03-10 13:22:11','2023-03-10 13:23:43','2023-03-10 13:23:43'),(454,1444,29,2572,0.00,778.09,0.00,'2023-03-10 13:22:11','2023-03-10 13:23:43','2023-03-10 13:23:43'),(455,1444,29,2573,0.00,1037.45,0.00,'2023-03-10 13:22:11','2023-03-10 13:23:43','2023-03-10 13:23:43'),(456,1444,29,2615,0.00,4979.77,0.00,'2023-03-10 13:22:11','2023-03-10 13:23:43','2023-03-10 13:23:43'),(457,1444,29,2574,0.00,4979.77,0.00,'2023-03-10 13:22:11','2023-03-10 13:23:43','2023-03-10 13:23:43'),(458,1444,29,3437,0.00,829.96,0.00,'2023-03-10 13:22:11','2023-03-10 13:23:43','2023-03-10 13:23:43'),(459,1444,29,2576,0.00,134864.72,0.00,'2023-03-10 13:22:11','2023-03-10 13:23:43','2023-03-10 13:23:43'),(460,1444,29,2561,1.00,0.00,0.00,'2023-03-10 13:22:11','2023-03-10 13:23:43','2023-03-10 13:23:43'),(461,1444,29,3442,1720.00,9.96,17131.20,'2023-03-10 13:23:43','2023-06-21 16:50:42','2023-06-21 16:50:42'),(462,1444,29,3441,2.00,5187.26,10374.52,'2023-03-10 13:23:43','2023-06-21 16:50:42','2023-06-21 16:50:42'),(463,1444,29,3443,1720.00,9.96,17131.20,'2023-03-10 13:23:43','2023-06-21 16:50:42','2023-06-21 16:50:42'),(464,1444,29,3444,1.00,7003.68,7003.68,'2023-03-10 13:23:43','2023-06-21 16:50:42','2023-06-21 16:50:42'),(465,1444,29,2618,0.00,4149.81,124494.34,'2023-03-10 13:23:43','2023-06-21 16:50:42','2023-06-21 16:50:42'),(466,1444,29,2621,1.00,134864.72,134864.72,'2023-03-10 13:23:43','2023-06-21 16:50:42','2023-06-21 16:50:42'),(467,1444,29,2620,1.00,4149.81,4149.81,'2023-03-10 13:23:43','2023-06-21 16:50:42','2023-06-21 16:50:42'),(468,1444,29,2622,8.33,124494.34,10370.38,'2023-03-10 13:23:43','2023-06-21 16:50:42','2023-06-21 16:50:42'),(469,1444,29,2560,1.00,1.00,0.75,'2023-03-10 13:23:43','2023-06-21 16:50:42','2023-06-21 16:50:42');
INSERT INTO `syj_liq_empleado_detail` VALUES (470,1444,29,2595,11.00,152000.06,16720.01,'2023-03-10 13:23:43','2023-06-21 16:50:42','2023-06-21 16:50:42'),(471,1444,29,2596,3.00,152000.06,4560.00,'2023-03-10 13:23:43','2023-06-21 16:50:42','2023-06-21 16:50:42'),(472,1444,29,2597,3.00,152000.06,4560.00,'2023-03-10 13:23:43','2023-06-21 16:50:42','2023-06-21 16:50:42'),(473,1444,29,2598,3.00,152000.06,4560.00,'2023-03-10 13:23:43','2023-06-21 16:50:42','2023-06-21 16:50:42'),(474,1444,29,2637,1.50,152000.06,2280.00,'2023-03-10 13:23:43','2023-06-21 16:50:42','2023-06-21 16:50:42'),(475,1444,29,2609,152000.06,8.09,1.00,'2023-03-10 13:23:43','2023-06-21 16:50:42','2023-06-21 16:50:42'),(476,1444,30,3442,0.00,9.96,0.00,'2023-04-05 12:09:12','2023-04-05 12:15:33','2023-04-05 12:15:33'),(477,1444,30,3441,0.00,5187.26,0.00,'2023-04-05 12:09:12','2023-04-05 12:15:33','2023-04-05 12:15:33'),(478,1444,30,3443,0.00,9.96,0.00,'2023-04-05 12:09:12','2023-04-05 12:15:33','2023-04-05 12:15:33'),(479,1444,30,2571,0.00,100.00,0.00,'2023-04-05 12:09:12','2023-04-05 12:15:33','2023-04-05 12:15:33'),(480,1444,30,2625,0.00,518.73,0.00,'2023-04-05 12:09:12','2023-04-05 12:15:33','2023-04-05 12:15:33'),(481,1444,30,3437,0.00,829.96,0.00,'2023-04-05 12:09:12','2023-04-05 12:15:33','2023-04-05 12:15:33'),(482,1444,30,2561,1.00,0.00,0.00,'2023-04-05 12:09:12','2023-04-05 12:15:33','2023-04-05 12:15:33'),(483,1444,30,3444,1.00,7003.68,7003.68,'2023-04-05 12:15:33','2023-06-21 16:50:49','2023-06-21 16:50:49'),(484,1444,30,2620,1.00,4149.81,4149.81,'2023-04-05 12:15:33','2023-06-21 16:50:49','2023-06-21 16:50:49'),(485,1444,30,2563,19.00,4979.77,94615.63,'2023-04-05 12:15:33','2023-06-21 16:50:49','2023-06-21 16:50:49'),(486,1444,30,2560,1.00,1.00,0.73,'2023-04-05 12:15:33','2023-06-21 16:50:49','2023-06-21 16:50:49'),(487,1444,30,2595,11.00,94615.63,10407.72,'2023-04-05 12:15:33','2023-06-21 16:50:49','2023-06-21 16:50:49'),(488,1444,30,2596,3.00,94615.63,2838.47,'2023-04-05 12:15:33','2023-06-21 16:50:49','2023-06-21 16:50:49'),(489,1444,30,2597,3.00,94615.63,2838.47,'2023-04-05 12:15:33','2023-06-21 16:50:49','2023-06-21 16:50:49'),(490,1444,30,2598,3.00,94615.63,2838.47,'2023-04-05 12:15:33','2023-06-21 16:50:49','2023-06-21 16:50:49'),(491,1444,30,2637,1.50,94615.63,1419.23,'2023-04-05 12:15:33','2023-06-21 16:50:49','2023-06-21 16:50:49'),(492,1444,31,3442,400.00,9.96,0.00,'2023-04-05 12:26:00','2023-04-05 12:27:00','2023-04-05 12:27:00'),(493,1444,31,3441,1.00,5187.26,0.00,'2023-04-05 12:26:00','2023-04-05 12:27:00','2023-04-05 12:27:00'),(494,1444,31,3443,400.00,9.96,0.00,'2023-04-05 12:26:00','2023-04-05 12:27:00','2023-04-05 12:27:00'),(495,1444,31,2611,0.00,4149.81,0.00,'2023-04-05 12:26:00','2023-04-05 12:27:00','2023-04-05 12:27:00'),(496,1444,31,2612,0.00,4149.81,0.00,'2023-04-05 12:26:00','2023-04-05 12:27:00','2023-04-05 12:27:00'),(497,1444,31,2570,0.00,2213.23,0.00,'2023-04-05 12:26:00','2023-04-05 12:27:00','2023-04-05 12:27:00'),(498,1444,31,2571,0.00,100.00,0.00,'2023-04-05 12:26:00','2023-04-05 12:27:00','2023-04-05 12:27:00'),(499,1444,31,2625,0.00,518.73,0.00,'2023-04-05 12:26:00','2023-04-05 12:27:00','2023-04-05 12:27:00'),(500,1444,31,2572,0.00,778.09,0.00,'2023-04-05 12:26:00','2023-04-05 12:27:00','2023-04-05 12:27:00'),(501,1444,31,2573,0.00,1037.45,0.00,'2023-04-05 12:26:00','2023-04-05 12:27:00','2023-04-05 12:27:00'),(502,1444,31,2615,0.00,4979.77,0.00,'2023-04-05 12:26:00','2023-04-05 12:27:00','2023-04-05 12:27:00'),(503,1444,31,2574,0.00,4979.77,0.00,'2023-04-05 12:26:00','2023-04-05 12:27:00','2023-04-05 12:27:00'),(504,1444,31,3437,0.00,829.96,0.00,'2023-04-05 12:26:00','2023-04-05 12:27:00','2023-04-05 12:27:00'),(505,1444,31,2576,0.00,71927.83,0.00,'2023-04-05 12:26:00','2023-04-05 12:27:00','2023-04-05 12:27:00'),(506,1444,31,2561,1.00,0.00,0.00,'2023-04-05 12:26:00','2023-04-05 12:27:00','2023-04-05 12:27:00'),(507,1444,31,3442,400.00,9.96,3984.00,'2023-04-05 12:27:00','2023-04-05 12:27:00',NULL);
INSERT INTO `syj_liq_empleado_detail` VALUES (508,1444,31,3441,1.00,5187.26,5187.26,'2023-04-05 12:27:00','2023-04-05 12:27:00',NULL),(509,1444,31,3443,400.00,9.96,3984.00,'2023-04-05 12:27:00','2023-04-05 12:27:00',NULL),(510,1444,31,3444,1.00,7003.68,7003.68,'2023-04-05 12:27:00','2023-04-05 12:27:00',NULL),(511,1444,31,2618,0.00,4149.81,66396.96,'2023-04-05 12:27:00','2023-04-05 12:27:00',NULL),(512,1444,31,2621,1.00,71927.83,71927.83,'2023-04-05 12:27:00','2023-04-05 12:27:00',NULL),(513,1444,31,2620,1.00,4149.81,4149.81,'2023-04-05 12:27:00','2023-04-05 12:27:00',NULL),(514,1444,31,2622,8.33,66396.96,5530.87,'2023-04-05 12:27:00','2023-04-05 12:27:00',NULL),(515,1444,31,2560,1.00,1.00,0.95,'2023-04-05 12:27:00','2023-04-05 12:27:00',NULL),(516,1444,31,2595,11.00,75568.22,8312.50,'2023-04-05 12:27:00','2023-04-05 12:27:00',NULL),(517,1444,31,2596,3.00,75568.22,2267.05,'2023-04-05 12:27:00','2023-04-05 12:27:00',NULL),(518,1444,31,2597,3.00,75568.22,2267.05,'2023-04-05 12:27:00','2023-04-05 12:27:00',NULL),(519,1444,31,2598,3.00,75568.22,2267.05,'2023-04-05 12:27:00','2023-04-05 12:27:00',NULL),(520,1444,31,2637,1.50,75568.22,1133.52,'2023-04-05 12:27:00','2023-04-05 12:27:00',NULL),(521,1444,31,2609,75568.22,8.09,1.00,'2023-04-05 12:27:00','2023-04-05 12:27:00',NULL),(522,1444,32,3442,380.00,9.96,0.00,'2023-05-09 11:01:53','2023-05-09 11:02:16','2023-05-09 11:02:16'),(523,1444,32,3441,1.00,5187.26,0.00,'2023-05-09 11:01:53','2023-05-09 11:02:16','2023-05-09 11:02:16'),(524,1444,32,3443,380.00,9.96,0.00,'2023-05-09 11:01:53','2023-05-09 11:02:16','2023-05-09 11:02:16'),(525,1444,32,2611,0.00,4149.81,0.00,'2023-05-09 11:01:53','2023-05-09 11:02:16','2023-05-09 11:02:16'),(526,1444,32,2612,0.00,4149.81,0.00,'2023-05-09 11:01:53','2023-05-09 11:02:16','2023-05-09 11:02:16'),(527,1444,32,2570,0.00,4149.81,0.00,'2023-05-09 11:01:53','2023-05-09 11:02:16','2023-05-09 11:02:16'),(528,1444,32,2571,0.00,100.00,0.00,'2023-05-09 11:01:53','2023-05-09 11:02:16','2023-05-09 11:02:16'),(529,1444,32,2625,0.00,518.73,0.00,'2023-05-09 11:01:53','2023-05-09 11:02:16','2023-05-09 11:02:16'),(530,1444,32,2572,0.00,778.09,0.00,'2023-05-09 11:01:53','2023-05-09 11:02:16','2023-05-09 11:02:16'),(531,1444,32,2573,0.00,1037.45,0.00,'2023-05-09 11:01:53','2023-05-09 11:02:16','2023-05-09 11:02:16'),(532,1444,32,2615,0.00,4979.77,0.00,'2023-05-09 11:01:53','2023-05-09 11:02:16','2023-05-09 11:02:16'),(533,1444,32,2574,0.00,4979.77,0.00,'2023-05-09 11:01:53','2023-05-09 11:02:16','2023-05-09 11:02:16'),(534,1444,32,3437,0.00,829.96,0.00,'2023-05-09 11:01:53','2023-05-09 11:02:16','2023-05-09 11:02:16'),(535,1444,32,2576,0.00,134864.72,0.00,'2023-05-09 11:01:53','2023-05-09 11:02:16','2023-05-09 11:02:16'),(536,1444,32,2561,1.00,0.00,0.00,'2023-05-09 11:01:53','2023-05-09 11:02:16','2023-05-09 11:02:16'),(537,1444,32,3442,380.00,9.96,3784.80,'2023-05-09 11:02:16','2023-05-09 12:21:42','2023-05-09 12:21:42'),(538,1444,32,3441,1.00,5187.26,5187.26,'2023-05-09 11:02:16','2023-05-09 12:21:42','2023-05-09 12:21:42'),(539,1444,32,3443,380.00,9.96,3784.80,'2023-05-09 11:02:16','2023-05-09 12:21:42','2023-05-09 12:21:42'),(540,1444,32,3444,1.00,7003.68,7003.68,'2023-05-09 11:02:16','2023-05-09 12:21:42','2023-05-09 12:21:42'),(541,1444,32,2618,0.00,4149.81,124494.34,'2023-05-09 11:02:16','2023-05-09 12:21:42','2023-05-09 12:21:42'),(542,1444,32,2621,1.00,134864.72,134864.72,'2023-05-09 11:02:16','2023-05-09 12:21:42','2023-05-09 12:21:42'),(543,1444,32,2620,1.00,4149.81,4149.81,'2023-05-09 11:02:16','2023-05-09 12:21:42','2023-05-09 12:21:42'),(544,1444,32,2622,8.33,124494.34,10370.38,'2023-05-09 11:02:16','2023-05-09 12:21:42','2023-05-09 12:21:42'),(545,1444,32,2560,1.00,1.00,0.07,'2023-05-09 11:02:16','2023-05-09 12:21:42','2023-05-09 12:21:42'),(546,1444,32,2595,11.00,133466.40,14681.30,'2023-05-09 11:02:16','2023-05-09 12:21:42','2023-05-09 12:21:42'),(547,1444,32,2596,3.00,133466.40,4003.99,'2023-05-09 11:02:16','2023-05-09 12:21:42','2023-05-09 12:21:42');
INSERT INTO `syj_liq_empleado_detail` VALUES (548,1444,32,2597,3.00,133466.40,4003.99,'2023-05-09 11:02:16','2023-05-09 12:21:42','2023-05-09 12:21:42'),(549,1444,32,2598,3.00,133466.40,4003.99,'2023-05-09 11:02:16','2023-05-09 12:21:42','2023-05-09 12:21:42'),(550,1444,32,2637,1.50,133466.40,2002.00,'2023-05-09 11:02:16','2023-05-09 12:21:42','2023-05-09 12:21:42'),(551,1444,32,2609,133466.40,8.09,1.00,'2023-05-09 11:02:16','2023-05-09 12:21:42','2023-05-09 12:21:42'),(552,1444,32,3442,380.00,9.96,0.00,'2023-05-09 12:36:04','2023-05-09 12:37:22','2023-05-09 12:37:22'),(553,1444,32,3441,1.00,5187.26,0.00,'2023-05-09 12:36:04','2023-05-09 12:37:22','2023-05-09 12:37:22'),(554,1444,32,3443,380.00,9.96,0.00,'2023-05-09 12:36:04','2023-05-09 12:37:22','2023-05-09 12:37:22'),(555,1444,32,3445,1.00,25000.00,0.00,'2023-05-09 12:36:04','2023-05-09 12:37:22','2023-05-09 12:37:22'),(556,1444,32,2611,0.00,4149.81,0.00,'2023-05-09 12:36:04','2023-05-09 12:37:22','2023-05-09 12:37:22'),(557,1444,32,2612,0.00,4149.81,0.00,'2023-05-09 12:36:04','2023-05-09 12:37:22','2023-05-09 12:37:22'),(558,1444,32,2570,0.00,4149.81,0.00,'2023-05-09 12:36:04','2023-05-09 12:37:22','2023-05-09 12:37:22'),(559,1444,32,2571,0.00,100.00,0.00,'2023-05-09 12:36:04','2023-05-09 12:37:22','2023-05-09 12:37:22'),(560,1444,32,2625,0.00,518.73,0.00,'2023-05-09 12:36:04','2023-05-09 12:37:22','2023-05-09 12:37:22'),(561,1444,32,2572,0.00,778.09,0.00,'2023-05-09 12:36:04','2023-05-09 12:37:22','2023-05-09 12:37:22'),(562,1444,32,2573,0.00,1037.45,0.00,'2023-05-09 12:36:04','2023-05-09 12:37:22','2023-05-09 12:37:22'),(563,1444,32,2615,0.00,4979.77,0.00,'2023-05-09 12:36:04','2023-05-09 12:37:22','2023-05-09 12:37:22'),(564,1444,32,2574,0.00,4979.77,0.00,'2023-05-09 12:36:04','2023-05-09 12:37:22','2023-05-09 12:37:22'),(565,1444,32,3437,0.00,829.96,0.00,'2023-05-09 12:36:04','2023-05-09 12:37:22','2023-05-09 12:37:22'),(566,1444,32,2576,0.00,134864.72,0.00,'2023-05-09 12:36:04','2023-05-09 12:37:22','2023-05-09 12:37:22'),(567,1444,32,2561,1.00,0.00,0.00,'2023-05-09 12:36:04','2023-05-09 12:37:22','2023-05-09 12:37:22'),(568,1444,32,3442,380.00,9.96,3784.80,'2023-05-09 12:37:22','2023-06-21 16:50:58','2023-06-21 16:50:58'),(569,1444,32,3441,1.00,5187.26,5187.26,'2023-05-09 12:37:22','2023-06-21 16:50:58','2023-06-21 16:50:58'),(570,1444,32,3443,380.00,9.96,3784.80,'2023-05-09 12:37:22','2023-06-21 16:50:58','2023-06-21 16:50:58'),(571,1444,32,3444,1.00,7003.68,7003.68,'2023-05-09 12:37:22','2023-06-21 16:50:58','2023-06-21 16:50:58'),(572,1444,32,2618,0.00,4149.81,124494.34,'2023-05-09 12:37:22','2023-06-21 16:50:58','2023-06-21 16:50:58'),(573,1444,32,2621,1.00,134864.72,134864.72,'2023-05-09 12:37:22','2023-06-21 16:50:58','2023-06-21 16:50:58'),(574,1444,32,2620,1.00,4149.81,4149.81,'2023-05-09 12:37:22','2023-06-21 16:50:58','2023-06-21 16:50:58'),(575,1444,32,3445,1.00,25000.00,25000.00,'2023-05-09 12:37:22','2023-06-21 16:50:58','2023-06-21 16:50:58'),(576,1444,32,2622,8.33,124494.34,10370.38,'2023-05-09 12:37:22','2023-06-21 16:50:58','2023-06-21 16:50:58'),(577,1444,32,2560,1.00,1.00,0.07,'2023-05-09 12:37:22','2023-06-21 16:50:58','2023-06-21 16:50:58'),(578,1444,32,2595,11.00,133466.40,14681.30,'2023-05-09 12:37:22','2023-06-21 16:50:58','2023-06-21 16:50:58'),(579,1444,32,2596,3.00,133466.40,4003.99,'2023-05-09 12:37:22','2023-06-21 16:50:58','2023-06-21 16:50:58'),(580,1444,32,2597,3.00,133466.40,4003.99,'2023-05-09 12:37:22','2023-06-21 16:50:58','2023-06-21 16:50:58'),(581,1444,32,2598,3.00,133466.40,4003.99,'2023-05-09 12:37:22','2023-06-21 16:50:58','2023-06-21 16:50:58'),(582,1444,32,2637,1.50,133466.40,2002.00,'2023-05-09 12:37:22','2023-06-21 16:50:58','2023-06-21 16:50:58'),(583,1444,32,2609,133466.40,8.09,1.00,'2023-05-09 12:37:22','2023-06-21 16:50:58','2023-06-21 16:50:58'),(584,1444,33,3442,2750.00,11.70,0.00,'2023-06-21 16:45:50','2023-06-21 21:34:27','2023-06-21 21:34:27'),(585,1444,33,3441,0.03,6096.72,0.00,'2023-06-21 16:45:50','2023-06-21 21:34:27','2023-06-21 21:34:27');
INSERT INTO `syj_liq_empleado_detail` VALUES (586,1444,33,3443,2750.00,11.70,0.00,'2023-06-21 16:45:50','2023-06-21 21:34:27','2023-06-21 21:34:27'),(587,1444,33,3445,1.00,25000.00,0.00,'2023-06-21 16:45:50','2023-06-21 21:34:27','2023-06-21 21:34:27'),(588,1444,33,2611,0.00,4149.81,0.00,'2023-06-21 16:45:50','2023-06-21 21:34:27','2023-06-21 21:34:27'),(589,1444,33,2612,0.00,4149.81,0.00,'2023-06-21 16:45:50','2023-06-21 21:34:27','2023-06-21 21:34:27'),(590,1444,33,2570,0.00,4191.31,0.00,'2023-06-21 16:45:50','2023-06-21 21:34:27','2023-06-21 21:34:27'),(591,1444,33,2571,0.00,100.00,0.00,'2023-06-21 16:45:50','2023-06-21 21:34:27','2023-06-21 21:34:27'),(592,1444,33,2625,0.00,518.73,0.00,'2023-06-21 16:45:50','2023-06-21 21:34:27','2023-06-21 21:34:27'),(593,1444,33,2572,0.00,778.09,0.00,'2023-06-21 16:45:50','2023-06-21 21:34:27','2023-06-21 21:34:27'),(594,1444,33,2573,0.00,1037.45,0.00,'2023-06-21 16:45:50','2023-06-21 21:34:27','2023-06-21 21:34:27'),(595,1444,33,2615,0.00,4979.77,0.00,'2023-06-21 16:45:50','2023-06-21 21:34:27','2023-06-21 21:34:27'),(596,1444,33,2574,0.00,4979.77,0.00,'2023-06-21 16:45:50','2023-06-21 21:34:27','2023-06-21 21:34:27'),(597,1444,33,3437,0.00,829.96,0.00,'2023-06-21 16:45:50','2023-06-21 21:34:27','2023-06-21 21:34:27'),(598,1444,33,2576,0.00,136213.36,0.00,'2023-06-21 16:45:50','2023-06-21 21:34:27','2023-06-21 21:34:27'),(599,1444,33,2561,1.00,0.00,0.00,'2023-06-21 16:45:50','2023-06-21 21:34:27','2023-06-21 21:34:27'),(600,1444,33,3442,2750.00,11.70,0.00,'2023-06-21 16:46:09','2023-06-21 21:34:27','2023-06-21 21:34:27'),(601,1444,33,3441,3.00,6096.72,0.00,'2023-06-21 16:46:09','2023-06-21 21:34:27','2023-06-21 21:34:27'),(602,1444,33,3443,2750.00,11.70,0.00,'2023-06-21 16:46:09','2023-06-21 21:34:27','2023-06-21 21:34:27'),(603,1444,33,3445,1.00,25000.00,0.00,'2023-06-21 16:46:09','2023-06-21 21:34:27','2023-06-21 21:34:27'),(604,1444,33,2611,0.00,4149.81,0.00,'2023-06-21 16:46:09','2023-06-21 21:34:27','2023-06-21 21:34:27'),(605,1444,33,2612,0.00,4149.81,0.00,'2023-06-21 16:46:09','2023-06-21 21:34:27','2023-06-21 21:34:27'),(606,1444,33,2570,0.00,4191.31,0.00,'2023-06-21 16:46:09','2023-06-21 21:34:27','2023-06-21 21:34:27'),(607,1444,33,2571,0.00,100.00,0.00,'2023-06-21 16:46:09','2023-06-21 21:34:27','2023-06-21 21:34:27'),(608,1444,33,2625,0.00,518.73,0.00,'2023-06-21 16:46:09','2023-06-21 21:34:27','2023-06-21 21:34:27'),(609,1444,33,2572,0.00,778.09,0.00,'2023-06-21 16:46:09','2023-06-21 21:34:27','2023-06-21 21:34:27'),(610,1444,33,2573,0.00,1037.45,0.00,'2023-06-21 16:46:09','2023-06-21 21:34:27','2023-06-21 21:34:27'),(611,1444,33,2615,0.00,4979.77,0.00,'2023-06-21 16:46:09','2023-06-21 21:34:27','2023-06-21 21:34:27'),(612,1444,33,2574,0.00,4979.77,0.00,'2023-06-21 16:46:09','2023-06-21 21:34:27','2023-06-21 21:34:27'),(613,1444,33,3437,0.00,829.96,0.00,'2023-06-21 16:46:09','2023-06-21 21:34:27','2023-06-21 21:34:27'),(614,1444,33,2576,0.00,136213.36,0.00,'2023-06-21 16:46:09','2023-06-21 21:34:27','2023-06-21 21:34:27'),(615,1444,33,2561,1.00,0.00,0.00,'2023-06-21 16:46:09','2023-06-21 21:34:27','2023-06-21 21:34:27'),(616,1444,29,3442,1720.00,11.70,0.00,'2023-06-21 17:00:29','2023-06-21 17:08:15','2023-06-21 17:08:15'),(617,1444,29,3441,2.00,6096.72,0.00,'2023-06-21 17:00:29','2023-06-21 17:08:15','2023-06-21 17:08:15'),(618,1444,29,3443,1720.00,11.70,0.00,'2023-06-21 17:00:29','2023-06-21 17:08:15','2023-06-21 17:08:15'),(619,1444,29,3445,0.00,25000.00,0.00,'2023-06-21 17:00:29','2023-06-21 17:08:15','2023-06-21 17:08:15'),(620,1444,29,2611,0.00,4149.81,0.00,'2023-06-21 17:00:29','2023-06-21 17:08:15','2023-06-21 17:08:15'),(621,1444,29,2612,0.00,4149.81,0.00,'2023-06-21 17:00:29','2023-06-21 17:08:15','2023-06-21 17:08:15'),(622,1444,29,2570,0.00,4149.81,0.00,'2023-06-21 17:00:29','2023-06-21 17:08:15','2023-06-21 17:08:15'),(623,1444,29,2571,0.00,100.00,0.00,'2023-06-21 17:00:29','2023-06-21 17:08:15','2023-06-21 17:08:15');
INSERT INTO `syj_liq_empleado_detail` VALUES (624,1444,29,2625,0.00,518.73,0.00,'2023-06-21 17:00:29','2023-06-21 17:08:15','2023-06-21 17:08:15'),(625,1444,29,2572,0.00,778.09,0.00,'2023-06-21 17:00:29','2023-06-21 17:08:15','2023-06-21 17:08:15'),(626,1444,29,2573,0.00,1037.45,0.00,'2023-06-21 17:00:29','2023-06-21 17:08:15','2023-06-21 17:08:15'),(627,1444,29,2615,0.00,4979.77,0.00,'2023-06-21 17:00:29','2023-06-21 17:08:15','2023-06-21 17:08:15'),(628,1444,29,2574,0.00,4979.77,0.00,'2023-06-21 17:00:29','2023-06-21 17:08:15','2023-06-21 17:08:15'),(629,1444,29,3437,0.00,829.96,0.00,'2023-06-21 17:00:29','2023-06-21 17:08:15','2023-06-21 17:08:15'),(630,1444,29,2576,0.00,134864.72,0.00,'2023-06-21 17:00:29','2023-06-21 17:08:15','2023-06-21 17:08:15'),(631,1444,29,2561,1.00,0.00,0.00,'2023-06-21 17:00:29','2023-06-21 17:08:15','2023-06-21 17:08:15'),(632,1444,29,3442,1720.00,9.95,17114.00,'2023-06-21 17:08:15','2023-06-21 17:08:15',NULL),(633,1444,29,3441,2.00,5187.26,10374.52,'2023-06-21 17:08:15','2023-06-21 17:08:15',NULL),(634,1444,29,3443,1720.00,9.95,17114.00,'2023-06-21 17:08:15','2023-06-21 17:08:15',NULL),(635,1444,29,3444,1.00,7003.68,7003.68,'2023-06-21 17:08:15','2023-06-21 17:08:15',NULL),(636,1444,29,2618,0.00,4149.81,124494.34,'2023-06-21 17:08:15','2023-06-21 17:08:15',NULL),(637,1444,29,2621,1.00,134864.72,134864.72,'2023-06-21 17:08:15','2023-06-21 17:08:15',NULL),(638,1444,29,2620,1.00,4149.81,4149.81,'2023-06-21 17:08:15','2023-06-21 17:08:15',NULL),(639,1444,29,2622,8.33,124494.34,10370.38,'2023-06-21 17:08:15','2023-06-21 17:08:15',NULL),(640,1444,29,2560,1.00,1.00,0.46,'2023-06-21 17:08:15','2023-06-21 17:08:15',NULL),(641,1444,29,2595,11.00,151982.86,16718.11,'2023-06-21 17:08:15','2023-06-21 17:08:15',NULL),(642,1444,29,2596,3.00,151982.86,4559.49,'2023-06-21 17:08:15','2023-06-21 17:08:15',NULL),(643,1444,29,2597,3.00,151982.86,4559.49,'2023-06-21 17:08:15','2023-06-21 17:08:15',NULL),(644,1444,29,2598,3.00,151982.86,4559.49,'2023-06-21 17:08:15','2023-06-21 17:08:15',NULL),(645,1444,29,2637,1.50,151982.86,2279.74,'2023-06-21 17:08:15','2023-06-21 17:08:15',NULL),(646,1444,29,2609,151982.86,8.09,1.00,'2023-06-21 17:08:15','2023-06-21 17:08:15',NULL),(647,1444,32,3442,380.00,9.95,0.00,'2023-06-21 21:22:43','2023-06-21 21:25:44','2023-06-21 21:25:44'),(648,1444,32,3441,1.00,5187.26,0.00,'2023-06-21 21:22:43','2023-06-21 21:25:44','2023-06-21 21:25:44'),(649,1444,32,3443,380.00,9.95,0.00,'2023-06-21 21:22:43','2023-06-21 21:25:44','2023-06-21 21:25:44'),(650,1444,32,3445,0.00,25000.00,0.00,'2023-06-21 21:22:43','2023-06-21 21:25:44','2023-06-21 21:25:44'),(651,1444,32,2611,0.00,4149.81,0.00,'2023-06-21 21:22:43','2023-06-21 21:25:44','2023-06-21 21:25:44'),(652,1444,32,2612,0.00,4149.81,0.00,'2023-06-21 21:22:43','2023-06-21 21:25:44','2023-06-21 21:25:44'),(653,1444,32,2570,0.00,4149.81,0.00,'2023-06-21 21:22:43','2023-06-21 21:25:44','2023-06-21 21:25:44'),(654,1444,32,2571,0.00,100.00,0.00,'2023-06-21 21:22:43','2023-06-21 21:25:44','2023-06-21 21:25:44'),(655,1444,32,2625,0.00,518.73,0.00,'2023-06-21 21:22:43','2023-06-21 21:25:44','2023-06-21 21:25:44'),(656,1444,32,2572,0.00,778.09,0.00,'2023-06-21 21:22:43','2023-06-21 21:25:44','2023-06-21 21:25:44'),(657,1444,32,2573,0.00,1037.45,0.00,'2023-06-21 21:22:43','2023-06-21 21:25:44','2023-06-21 21:25:44'),(658,1444,32,2615,0.00,4979.77,0.00,'2023-06-21 21:22:43','2023-06-21 21:25:44','2023-06-21 21:25:44'),(659,1444,32,2574,0.00,4979.77,0.00,'2023-06-21 21:22:43','2023-06-21 21:25:44','2023-06-21 21:25:44'),(660,1444,32,3437,0.00,829.96,0.00,'2023-06-21 21:22:43','2023-06-21 21:25:44','2023-06-21 21:25:44'),(661,1444,32,2576,0.00,134864.72,0.00,'2023-06-21 21:22:43','2023-06-21 21:25:44','2023-06-21 21:25:44'),(662,1444,32,2561,1.00,0.00,0.00,'2023-06-21 21:22:43','2023-06-21 21:25:44','2023-06-21 21:25:44'),(663,1444,32,3442,380.00,9.95,0.00,'2023-06-21 21:24:07','2023-06-21 21:25:44','2023-06-21 21:25:44');
INSERT INTO `syj_liq_empleado_detail` VALUES (664,1444,32,3441,1.00,5187.26,0.00,'2023-06-21 21:24:07','2023-06-21 21:25:44','2023-06-21 21:25:44'),(665,1444,32,3443,380.00,9.95,0.00,'2023-06-21 21:24:07','2023-06-21 21:25:44','2023-06-21 21:25:44'),(666,1444,32,3445,1.00,25000.00,0.00,'2023-06-21 21:24:07','2023-06-21 21:25:44','2023-06-21 21:25:44'),(667,1444,32,2611,0.00,4149.81,0.00,'2023-06-21 21:24:07','2023-06-21 21:25:44','2023-06-21 21:25:44'),(668,1444,32,2612,0.00,4149.81,0.00,'2023-06-21 21:24:07','2023-06-21 21:25:44','2023-06-21 21:25:44'),(669,1444,32,2570,0.00,4149.81,0.00,'2023-06-21 21:24:07','2023-06-21 21:25:44','2023-06-21 21:25:44'),(670,1444,32,2571,0.00,100.00,0.00,'2023-06-21 21:24:07','2023-06-21 21:25:44','2023-06-21 21:25:44'),(671,1444,32,2625,0.00,518.73,0.00,'2023-06-21 21:24:07','2023-06-21 21:25:44','2023-06-21 21:25:44'),(672,1444,32,2572,0.00,778.09,0.00,'2023-06-21 21:24:07','2023-06-21 21:25:44','2023-06-21 21:25:44'),(673,1444,32,2573,0.00,1037.45,0.00,'2023-06-21 21:24:07','2023-06-21 21:25:44','2023-06-21 21:25:44'),(674,1444,32,2615,0.00,4979.77,0.00,'2023-06-21 21:24:07','2023-06-21 21:25:44','2023-06-21 21:25:44'),(675,1444,32,2574,0.00,4979.77,0.00,'2023-06-21 21:24:07','2023-06-21 21:25:44','2023-06-21 21:25:44'),(676,1444,32,3437,0.00,829.96,0.00,'2023-06-21 21:24:07','2023-06-21 21:25:44','2023-06-21 21:25:44'),(677,1444,32,2576,0.00,134864.72,0.00,'2023-06-21 21:24:07','2023-06-21 21:25:44','2023-06-21 21:25:44'),(678,1444,32,2561,1.00,0.00,0.00,'2023-06-21 21:24:07','2023-06-21 21:25:44','2023-06-21 21:25:44'),(679,1444,32,3442,380.00,9.95,3781.00,'2023-06-21 21:25:44','2023-06-21 21:25:44',NULL),(680,1444,32,3441,1.00,5187.26,5187.26,'2023-06-21 21:25:44','2023-06-21 21:25:44',NULL),(681,1444,32,3443,380.00,9.95,3781.00,'2023-06-21 21:25:44','2023-06-21 21:25:44',NULL),(682,1444,32,3444,1.00,7003.68,7003.68,'2023-06-21 21:25:44','2023-06-21 21:25:44',NULL),(683,1444,32,2618,0.00,4149.81,124494.34,'2023-06-21 21:25:44','2023-06-21 21:25:44',NULL),(684,1444,32,2621,1.00,134864.72,134864.72,'2023-06-21 21:25:44','2023-06-21 21:25:44',NULL),(685,1444,32,2620,1.00,4149.81,4149.81,'2023-06-21 21:25:44','2023-06-21 21:25:44',NULL),(686,1444,32,3445,1.00,25000.00,25000.00,'2023-06-21 21:25:44','2023-06-21 21:25:44',NULL),(687,1444,32,2622,8.33,124494.34,10370.38,'2023-06-21 21:25:44','2023-06-21 21:25:44',NULL),(688,1444,32,2560,1.00,1.00,0.87,'2023-06-21 21:25:44','2023-06-21 21:25:44',NULL),(689,1444,32,2595,11.00,133462.60,14680.89,'2023-06-21 21:25:44','2023-06-21 21:25:44',NULL),(690,1444,32,2596,3.00,133462.60,4003.88,'2023-06-21 21:25:44','2023-06-21 21:25:44',NULL),(691,1444,32,2597,3.00,133462.60,4003.88,'2023-06-21 21:25:44','2023-06-21 21:25:44',NULL),(692,1444,32,2598,3.00,133462.60,4003.88,'2023-06-21 21:25:44','2023-06-21 21:25:44',NULL),(693,1444,32,2637,1.50,133462.60,2001.94,'2023-06-21 21:25:44','2023-06-21 21:25:44',NULL),(694,1444,32,2609,133462.60,8.09,1.00,'2023-06-21 21:25:44','2023-06-21 21:25:44',NULL),(695,1444,35,3442,2750.00,11.70,0.00,'2023-06-21 21:37:30','2023-06-21 22:12:16','2023-06-21 22:12:16'),(696,1444,35,3441,3.00,6096.72,0.00,'2023-06-21 21:37:30','2023-06-21 22:12:16','2023-06-21 22:12:16'),(697,1444,35,3443,2750.00,9.95,0.00,'2023-06-21 21:37:30','2023-06-21 22:12:16','2023-06-21 22:12:16'),(698,1444,35,3445,1.00,25000.00,0.00,'2023-06-21 21:37:30','2023-06-21 22:12:16','2023-06-21 22:12:16'),(699,1444,35,2611,0.00,4877.38,0.00,'2023-06-21 21:37:30','2023-06-21 22:12:16','2023-06-21 22:12:16'),(700,1444,35,2612,0.00,4877.38,0.00,'2023-06-21 21:37:30','2023-06-21 22:12:16','2023-06-21 22:12:16'),(701,1444,35,2570,0.00,4926.15,0.00,'2023-06-21 21:37:30','2023-06-21 22:12:16','2023-06-21 22:12:16'),(702,1444,35,2571,0.00,100.00,0.00,'2023-06-21 21:37:30','2023-06-21 22:12:16','2023-06-21 22:12:16'),(703,1444,35,2625,0.00,609.67,0.00,'2023-06-21 21:37:30','2023-06-21 22:12:16','2023-06-21 22:12:16');
INSERT INTO `syj_liq_empleado_detail` VALUES (704,1444,35,2572,0.00,914.51,0.00,'2023-06-21 21:37:30','2023-06-21 22:12:16','2023-06-21 22:12:16'),(705,1444,35,2573,0.00,1219.34,0.00,'2023-06-21 21:37:30','2023-06-21 22:12:16','2023-06-21 22:12:16'),(706,1444,35,2615,0.00,5852.85,0.00,'2023-06-21 21:37:30','2023-06-21 22:12:16','2023-06-21 22:12:16'),(707,1444,35,2574,0.00,5852.85,0.00,'2023-06-21 21:37:30','2023-06-21 22:12:16','2023-06-21 22:12:16'),(708,1444,35,3437,0.00,975.47,0.00,'2023-06-21 21:37:30','2023-06-21 22:12:16','2023-06-21 22:12:16'),(709,1444,35,2576,0.00,160094.93,0.00,'2023-06-21 21:37:30','2023-06-21 22:12:16','2023-06-21 22:12:16'),(710,1444,35,2561,1.00,0.00,0.00,'2023-06-21 21:37:30','2023-06-21 22:12:16','2023-06-21 22:12:16'),(711,1444,35,3442,2750.00,11.70,0.00,'2023-06-21 22:13:55','2023-06-21 22:14:35','2023-06-21 22:14:35'),(712,1444,35,3441,3.00,6096.72,0.00,'2023-06-21 22:13:55','2023-06-21 22:14:35','2023-06-21 22:14:35'),(713,1444,35,3443,2750.00,11.70,0.00,'2023-06-21 22:13:55','2023-06-21 22:14:35','2023-06-21 22:14:35'),(714,1444,35,3445,1.00,25000.00,0.00,'2023-06-21 22:13:55','2023-06-21 22:14:35','2023-06-21 22:14:35'),(715,1444,35,2611,0.00,4877.38,0.00,'2023-06-21 22:13:55','2023-06-21 22:14:35','2023-06-21 22:14:35'),(716,1444,35,2612,0.00,4877.38,0.00,'2023-06-21 22:13:55','2023-06-21 22:14:35','2023-06-21 22:14:35'),(717,1444,35,2570,0.00,4926.15,0.00,'2023-06-21 22:13:55','2023-06-21 22:14:35','2023-06-21 22:14:35'),(718,1444,35,2571,0.00,100.00,0.00,'2023-06-21 22:13:55','2023-06-21 22:14:35','2023-06-21 22:14:35'),(719,1444,35,2625,0.00,609.67,0.00,'2023-06-21 22:13:55','2023-06-21 22:14:35','2023-06-21 22:14:35'),(720,1444,35,2572,0.00,914.51,0.00,'2023-06-21 22:13:55','2023-06-21 22:14:35','2023-06-21 22:14:35'),(721,1444,35,2573,0.00,1219.34,0.00,'2023-06-21 22:13:55','2023-06-21 22:14:35','2023-06-21 22:14:35'),(722,1444,35,2615,0.00,5852.85,0.00,'2023-06-21 22:13:55','2023-06-21 22:14:35','2023-06-21 22:14:35'),(723,1444,35,2574,0.00,5852.85,0.00,'2023-06-21 22:13:55','2023-06-21 22:14:35','2023-06-21 22:14:35'),(724,1444,35,3437,0.00,975.47,0.00,'2023-06-21 22:13:55','2023-06-21 22:14:35','2023-06-21 22:14:35'),(725,1444,35,2576,0.00,160094.93,0.00,'2023-06-21 22:13:55','2023-06-21 22:14:35','2023-06-21 22:14:35'),(726,1444,35,2561,1.00,0.00,0.00,'2023-06-21 22:13:55','2023-06-21 22:14:35','2023-06-21 22:14:35'),(727,1444,35,3442,2750.00,11.70,32175.00,'2023-06-21 22:14:35','2023-06-21 22:14:35',NULL),(728,1444,35,3441,3.00,6096.72,18290.16,'2023-06-21 22:14:35','2023-06-21 22:14:35',NULL),(729,1444,35,3443,2750.00,11.70,32175.00,'2023-06-21 22:14:35','2023-06-21 22:14:35',NULL),(730,1444,35,3444,1.00,7003.68,7003.68,'2023-06-21 22:14:35','2023-06-21 22:14:35',NULL),(731,1444,35,2618,0.00,4877.38,146321.27,'2023-06-21 22:14:35','2023-06-21 22:14:35',NULL),(732,1444,35,2619,1.00,146321.27,1463.21,'2023-06-21 22:14:35','2023-06-21 22:14:35',NULL),(733,1444,35,2621,1.00,160094.93,160094.93,'2023-06-21 22:14:35','2023-06-21 22:14:35',NULL),(734,1444,35,2620,1.00,4877.38,4877.38,'2023-06-21 22:14:35','2023-06-21 22:14:35',NULL),(735,1444,35,3445,1.00,25000.00,25000.00,'2023-06-21 22:14:35','2023-06-21 22:14:35',NULL),(736,1444,35,2622,8.33,147784.48,12310.45,'2023-06-21 22:14:35','2023-06-21 22:14:35',NULL),(737,1444,35,2623,1.00,146322.27,1463.22,'2023-06-21 22:14:35','2023-06-21 22:14:35',NULL),(738,1444,35,2560,1.00,1.00,0.02,'2023-06-21 22:14:35','2023-06-21 22:14:35',NULL),(739,1444,35,2595,11.00,198249.65,21807.46,'2023-06-21 22:14:35','2023-06-21 22:14:35',NULL),(740,1444,35,2596,3.00,198249.65,5947.49,'2023-06-21 22:14:35','2023-06-21 22:14:35',NULL),(741,1444,35,2597,3.00,198249.65,5947.49,'2023-06-21 22:14:35','2023-06-21 22:14:35',NULL),(742,1444,35,2598,3.00,198249.65,5947.49,'2023-06-21 22:14:35','2023-06-21 22:14:35',NULL),(743,1444,35,2637,1.50,198249.65,2973.74,'2023-06-21 22:14:35','2023-06-21 22:14:35',NULL),(744,1444,35,2609,198249.65,8.09,1.00,'2023-06-21 22:14:35','2023-06-21 22:14:35',NULL);
INSERT INTO `syj_liq_empleado_detail` VALUES (745,1444,36,3442,0.00,11.70,0.00,'2023-07-07 12:30:45','2023-07-07 12:30:45',NULL),(746,1444,36,3441,0.00,6096.72,0.00,'2023-07-07 12:30:45','2023-07-07 12:30:45',NULL),(747,1444,36,3443,0.00,11.70,0.00,'2023-07-07 12:30:45','2023-07-07 12:30:45',NULL),(748,1444,36,3445,0.00,25000.00,0.00,'2023-07-07 12:30:45','2023-07-07 12:30:45',NULL),(749,1444,36,2625,0.00,609.67,0.00,'2023-07-07 12:30:45','2023-07-07 12:30:45',NULL),(750,1444,36,3437,0.00,975.47,0.00,'2023-07-07 12:30:45','2023-07-07 12:30:45',NULL),(751,1444,36,2561,1.00,0.00,0.00,'2023-07-07 12:30:45','2023-07-07 12:30:45',NULL),(752,1444,36,3442,0.00,11.70,0.00,'2023-07-07 12:32:01','2023-07-07 12:32:01',NULL),(753,1444,36,3441,0.00,6096.72,0.00,'2023-07-07 12:32:01','2023-07-07 12:32:01',NULL),(754,1444,36,3443,0.00,11.70,0.00,'2023-07-07 12:32:01','2023-07-07 12:32:01',NULL),(755,1444,36,3445,0.00,25000.00,0.00,'2023-07-07 12:32:01','2023-07-07 12:32:01',NULL),(756,1444,36,2625,0.00,609.67,0.00,'2023-07-07 12:32:01','2023-07-07 12:32:01',NULL),(757,1444,36,3437,0.00,975.47,0.00,'2023-07-07 12:32:01','2023-07-07 12:32:01',NULL),(758,1444,36,2561,1.00,0.00,0.00,'2023-07-07 12:32:01','2023-07-07 12:32:01',NULL),(759,1444,36,3442,0.00,11.70,0.00,'2023-07-07 12:42:50','2023-07-07 12:42:50',NULL),(760,1444,36,3441,0.00,6096.72,0.00,'2023-07-07 12:42:50','2023-07-07 12:42:50',NULL),(761,1444,36,3443,0.00,11.70,0.00,'2023-07-07 12:42:50','2023-07-07 12:42:50',NULL),(762,1444,36,3445,0.00,25000.00,0.00,'2023-07-07 12:42:50','2023-07-07 12:42:50',NULL),(763,1444,36,2625,0.00,609.67,0.00,'2023-07-07 12:42:50','2023-07-07 12:42:50',NULL),(764,1444,36,3437,0.00,975.47,0.00,'2023-07-07 12:42:50','2023-07-07 12:42:50',NULL),(765,1444,36,2561,1.00,0.00,0.00,'2023-07-07 12:42:50','2023-07-07 12:42:50',NULL),(766,1444,38,3444,1.00,7003.68,7003.68,'2023-07-14 10:55:47','2023-07-14 10:55:47',NULL),(767,1444,38,2620,1.00,4877.38,4877.38,'2023-07-14 10:55:47','2023-07-14 10:55:47',NULL),(768,1444,38,2616,136.00,550.69,74893.84,'2023-07-14 10:55:47','2023-07-14 10:55:47',NULL),(769,1444,38,2560,1.00,1.00,0.35,'2023-07-14 10:55:47','2023-07-14 10:55:47',NULL),(770,1444,38,2595,11.00,74893.84,8238.32,'2023-07-14 10:55:47','2023-07-14 10:55:47',NULL),(771,1444,38,2596,3.00,74893.84,2246.82,'2023-07-14 10:55:47','2023-07-14 10:55:47',NULL),(772,1444,38,2597,3.00,74893.84,2246.82,'2023-07-14 10:55:47','2023-07-14 10:55:47',NULL),(773,1444,38,2598,3.00,74893.84,2246.82,'2023-07-14 10:55:47','2023-07-14 10:55:47',NULL),(774,1444,38,2637,1.50,74893.84,1123.41,'2023-07-14 10:55:47','2023-07-14 10:55:47',NULL),(775,1444,37,3442,1890.00,11.70,0.00,'2023-07-14 11:59:26','2023-07-14 11:59:54','2023-07-14 11:59:54'),(776,1444,37,3441,4.00,6096.72,0.00,'2023-07-14 11:59:26','2023-07-14 11:59:54','2023-07-14 11:59:54'),(777,1444,37,3443,1890.00,11.70,0.00,'2023-07-14 11:59:26','2023-07-14 11:59:54','2023-07-14 11:59:54'),(778,1444,37,3445,0.00,25000.00,0.00,'2023-07-14 11:59:26','2023-07-14 11:59:54','2023-07-14 11:59:54'),(779,1444,37,2611,0.00,4877.38,0.00,'2023-07-14 11:59:26','2023-07-14 11:59:54','2023-07-14 11:59:54'),(780,1444,37,2612,0.00,4877.38,0.00,'2023-07-14 11:59:26','2023-07-14 11:59:54','2023-07-14 11:59:54'),(781,1444,37,2570,0.00,4926.15,0.00,'2023-07-14 11:59:26','2023-07-14 11:59:54','2023-07-14 11:59:54'),(782,1444,37,2571,0.00,100.00,0.00,'2023-07-14 11:59:26','2023-07-14 11:59:54','2023-07-14 11:59:54'),(783,1444,37,2625,0.00,609.67,0.00,'2023-07-14 11:59:26','2023-07-14 11:59:54','2023-07-14 11:59:54'),(784,1444,37,2572,0.00,914.51,0.00,'2023-07-14 11:59:26','2023-07-14 11:59:54','2023-07-14 11:59:54'),(785,1444,37,2573,0.00,1219.34,0.00,'2023-07-14 11:59:26','2023-07-14 11:59:54','2023-07-14 11:59:54'),(786,1444,37,2615,0.00,5852.85,0.00,'2023-07-14 11:59:26','2023-07-14 11:59:54','2023-07-14 11:59:54'),(787,1444,37,2574,0.00,5852.85,0.00,'2023-07-14 11:59:26','2023-07-14 11:59:54','2023-07-14 11:59:54');
INSERT INTO `syj_liq_empleado_detail` VALUES (788,1444,37,3437,0.00,975.47,0.00,'2023-07-14 11:59:26','2023-07-14 11:59:54','2023-07-14 11:59:54'),(789,1444,37,2576,0.00,160094.93,0.00,'2023-07-14 11:59:26','2023-07-14 11:59:54','2023-07-14 11:59:54'),(790,1444,37,2561,1.00,0.00,0.00,'2023-07-14 11:59:26','2023-07-14 11:59:54','2023-07-14 11:59:54'),(791,1444,37,3442,1890.00,11.70,22113.00,'2023-07-14 11:59:54','2023-08-07 17:29:01','2023-08-07 17:29:01'),(792,1444,37,3441,4.00,6096.72,24386.88,'2023-07-14 11:59:54','2023-08-07 17:29:01','2023-08-07 17:29:01'),(793,1444,37,3443,1890.00,11.70,22113.00,'2023-07-14 11:59:54','2023-08-07 17:29:01','2023-08-07 17:29:01'),(794,1444,37,3444,1.00,7003.68,7003.68,'2023-07-14 11:59:54','2023-08-07 17:29:01','2023-08-07 17:29:01'),(795,1444,37,2618,0.00,4877.38,146321.27,'2023-07-14 11:59:54','2023-08-07 17:29:01','2023-08-07 17:29:01'),(796,1444,37,2619,1.00,146321.27,1463.21,'2023-07-14 11:59:54','2023-08-07 17:29:01','2023-08-07 17:29:01'),(797,1444,37,2621,1.00,160094.93,160094.93,'2023-07-14 11:59:54','2023-08-07 17:29:01','2023-08-07 17:29:01'),(798,1444,37,2620,1.00,4877.38,4877.38,'2023-07-14 11:59:54','2023-08-07 17:29:01','2023-08-07 17:29:01'),(799,1444,37,2622,8.33,147784.48,12310.45,'2023-07-14 11:59:54','2023-08-07 17:29:01','2023-08-07 17:29:01'),(800,1444,37,2623,1.00,146322.27,1463.22,'2023-07-14 11:59:54','2023-08-07 17:29:01','2023-08-07 17:29:01'),(801,1444,37,2560,1.00,1.00,0.77,'2023-07-14 11:59:54','2023-08-07 17:29:01','2023-08-07 17:29:01'),(802,1444,37,2595,11.00,194284.37,21371.28,'2023-07-14 11:59:54','2023-08-07 17:29:01','2023-08-07 17:29:01'),(803,1444,37,2596,3.00,194284.37,5828.53,'2023-07-14 11:59:54','2023-08-07 17:29:01','2023-08-07 17:29:01'),(804,1444,37,2597,3.00,194284.37,5828.53,'2023-07-14 11:59:54','2023-08-07 17:29:01','2023-08-07 17:29:01'),(805,1444,37,2598,3.00,194284.37,5828.53,'2023-07-14 11:59:54','2023-08-07 17:29:01','2023-08-07 17:29:01'),(806,1444,37,2637,1.50,194284.37,2914.27,'2023-07-14 11:59:54','2023-08-07 17:29:01','2023-08-07 17:29:01'),(807,1444,37,2609,194284.37,8.09,1.00,'2023-07-14 11:59:54','2023-08-07 17:29:01','2023-08-07 17:29:01'),(808,1444,37,3442,1890.00,11.70,0.00,'2023-08-07 17:29:36','2023-08-07 17:30:46','2023-08-07 17:30:46'),(809,1444,37,3441,4.00,6096.72,0.00,'2023-08-07 17:29:36','2023-08-07 17:30:46','2023-08-07 17:30:46'),(810,1444,37,3443,1890.00,11.70,0.00,'2023-08-07 17:29:36','2023-08-07 17:30:46','2023-08-07 17:30:46'),(811,1444,37,3445,1.00,25000.00,0.00,'2023-08-07 17:29:36','2023-08-07 17:30:46','2023-08-07 17:30:46'),(812,1444,37,2611,0.00,4877.38,0.00,'2023-08-07 17:29:36','2023-08-07 17:30:46','2023-08-07 17:30:46'),(813,1444,37,2612,0.00,4877.38,0.00,'2023-08-07 17:29:36','2023-08-07 17:30:46','2023-08-07 17:30:46'),(814,1444,37,2570,0.00,4926.15,0.00,'2023-08-07 17:29:36','2023-08-07 17:30:46','2023-08-07 17:30:46'),(815,1444,37,2571,0.00,100.00,0.00,'2023-08-07 17:29:36','2023-08-07 17:30:46','2023-08-07 17:30:46'),(816,1444,37,2625,0.00,609.67,0.00,'2023-08-07 17:29:36','2023-08-07 17:30:46','2023-08-07 17:30:46'),(817,1444,37,2572,0.00,914.51,0.00,'2023-08-07 17:29:36','2023-08-07 17:30:46','2023-08-07 17:30:46'),(818,1444,37,2573,0.00,1219.34,0.00,'2023-08-07 17:29:36','2023-08-07 17:30:46','2023-08-07 17:30:46'),(819,1444,37,2615,0.00,5852.85,0.00,'2023-08-07 17:29:36','2023-08-07 17:30:46','2023-08-07 17:30:46'),(820,1444,37,2574,0.00,5852.85,0.00,'2023-08-07 17:29:36','2023-08-07 17:30:46','2023-08-07 17:30:46'),(821,1444,37,3437,0.00,975.47,0.00,'2023-08-07 17:29:36','2023-08-07 17:30:46','2023-08-07 17:30:46'),(822,1444,37,2576,0.00,160094.93,0.00,'2023-08-07 17:29:36','2023-08-07 17:30:46','2023-08-07 17:30:46'),(823,1444,37,2561,1.00,0.00,0.00,'2023-08-07 17:29:36','2023-08-07 17:30:46','2023-08-07 17:30:46'),(824,1444,37,3442,1890.00,11.70,0.00,'2023-08-07 17:30:05','2023-08-07 17:30:46','2023-08-07 17:30:46'),(825,1444,37,3441,4.00,6096.72,0.00,'2023-08-07 17:30:05','2023-08-07 17:30:46','2023-08-07 17:30:46');
INSERT INTO `syj_liq_empleado_detail` VALUES (826,1444,37,3443,1890.00,11.70,0.00,'2023-08-07 17:30:05','2023-08-07 17:30:46','2023-08-07 17:30:46'),(827,1444,37,3445,1.00,25000.00,0.00,'2023-08-07 17:30:05','2023-08-07 17:30:46','2023-08-07 17:30:46'),(828,1444,37,2611,0.00,4877.38,0.00,'2023-08-07 17:30:05','2023-08-07 17:30:46','2023-08-07 17:30:46'),(829,1444,37,2612,0.00,4877.38,0.00,'2023-08-07 17:30:05','2023-08-07 17:30:46','2023-08-07 17:30:46'),(830,1444,37,2570,0.00,4926.15,0.00,'2023-08-07 17:30:05','2023-08-07 17:30:46','2023-08-07 17:30:46'),(831,1444,37,2571,0.00,100.00,0.00,'2023-08-07 17:30:05','2023-08-07 17:30:46','2023-08-07 17:30:46'),(832,1444,37,2625,0.00,609.67,0.00,'2023-08-07 17:30:05','2023-08-07 17:30:46','2023-08-07 17:30:46'),(833,1444,37,2572,0.00,914.51,0.00,'2023-08-07 17:30:05','2023-08-07 17:30:46','2023-08-07 17:30:46'),(834,1444,37,2573,0.00,1219.34,0.00,'2023-08-07 17:30:05','2023-08-07 17:30:46','2023-08-07 17:30:46'),(835,1444,37,2615,0.00,5852.85,0.00,'2023-08-07 17:30:05','2023-08-07 17:30:46','2023-08-07 17:30:46'),(836,1444,37,2574,0.00,5852.85,0.00,'2023-08-07 17:30:05','2023-08-07 17:30:46','2023-08-07 17:30:46'),(837,1444,37,3437,0.00,975.47,0.00,'2023-08-07 17:30:05','2023-08-07 17:30:46','2023-08-07 17:30:46'),(838,1444,37,2576,0.00,160094.93,0.00,'2023-08-07 17:30:05','2023-08-07 17:30:46','2023-08-07 17:30:46'),(839,1444,37,2561,1.00,0.00,0.00,'2023-08-07 17:30:05','2023-08-07 17:30:46','2023-08-07 17:30:46'),(840,1444,37,3442,1890.00,11.70,22113.00,'2023-08-07 17:30:46','2023-08-07 17:30:46',NULL),(841,1444,37,3441,4.00,6096.72,24386.88,'2023-08-07 17:30:46','2023-08-07 17:30:46',NULL),(842,1444,37,3443,1890.00,11.70,22113.00,'2023-08-07 17:30:46','2023-08-07 17:30:46',NULL),(843,1444,37,3444,1.00,7003.68,7003.68,'2023-08-07 17:30:46','2023-08-07 17:30:46',NULL),(844,1444,37,2618,0.00,4877.38,146321.27,'2023-08-07 17:30:46','2023-08-07 17:30:46',NULL),(845,1444,37,2619,1.00,146321.27,1463.21,'2023-08-07 17:30:46','2023-08-07 17:30:46',NULL),(846,1444,37,2621,1.00,160094.93,160094.93,'2023-08-07 17:30:46','2023-08-07 17:30:46',NULL),(847,1444,37,2620,1.00,4877.38,4877.38,'2023-08-07 17:30:46','2023-08-07 17:30:46',NULL),(848,1444,37,3445,1.00,25000.00,25000.00,'2023-08-07 17:30:46','2023-08-07 17:30:46',NULL),(849,1444,37,2622,8.33,147784.48,12310.45,'2023-08-07 17:30:46','2023-08-07 17:30:46',NULL),(850,1444,37,2623,1.00,146322.27,1463.22,'2023-08-07 17:30:46','2023-08-07 17:30:46',NULL),(851,1444,37,2560,1.00,1.00,0.77,'2023-08-07 17:30:46','2023-08-07 17:30:46',NULL),(852,1444,37,2595,11.00,194284.37,21371.28,'2023-08-07 17:30:46','2023-08-07 17:30:46',NULL),(853,1444,37,2596,3.00,194284.37,5828.53,'2023-08-07 17:30:46','2023-08-07 17:30:46',NULL),(854,1444,37,2597,3.00,194284.37,5828.53,'2023-08-07 17:30:46','2023-08-07 17:30:46',NULL),(855,1444,37,2598,3.00,194284.37,5828.53,'2023-08-07 17:30:46','2023-08-07 17:30:46',NULL),(856,1444,37,2637,1.50,194284.37,2914.27,'2023-08-07 17:30:46','2023-08-07 17:30:46',NULL),(857,1444,37,2609,194284.37,8.09,1.00,'2023-08-07 17:30:46','2023-08-07 17:30:46',NULL),(858,1444,39,3442,1890.00,11.70,0.00,'2023-08-09 12:07:12','2023-08-09 12:15:25','2023-08-09 12:15:25'),(859,1444,39,3441,4.00,6096.72,0.00,'2023-08-09 12:07:12','2023-08-09 12:15:25','2023-08-09 12:15:25'),(860,1444,39,3443,1890.00,11.70,0.00,'2023-08-09 12:07:12','2023-08-09 12:15:25','2023-08-09 12:15:25'),(861,1444,39,3445,0.00,25000.00,0.00,'2023-08-09 12:07:12','2023-08-09 12:15:25','2023-08-09 12:15:25'),(862,1444,39,2611,0.00,4877.38,0.00,'2023-08-09 12:07:12','2023-08-09 12:15:25','2023-08-09 12:15:25'),(863,1444,39,2612,0.00,4877.38,0.00,'2023-08-09 12:07:12','2023-08-09 12:15:25','2023-08-09 12:15:25'),(864,1444,39,2570,0.00,4926.15,0.00,'2023-08-09 12:07:12','2023-08-09 12:15:25','2023-08-09 12:15:25'),(865,1444,39,2571,0.00,100.00,0.00,'2023-08-09 12:07:12','2023-08-09 12:15:25','2023-08-09 12:15:25'),(866,1444,39,2625,0.00,609.67,0.00,'2023-08-09 12:07:12','2023-08-09 12:15:25','2023-08-09 12:15:25');
INSERT INTO `syj_liq_empleado_detail` VALUES (867,1444,39,2572,0.00,914.51,0.00,'2023-08-09 12:07:12','2023-08-09 12:15:25','2023-08-09 12:15:25'),(868,1444,39,2573,0.00,1219.34,0.00,'2023-08-09 12:07:12','2023-08-09 12:15:25','2023-08-09 12:15:25'),(869,1444,39,2615,0.00,5852.85,0.00,'2023-08-09 12:07:12','2023-08-09 12:15:25','2023-08-09 12:15:25'),(870,1444,39,2574,0.00,5852.85,0.00,'2023-08-09 12:07:12','2023-08-09 12:15:25','2023-08-09 12:15:25'),(871,1444,39,3437,0.00,975.47,0.00,'2023-08-09 12:07:12','2023-08-09 12:15:25','2023-08-09 12:15:25'),(872,1444,39,2576,0.00,160094.93,0.00,'2023-08-09 12:07:12','2023-08-09 12:15:25','2023-08-09 12:15:25'),(873,1444,39,2561,1.00,0.00,0.00,'2023-08-09 12:07:12','2023-08-09 12:15:25','2023-08-09 12:15:25'),(874,1444,39,3442,1890.00,11.70,0.00,'2023-08-09 12:14:35','2023-08-09 12:15:25','2023-08-09 12:15:25'),(875,1444,39,3441,4.00,6096.72,0.00,'2023-08-09 12:14:35','2023-08-09 12:15:25','2023-08-09 12:15:25'),(876,1444,39,3443,1890.00,11.70,0.00,'2023-08-09 12:14:35','2023-08-09 12:15:25','2023-08-09 12:15:25'),(877,1444,39,3445,1.00,25000.00,0.00,'2023-08-09 12:14:35','2023-08-09 12:15:25','2023-08-09 12:15:25'),(878,1444,39,2611,0.00,4877.38,0.00,'2023-08-09 12:14:35','2023-08-09 12:15:25','2023-08-09 12:15:25'),(879,1444,39,2612,0.00,4877.38,0.00,'2023-08-09 12:14:35','2023-08-09 12:15:25','2023-08-09 12:15:25'),(880,1444,39,2570,0.00,4926.15,0.00,'2023-08-09 12:14:35','2023-08-09 12:15:25','2023-08-09 12:15:25'),(881,1444,39,2571,0.00,100.00,0.00,'2023-08-09 12:14:35','2023-08-09 12:15:25','2023-08-09 12:15:25'),(882,1444,39,2625,0.00,609.67,0.00,'2023-08-09 12:14:35','2023-08-09 12:15:25','2023-08-09 12:15:25'),(883,1444,39,2572,0.00,914.51,0.00,'2023-08-09 12:14:35','2023-08-09 12:15:25','2023-08-09 12:15:25'),(884,1444,39,2573,0.00,1219.34,0.00,'2023-08-09 12:14:35','2023-08-09 12:15:25','2023-08-09 12:15:25'),(885,1444,39,2615,0.00,5852.85,0.00,'2023-08-09 12:14:35','2023-08-09 12:15:25','2023-08-09 12:15:25'),(886,1444,39,2574,0.00,5852.85,0.00,'2023-08-09 12:14:35','2023-08-09 12:15:25','2023-08-09 12:15:25'),(887,1444,39,3437,0.00,975.47,0.00,'2023-08-09 12:14:35','2023-08-09 12:15:25','2023-08-09 12:15:25'),(888,1444,39,2576,0.00,160094.93,0.00,'2023-08-09 12:14:35','2023-08-09 12:15:25','2023-08-09 12:15:25'),(889,1444,39,2561,1.00,0.00,0.00,'2023-08-09 12:14:35','2023-08-09 12:15:25','2023-08-09 12:15:25'),(890,1444,39,3442,1890.00,11.70,22113.00,'2023-08-09 12:15:25','2023-08-09 12:15:25',NULL),(891,1444,39,3441,4.00,6096.72,24386.88,'2023-08-09 12:15:25','2023-08-09 12:15:25',NULL),(892,1444,39,3443,1890.00,11.70,22113.00,'2023-08-09 12:15:25','2023-08-09 12:15:25',NULL),(893,1444,39,3444,1.00,7003.68,7003.68,'2023-08-09 12:15:25','2023-08-09 12:15:25',NULL),(894,1444,39,2618,0.00,4877.38,146321.27,'2023-08-09 12:15:25','2023-08-09 12:15:25',NULL),(895,1444,39,2619,1.00,146321.27,1463.21,'2023-08-09 12:15:25','2023-08-09 12:15:25',NULL),(896,1444,39,2621,1.00,160094.93,160094.93,'2023-08-09 12:15:25','2023-08-09 12:15:25',NULL),(897,1444,39,2620,1.00,4877.38,4877.38,'2023-08-09 12:15:25','2023-08-09 12:15:25',NULL),(898,1444,39,3445,1.00,25000.00,25000.00,'2023-08-09 12:15:25','2023-08-09 12:15:25',NULL),(899,1444,39,2622,8.33,147784.48,12310.45,'2023-08-09 12:15:25','2023-08-09 12:15:25',NULL),(900,1444,39,2623,1.00,146322.27,1463.22,'2023-08-09 12:15:25','2023-08-09 12:15:25',NULL),(901,1444,39,2560,1.00,1.00,0.77,'2023-08-09 12:15:25','2023-08-09 12:15:25',NULL),(902,1444,39,2595,11.00,194284.37,21371.28,'2023-08-09 12:15:25','2023-08-09 12:15:25',NULL),(903,1444,39,2596,3.00,194284.37,5828.53,'2023-08-09 12:15:25','2023-08-09 12:15:25',NULL),(904,1444,39,2597,3.00,194284.37,5828.53,'2023-08-09 12:15:25','2023-08-09 12:15:25',NULL),(905,1444,39,2598,3.00,194284.37,5828.53,'2023-08-09 12:15:25','2023-08-09 12:15:25',NULL),(906,1444,39,2637,1.50,194284.37,2914.27,'2023-08-09 12:15:25','2023-08-09 12:15:25',NULL),(907,1444,39,2609,194284.37,8.09,1.00,'2023-08-09 12:15:25','2023-08-09 12:15:25',NULL);
INSERT INTO `syj_liq_empleado_detail` VALUES (908,1444,47,3442,440.00,13.39,0.00,'2023-08-15 17:03:57','2023-08-15 17:05:00','2023-08-15 17:05:00'),(909,1444,47,3441,1.00,6972.49,0.00,'2023-08-15 17:03:57','2023-08-15 17:05:00','2023-08-15 17:05:00'),(910,1444,47,3443,440.00,13.39,0.00,'2023-08-15 17:03:57','2023-08-15 17:05:00','2023-08-15 17:05:00'),(911,1444,47,3445,0.00,25000.00,0.00,'2023-08-15 17:03:57','2023-08-15 17:05:00','2023-08-15 17:05:00'),(912,1444,47,2611,0.00,5577.99,0.00,'2023-08-15 17:03:57','2023-08-15 17:05:00','2023-08-15 17:05:00'),(913,1444,47,2612,0.00,5577.99,0.00,'2023-08-15 17:03:57','2023-08-15 17:05:00','2023-08-15 17:05:00'),(914,1444,47,2570,0.00,5633.77,0.00,'2023-08-15 17:03:57','2023-08-15 17:05:00','2023-08-15 17:05:00'),(915,1444,47,2571,0.00,100.00,0.00,'2023-08-15 17:03:57','2023-08-15 17:05:00','2023-08-15 17:05:00'),(916,1444,47,2625,0.00,697.25,0.00,'2023-08-15 17:03:57','2023-08-15 17:05:00','2023-08-15 17:05:00'),(917,1444,47,2572,0.00,1045.87,0.00,'2023-08-15 17:03:57','2023-08-15 17:05:00','2023-08-15 17:05:00'),(918,1444,47,2573,0.00,1394.50,0.00,'2023-08-15 17:03:57','2023-08-15 17:05:00','2023-08-15 17:05:00'),(919,1444,47,2615,0.00,6693.59,0.00,'2023-08-15 17:03:57','2023-08-15 17:05:00','2023-08-15 17:05:00'),(920,1444,47,2574,0.00,6693.59,0.00,'2023-08-15 17:03:57','2023-08-15 17:05:00','2023-08-15 17:05:00'),(921,1444,47,3437,0.00,1115.60,0.00,'2023-08-15 17:03:57','2023-08-15 17:05:00','2023-08-15 17:05:00'),(922,1444,47,2576,0.00,183091.99,0.00,'2023-08-15 17:03:57','2023-08-15 17:05:00','2023-08-15 17:05:00'),(923,1444,47,2561,1.00,0.00,0.00,'2023-08-15 17:03:57','2023-08-15 17:05:00','2023-08-15 17:05:00'),(924,1444,47,3442,440.00,13.39,5891.60,'2023-08-15 17:05:00','2023-10-09 17:04:27','2023-10-09 17:04:27'),(925,1444,47,3441,1.00,6972.49,6972.49,'2023-08-15 17:05:00','2023-10-09 17:04:27','2023-10-09 17:04:27'),(926,1444,47,3443,440.00,13.39,5891.60,'2023-08-15 17:05:00','2023-10-09 17:04:27','2023-10-09 17:04:27'),(927,1444,47,3444,1.00,7003.68,7003.68,'2023-08-15 17:05:00','2023-10-09 17:04:27','2023-10-09 17:04:27'),(928,1444,47,2618,0.00,5577.99,27889.95,'2023-08-15 17:05:00','2023-10-09 17:04:27','2023-10-09 17:04:27'),(929,1444,47,2619,1.00,27889.95,278.90,'2023-08-15 17:05:00','2023-10-09 17:04:27','2023-10-09 17:04:27'),(930,1444,47,2621,1.00,30515.32,30515.32,'2023-08-15 17:05:00','2023-10-09 17:04:27','2023-10-09 17:04:27'),(931,1444,47,2620,1.00,5577.99,5577.99,'2023-08-15 17:05:00','2023-10-09 17:04:27','2023-10-09 17:04:27'),(932,1444,47,2622,8.33,28168.85,2346.47,'2023-08-15 17:05:00','2023-10-09 17:04:27','2023-10-09 17:04:27'),(933,1444,47,2623,1.00,27890.95,278.91,'2023-08-15 17:05:00','2023-10-09 17:04:27','2023-10-09 17:04:27'),(934,1444,47,2560,1.00,1.00,0.53,'2023-08-15 17:05:00','2023-10-09 17:04:27','2023-10-09 17:04:27'),(935,1444,47,2595,11.00,41032.95,4513.62,'2023-08-15 17:05:00','2023-10-09 17:04:27','2023-10-09 17:04:27'),(936,1444,47,2596,3.00,41032.95,1230.99,'2023-08-15 17:05:00','2023-10-09 17:04:27','2023-10-09 17:04:27'),(937,1444,47,2597,3.00,41032.95,1230.99,'2023-08-15 17:05:00','2023-10-09 17:04:27','2023-10-09 17:04:27'),(938,1444,47,2598,3.00,41032.95,1230.99,'2023-08-15 17:05:00','2023-10-09 17:04:27','2023-10-09 17:04:27'),(939,1444,47,2637,1.50,41032.95,615.49,'2023-08-15 17:05:00','2023-10-09 17:04:27','2023-10-09 17:04:27'),(940,1444,47,2609,41032.95,8.09,1.00,'2023-08-15 17:05:00','2023-10-09 17:04:27','2023-10-09 17:04:27'),(941,1444,48,3442,0.00,13.39,0.00,'2023-08-15 17:11:30','2023-08-15 17:11:30',NULL),(942,1444,48,3441,0.00,6972.49,0.00,'2023-08-15 17:11:30','2023-08-15 17:11:30',NULL),(943,1444,48,3443,0.00,13.39,0.00,'2023-08-15 17:11:30','2023-08-15 17:11:30',NULL),(944,1444,48,3445,0.00,25000.00,0.00,'2023-08-15 17:11:30','2023-08-15 17:11:30',NULL),(945,1444,48,2611,0.00,5577.99,0.00,'2023-08-15 17:11:30','2023-08-15 17:11:30',NULL),(946,1444,48,2612,0.00,5577.99,0.00,'2023-08-15 17:11:30','2023-08-15 17:11:30',NULL);
INSERT INTO `syj_liq_empleado_detail` VALUES (947,1444,48,2570,0.00,0.00,0.00,'2023-08-15 17:11:30','2023-08-15 17:11:30',NULL),(948,1444,48,2571,0.00,100.00,0.00,'2023-08-15 17:11:30','2023-08-15 17:11:30',NULL),(949,1444,48,2625,0.00,697.25,0.00,'2023-08-15 17:11:30','2023-08-15 17:11:30',NULL),(950,1444,48,2572,0.00,1045.87,0.00,'2023-08-15 17:11:30','2023-08-15 17:11:30',NULL),(951,1444,48,2573,0.00,1394.50,0.00,'2023-08-15 17:11:30','2023-08-15 17:11:30',NULL),(952,1444,48,2615,0.00,6693.59,0.00,'2023-08-15 17:11:30','2023-08-15 17:11:30',NULL),(953,1444,48,2574,0.00,6693.59,0.00,'2023-08-15 17:11:30','2023-08-15 17:11:30',NULL),(954,1444,48,3437,0.00,1115.60,0.00,'2023-08-15 17:11:30','2023-08-15 17:11:30',NULL),(955,1444,48,2576,0.00,0.00,0.00,'2023-08-15 17:11:30','2023-08-15 17:11:30',NULL),(956,1444,48,2628,0.00,0.08,0.00,'2023-08-15 17:11:30','2023-08-15 17:11:30',NULL),(957,1444,48,2580,1.00,269178.21,269178.21,'2023-08-15 17:11:30','2023-08-15 17:11:30',NULL),(958,1444,48,2569,1.00,0.00,0.00,'2023-08-15 17:11:30','2023-08-15 17:11:30',NULL),(959,1444,48,2561,1.00,0.00,0.00,'2023-08-15 17:11:30','2023-08-15 17:11:30',NULL),(960,1444,48,3442,0.00,13.39,0.00,'2023-08-15 17:16:42','2023-08-15 17:16:42',NULL),(961,1444,48,3441,0.00,6972.49,0.00,'2023-08-15 17:16:42','2023-08-15 17:16:42',NULL),(962,1444,48,3443,0.00,13.39,0.00,'2023-08-15 17:16:42','2023-08-15 17:16:42',NULL),(963,1444,48,3445,0.00,25000.00,0.00,'2023-08-15 17:16:42','2023-08-15 17:16:42',NULL),(964,1444,48,2611,0.00,5577.99,0.00,'2023-08-15 17:16:42','2023-08-15 17:16:42',NULL),(965,1444,48,2612,0.00,5577.99,0.00,'2023-08-15 17:16:42','2023-08-15 17:16:42',NULL),(966,1444,48,2570,0.00,0.00,0.00,'2023-08-15 17:16:42','2023-08-15 17:16:42',NULL),(967,1444,48,2571,0.00,100.00,0.00,'2023-08-15 17:16:42','2023-08-15 17:16:42',NULL),(968,1444,48,2625,0.00,697.25,0.00,'2023-08-15 17:16:42','2023-08-15 17:16:42',NULL),(969,1444,48,2572,0.00,1045.87,0.00,'2023-08-15 17:16:42','2023-08-15 17:16:42',NULL),(970,1444,48,2573,0.00,1394.50,0.00,'2023-08-15 17:16:42','2023-08-15 17:16:42',NULL),(971,1444,48,2615,0.00,6693.59,0.00,'2023-08-15 17:16:42','2023-08-15 17:16:42',NULL),(972,1444,48,2574,0.00,6693.59,0.00,'2023-08-15 17:16:42','2023-08-15 17:16:42',NULL),(973,1444,48,3437,0.00,1115.60,0.00,'2023-08-15 17:16:42','2023-08-15 17:16:42',NULL),(974,1444,48,2576,0.00,0.00,0.00,'2023-08-15 17:16:42','2023-08-15 17:16:42',NULL),(975,1444,48,2628,0.00,0.08,0.00,'2023-08-15 17:16:42','2023-08-15 17:16:42',NULL),(976,1444,48,2580,0.00,269178.21,269178.21,'2023-08-15 17:16:42','2023-08-15 17:16:42',NULL),(977,1444,48,2569,1.00,0.00,0.00,'2023-08-15 17:16:42','2023-08-15 17:16:42',NULL),(978,1444,48,2561,1.00,0.00,0.00,'2023-08-15 17:16:42','2023-08-15 17:16:42',NULL),(979,1444,48,3442,0.00,13.39,0.00,'2023-08-15 17:17:10','2023-08-15 17:17:10',NULL),(980,1444,48,3441,0.00,6972.49,0.00,'2023-08-15 17:17:10','2023-08-15 17:17:10',NULL),(981,1444,48,3443,0.00,13.39,0.00,'2023-08-15 17:17:10','2023-08-15 17:17:10',NULL),(982,1444,48,3445,0.00,25000.00,0.00,'2023-08-15 17:17:10','2023-08-15 17:17:10',NULL),(983,1444,48,2611,0.00,5577.99,0.00,'2023-08-15 17:17:10','2023-08-15 17:17:10',NULL),(984,1444,48,2612,0.00,5577.99,0.00,'2023-08-15 17:17:10','2023-08-15 17:17:10',NULL),(985,1444,48,2570,0.00,0.00,0.00,'2023-08-15 17:17:10','2023-08-15 17:17:10',NULL),(986,1444,48,2571,0.00,100.00,0.00,'2023-08-15 17:17:10','2023-08-15 17:17:10',NULL),(987,1444,48,2625,0.00,697.25,0.00,'2023-08-15 17:17:10','2023-08-15 17:17:10',NULL),(988,1444,48,2572,0.00,1045.87,0.00,'2023-08-15 17:17:10','2023-08-15 17:17:10',NULL),(989,1444,48,2573,0.00,1394.50,0.00,'2023-08-15 17:17:10','2023-08-15 17:17:10',NULL),(990,1444,48,2615,0.00,6693.59,0.00,'2023-08-15 17:17:10','2023-08-15 17:17:10',NULL),(991,1444,48,2574,0.00,6693.59,0.00,'2023-08-15 17:17:10','2023-08-15 17:17:10',NULL),(992,1444,48,3437,0.00,1115.60,0.00,'2023-08-15 17:17:10','2023-08-15 17:17:10',NULL);
INSERT INTO `syj_liq_empleado_detail` VALUES (993,1444,48,2576,0.00,0.00,0.00,'2023-08-15 17:17:10','2023-08-15 17:17:10',NULL),(994,1444,48,2628,0.00,0.08,0.00,'2023-08-15 17:17:10','2023-08-15 17:17:10',NULL),(995,1444,48,2580,0.00,269178.21,269178.21,'2023-08-15 17:17:10','2023-08-15 17:17:10',NULL),(996,1444,48,2569,1.00,0.00,0.00,'2023-08-15 17:17:10','2023-08-15 17:17:10',NULL),(997,1444,48,2561,1.00,0.00,0.00,'2023-08-15 17:17:10','2023-08-15 17:17:10',NULL),(998,1444,48,3442,0.00,13.39,0.00,'2023-08-15 17:18:36','2023-08-15 17:18:36',NULL),(999,1444,48,3441,0.00,6972.49,0.00,'2023-08-15 17:18:36','2023-08-15 17:18:36',NULL),(1000,1444,48,3443,0.00,13.39,0.00,'2023-08-15 17:18:36','2023-08-15 17:18:36',NULL),(1001,1444,48,3445,0.00,25000.00,0.00,'2023-08-15 17:18:36','2023-08-15 17:18:36',NULL),(1002,1444,48,2611,0.00,5577.99,0.00,'2023-08-15 17:18:36','2023-08-15 17:18:36',NULL),(1003,1444,48,2612,0.00,5577.99,0.00,'2023-08-15 17:18:36','2023-08-15 17:18:36',NULL),(1004,1444,48,2570,0.00,0.00,0.00,'2023-08-15 17:18:36','2023-08-15 17:18:36',NULL),(1005,1444,48,2571,0.00,100.00,0.00,'2023-08-15 17:18:36','2023-08-15 17:18:36',NULL),(1006,1444,48,2625,0.00,697.25,0.00,'2023-08-15 17:18:36','2023-08-15 17:18:36',NULL),(1007,1444,48,2572,0.00,1045.87,0.00,'2023-08-15 17:18:36','2023-08-15 17:18:36',NULL),(1008,1444,48,2573,0.00,1394.50,0.00,'2023-08-15 17:18:36','2023-08-15 17:18:36',NULL),(1009,1444,48,2615,0.00,6693.59,0.00,'2023-08-15 17:18:36','2023-08-15 17:18:36',NULL),(1010,1444,48,2574,0.00,6693.59,0.00,'2023-08-15 17:18:36','2023-08-15 17:18:36',NULL),(1011,1444,48,3437,0.00,1115.60,0.00,'2023-08-15 17:18:36','2023-08-15 17:18:36',NULL),(1012,1444,48,2576,0.00,0.00,0.00,'2023-08-15 17:18:36','2023-08-15 17:18:36',NULL),(1013,1444,48,2628,0.00,0.08,0.00,'2023-08-15 17:18:36','2023-08-15 17:18:36',NULL),(1014,1444,48,2580,0.00,269178.21,269178.21,'2023-08-15 17:18:36','2023-08-15 17:18:36',NULL),(1015,1444,48,2569,1.00,0.00,0.00,'2023-08-15 17:18:36','2023-08-15 17:18:36',NULL),(1016,1444,48,2561,1.00,0.00,0.00,'2023-08-15 17:18:36','2023-08-15 17:18:36',NULL),(1017,1444,51,3442,440.00,13.39,0.00,'2023-10-13 12:16:20','2023-10-13 12:43:02','2023-10-13 12:43:02'),(1018,1444,51,3441,1.00,6972.49,0.00,'2023-10-13 12:16:20','2023-10-13 12:43:02','2023-10-13 12:43:02'),(1019,1444,51,3443,440.00,13.39,0.00,'2023-10-13 12:16:20','2023-10-13 12:43:02','2023-10-13 12:43:02'),(1020,1444,51,3445,0.00,25000.00,0.00,'2023-10-13 12:16:20','2023-10-13 12:43:02','2023-10-13 12:43:02'),(1021,1444,51,2611,0.00,5577.99,0.00,'2023-10-13 12:16:20','2023-10-13 12:43:02','2023-10-13 12:43:02'),(1022,1444,51,2612,0.00,5577.99,0.00,'2023-10-13 12:16:20','2023-10-13 12:43:02','2023-10-13 12:43:02'),(1023,1444,51,2570,0.00,0.00,0.00,'2023-10-13 12:16:20','2023-10-13 12:43:02','2023-10-13 12:43:02'),(1024,1444,51,2571,0.00,100.00,0.00,'2023-10-13 12:16:20','2023-10-13 12:43:02','2023-10-13 12:43:02'),(1025,1444,51,2625,0.00,697.25,0.00,'2023-10-13 12:16:20','2023-10-13 12:43:02','2023-10-13 12:43:02'),(1026,1444,51,2572,0.00,1045.87,0.00,'2023-10-13 12:16:20','2023-10-13 12:43:02','2023-10-13 12:43:02'),(1027,1444,51,2573,0.00,1394.50,0.00,'2023-10-13 12:16:20','2023-10-13 12:43:02','2023-10-13 12:43:02'),(1028,1444,51,2615,0.00,6693.59,0.00,'2023-10-13 12:16:20','2023-10-13 12:43:02','2023-10-13 12:43:02'),(1029,1444,51,2574,0.00,6693.59,0.00,'2023-10-13 12:16:20','2023-10-13 12:43:02','2023-10-13 12:43:02'),(1030,1444,51,3437,0.00,1115.60,0.00,'2023-10-13 12:16:20','2023-10-13 12:43:02','2023-10-13 12:43:02'),(1031,1444,51,2576,0.00,0.00,0.00,'2023-10-13 12:16:20','2023-10-13 12:43:02','2023-10-13 12:43:02'),(1032,1444,51,2628,0.00,0.08,0.00,'2023-10-13 12:16:20','2023-10-13 12:43:02','2023-10-13 12:43:02'),(1033,1444,51,2580,1.00,269178.21,269178.21,'2023-10-13 12:16:20','2023-10-13 12:43:02','2023-10-13 12:43:02'),(1034,1444,51,2569,1.00,0.00,0.00,'2023-10-13 12:16:20','2023-10-13 12:43:02','2023-10-13 12:43:02');
INSERT INTO `syj_liq_empleado_detail` VALUES (1035,1444,51,2561,1.00,0.00,0.00,'2023-10-13 12:16:20','2023-10-13 12:43:02','2023-10-13 12:43:02'),(1036,1444,58,3442,440.00,13.39,0.00,'2023-10-13 13:07:09','2023-10-13 13:50:20','2023-10-13 13:50:20'),(1037,1444,58,3441,1.00,6972.49,0.00,'2023-10-13 13:07:09','2023-10-13 13:50:20','2023-10-13 13:50:20'),(1038,1444,58,3443,440.00,13.39,0.00,'2023-10-13 13:07:09','2023-10-13 13:50:20','2023-10-13 13:50:20'),(1039,1444,58,3445,0.00,25000.00,0.00,'2023-10-13 13:07:09','2023-10-13 13:50:20','2023-10-13 13:50:20'),(1040,1444,58,2611,0.00,5577.99,0.00,'2023-10-13 13:07:09','2023-10-13 13:50:20','2023-10-13 13:50:20'),(1041,1444,58,2612,0.00,5577.99,0.00,'2023-10-13 13:07:09','2023-10-13 13:50:20','2023-10-13 13:50:20'),(1042,1444,58,2570,0.00,938.96,0.00,'2023-10-13 13:07:10','2023-10-13 13:50:20','2023-10-13 13:50:20'),(1043,1444,58,2571,0.00,100.00,0.00,'2023-10-13 13:07:10','2023-10-13 13:50:20','2023-10-13 13:50:20'),(1044,1444,58,2625,0.00,697.25,0.00,'2023-10-13 13:07:10','2023-10-13 13:50:20','2023-10-13 13:50:20'),(1045,1444,58,2572,0.00,1045.87,0.00,'2023-10-13 13:07:10','2023-10-13 13:50:20','2023-10-13 13:50:20'),(1046,1444,58,2573,0.00,1394.50,0.00,'2023-10-13 13:07:10','2023-10-13 13:50:20','2023-10-13 13:50:20'),(1047,1444,58,2615,0.00,6693.59,0.00,'2023-10-13 13:07:10','2023-10-13 13:50:20','2023-10-13 13:50:20'),(1048,1444,58,2574,0.00,6693.59,0.00,'2023-10-13 13:07:10','2023-10-13 13:50:20','2023-10-13 13:50:20'),(1049,1444,58,3437,0.00,1115.60,0.00,'2023-10-13 13:07:10','2023-10-13 13:50:20','2023-10-13 13:50:20'),(1050,1444,58,2576,0.00,30515.32,0.00,'2023-10-13 13:07:10','2023-10-13 13:50:20','2023-10-13 13:50:20'),(1051,1444,58,2628,0.00,0.08,0.00,'2023-10-13 13:07:10','2023-10-13 13:50:20','2023-10-13 13:50:20'),(1052,1444,58,2580,1.00,1942.95,1942.95,'2023-10-13 13:07:10','2023-10-13 13:50:20','2023-10-13 13:50:20'),(1053,1444,58,2569,1.00,0.00,0.00,'2023-10-13 13:07:10','2023-10-13 13:50:20','2023-10-13 13:50:20'),(1054,1444,58,2561,1.00,0.00,0.00,'2023-10-13 13:07:10','2023-10-13 13:50:20','2023-10-13 13:50:20'),(1055,1444,58,3442,440.00,13.39,0.00,'2023-10-13 13:08:02','2023-10-13 13:50:20','2023-10-13 13:50:20'),(1056,1444,58,3441,1.00,6972.49,0.00,'2023-10-13 13:08:02','2023-10-13 13:50:20','2023-10-13 13:50:20'),(1057,1444,58,3443,440.00,13.39,0.00,'2023-10-13 13:08:02','2023-10-13 13:50:20','2023-10-13 13:50:20'),(1058,1444,58,3445,0.00,25000.00,0.00,'2023-10-13 13:08:02','2023-10-13 13:50:20','2023-10-13 13:50:20'),(1059,1444,58,2611,0.00,5577.99,0.00,'2023-10-13 13:08:02','2023-10-13 13:50:20','2023-10-13 13:50:20'),(1060,1444,58,2612,0.00,5577.99,0.00,'2023-10-13 13:08:02','2023-10-13 13:50:20','2023-10-13 13:50:20'),(1061,1444,58,2570,0.00,938.96,0.00,'2023-10-13 13:08:02','2023-10-13 13:50:20','2023-10-13 13:50:20'),(1062,1444,58,2571,0.00,100.00,0.00,'2023-10-13 13:08:02','2023-10-13 13:50:20','2023-10-13 13:50:20'),(1063,1444,58,2625,0.00,697.25,0.00,'2023-10-13 13:08:02','2023-10-13 13:50:20','2023-10-13 13:50:20'),(1064,1444,58,2572,0.00,1045.87,0.00,'2023-10-13 13:08:02','2023-10-13 13:50:20','2023-10-13 13:50:20'),(1065,1444,58,2573,0.00,1394.50,0.00,'2023-10-13 13:08:02','2023-10-13 13:50:20','2023-10-13 13:50:20'),(1066,1444,58,2615,0.00,6693.59,0.00,'2023-10-13 13:08:02','2023-10-13 13:50:20','2023-10-13 13:50:20'),(1067,1444,58,2574,0.00,6693.59,0.00,'2023-10-13 13:08:02','2023-10-13 13:50:20','2023-10-13 13:50:20'),(1068,1444,58,3437,0.00,1115.60,0.00,'2023-10-13 13:08:02','2023-10-13 13:50:20','2023-10-13 13:50:20'),(1069,1444,58,2576,0.00,30515.32,0.00,'2023-10-13 13:08:02','2023-10-13 13:50:20','2023-10-13 13:50:20'),(1070,1444,58,2628,0.00,0.08,0.00,'2023-10-13 13:08:02','2023-10-13 13:50:20','2023-10-13 13:50:20'),(1071,1444,58,2580,1.00,1942.95,1942.95,'2023-10-13 13:08:02','2023-10-13 13:50:20','2023-10-13 13:50:20'),(1072,1444,58,2569,1.00,0.00,0.00,'2023-10-13 13:08:02','2023-10-13 13:50:20','2023-10-13 13:50:20');
INSERT INTO `syj_liq_empleado_detail` VALUES (1073,1444,58,2561,1.00,0.00,0.00,'2023-10-13 13:08:02','2023-10-13 13:50:20','2023-10-13 13:50:20'),(1074,1444,58,3442,440.00,13.39,5891.60,'2023-10-13 13:50:20','2023-10-13 13:50:43','2023-10-13 13:50:43'),(1075,1444,58,3441,1.00,6972.49,6972.49,'2023-10-13 13:50:20','2023-10-13 13:50:43','2023-10-13 13:50:43'),(1076,1444,58,3443,440.00,13.39,5891.60,'2023-10-13 13:50:20','2023-10-13 13:50:43','2023-10-13 13:50:43'),(1077,1444,58,3444,1.00,7003.68,7003.68,'2023-10-13 13:50:20','2023-10-13 13:50:43','2023-10-13 13:50:43'),(1078,1444,58,2618,0.00,5577.99,27889.95,'2023-10-13 13:50:20','2023-10-13 13:50:43','2023-10-13 13:50:43'),(1079,1444,58,2619,1.00,27889.95,278.90,'2023-10-13 13:50:20','2023-10-13 13:50:43','2023-10-13 13:50:43'),(1080,1444,58,2621,1.00,30515.32,30515.32,'2023-10-13 13:50:20','2023-10-13 13:50:43','2023-10-13 13:50:43'),(1081,1444,58,2620,1.00,5577.99,5577.99,'2023-10-13 13:50:20','2023-10-13 13:50:43','2023-10-13 13:50:43'),(1082,1444,58,2622,8.33,28168.85,2346.47,'2023-10-13 13:50:20','2023-10-13 13:50:43','2023-10-13 13:50:43'),(1083,1444,58,2623,1.00,27890.95,278.91,'2023-10-13 13:50:20','2023-10-13 13:50:43','2023-10-13 13:50:43'),(1084,1444,58,2586,1.00,1424.05,1424.05,'2023-10-13 13:50:20','2023-10-13 13:50:43','2023-10-13 13:50:43'),(1085,1444,58,2560,1.00,1.00,0.94,'2023-10-13 13:50:20','2023-10-13 13:50:43','2023-10-13 13:50:43'),(1086,1444,58,2595,11.00,41032.95,4513.62,'2023-10-13 13:50:20','2023-10-13 13:50:43','2023-10-13 13:50:43'),(1087,1444,58,2596,3.00,41032.95,1230.99,'2023-10-13 13:50:20','2023-10-13 13:50:43','2023-10-13 13:50:43'),(1088,1444,58,2597,3.00,41032.95,1230.99,'2023-10-13 13:50:20','2023-10-13 13:50:43','2023-10-13 13:50:43'),(1089,1444,58,2598,3.00,41032.95,1230.99,'2023-10-13 13:50:20','2023-10-13 13:50:43','2023-10-13 13:50:43'),(1090,1444,58,2637,1.50,41032.95,615.49,'2023-10-13 13:50:20','2023-10-13 13:50:43','2023-10-13 13:50:43'),(1091,1444,58,2582,14.00,1220.61,17088.54,'2023-10-13 13:50:20','2023-10-13 13:50:43','2023-10-13 13:50:43'),(1092,1444,58,3442,440.00,13.39,0.00,'2023-10-13 13:54:13','2023-10-13 13:55:13','2023-10-13 13:55:13'),(1093,1444,58,3441,1.00,6972.49,0.00,'2023-10-13 13:54:13','2023-10-13 13:55:13','2023-10-13 13:55:13'),(1094,1444,58,3443,440.00,13.39,0.00,'2023-10-13 13:54:13','2023-10-13 13:55:13','2023-10-13 13:55:13'),(1095,1444,58,3445,0.00,25000.00,0.00,'2023-10-13 13:54:13','2023-10-13 13:55:13','2023-10-13 13:55:13'),(1096,1444,58,2611,0.00,5577.99,0.00,'2023-10-13 13:54:13','2023-10-13 13:55:13','2023-10-13 13:55:13'),(1097,1444,58,2612,0.00,5577.99,0.00,'2023-10-13 13:54:13','2023-10-13 13:55:13','2023-10-13 13:55:13'),(1098,1444,58,2570,0.00,938.96,0.00,'2023-10-13 13:54:13','2023-10-13 13:55:13','2023-10-13 13:55:13'),(1099,1444,58,2571,0.00,100.00,0.00,'2023-10-13 13:54:13','2023-10-13 13:55:13','2023-10-13 13:55:13'),(1100,1444,58,2625,0.00,697.25,0.00,'2023-10-13 13:54:13','2023-10-13 13:55:13','2023-10-13 13:55:13'),(1101,1444,58,2572,0.00,1045.87,0.00,'2023-10-13 13:54:13','2023-10-13 13:55:13','2023-10-13 13:55:13'),(1102,1444,58,2573,0.00,1394.50,0.00,'2023-10-13 13:54:13','2023-10-13 13:55:13','2023-10-13 13:55:13'),(1103,1444,58,2615,0.00,6693.59,0.00,'2023-10-13 13:54:13','2023-10-13 13:55:13','2023-10-13 13:55:13'),(1104,1444,58,2574,0.00,6693.59,0.00,'2023-10-13 13:54:13','2023-10-13 13:55:13','2023-10-13 13:55:13'),(1105,1444,58,3437,0.00,1115.60,0.00,'2023-10-13 13:54:13','2023-10-13 13:55:13','2023-10-13 13:55:13'),(1106,1444,58,2576,0.00,30515.32,0.00,'2023-10-13 13:54:13','2023-10-13 13:55:13','2023-10-13 13:55:13'),(1107,1444,58,2628,0.00,0.08,0.00,'2023-10-13 13:54:13','2023-10-13 13:55:13','2023-10-13 13:55:13'),(1108,1444,58,2580,1.00,0.00,0.00,'2023-10-13 13:54:13','2023-10-13 13:55:13','2023-10-13 13:55:13'),(1109,1444,58,2569,1.00,0.00,0.00,'2023-10-13 13:54:13','2023-10-13 13:55:13','2023-10-13 13:55:13'),(1110,1444,58,2561,1.00,0.00,0.00,'2023-10-13 13:54:13','2023-10-13 13:55:13','2023-10-13 13:55:13');
INSERT INTO `syj_liq_empleado_detail` VALUES (1111,1444,58,3442,440.00,13.39,5891.60,'2023-10-13 13:55:13','2023-10-13 13:55:13',NULL),(1112,1444,58,3441,1.00,6972.49,6972.49,'2023-10-13 13:55:13','2023-10-13 13:55:13',NULL),(1113,1444,58,3443,440.00,13.39,5891.60,'2023-10-13 13:55:13','2023-10-13 13:55:13',NULL),(1114,1444,58,3444,1.00,7003.68,7003.68,'2023-10-13 13:55:13','2023-10-13 13:55:13',NULL),(1115,1444,58,2618,0.00,5577.99,27889.95,'2023-10-13 13:55:13','2023-10-13 13:55:13',NULL),(1116,1444,58,2619,1.00,27889.95,278.90,'2023-10-13 13:55:13','2023-10-13 13:55:13',NULL),(1117,1444,58,2621,1.00,30515.32,30515.32,'2023-10-13 13:55:13','2023-10-13 13:55:13',NULL),(1118,1444,58,2620,1.00,5577.99,5577.99,'2023-10-13 13:55:13','2023-10-13 13:55:13',NULL),(1119,1444,58,2622,8.33,28168.85,2346.47,'2023-10-13 13:55:13','2023-10-13 13:55:13',NULL),(1120,1444,58,2623,1.00,27890.95,278.91,'2023-10-13 13:55:13','2023-10-13 13:55:13',NULL),(1121,1444,58,2586,1.00,1424.05,1424.05,'2023-10-13 13:55:13','2023-10-13 13:55:13',NULL),(1122,1444,58,2560,1.00,1.00,0.94,'2023-10-13 13:55:13','2023-10-13 13:55:13',NULL),(1123,1444,58,2595,11.00,41032.95,4513.62,'2023-10-13 13:55:13','2023-10-13 13:55:13',NULL),(1124,1444,58,2596,3.00,41032.95,1230.99,'2023-10-13 13:55:13','2023-10-13 13:55:13',NULL),(1125,1444,58,2597,3.00,41032.95,1230.99,'2023-10-13 13:55:13','2023-10-13 13:55:13',NULL),(1126,1444,58,2598,3.00,41032.95,1230.99,'2023-10-13 13:55:13','2023-10-13 13:55:13',NULL),(1127,1444,58,2637,1.50,41032.95,615.49,'2023-10-13 13:55:13','2023-10-13 13:55:13',NULL),(1128,1444,58,2582,14.00,1220.61,17088.54,'2023-10-13 13:55:13','2023-10-13 13:55:13',NULL),(1129,1444,57,3442,10.00,13.39,0.00,'2023-10-13 13:56:25','2023-10-13 14:00:09','2023-10-13 14:00:09'),(1130,1444,57,3441,1.00,6972.49,0.00,'2023-10-13 13:56:25','2023-10-13 14:00:09','2023-10-13 14:00:09'),(1131,1444,57,3443,10.00,13.39,0.00,'2023-10-13 13:56:25','2023-10-13 14:00:09','2023-10-13 14:00:09'),(1132,1444,57,3445,0.00,25000.00,0.00,'2023-10-13 13:56:25','2023-10-13 14:00:09','2023-10-13 14:00:09'),(1133,1444,57,2611,0.00,5577.99,0.00,'2023-10-13 13:56:25','2023-10-13 14:00:09','2023-10-13 14:00:09'),(1134,1444,57,2612,0.00,5577.99,0.00,'2023-10-13 13:56:25','2023-10-13 14:00:09','2023-10-13 14:00:09'),(1135,1444,57,2570,0.00,5577.99,0.00,'2023-10-13 13:56:25','2023-10-13 14:00:09','2023-10-13 14:00:09'),(1136,1444,57,2571,0.00,100.00,0.00,'2023-10-13 13:56:25','2023-10-13 14:00:09','2023-10-13 14:00:09'),(1137,1444,57,2625,0.00,697.25,0.00,'2023-10-13 13:56:25','2023-10-13 14:00:09','2023-10-13 14:00:09'),(1138,1444,57,2572,0.00,1045.87,0.00,'2023-10-13 13:56:25','2023-10-13 14:00:09','2023-10-13 14:00:09'),(1139,1444,57,2573,0.00,1394.50,0.00,'2023-10-13 13:56:25','2023-10-13 14:00:09','2023-10-13 14:00:09'),(1140,1444,57,2615,0.00,6693.59,0.00,'2023-10-13 13:56:25','2023-10-13 14:00:09','2023-10-13 14:00:09'),(1141,1444,57,2574,0.00,6693.59,0.00,'2023-10-13 13:56:25','2023-10-13 14:00:09','2023-10-13 14:00:09'),(1142,1444,57,3437,0.00,1115.60,0.00,'2023-10-13 13:56:25','2023-10-13 14:00:09','2023-10-13 14:00:09'),(1143,1444,57,2576,0.00,181279.19,0.00,'2023-10-13 13:56:25','2023-10-13 14:00:09','2023-10-13 14:00:09'),(1144,1444,57,2565,1.00,4000.00,4000.00,'2023-10-13 13:56:25','2023-10-13 14:00:09','2023-10-13 14:00:09'),(1145,1444,57,2631,30.00,500.94,15028.20,'2023-10-13 13:56:25','2023-10-13 14:00:09','2023-10-13 14:00:09'),(1146,1444,57,2634,30.00,251.37,7541.10,'2023-10-13 13:56:25','2023-10-13 14:00:09','2023-10-13 14:00:09'),(1147,1444,57,2561,1.00,0.00,0.00,'2023-10-13 13:56:25','2023-10-13 14:00:09','2023-10-13 14:00:09'),(1148,1444,60,3442,10.00,13.39,0.00,'2023-10-13 14:00:54','2023-10-13 14:02:13','2023-10-13 14:02:13'),(1149,1444,60,3441,1.00,6972.49,0.00,'2023-10-13 14:00:54','2023-10-13 14:02:13','2023-10-13 14:02:13'),(1150,1444,60,3443,10.00,13.39,0.00,'2023-10-13 14:00:54','2023-10-13 14:02:13','2023-10-13 14:02:13');
INSERT INTO `syj_liq_empleado_detail` VALUES (1151,1444,60,3445,0.00,25000.00,0.00,'2023-10-13 14:00:54','2023-10-13 14:02:13','2023-10-13 14:02:13'),(1152,1444,60,2611,0.00,5577.99,0.00,'2023-10-13 14:00:54','2023-10-13 14:02:13','2023-10-13 14:02:13'),(1153,1444,60,2612,0.00,5577.99,0.00,'2023-10-13 14:00:54','2023-10-13 14:02:13','2023-10-13 14:02:13'),(1154,1444,60,2570,0.00,5577.99,0.00,'2023-10-13 14:00:54','2023-10-13 14:02:13','2023-10-13 14:02:13'),(1155,1444,60,2571,0.00,100.00,0.00,'2023-10-13 14:00:54','2023-10-13 14:02:13','2023-10-13 14:02:13'),(1156,1444,60,2625,0.00,697.25,0.00,'2023-10-13 14:00:54','2023-10-13 14:02:13','2023-10-13 14:02:13'),(1157,1444,60,2572,0.00,1045.87,0.00,'2023-10-13 14:00:54','2023-10-13 14:02:13','2023-10-13 14:02:13'),(1158,1444,60,2573,0.00,1394.50,0.00,'2023-10-13 14:00:54','2023-10-13 14:02:13','2023-10-13 14:02:13'),(1159,1444,60,2615,0.00,6693.59,0.00,'2023-10-13 14:00:54','2023-10-13 14:02:13','2023-10-13 14:02:13'),(1160,1444,60,2574,0.00,6693.59,0.00,'2023-10-13 14:00:54','2023-10-13 14:02:13','2023-10-13 14:02:13'),(1161,1444,60,3437,0.00,1115.60,0.00,'2023-10-13 14:00:54','2023-10-13 14:02:13','2023-10-13 14:02:13'),(1162,1444,60,2576,0.00,181279.19,0.00,'2023-10-13 14:00:54','2023-10-13 14:02:13','2023-10-13 14:02:13'),(1163,1444,60,2565,0.00,4000.00,4000.00,'2023-10-13 14:00:54','2023-10-13 14:02:13','2023-10-13 14:02:13'),(1164,1444,60,2561,1.00,0.00,0.00,'2023-10-13 14:00:54','2023-10-13 14:02:13','2023-10-13 14:02:13'),(1165,1444,60,3442,10.00,13.39,0.00,'2023-10-13 14:01:44','2023-10-13 14:02:13','2023-10-13 14:02:13'),(1166,1444,60,3441,1.00,6972.49,0.00,'2023-10-13 14:01:44','2023-10-13 14:02:13','2023-10-13 14:02:13'),(1167,1444,60,3443,10.00,13.39,0.00,'2023-10-13 14:01:44','2023-10-13 14:02:13','2023-10-13 14:02:13'),(1168,1444,60,3445,0.00,25000.00,0.00,'2023-10-13 14:01:44','2023-10-13 14:02:13','2023-10-13 14:02:13'),(1169,1444,60,2611,0.00,5577.99,0.00,'2023-10-13 14:01:44','2023-10-13 14:02:13','2023-10-13 14:02:13'),(1170,1444,60,2612,0.00,5577.99,0.00,'2023-10-13 14:01:44','2023-10-13 14:02:13','2023-10-13 14:02:13'),(1171,1444,60,2570,0.00,5577.99,0.00,'2023-10-13 14:01:44','2023-10-13 14:02:13','2023-10-13 14:02:13'),(1172,1444,60,2571,0.00,100.00,0.00,'2023-10-13 14:01:44','2023-10-13 14:02:13','2023-10-13 14:02:13'),(1173,1444,60,2625,0.00,697.25,0.00,'2023-10-13 14:01:44','2023-10-13 14:02:13','2023-10-13 14:02:13'),(1174,1444,60,2572,0.00,1045.87,0.00,'2023-10-13 14:01:44','2023-10-13 14:02:13','2023-10-13 14:02:13'),(1175,1444,60,2573,0.00,1394.50,0.00,'2023-10-13 14:01:44','2023-10-13 14:02:13','2023-10-13 14:02:13'),(1176,1444,60,2615,0.00,6693.59,0.00,'2023-10-13 14:01:44','2023-10-13 14:02:13','2023-10-13 14:02:13'),(1177,1444,60,2574,0.00,6693.59,0.00,'2023-10-13 14:01:44','2023-10-13 14:02:13','2023-10-13 14:02:13'),(1178,1444,60,3437,0.00,1115.60,0.00,'2023-10-13 14:01:44','2023-10-13 14:02:13','2023-10-13 14:02:13'),(1179,1444,60,2576,0.00,181279.19,0.00,'2023-10-13 14:01:44','2023-10-13 14:02:13','2023-10-13 14:02:13'),(1180,1444,60,2565,0.00,4000.00,4000.00,'2023-10-13 14:01:44','2023-10-13 14:02:13','2023-10-13 14:02:13'),(1181,1444,60,2561,1.00,0.00,0.00,'2023-10-13 14:01:44','2023-10-13 14:02:13','2023-10-13 14:02:13'),(1182,1444,60,3442,10.00,13.39,133.90,'2023-10-13 14:02:13','2023-10-13 14:10:38','2023-10-13 14:10:38'),(1183,1444,60,3441,1.00,6972.49,6972.49,'2023-10-13 14:02:13','2023-10-13 14:10:38','2023-10-13 14:10:38'),(1184,1444,60,3443,10.00,13.39,133.90,'2023-10-13 14:02:13','2023-10-13 14:10:38','2023-10-13 14:10:38'),(1185,1444,60,3444,1.00,7003.68,7003.68,'2023-10-13 14:02:13','2023-10-13 14:10:38','2023-10-13 14:10:38'),(1186,1444,60,2618,0.00,5577.99,50201.91,'2023-10-13 14:02:13','2023-10-13 14:10:38','2023-10-13 14:10:38'),(1187,1444,60,2621,1.00,54383.73,54383.73,'2023-10-13 14:02:13','2023-10-13 14:10:38','2023-10-13 14:10:38'),(1188,1444,60,2620,1.00,5577.99,5577.99,'2023-10-13 14:02:13','2023-10-13 14:10:38','2023-10-13 14:10:38');
INSERT INTO `syj_liq_empleado_detail` VALUES (1189,1444,60,2622,8.33,50201.91,4181.82,'2023-10-13 14:02:13','2023-10-13 14:10:38','2023-10-13 14:10:38'),(1190,1444,60,2560,1.00,1.00,0.58,'2023-10-13 14:02:13','2023-10-13 14:10:38','2023-10-13 14:10:38'),(1191,1444,60,2595,11.00,57308.30,6303.91,'2023-10-13 14:02:13','2023-10-13 14:10:38','2023-10-13 14:10:38'),(1192,1444,60,2598,3.00,57308.30,1719.25,'2023-10-13 14:02:13','2023-10-13 14:10:38','2023-10-13 14:10:38'),(1193,1444,60,2637,1.50,57308.30,859.62,'2023-10-13 14:02:13','2023-10-13 14:10:38','2023-10-13 14:10:38'),(1194,1444,60,2609,57308.30,8.09,1.00,'2023-10-13 14:02:13','2023-10-13 14:10:38','2023-10-13 14:10:38'),(1195,1444,62,3442,10.00,13.39,0.00,'2023-10-13 14:11:55','2023-10-13 14:12:24','2023-10-13 14:12:24'),(1196,1444,62,3441,1.00,6972.49,0.00,'2023-10-13 14:11:55','2023-10-13 14:12:24','2023-10-13 14:12:24'),(1197,1444,62,3443,10.00,13.39,0.00,'2023-10-13 14:11:55','2023-10-13 14:12:24','2023-10-13 14:12:24'),(1198,1444,62,3445,0.00,25000.00,0.00,'2023-10-13 14:11:55','2023-10-13 14:12:24','2023-10-13 14:12:24'),(1199,1444,62,2611,0.00,5577.99,0.00,'2023-10-13 14:11:55','2023-10-13 14:12:24','2023-10-13 14:12:24'),(1200,1444,62,2612,0.00,5577.99,0.00,'2023-10-13 14:11:55','2023-10-13 14:12:24','2023-10-13 14:12:24'),(1201,1444,62,2570,0.00,5577.99,0.00,'2023-10-13 14:11:55','2023-10-13 14:12:24','2023-10-13 14:12:24'),(1202,1444,62,2571,0.00,100.00,0.00,'2023-10-13 14:11:55','2023-10-13 14:12:24','2023-10-13 14:12:24'),(1203,1444,62,2625,0.00,697.25,0.00,'2023-10-13 14:11:55','2023-10-13 14:12:24','2023-10-13 14:12:24'),(1204,1444,62,2572,0.00,1045.87,0.00,'2023-10-13 14:11:55','2023-10-13 14:12:24','2023-10-13 14:12:24'),(1205,1444,62,2573,0.00,1394.50,0.00,'2023-10-13 14:11:55','2023-10-13 14:12:24','2023-10-13 14:12:24'),(1206,1444,62,2615,0.00,6693.59,0.00,'2023-10-13 14:11:55','2023-10-13 14:12:24','2023-10-13 14:12:24'),(1207,1444,62,2574,0.00,6693.59,0.00,'2023-10-13 14:11:55','2023-10-13 14:12:24','2023-10-13 14:12:24'),(1208,1444,62,3437,0.00,1115.60,0.00,'2023-10-13 14:11:55','2023-10-13 14:12:24','2023-10-13 14:12:24'),(1209,1444,62,2576,0.00,181279.19,0.00,'2023-10-13 14:11:55','2023-10-13 14:12:24','2023-10-13 14:12:24'),(1210,1444,62,2565,0.00,4000.00,4000.00,'2023-10-13 14:11:55','2023-10-13 14:12:24','2023-10-13 14:12:24'),(1211,1444,62,2561,1.00,0.00,0.00,'2023-10-13 14:11:55','2023-10-13 14:12:24','2023-10-13 14:12:24'),(1212,1444,62,3442,10.00,13.39,133.90,'2023-10-13 14:12:24','2023-10-13 14:49:52','2023-10-13 14:49:52'),(1213,1444,62,3441,1.00,6972.49,6972.49,'2023-10-13 14:12:24','2023-10-13 14:49:52','2023-10-13 14:49:52'),(1214,1444,62,3443,10.00,13.39,133.90,'2023-10-13 14:12:24','2023-10-13 14:49:52','2023-10-13 14:49:52'),(1215,1444,62,3444,1.00,7003.68,7003.68,'2023-10-13 14:12:24','2023-10-13 14:49:52','2023-10-13 14:49:52'),(1216,1444,62,2618,0.00,5577.99,50201.91,'2023-10-13 14:12:24','2023-10-13 14:49:52','2023-10-13 14:49:52'),(1217,1444,62,2621,1.00,54383.73,54383.73,'2023-10-13 14:12:24','2023-10-13 14:49:52','2023-10-13 14:49:52'),(1218,1444,62,2620,1.00,5577.99,5577.99,'2023-10-13 14:12:24','2023-10-13 14:49:52','2023-10-13 14:49:52'),(1219,1444,62,2622,8.33,50201.91,4181.82,'2023-10-13 14:12:24','2023-10-13 14:49:52','2023-10-13 14:49:52'),(1220,1444,62,2560,1.00,1.00,0.08,'2023-10-13 14:12:24','2023-10-13 14:49:52','2023-10-13 14:49:52'),(1221,1444,62,2595,11.00,57308.30,6303.91,'2023-10-13 14:12:24','2023-10-13 14:49:52','2023-10-13 14:49:52'),(1222,1444,62,2596,3.00,57308.30,1719.25,'2023-10-13 14:12:24','2023-10-13 14:49:52','2023-10-13 14:49:52'),(1223,1444,62,2597,3.00,57308.30,1719.25,'2023-10-13 14:12:24','2023-10-13 14:49:52','2023-10-13 14:49:52'),(1224,1444,62,2598,3.00,57308.30,1719.25,'2023-10-13 14:12:24','2023-10-13 14:49:52','2023-10-13 14:49:52'),(1225,1444,62,2637,1.50,57308.30,859.62,'2023-10-13 14:12:24','2023-10-13 14:49:52','2023-10-13 14:49:52'),(1226,1444,62,2609,57308.30,8.09,1.00,'2023-10-13 14:12:24','2023-10-13 14:49:52','2023-10-13 14:49:52');
INSERT INTO `syj_liq_empleado_detail` VALUES (1227,1444,67,3442,10.00,13.39,0.00,'2023-10-13 14:29:33','2023-10-13 14:30:33','2023-10-13 14:30:33'),(1228,1444,67,3441,0.00,6972.49,0.00,'2023-10-13 14:29:33','2023-10-13 14:30:33','2023-10-13 14:30:33'),(1229,1444,67,3443,10.00,13.39,0.00,'2023-10-13 14:29:33','2023-10-13 14:30:33','2023-10-13 14:30:33'),(1230,1444,67,3445,0.00,25000.00,0.00,'2023-10-13 14:29:33','2023-10-13 14:30:33','2023-10-13 14:30:33'),(1231,1444,67,2611,0.00,5577.99,0.00,'2023-10-13 14:29:33','2023-10-13 14:30:33','2023-10-13 14:30:33'),(1232,1444,67,2612,0.00,5577.99,0.00,'2023-10-13 14:29:33','2023-10-13 14:30:33','2023-10-13 14:30:33'),(1233,1444,67,2570,0.00,0.00,0.00,'2023-10-13 14:29:33','2023-10-13 14:30:33','2023-10-13 14:30:33'),(1234,1444,67,2571,0.00,100.00,0.00,'2023-10-13 14:29:33','2023-10-13 14:30:33','2023-10-13 14:30:33'),(1235,1444,67,2625,0.00,697.25,0.00,'2023-10-13 14:29:33','2023-10-13 14:30:33','2023-10-13 14:30:33'),(1236,1444,67,2572,0.00,1045.87,0.00,'2023-10-13 14:29:33','2023-10-13 14:30:33','2023-10-13 14:30:33'),(1237,1444,67,2573,0.00,1394.50,0.00,'2023-10-13 14:29:33','2023-10-13 14:30:33','2023-10-13 14:30:33'),(1238,1444,67,2615,0.00,6693.59,0.00,'2023-10-13 14:29:33','2023-10-13 14:30:33','2023-10-13 14:30:33'),(1239,1444,67,2574,0.00,6693.59,0.00,'2023-10-13 14:29:33','2023-10-13 14:30:33','2023-10-13 14:30:33'),(1240,1444,67,3437,0.00,1115.60,0.00,'2023-10-13 14:29:33','2023-10-13 14:30:33','2023-10-13 14:30:33'),(1241,1444,67,2576,0.00,0.00,0.00,'2023-10-13 14:29:33','2023-10-13 14:30:33','2023-10-13 14:30:33'),(1242,1444,67,2628,0.00,0.08,0.00,'2023-10-13 14:29:33','2023-10-13 14:30:33','2023-10-13 14:30:33'),(1243,1444,67,2580,1.00,57308.30,57308.30,'2023-10-13 14:29:33','2023-10-13 14:30:33','2023-10-13 14:30:33'),(1244,1444,67,2569,1.00,0.00,0.00,'2023-10-13 14:29:33','2023-10-13 14:30:33','2023-10-13 14:30:33'),(1245,1444,67,2561,1.00,0.00,0.00,'2023-10-13 14:29:33','2023-10-13 14:30:33','2023-10-13 14:30:33'),(1246,1444,68,3442,0.00,13.39,0.00,'2023-10-13 14:32:52','2023-10-13 14:32:52',NULL),(1247,1444,68,3441,0.00,6972.49,0.00,'2023-10-13 14:32:52','2023-10-13 14:32:52',NULL),(1248,1444,68,3443,0.00,13.39,0.00,'2023-10-13 14:32:52','2023-10-13 14:32:52',NULL),(1249,1444,68,3445,0.00,25000.00,0.00,'2023-10-13 14:32:52','2023-10-13 14:32:52',NULL),(1250,1444,68,2611,0.00,5577.99,0.00,'2023-10-13 14:32:52','2023-10-13 14:32:52',NULL),(1251,1444,68,2612,0.00,5577.99,0.00,'2023-10-13 14:32:52','2023-10-13 14:32:52',NULL),(1252,1444,68,2570,0.00,0.00,0.00,'2023-10-13 14:32:52','2023-10-13 14:32:52',NULL),(1253,1444,68,2571,0.00,100.00,0.00,'2023-10-13 14:32:52','2023-10-13 14:32:52',NULL),(1254,1444,68,2625,0.00,697.25,0.00,'2023-10-13 14:32:52','2023-10-13 14:32:52',NULL),(1255,1444,68,2572,0.00,1045.87,0.00,'2023-10-13 14:32:52','2023-10-13 14:32:52',NULL),(1256,1444,68,2573,0.00,1394.50,0.00,'2023-10-13 14:32:52','2023-10-13 14:32:52',NULL),(1257,1444,68,2615,0.00,6693.59,0.00,'2023-10-13 14:32:52','2023-10-13 14:32:52',NULL),(1258,1444,68,2574,0.00,6693.59,0.00,'2023-10-13 14:32:52','2023-10-13 14:32:52',NULL),(1259,1444,68,3437,0.00,1115.60,0.00,'2023-10-13 14:32:52','2023-10-13 14:32:52',NULL),(1260,1444,68,2576,0.00,0.00,0.00,'2023-10-13 14:32:52','2023-10-13 14:32:52',NULL),(1261,1444,68,2628,0.00,0.08,0.00,'2023-10-13 14:32:52','2023-10-13 14:32:52',NULL),(1262,1444,68,2580,1.00,269178.21,269178.21,'2023-10-13 14:32:52','2023-10-13 14:32:52',NULL),(1263,1444,68,2569,1.00,0.00,0.00,'2023-10-13 14:32:52','2023-10-13 14:32:52',NULL),(1264,1444,68,2561,1.00,0.00,0.00,'2023-10-13 14:32:52','2023-10-13 14:32:52',NULL),(1265,1444,69,3442,10.00,13.39,0.00,'2023-10-13 14:33:13','2023-10-13 14:34:23','2023-10-13 14:34:23'),(1266,1444,69,3441,0.00,6972.49,0.00,'2023-10-13 14:33:13','2023-10-13 14:34:23','2023-10-13 14:34:23'),(1267,1444,69,3443,10.00,13.39,0.00,'2023-10-13 14:33:13','2023-10-13 14:34:23','2023-10-13 14:34:23');
INSERT INTO `syj_liq_empleado_detail` VALUES (1268,1444,69,3445,0.00,25000.00,0.00,'2023-10-13 14:33:13','2023-10-13 14:34:23','2023-10-13 14:34:23'),(1269,1444,69,2611,0.00,5577.99,0.00,'2023-10-13 14:33:13','2023-10-13 14:34:23','2023-10-13 14:34:23'),(1270,1444,69,2612,0.00,5577.99,0.00,'2023-10-13 14:33:13','2023-10-13 14:34:23','2023-10-13 14:34:23'),(1271,1444,69,2570,0.00,0.00,0.00,'2023-10-13 14:33:13','2023-10-13 14:34:23','2023-10-13 14:34:23'),(1272,1444,69,2571,0.00,100.00,0.00,'2023-10-13 14:33:13','2023-10-13 14:34:23','2023-10-13 14:34:23'),(1273,1444,69,2625,0.00,697.25,0.00,'2023-10-13 14:33:13','2023-10-13 14:34:23','2023-10-13 14:34:23'),(1274,1444,69,2572,0.00,1045.87,0.00,'2023-10-13 14:33:13','2023-10-13 14:34:23','2023-10-13 14:34:23'),(1275,1444,69,2573,0.00,1394.50,0.00,'2023-10-13 14:33:13','2023-10-13 14:34:23','2023-10-13 14:34:23'),(1276,1444,69,2615,0.00,6693.59,0.00,'2023-10-13 14:33:13','2023-10-13 14:34:23','2023-10-13 14:34:23'),(1277,1444,69,2574,0.00,6693.59,0.00,'2023-10-13 14:33:13','2023-10-13 14:34:23','2023-10-13 14:34:23'),(1278,1444,69,3437,0.00,1115.60,0.00,'2023-10-13 14:33:13','2023-10-13 14:34:23','2023-10-13 14:34:23'),(1279,1444,69,2576,0.00,0.00,0.00,'2023-10-13 14:33:13','2023-10-13 14:34:23','2023-10-13 14:34:23'),(1280,1444,69,2628,0.00,0.08,0.00,'2023-10-13 14:33:13','2023-10-13 14:34:23','2023-10-13 14:34:23'),(1281,1444,69,2580,0.00,57308.30,57308.30,'2023-10-13 14:33:13','2023-10-13 14:34:23','2023-10-13 14:34:23'),(1282,1444,69,2569,1.00,0.00,0.00,'2023-10-13 14:33:13','2023-10-13 14:34:23','2023-10-13 14:34:23'),(1283,1444,69,2561,1.00,0.00,0.00,'2023-10-13 14:33:13','2023-10-13 14:34:23','2023-10-13 14:34:23'),(1284,1444,71,3442,10.00,13.39,0.00,'2023-10-13 14:35:58','2023-10-13 14:36:54','2023-10-13 14:36:54'),(1285,1444,71,3441,0.00,6972.49,0.00,'2023-10-13 14:35:58','2023-10-13 14:36:54','2023-10-13 14:36:54'),(1286,1444,71,3443,10.00,13.39,0.00,'2023-10-13 14:35:58','2023-10-13 14:36:54','2023-10-13 14:36:54'),(1287,1444,71,3445,0.00,25000.00,0.00,'2023-10-13 14:35:58','2023-10-13 14:36:54','2023-10-13 14:36:54'),(1288,1444,71,2611,0.00,5577.99,0.00,'2023-10-13 14:35:58','2023-10-13 14:36:54','2023-10-13 14:36:54'),(1289,1444,71,2612,0.00,5577.99,0.00,'2023-10-13 14:35:58','2023-10-13 14:36:54','2023-10-13 14:36:54'),(1290,1444,71,2570,0.00,0.00,0.00,'2023-10-13 14:35:58','2023-10-13 14:36:54','2023-10-13 14:36:54'),(1291,1444,71,2571,0.00,100.00,0.00,'2023-10-13 14:35:58','2023-10-13 14:36:54','2023-10-13 14:36:54'),(1292,1444,71,2625,0.00,697.25,0.00,'2023-10-13 14:35:58','2023-10-13 14:36:54','2023-10-13 14:36:54'),(1293,1444,71,2572,0.00,1045.87,0.00,'2023-10-13 14:35:58','2023-10-13 14:36:54','2023-10-13 14:36:54'),(1294,1444,71,2573,0.00,1394.50,0.00,'2023-10-13 14:35:58','2023-10-13 14:36:54','2023-10-13 14:36:54'),(1295,1444,71,2615,0.00,6693.59,0.00,'2023-10-13 14:35:58','2023-10-13 14:36:54','2023-10-13 14:36:54'),(1296,1444,71,2574,0.00,6693.59,0.00,'2023-10-13 14:35:58','2023-10-13 14:36:54','2023-10-13 14:36:54'),(1297,1444,71,3437,0.00,1115.60,0.00,'2023-10-13 14:35:58','2023-10-13 14:36:54','2023-10-13 14:36:54'),(1298,1444,71,2576,0.00,0.00,0.00,'2023-10-13 14:35:58','2023-10-13 14:36:54','2023-10-13 14:36:54'),(1299,1444,71,2628,0.00,0.08,0.00,'2023-10-13 14:35:58','2023-10-13 14:36:54','2023-10-13 14:36:54'),(1300,1444,71,2580,1.00,57308.30,57308.30,'2023-10-13 14:35:58','2023-10-13 14:36:54','2023-10-13 14:36:54'),(1301,1444,71,2569,1.00,0.00,0.00,'2023-10-13 14:35:58','2023-10-13 14:36:54','2023-10-13 14:36:54'),(1302,1444,71,2561,1.00,0.00,0.00,'2023-10-13 14:35:58','2023-10-13 14:36:54','2023-10-13 14:36:54'),(1303,1444,71,3442,10.00,13.39,0.00,'2023-10-13 14:36:11','2023-10-13 14:36:54','2023-10-13 14:36:54'),(1304,1444,71,3441,0.00,6972.49,0.00,'2023-10-13 14:36:11','2023-10-13 14:36:54','2023-10-13 14:36:54'),(1305,1444,71,3443,10.00,13.39,0.00,'2023-10-13 14:36:11','2023-10-13 14:36:54','2023-10-13 14:36:54');
INSERT INTO `syj_liq_empleado_detail` VALUES (1306,1444,71,3445,0.00,25000.00,0.00,'2023-10-13 14:36:11','2023-10-13 14:36:54','2023-10-13 14:36:54'),(1307,1444,71,2611,0.00,5577.99,0.00,'2023-10-13 14:36:11','2023-10-13 14:36:54','2023-10-13 14:36:54'),(1308,1444,71,2612,0.00,5577.99,0.00,'2023-10-13 14:36:11','2023-10-13 14:36:54','2023-10-13 14:36:54'),(1309,1444,71,2570,0.00,0.00,0.00,'2023-10-13 14:36:11','2023-10-13 14:36:54','2023-10-13 14:36:54'),(1310,1444,71,2571,0.00,100.00,0.00,'2023-10-13 14:36:11','2023-10-13 14:36:54','2023-10-13 14:36:54'),(1311,1444,71,2625,0.00,697.25,0.00,'2023-10-13 14:36:11','2023-10-13 14:36:54','2023-10-13 14:36:54'),(1312,1444,71,2572,0.00,1045.87,0.00,'2023-10-13 14:36:11','2023-10-13 14:36:54','2023-10-13 14:36:54'),(1313,1444,71,2573,0.00,1394.50,0.00,'2023-10-13 14:36:11','2023-10-13 14:36:54','2023-10-13 14:36:54'),(1314,1444,71,2615,0.00,6693.59,0.00,'2023-10-13 14:36:11','2023-10-13 14:36:54','2023-10-13 14:36:54'),(1315,1444,71,2574,0.00,6693.59,0.00,'2023-10-13 14:36:11','2023-10-13 14:36:54','2023-10-13 14:36:54'),(1316,1444,71,3437,0.00,1115.60,0.00,'2023-10-13 14:36:11','2023-10-13 14:36:54','2023-10-13 14:36:54'),(1317,1444,71,2576,0.00,0.00,0.00,'2023-10-13 14:36:11','2023-10-13 14:36:54','2023-10-13 14:36:54'),(1318,1444,71,2628,0.00,0.08,0.00,'2023-10-13 14:36:11','2023-10-13 14:36:54','2023-10-13 14:36:54'),(1319,1444,71,2580,0.00,57308.30,57308.30,'2023-10-13 14:36:11','2023-10-13 14:36:54','2023-10-13 14:36:54'),(1320,1444,71,2569,1.00,0.00,0.00,'2023-10-13 14:36:11','2023-10-13 14:36:54','2023-10-13 14:36:54'),(1321,1444,71,2561,1.00,0.00,0.00,'2023-10-13 14:36:11','2023-10-13 14:36:54','2023-10-13 14:36:54'),(1322,1444,71,3442,10.00,13.39,133.90,'2023-10-13 14:36:54','2023-10-13 14:50:15','2023-10-13 14:50:15'),(1323,1444,71,3443,10.00,13.39,133.90,'2023-10-13 14:36:54','2023-10-13 14:50:15','2023-10-13 14:50:15'),(1324,1444,71,3444,1.00,7003.68,7003.68,'2023-10-13 14:36:54','2023-10-13 14:50:15','2023-10-13 14:50:15'),(1325,1444,71,2618,0.00,5577.99,5577.99,'2023-10-13 14:36:54','2023-10-13 14:50:15','2023-10-13 14:50:15'),(1326,1444,71,2621,1.00,6042.64,6042.64,'2023-10-13 14:36:54','2023-10-13 14:50:15','2023-10-13 14:50:15'),(1327,1444,71,2620,1.00,5577.99,5577.99,'2023-10-13 14:36:54','2023-10-13 14:50:15','2023-10-13 14:50:15'),(1328,1444,71,2622,8.33,5577.99,464.65,'2023-10-13 14:36:54','2023-10-13 14:50:15','2023-10-13 14:50:15'),(1329,1444,71,2586,1.00,141.00,141.00,'2023-10-13 14:36:54','2023-10-13 14:50:15','2023-10-13 14:50:15'),(1330,1444,71,2560,1.00,1.00,0.52,'2023-10-13 14:36:54','2023-10-13 14:50:15','2023-10-13 14:50:15'),(1331,1444,71,2595,11.00,23891.99,2628.12,'2023-10-13 14:36:54','2023-10-13 14:50:15','2023-10-13 14:50:15'),(1332,1444,71,2596,3.00,5711.89,171.36,'2023-10-13 14:36:54','2023-10-13 14:50:15','2023-10-13 14:50:15'),(1333,1444,71,2597,3.00,23891.99,716.76,'2023-10-13 14:36:54','2023-10-13 14:50:15','2023-10-13 14:50:15'),(1334,1444,71,2598,3.00,5711.89,171.36,'2023-10-13 14:36:54','2023-10-13 14:50:15','2023-10-13 14:50:15'),(1335,1444,71,2637,1.50,5711.89,85.68,'2023-10-13 14:36:54','2023-10-13 14:50:15','2023-10-13 14:50:15'),(1336,1444,71,2582,7.00,241.71,1691.97,'2023-10-13 14:36:54','2023-10-13 14:50:15','2023-10-13 14:50:15'),(1337,1444,71,3442,10.00,13.39,0.00,'2023-10-13 14:50:58','2023-10-13 14:52:20','2023-10-13 14:52:20'),(1338,1444,71,3441,0.00,6972.49,0.00,'2023-10-13 14:50:58','2023-10-13 14:52:20','2023-10-13 14:52:20'),(1339,1444,71,3443,10.00,13.39,0.00,'2023-10-13 14:50:58','2023-10-13 14:52:20','2023-10-13 14:52:20'),(1340,1444,71,3445,0.00,25000.00,0.00,'2023-10-13 14:50:58','2023-10-13 14:52:20','2023-10-13 14:52:20'),(1341,1444,71,2611,0.00,5577.99,0.00,'2023-10-13 14:50:58','2023-10-13 14:52:20','2023-10-13 14:52:20'),(1342,1444,71,2612,0.00,5577.99,0.00,'2023-10-13 14:50:58','2023-10-13 14:52:20','2023-10-13 14:52:20'),(1343,1444,71,2570,0.00,185.93,0.00,'2023-10-13 14:50:58','2023-10-13 14:52:20','2023-10-13 14:52:20');
INSERT INTO `syj_liq_empleado_detail` VALUES (1344,1444,71,2571,0.00,100.00,0.00,'2023-10-13 14:50:58','2023-10-13 14:52:20','2023-10-13 14:52:20'),(1345,1444,71,2625,0.00,697.25,0.00,'2023-10-13 14:50:58','2023-10-13 14:52:20','2023-10-13 14:52:20'),(1346,1444,71,2572,0.00,1045.87,0.00,'2023-10-13 14:50:58','2023-10-13 14:52:20','2023-10-13 14:52:20'),(1347,1444,71,2573,0.00,1394.50,0.00,'2023-10-13 14:50:58','2023-10-13 14:52:20','2023-10-13 14:52:20'),(1348,1444,71,2615,0.00,6693.59,0.00,'2023-10-13 14:50:58','2023-10-13 14:52:20','2023-10-13 14:52:20'),(1349,1444,71,2574,0.00,6693.59,0.00,'2023-10-13 14:50:58','2023-10-13 14:52:20','2023-10-13 14:52:20'),(1350,1444,71,3437,0.00,1115.60,0.00,'2023-10-13 14:50:58','2023-10-13 14:52:20','2023-10-13 14:52:20'),(1351,1444,71,2576,0.00,6042.64,0.00,'2023-10-13 14:50:58','2023-10-13 14:52:20','2023-10-13 14:52:20'),(1352,1444,71,2628,0.00,0.08,0.00,'2023-10-13 14:50:58','2023-10-13 14:52:20','2023-10-13 14:52:20'),(1353,1444,71,2580,0.00,0.00,0.00,'2023-10-13 14:50:58','2023-10-13 14:52:20','2023-10-13 14:52:20'),(1354,1444,71,2569,1.00,0.00,0.00,'2023-10-13 14:50:58','2023-10-13 14:52:20','2023-10-13 14:52:20'),(1355,1444,71,2561,1.00,0.00,0.00,'2023-10-13 14:50:58','2023-10-13 14:52:20','2023-10-13 14:52:20'),(1356,1444,74,3442,10.00,13.39,0.00,'2023-10-13 14:53:09','2023-10-13 14:53:40','2023-10-13 14:53:40'),(1357,1444,74,3441,0.00,6972.49,0.00,'2023-10-13 14:53:09','2023-10-13 14:53:40','2023-10-13 14:53:40'),(1358,1444,74,3443,10.00,13.39,0.00,'2023-10-13 14:53:09','2023-10-13 14:53:40','2023-10-13 14:53:40'),(1359,1444,74,3445,0.00,25000.00,0.00,'2023-10-13 14:53:09','2023-10-13 14:53:40','2023-10-13 14:53:40'),(1360,1444,74,2611,0.00,5577.99,0.00,'2023-10-13 14:53:09','2023-10-13 14:53:40','2023-10-13 14:53:40'),(1361,1444,74,2612,0.00,5577.99,0.00,'2023-10-13 14:53:10','2023-10-13 14:53:40','2023-10-13 14:53:40'),(1362,1444,74,2570,0.00,0.00,0.00,'2023-10-13 14:53:10','2023-10-13 14:53:40','2023-10-13 14:53:40'),(1363,1444,74,2571,0.00,100.00,0.00,'2023-10-13 14:53:10','2023-10-13 14:53:40','2023-10-13 14:53:40'),(1364,1444,74,2625,0.00,697.25,0.00,'2023-10-13 14:53:10','2023-10-13 14:53:40','2023-10-13 14:53:40'),(1365,1444,74,2572,0.00,1045.87,0.00,'2023-10-13 14:53:10','2023-10-13 14:53:40','2023-10-13 14:53:40'),(1366,1444,74,2573,0.00,1394.50,0.00,'2023-10-13 14:53:10','2023-10-13 14:53:40','2023-10-13 14:53:40'),(1367,1444,74,2615,0.00,6693.59,0.00,'2023-10-13 14:53:10','2023-10-13 14:53:40','2023-10-13 14:53:40'),(1368,1444,74,2574,0.00,6693.59,0.00,'2023-10-13 14:53:10','2023-10-13 14:53:40','2023-10-13 14:53:40'),(1369,1444,74,3437,0.00,1115.60,0.00,'2023-10-13 14:53:10','2023-10-13 14:53:40','2023-10-13 14:53:40'),(1370,1444,74,2576,0.00,0.00,0.00,'2023-10-13 14:53:10','2023-10-13 14:53:40','2023-10-13 14:53:40'),(1371,1444,74,2628,0.00,0.08,0.00,'2023-10-13 14:53:10','2023-10-13 14:53:40','2023-10-13 14:53:40'),(1372,1444,74,2580,0.00,0.00,0.00,'2023-10-13 14:53:10','2023-10-13 14:53:40','2023-10-13 14:53:40'),(1373,1444,74,2569,1.00,0.00,0.00,'2023-10-13 14:53:10','2023-10-13 14:53:40','2023-10-13 14:53:40'),(1374,1444,74,2561,1.00,0.00,0.00,'2023-10-13 14:53:10','2023-10-13 14:53:40','2023-10-13 14:53:40'),(1375,1444,74,3442,10.00,13.39,133.90,'2023-10-13 14:53:40','2023-10-13 14:53:40',NULL),(1376,1444,74,3443,10.00,13.39,133.90,'2023-10-13 14:53:40','2023-10-13 14:53:40',NULL),(1377,1444,74,3444,1.00,7003.68,7003.68,'2023-10-13 14:53:40','2023-10-13 14:53:40',NULL),(1378,1444,74,2618,0.00,5577.99,5577.99,'2023-10-13 14:53:40','2023-10-13 14:53:40',NULL),(1379,1444,74,2621,1.00,6042.64,6042.64,'2023-10-13 14:53:40','2023-10-13 14:53:40',NULL),(1380,1444,74,2620,1.00,5577.99,5577.99,'2023-10-13 14:53:40','2023-10-13 14:53:40',NULL),(1381,1444,74,2622,8.33,5577.99,464.65,'2023-10-13 14:53:40','2023-10-13 14:53:40',NULL),(1382,1444,74,2586,1.00,141.00,141.00,'2023-10-13 14:53:40','2023-10-13 14:53:40',NULL),(1383,1444,74,2560,1.00,1.00,0.52,'2023-10-13 14:53:40','2023-10-13 14:53:40',NULL);
INSERT INTO `syj_liq_empleado_detail` VALUES (1384,1444,74,2595,11.00,23891.99,2628.12,'2023-10-13 14:53:40','2023-10-13 14:53:40',NULL),(1385,1444,74,2596,3.00,5711.89,171.36,'2023-10-13 14:53:40','2023-10-13 14:53:40',NULL),(1386,1444,74,2597,3.00,23891.99,716.76,'2023-10-13 14:53:40','2023-10-13 14:53:40',NULL),(1387,1444,74,2598,3.00,5711.89,171.36,'2023-10-13 14:53:40','2023-10-13 14:53:40',NULL),(1388,1444,74,2637,1.50,5711.89,85.68,'2023-10-13 14:53:40','2023-10-13 14:53:40',NULL),(1389,1444,74,2582,7.00,241.71,1691.97,'2023-10-13 14:53:40','2023-10-13 14:53:40',NULL);

--
