INSERT INTO `cta_cte_cliente_pivot_receipt` VALUES (6831,1444,6832,5404,NULL,0,NULL,'2024-10-23 16:10:00','2024-10-23 16:10:00',NULL),(6832,1444,6833,5405,NULL,0,NULL,'2024-10-23 16:10:00','2024-10-23 16:10:00',NULL),(6833,1444,6834,5406,NULL,0,NULL,'2024-10-24 11:10:10','2024-10-24 11:10:10',NULL),(6834,1444,6835,5407,NULL,0,NULL,'2024-10-24 11:10:10','2024-10-24 11:10:10',NULL),(6835,1444,6836,5408,NULL,0,NULL,'2024-10-24 11:10:10','2024-10-24 11:10:10',NULL),(6836,1444,6837,5409,NULL,0,NULL,'2024-10-24 11:10:10','2024-10-24 11:10:10',NULL),(6837,1444,6838,5410,NULL,0,NULL,'2024-10-24 11:10:11','2024-10-24 11:10:11',NULL),(6838,1444,6839,5411,NULL,0,NULL,'2024-10-24 11:10:11','2024-10-24 11:10:11',NULL),(6839,1444,6840,5412,NULL,0,NULL,'2024-10-24 11:10:11','2024-10-24 11:10:11',NULL),(6840,1444,6841,5413,NULL,0,NULL,'2024-10-24 11:10:11','2024-10-24 11:10:11',NULL),(6841,1444,6842,5414,NULL,0,NULL,'2024-10-24 11:10:11','2024-10-24 11:10:11',NULL),(6842,1444,6843,5415,NULL,0,NULL,'2024-10-24 11:10:11','2024-10-24 11:10:11',NULL),(6843,1444,6844,5416,NULL,0,NULL,'2024-10-24 11:10:11','2024-10-24 11:10:11',NULL),(6844,1444,6845,5417,NULL,0,NULL,'2024-10-24 11:10:11','2024-10-24 11:10:11',NULL),(6845,1444,6846,5418,NULL,0,NULL,'2024-10-24 11:10:11','2024-10-24 11:10:11',NULL),(6846,1444,6847,5419,NULL,0,NULL,'2024-10-24 11:10:11','2024-10-24 11:10:11',NULL),(6847,1444,6848,5420,NULL,0,NULL,'2024-10-24 11:10:11','2024-10-24 11:10:11',NULL),(6848,1444,6849,5421,NULL,0,NULL,'2024-10-24 11:10:12','2024-10-24 11:10:12',NULL),(6849,1444,6850,5422,NULL,0,NULL,'2024-10-24 11:10:12','2024-10-24 11:10:12',NULL),(6850,1444,6851,5423,NULL,0,NULL,'2024-10-24 11:10:12','2024-10-24 11:10:12',NULL),(6851,1444,6852,5424,NULL,0,NULL,'2024-10-24 11:10:12','2024-10-24 11:10:12',NULL),(6852,1444,6853,5425,NULL,0,NULL,'2024-10-24 11:10:12','2024-10-24 11:10:12',NULL),(6853,1444,6854,5426,NULL,0,NULL,'2024-10-24 11:10:12','2024-10-24 11:10:12',NULL),(6854,1444,6855,5427,NULL,0,NULL,'2024-10-24 11:10:12','2024-10-24 11:10:12',NULL),(6855,1444,6856,5428,NULL,0,NULL,'2024-10-24 11:10:12','2024-10-24 11:10:12',NULL),(6856,1444,6857,5429,NULL,0,NULL,'2024-10-24 11:10:12','2024-10-24 11:10:12',NULL),(6857,1444,6858,5430,NULL,0,NULL,'2024-10-24 11:10:12','2024-10-24 11:10:12',NULL),(6858,1444,6859,5431,NULL,0,NULL,'2024-10-24 11:10:12','2024-10-24 11:10:12',NULL),(6859,1444,6860,5432,NULL,0,NULL,'2024-10-24 11:10:12','2024-10-24 11:10:12',NULL),(6860,1444,6861,5433,NULL,0,NULL,'2024-10-24 11:10:13','2024-10-24 11:10:13',NULL),(6861,1444,6862,5434,NULL,0,NULL,'2024-10-24 11:10:13','2024-10-24 11:10:13',NULL),(6862,1444,6863,5435,NULL,0,NULL,'2024-10-24 11:10:13','2024-10-24 11:10:13',NULL),(6863,1444,6864,5436,NULL,0,NULL,'2024-10-24 11:10:13','2024-10-24 11:10:13',NULL),(6864,1444,6865,5437,NULL,0,NULL,'2024-10-24 11:10:13','2024-10-24 11:10:13',NULL),(6865,1444,6866,5438,NULL,0,NULL,'2024-10-24 11:10:13','2024-10-24 11:10:13',NULL),(6866,1444,6867,5439,NULL,0,NULL,'2024-10-24 11:10:13','2024-10-24 11:10:13',NULL),(6867,1444,6868,5440,NULL,0,NULL,'2024-10-24 11:10:13','2024-10-24 11:10:13',NULL),(6868,1444,6869,5441,NULL,0,NULL,'2024-10-24 11:10:13','2024-10-24 11:10:13',NULL),(6869,1444,6870,5442,NULL,0,NULL,'2024-10-24 11:10:13','2024-10-24 11:10:13',NULL),(6870,1444,6871,5443,NULL,0,NULL,'2024-10-24 11:10:13','2024-10-24 11:10:13',NULL),(6871,1444,6872,5444,NULL,0,NULL,'2024-10-24 11:10:13','2024-10-24 11:10:13',NULL),(6872,1444,6873,5445,NULL,0,NULL,'2024-10-24 11:10:13','2024-10-24 11:10:13',NULL),(6873,1444,6874,5446,NULL,0,NULL,'2024-10-24 11:10:13','2024-10-24 11:10:13',NULL),(6874,1444,6875,5447,NULL,0,NULL,'2024-10-24 11:10:24','2024-10-24 11:10:24',NULL),(6875,1444,6876,5448,NULL,0,NULL,'2024-10-24 11:10:24','2024-10-24 11:10:24',NULL),(6876,1444,6877,5449,NULL,0,NULL,'2024-10-24 11:10:24','2024-10-24 13:46:41','2024-10-24 13:46:41'),(6877,1444,6878,5450,NULL,0,NULL,'2024-10-24 11:10:24','2024-10-24 13:46:20','2024-10-24 13:46:20');
INSERT INTO `cta_cte_cliente_pivot_receipt` VALUES (6878,1444,6879,5451,NULL,0,NULL,'2024-10-24 11:10:24','2024-10-24 13:46:06','2024-10-24 13:46:06'),(6879,1444,6880,5452,NULL,0,NULL,'2024-10-24 11:10:24','2024-10-24 11:10:24',NULL),(6880,1444,6881,5453,NULL,0,NULL,'2024-10-24 11:10:24','2024-10-24 13:45:52','2024-10-24 13:45:52'),(6881,1444,6882,5454,NULL,0,NULL,'2024-10-24 11:10:24','2024-10-24 13:45:39','2024-10-24 13:45:39'),(6882,1444,6883,5455,NULL,0,NULL,'2024-10-24 11:10:24','2024-10-24 11:10:24',NULL),(6883,1444,6884,5456,NULL,0,NULL,'2024-10-24 11:10:24','2024-10-24 11:10:24',NULL),(6884,1444,6885,5457,NULL,0,NULL,'2024-10-24 11:10:24','2024-10-24 11:10:24',NULL),(6885,1444,6886,5458,NULL,0,NULL,'2024-10-24 11:10:24','2024-10-24 11:10:24',NULL),(6886,1444,6887,5459,NULL,0,NULL,'2024-10-24 11:10:24','2024-10-24 13:45:22','2024-10-24 13:45:22'),(6887,1444,6888,5460,NULL,0,NULL,'2024-10-24 11:10:24','2024-10-24 13:45:07','2024-10-24 13:45:07'),(6888,1444,6889,5461,NULL,0,NULL,'2024-10-24 11:10:25','2024-10-24 13:44:53','2024-10-24 13:44:53'),(6889,1444,6890,5462,NULL,0,NULL,'2024-10-24 11:10:25','2024-10-24 11:10:25',NULL),(6890,1444,6891,5463,NULL,0,NULL,'2024-10-24 11:10:25','2024-10-24 11:10:25',NULL),(6891,1444,6892,5464,NULL,0,NULL,'2024-10-24 11:10:25','2024-10-24 11:10:25',NULL),(6892,1444,6893,5465,NULL,0,NULL,'2024-10-24 11:10:25','2024-10-24 13:44:38','2024-10-24 13:44:38'),(6893,1444,6894,5466,NULL,0,NULL,'2024-10-24 11:10:25','2024-10-24 11:10:25',NULL),(6894,1444,6895,5467,NULL,0,NULL,'2024-10-24 11:10:25','2024-10-24 11:10:25',NULL),(6895,1444,6896,5468,NULL,0,NULL,'2024-10-24 11:10:25','2024-10-24 13:43:57','2024-10-24 13:43:57'),(6896,1444,6897,5469,NULL,0,NULL,'2024-10-24 11:10:25','2024-10-24 13:43:40','2024-10-24 13:43:40'),(6897,1444,6898,5470,NULL,0,NULL,'2024-10-24 11:10:25','2024-10-24 13:43:24','2024-10-24 13:43:24'),(6898,1444,6899,5471,NULL,0,NULL,'2024-10-24 11:10:25','2024-10-24 13:43:07','2024-10-24 13:43:07'),(6899,1444,6900,5472,NULL,0,NULL,'2024-10-24 11:10:25','2024-10-24 13:42:50','2024-10-24 13:42:50'),(6900,1444,6901,5473,NULL,0,NULL,'2024-10-24 11:10:25','2024-10-24 13:42:35','2024-10-24 13:42:35'),(6901,1444,6902,5474,NULL,0,NULL,'2024-10-24 11:10:25','2024-10-24 13:42:14','2024-10-24 13:42:14'),(6902,1444,6903,5475,NULL,0,NULL,'2024-10-24 11:10:25','2024-10-24 11:10:25',NULL),(6903,1444,6904,5476,NULL,0,NULL,'2024-10-24 11:10:25','2024-10-24 13:41:37','2024-10-24 13:41:37'),(6904,1444,6905,5477,NULL,0,NULL,'2024-10-24 11:10:25','2024-10-24 11:10:25',NULL),(6905,1444,6906,5478,NULL,0,NULL,'2024-10-24 11:10:25','2024-10-24 13:41:20','2024-10-24 13:41:20'),(6906,1444,6907,5479,NULL,0,NULL,'2024-10-24 11:10:25','2024-10-24 13:40:59','2024-10-24 13:40:59'),(6907,1444,6908,5480,NULL,0,NULL,'2024-10-24 11:10:26','2024-10-24 18:04:30','2024-10-24 18:04:30'),(6908,1444,6909,5481,NULL,0,NULL,'2024-10-24 11:10:26','2024-10-24 18:04:10','2024-10-24 18:04:10'),(6909,1444,6910,5482,NULL,0,NULL,'2024-10-24 11:10:26','2024-10-24 13:40:18','2024-10-24 13:40:18'),(6910,1444,6911,5483,NULL,0,NULL,'2024-10-24 11:10:26','2024-10-24 13:40:03','2024-10-24 13:40:03'),(6911,1444,6912,5484,NULL,0,NULL,'2024-10-24 11:10:26','2024-10-24 13:39:46','2024-10-24 13:39:46'),(6912,1444,6913,5485,NULL,0,NULL,'2024-10-24 11:10:26','2024-10-24 11:10:26',NULL),(6913,1444,6914,5486,NULL,0,NULL,'2024-10-24 11:10:26','2024-10-24 11:10:26',NULL),(6914,1444,6915,5487,NULL,0,NULL,'2024-10-24 11:10:26','2024-10-24 13:39:13','2024-10-24 13:39:13'),(6915,1444,6916,5488,NULL,0,NULL,'2024-10-24 11:10:26','2024-10-24 13:38:51','2024-10-24 13:38:51'),(6916,1444,6917,5489,NULL,0,NULL,'2024-10-24 11:10:26','2024-10-24 13:38:24','2024-10-24 13:38:24'),(6917,1444,6918,5490,NULL,0,NULL,'2024-10-24 11:10:26','2024-10-24 11:10:26',NULL),(6918,1444,6919,5491,NULL,0,NULL,'2024-10-24 11:10:26','2024-10-24 11:10:26',NULL),(6919,1444,6920,5492,NULL,0,NULL,'2024-10-24 11:10:26','2024-10-24 11:10:26',NULL);
INSERT INTO `cta_cte_cliente_pivot_receipt` VALUES (6920,1444,6921,5493,NULL,0,NULL,'2024-10-24 11:10:26','2024-10-24 13:37:50','2024-10-24 13:37:50'),(6921,1444,6922,5494,NULL,0,NULL,'2024-10-24 11:10:26','2024-10-24 13:37:33','2024-10-24 13:37:33'),(6922,1444,6923,5495,NULL,0,NULL,'2024-10-24 11:10:26','2024-10-24 13:37:19','2024-10-24 13:37:19'),(6923,1444,6924,5496,NULL,0,NULL,'2024-10-24 11:10:26','2024-10-24 13:36:43','2024-10-24 13:36:43'),(6924,1444,6925,5497,NULL,0,NULL,'2024-10-24 11:10:26','2024-10-24 11:10:26',NULL),(6925,1444,6926,5498,NULL,0,NULL,'2024-10-24 11:10:26','2024-10-24 11:10:26',NULL),(6926,1444,6927,5499,NULL,0,NULL,'2024-10-24 11:10:26','2024-10-24 11:10:26',NULL),(6927,1444,6928,5500,NULL,0,NULL,'2024-10-24 11:10:27','2024-10-24 11:10:27',NULL),(6928,1444,6929,5501,NULL,0,NULL,'2024-10-24 11:10:27','2024-10-24 11:10:27',NULL),(6929,1444,6930,5502,NULL,0,NULL,'2024-10-24 11:10:27','2024-10-24 11:10:27',NULL),(6930,1444,6931,5503,NULL,0,NULL,'2024-10-24 11:10:27','2024-10-24 11:10:27',NULL),(6931,1444,6932,5504,NULL,0,NULL,'2024-10-24 11:10:27','2024-10-24 11:10:27',NULL),(6932,1444,6933,5505,NULL,0,NULL,'2024-10-24 11:10:27','2024-10-24 13:34:04','2024-10-24 13:34:04'),(6933,1444,6934,5506,NULL,0,NULL,'2024-10-24 11:10:27','2024-10-24 11:10:27',NULL),(6934,1444,6935,5507,NULL,0,NULL,'2024-10-24 11:10:27','2024-10-24 11:10:27',NULL),(6935,1444,6936,5508,NULL,0,NULL,'2024-10-24 11:10:27','2024-10-24 11:10:27',NULL),(6936,1444,6937,5509,NULL,0,NULL,'2024-10-24 11:10:27','2024-10-24 11:10:27',NULL),(6937,1444,6938,5510,NULL,0,NULL,'2024-10-24 11:23:04','2024-10-24 11:23:04',NULL),(6938,1444,6939,5511,NULL,0,NULL,'2024-10-24 11:24:00','2024-10-24 11:24:00',NULL),(6939,1444,6940,5512,NULL,0,NULL,'2024-10-24 12:51:15','2024-10-24 12:51:15',NULL),(6940,1444,6941,5513,NULL,0,NULL,'2024-10-24 12:55:27','2024-10-24 12:55:27',NULL),(6941,1444,6942,5514,NULL,0,NULL,'2024-10-24 12:58:43','2024-10-24 12:58:43',NULL),(6942,1444,6943,5515,NULL,0,NULL,'2024-10-24 13:09:54','2024-10-24 13:09:54',NULL),(6943,1444,6944,5505,NULL,0,NULL,'2024-10-24 13:34:04','2024-10-24 13:34:04',NULL),(6944,1444,6945,5496,NULL,0,NULL,'2024-10-24 13:36:43','2024-10-24 13:36:43',NULL),(6945,1444,6946,5495,NULL,0,NULL,'2024-10-24 13:37:19','2024-10-24 13:37:19',NULL),(6946,1444,6947,5494,NULL,0,NULL,'2024-10-24 13:37:33','2024-10-24 13:37:33',NULL),(6947,1444,6948,5493,NULL,0,NULL,'2024-10-24 13:37:50','2024-10-24 13:37:50',NULL),(6948,1444,6949,5489,NULL,0,NULL,'2024-10-24 13:38:24','2024-10-24 13:38:24',NULL),(6949,1444,6950,5488,NULL,0,NULL,'2024-10-24 13:38:51','2024-10-24 13:38:51',NULL),(6950,1444,6951,5487,NULL,0,NULL,'2024-10-24 13:39:13','2024-10-24 13:39:13',NULL),(6951,1444,6952,5484,NULL,0,NULL,'2024-10-24 13:39:46','2024-10-24 13:39:46',NULL),(6952,1444,6953,5483,NULL,0,NULL,'2024-10-24 13:40:03','2024-10-24 13:40:03',NULL),(6953,1444,6954,5482,NULL,0,NULL,'2024-10-24 13:40:18','2024-10-24 13:40:18',NULL),(6954,1444,6955,5479,NULL,0,NULL,'2024-10-24 13:40:59','2024-10-24 13:40:59',NULL),(6955,1444,6956,5478,NULL,0,NULL,'2024-10-24 13:41:20','2024-10-24 13:41:20',NULL),(6956,1444,6957,5476,NULL,0,NULL,'2024-10-24 13:41:37','2024-10-24 13:41:37',NULL),(6957,1444,6958,5474,NULL,0,NULL,'2024-10-24 13:42:14','2024-10-24 13:42:14',NULL),(6958,1444,6959,5473,NULL,0,NULL,'2024-10-24 13:42:35','2024-10-24 13:42:35',NULL),(6959,1444,6960,5472,NULL,0,NULL,'2024-10-24 13:42:50','2024-10-24 13:42:50',NULL),(6960,1444,6961,5471,NULL,0,NULL,'2024-10-24 13:43:07','2024-10-24 13:43:07',NULL),(6961,1444,6962,5470,NULL,0,NULL,'2024-10-24 13:43:24','2024-10-24 13:43:24',NULL),(6962,1444,6963,5469,NULL,0,NULL,'2024-10-24 13:43:40','2024-10-24 13:43:40',NULL),(6963,1444,6964,5468,NULL,0,NULL,'2024-10-24 13:43:57','2024-10-24 13:43:57',NULL),(6964,1444,6965,5465,NULL,0,NULL,'2024-10-24 13:44:38','2024-10-24 13:44:38',NULL),(6965,1444,6966,5461,NULL,0,NULL,'2024-10-24 13:44:53','2024-10-24 13:44:53',NULL),(6966,1444,6967,5460,NULL,0,NULL,'2024-10-24 13:45:07','2024-10-24 13:45:07',NULL);
INSERT INTO `cta_cte_cliente_pivot_receipt` VALUES (6967,1444,6968,5459,NULL,0,NULL,'2024-10-24 13:45:22','2024-10-24 13:45:22',NULL),(6968,1444,6969,5454,NULL,0,NULL,'2024-10-24 13:45:39','2024-10-24 13:45:39',NULL),(6969,1444,6970,5453,NULL,0,NULL,'2024-10-24 13:45:52','2024-10-24 13:45:52',NULL),(6970,1444,6971,5451,NULL,0,NULL,'2024-10-24 13:46:06','2024-10-24 13:46:06',NULL),(6971,1444,6972,5450,NULL,0,NULL,'2024-10-24 13:46:20','2024-10-24 13:46:20',NULL),(6972,1444,6973,5449,NULL,0,NULL,'2024-10-24 13:46:41','2024-10-24 13:46:41',NULL),(6973,1444,6974,5481,NULL,0,NULL,'2024-10-24 18:04:10','2024-10-24 18:04:10',NULL),(6974,1444,6975,5480,NULL,0,NULL,'2024-10-24 18:04:30','2024-10-24 18:04:30',NULL),(6975,1444,6976,5384,NULL,0,NULL,'2024-10-28 19:44:17','2024-10-28 19:51:03','2024-10-28 19:51:03'),(6976,1444,6977,5388,NULL,0,NULL,'2024-10-28 19:49:56','2024-10-28 19:49:56',NULL),(6977,1444,6978,5387,NULL,0,NULL,'2024-10-28 19:50:11','2024-10-28 19:50:11',NULL),(6978,1444,6979,5386,NULL,0,NULL,'2024-10-28 19:50:24','2024-10-28 19:50:24',NULL),(6979,1444,6980,5385,NULL,0,NULL,'2024-10-28 19:50:40','2024-10-28 19:50:40',NULL),(6980,1444,6981,5384,NULL,0,NULL,'2024-10-28 19:51:03','2024-10-28 19:51:03',NULL),(6981,1444,6982,5383,NULL,0,NULL,'2024-10-28 19:51:18','2024-10-28 19:51:18',NULL),(6982,1444,6983,5516,NULL,0,NULL,'2024-11-02 14:00:31','2024-11-02 14:00:31',NULL),(6983,1444,6984,5517,NULL,0,NULL,'2024-11-02 14:01:07','2024-11-02 14:01:07',NULL),(6984,1444,6985,5518,NULL,0,NULL,'2024-11-02 14:01:08','2024-11-02 14:01:08',NULL),(6985,1444,6986,5519,NULL,0,NULL,'2024-11-02 14:01:08','2024-11-02 14:01:08',NULL),(6986,1444,6987,5520,NULL,0,NULL,'2024-11-02 14:01:08','2024-11-02 14:01:08',NULL),(6987,1444,6988,5521,NULL,0,NULL,'2024-11-02 14:01:08','2024-11-20 12:17:10','2024-11-20 12:17:10'),(6988,1444,6989,5522,NULL,0,NULL,'2024-11-02 14:01:08','2024-11-20 12:16:28','2024-11-20 12:16:28'),(6989,1444,6990,5523,NULL,0,NULL,'2024-11-02 14:01:34','2024-11-02 14:01:34',NULL),(6990,1444,6991,5524,NULL,0,NULL,'2024-11-02 14:01:34','2024-11-25 21:52:02','2024-11-25 21:52:02'),(6991,1444,6992,5525,NULL,0,NULL,'2024-11-02 14:01:34','2024-11-25 22:00:47','2024-11-25 22:00:47'),(6992,1444,6993,5526,NULL,0,NULL,'2024-11-02 14:01:34','2024-11-25 22:00:33','2024-11-25 22:00:33'),(6993,1444,6994,5527,NULL,0,NULL,'2024-11-02 14:01:34','2024-11-25 21:55:07','2024-11-25 21:55:07'),(6994,1444,6995,5528,NULL,0,NULL,'2024-11-02 14:01:34','2024-11-25 22:00:11','2024-11-25 22:00:11'),(6995,1444,6996,5529,NULL,0,NULL,'2024-11-02 14:01:50','2024-11-02 14:01:50',NULL),(6996,1444,6997,5530,NULL,0,NULL,'2024-11-02 14:01:50','2024-11-02 14:01:50',NULL),(6997,1444,6998,5531,NULL,0,NULL,'2024-11-02 14:01:50','2024-11-02 14:01:50',NULL),(6998,1444,6999,5532,NULL,0,NULL,'2024-11-02 14:01:50','2024-11-02 14:01:50',NULL),(6999,1444,7000,5533,NULL,0,NULL,'2024-11-02 14:01:50','2024-11-02 14:01:50',NULL),(7000,1444,7001,5534,NULL,0,NULL,'2024-11-02 14:01:50','2024-11-02 14:01:50',NULL),(7001,1444,7002,5535,NULL,0,NULL,'2024-11-02 14:01:50','2024-11-02 14:01:50',NULL),(7002,1444,7003,5536,NULL,0,NULL,'2024-11-02 14:01:50','2024-11-02 14:01:50',NULL),(7003,1444,7004,5537,NULL,0,NULL,'2024-11-02 14:01:50','2024-11-02 14:01:50',NULL),(7004,1444,7005,5538,NULL,0,NULL,'2024-11-02 14:41:38','2024-11-02 14:41:38',NULL),(7005,1444,7006,5539,NULL,0,NULL,'2024-11-02 14:42:27','2024-11-02 14:42:27',NULL),(7006,1444,7007,5540,NULL,0,NULL,'2024-11-02 15:07:08','2024-11-02 15:07:08',NULL),(7007,1444,7008,5541,NULL,0,NULL,'2024-11-02 15:09:43','2024-11-25 21:59:57','2024-11-25 21:59:57'),(7008,1444,7009,3256,NULL,0,NULL,'2024-11-10 12:55:11','2024-11-10 12:55:11',NULL),(7009,1444,7010,3252,NULL,0,NULL,'2024-11-10 12:55:32','2024-11-10 12:55:32',NULL),(7010,1444,7011,3251,NULL,0,NULL,'2024-11-10 12:55:54','2024-11-10 12:55:54',NULL),(7011,1444,7012,3250,NULL,0,NULL,'2024-11-10 12:56:11','2024-11-10 12:56:11',NULL),(7012,1444,7013,5542,NULL,0,NULL,'2024-11-19 20:02:34','2024-11-19 20:02:34',NULL);
INSERT INTO `cta_cte_cliente_pivot_receipt` VALUES (7013,1444,7014,5543,NULL,0,NULL,'2024-11-19 20:02:34','2024-11-19 20:02:34',NULL),(7014,1444,7015,5544,NULL,0,NULL,'2024-11-19 20:02:34','2024-11-19 20:02:34',NULL),(7015,1444,7016,5545,NULL,0,NULL,'2024-11-19 20:02:34','2024-11-19 20:02:34',NULL),(7016,1444,7017,5546,NULL,0,NULL,'2024-11-19 20:02:34','2024-11-19 20:02:34',NULL),(7017,1444,7018,5547,NULL,0,NULL,'2024-11-19 20:02:34','2024-11-19 20:02:34',NULL),(7018,1444,7019,5548,NULL,0,NULL,'2024-11-19 20:02:34','2024-11-19 20:02:34',NULL),(7019,1444,7020,5549,NULL,0,NULL,'2024-11-19 20:02:34','2024-11-19 20:02:34',NULL),(7020,1444,7021,5550,NULL,0,NULL,'2024-11-19 20:02:34','2024-11-19 20:02:34',NULL),(7021,1444,7022,5551,NULL,0,NULL,'2024-11-19 20:02:34','2024-11-19 20:02:34',NULL),(7022,1444,7023,5552,NULL,0,NULL,'2024-11-19 20:02:34','2024-11-19 20:02:34',NULL),(7023,1444,7024,5553,NULL,0,NULL,'2024-11-19 20:02:34','2024-11-19 20:02:34',NULL),(7024,1444,7025,5554,NULL,0,NULL,'2024-11-20 11:52:25','2024-11-20 11:52:25',NULL),(7025,1444,7026,5555,NULL,0,NULL,'2024-11-20 12:08:02','2024-11-20 12:08:02',NULL),(7026,1444,7027,5556,NULL,0,NULL,'2024-11-20 12:08:48','2024-11-20 12:08:48',NULL),(7027,1444,7028,5522,NULL,0,NULL,'2024-11-20 12:16:28','2024-11-20 12:16:28',NULL),(7028,1444,7029,5521,NULL,0,NULL,'2024-11-20 12:17:10','2024-11-20 12:17:10',NULL),(7029,1444,7030,5557,NULL,0,NULL,'2024-11-21 20:58:18','2024-11-21 20:58:18',NULL),(7030,1444,7031,5558,NULL,0,NULL,'2024-11-21 20:58:18','2024-11-21 20:58:18',NULL),(7031,1444,7032,5559,NULL,0,NULL,'2024-11-21 20:58:18','2024-11-21 20:58:18',NULL),(7032,1444,7033,5560,NULL,0,NULL,'2024-11-21 20:58:18','2024-11-21 20:58:18',NULL),(7033,1444,7034,5561,NULL,0,NULL,'2024-11-21 20:58:18','2024-11-21 20:58:18',NULL),(7034,1444,7035,5562,NULL,0,NULL,'2024-11-21 20:58:18','2024-11-21 20:58:18',NULL),(7035,1444,7036,5563,NULL,0,NULL,'2024-11-21 20:58:18','2024-11-21 20:58:18',NULL),(7036,1444,7037,5564,NULL,0,NULL,'2024-11-21 20:58:18','2024-11-21 20:58:18',NULL),(7037,1444,7038,5565,NULL,0,NULL,'2024-11-21 20:58:18','2024-11-21 20:58:18',NULL),(7038,1444,7039,5566,NULL,0,NULL,'2024-11-21 20:58:18','2024-11-21 20:58:18',NULL),(7039,1444,7040,5567,NULL,0,NULL,'2024-11-21 20:58:18','2024-11-21 20:58:18',NULL),(7040,1444,7041,5568,NULL,0,NULL,'2024-11-21 20:58:18','2024-11-21 20:58:18',NULL),(7041,1444,7042,5569,NULL,0,NULL,'2024-11-21 20:58:19','2024-11-21 20:58:19',NULL),(7042,1444,7043,5570,NULL,0,NULL,'2024-11-21 20:58:19','2024-11-21 20:58:19',NULL),(7043,1444,7044,5571,NULL,0,NULL,'2024-11-21 20:58:19','2024-11-21 20:58:19',NULL),(7044,1444,7045,5572,NULL,0,NULL,'2024-11-21 20:58:19','2024-11-21 20:58:19',NULL),(7045,1444,7046,5573,NULL,0,NULL,'2024-11-21 20:58:19','2024-11-21 20:58:19',NULL),(7046,1444,7047,5574,NULL,0,NULL,'2024-11-21 20:58:19','2024-11-21 20:58:19',NULL),(7047,1444,7048,5575,NULL,0,NULL,'2024-11-21 20:58:19','2024-11-21 20:58:19',NULL),(7048,1444,7049,5576,NULL,0,NULL,'2024-11-21 20:58:19','2024-11-21 20:58:19',NULL),(7049,1444,7050,5577,NULL,0,NULL,'2024-11-21 20:58:19','2024-11-21 20:58:19',NULL),(7050,1444,7051,5578,NULL,0,NULL,'2024-11-21 20:58:19','2024-11-21 20:58:19',NULL),(7051,1444,7052,5579,NULL,0,NULL,'2024-11-21 20:58:19','2024-11-21 20:58:19',NULL),(7052,1444,7053,5580,NULL,0,NULL,'2024-11-21 20:58:19','2024-11-21 20:58:19',NULL),(7053,1444,7054,5581,NULL,0,NULL,'2024-11-21 20:58:19','2024-11-21 20:58:19',NULL),(7054,1444,7055,5582,NULL,0,NULL,'2024-11-21 20:58:19','2024-11-21 20:58:19',NULL),(7055,1444,7056,5583,NULL,0,NULL,'2024-11-21 20:58:19','2024-11-21 20:58:19',NULL),(7056,1444,7057,5584,NULL,0,NULL,'2024-11-21 20:58:19','2024-11-21 20:58:19',NULL),(7057,1444,7058,5585,NULL,0,NULL,'2024-11-21 20:58:20','2024-11-21 20:58:20',NULL),(7058,1444,7059,5586,NULL,0,NULL,'2024-11-21 20:58:20','2024-11-21 20:58:20',NULL),(7059,1444,7060,5587,NULL,0,NULL,'2024-11-21 20:58:39','2024-11-21 20:58:39',NULL),(7060,1444,7061,5588,NULL,0,NULL,'2024-11-21 20:58:39','2024-11-21 20:58:39',NULL);
INSERT INTO `cta_cte_cliente_pivot_receipt` VALUES (7061,1444,7062,5589,NULL,0,NULL,'2024-11-21 20:58:39','2024-11-21 20:58:39',NULL),(7062,1444,7063,5590,NULL,0,NULL,'2024-11-21 20:58:39','2024-11-21 20:58:39',NULL),(7063,1444,7064,5591,NULL,0,NULL,'2024-11-21 20:58:39','2024-11-21 20:58:39',NULL),(7064,1444,7065,5592,NULL,0,NULL,'2024-11-21 20:58:39','2024-11-25 20:07:47','2024-11-25 20:07:47'),(7065,1444,7066,5593,NULL,0,NULL,'2024-11-21 20:58:39','2024-11-21 20:58:39',NULL),(7066,1444,7067,5594,NULL,0,NULL,'2024-11-21 20:58:39','2024-11-21 20:58:39',NULL),(7067,1444,7068,5595,NULL,0,NULL,'2024-11-21 20:58:39','2024-11-21 20:58:39',NULL),(7068,1444,7069,5596,NULL,0,NULL,'2024-11-21 20:58:39','2024-11-21 20:58:39',NULL),(7069,1444,7070,5597,NULL,0,NULL,'2024-11-21 20:58:39','2024-11-21 20:58:39',NULL),(7070,1444,7071,5598,NULL,0,NULL,'2024-11-21 20:58:40','2024-11-21 20:58:40',NULL),(7071,1444,7072,5599,NULL,0,NULL,'2024-11-21 20:58:40','2024-11-21 21:07:26','2024-11-21 21:07:26'),(7072,1444,7073,5600,NULL,0,NULL,'2024-11-21 20:58:40','2024-11-21 20:58:40',NULL),(7073,1444,7074,5601,NULL,0,NULL,'2024-11-21 20:58:40','2024-11-21 21:07:09','2024-11-21 21:07:09'),(7074,1444,7075,5602,NULL,0,NULL,'2024-11-21 20:58:40','2024-11-21 21:06:53','2024-11-21 21:06:53'),(7075,1444,7076,5603,NULL,0,NULL,'2024-11-21 20:58:40','2024-11-21 21:06:40','2024-11-21 21:06:40'),(7076,1444,7077,5604,NULL,0,NULL,'2024-11-21 20:58:40','2024-11-21 21:06:08','2024-11-21 21:06:08'),(7077,1444,7078,5605,NULL,0,NULL,'2024-11-21 20:58:40','2024-11-21 21:05:48','2024-11-21 21:05:48'),(7078,1444,7079,5606,NULL,0,NULL,'2024-11-21 20:58:40','2024-11-21 21:05:32','2024-11-21 21:05:32'),(7079,1444,7080,5607,NULL,0,NULL,'2024-11-21 20:58:40','2024-11-21 20:58:40',NULL),(7080,1444,7081,5608,NULL,0,NULL,'2024-11-21 20:58:40','2024-11-21 21:05:10','2024-11-21 21:05:10'),(7081,1444,7082,5609,NULL,0,NULL,'2024-11-21 20:58:40','2024-11-25 20:14:00','2024-11-25 20:14:00'),(7082,1444,7083,5610,NULL,0,NULL,'2024-11-21 20:58:40','2024-11-21 21:04:48','2024-11-21 21:04:48'),(7083,1444,7084,5611,NULL,0,NULL,'2024-11-21 20:58:40','2024-11-21 20:58:40',NULL),(7084,1444,7085,5612,NULL,0,NULL,'2024-11-21 20:58:40','2024-11-21 20:58:40',NULL),(7085,1444,7086,5613,NULL,0,NULL,'2024-11-21 20:58:40','2024-11-25 20:19:29','2024-11-25 20:19:29'),(7086,1444,7087,5614,NULL,0,NULL,'2024-11-21 20:58:40','2024-11-21 21:04:23','2024-11-21 21:04:23'),(7087,1444,7088,5615,NULL,0,NULL,'2024-11-21 20:58:41','2024-11-21 21:04:03','2024-11-21 21:04:03'),(7088,1444,7089,5616,NULL,0,NULL,'2024-11-21 20:58:41','2024-11-21 21:03:41','2024-11-21 21:03:41'),(7089,1444,7090,5617,NULL,0,NULL,'2024-11-21 20:58:41','2024-11-21 20:58:41',NULL),(7090,1444,7091,5618,NULL,0,NULL,'2024-11-21 20:58:41','2024-11-25 20:13:39','2024-11-25 20:13:39'),(7091,1444,7092,5619,NULL,0,NULL,'2024-11-21 20:58:41','2024-11-21 20:58:41',NULL),(7092,1444,7093,5620,NULL,0,NULL,'2024-11-21 20:58:41','2024-11-21 21:03:18','2024-11-21 21:03:18'),(7093,1444,7094,5621,NULL,0,NULL,'2024-11-21 20:58:41','2024-11-21 20:58:41',NULL),(7094,1444,7095,5622,NULL,0,NULL,'2024-11-21 20:58:41','2024-11-21 21:03:03','2024-11-21 21:03:03'),(7095,1444,7096,5623,NULL,0,NULL,'2024-11-21 20:58:41','2024-11-25 20:22:05','2024-11-25 20:22:05'),(7096,1444,7097,5624,NULL,0,NULL,'2024-11-21 20:58:41','2024-11-21 20:58:41',NULL),(7097,1444,7098,5625,NULL,0,NULL,'2024-11-21 20:58:41','2024-11-25 20:21:29','2024-11-25 20:21:29'),(7098,1444,7099,5626,NULL,0,NULL,'2024-11-21 20:58:41','2024-11-21 21:02:40','2024-11-21 21:02:40'),(7099,1444,7100,5627,NULL,0,NULL,'2024-11-21 20:58:41','2024-11-21 21:02:22','2024-11-21 21:02:22'),(7100,1444,7101,5628,NULL,0,NULL,'2024-11-21 20:58:41','2024-11-21 21:01:41','2024-11-21 21:01:41'),(7101,1444,7102,5629,NULL,0,NULL,'2024-11-21 20:58:41','2024-11-21 21:01:17','2024-11-21 21:01:17'),(7102,1444,7103,5630,NULL,0,NULL,'2024-11-21 20:58:41','2024-11-21 21:00:54','2024-11-21 21:00:54');
INSERT INTO `cta_cte_cliente_pivot_receipt` VALUES (7103,1444,7104,5631,NULL,0,NULL,'2024-11-21 20:58:41','2024-11-21 21:00:19','2024-11-21 21:00:19'),(7104,1444,7105,5632,NULL,0,NULL,'2024-11-21 20:58:42','2024-11-21 20:59:55','2024-11-21 20:59:55'),(7105,1444,7106,5633,NULL,0,NULL,'2024-11-21 20:58:42','2024-11-21 20:59:35','2024-11-21 20:59:35'),(7106,1444,7107,5634,NULL,0,NULL,'2024-11-21 20:58:42','2024-11-21 20:59:19','2024-11-21 20:59:19'),(7107,1444,7108,5634,NULL,0,NULL,'2024-11-21 20:59:19','2024-11-21 20:59:19',NULL),(7108,1444,7109,5633,NULL,0,NULL,'2024-11-21 20:59:35','2024-11-21 20:59:35',NULL),(7109,1444,7110,5632,NULL,0,NULL,'2024-11-21 20:59:55','2024-11-21 20:59:55',NULL),(7110,1444,7111,5631,NULL,0,NULL,'2024-11-21 21:00:19','2024-11-21 21:00:19',NULL),(7111,1444,7112,5630,NULL,0,NULL,'2024-11-21 21:00:54','2024-11-21 21:00:54',NULL),(7112,1444,7113,5629,NULL,0,NULL,'2024-11-21 21:01:17','2024-11-21 21:01:17',NULL),(7113,1444,7114,5628,NULL,0,NULL,'2024-11-21 21:01:41','2024-11-21 21:01:41',NULL),(7114,1444,7115,5627,NULL,0,NULL,'2024-11-21 21:02:22','2024-11-21 21:02:22',NULL),(7115,1444,7116,5626,NULL,0,NULL,'2024-11-21 21:02:40','2024-11-21 21:02:40',NULL),(7116,1444,7117,5622,NULL,0,NULL,'2024-11-21 21:03:03','2024-11-21 21:03:03',NULL),(7117,1444,7118,5620,NULL,0,NULL,'2024-11-21 21:03:18','2024-11-21 21:03:18',NULL),(7118,1444,7119,5616,NULL,0,NULL,'2024-11-21 21:03:41','2024-11-21 21:03:41',NULL),(7119,1444,7120,5615,NULL,0,NULL,'2024-11-21 21:04:03','2024-11-21 21:04:03',NULL),(7120,1444,7121,5614,NULL,0,NULL,'2024-11-21 21:04:23','2024-11-21 21:04:23',NULL),(7121,1444,7122,5610,NULL,0,NULL,'2024-11-21 21:04:48','2024-11-21 21:04:48',NULL),(7122,1444,7123,5608,NULL,0,NULL,'2024-11-21 21:05:10','2024-11-21 21:05:10',NULL),(7123,1444,7124,5606,NULL,0,NULL,'2024-11-21 21:05:32','2024-11-21 21:05:32',NULL),(7124,1444,7125,5605,NULL,0,NULL,'2024-11-21 21:05:48','2024-11-21 21:05:48',NULL),(7125,1444,7126,5604,NULL,0,NULL,'2024-11-21 21:06:08','2024-11-21 21:06:08',NULL),(7126,1444,7127,5603,NULL,0,NULL,'2024-11-21 21:06:40','2024-11-21 21:06:40',NULL),(7127,1444,7128,5602,NULL,0,NULL,'2024-11-21 21:06:53','2024-11-21 21:06:53',NULL),(7128,1444,7129,5601,NULL,0,NULL,'2024-11-21 21:07:09','2024-11-21 21:07:09',NULL),(7129,1444,7130,5599,NULL,0,NULL,'2024-11-21 21:07:26','2024-11-21 21:07:26',NULL),(7130,1444,7131,5635,NULL,0,NULL,'2024-11-23 14:13:33','2024-11-23 14:13:33',NULL),(7131,1444,7132,5636,NULL,0,NULL,'2024-11-23 14:13:33','2024-11-23 14:13:33',NULL),(7132,1444,7133,5637,NULL,0,NULL,'2024-11-23 14:13:33','2024-11-23 14:13:33',NULL),(7133,1444,7134,5638,NULL,0,NULL,'2024-11-23 14:13:33','2024-11-23 14:13:33',NULL),(7134,1444,7135,5639,NULL,0,NULL,'2024-11-23 14:13:33','2024-11-23 14:13:33',NULL),(7135,1444,7136,5640,NULL,0,NULL,'2024-11-23 14:13:33','2024-11-23 14:13:33',NULL),(7136,1444,7137,5641,NULL,0,NULL,'2024-11-23 14:13:33','2024-11-23 14:13:33',NULL),(7137,1444,7138,5642,NULL,0,NULL,'2024-11-23 14:13:33','2024-11-23 14:13:33',NULL),(7138,1444,7139,5643,NULL,0,NULL,'2024-11-23 14:13:33','2024-11-23 14:13:33',NULL),(7139,1444,7140,5644,NULL,0,NULL,'2024-11-23 14:13:34','2024-11-23 14:13:34',NULL),(7140,1444,7141,5645,NULL,0,NULL,'2024-11-23 14:13:34','2024-11-23 14:13:34',NULL),(7141,1444,7142,5646,NULL,0,NULL,'2024-11-23 14:13:34','2024-11-23 14:13:34',NULL),(7142,1444,7143,5647,NULL,0,NULL,'2024-11-23 14:13:34','2024-11-23 14:13:34',NULL),(7143,1444,7144,5648,NULL,0,NULL,'2024-11-23 14:13:34','2024-11-23 14:13:34',NULL),(7144,1444,7145,5649,NULL,0,NULL,'2024-11-23 14:13:34','2024-11-23 14:13:34',NULL),(7145,1444,7146,5650,NULL,0,NULL,'2024-11-23 14:13:34','2024-11-23 14:13:34',NULL),(7146,1444,7147,5651,NULL,0,NULL,'2024-11-23 14:13:34','2024-11-23 14:13:34',NULL),(7147,1444,7148,5652,NULL,0,NULL,'2024-11-23 14:13:34','2024-11-23 14:13:34',NULL),(7148,1444,7149,5653,NULL,0,NULL,'2024-11-23 14:13:34','2024-11-23 14:13:34',NULL),(7149,1444,7150,5654,NULL,0,NULL,'2024-11-23 14:13:34','2024-11-23 14:13:34',NULL);
INSERT INTO `cta_cte_cliente_pivot_receipt` VALUES (7150,1444,7151,5655,NULL,0,NULL,'2024-11-23 14:13:35','2024-11-23 14:13:35',NULL),(7151,1444,7152,5656,NULL,0,NULL,'2024-11-23 14:13:35','2024-11-23 14:13:35',NULL),(7152,1444,7153,5657,NULL,0,NULL,'2024-11-23 14:13:35','2024-11-23 14:13:35',NULL),(7153,1444,7154,5658,NULL,0,NULL,'2024-11-23 14:13:35','2024-11-23 14:13:35',NULL),(7154,1444,7155,5659,NULL,0,NULL,'2024-11-23 14:13:35','2024-11-23 14:13:35',NULL),(7155,1444,7156,5660,NULL,0,NULL,'2024-11-23 14:13:35','2024-11-23 14:13:35',NULL),(7156,1444,7157,5661,NULL,0,NULL,'2024-11-23 14:13:35','2024-11-23 14:13:35',NULL),(7157,1444,7158,5662,NULL,0,NULL,'2024-11-23 14:13:35','2024-11-23 14:13:35',NULL),(7158,1444,7159,5663,NULL,0,NULL,'2024-11-23 14:13:36','2024-11-23 14:13:36',NULL),(7159,1444,7160,5664,NULL,0,NULL,'2024-11-23 14:13:36','2024-11-23 14:13:36',NULL),(7160,1444,7161,5665,NULL,0,NULL,'2024-11-23 14:13:36','2024-11-23 14:13:36',NULL),(7161,1444,7162,5666,NULL,0,NULL,'2024-11-23 14:13:36','2024-11-23 14:13:36',NULL),(7162,1444,7163,5667,NULL,0,NULL,'2024-11-23 14:13:36','2024-11-23 14:13:36',NULL),(7163,1444,7164,5668,NULL,0,NULL,'2024-11-23 14:13:36','2024-11-23 14:13:36',NULL),(7164,1444,7165,5669,NULL,0,NULL,'2024-11-23 14:13:36','2024-11-23 14:13:36',NULL),(7165,1444,7166,5670,NULL,0,NULL,'2024-11-23 14:13:36','2024-11-23 14:13:36',NULL),(7166,1444,7167,5671,NULL,0,NULL,'2024-11-23 14:13:36','2024-11-23 14:13:36',NULL),(7167,1444,7168,5672,NULL,0,NULL,'2024-11-23 14:13:37','2024-11-23 14:13:37',NULL),(7168,1444,7169,5673,NULL,0,NULL,'2024-11-23 14:13:37','2024-11-23 14:13:37',NULL),(7169,1444,7170,5674,NULL,0,NULL,'2024-11-23 14:13:37','2024-11-23 14:13:37',NULL),(7170,1444,7171,5675,NULL,0,NULL,'2024-11-23 14:13:37','2024-11-23 14:13:37',NULL),(7171,1444,7172,5676,NULL,0,NULL,'2024-11-23 14:13:37','2024-11-23 14:13:37',NULL),(7172,1444,7173,5677,NULL,0,NULL,'2024-11-23 14:13:37','2024-11-23 14:13:37',NULL),(7173,1444,7174,5678,NULL,0,NULL,'2024-11-23 14:13:37','2024-11-23 14:13:37',NULL),(7174,1444,7175,5679,NULL,0,NULL,'2024-11-23 14:13:38','2024-11-23 14:13:38',NULL),(7175,1444,7176,5680,NULL,0,NULL,'2024-11-23 14:13:38','2024-11-23 14:13:38',NULL),(7176,1444,7177,5681,NULL,0,NULL,'2024-11-23 14:13:38','2024-11-23 14:13:38',NULL),(7177,1444,7178,5682,NULL,0,NULL,'2024-11-23 14:13:38','2024-11-23 14:13:38',NULL),(7178,1444,7179,5683,NULL,0,NULL,'2024-11-23 14:13:38','2024-11-23 14:13:38',NULL),(7179,1444,7180,5684,NULL,0,NULL,'2024-11-23 14:13:38','2024-11-23 14:13:38',NULL),(7180,1444,7181,5685,NULL,0,NULL,'2024-11-23 14:13:38','2024-11-23 14:13:38',NULL),(7181,1444,7182,5686,NULL,0,NULL,'2024-11-23 14:13:38','2024-11-23 14:13:38',NULL),(7182,1444,7183,5687,NULL,0,NULL,'2024-11-23 14:13:39','2024-11-23 14:13:39',NULL),(7183,1444,7184,5688,NULL,0,NULL,'2024-11-23 14:13:39','2024-11-23 14:13:39',NULL),(7184,1444,7185,5689,NULL,0,NULL,'2024-11-23 14:13:39','2024-11-23 14:13:39',NULL),(7185,1444,7186,5690,NULL,0,NULL,'2024-11-23 14:13:39','2024-11-23 14:13:39',NULL),(7186,1444,7187,5691,NULL,0,NULL,'2024-11-23 14:13:39','2024-11-23 14:13:39',NULL),(7187,1444,7188,5692,NULL,0,NULL,'2024-11-23 14:13:39','2024-11-23 14:13:39',NULL),(7188,1444,7189,5693,NULL,0,NULL,'2024-11-23 14:13:39','2024-11-23 14:13:39',NULL),(7189,1444,7190,5694,NULL,0,NULL,'2024-11-23 14:13:39','2024-11-23 14:13:39',NULL),(7190,1444,7191,5695,NULL,0,NULL,'2024-11-23 14:13:39','2024-11-23 14:13:39',NULL),(7191,1444,7192,5696,NULL,0,NULL,'2024-11-23 14:13:40','2024-11-23 14:13:40',NULL),(7192,1444,7193,5697,NULL,0,NULL,'2024-11-23 14:13:40','2024-11-23 14:13:40',NULL),(7193,1444,7194,5698,NULL,0,NULL,'2024-11-23 14:13:40','2024-11-23 14:13:40',NULL),(7194,1444,7195,5699,NULL,0,NULL,'2024-11-23 14:13:40','2024-11-23 14:13:40',NULL),(7195,1444,7196,5700,NULL,0,NULL,'2024-11-23 14:13:40','2024-11-23 14:13:40',NULL),(7196,1444,7197,5701,NULL,0,NULL,'2024-11-23 14:13:40','2024-11-23 14:13:40',NULL),(7197,1444,7198,5702,NULL,0,NULL,'2024-11-23 14:19:51','2024-11-23 14:19:51',NULL);
INSERT INTO `cta_cte_cliente_pivot_receipt` VALUES (7198,1444,7199,5703,NULL,0,NULL,'2024-11-23 14:19:52','2024-11-23 14:19:52',NULL),(7199,1444,7200,5704,NULL,0,NULL,'2024-11-23 14:19:52','2024-11-23 14:19:52',NULL),(7200,1444,7201,5705,NULL,0,NULL,'2024-11-23 14:19:52','2024-11-23 14:19:52',NULL),(7201,1444,7202,5706,NULL,0,NULL,'2024-11-23 14:19:52','2024-11-23 14:19:52',NULL),(7202,1444,7203,5707,NULL,0,NULL,'2024-11-23 14:19:52','2024-11-23 14:19:52',NULL),(7203,1444,7204,5708,NULL,0,NULL,'2024-11-23 14:19:52','2024-11-23 14:19:52',NULL),(7204,1444,7205,5709,NULL,0,NULL,'2024-11-23 14:19:52','2024-11-23 14:19:52',NULL),(7205,1444,7206,5710,NULL,0,NULL,'2024-11-23 14:19:52','2024-11-23 14:19:52',NULL),(7206,1444,7207,5711,NULL,0,NULL,'2024-11-23 14:19:52','2024-11-23 14:19:52',NULL),(7207,1444,7208,5712,NULL,0,NULL,'2024-11-23 14:19:52','2024-11-23 14:19:52',NULL),(7208,1444,7209,5713,NULL,0,NULL,'2024-11-23 14:19:52','2024-11-23 14:19:52',NULL),(7209,1444,7210,5714,NULL,0,NULL,'2024-11-23 14:19:52','2024-11-23 14:19:52',NULL),(7210,1444,7211,5715,NULL,0,NULL,'2024-11-23 14:19:52','2024-11-23 14:19:52',NULL),(7211,1444,7212,5716,NULL,0,NULL,'2024-11-23 14:19:52','2024-11-23 14:19:52',NULL),(7212,1444,7213,5717,NULL,0,NULL,'2024-11-23 14:19:53','2024-11-23 14:19:53',NULL),(7213,1444,7214,5718,NULL,0,NULL,'2024-11-23 14:19:53','2024-11-23 14:19:53',NULL),(7214,1444,7215,5719,NULL,0,NULL,'2024-11-23 14:19:53','2024-11-23 14:19:53',NULL),(7215,1444,7216,5720,NULL,0,NULL,'2024-11-23 14:19:53','2024-11-23 14:19:53',NULL),(7216,1444,7217,5721,NULL,0,NULL,'2024-11-23 14:19:53','2024-11-23 14:19:53',NULL),(7217,1444,7218,5722,NULL,0,NULL,'2024-11-23 14:19:53','2024-11-23 14:19:53',NULL),(7218,1444,7219,5723,NULL,0,NULL,'2024-11-23 14:19:53','2024-11-23 14:19:53',NULL),(7219,1444,7220,5724,NULL,0,NULL,'2024-11-23 14:19:53','2024-11-23 14:19:53',NULL),(7220,1444,7221,5725,NULL,0,NULL,'2024-11-23 14:19:53','2024-11-23 14:19:53',NULL),(7221,1444,7222,5726,NULL,0,NULL,'2024-11-23 14:19:53','2024-11-23 14:19:53',NULL),(7222,1444,7223,5727,NULL,0,NULL,'2024-11-23 14:19:53','2024-11-23 14:19:53',NULL),(7223,1444,7224,5728,NULL,0,NULL,'2024-11-23 14:19:53','2024-11-23 14:19:53',NULL),(7224,1444,7225,5729,NULL,0,NULL,'2024-11-23 14:19:53','2024-11-23 14:19:53',NULL),(7225,1444,7226,5730,NULL,0,NULL,'2024-11-23 14:19:54','2024-11-23 14:19:54',NULL),(7226,1444,7227,5731,NULL,0,NULL,'2024-11-23 14:19:54','2024-11-23 14:19:54',NULL),(7227,1444,7228,5732,NULL,0,NULL,'2024-11-23 14:27:25','2024-11-23 14:27:25',NULL),(7228,1444,7229,5733,NULL,0,NULL,'2024-11-23 14:27:26','2024-11-23 14:27:26',NULL),(7229,1444,7230,5734,NULL,0,NULL,'2024-11-23 14:27:26','2024-11-23 14:27:26',NULL),(7230,1444,7231,5735,NULL,0,NULL,'2024-11-23 14:27:26','2024-11-23 14:27:26',NULL),(7231,1444,7232,5736,NULL,0,NULL,'2024-11-23 14:27:26','2024-11-23 14:27:26',NULL),(7232,1444,7233,5737,NULL,0,NULL,'2024-11-23 14:27:26','2024-11-23 14:27:26',NULL),(7233,1444,7234,5738,NULL,0,NULL,'2024-11-23 14:27:26','2024-11-23 14:27:26',NULL),(7234,1444,7235,5739,NULL,0,NULL,'2024-11-23 14:27:26','2024-11-23 14:27:26',NULL),(7235,1444,7236,5740,NULL,0,NULL,'2024-11-23 14:27:26','2024-11-23 14:27:26',NULL),(7236,1444,7237,5741,NULL,0,NULL,'2024-11-23 14:27:26','2024-11-23 14:27:26',NULL),(7237,1444,7238,5742,NULL,0,NULL,'2024-11-23 14:27:26','2024-11-23 14:27:26',NULL),(7238,1444,7239,5743,NULL,0,NULL,'2024-11-23 14:27:26','2024-11-23 14:27:26',NULL),(7239,1444,7240,5744,NULL,0,NULL,'2024-11-23 14:27:26','2024-11-23 14:27:26',NULL),(7240,1444,7241,5745,NULL,0,NULL,'2024-11-23 14:27:27','2024-11-23 14:27:27',NULL),(7241,1444,7242,5746,NULL,0,NULL,'2024-11-23 14:27:27','2024-11-23 14:27:27',NULL),(7242,1444,7243,5747,NULL,0,NULL,'2024-11-23 14:27:27','2024-11-23 14:27:27',NULL),(7243,1444,7244,5748,NULL,0,NULL,'2024-11-23 14:27:27','2024-11-23 14:27:27',NULL),(7244,1444,7245,5749,NULL,0,NULL,'2024-11-23 14:27:27','2024-11-23 14:27:27',NULL),(7245,1444,7246,5750,NULL,0,NULL,'2024-11-23 14:27:27','2024-11-23 14:27:27',NULL);
INSERT INTO `cta_cte_cliente_pivot_receipt` VALUES (7246,1444,7247,5751,NULL,0,NULL,'2024-11-23 14:27:27','2024-11-23 14:27:27',NULL),(7247,1444,7248,5752,NULL,0,NULL,'2024-11-23 14:27:27','2024-11-23 14:27:27',NULL),(7248,1444,7249,5753,NULL,0,NULL,'2024-11-23 14:27:27','2024-11-23 14:27:27',NULL),(7249,1444,7250,5754,NULL,0,NULL,'2024-11-23 14:27:27','2024-11-23 14:27:27',NULL),(7250,1444,7251,5755,NULL,0,NULL,'2024-11-23 14:27:27','2024-11-23 14:27:27',NULL),(7251,1444,7252,5756,NULL,0,NULL,'2024-11-23 14:27:27','2024-11-23 14:27:27',NULL),(7252,1444,7253,5757,NULL,0,NULL,'2024-11-23 14:27:27','2024-11-23 14:27:27',NULL),(7253,1444,7254,5758,NULL,0,NULL,'2024-11-23 14:27:28','2024-11-23 14:27:28',NULL),(7254,1444,7255,5759,NULL,0,NULL,'2024-11-23 14:27:28','2024-11-24 11:09:57','2024-11-24 11:09:57'),(7255,1444,7256,5760,NULL,0,NULL,'2024-11-23 14:27:28','2024-11-23 14:27:28',NULL),(7256,1444,7257,5761,NULL,0,NULL,'2024-11-23 14:27:28','2024-11-23 14:27:28',NULL),(7257,1444,7258,5762,NULL,0,NULL,'2024-11-23 14:27:28','2024-11-23 14:27:28',NULL),(7258,1444,7259,5763,NULL,0,NULL,'2024-11-23 14:27:28','2024-11-23 14:27:28',NULL),(7259,1444,7260,5764,NULL,0,NULL,'2024-11-23 14:27:28','2024-11-23 14:27:28',NULL),(7260,1444,7261,5765,NULL,0,NULL,'2024-11-23 14:27:28','2024-11-23 14:27:28',NULL),(7261,1444,7262,5766,NULL,0,NULL,'2024-11-23 14:27:28','2024-11-23 14:27:28',NULL),(7262,1444,7263,5767,NULL,0,NULL,'2024-11-23 14:27:28','2024-11-23 14:27:28',NULL),(7263,1444,7264,5768,NULL,0,NULL,'2024-11-23 14:27:28','2024-11-23 14:27:28',NULL),(7264,1444,7265,5769,NULL,0,NULL,'2024-11-23 14:27:28','2024-11-23 14:27:28',NULL),(7265,1444,7266,5770,NULL,0,NULL,'2024-11-23 14:27:28','2024-11-23 14:27:28',NULL),(7266,1444,7267,5771,NULL,0,NULL,'2024-11-23 14:27:28','2024-11-23 14:27:28',NULL),(7267,1444,7268,5772,NULL,0,NULL,'2024-11-23 14:27:29','2024-11-23 14:27:29',NULL),(7268,1444,7269,5773,NULL,0,NULL,'2024-11-23 14:27:29','2024-11-23 14:27:29',NULL),(7269,1444,7270,5774,NULL,0,NULL,'2024-11-23 14:27:29','2024-11-23 14:27:29',NULL),(7270,1444,7271,5775,NULL,0,NULL,'2024-11-23 14:27:29','2024-11-23 14:27:29',NULL),(7271,1444,7272,5776,NULL,0,NULL,'2024-11-23 14:27:29','2024-11-23 14:27:29',NULL),(7272,1444,7273,5777,NULL,0,NULL,'2024-11-23 14:27:29','2024-11-23 14:27:29',NULL),(7273,1444,7274,5778,NULL,0,NULL,'2024-11-23 14:27:29','2024-11-23 14:27:29',NULL),(7274,1444,7275,5779,NULL,0,NULL,'2024-11-23 14:27:29','2024-11-23 14:27:29',NULL),(7275,1444,7276,5780,NULL,0,NULL,'2024-11-23 14:27:29','2024-11-23 14:27:29',NULL),(7276,1444,7277,5781,NULL,0,NULL,'2024-11-23 14:27:29','2024-11-23 14:27:29',NULL),(7277,1444,7278,5782,NULL,0,NULL,'2024-11-23 14:27:29','2024-11-23 14:27:29',NULL),(7278,1444,7279,5783,NULL,0,NULL,'2024-11-23 14:27:29','2024-11-23 14:27:29',NULL),(7279,1444,7280,5784,NULL,0,NULL,'2024-11-23 14:27:29','2024-11-23 14:27:29',NULL),(7280,1444,7281,5785,NULL,0,NULL,'2024-11-23 14:27:29','2024-11-23 14:27:29',NULL),(7281,1444,7282,5786,NULL,0,NULL,'2024-11-23 14:27:29','2024-11-23 14:27:29',NULL),(7282,1444,7283,5787,NULL,0,NULL,'2024-11-23 14:27:30','2024-11-23 14:27:30',NULL),(7283,1444,7284,5788,NULL,0,NULL,'2024-11-23 14:27:30','2024-11-23 14:27:30',NULL),(7284,1444,7285,5789,NULL,0,NULL,'2024-11-23 14:27:30','2024-11-23 14:27:30',NULL),(7285,1444,7286,5790,NULL,0,NULL,'2024-11-23 14:27:30','2024-11-23 14:27:30',NULL),(7286,1444,7287,5791,NULL,0,NULL,'2024-11-23 14:27:30','2024-11-23 14:27:30',NULL),(7287,1444,7288,5792,NULL,0,NULL,'2024-11-23 14:27:30','2024-11-23 14:27:30',NULL),(7288,1444,7289,5793,NULL,0,NULL,'2024-11-23 14:27:30','2024-11-23 14:27:30',NULL),(7289,1444,7290,5794,NULL,0,NULL,'2024-11-23 14:27:30','2024-11-23 14:27:30',NULL),(7290,1444,7291,5795,NULL,0,NULL,'2024-11-23 14:27:30','2024-11-23 14:27:30',NULL),(7291,1444,7292,5796,NULL,0,NULL,'2024-11-23 14:27:30','2024-11-23 14:27:30',NULL),(7292,1444,7293,5797,NULL,0,NULL,'2024-11-23 14:27:30','2024-11-23 14:27:30',NULL);
INSERT INTO `cta_cte_cliente_pivot_receipt` VALUES (7293,1444,7294,5798,NULL,0,NULL,'2024-11-23 14:27:30','2024-11-23 14:27:30',NULL),(7294,1444,7295,5799,NULL,0,NULL,'2024-11-23 14:27:39','2024-11-23 14:27:39',NULL),(7295,1444,7296,5800,NULL,0,NULL,'2024-11-23 14:27:40','2024-11-23 14:27:40',NULL),(7296,1444,7297,5801,NULL,0,NULL,'2024-11-23 14:27:40','2024-11-23 14:27:40',NULL),(7297,1444,7298,5802,NULL,0,NULL,'2024-11-23 14:27:40','2024-11-23 14:27:40',NULL),(7298,1444,7299,5803,NULL,0,NULL,'2024-11-23 14:27:40','2024-11-23 14:27:40',NULL),(7299,1444,7300,5804,NULL,0,NULL,'2024-11-23 14:27:40','2024-11-23 14:27:40',NULL),(7300,1444,7301,5805,NULL,0,NULL,'2024-11-23 14:27:40','2024-11-23 14:27:40',NULL),(7301,1444,7302,5806,NULL,0,NULL,'2024-11-23 14:27:40','2024-11-23 14:27:40',NULL),(7302,1444,7303,5807,NULL,0,NULL,'2024-11-23 14:27:40','2024-11-23 14:27:40',NULL),(7303,1444,7304,5808,NULL,0,NULL,'2024-11-23 14:27:40','2024-11-23 14:27:40',NULL),(7304,1444,7305,5809,NULL,0,NULL,'2024-11-23 14:27:40','2024-11-23 14:27:40',NULL),(7305,1444,7306,5810,NULL,0,NULL,'2024-11-23 14:27:41','2024-11-23 14:27:41',NULL),(7306,1444,7307,5811,NULL,0,NULL,'2024-11-23 14:27:41','2024-11-23 14:27:41',NULL),(7307,1444,7308,5812,NULL,0,NULL,'2024-11-23 14:27:41','2024-11-23 14:27:41',NULL),(7308,1444,7309,5813,NULL,0,NULL,'2024-11-23 14:27:41','2024-11-23 14:27:41',NULL),(7309,1444,7310,5814,NULL,0,NULL,'2024-11-23 14:27:41','2024-11-23 14:27:41',NULL),(7310,1444,7311,5815,NULL,0,NULL,'2024-11-23 14:27:41','2024-11-23 14:27:41',NULL),(7311,1444,7312,5816,NULL,0,NULL,'2024-11-23 14:27:41','2024-11-23 14:27:41',NULL),(7312,1444,7313,5817,NULL,0,NULL,'2024-11-23 14:27:41','2024-11-23 14:27:41',NULL),(7313,1444,7314,5818,NULL,0,NULL,'2024-11-23 14:27:41','2024-11-23 14:27:41',NULL),(7314,1444,7315,5819,NULL,0,NULL,'2024-11-23 14:27:41','2024-11-23 14:27:41',NULL),(7315,1444,7316,5820,NULL,0,NULL,'2024-11-23 14:27:41','2024-11-23 14:27:41',NULL),(7316,1444,7317,5821,NULL,0,NULL,'2024-11-23 14:27:41','2024-11-23 14:27:41',NULL),(7317,1444,7318,5822,NULL,0,NULL,'2024-11-23 14:27:42','2024-11-23 14:27:42',NULL),(7318,1444,7319,5823,NULL,0,NULL,'2024-11-23 14:27:42','2024-11-23 14:27:42',NULL),(7319,1444,7320,5824,NULL,0,NULL,'2024-11-23 14:27:42','2024-11-23 14:27:42',NULL),(7320,1444,7321,5825,NULL,0,NULL,'2024-11-23 14:27:42','2024-11-23 14:27:42',NULL),(7321,1444,7322,5826,NULL,0,NULL,'2024-11-23 14:27:42','2024-11-23 14:27:42',NULL),(7322,1444,7323,5827,NULL,0,NULL,'2024-11-23 14:27:42','2024-11-23 14:27:42',NULL),(7323,1444,7324,5828,NULL,0,NULL,'2024-11-23 14:27:42','2024-11-23 14:27:42',NULL),(7324,1444,7325,5829,NULL,0,NULL,'2024-11-23 14:27:42','2024-11-23 14:27:42',NULL),(7325,1444,7326,5830,NULL,0,NULL,'2024-11-23 14:27:42','2024-11-23 14:27:42',NULL),(7326,1444,7327,5831,NULL,0,NULL,'2024-11-23 14:27:42','2024-11-23 14:27:42',NULL),(7327,1444,7328,5832,NULL,0,NULL,'2024-11-23 14:27:42','2024-11-23 14:27:42',NULL),(7328,1444,7329,5833,NULL,0,NULL,'2024-11-23 14:27:43','2024-11-23 14:27:43',NULL),(7329,1444,7330,5834,NULL,0,NULL,'2024-11-23 14:27:43','2024-11-23 14:27:43',NULL),(7330,1444,7331,5835,NULL,0,NULL,'2024-11-23 14:27:43','2024-11-23 14:27:43',NULL),(7331,1444,7332,5836,NULL,0,NULL,'2024-11-23 14:27:43','2024-11-23 14:27:43',NULL),(7332,1444,7333,5837,NULL,0,NULL,'2024-11-23 14:27:43','2024-11-23 14:27:43',NULL),(7333,1444,7334,5838,NULL,0,NULL,'2024-11-23 14:27:43','2024-11-23 14:27:43',NULL),(7334,1444,7335,5839,NULL,0,NULL,'2024-11-23 14:27:43','2024-11-23 14:27:43',NULL),(7335,1444,7336,5840,NULL,0,NULL,'2024-11-23 14:27:43','2024-11-23 14:27:43',NULL),(7336,1444,7337,5841,NULL,0,NULL,'2024-11-23 14:27:43','2024-11-23 14:27:43',NULL),(7337,1444,7338,5842,NULL,0,NULL,'2024-11-23 14:27:43','2024-11-23 14:27:43',NULL),(7338,1444,7339,5843,NULL,0,NULL,'2024-11-23 14:27:43','2024-11-23 14:27:43',NULL),(7339,1444,7340,5844,NULL,0,NULL,'2024-11-23 14:27:43','2024-11-23 14:27:43',NULL),(7340,1444,7341,5845,NULL,0,NULL,'2024-11-23 14:27:44','2024-11-23 14:27:44',NULL);
INSERT INTO `cta_cte_cliente_pivot_receipt` VALUES (7341,1444,7342,5846,NULL,0,NULL,'2024-11-23 14:27:44','2024-11-23 14:27:44',NULL),(7342,1444,7343,5847,NULL,0,NULL,'2024-11-23 14:27:44','2024-11-23 14:27:44',NULL),(7343,1444,7344,5848,NULL,0,NULL,'2024-11-23 14:27:44','2024-11-23 14:27:44',NULL),(7344,1444,7345,5849,NULL,0,NULL,'2024-11-23 14:27:44','2024-11-23 14:27:44',NULL),(7345,1444,7346,5850,NULL,0,NULL,'2024-11-23 14:27:44','2024-11-23 14:27:44',NULL),(7346,1444,7347,5851,NULL,0,NULL,'2024-11-23 14:27:44','2024-11-23 14:27:44',NULL),(7347,1444,7348,5852,NULL,0,NULL,'2024-11-23 14:27:44','2024-11-23 14:27:44',NULL),(7348,1444,7349,5853,NULL,0,NULL,'2024-11-23 14:27:44','2024-11-23 14:27:44',NULL),(7349,1444,7350,5854,NULL,0,NULL,'2024-11-23 14:27:44','2024-11-23 14:27:44',NULL),(7350,1444,7351,5855,NULL,0,NULL,'2024-11-23 14:27:44','2024-11-23 14:27:44',NULL),(7351,1444,7352,5856,NULL,0,NULL,'2024-11-23 14:27:44','2024-11-23 14:27:44',NULL),(7352,1444,7353,5857,NULL,0,NULL,'2024-11-23 14:27:44','2024-11-23 14:27:44',NULL),(7353,1444,7354,5858,NULL,0,NULL,'2024-11-23 14:27:45','2024-11-23 14:27:45',NULL),(7354,1444,7355,5859,NULL,0,NULL,'2024-11-23 14:27:45','2024-11-23 14:27:45',NULL),(7355,1444,7356,5860,NULL,0,NULL,'2024-11-23 14:27:45','2024-11-23 14:27:45',NULL),(7356,1444,7357,5861,NULL,0,NULL,'2024-11-23 14:27:45','2024-11-23 14:27:45',NULL),(7357,1444,7358,5862,NULL,0,NULL,'2024-11-23 14:27:45','2024-11-23 14:27:45',NULL),(7358,1444,7359,5863,NULL,0,NULL,'2024-11-23 14:27:45','2024-11-23 14:27:45',NULL),(7359,1444,7360,5864,NULL,0,NULL,'2024-11-23 14:27:45','2024-11-23 14:27:45',NULL),(7360,1444,7361,5865,NULL,0,NULL,'2024-11-23 14:27:45','2024-11-23 14:27:45',NULL),(7361,1444,7362,5866,NULL,0,NULL,'2024-11-23 14:28:51','2024-11-23 14:28:51',NULL),(7362,1444,7363,5867,NULL,0,NULL,'2024-11-23 14:28:51','2024-11-23 14:28:51',NULL),(7363,1444,7364,5868,NULL,0,NULL,'2024-11-23 14:28:51','2024-11-23 14:28:51',NULL),(7364,1444,7365,5869,NULL,0,NULL,'2024-11-23 14:28:51','2024-11-23 14:28:51',NULL),(7365,1444,7366,5870,NULL,0,NULL,'2024-11-23 14:28:52','2024-11-23 14:28:52',NULL),(7366,1444,7367,5871,NULL,0,NULL,'2024-11-23 14:28:52','2024-11-23 14:28:52',NULL),(7367,1444,7368,5872,NULL,0,NULL,'2024-11-23 14:28:52','2024-11-23 14:28:52',NULL),(7368,1444,7369,5873,NULL,0,NULL,'2024-11-23 14:28:52','2024-11-23 14:28:52',NULL),(7369,1444,7370,5874,NULL,0,NULL,'2024-11-23 14:28:52','2024-11-23 14:28:52',NULL),(7370,1444,7371,5875,NULL,0,NULL,'2024-11-23 14:28:52','2024-11-23 14:28:52',NULL),(7371,1444,7372,5876,NULL,0,NULL,'2024-11-23 14:28:52','2024-11-23 14:28:52',NULL),(7372,1444,7373,5877,NULL,0,NULL,'2024-11-23 14:28:52','2024-11-23 14:28:52',NULL),(7373,1444,7374,5878,NULL,0,NULL,'2024-11-23 14:28:52','2024-11-23 14:28:52',NULL),(7374,1444,7375,5879,NULL,0,NULL,'2024-11-23 14:28:52','2024-11-23 14:28:52',NULL),(7375,1444,7376,5880,NULL,0,NULL,'2024-11-23 14:28:53','2024-11-23 14:28:53',NULL),(7376,1444,7377,5881,NULL,0,NULL,'2024-11-23 14:28:53','2024-11-23 14:28:53',NULL),(7377,1444,7378,5882,NULL,0,NULL,'2024-11-23 14:28:53','2024-11-23 14:28:53',NULL),(7378,1444,7379,5883,NULL,0,NULL,'2024-11-23 14:28:53','2024-11-23 14:28:53',NULL),(7379,1444,7380,5884,NULL,0,NULL,'2024-11-23 14:28:53','2024-11-23 14:28:53',NULL),(7380,1444,7381,5885,NULL,0,NULL,'2024-11-23 14:28:53','2024-11-23 14:28:53',NULL),(7381,1444,7382,5886,NULL,0,NULL,'2024-11-23 14:28:53','2024-11-23 14:28:53',NULL),(7382,1444,7383,5887,NULL,0,NULL,'2024-11-23 14:28:53','2024-11-23 14:28:53',NULL),(7383,1444,7384,5888,NULL,0,NULL,'2024-11-23 14:28:53','2024-11-23 14:28:53',NULL),(7384,1444,7385,5889,NULL,0,NULL,'2024-11-23 14:28:53','2024-11-23 14:28:53',NULL),(7385,1444,7386,5890,NULL,0,NULL,'2024-11-23 14:28:53','2024-11-23 14:28:53',NULL),(7386,1444,7387,5891,NULL,0,NULL,'2024-11-23 14:28:54','2024-11-23 14:28:54',NULL),(7387,1444,7388,5892,NULL,0,NULL,'2024-11-23 14:28:54','2024-11-23 14:28:54',NULL),(7388,1444,7389,5893,NULL,0,NULL,'2024-11-23 14:28:54','2024-11-23 14:28:54',NULL);
INSERT INTO `cta_cte_cliente_pivot_receipt` VALUES (7389,1444,7390,5894,NULL,0,NULL,'2024-11-23 14:28:54','2024-11-23 14:28:54',NULL),(7390,1444,7391,5895,NULL,0,NULL,'2024-11-23 14:28:54','2024-11-23 14:28:54',NULL),(7391,1444,7392,5896,NULL,0,NULL,'2024-11-23 14:29:09','2024-11-23 14:29:09',NULL),(7392,1444,7393,5897,NULL,0,NULL,'2024-11-23 14:29:09','2024-11-23 14:29:09',NULL),(7393,1444,7394,5898,NULL,0,NULL,'2024-11-23 14:29:09','2024-11-23 14:29:09',NULL),(7394,1444,7395,5899,NULL,0,NULL,'2024-11-23 14:29:09','2024-11-23 14:29:09',NULL),(7395,1444,7396,5900,NULL,0,NULL,'2024-11-23 14:29:09','2024-11-23 14:29:09',NULL),(7396,1444,7397,5901,NULL,0,NULL,'2024-11-23 14:29:09','2024-11-23 14:29:09',NULL),(7397,1444,7398,5902,NULL,0,NULL,'2024-11-23 14:29:10','2024-11-23 14:29:10',NULL),(7398,1444,7399,5903,NULL,0,NULL,'2024-11-23 14:29:10','2024-11-23 14:29:10',NULL),(7399,1444,7400,5904,NULL,0,NULL,'2024-11-23 14:29:10','2024-11-23 14:29:10',NULL),(7400,1444,7401,5905,NULL,0,NULL,'2024-11-23 14:29:10','2024-11-23 14:29:10',NULL),(7401,1444,7402,5906,NULL,0,NULL,'2024-11-23 14:29:10','2024-11-23 14:29:10',NULL),(7402,1444,7403,5907,NULL,0,NULL,'2024-11-23 14:29:10','2024-11-23 14:29:10',NULL),(7403,1444,7404,5908,NULL,0,NULL,'2024-11-23 14:29:10','2024-11-23 14:29:10',NULL),(7404,1444,7405,5909,NULL,0,NULL,'2024-11-23 14:29:10','2024-11-23 14:29:10',NULL),(7405,1444,7406,5910,NULL,0,NULL,'2024-11-23 14:29:11','2024-11-23 14:29:11',NULL),(7406,1444,7407,5911,NULL,0,NULL,'2024-11-23 14:29:11','2024-11-23 14:29:11',NULL),(7407,1444,7408,5912,NULL,0,NULL,'2024-11-23 14:29:11','2024-11-23 14:29:11',NULL),(7408,1444,7409,5913,NULL,0,NULL,'2024-11-23 14:29:11','2024-11-23 14:29:11',NULL),(7409,1444,7410,5914,NULL,0,NULL,'2024-11-23 14:29:11','2024-11-23 14:29:11',NULL),(7410,1444,7411,5915,NULL,0,NULL,'2024-11-23 14:29:11','2024-11-23 14:29:11',NULL),(7411,1444,7412,5916,NULL,0,NULL,'2024-11-23 14:29:11','2024-11-23 14:29:11',NULL),(7412,1444,7413,5917,NULL,0,NULL,'2024-11-23 14:29:11','2024-11-23 14:29:11',NULL),(7413,1444,7414,5918,NULL,0,NULL,'2024-11-23 14:29:12','2024-11-23 14:29:12',NULL),(7414,1444,7415,5919,NULL,0,NULL,'2024-11-23 14:29:12','2024-11-23 14:29:12',NULL),(7415,1444,7416,5920,NULL,0,NULL,'2024-11-23 14:29:12','2024-11-23 14:29:12',NULL),(7416,1444,7417,5921,NULL,0,NULL,'2024-11-23 14:29:23','2024-11-23 14:29:23',NULL),(7417,1444,7418,5922,NULL,0,NULL,'2024-11-23 14:29:23','2024-11-23 14:29:23',NULL),(7418,1444,7419,5923,NULL,0,NULL,'2024-11-23 14:29:23','2024-11-23 14:29:23',NULL),(7419,1444,7420,5924,NULL,0,NULL,'2024-11-23 14:29:23','2024-11-23 14:29:23',NULL),(7420,1444,7421,5925,NULL,0,NULL,'2024-11-23 14:29:23','2024-11-23 14:29:23',NULL),(7421,1444,7422,5926,NULL,0,NULL,'2024-11-23 14:29:23','2024-11-23 14:29:23',NULL),(7422,1444,7423,5927,NULL,0,NULL,'2024-11-23 14:29:23','2024-11-23 14:29:23',NULL),(7423,1444,7424,5928,NULL,0,NULL,'2024-11-23 14:29:24','2024-11-23 14:29:24',NULL),(7424,1444,7425,5929,NULL,0,NULL,'2024-11-23 14:29:24','2024-11-23 14:29:24',NULL),(7425,1444,7426,5930,NULL,0,NULL,'2024-11-23 14:29:24','2024-11-23 14:29:24',NULL),(7426,1444,7427,5931,NULL,0,NULL,'2024-11-23 14:29:24','2024-11-23 14:29:24',NULL),(7427,1444,7428,5932,NULL,0,NULL,'2024-11-23 14:29:24','2024-11-23 14:29:24',NULL),(7428,1444,7429,5933,NULL,0,NULL,'2024-11-23 14:29:24','2024-11-23 14:29:24',NULL),(7429,1444,7430,5934,NULL,0,NULL,'2024-11-23 14:29:24','2024-11-23 14:29:24',NULL),(7430,1444,7431,5935,NULL,0,NULL,'2024-11-23 14:29:24','2024-11-23 14:29:24',NULL),(7431,1444,7432,5936,NULL,0,NULL,'2024-11-23 14:29:24','2024-11-23 14:29:24',NULL),(7432,1444,7433,5937,NULL,0,NULL,'2024-11-23 14:29:24','2024-11-23 14:29:24',NULL),(7433,1444,7434,5938,NULL,0,NULL,'2024-11-23 14:29:24','2024-11-23 14:29:24',NULL),(7434,1444,7435,5939,NULL,0,NULL,'2024-11-23 14:29:24','2024-11-23 14:29:24',NULL),(7435,1444,7436,5940,NULL,0,NULL,'2024-11-23 14:29:24','2024-11-23 14:29:24',NULL),(7436,1444,7437,5941,NULL,0,NULL,'2024-11-23 14:29:24','2024-11-23 14:29:24',NULL);
INSERT INTO `cta_cte_cliente_pivot_receipt` VALUES (7437,1444,7438,5942,NULL,0,NULL,'2024-11-23 14:29:25','2024-11-23 14:29:25',NULL),(7438,1444,7439,5943,NULL,0,NULL,'2024-11-23 14:29:25','2024-11-23 14:29:25',NULL),(7439,1444,7440,5944,NULL,0,NULL,'2024-11-23 14:29:25','2024-11-23 14:29:25',NULL),(7440,1444,7441,5945,NULL,0,NULL,'2024-11-23 14:29:25','2024-11-23 14:29:25',NULL),(7441,1444,7442,5946,NULL,0,NULL,'2024-11-23 14:29:25','2024-11-23 14:29:25',NULL),(7442,1444,7443,5947,NULL,0,NULL,'2024-11-23 14:29:25','2024-11-23 14:29:25',NULL),(7443,1444,7444,5948,NULL,0,NULL,'2024-11-23 14:29:25','2024-11-23 14:29:25',NULL),(7444,1444,7445,5949,NULL,0,NULL,'2024-11-23 14:29:25','2024-11-23 14:29:25',NULL),(7445,1444,7446,5950,NULL,0,NULL,'2024-11-23 14:29:25','2024-11-23 14:29:25',NULL),(7446,1444,7447,5951,NULL,0,NULL,'2024-11-23 14:29:25','2024-11-23 14:29:25',NULL),(7447,1444,7448,5952,NULL,0,NULL,'2024-11-23 14:29:25','2024-11-23 14:29:25',NULL),(7448,1444,7449,5953,NULL,0,NULL,'2024-11-23 14:29:25','2024-11-23 14:29:25',NULL),(7449,1444,7450,5954,NULL,0,NULL,'2024-11-23 14:29:25','2024-11-23 14:29:25',NULL),(7450,1444,7451,5955,NULL,0,NULL,'2024-11-23 14:29:25','2024-11-23 14:29:25',NULL),(7451,1444,7452,5956,NULL,0,NULL,'2024-11-23 14:29:26','2024-11-23 14:29:26',NULL),(7452,1444,7453,5957,NULL,0,NULL,'2024-11-23 14:29:26','2024-11-23 14:29:26',NULL),(7453,1444,7454,5958,NULL,0,NULL,'2024-11-23 14:29:26','2024-11-23 14:29:26',NULL),(7454,1444,7455,5959,NULL,0,NULL,'2024-11-23 14:29:26','2024-11-23 14:29:26',NULL),(7455,1444,7456,5960,NULL,0,NULL,'2024-11-23 14:29:26','2024-11-23 14:29:26',NULL),(7456,1444,7457,5961,NULL,0,NULL,'2024-11-23 14:29:26','2024-11-23 14:29:26',NULL),(7457,1444,7458,5962,NULL,0,NULL,'2024-11-23 14:29:26','2024-11-23 14:29:26',NULL),(7458,1444,7459,5963,NULL,0,NULL,'2024-11-23 14:29:26','2024-11-23 14:29:26',NULL),(7459,1444,7460,5964,NULL,0,NULL,'2024-11-23 14:29:26','2024-11-23 14:29:26',NULL),(7460,1444,7461,5965,NULL,0,NULL,'2024-11-23 14:29:26','2024-11-23 14:29:26',NULL),(7461,1444,7462,5966,NULL,0,NULL,'2024-11-23 14:29:26','2024-11-23 14:29:26',NULL),(7462,1444,7463,5967,NULL,0,NULL,'2024-11-23 14:29:26','2024-11-23 14:29:26',NULL),(7463,1444,7464,5968,NULL,0,NULL,'2024-11-23 14:29:26','2024-11-23 14:29:26',NULL),(7464,1444,7465,5969,NULL,0,NULL,'2024-11-23 14:29:26','2024-11-23 14:29:26',NULL),(7465,1444,7466,5970,NULL,0,NULL,'2024-11-23 14:29:27','2024-11-23 14:29:27',NULL),(7466,1444,7467,5971,NULL,0,NULL,'2024-11-23 14:29:27','2024-11-23 14:29:27',NULL),(7467,1444,7468,5972,NULL,0,NULL,'2024-11-23 14:29:27','2024-11-23 14:29:27',NULL),(7468,1444,7469,5973,NULL,0,NULL,'2024-11-23 14:29:27','2024-11-23 14:29:27',NULL),(7469,1444,7470,5974,NULL,0,NULL,'2024-11-23 14:29:27','2024-11-23 14:29:27',NULL),(7470,1444,7471,5975,NULL,0,NULL,'2024-11-23 14:29:27','2024-11-23 14:29:27',NULL),(7471,1444,7472,5976,NULL,0,NULL,'2024-11-23 14:29:27','2024-11-23 14:29:27',NULL),(7472,1444,7473,5977,NULL,0,NULL,'2024-11-23 14:29:27','2024-11-23 14:29:27',NULL),(7473,1444,7474,5978,NULL,0,NULL,'2024-11-23 14:29:27','2024-11-23 14:29:27',NULL),(7474,1444,7475,5979,NULL,0,NULL,'2024-11-23 14:29:27','2024-11-23 14:29:27',NULL),(7475,1444,7476,5980,NULL,0,NULL,'2024-11-23 14:29:27','2024-11-23 14:29:27',NULL),(7476,1444,7477,5981,NULL,0,NULL,'2024-11-23 14:29:27','2024-11-23 14:29:27',NULL),(7477,1444,7478,5982,NULL,0,NULL,'2024-11-23 14:29:27','2024-11-23 14:29:27',NULL),(7478,1444,7479,5983,NULL,0,NULL,'2024-11-23 14:29:27','2024-11-23 14:29:27',NULL),(7479,1444,7480,5984,NULL,0,NULL,'2024-11-23 14:29:28','2024-11-23 14:29:28',NULL),(7480,1444,7481,5985,NULL,0,NULL,'2024-11-23 14:29:28','2024-11-23 14:29:28',NULL),(7481,1444,7482,5986,NULL,0,NULL,'2024-11-23 14:29:28','2024-11-23 14:29:28',NULL),(7482,1444,7483,5987,NULL,0,NULL,'2024-11-23 14:29:28','2024-11-23 14:29:28',NULL),(7483,1444,7484,5988,NULL,0,NULL,'2024-11-23 14:29:28','2024-11-23 14:29:28',NULL),(7484,1444,7485,5989,NULL,0,NULL,'2024-11-23 14:29:28','2024-11-23 14:29:28',NULL);
INSERT INTO `cta_cte_cliente_pivot_receipt` VALUES (7485,1444,7486,5990,NULL,0,NULL,'2024-11-23 14:29:28','2024-11-23 14:29:28',NULL),(7486,1444,7487,5991,NULL,0,NULL,'2024-11-23 14:29:28','2024-11-23 14:29:28',NULL),(7487,1444,7488,5992,NULL,0,NULL,'2024-11-23 14:29:28','2024-11-23 14:29:28',NULL),(7488,1444,7489,5993,NULL,0,NULL,'2024-11-23 14:29:28','2024-11-23 14:29:28',NULL),(7489,1444,7490,5994,NULL,0,NULL,'2024-11-23 14:29:28','2024-11-23 14:29:28',NULL),(7490,1444,7491,5995,NULL,0,NULL,'2024-11-23 14:29:28','2024-11-23 14:29:28',NULL),(7491,1444,7492,5996,NULL,0,NULL,'2024-11-23 14:29:28','2024-11-23 14:29:28',NULL),(7492,1444,7493,5997,NULL,0,NULL,'2024-11-23 14:29:28','2024-11-23 14:29:28',NULL),(7493,1444,7494,5998,NULL,0,NULL,'2024-11-23 14:29:29','2024-11-23 14:29:29',NULL),(7494,1444,7495,5999,NULL,0,NULL,'2024-11-23 14:29:29','2024-11-23 14:29:29',NULL),(7495,1444,7496,6000,NULL,0,NULL,'2024-11-23 14:29:29','2024-11-23 14:29:29',NULL),(7496,1444,7497,6001,NULL,0,NULL,'2024-11-23 14:29:29','2024-11-23 14:29:29',NULL),(7512,1444,7513,6017,NULL,0,NULL,'2024-11-23 14:32:45','2024-11-23 14:32:45',NULL),(7513,1444,7514,6018,NULL,0,NULL,'2024-11-23 14:32:45','2024-11-23 14:32:45',NULL),(7514,1444,7515,6019,NULL,0,NULL,'2024-11-23 14:32:45','2024-11-23 14:32:45',NULL),(7515,1444,7516,6020,NULL,0,NULL,'2024-11-23 14:32:45','2024-11-23 14:32:45',NULL),(7516,1444,7517,6021,NULL,0,NULL,'2024-11-23 14:32:45','2024-11-23 14:32:45',NULL),(7517,1444,7518,6022,NULL,0,NULL,'2024-11-23 14:32:46','2024-11-23 14:32:46',NULL),(7518,1444,7519,6023,NULL,0,NULL,'2024-11-23 14:32:46','2024-11-23 14:32:46',NULL),(7519,1444,7520,6024,NULL,0,NULL,'2024-11-23 14:32:46','2024-11-23 14:32:46',NULL),(7520,1444,7521,6025,NULL,0,NULL,'2024-11-23 14:32:46','2024-11-23 14:32:46',NULL),(7521,1444,7522,6026,NULL,0,NULL,'2024-11-23 14:32:46','2024-11-23 14:32:46',NULL),(7522,1444,7523,6027,NULL,0,NULL,'2024-11-23 14:32:46','2024-11-23 14:32:46',NULL),(7523,1444,7524,6028,NULL,0,NULL,'2024-11-23 14:32:46','2024-11-23 14:32:46',NULL),(7524,1444,7525,6029,NULL,0,NULL,'2024-11-23 14:32:46','2024-11-23 14:32:46',NULL),(7525,1444,7526,6030,NULL,0,NULL,'2024-11-23 14:32:47','2024-11-23 14:32:47',NULL),(7526,1444,7527,6031,NULL,0,NULL,'2024-11-23 14:32:47','2024-11-23 14:32:47',NULL),(7527,1444,7528,6032,NULL,0,NULL,'2024-11-23 14:32:47','2024-11-23 14:32:47',NULL),(7528,1444,7529,6033,NULL,0,NULL,'2024-11-23 14:38:40','2024-11-23 14:38:40',NULL),(7529,1444,7530,6034,NULL,0,NULL,'2024-11-23 14:38:40','2024-11-23 14:38:40',NULL),(7530,1444,7531,6035,NULL,0,NULL,'2024-11-23 14:38:40','2024-11-23 14:38:40',NULL),(7531,1444,7532,6036,NULL,0,NULL,'2024-11-23 14:38:41','2024-11-23 14:38:41',NULL),(7532,1444,7533,6037,NULL,0,NULL,'2024-11-23 14:38:41','2024-11-23 14:38:41',NULL),(7533,1444,7534,6038,NULL,0,NULL,'2024-11-23 14:38:41','2024-11-23 14:38:41',NULL),(7534,1444,7535,6039,NULL,0,NULL,'2024-11-23 14:38:41','2024-11-23 14:38:41',NULL),(7535,1444,7536,6040,NULL,0,NULL,'2024-11-23 14:38:41','2024-11-23 14:38:41',NULL),(7536,1444,7537,6041,NULL,0,NULL,'2024-11-23 14:38:41','2024-11-23 14:38:41',NULL),(7537,1444,7538,6042,NULL,0,NULL,'2024-11-23 14:38:41','2024-11-23 14:38:41',NULL),(7538,1444,7539,6043,NULL,0,NULL,'2024-11-23 14:38:41','2024-11-23 14:38:41',NULL),(7539,1444,7540,6044,NULL,0,NULL,'2024-11-23 14:38:42','2024-11-23 14:38:42',NULL),(7540,1444,7541,6045,NULL,0,NULL,'2024-11-23 14:38:42','2024-11-23 14:38:42',NULL),(7541,1444,7542,6046,NULL,0,NULL,'2024-11-23 14:38:42','2024-11-23 14:38:42',NULL),(7542,1444,7543,6047,NULL,0,NULL,'2024-11-23 14:38:42','2024-11-23 14:38:42',NULL),(7543,1444,7544,6048,NULL,0,NULL,'2024-11-23 14:38:42','2024-11-23 14:38:42',NULL),(7544,1444,7545,6049,NULL,0,NULL,'2024-11-23 14:38:42','2024-11-23 14:38:42',NULL),(7545,1444,7546,6050,NULL,0,NULL,'2024-11-23 14:38:42','2024-11-23 14:38:42',NULL),(7546,1444,7547,6051,NULL,0,NULL,'2024-11-23 14:38:42','2024-11-23 14:38:42',NULL),(7547,1444,7548,6052,NULL,0,NULL,'2024-11-23 14:38:43','2024-11-23 14:38:43',NULL);
INSERT INTO `cta_cte_cliente_pivot_receipt` VALUES (7548,1444,7549,6053,NULL,0,NULL,'2024-11-23 14:38:43','2024-11-23 14:38:43',NULL),(7549,1444,7550,6054,NULL,0,NULL,'2024-11-23 14:38:43','2024-11-23 14:38:43',NULL),(7550,1444,7551,6055,NULL,0,NULL,'2024-11-23 14:38:43','2024-11-23 14:38:43',NULL),(7551,1444,7552,6056,NULL,0,NULL,'2024-11-23 14:38:43','2024-11-23 14:38:43',NULL),(7552,1444,7553,6057,NULL,0,NULL,'2024-11-23 14:38:43','2024-11-23 14:38:43',NULL),(7553,1444,7554,6058,NULL,0,NULL,'2024-11-23 14:38:43','2024-11-23 14:38:43',NULL),(7554,1444,7555,6059,NULL,0,NULL,'2024-11-23 14:38:43','2024-11-23 14:38:43',NULL),(7555,1444,7556,6060,NULL,0,NULL,'2024-11-23 14:38:43','2024-11-23 14:38:43',NULL),(7556,1444,7557,6061,NULL,0,NULL,'2024-11-23 14:38:43','2024-11-23 14:38:43',NULL),(7557,1444,7558,6062,NULL,0,NULL,'2024-11-23 14:45:17','2024-11-23 14:45:17',NULL),(7558,1444,7559,6063,NULL,0,NULL,'2024-11-23 14:45:17','2024-11-23 14:45:17',NULL),(7559,1444,7560,6064,NULL,0,NULL,'2024-11-23 14:45:17','2024-11-23 14:45:17',NULL),(7560,1444,7561,6065,NULL,0,NULL,'2024-11-23 14:45:17','2024-11-23 14:45:17',NULL),(7561,1444,7562,6066,NULL,0,NULL,'2024-11-23 14:45:17','2024-11-23 14:45:17',NULL),(7562,1444,7563,6067,NULL,0,NULL,'2024-11-23 14:45:17','2024-11-23 14:45:17',NULL),(7563,1444,7564,6068,NULL,0,NULL,'2024-11-23 14:45:17','2024-11-23 14:45:17',NULL),(7564,1444,7565,6069,NULL,0,NULL,'2024-11-23 14:45:17','2024-11-23 14:45:17',NULL),(7565,1444,7566,6070,NULL,0,NULL,'2024-11-23 14:45:17','2024-11-23 14:45:17',NULL),(7566,1444,7567,6071,NULL,0,NULL,'2024-11-23 14:45:18','2024-11-23 14:45:18',NULL),(7567,1444,7568,6072,NULL,0,NULL,'2024-11-23 14:45:18','2024-11-23 14:45:18',NULL),(7568,1444,7569,6073,NULL,0,NULL,'2024-11-23 14:45:18','2024-11-23 14:45:18',NULL),(7569,1444,7570,6074,NULL,0,NULL,'2024-11-23 14:45:18','2024-11-23 14:45:18',NULL),(7570,1444,7571,6075,NULL,0,NULL,'2024-11-23 14:45:18','2024-11-23 14:45:18',NULL),(7571,1444,7572,6076,NULL,0,NULL,'2024-11-23 14:45:18','2024-11-23 14:45:18',NULL),(7572,1444,7573,6077,NULL,0,NULL,'2024-11-23 14:45:18','2024-11-23 14:45:18',NULL),(7573,1444,7574,6078,NULL,0,NULL,'2024-11-23 14:45:18','2024-11-23 14:45:18',NULL),(7574,1444,7575,6079,NULL,0,NULL,'2024-11-23 14:45:18','2024-11-23 14:45:18',NULL),(7575,1444,7576,6080,NULL,0,NULL,'2024-11-23 14:45:18','2024-11-23 14:45:18',NULL),(7576,1444,7577,6081,NULL,0,NULL,'2024-11-23 14:45:18','2024-11-23 14:45:18',NULL),(7577,1444,7578,6082,NULL,0,NULL,'2024-11-23 14:45:18','2024-11-23 14:45:18',NULL),(7578,1444,7579,6083,NULL,0,NULL,'2024-11-23 14:45:18','2024-11-23 14:45:18',NULL),(7579,1444,7580,6084,NULL,0,NULL,'2024-11-23 14:45:18','2024-11-23 14:45:18',NULL),(7580,1444,7581,6085,NULL,0,NULL,'2024-11-23 14:45:19','2024-11-23 14:45:19',NULL),(7581,1444,7582,6086,NULL,0,NULL,'2024-11-23 14:45:19','2024-11-23 14:45:19',NULL),(7582,1444,7583,6087,NULL,0,NULL,'2024-11-23 14:45:57','2024-11-23 14:45:57',NULL),(7583,1444,7584,6088,NULL,0,NULL,'2024-11-23 14:45:57','2024-11-23 14:45:57',NULL),(7584,1444,7585,6089,NULL,0,NULL,'2024-11-23 14:45:57','2024-11-23 14:45:57',NULL),(7585,1444,7586,6090,NULL,0,NULL,'2024-11-23 14:45:57','2024-11-23 14:45:57',NULL),(7586,1444,7587,6091,NULL,0,NULL,'2024-11-23 14:45:57','2024-11-23 14:45:57',NULL),(7587,1444,7588,6092,NULL,0,NULL,'2024-11-23 14:45:57','2024-11-23 14:45:57',NULL),(7588,1444,7589,6093,NULL,0,NULL,'2024-11-23 14:45:57','2024-11-23 14:45:57',NULL),(7589,1444,7590,6094,NULL,0,NULL,'2024-11-23 14:45:57','2024-11-23 14:45:57',NULL),(7590,1444,7591,6095,NULL,0,NULL,'2024-11-23 14:45:57','2024-11-23 14:45:57',NULL),(7591,1444,7592,6096,NULL,0,NULL,'2024-11-23 14:45:58','2024-11-23 14:45:58',NULL),(7592,1444,7593,6097,NULL,0,NULL,'2024-11-23 14:45:58','2024-11-23 14:45:58',NULL),(7593,1444,7594,6098,NULL,0,NULL,'2024-11-23 14:45:58','2024-11-23 14:45:58',NULL),(7594,1444,7595,6099,NULL,0,NULL,'2024-11-23 14:45:58','2024-11-23 14:45:58',NULL),(7595,1444,7596,6100,NULL,0,NULL,'2024-11-23 14:45:58','2024-11-23 14:45:58',NULL);
INSERT INTO `cta_cte_cliente_pivot_receipt` VALUES (7596,1444,7597,6101,NULL,0,NULL,'2024-11-23 14:45:58','2024-11-23 14:45:58',NULL),(7597,1444,7598,6102,NULL,0,NULL,'2024-11-23 14:45:58','2024-11-23 14:45:58',NULL),(7598,1444,7599,5759,NULL,0,NULL,'2024-11-24 11:09:57','2024-11-24 11:09:57',NULL),(7599,1444,7600,6103,NULL,0,NULL,'2024-11-24 23:52:40','2024-11-24 23:52:40',NULL),(7600,1444,7601,6104,NULL,0,NULL,'2024-11-24 23:53:32','2024-11-24 23:53:32',NULL),(7601,1444,7602,6105,NULL,0,NULL,'2024-11-24 23:54:30','2024-11-24 23:54:30',NULL),(7602,1444,7603,6106,NULL,0,NULL,'2024-11-24 23:55:23','2024-11-24 23:55:23',NULL),(7603,1444,7604,6107,NULL,0,NULL,'2024-11-25 00:00:32','2024-11-25 00:00:32',NULL),(7604,1444,7605,6108,NULL,0,NULL,'2024-11-25 00:02:54','2024-11-25 00:02:54',NULL),(7605,1444,7606,6109,NULL,0,NULL,'2024-11-25 00:03:46','2024-11-25 00:03:46',NULL),(7606,1444,7607,6110,NULL,0,NULL,'2024-11-25 00:04:31','2024-11-25 00:04:31',NULL),(7607,1444,7608,6111,NULL,0,NULL,'2024-11-25 00:07:27','2024-11-25 00:07:27',NULL),(7608,1444,7609,6112,NULL,0,NULL,'2024-11-25 00:08:46','2024-11-25 00:08:46',NULL),(7609,1444,7610,6113,NULL,0,NULL,'2024-11-25 00:12:04','2024-11-25 00:12:04',NULL),(7610,1444,7611,6114,NULL,0,NULL,'2024-11-25 00:12:52','2024-11-25 00:12:52',NULL),(7611,1444,7612,6115,NULL,0,NULL,'2024-11-25 00:14:26','2024-11-25 00:14:26',NULL),(7612,1444,7613,6116,NULL,0,NULL,'2024-11-25 00:16:15','2024-11-25 00:16:15',NULL),(7613,1444,7614,6117,NULL,0,NULL,'2024-11-25 00:17:16','2024-11-25 00:17:16',NULL),(7614,1444,7615,6118,NULL,0,NULL,'2024-11-25 00:17:57','2024-11-25 00:17:57',NULL),(7615,1444,7616,6119,NULL,0,NULL,'2024-11-25 00:18:44','2024-11-25 00:18:44',NULL),(7616,1444,7617,6120,NULL,0,NULL,'2024-11-25 00:20:04','2024-11-25 00:20:04',NULL),(7617,1444,7618,6121,NULL,0,NULL,'2024-11-25 00:20:43','2024-11-25 00:20:43',NULL),(7618,1444,7619,6122,NULL,0,NULL,'2024-11-25 00:21:25','2024-11-25 00:21:25',NULL),(7619,1444,7620,5592,NULL,0,NULL,'2024-11-25 20:07:47','2024-11-25 20:07:47',NULL),(7620,1444,7621,5618,NULL,0,NULL,'2024-11-25 20:13:39','2024-11-25 20:16:16','2024-11-25 20:16:16'),(7621,1444,7622,5609,NULL,0,NULL,'2024-11-25 20:14:00','2024-11-25 20:14:29','2024-11-25 20:14:29'),(7622,1444,7623,5609,NULL,0,NULL,'2024-11-25 20:14:29','2024-11-25 20:16:03','2024-11-25 20:16:03'),(7623,1444,7624,5609,NULL,0,NULL,'2024-11-25 20:16:03','2024-11-25 20:16:03',NULL),(7624,1444,7625,5618,NULL,0,NULL,'2024-11-25 20:16:16','2024-11-25 20:16:16',NULL),(7625,1444,7626,5613,NULL,0,NULL,'2024-11-25 20:19:29','2024-11-25 20:19:29',NULL),(7626,1444,7627,5625,NULL,0,NULL,'2024-11-25 20:21:29','2024-11-25 20:21:29',NULL),(7627,1444,7628,5623,NULL,0,NULL,'2024-11-25 20:22:05','2024-11-25 20:22:05',NULL),(7628,1444,7629,5524,NULL,0,NULL,'2024-11-25 21:52:02','2024-11-25 21:52:02',NULL),(7629,1444,7630,5527,NULL,0,NULL,'2024-11-25 21:55:07','2024-11-25 21:55:48','2024-11-25 21:55:48'),(7630,1444,7631,5527,NULL,0,NULL,'2024-11-25 21:55:48','2024-11-25 21:55:48',NULL),(7631,1444,7632,5541,NULL,0,NULL,'2024-11-25 21:59:57','2024-11-25 21:59:57',NULL),(7632,1444,7633,5528,NULL,0,NULL,'2024-11-25 22:00:11','2024-11-25 22:00:11',NULL),(7633,1444,7634,5526,NULL,0,NULL,'2024-11-25 22:00:33','2024-11-25 22:00:33',NULL),(7634,1444,7635,5525,NULL,0,NULL,'2024-11-25 22:00:47','2024-11-25 22:00:47',NULL),(7635,1444,7636,6123,NULL,0,NULL,'2024-12-21 17:13:33','2024-12-21 17:13:33',NULL),(7636,1444,7637,6124,NULL,0,NULL,'2024-12-21 17:13:33','2024-12-21 17:13:33',NULL),(7637,1444,7638,6125,NULL,0,NULL,'2024-12-21 17:13:34','2024-12-21 17:13:34',NULL),(7638,1444,7639,6126,NULL,0,NULL,'2024-12-21 17:13:34','2024-12-21 17:13:34',NULL),(7639,1444,7640,6127,NULL,0,NULL,'2024-12-21 17:13:34','2024-12-21 17:13:34',NULL),(7640,1444,7641,6128,NULL,0,NULL,'2024-12-21 17:13:34','2024-12-21 17:13:34',NULL),(7641,1444,7642,6129,NULL,0,NULL,'2024-12-21 17:13:34','2024-12-21 17:13:34',NULL),(7642,1444,7643,6130,NULL,0,NULL,'2024-12-21 17:13:34','2024-12-21 17:13:34',NULL);
INSERT INTO `cta_cte_cliente_pivot_receipt` VALUES (7643,1444,7644,6131,NULL,0,NULL,'2024-12-21 17:13:34','2024-12-21 17:13:34',NULL),(7644,1444,7645,6132,NULL,0,NULL,'2024-12-21 17:13:34','2024-12-21 17:13:34',NULL),(7645,1444,7646,6133,NULL,0,NULL,'2024-12-21 17:13:34','2024-12-21 17:13:34',NULL),(7646,1444,7647,6134,NULL,0,NULL,'2024-12-21 17:13:34','2024-12-21 17:13:34',NULL),(7647,1444,7648,6135,NULL,0,NULL,'2024-12-21 17:13:34','2024-12-21 17:13:34',NULL),(7648,1444,7649,6136,NULL,0,NULL,'2024-12-21 17:13:34','2024-12-21 17:13:34',NULL),(7649,1444,7650,6137,NULL,0,NULL,'2024-12-21 17:13:34','2024-12-21 17:13:34',NULL),(7650,1444,7651,6138,NULL,0,NULL,'2024-12-21 17:13:34','2024-12-21 17:13:34',NULL),(7651,1444,7652,6139,NULL,0,NULL,'2024-12-21 17:13:34','2024-12-21 17:13:34',NULL),(7652,1444,7653,6140,NULL,0,NULL,'2024-12-21 17:13:35','2024-12-21 17:13:35',NULL),(7653,1444,7654,6141,NULL,0,NULL,'2024-12-21 17:13:35','2024-12-21 17:13:35',NULL),(7654,1444,7655,6142,NULL,0,NULL,'2024-12-21 17:13:35','2024-12-21 17:13:35',NULL),(7655,1444,7656,6143,NULL,0,NULL,'2024-12-21 17:13:35','2024-12-21 17:13:35',NULL),(7656,1444,7657,6144,NULL,0,NULL,'2024-12-21 17:13:35','2024-12-21 17:13:35',NULL),(7657,1444,7658,6145,NULL,0,NULL,'2024-12-21 17:13:35','2024-12-21 17:13:35',NULL),(7658,1444,7659,6146,NULL,0,NULL,'2024-12-21 17:13:35','2024-12-21 17:13:35',NULL),(7659,1444,7660,6147,NULL,0,NULL,'2024-12-21 17:13:35','2024-12-21 17:13:35',NULL),(7660,1444,7661,6148,NULL,0,NULL,'2024-12-21 17:13:35','2024-12-21 17:13:35',NULL),(7661,1444,7662,6149,NULL,0,NULL,'2024-12-21 17:13:35','2024-12-21 17:13:35',NULL),(7662,1444,7663,6150,NULL,0,NULL,'2024-12-21 17:13:35','2024-12-21 17:13:35',NULL),(7663,1444,7664,6151,NULL,0,NULL,'2024-12-21 17:13:35','2024-12-21 17:13:35',NULL),(7664,1444,7665,6152,NULL,0,NULL,'2024-12-21 17:13:35','2024-12-21 17:13:35',NULL),(7665,1444,7666,6153,NULL,0,NULL,'2024-12-21 17:13:35','2024-12-21 17:13:35',NULL),(7666,1444,7667,6154,NULL,0,NULL,'2024-12-21 17:13:35','2024-12-21 17:13:35',NULL),(7667,1444,7668,6155,NULL,0,NULL,'2024-12-21 17:13:36','2024-12-21 17:13:36',NULL),(7668,1444,7669,6156,NULL,0,NULL,'2024-12-21 17:13:36','2024-12-21 17:13:36',NULL),(7669,1444,7670,6157,NULL,0,NULL,'2024-12-21 17:13:36','2024-12-21 17:13:36',NULL),(7670,1444,7671,6158,NULL,0,NULL,'2024-12-21 17:13:36','2024-12-21 17:13:36',NULL),(7671,1444,7672,6159,NULL,0,NULL,'2024-12-21 17:13:36','2024-12-21 17:13:36',NULL),(7672,1444,7673,6160,NULL,0,NULL,'2024-12-21 17:13:36','2024-12-21 17:13:36',NULL),(7673,1444,7674,6161,NULL,0,NULL,'2024-12-21 17:13:36','2024-12-21 17:13:36',NULL),(7674,1444,7675,6162,NULL,0,NULL,'2024-12-21 17:13:36','2024-12-21 17:13:36',NULL),(7675,1444,7676,6163,NULL,0,NULL,'2024-12-21 17:13:36','2024-12-21 17:13:36',NULL),(7676,1444,7677,6164,NULL,0,NULL,'2024-12-21 17:13:36','2024-12-21 17:13:36',NULL),(7677,1444,7678,6165,NULL,0,NULL,'2024-12-21 17:13:36','2024-12-21 17:13:36',NULL),(7678,1444,7679,6166,NULL,0,NULL,'2024-12-21 17:13:36','2024-12-21 17:13:36',NULL),(7679,1444,7680,6167,NULL,0,NULL,'2024-12-21 17:13:36','2024-12-21 17:13:36',NULL),(7680,1444,7681,6168,NULL,0,NULL,'2024-12-21 17:13:36','2024-12-21 17:13:36',NULL),(7681,1444,7682,6169,NULL,0,NULL,'2024-12-21 17:13:36','2024-12-21 17:13:36',NULL),(7682,1444,7683,6170,NULL,0,NULL,'2024-12-21 17:13:37','2024-12-21 17:13:37',NULL),(7683,1444,7684,6171,NULL,0,NULL,'2024-12-21 17:13:37','2024-12-21 17:13:37',NULL),(7684,1444,7685,6172,NULL,0,NULL,'2024-12-21 17:13:37','2024-12-21 17:13:37',NULL),(7685,1444,7686,6173,NULL,0,NULL,'2024-12-21 17:13:37','2024-12-21 17:13:37',NULL),(7686,1444,7687,6174,NULL,0,NULL,'2024-12-21 17:13:37','2024-12-21 17:13:37',NULL),(7687,1444,7688,6175,NULL,0,NULL,'2024-12-21 17:13:37','2024-12-21 17:13:37',NULL),(7688,1444,7689,6176,NULL,0,NULL,'2024-12-21 17:13:37','2024-12-21 17:13:37',NULL),(7689,1444,7690,6177,NULL,0,NULL,'2024-12-21 17:13:37','2024-12-21 17:13:37',NULL),(7690,1444,7691,6178,NULL,0,NULL,'2024-12-21 17:13:37','2024-12-21 17:13:37',NULL);
INSERT INTO `cta_cte_cliente_pivot_receipt` VALUES (7691,1444,7692,6179,NULL,0,NULL,'2024-12-21 17:13:37','2024-12-21 17:13:37',NULL),(7692,1444,7693,6180,NULL,0,NULL,'2024-12-21 17:13:37','2024-12-21 17:13:37',NULL),(7693,1444,7694,6181,NULL,0,NULL,'2024-12-21 17:13:37','2024-12-21 17:13:37',NULL),(7694,1444,7695,6182,NULL,0,NULL,'2024-12-21 17:13:37','2024-12-21 17:13:37',NULL),(7695,1444,7696,6183,NULL,0,NULL,'2024-12-21 17:13:37','2024-12-21 17:13:37',NULL),(7696,1444,7697,6184,NULL,0,NULL,'2024-12-21 17:13:37','2024-12-21 17:13:37',NULL),(7697,1444,7698,6185,NULL,0,NULL,'2024-12-21 17:13:37','2024-12-21 17:13:37',NULL),(7698,1444,7699,6186,NULL,0,NULL,'2024-12-21 17:13:55','2024-12-21 17:13:55',NULL),(7699,1444,7700,6187,NULL,0,NULL,'2024-12-21 17:13:55','2024-12-21 17:13:55',NULL),(7700,1444,7701,6188,NULL,0,NULL,'2024-12-21 17:13:55','2024-12-21 17:13:55',NULL),(7701,1444,7702,6189,NULL,0,NULL,'2024-12-21 17:13:55','2024-12-21 17:13:55',NULL),(7702,1444,7703,6190,NULL,0,NULL,'2024-12-21 17:13:55','2024-12-21 17:13:55',NULL),(7703,1444,7704,6191,NULL,0,NULL,'2024-12-21 17:13:55','2024-12-21 17:13:55',NULL),(7704,1444,7705,6192,NULL,0,NULL,'2024-12-21 17:13:56','2024-12-21 17:13:56',NULL),(7705,1444,7706,6193,NULL,0,NULL,'2024-12-21 17:13:56','2024-12-21 17:13:56',NULL),(7706,1444,7707,6194,NULL,0,NULL,'2024-12-21 17:13:56','2024-12-21 17:13:56',NULL),(7707,1444,7708,6195,NULL,0,NULL,'2024-12-21 17:13:56','2024-12-21 17:13:56',NULL),(7708,1444,7709,6196,NULL,0,NULL,'2024-12-21 17:13:56','2024-12-21 17:13:56',NULL),(7709,1444,7710,6197,NULL,0,NULL,'2024-12-21 17:13:56','2024-12-21 17:13:56',NULL),(7710,1444,7711,6198,NULL,0,NULL,'2024-12-21 17:13:56','2024-12-21 17:13:56',NULL),(7711,1444,7712,6199,NULL,0,NULL,'2024-12-21 17:13:56','2024-12-21 17:13:56',NULL),(7712,1444,7713,6200,NULL,0,NULL,'2024-12-21 17:13:56','2024-12-21 17:13:56',NULL),(7713,1444,7714,6201,NULL,0,NULL,'2024-12-21 17:13:56','2024-12-21 17:13:56',NULL),(7714,1444,7715,6202,NULL,0,NULL,'2024-12-21 17:13:56','2024-12-21 17:13:56',NULL),(7715,1444,7716,6203,NULL,0,NULL,'2024-12-21 17:13:56','2024-12-21 17:13:56',NULL),(7716,1444,7717,6204,NULL,0,NULL,'2024-12-21 17:13:56','2024-12-21 17:13:56',NULL),(7717,1444,7718,6205,NULL,0,NULL,'2024-12-21 17:13:56','2024-12-21 17:13:56',NULL),(7718,1444,7719,6206,NULL,0,NULL,'2024-12-21 17:13:56','2024-12-21 17:13:56',NULL),(7719,1444,7720,6207,NULL,0,NULL,'2024-12-21 17:13:57','2024-12-21 17:13:57',NULL),(7720,1444,7721,6208,NULL,0,NULL,'2024-12-21 17:13:57','2024-12-21 17:13:57',NULL),(7721,1444,7722,6209,NULL,0,NULL,'2024-12-21 17:13:57','2024-12-21 17:13:57',NULL),(7722,1444,7723,6210,NULL,0,NULL,'2024-12-21 17:13:57','2024-12-21 17:13:57',NULL),(7723,1444,7724,6211,NULL,0,NULL,'2024-12-21 17:13:57','2024-12-21 17:13:57',NULL),(7724,1444,7725,6212,NULL,0,NULL,'2024-12-21 17:13:57','2024-12-21 17:13:57',NULL),(7725,1444,7726,6213,NULL,0,NULL,'2024-12-25 20:05:44','2024-12-25 20:05:44',NULL),(7726,1444,7727,6214,NULL,0,NULL,'2024-12-25 20:05:44','2024-12-25 20:05:44',NULL),(7727,1444,7728,6215,NULL,0,NULL,'2024-12-25 20:05:44','2024-12-25 20:05:44',NULL),(7728,1444,7729,6216,NULL,0,NULL,'2024-12-25 20:05:44','2024-12-25 20:05:44',NULL),(7729,1444,7730,6217,NULL,0,NULL,'2024-12-25 20:05:44','2024-12-25 20:05:44',NULL),(7730,1444,7731,6218,NULL,0,NULL,'2024-12-25 20:05:44','2024-12-25 20:05:44',NULL),(7731,1444,7732,6219,NULL,0,NULL,'2024-12-25 20:05:44','2024-12-25 20:05:44',NULL),(7732,1444,7733,6220,NULL,0,NULL,'2024-12-25 20:05:44','2024-12-25 20:05:44',NULL),(7733,1444,7734,6221,NULL,0,NULL,'2024-12-25 20:05:44','2024-12-25 20:05:44',NULL),(7734,1444,7735,6222,NULL,0,NULL,'2024-12-25 20:05:44','2024-12-25 20:05:44',NULL),(7735,1444,7736,6223,NULL,0,NULL,'2024-12-25 20:05:44','2024-12-25 20:05:44',NULL),(7736,1444,7737,6224,NULL,0,NULL,'2024-12-25 20:05:44','2024-12-25 20:05:44',NULL),(7737,1444,7738,6225,NULL,0,NULL,'2024-12-25 20:05:44','2024-12-25 20:05:44',NULL),(7738,1444,7739,6226,NULL,0,NULL,'2024-12-25 20:05:44','2024-12-25 20:05:44',NULL);
INSERT INTO `cta_cte_cliente_pivot_receipt` VALUES (7739,1444,7740,6227,NULL,0,NULL,'2024-12-25 20:05:45','2024-12-25 20:05:45',NULL),(7740,1444,7741,6228,NULL,0,NULL,'2024-12-25 20:05:45','2024-12-25 20:05:45',NULL),(7741,1444,7742,6229,NULL,0,NULL,'2024-12-25 20:05:45','2024-12-25 20:05:45',NULL),(7742,1444,7743,6230,NULL,0,NULL,'2024-12-25 20:05:45','2024-12-25 20:05:45',NULL),(7743,1444,7744,6231,NULL,0,NULL,'2024-12-25 20:05:45','2024-12-25 20:05:45',NULL),(7744,1444,7745,6232,NULL,0,NULL,'2024-12-25 20:05:45','2024-12-25 20:05:45',NULL),(7745,1444,7746,6233,NULL,0,NULL,'2024-12-25 20:05:45','2024-12-25 20:05:45',NULL),(7746,1444,7747,6234,NULL,0,NULL,'2024-12-25 20:05:45','2024-12-25 20:05:45',NULL),(7747,1444,7748,6235,NULL,0,NULL,'2024-12-25 20:05:45','2024-12-25 20:05:45',NULL),(7748,1444,7749,6236,NULL,0,NULL,'2024-12-25 20:05:45','2024-12-25 20:05:45',NULL),(7749,1444,7750,6237,NULL,0,NULL,'2024-12-25 20:05:45','2024-12-25 20:05:45',NULL),(7750,1444,7751,6238,NULL,0,NULL,'2024-12-25 20:05:45','2024-12-25 20:05:45',NULL),(7751,1444,7752,6239,NULL,0,NULL,'2024-12-25 20:05:45','2024-12-25 20:05:45',NULL),(7752,1444,7753,6240,NULL,0,NULL,'2024-12-25 20:05:55','2024-12-25 20:05:55',NULL),(7753,1444,7754,6241,NULL,0,NULL,'2024-12-25 20:05:55','2024-12-25 20:05:55',NULL),(7754,1444,7755,6242,NULL,0,NULL,'2024-12-25 20:05:55','2024-12-25 20:05:55',NULL),(7755,1444,7756,6243,NULL,0,NULL,'2024-12-25 20:05:55','2024-12-25 20:05:55',NULL),(7756,1444,7757,6244,NULL,0,NULL,'2024-12-25 20:05:56','2024-12-25 20:05:56',NULL),(7757,1444,7758,6245,NULL,0,NULL,'2024-12-25 20:05:56','2024-12-25 20:05:56',NULL),(7758,1444,7759,6246,NULL,0,NULL,'2024-12-25 20:05:56','2024-12-25 20:05:56',NULL),(7759,1444,7760,6247,NULL,0,NULL,'2024-12-25 20:05:56','2024-12-25 20:05:56',NULL),(7760,1444,7761,6248,NULL,0,NULL,'2024-12-25 20:05:56','2024-12-25 20:05:56',NULL),(7761,1444,7762,6249,NULL,0,NULL,'2024-12-25 20:05:56','2024-12-25 20:05:56',NULL),(7762,1444,7763,6250,NULL,0,NULL,'2024-12-25 20:05:56','2024-12-25 20:05:56',NULL),(7763,1444,7764,6251,NULL,0,NULL,'2024-12-25 20:05:56','2024-12-25 20:05:56',NULL),(7764,1444,7765,6252,NULL,0,NULL,'2024-12-25 20:05:56','2024-12-25 20:05:56',NULL),(7765,1444,7766,6253,NULL,0,NULL,'2024-12-25 20:05:56','2024-12-25 20:05:56',NULL),(7766,1444,7767,6254,NULL,0,NULL,'2024-12-25 20:05:56','2024-12-25 20:05:56',NULL),(7767,1444,7768,6255,NULL,0,NULL,'2024-12-25 20:05:56','2024-12-25 20:05:56',NULL),(7768,1444,7769,6256,NULL,0,NULL,'2024-12-25 20:05:57','2024-12-25 20:05:57',NULL),(7769,1444,7770,6257,NULL,0,NULL,'2024-12-25 20:05:57','2024-12-25 20:05:57',NULL),(7770,1444,7771,6258,NULL,0,NULL,'2024-12-25 20:05:57','2024-12-25 20:05:57',NULL),(7771,1444,7772,6259,NULL,0,NULL,'2024-12-25 20:05:57','2024-12-25 20:05:57',NULL),(7772,1444,7773,6260,NULL,0,NULL,'2024-12-25 20:05:57','2024-12-25 20:05:57',NULL),(7773,1444,7774,6261,NULL,0,NULL,'2024-12-25 20:05:57','2024-12-25 20:05:57',NULL),(7774,1444,7775,6262,NULL,0,NULL,'2024-12-25 20:05:57','2024-12-25 20:05:57',NULL),(7775,1444,7776,6263,NULL,0,NULL,'2024-12-25 20:05:57','2024-12-25 20:05:57',NULL),(7776,1444,7777,6264,NULL,0,NULL,'2024-12-25 20:05:57','2024-12-25 20:05:57',NULL),(7777,1444,7778,6265,NULL,0,NULL,'2024-12-25 20:05:57','2024-12-25 20:05:57',NULL),(7778,1444,7779,6266,NULL,0,NULL,'2024-12-25 20:05:58','2024-12-25 20:05:58',NULL),(7779,1444,7780,6267,NULL,0,NULL,'2024-12-25 20:07:10','2024-12-25 20:07:10',NULL),(7780,1444,7781,6268,NULL,0,NULL,'2024-12-25 20:07:11','2024-12-25 20:07:11',NULL),(7781,1444,7782,6269,NULL,0,NULL,'2024-12-25 20:07:11','2024-12-25 20:07:11',NULL),(7782,1444,7783,6270,NULL,0,NULL,'2024-12-25 20:07:11','2024-12-25 20:07:11',NULL),(7783,1444,7784,6271,NULL,0,NULL,'2024-12-25 20:07:11','2024-12-25 20:07:11',NULL),(7784,1444,7785,6272,NULL,0,NULL,'2024-12-25 20:07:11','2024-12-25 20:07:11',NULL),(7785,1444,7786,6273,NULL,0,NULL,'2024-12-25 20:07:11','2024-12-25 20:07:11',NULL),(7786,1444,7787,6274,NULL,0,NULL,'2024-12-25 20:07:11','2024-12-25 20:07:11',NULL);
INSERT INTO `cta_cte_cliente_pivot_receipt` VALUES (7787,1444,7788,6275,NULL,0,NULL,'2024-12-25 20:07:11','2024-12-25 20:07:11',NULL),(7788,1444,7789,6276,NULL,0,NULL,'2024-12-25 20:07:11','2024-12-25 20:07:11',NULL),(7789,1444,7790,6277,NULL,0,NULL,'2024-12-25 20:07:11','2024-12-25 20:07:11',NULL),(7790,1444,7791,6278,NULL,0,NULL,'2024-12-25 20:07:11','2024-12-26 15:25:46','2024-12-26 15:25:46'),(7791,1444,7792,6279,NULL,0,NULL,'2024-12-25 20:07:12','2024-12-25 20:07:12',NULL),(7792,1444,7793,6280,NULL,0,NULL,'2024-12-25 20:07:12','2024-12-26 15:25:35','2024-12-26 15:25:35'),(7793,1444,7794,6281,NULL,0,NULL,'2024-12-25 20:07:12','2024-12-26 15:25:23','2024-12-26 15:25:23'),(7794,1444,7795,6282,NULL,0,NULL,'2024-12-25 20:07:12','2024-12-26 15:25:09','2024-12-26 15:25:09'),(7795,1444,7796,6283,NULL,0,NULL,'2024-12-25 20:07:12','2024-12-25 20:07:12',NULL),(7796,1444,7797,6284,NULL,0,NULL,'2024-12-25 20:07:12','2024-12-25 20:07:12',NULL),(7797,1444,7798,6285,NULL,0,NULL,'2024-12-25 20:07:12','2024-12-26 15:24:39','2024-12-26 15:24:39'),(7798,1444,7799,6286,NULL,0,NULL,'2024-12-25 20:07:12','2024-12-26 15:24:26','2024-12-26 15:24:26'),(7799,1444,7800,6287,NULL,0,NULL,'2024-12-25 20:07:12','2024-12-26 15:24:14','2024-12-26 15:24:14'),(7800,1444,7801,6288,NULL,0,NULL,'2024-12-25 20:07:12','2024-12-26 15:24:02','2024-12-26 15:24:02'),(7801,1444,7802,6289,NULL,0,NULL,'2024-12-25 20:07:12','2024-12-25 20:07:12',NULL),(7802,1444,7803,6290,NULL,0,NULL,'2024-12-25 20:07:13','2024-12-26 13:35:25','2024-12-26 13:35:25'),(7803,1444,7804,6291,NULL,0,NULL,'2024-12-25 20:07:13','2024-12-25 20:07:13',NULL),(7804,1444,7805,6292,NULL,0,NULL,'2024-12-25 20:07:13','2024-12-26 13:35:08','2024-12-26 13:35:08'),(7805,1444,7806,6293,NULL,0,NULL,'2024-12-25 20:07:13','2024-12-26 13:13:38','2024-12-26 13:13:38'),(7806,1444,7807,6294,NULL,0,NULL,'2024-12-25 20:07:13','2024-12-26 13:13:20','2024-12-26 13:13:20'),(7807,1444,7808,6295,NULL,0,NULL,'2024-12-25 20:07:13','2024-12-26 13:12:59','2024-12-26 13:12:59'),(7808,1444,7809,6296,NULL,0,NULL,'2024-12-25 20:07:13','2024-12-26 13:12:36','2024-12-26 13:12:36'),(7809,1444,7810,6297,NULL,0,NULL,'2024-12-25 20:07:13','2024-12-26 13:12:18','2024-12-26 13:12:18'),(7810,1444,7811,6298,NULL,0,NULL,'2024-12-25 20:07:13','2024-12-26 13:11:59','2024-12-26 13:11:59'),(7811,1444,7812,6299,NULL,0,NULL,'2024-12-25 20:07:13','2024-12-25 20:07:13',NULL),(7812,1444,7813,6300,NULL,0,NULL,'2024-12-25 20:07:13','2024-12-26 13:11:39','2024-12-26 13:11:39'),(7813,1444,7814,6301,NULL,0,NULL,'2024-12-25 20:07:13','2024-12-26 13:10:06','2024-12-26 13:10:06'),(7814,1444,7815,6302,NULL,0,NULL,'2024-12-25 20:07:14','2024-12-26 13:11:14','2024-12-26 13:11:14'),(7815,1444,7816,6303,NULL,0,NULL,'2024-12-25 20:07:14','2024-12-26 13:09:38','2024-12-26 13:09:38'),(7816,1444,7817,6304,NULL,0,NULL,'2024-12-25 20:07:14','2024-12-25 20:07:14',NULL),(7817,1444,7818,6305,NULL,0,NULL,'2024-12-25 20:07:14','2024-12-25 20:07:14',NULL),(7818,1444,7819,6306,NULL,0,NULL,'2024-12-25 23:28:06','2024-12-25 23:28:06',NULL),(7819,1444,7820,6307,NULL,0,NULL,'2024-12-25 23:28:54','2024-12-25 23:28:54',NULL),(7820,1444,7821,6308,NULL,0,NULL,'2024-12-25 23:31:24','2024-12-25 23:31:24',NULL),(7821,1444,7822,6309,NULL,0,NULL,'2024-12-25 23:33:09','2024-12-25 23:33:09',NULL),(7822,1444,7823,6310,NULL,0,NULL,'2024-12-25 23:34:05','2024-12-25 23:34:05',NULL),(7823,1444,7824,6311,NULL,0,NULL,'2024-12-25 23:34:50','2024-12-25 23:34:50',NULL),(7824,1444,7825,6312,NULL,0,NULL,'2024-12-25 23:36:04','2024-12-25 23:36:04',NULL),(7825,1444,7826,6313,NULL,0,NULL,'2024-12-25 23:37:12','2024-12-25 23:37:12',NULL),(7826,1444,7827,6314,NULL,0,NULL,'2024-12-25 23:38:34','2024-12-25 23:40:17','2024-12-25 23:40:17'),(7827,1444,7828,6314,NULL,0,NULL,'2024-12-25 23:40:17','2024-12-25 23:41:48','2024-12-25 23:41:48'),(7828,1444,7829,6314,NULL,0,NULL,'2024-12-25 23:41:48','2024-12-25 23:41:48',NULL),(7829,1444,7830,6303,NULL,0,NULL,'2024-12-26 13:09:38','2024-12-26 13:09:38',NULL);
INSERT INTO `cta_cte_cliente_pivot_receipt` VALUES (7830,1444,7831,6301,NULL,0,NULL,'2024-12-26 13:10:06','2024-12-26 13:10:06',NULL),(7831,1444,7832,6302,NULL,0,NULL,'2024-12-26 13:11:14','2024-12-26 13:11:14',NULL),(7832,1444,7833,6300,NULL,0,NULL,'2024-12-26 13:11:39','2024-12-26 13:11:39',NULL),(7833,1444,7834,6298,NULL,0,NULL,'2024-12-26 13:11:59','2024-12-26 13:11:59',NULL),(7834,1444,7835,6297,NULL,0,NULL,'2024-12-26 13:12:18','2024-12-26 13:12:18',NULL),(7835,1444,7836,6296,NULL,0,NULL,'2024-12-26 13:12:36','2024-12-26 13:12:36',NULL),(7836,1444,7837,6295,NULL,0,NULL,'2024-12-26 13:12:59','2024-12-26 13:12:59',NULL),(7837,1444,7838,6294,NULL,0,NULL,'2024-12-26 13:13:20','2024-12-26 13:13:20',NULL),(7838,1444,7839,6293,NULL,0,NULL,'2024-12-26 13:13:38','2024-12-26 13:13:38',NULL),(7839,1444,7840,6292,NULL,0,NULL,'2024-12-26 13:35:08','2024-12-26 13:35:08',NULL),(7840,1444,7841,6290,NULL,0,NULL,'2024-12-26 13:35:25','2024-12-26 13:35:25',NULL),(7841,1444,7842,6288,NULL,0,NULL,'2024-12-26 15:24:02','2024-12-26 15:24:02',NULL),(7842,1444,7843,6287,NULL,0,NULL,'2024-12-26 15:24:14','2024-12-26 15:24:14',NULL),(7843,1444,7844,6286,NULL,0,NULL,'2024-12-26 15:24:26','2024-12-26 15:24:26',NULL),(7844,1444,7845,6285,NULL,0,NULL,'2024-12-26 15:24:39','2024-12-26 15:24:39',NULL),(7845,1444,7846,6282,NULL,0,NULL,'2024-12-26 15:25:09','2024-12-26 15:25:09',NULL),(7846,1444,7847,6281,NULL,0,NULL,'2024-12-26 15:25:23','2024-12-26 15:25:23',NULL),(7847,1444,7848,6280,NULL,0,NULL,'2024-12-26 15:25:35','2024-12-26 15:25:35',NULL),(7848,1444,7849,6278,NULL,0,NULL,'2024-12-26 15:25:46','2024-12-26 15:25:46',NULL),(7849,1444,7850,6315,NULL,0,NULL,'2024-12-26 23:04:07','2024-12-26 23:04:07',NULL),(7850,1444,7851,6316,NULL,0,NULL,'2024-12-26 23:04:07','2024-12-26 23:04:07',NULL),(7851,1444,7852,6317,NULL,0,NULL,'2024-12-26 23:04:07','2024-12-26 23:04:07',NULL),(7852,1444,7853,6318,NULL,0,NULL,'2024-12-26 23:04:07','2024-12-26 23:04:07',NULL),(7853,1444,7854,6319,NULL,0,NULL,'2024-12-26 23:04:07','2024-12-26 23:04:07',NULL),(7854,1444,7855,6320,NULL,0,NULL,'2024-12-26 23:04:07','2024-12-26 23:04:07',NULL),(7855,1444,7856,6321,NULL,0,NULL,'2024-12-26 23:04:07','2024-12-26 23:04:07',NULL),(7856,1444,7857,6322,NULL,0,NULL,'2024-12-26 23:04:21','2024-12-26 23:53:05','2024-12-26 23:53:05'),(7857,1444,7858,6323,NULL,0,NULL,'2024-12-26 23:04:21','2024-12-26 23:04:21',NULL),(7858,1444,7859,6324,NULL,0,NULL,'2024-12-26 23:04:21','2024-12-26 23:52:40','2024-12-26 23:52:40'),(7859,1444,7860,6325,NULL,0,NULL,'2024-12-26 23:04:21','2024-12-26 23:52:20','2024-12-26 23:52:20'),(7860,1444,7861,6326,NULL,0,NULL,'2024-12-26 23:04:21','2024-12-26 23:52:02','2024-12-26 23:52:02'),(7861,1444,7862,6327,NULL,0,NULL,'2024-12-26 23:04:21','2024-12-26 23:51:47','2024-12-26 23:51:47'),(7862,1444,7863,6328,NULL,0,NULL,'2024-12-26 23:04:21','2024-12-26 23:51:22','2024-12-26 23:51:22'),(7863,1444,7864,6329,NULL,0,NULL,'2024-12-26 23:04:21','2024-12-26 23:51:05','2024-12-26 23:51:05'),(7864,1444,7865,6330,NULL,0,NULL,'2024-12-26 23:04:22','2024-12-26 23:50:46','2024-12-26 23:50:46'),(7865,1444,7866,6331,NULL,0,NULL,'2024-12-26 23:04:22','2024-12-26 23:50:25','2024-12-26 23:50:25'),(7866,1444,7867,6332,NULL,0,NULL,'2024-12-26 23:04:22','2024-12-26 23:50:09','2024-12-26 23:50:09'),(7867,1444,7868,6333,NULL,0,NULL,'2024-12-26 23:04:22','2024-12-26 23:49:57','2024-12-26 23:49:57'),(7868,1444,7869,6334,NULL,0,NULL,'2024-12-26 23:11:35','2024-12-26 23:11:35',NULL),(7869,1444,7870,6335,NULL,0,NULL,'2024-12-26 23:19:39','2024-12-26 23:19:39',NULL),(7870,1444,7871,6336,NULL,0,NULL,'2024-12-26 23:27:31','2024-12-26 23:27:31',NULL),(7871,1444,7872,6337,NULL,0,NULL,'2024-12-26 23:34:38','2024-12-26 23:34:38',NULL),(7872,1444,7873,6333,NULL,0,NULL,'2024-12-26 23:49:57','2024-12-26 23:49:57',NULL),(7873,1444,7874,6332,NULL,0,NULL,'2024-12-26 23:50:09','2024-12-26 23:50:09',NULL),(7874,1444,7875,6331,NULL,0,NULL,'2024-12-26 23:50:25','2024-12-26 23:50:25',NULL);
INSERT INTO `cta_cte_cliente_pivot_receipt` VALUES (7875,1444,7876,6330,NULL,0,NULL,'2024-12-26 23:50:46','2024-12-26 23:50:46',NULL),(7876,1444,7877,6329,NULL,0,NULL,'2024-12-26 23:51:05','2024-12-26 23:51:05',NULL),(7877,1444,7878,6328,NULL,0,NULL,'2024-12-26 23:51:22','2024-12-26 23:51:22',NULL),(7878,1444,7879,6327,NULL,0,NULL,'2024-12-26 23:51:47','2024-12-26 23:51:47',NULL),(7879,1444,7880,6326,NULL,0,NULL,'2024-12-26 23:52:02','2024-12-26 23:52:02',NULL),(7880,1444,7881,6325,NULL,0,NULL,'2024-12-26 23:52:20','2024-12-26 23:52:20',NULL),(7881,1444,7882,6324,NULL,0,NULL,'2024-12-26 23:52:40','2024-12-26 23:52:40',NULL),(7882,1444,7883,6322,NULL,0,NULL,'2024-12-26 23:53:05','2024-12-26 23:53:05',NULL),(7883,1444,7884,6338,NULL,0,NULL,'2025-01-17 14:16:54','2025-01-17 14:16:54',NULL),(7884,1444,7885,6339,NULL,0,NULL,'2025-01-17 14:16:54','2025-01-17 14:16:54',NULL),(7885,1444,7886,6340,NULL,0,NULL,'2025-01-17 14:16:54','2025-01-17 14:16:54',NULL),(7886,1444,7887,6341,NULL,0,NULL,'2025-01-17 14:16:54','2025-01-17 14:16:54',NULL),(7887,1444,7888,6342,NULL,0,NULL,'2025-01-17 14:16:54','2025-01-17 14:16:54',NULL),(7888,1444,7889,6343,NULL,0,NULL,'2025-01-17 14:16:54','2025-01-17 14:16:54',NULL),(7889,1444,7890,6344,NULL,0,NULL,'2025-01-17 14:16:54','2025-01-17 14:16:54',NULL),(7890,1444,7891,6345,NULL,0,NULL,'2025-01-17 14:16:54','2025-01-17 14:16:54',NULL),(7891,1444,7892,6346,NULL,0,NULL,'2025-01-17 14:16:54','2025-01-17 14:16:54',NULL),(7892,1444,7893,6347,NULL,0,NULL,'2025-01-17 14:16:54','2025-01-17 14:16:54',NULL),(7893,1444,7894,6348,NULL,0,NULL,'2025-01-17 14:16:54','2025-01-17 14:16:54',NULL),(7894,1444,7895,6349,NULL,0,NULL,'2025-01-17 14:16:54','2025-01-17 14:16:54',NULL),(7895,1444,7896,6350,NULL,0,NULL,'2025-01-17 14:16:54','2025-01-17 14:16:54',NULL),(7896,1444,7897,6351,NULL,0,NULL,'2025-01-17 14:16:55','2025-01-17 14:16:55',NULL),(7897,1444,7898,6352,NULL,0,NULL,'2025-01-18 19:29:36','2025-01-18 19:29:36',NULL),(7898,1444,7899,6353,NULL,0,NULL,'2025-01-18 19:29:36','2025-01-18 19:29:36',NULL),(7899,1444,7900,6354,NULL,0,NULL,'2025-01-18 19:29:36','2025-01-18 19:29:36',NULL),(7900,1444,7901,6355,NULL,0,NULL,'2025-01-18 19:29:36','2025-01-18 19:29:36',NULL),(7901,1444,7902,6356,NULL,0,NULL,'2025-01-18 19:29:37','2025-01-18 19:29:37',NULL),(7902,1444,7903,6357,NULL,0,NULL,'2025-01-18 19:29:37','2025-01-18 19:29:37',NULL),(7903,1444,7904,6358,NULL,0,NULL,'2025-01-18 19:29:37','2025-01-18 19:29:37',NULL),(7904,1444,7905,6359,NULL,0,NULL,'2025-01-18 19:29:37','2025-01-18 19:29:37',NULL),(7905,1444,7906,6360,NULL,0,NULL,'2025-01-18 19:29:37','2025-01-18 19:29:37',NULL),(7906,1444,7907,6361,NULL,0,NULL,'2025-01-18 19:29:37','2025-01-18 19:29:37',NULL),(7907,1444,7908,6362,NULL,0,NULL,'2025-01-18 19:29:37','2025-01-18 19:29:37',NULL),(7908,1444,7909,6363,NULL,0,NULL,'2025-01-18 19:29:38','2025-01-18 19:29:38',NULL),(7909,1444,7910,6364,NULL,0,NULL,'2025-01-18 19:29:38','2025-01-18 19:29:38',NULL),(7910,1444,7911,6365,NULL,0,NULL,'2025-01-18 19:29:38','2025-01-18 19:29:38',NULL),(7911,1444,7912,6366,NULL,0,NULL,'2025-01-18 19:29:38','2025-01-18 19:29:38',NULL),(7912,1444,7913,6367,NULL,0,NULL,'2025-01-18 19:29:38','2025-01-18 19:29:38',NULL),(7913,1444,7914,6368,NULL,0,NULL,'2025-01-18 19:29:38','2025-01-18 19:29:38',NULL),(7914,1444,7915,6369,NULL,0,NULL,'2025-01-18 19:29:38','2025-01-18 19:29:38',NULL),(7915,1444,7916,6370,NULL,0,NULL,'2025-01-18 19:29:38','2025-01-18 19:29:38',NULL),(7916,1444,7917,6371,NULL,0,NULL,'2025-01-18 19:29:39','2025-01-18 19:29:39',NULL),(7917,1444,7918,6372,NULL,0,NULL,'2025-01-18 19:29:39','2025-01-18 19:29:39',NULL),(7918,1444,7919,6373,NULL,0,NULL,'2025-01-18 19:29:39','2025-01-18 19:29:39',NULL),(7919,1444,7920,6374,NULL,0,NULL,'2025-01-18 19:29:39','2025-01-18 19:29:39',NULL),(7920,1444,7921,6375,NULL,0,NULL,'2025-01-18 19:29:39','2025-01-18 19:29:39',NULL),(7921,1444,7922,6376,NULL,0,NULL,'2025-01-18 19:29:39','2025-01-18 19:29:39',NULL),(7922,1444,7923,6377,NULL,0,NULL,'2025-01-18 19:29:39','2025-01-18 19:29:39',NULL);
INSERT INTO `cta_cte_cliente_pivot_receipt` VALUES (7923,1444,7924,6378,NULL,0,NULL,'2025-01-18 19:29:39','2025-01-18 19:29:39',NULL),(7924,1444,7925,6379,NULL,0,NULL,'2025-01-18 19:29:40','2025-01-18 19:29:40',NULL),(7925,1444,7926,6380,NULL,0,NULL,'2025-01-18 19:29:40','2025-01-18 19:29:40',NULL),(7926,1444,7927,6381,NULL,0,NULL,'2025-01-18 19:29:40','2025-01-18 19:29:40',NULL),(7927,1444,7928,6382,NULL,0,NULL,'2025-01-18 19:29:40','2025-01-18 19:29:40',NULL),(7928,1444,7929,6383,NULL,0,NULL,'2025-01-18 19:29:40','2025-01-18 19:29:40',NULL),(7929,1444,7930,6384,NULL,0,NULL,'2025-01-18 19:29:40','2025-01-18 19:29:40',NULL),(7930,1444,7931,6385,NULL,0,NULL,'2025-01-18 19:29:40','2025-01-18 19:29:40',NULL),(7931,1444,7932,6386,NULL,0,NULL,'2025-01-18 19:29:40','2025-01-18 19:29:40',NULL),(7932,1444,7933,6387,NULL,0,NULL,'2025-01-18 19:29:40','2025-01-18 19:29:40',NULL),(7933,1444,7934,6388,NULL,0,NULL,'2025-01-18 19:29:41','2025-01-18 19:29:41',NULL),(7934,1444,7935,6389,NULL,0,NULL,'2025-01-18 19:29:41','2025-01-18 19:29:41',NULL),(7935,1444,7936,6390,NULL,0,NULL,'2025-01-18 19:29:41','2025-01-18 19:29:41',NULL),(7936,1444,7937,6391,NULL,0,NULL,'2025-01-18 19:29:41','2025-01-18 19:29:41',NULL),(7937,1444,7938,6392,NULL,0,NULL,'2025-01-18 19:29:41','2025-01-18 19:29:41',NULL),(7938,1444,7939,6393,NULL,0,NULL,'2025-01-18 19:29:41','2025-01-18 19:29:41',NULL),(7939,1444,7940,6394,NULL,0,NULL,'2025-01-18 19:29:41','2025-01-18 19:29:41',NULL),(7940,1444,7941,6395,NULL,0,NULL,'2025-01-18 19:29:41','2025-01-18 19:29:41',NULL),(7941,1444,7942,6396,NULL,0,NULL,'2025-01-18 19:29:41','2025-01-18 19:29:41',NULL),(7942,1444,7943,6397,NULL,0,NULL,'2025-01-18 19:29:41','2025-01-18 19:29:41',NULL),(7943,1444,7944,6398,NULL,0,NULL,'2025-01-18 19:29:42','2025-01-18 19:29:42',NULL),(7944,1444,7945,6399,NULL,0,NULL,'2025-01-18 19:29:42','2025-01-18 19:29:42',NULL),(7945,1444,7946,6400,NULL,0,NULL,'2025-01-18 19:29:42','2025-01-18 19:29:42',NULL),(7946,1444,7947,6401,NULL,0,NULL,'2025-01-18 19:29:42','2025-01-18 19:29:42',NULL),(7947,1444,7948,6402,NULL,0,NULL,'2025-01-18 19:29:42','2025-01-18 19:29:42',NULL),(7948,1444,7949,6403,NULL,0,NULL,'2025-01-18 19:29:42','2025-01-18 19:29:42',NULL),(7949,1444,7950,6404,NULL,0,NULL,'2025-01-18 19:29:42','2025-01-18 19:29:42',NULL),(7950,1444,7951,6405,NULL,0,NULL,'2025-01-18 19:29:42','2025-01-18 19:29:42',NULL),(7951,1444,7952,6406,NULL,0,NULL,'2025-01-18 19:29:42','2025-01-18 19:29:42',NULL),(7952,1444,7953,6407,NULL,0,NULL,'2025-01-18 19:29:42','2025-01-18 19:29:42',NULL),(7953,1444,7954,6408,NULL,0,NULL,'2025-01-18 19:29:42','2025-01-18 19:29:42',NULL),(7954,1444,7955,6409,NULL,0,NULL,'2025-01-18 19:29:43','2025-01-18 19:29:43',NULL),(7955,1444,7956,6410,NULL,0,NULL,'2025-01-18 19:29:43','2025-01-18 19:29:43',NULL),(7956,1444,7957,6411,NULL,0,NULL,'2025-01-18 19:29:43','2025-01-18 19:29:43',NULL),(7957,1444,7958,6412,NULL,0,NULL,'2025-01-18 19:29:43','2025-01-18 19:29:43',NULL),(7958,1444,7959,6413,NULL,0,NULL,'2025-01-18 19:29:43','2025-01-18 19:29:43',NULL),(7959,1444,7960,6414,NULL,0,NULL,'2025-01-18 19:29:43','2025-01-18 19:29:43',NULL),(7960,1444,7961,6415,NULL,0,NULL,'2025-01-18 19:29:43','2025-01-18 19:29:43',NULL),(7961,1444,7962,6416,NULL,0,NULL,'2025-01-18 19:29:43','2025-01-18 19:29:43',NULL),(7962,1444,7963,6417,NULL,0,NULL,'2025-01-18 19:29:43','2025-01-18 19:29:43',NULL),(7963,1444,7964,6418,NULL,0,NULL,'2025-01-18 19:29:43','2025-01-18 19:29:43',NULL),(7964,1444,7965,6419,NULL,0,NULL,'2025-01-18 19:29:43','2025-01-18 19:29:43',NULL),(7965,1444,7966,6420,NULL,0,NULL,'2025-01-18 19:29:43','2025-01-18 19:29:43',NULL),(7966,1444,7967,6421,NULL,0,NULL,'2025-01-18 19:29:44','2025-01-18 19:29:44',NULL),(7967,1444,7968,6422,NULL,0,NULL,'2025-01-18 19:29:44','2025-01-18 19:29:44',NULL),(7968,1444,7969,6423,NULL,0,NULL,'2025-01-18 19:29:44','2025-01-18 19:29:44',NULL),(7969,1444,7970,6424,NULL,0,NULL,'2025-01-18 19:29:44','2025-01-18 19:29:44',NULL),(7970,1444,7971,6425,NULL,0,NULL,'2025-01-18 19:29:44','2025-01-18 19:29:44',NULL);
INSERT INTO `cta_cte_cliente_pivot_receipt` VALUES (7971,1444,7972,6426,NULL,0,NULL,'2025-01-18 19:29:44','2025-01-18 19:29:44',NULL),(7972,1444,7973,6427,NULL,0,NULL,'2025-01-18 19:29:44','2025-01-18 19:29:44',NULL),(7973,1444,7974,6428,NULL,0,NULL,'2025-01-18 19:29:44','2025-01-18 19:29:44',NULL),(7974,1444,7975,6429,NULL,0,NULL,'2025-01-18 19:29:44','2025-01-18 19:29:44',NULL),(7975,1444,7976,6430,NULL,0,NULL,'2025-01-18 19:29:44','2025-01-18 19:29:44',NULL),(7976,1444,7977,6431,NULL,0,NULL,'2025-01-18 19:29:44','2025-01-18 19:29:44',NULL),(7977,1444,7978,6432,NULL,0,NULL,'2025-01-18 19:29:44','2025-01-18 19:29:44',NULL),(7978,1444,7979,6433,NULL,0,NULL,'2025-01-18 19:29:45','2025-01-18 19:29:45',NULL),(7979,1444,7980,6434,NULL,0,NULL,'2025-01-18 19:29:45','2025-01-18 19:29:45',NULL),(7980,1444,7981,6435,NULL,0,NULL,'2025-01-18 19:29:45','2025-01-18 19:29:45',NULL),(7981,1444,7982,6436,NULL,0,NULL,'2025-01-18 19:29:45','2025-01-18 19:29:45',NULL),(7982,1444,7983,6437,NULL,0,NULL,'2025-01-18 19:30:01','2025-01-18 19:30:01',NULL),(7983,1444,7984,6438,NULL,0,NULL,'2025-01-18 19:30:01','2025-01-18 19:30:01',NULL),(7984,1444,7985,6439,NULL,0,NULL,'2025-01-18 19:30:01','2025-01-18 19:30:01',NULL),(7985,1444,7986,6440,NULL,0,NULL,'2025-01-18 19:30:02','2025-01-18 19:30:02',NULL),(7986,1444,7987,6441,NULL,0,NULL,'2025-01-18 19:30:02','2025-01-18 19:30:02',NULL),(7987,1444,7988,6442,NULL,0,NULL,'2025-01-18 19:30:03','2025-01-18 19:30:03',NULL),(7988,1444,7989,6443,NULL,0,NULL,'2025-01-18 19:30:03','2025-01-18 19:30:03',NULL),(7989,1444,7990,6444,NULL,0,NULL,'2025-01-18 19:30:03','2025-01-18 19:30:03',NULL),(7990,1444,7991,6445,NULL,0,NULL,'2025-01-18 19:30:04','2025-01-18 19:30:04',NULL),(7991,1444,7992,6446,NULL,0,NULL,'2025-01-18 19:30:04','2025-01-18 19:30:04',NULL),(7992,1444,7993,6447,NULL,0,NULL,'2025-01-18 19:30:04','2025-01-18 19:30:04',NULL),(7993,1444,7994,6448,NULL,0,NULL,'2025-01-18 19:30:04','2025-01-18 19:30:04',NULL),(7994,1444,7995,6449,NULL,0,NULL,'2025-01-18 19:30:05','2025-01-18 19:30:05',NULL),(7995,1444,7996,6450,NULL,0,NULL,'2025-01-18 19:30:05','2025-01-18 19:30:05',NULL),(7996,1444,7997,6451,NULL,0,NULL,'2025-01-18 19:30:05','2025-01-18 19:30:05',NULL),(7997,1444,7998,6452,NULL,0,NULL,'2025-01-18 19:30:05','2025-01-18 19:30:05',NULL),(7998,1444,7999,6453,NULL,0,NULL,'2025-01-18 19:30:05','2025-01-18 19:30:05',NULL),(7999,1444,8000,6454,NULL,0,NULL,'2025-01-18 19:30:06','2025-01-18 19:30:06',NULL),(8000,1444,8001,6455,NULL,0,NULL,'2025-01-18 19:30:06','2025-01-18 19:30:06',NULL),(8001,1444,8002,6456,NULL,0,NULL,'2025-01-18 19:30:06','2025-01-18 19:30:06',NULL),(8002,1444,8003,6457,NULL,0,NULL,'2025-01-18 19:30:06','2025-01-18 19:30:06',NULL),(8003,1444,8004,6458,NULL,0,NULL,'2025-01-18 19:30:06','2025-01-18 19:30:06',NULL),(8004,1444,8005,6459,NULL,0,NULL,'2025-01-18 19:30:07','2025-01-18 19:30:07',NULL),(8005,1444,8006,6460,NULL,0,NULL,'2025-01-18 19:30:07','2025-01-18 19:30:07',NULL),(8006,1444,8007,6461,NULL,0,NULL,'2025-01-18 19:30:07','2025-01-18 19:30:07',NULL),(8007,1444,8008,6462,NULL,0,NULL,'2025-01-19 13:22:54','2025-01-19 13:22:54',NULL),(8008,1444,8009,6463,NULL,0,NULL,'2025-01-19 13:23:15','2025-01-19 13:23:15',NULL),(8009,1444,8010,6464,NULL,0,NULL,'2025-01-19 13:23:45','2025-01-19 13:23:45',NULL),(8010,1444,8011,6465,NULL,0,NULL,'2025-01-19 13:23:58','2025-01-19 13:23:58',NULL),(8011,1444,8012,6466,NULL,0,NULL,'2025-01-19 13:25:59','2025-01-19 13:25:59',NULL),(8012,1444,8013,6467,NULL,0,NULL,'2025-01-24 19:04:36','2025-01-24 19:04:36',NULL),(8013,1444,8014,6468,NULL,0,NULL,'2025-01-24 19:04:36','2025-01-24 19:04:36',NULL),(8014,1444,8015,6469,NULL,0,NULL,'2025-01-24 19:04:36','2025-01-24 19:04:36',NULL),(8015,1444,8016,6470,NULL,0,NULL,'2025-01-24 19:04:36','2025-01-24 19:04:36',NULL),(8016,1444,8017,6471,NULL,0,NULL,'2025-01-24 19:04:36','2025-01-24 19:04:36',NULL),(8017,1444,8018,6472,NULL,0,NULL,'2025-01-24 19:04:36','2025-01-24 19:04:36',NULL),(8018,1444,8019,6473,NULL,0,NULL,'2025-01-24 19:04:36','2025-01-24 19:04:36',NULL);
INSERT INTO `cta_cte_cliente_pivot_receipt` VALUES (8019,1444,8020,6474,NULL,0,NULL,'2025-01-24 19:04:36','2025-01-24 19:04:36',NULL),(8020,1444,8021,6475,NULL,0,NULL,'2025-01-24 19:04:36','2025-01-24 19:04:36',NULL),(8021,1444,8022,6476,NULL,0,NULL,'2025-01-24 19:04:36','2025-01-24 19:04:36',NULL),(8022,1444,8023,6477,NULL,0,NULL,'2025-01-24 19:04:36','2025-01-24 19:04:36',NULL),(8023,1444,8024,6478,NULL,0,NULL,'2025-01-24 19:04:36','2025-01-24 19:04:36',NULL),(8024,1444,8025,6479,NULL,0,NULL,'2025-01-24 19:04:37','2025-01-26 15:57:53','2025-01-26 15:57:53'),(8025,1444,8026,6480,NULL,0,NULL,'2025-01-24 19:04:37','2025-01-24 19:04:37',NULL),(8026,1444,8027,6481,NULL,0,NULL,'2025-01-24 19:04:37','2025-01-24 19:04:37',NULL),(8027,1444,8028,6482,NULL,0,NULL,'2025-01-24 19:04:37','2025-01-24 19:04:37',NULL),(8028,1444,8029,6483,NULL,0,NULL,'2025-01-24 19:04:37','2025-01-24 19:04:37',NULL),(8029,1444,8030,6484,NULL,0,NULL,'2025-01-24 19:04:37','2025-01-24 19:04:37',NULL),(8030,1444,8031,6485,NULL,0,NULL,'2025-01-24 19:04:37','2025-01-24 19:04:37',NULL),(8031,1444,8032,6486,NULL,0,NULL,'2025-01-24 19:04:37','2025-01-24 19:04:37',NULL),(8032,1444,8033,6487,NULL,0,NULL,'2025-01-24 19:04:37','2025-01-24 19:04:37',NULL),(8033,1444,8034,6488,NULL,0,NULL,'2025-01-24 19:04:37','2025-01-24 19:04:37',NULL),(8034,1444,8035,6489,NULL,0,NULL,'2025-01-24 19:04:37','2025-01-24 19:04:37',NULL),(8035,1444,8036,6490,NULL,0,NULL,'2025-01-24 19:04:37','2025-01-24 19:04:37',NULL),(8036,1444,8037,6491,NULL,0,NULL,'2025-01-24 19:04:37','2025-01-24 19:04:37',NULL),(8037,1444,8038,6492,NULL,0,NULL,'2025-01-24 19:04:54','2025-01-24 19:04:54',NULL),(8038,1444,8039,6493,NULL,0,NULL,'2025-01-24 19:04:54','2025-01-24 19:04:54',NULL),(8039,1444,8040,6494,NULL,0,NULL,'2025-01-24 19:04:54','2025-01-24 19:04:54',NULL),(8040,1444,8041,6495,NULL,0,NULL,'2025-01-24 19:04:54','2025-01-26 15:02:34','2025-01-26 15:02:34'),(8041,1444,8042,6496,NULL,0,NULL,'2025-01-24 19:04:55','2025-01-26 15:02:22','2025-01-26 15:02:22'),(8042,1444,8043,6497,NULL,0,NULL,'2025-01-24 19:04:55','2025-01-26 15:02:09','2025-01-26 15:02:09'),(8043,1444,8044,6498,NULL,0,NULL,'2025-01-24 19:04:55','2025-01-24 19:04:55',NULL),(8044,1444,8045,6499,NULL,0,NULL,'2025-01-24 19:04:55','2025-01-24 19:04:55',NULL),(8045,1444,8046,6500,NULL,0,NULL,'2025-01-24 19:04:55','2025-01-26 15:01:07','2025-01-26 15:01:07'),(8046,1444,8047,6501,NULL,0,NULL,'2025-01-24 19:04:55','2025-01-26 15:00:48','2025-01-26 15:00:48'),(8047,1444,8048,6502,NULL,0,NULL,'2025-01-24 19:04:55','2025-01-26 15:00:30','2025-01-26 15:00:30'),(8048,1444,8049,6503,NULL,0,NULL,'2025-01-24 19:04:55','2025-01-26 15:00:11','2025-01-26 15:00:11'),(8049,1444,8050,6504,NULL,0,NULL,'2025-01-24 19:04:55','2025-01-26 14:59:54','2025-01-26 14:59:54'),(8050,1444,8051,6505,NULL,0,NULL,'2025-01-24 19:04:55','2025-01-26 14:58:37','2025-01-26 14:58:37'),(8051,1444,8052,6506,NULL,0,NULL,'2025-01-24 19:04:55','2025-01-24 19:04:55',NULL),(8052,1444,8053,6507,NULL,0,NULL,'2025-01-24 19:04:55','2025-01-26 14:57:32','2025-01-26 14:57:32'),(8053,1444,8054,6508,NULL,0,NULL,'2025-01-24 19:04:55','2025-01-26 14:57:16','2025-01-26 14:57:16'),(8054,1444,8055,6509,NULL,0,NULL,'2025-01-24 19:04:55','2025-01-26 14:56:57','2025-01-26 14:56:57'),(8055,1444,8056,6510,NULL,0,NULL,'2025-01-24 19:04:55','2025-01-26 14:56:36','2025-01-26 14:56:36'),(8056,1444,8057,6511,NULL,0,NULL,'2025-01-24 19:04:55','2025-01-26 14:56:22','2025-01-26 14:56:22'),(8057,1444,8058,6512,NULL,0,NULL,'2025-01-24 19:04:56','2025-01-24 19:04:56',NULL),(8058,1444,8059,6513,NULL,0,NULL,'2025-01-24 19:04:56','2025-01-26 14:56:00','2025-01-26 14:56:00'),(8059,1444,8060,6514,NULL,0,NULL,'2025-01-24 19:04:56','2025-01-26 14:55:41','2025-01-26 14:55:41'),(8060,1444,8061,6515,NULL,0,NULL,'2025-01-24 19:04:56','2025-01-26 14:55:11','2025-01-26 14:55:11'),(8061,1444,8062,6516,NULL,0,NULL,'2025-01-24 19:04:56','2025-01-26 14:54:53','2025-01-26 14:54:53'),(8062,1444,8063,6517,NULL,0,NULL,'2025-01-24 19:04:56','2025-01-24 19:04:56',NULL);
INSERT INTO `cta_cte_cliente_pivot_receipt` VALUES (8063,1444,8064,6518,NULL,0,NULL,'2025-01-24 19:04:56','2025-01-26 14:54:36','2025-01-26 14:54:36'),(8064,1444,8065,6519,NULL,0,NULL,'2025-01-24 19:04:56','2025-01-24 19:04:56',NULL),(8065,1444,8066,6520,NULL,0,NULL,'2025-01-24 19:04:56','2025-01-24 19:04:56',NULL),(8066,1444,8067,6521,NULL,0,NULL,'2025-01-24 19:04:56','2025-01-24 19:04:56',NULL),(8067,1444,8068,6522,NULL,0,NULL,'2025-01-24 19:04:56','2025-01-26 14:53:38','2025-01-26 14:53:38'),(8068,1444,8069,6523,NULL,0,NULL,'2025-01-24 19:04:56','2025-01-24 19:04:56',NULL),(8069,1444,8070,6524,NULL,0,NULL,'2025-01-24 19:04:56','2025-01-24 19:04:56',NULL),(8070,1444,8071,6525,NULL,0,NULL,'2025-01-24 19:04:56','2025-01-24 19:04:56',NULL),(8071,1444,8072,6526,NULL,0,NULL,'2025-01-24 19:04:57','2025-01-26 14:52:32','2025-01-26 14:52:32'),(8072,1444,8073,6527,NULL,0,NULL,'2025-01-24 19:04:57','2025-01-26 14:52:15','2025-01-26 14:52:15'),(8073,1444,8074,6528,NULL,0,NULL,'2025-01-24 19:04:57','2025-01-26 14:51:50','2025-01-26 14:51:50'),(8074,1444,8075,6529,NULL,0,NULL,'2025-01-24 19:04:57','2025-01-26 14:51:34','2025-01-26 14:51:34'),(8075,1444,8076,6530,NULL,0,NULL,'2025-01-24 19:04:57','2025-01-26 14:51:17','2025-01-26 14:51:17'),(8076,1444,8077,6531,NULL,0,NULL,'2025-01-24 19:04:57','2025-01-26 14:51:00','2025-01-26 14:51:00'),(8077,1444,8078,6532,NULL,0,NULL,'2025-01-24 19:04:57','2025-01-26 14:50:43','2025-01-26 14:50:43'),(8078,1444,8079,6533,NULL,0,NULL,'2025-01-24 19:04:57','2025-01-26 14:50:25','2025-01-26 14:50:25'),(8079,1444,8080,6534,NULL,0,NULL,'2025-01-24 19:04:57','2025-01-26 14:50:10','2025-01-26 14:50:10'),(8080,1444,8081,6535,NULL,0,NULL,'2025-01-24 19:04:57','2025-01-26 14:49:56','2025-01-26 14:49:56'),(8081,1444,8082,6536,NULL,0,NULL,'2025-01-24 19:04:57','2025-01-26 14:49:37','2025-01-26 14:49:37'),(8082,1444,8083,6537,NULL,0,NULL,'2025-01-24 19:04:57','2025-01-26 14:49:12','2025-01-26 14:49:12'),(8083,1444,8084,6538,NULL,0,NULL,'2025-01-24 19:04:57','2025-01-24 19:04:57',NULL),(8084,1444,8085,6539,NULL,0,NULL,'2025-01-24 19:04:57','2025-01-24 19:04:57',NULL),(8085,1444,8086,6540,NULL,0,NULL,'2025-01-24 19:04:57','2025-01-25 15:14:30','2025-01-25 15:14:30'),(8086,1444,8087,6541,NULL,0,NULL,'2025-01-24 19:04:58','2025-01-25 15:14:14','2025-01-25 15:14:14'),(8087,1444,8088,6542,NULL,0,NULL,'2025-01-24 19:30:40','2025-01-24 19:30:40',NULL),(8088,1444,8089,6543,NULL,0,NULL,'2025-01-24 19:38:48','2025-01-24 19:38:48',NULL),(8089,1444,8090,6544,NULL,0,NULL,'2025-01-24 19:49:06','2025-01-24 19:49:06',NULL),(8090,1444,8091,6545,NULL,0,NULL,'2025-01-24 19:53:02','2025-01-24 19:53:02',NULL),(8091,1444,8092,6546,NULL,0,NULL,'2025-01-24 19:55:54','2025-01-24 20:05:07','2025-01-24 20:05:07'),(8092,1444,8093,6547,NULL,0,NULL,'2025-01-24 19:58:41','2025-01-24 19:58:41',NULL),(8093,1444,8094,6548,NULL,0,NULL,'2025-01-24 20:00:31','2025-01-24 20:05:24','2025-01-24 20:05:24'),(8094,1444,8095,6549,NULL,0,NULL,'2025-01-24 20:02:49','2025-01-24 20:05:38','2025-01-24 20:05:38'),(8095,1444,8096,6550,NULL,0,NULL,'2025-01-24 20:04:32','2025-01-24 20:04:32',NULL),(8096,1444,8097,6546,NULL,0,NULL,'2025-01-24 20:05:07','2025-01-24 20:05:07',NULL),(8097,1444,8098,6548,NULL,0,NULL,'2025-01-24 20:05:24','2025-01-24 20:05:24',NULL),(8098,1444,8099,6549,NULL,0,NULL,'2025-01-24 20:05:38','2025-01-24 20:05:38',NULL),(8099,1444,8100,6551,NULL,0,NULL,'2025-01-24 20:38:32','2025-01-24 20:38:32',NULL),(8100,1444,8101,6552,NULL,0,NULL,'2025-01-24 20:40:39','2025-01-24 20:40:39',NULL),(8101,1444,8102,6553,NULL,0,NULL,'2025-01-24 20:42:25','2025-01-24 20:42:25',NULL),(8102,1444,8103,6554,NULL,0,NULL,'2025-01-24 20:43:55','2025-01-24 20:43:55',NULL),(8103,1444,8104,6555,NULL,0,NULL,'2025-01-24 20:46:04','2025-01-24 20:46:04',NULL),(8104,1444,8105,6556,NULL,0,NULL,'2025-01-24 20:47:18','2025-01-24 20:47:18',NULL),(8105,1444,8106,6557,NULL,0,NULL,'2025-01-25 14:15:31','2025-01-25 15:16:09','2025-01-25 15:16:09');
INSERT INTO `cta_cte_cliente_pivot_receipt` VALUES (8106,1444,8107,6558,NULL,0,NULL,'2025-01-25 14:16:30','2025-01-25 15:15:54','2025-01-25 15:15:54'),(8107,1444,8108,6559,NULL,0,NULL,'2025-01-25 14:17:28','2025-01-25 14:17:28',NULL),(8108,1444,8109,6560,NULL,0,NULL,'2025-01-25 14:18:59','2025-01-25 14:18:59',NULL),(8109,1444,8110,6561,NULL,0,NULL,'2025-01-25 14:20:29','2025-01-25 14:20:29',NULL),(8110,1444,8111,6562,NULL,0,NULL,'2025-01-25 14:22:43','2025-01-25 14:22:43',NULL),(8111,1444,8112,6563,NULL,0,NULL,'2025-01-25 14:25:51','2025-01-25 14:25:51',NULL),(8112,1444,8113,6564,NULL,0,NULL,'2025-01-25 14:27:31','2025-01-25 14:27:31',NULL),(8113,1444,8114,6565,NULL,0,NULL,'2025-01-25 14:29:46','2025-01-25 14:29:46',NULL),(8114,1444,8115,6566,NULL,0,NULL,'2025-01-25 14:30:46','2025-01-25 14:30:46',NULL),(8115,1444,8116,6567,NULL,0,NULL,'2025-01-25 14:36:04','2025-01-25 14:36:04',NULL),(8116,1444,8117,6568,NULL,0,NULL,'2025-01-25 14:37:27','2025-01-25 14:37:27',NULL),(8117,1444,8118,6569,NULL,0,NULL,'2025-01-25 14:39:08','2025-01-25 14:39:08',NULL),(8118,1444,8119,6570,NULL,0,NULL,'2025-01-25 14:39:50','2025-01-25 14:39:50',NULL),(8119,1444,8120,6571,NULL,0,NULL,'2025-01-25 14:41:29','2025-01-25 14:41:29',NULL),(8120,1444,8121,6572,NULL,0,NULL,'2025-01-25 14:43:06','2025-01-25 14:43:06',NULL),(8121,1444,8122,6573,NULL,0,NULL,'2025-01-25 14:44:25','2025-01-25 14:44:25',NULL),(8122,1444,8123,6574,NULL,0,NULL,'2025-01-25 14:46:41','2025-01-25 14:46:41',NULL),(8123,1444,8124,6575,NULL,0,NULL,'2025-01-25 14:47:18','2025-01-25 14:47:18',NULL),(8124,1444,8125,6576,NULL,0,NULL,'2025-01-25 14:59:50','2025-01-25 14:59:50',NULL),(8125,1444,8126,6577,NULL,0,NULL,'2025-01-25 15:01:55','2025-01-25 15:01:55',NULL),(8126,1444,8127,6578,NULL,0,NULL,'2025-01-25 15:02:52','2025-01-25 15:02:52',NULL),(8127,1444,8128,6579,NULL,0,NULL,'2025-01-25 15:03:27','2025-01-25 15:03:27',NULL),(8128,1444,8129,6580,NULL,0,NULL,'2025-01-25 15:04:16','2025-01-25 15:04:16',NULL),(8129,1444,8130,6581,NULL,0,NULL,'2025-01-25 15:06:14','2025-01-25 15:06:14',NULL),(8130,1444,8131,6582,NULL,0,NULL,'2025-01-25 15:10:24','2025-01-25 15:10:24',NULL),(8131,1444,8132,6583,NULL,0,NULL,'2025-01-25 15:11:29','2025-01-25 15:11:29',NULL),(8132,1444,8133,6584,NULL,0,NULL,'2025-01-25 15:12:12','2025-01-25 15:12:12',NULL),(8133,1444,8134,6541,NULL,0,NULL,'2025-01-25 15:14:14','2025-01-25 15:16:39','2025-01-25 15:16:39'),(8134,1444,8135,6540,NULL,0,NULL,'2025-01-25 15:14:30','2025-01-25 15:16:51','2025-01-25 15:16:51'),(8135,1444,8136,6558,NULL,0,NULL,'2025-01-25 15:15:54','2025-01-25 15:15:54',NULL),(8136,1444,8137,6557,NULL,0,NULL,'2025-01-25 15:16:09','2025-01-25 15:16:09',NULL),(8137,1444,8138,6541,NULL,0,NULL,'2025-01-25 15:16:39','2025-01-25 15:16:39',NULL),(8138,1444,8139,6540,NULL,0,NULL,'2025-01-25 15:16:51','2025-01-26 14:48:17','2025-01-26 14:48:17'),(8139,1444,8140,6585,NULL,0,NULL,'2025-01-26 12:04:30','2025-01-26 12:04:30',NULL),(8140,1444,8141,6586,NULL,0,NULL,'2025-01-26 12:05:31','2025-01-26 12:05:31',NULL),(8141,1444,8142,6587,NULL,0,NULL,'2025-01-26 12:06:25','2025-01-26 12:06:25',NULL),(8142,1444,8143,6588,NULL,0,NULL,'2025-01-26 12:07:32','2025-01-26 12:07:32',NULL),(8143,1444,8144,6589,NULL,0,NULL,'2025-01-26 12:08:15','2025-01-26 12:08:15',NULL),(8144,1444,8145,6590,NULL,0,NULL,'2025-01-26 12:09:19','2025-01-26 12:09:19',NULL),(8145,1444,8146,6591,NULL,0,NULL,'2025-01-26 12:11:24','2025-01-26 12:11:24',NULL),(8146,1444,8147,6592,NULL,0,NULL,'2025-01-26 12:12:44','2025-01-26 12:12:44',NULL),(8147,1444,8148,6593,NULL,0,NULL,'2025-01-26 12:13:56','2025-01-26 12:13:56',NULL),(8148,1444,8149,6540,NULL,0,NULL,'2025-01-26 14:48:17','2025-01-26 14:48:17',NULL),(8149,1444,8150,6537,NULL,0,NULL,'2025-01-26 14:49:12','2025-01-26 14:49:12',NULL),(8150,1444,8151,6536,NULL,0,NULL,'2025-01-26 14:49:37','2025-01-26 14:49:37',NULL),(8151,1444,8152,6535,NULL,0,NULL,'2025-01-26 14:49:56','2025-01-26 14:49:56',NULL),(8152,1444,8153,6534,NULL,0,NULL,'2025-01-26 14:50:10','2025-01-26 14:50:10',NULL);
INSERT INTO `cta_cte_cliente_pivot_receipt` VALUES (8153,1444,8154,6533,NULL,0,NULL,'2025-01-26 14:50:25','2025-01-26 14:50:25',NULL),(8154,1444,8155,6532,NULL,0,NULL,'2025-01-26 14:50:43','2025-01-26 14:50:43',NULL),(8155,1444,8156,6531,NULL,0,NULL,'2025-01-26 14:51:00','2025-01-26 14:51:00',NULL),(8156,1444,8157,6530,NULL,0,NULL,'2025-01-26 14:51:17','2025-01-26 14:51:17',NULL),(8157,1444,8158,6529,NULL,0,NULL,'2025-01-26 14:51:34','2025-01-26 14:51:34',NULL),(8158,1444,8159,6528,NULL,0,NULL,'2025-01-26 14:51:50','2025-01-26 14:51:50',NULL),(8159,1444,8160,6527,NULL,0,NULL,'2025-01-26 14:52:15','2025-01-26 14:52:15',NULL),(8160,1444,8161,6526,NULL,0,NULL,'2025-01-26 14:52:32','2025-01-26 14:52:32',NULL),(8161,1444,8162,6522,NULL,0,NULL,'2025-01-26 14:53:38','2025-01-26 14:53:38',NULL),(8162,1444,8163,6518,NULL,0,NULL,'2025-01-26 14:54:36','2025-01-26 14:54:36',NULL),(8163,1444,8164,6516,NULL,0,NULL,'2025-01-26 14:54:53','2025-01-26 14:54:53',NULL),(8164,1444,8165,6515,NULL,0,NULL,'2025-01-26 14:55:11','2025-01-26 14:55:11',NULL),(8165,1444,8166,6514,NULL,0,NULL,'2025-01-26 14:55:41','2025-01-26 14:55:41',NULL),(8166,1444,8167,6513,NULL,0,NULL,'2025-01-26 14:56:00','2025-01-26 14:56:00',NULL),(8167,1444,8168,6511,NULL,0,NULL,'2025-01-26 14:56:22','2025-01-26 14:56:22',NULL),(8168,1444,8169,6510,NULL,0,NULL,'2025-01-26 14:56:36','2025-01-26 14:56:36',NULL),(8169,1444,8170,6509,NULL,0,NULL,'2025-01-26 14:56:57','2025-01-26 14:56:57',NULL),(8170,1444,8171,6508,NULL,0,NULL,'2025-01-26 14:57:16','2025-01-26 14:57:16',NULL),(8171,1444,8172,6507,NULL,0,NULL,'2025-01-26 14:57:32','2025-01-26 14:57:32',NULL),(8172,1444,8173,6505,NULL,0,NULL,'2025-01-26 14:58:37','2025-01-26 14:58:37',NULL),(8173,1444,8174,6504,NULL,0,NULL,'2025-01-26 14:59:54','2025-01-26 14:59:54',NULL),(8174,1444,8175,6503,NULL,0,NULL,'2025-01-26 15:00:11','2025-01-26 15:00:11',NULL),(8175,1444,8176,6502,NULL,0,NULL,'2025-01-26 15:00:30','2025-01-26 15:00:30',NULL),(8176,1444,8177,6501,NULL,0,NULL,'2025-01-26 15:00:48','2025-01-26 15:00:48',NULL),(8177,1444,8178,6500,NULL,0,NULL,'2025-01-26 15:01:07','2025-01-26 15:01:07',NULL),(8178,1444,8179,6497,NULL,0,NULL,'2025-01-26 15:02:09','2025-01-26 15:02:09',NULL),(8179,1444,8180,6496,NULL,0,NULL,'2025-01-26 15:02:22','2025-01-26 15:02:22',NULL),(8180,1444,8181,6495,NULL,0,NULL,'2025-01-26 15:02:34','2025-01-26 15:02:34',NULL),(8181,1444,8182,6594,NULL,0,NULL,'2025-01-26 15:07:06','2025-01-26 15:07:06',NULL),(8182,1444,8183,6595,NULL,0,NULL,'2025-01-26 15:08:33','2025-01-26 15:08:33',NULL),(8183,1444,8184,6596,NULL,0,NULL,'2025-01-26 15:11:56','2025-01-26 15:11:56',NULL),(8184,1444,8185,6479,NULL,0,NULL,'2025-01-26 15:57:53','2025-01-26 15:57:53',NULL),(8185,1444,8186,6597,NULL,0,NULL,'2025-01-26 16:02:28','2025-01-26 16:02:28',NULL),(8186,1444,8187,6598,NULL,0,NULL,'2025-01-26 16:48:20','2025-01-26 16:48:20',NULL),(8187,1444,8188,6599,NULL,0,NULL,'2025-01-26 16:48:20','2025-01-26 16:48:20',NULL),(8188,1444,8189,6600,NULL,0,NULL,'2025-01-26 16:48:20','2025-01-26 16:48:20',NULL),(8189,1444,8190,6601,NULL,0,NULL,'2025-01-26 16:48:20','2025-01-26 16:48:20',NULL),(8190,1444,8191,6602,NULL,0,NULL,'2025-01-26 16:48:20','2025-01-26 16:48:20',NULL),(8191,1444,8192,6603,NULL,0,NULL,'2025-01-26 16:48:20','2025-01-26 16:48:20',NULL),(8192,1444,8193,6604,NULL,0,NULL,'2025-01-26 16:48:20','2025-01-26 16:48:20',NULL),(8193,1444,8194,6605,NULL,0,NULL,'2025-01-26 16:48:20','2025-01-26 16:48:20',NULL),(8194,1444,8195,6606,NULL,0,NULL,'2025-01-26 16:48:20','2025-01-26 16:48:20',NULL),(8195,1444,8196,6607,NULL,0,NULL,'2025-01-26 16:48:20','2025-01-26 16:48:20',NULL),(8196,1444,8197,6608,NULL,0,NULL,'2025-01-26 16:48:20','2025-01-26 16:48:20',NULL),(8197,1444,8198,6609,NULL,0,NULL,'2025-01-26 16:48:21','2025-01-26 16:48:21',NULL),(8198,1444,8199,6610,NULL,0,NULL,'2025-01-26 16:48:21','2025-01-26 16:48:21',NULL),(8199,1444,8200,6611,NULL,0,NULL,'2025-01-26 16:48:21','2025-01-26 16:48:21',NULL),(8200,1444,8201,6612,NULL,0,NULL,'2025-01-26 16:48:21','2025-01-26 16:48:21',NULL);
INSERT INTO `cta_cte_cliente_pivot_receipt` VALUES (8201,1444,8202,6613,NULL,0,NULL,'2025-01-26 16:48:28','2025-01-26 16:48:28',NULL),(8202,1444,8203,6614,NULL,0,NULL,'2025-01-26 16:48:28','2025-01-26 16:48:28',NULL),(8203,1444,8204,6615,NULL,0,NULL,'2025-01-26 16:48:28','2025-01-26 16:48:28',NULL),(8204,1444,8205,6616,NULL,0,NULL,'2025-01-26 16:48:28','2025-01-26 16:48:28',NULL),(8205,1444,8206,6617,NULL,0,NULL,'2025-01-26 16:48:28','2025-01-26 16:48:28',NULL),(8206,1444,8207,6618,NULL,0,NULL,'2025-01-26 16:48:28','2025-01-26 16:48:28',NULL),(8207,1444,8208,6619,NULL,0,NULL,'2025-01-26 16:48:28','2025-01-26 16:48:28',NULL),(8208,1444,8209,6620,NULL,0,NULL,'2025-01-26 16:48:28','2025-01-26 16:48:28',NULL),(8209,1444,8210,6621,NULL,0,NULL,'2025-01-26 16:48:28','2025-01-26 16:48:28',NULL),(8210,1444,8211,6622,NULL,0,NULL,'2025-01-26 16:48:28','2025-01-26 16:48:28',NULL),(8211,1444,8212,6623,NULL,0,NULL,'2025-01-26 16:48:28','2025-01-26 16:48:28',NULL),(8212,1444,8213,6624,NULL,0,NULL,'2025-01-26 16:48:29','2025-01-26 16:48:29',NULL),(8213,1444,8214,6625,NULL,0,NULL,'2025-01-26 16:48:29','2025-01-26 16:48:29',NULL),(8214,1444,8215,6626,NULL,0,NULL,'2025-01-26 16:48:29','2025-01-26 16:48:29',NULL),(8215,1444,8216,6627,NULL,0,NULL,'2025-01-26 16:48:29','2025-01-26 16:48:29',NULL),(8216,1444,8217,6628,NULL,0,NULL,'2025-01-26 16:49:43','2025-01-26 16:49:43',NULL),(8217,1444,8218,6629,NULL,0,NULL,'2025-01-26 16:49:43','2025-01-26 17:37:20','2025-01-26 17:37:20'),(8218,1444,8219,6630,NULL,0,NULL,'2025-01-26 16:49:43','2025-01-26 17:37:03','2025-01-26 17:37:03'),(8219,1444,8220,6631,NULL,0,NULL,'2025-01-26 16:49:43','2025-01-26 17:36:48','2025-01-26 17:36:48'),(8220,1444,8221,6632,NULL,0,NULL,'2025-01-26 16:49:43','2025-01-26 17:36:29','2025-01-26 17:36:29'),(8221,1444,8222,6633,NULL,0,NULL,'2025-01-26 16:49:43','2025-01-26 17:36:15','2025-01-26 17:36:15'),(8222,1444,8223,6634,NULL,0,NULL,'2025-01-26 16:49:43','2025-01-26 17:36:02','2025-01-26 17:36:02'),(8223,1444,8224,6635,NULL,0,NULL,'2025-01-26 16:49:43','2025-01-26 17:35:47','2025-01-26 17:35:47'),(8224,1444,8225,6636,NULL,0,NULL,'2025-01-26 16:49:43','2025-01-26 17:35:27','2025-01-26 17:35:27'),(8225,1444,8226,6637,NULL,0,NULL,'2025-01-26 16:49:43','2025-01-26 17:35:14','2025-01-26 17:35:14'),(8226,1444,8227,6638,NULL,0,NULL,'2025-01-26 16:49:43','2025-01-26 17:34:54','2025-01-26 17:34:54'),(8227,1444,8228,6639,NULL,0,NULL,'2025-01-26 17:15:57','2025-01-26 17:15:57',NULL),(8228,1444,8229,6640,NULL,0,NULL,'2025-01-26 17:21:03','2025-01-26 17:21:03',NULL),(8229,1444,8230,6641,NULL,0,NULL,'2025-01-26 17:25:04','2025-01-26 17:25:04',NULL),(8230,1444,8231,6638,NULL,0,NULL,'2025-01-26 17:34:54','2025-01-26 17:34:54',NULL),(8231,1444,8232,6637,NULL,0,NULL,'2025-01-26 17:35:14','2025-01-26 17:35:14',NULL),(8232,1444,8233,6636,NULL,0,NULL,'2025-01-26 17:35:27','2025-01-26 17:35:27',NULL),(8233,1444,8234,6635,NULL,0,NULL,'2025-01-26 17:35:47','2025-01-26 17:35:47',NULL),(8234,1444,8235,6634,NULL,0,NULL,'2025-01-26 17:36:02','2025-01-26 17:36:02',NULL),(8235,1444,8236,6633,NULL,0,NULL,'2025-01-26 17:36:15','2025-01-26 17:36:15',NULL),(8236,1444,8237,6632,NULL,0,NULL,'2025-01-26 17:36:29','2025-01-26 17:36:29',NULL),(8237,1444,8238,6631,NULL,0,NULL,'2025-01-26 17:36:48','2025-01-26 17:36:48',NULL),(8238,1444,8239,6630,NULL,0,NULL,'2025-01-26 17:37:03','2025-01-26 17:37:03',NULL),(8239,1444,8240,6629,NULL,0,NULL,'2025-01-26 17:37:20','2025-01-26 17:37:20',NULL),(8330,1444,8331,6732,NULL,0,NULL,'2025-02-08 13:06:50','2025-02-08 13:06:50',NULL),(8331,1444,8332,6733,NULL,0,NULL,'2025-02-08 13:06:50','2025-02-08 13:06:50',NULL),(8332,1444,8333,6734,NULL,0,NULL,'2025-02-08 13:06:50','2025-02-08 13:06:50',NULL),(8333,1444,8334,6735,NULL,0,NULL,'2025-02-08 13:06:50','2025-02-08 13:06:50',NULL),(8334,1444,8335,6736,NULL,0,NULL,'2025-02-08 13:06:50','2025-02-08 13:06:50',NULL),(8335,1444,8336,6737,NULL,0,NULL,'2025-02-08 13:06:50','2025-02-08 13:06:50',NULL),(8336,1444,8337,6738,NULL,0,NULL,'2025-02-08 13:06:50','2025-02-08 13:06:50',NULL);
INSERT INTO `cta_cte_cliente_pivot_receipt` VALUES (8337,1444,8338,6739,NULL,0,NULL,'2025-02-08 13:06:50','2025-02-08 13:06:50',NULL),(8338,1444,8339,6740,NULL,0,NULL,'2025-02-08 13:06:50','2025-02-08 13:06:50',NULL),(8339,1444,8340,6741,NULL,0,NULL,'2025-02-08 13:06:51','2025-02-08 13:06:51',NULL),(8340,1444,8341,6742,NULL,0,NULL,'2025-02-08 13:06:51','2025-02-08 13:06:51',NULL),(8341,1444,8342,6743,NULL,0,NULL,'2025-02-08 13:06:51','2025-02-08 13:06:51',NULL),(8342,1444,8343,6744,NULL,0,NULL,'2025-02-08 13:06:51','2025-02-08 13:06:51',NULL),(8343,1444,8344,6745,NULL,0,NULL,'2025-02-08 13:06:51','2025-02-08 13:06:51',NULL),(8344,1444,8345,6746,NULL,0,NULL,'2025-02-08 13:06:51','2025-02-08 13:06:51',NULL),(8345,1444,8346,6747,NULL,0,NULL,'2025-02-08 13:06:51','2025-02-08 13:06:51',NULL),(8346,1444,8347,6748,NULL,0,NULL,'2025-02-08 13:06:51','2025-02-08 13:06:51',NULL),(8347,1444,8348,6749,NULL,0,NULL,'2025-02-08 13:06:51','2025-02-08 13:06:51',NULL),(8348,1444,8349,6750,NULL,0,NULL,'2025-02-08 13:06:51','2025-02-08 13:06:51',NULL),(8349,1444,8350,6751,NULL,0,NULL,'2025-02-08 13:06:51','2025-02-08 13:06:51',NULL),(8395,1444,8396,6797,NULL,0,NULL,'2025-02-09 13:44:20','2025-02-09 13:44:20',NULL),(8396,1444,8397,6798,NULL,0,NULL,'2025-02-09 13:44:20','2025-02-09 13:44:20',NULL),(8397,1444,8398,6799,NULL,0,NULL,'2025-02-09 13:44:21','2025-02-09 13:44:21',NULL),(8398,1444,8399,6800,NULL,0,NULL,'2025-02-09 13:44:21','2025-02-09 13:44:21',NULL),(8399,1444,8400,6801,NULL,0,NULL,'2025-02-09 13:44:21','2025-02-09 13:44:21',NULL),(8400,1444,8401,6802,NULL,0,NULL,'2025-02-09 13:44:21','2025-02-09 13:44:21',NULL),(8401,1444,8402,6803,NULL,0,NULL,'2025-02-09 13:44:21','2025-02-09 13:44:21',NULL),(8402,1444,8403,6804,NULL,0,NULL,'2025-02-09 13:44:21','2025-02-09 13:44:21',NULL),(8403,1444,8404,6805,NULL,0,NULL,'2025-02-09 13:44:21','2025-02-09 13:44:21',NULL),(8404,1444,8405,6806,NULL,0,NULL,'2025-02-09 13:44:21','2025-02-09 13:44:21',NULL),(8405,1444,8406,6807,NULL,0,NULL,'2025-02-09 13:44:33','2025-02-09 13:44:33',NULL),(8406,1444,8407,6808,NULL,0,NULL,'2025-02-09 13:44:33','2025-02-09 13:44:33',NULL),(8407,1444,8408,6809,NULL,0,NULL,'2025-02-09 13:44:34','2025-02-09 13:49:47','2025-02-09 13:49:47'),(8408,1444,8409,6810,NULL,0,NULL,'2025-02-09 13:44:34','2025-02-09 13:49:31','2025-02-09 13:49:31'),(8409,1444,8410,6811,NULL,0,NULL,'2025-02-09 13:44:34','2025-02-09 13:49:15','2025-02-09 13:49:15'),(8410,1444,8411,6812,NULL,0,NULL,'2025-02-09 13:44:34','2025-02-09 13:49:02','2025-02-09 13:49:02'),(8411,1444,8412,6813,NULL,0,NULL,'2025-02-09 13:44:34','2025-02-09 13:48:36','2025-02-09 13:48:36'),(8412,1444,8413,6814,NULL,0,NULL,'2025-02-09 13:44:34','2025-02-09 13:48:25','2025-02-09 13:48:25'),(8413,1444,8414,6815,NULL,0,NULL,'2025-02-09 13:44:34','2025-02-09 13:48:06','2025-02-09 13:48:06'),(8414,1444,8415,6816,NULL,0,NULL,'2025-02-09 13:44:34','2025-02-09 13:47:48','2025-02-09 13:47:48'),(8415,1444,8416,6817,NULL,0,NULL,'2025-02-09 13:44:34','2025-02-09 13:47:35','2025-02-09 13:47:35'),(8416,1444,8417,6818,NULL,0,NULL,'2025-02-09 13:44:34','2025-02-09 13:47:25','2025-02-09 13:47:25'),(8417,1444,8418,6819,NULL,0,NULL,'2025-02-09 13:44:34','2025-02-09 13:44:34',NULL),(8418,1444,8419,6818,NULL,0,NULL,'2025-02-09 13:47:25','2025-02-09 13:47:25',NULL),(8419,1444,8420,6817,NULL,0,NULL,'2025-02-09 13:47:35','2025-02-09 13:47:35',NULL),(8420,1444,8421,6816,NULL,0,NULL,'2025-02-09 13:47:48','2025-02-09 13:47:48',NULL),(8421,1444,8422,6815,NULL,0,NULL,'2025-02-09 13:48:06','2025-02-09 13:48:06',NULL),(8422,1444,8423,6814,NULL,0,NULL,'2025-02-09 13:48:25','2025-02-09 13:48:25',NULL),(8423,1444,8424,6813,NULL,0,NULL,'2025-02-09 13:48:36','2025-02-09 13:48:36',NULL),(8424,1444,8425,6812,NULL,0,NULL,'2025-02-09 13:49:02','2025-02-09 13:49:02',NULL),(8425,1444,8426,6811,NULL,0,NULL,'2025-02-09 13:49:15','2025-02-09 13:49:15',NULL),(8426,1444,8427,6810,NULL,0,NULL,'2025-02-09 13:49:31','2025-02-09 13:49:31',NULL),(8427,1444,8428,6809,NULL,0,NULL,'2025-02-09 13:49:47','2025-02-09 13:49:47',NULL);
INSERT INTO `cta_cte_cliente_pivot_receipt` VALUES (8428,1444,8429,6820,NULL,0,NULL,'2025-02-18 22:50:34','2025-02-18 22:50:34',NULL),(8429,1444,8430,6821,NULL,0,NULL,'2025-02-18 22:50:35','2025-02-18 22:50:35',NULL),(8430,1444,8431,6822,NULL,0,NULL,'2025-02-18 22:50:35','2025-02-18 22:50:35',NULL),(8431,1444,8432,6823,NULL,0,NULL,'2025-02-18 22:50:35','2025-02-18 22:50:35',NULL),(8432,1444,8433,6824,NULL,0,NULL,'2025-02-18 22:50:35','2025-02-18 22:50:35',NULL),(8433,1444,8434,6825,NULL,0,NULL,'2025-02-18 22:50:35','2025-02-18 22:50:35',NULL),(8434,1444,8435,6826,NULL,0,NULL,'2025-02-18 22:50:35','2025-02-18 22:50:35',NULL),(8435,1444,8436,6827,NULL,0,NULL,'2025-02-18 22:50:35','2025-02-18 22:50:35',NULL),(8436,1444,8437,6828,NULL,0,NULL,'2025-02-18 22:50:35','2025-02-18 22:50:35',NULL),(8437,1444,8438,6829,NULL,0,NULL,'2025-02-18 22:50:35','2025-02-18 22:50:35',NULL),(8438,1444,8439,6830,NULL,0,NULL,'2025-02-18 22:50:35','2025-02-18 22:50:35',NULL),(8439,1444,8440,6831,NULL,0,NULL,'2025-02-18 22:50:36','2025-02-18 22:50:36',NULL),(8440,1444,8441,6832,NULL,0,NULL,'2025-02-18 22:50:36','2025-02-18 22:50:36',NULL),(8441,1444,8442,6833,NULL,0,NULL,'2025-02-18 22:50:36','2025-02-18 22:50:36',NULL),(8442,1444,8443,6834,NULL,0,NULL,'2025-02-18 22:50:36','2025-02-18 22:50:36',NULL),(8443,1444,8444,6835,NULL,0,NULL,'2025-02-18 22:50:36','2025-02-18 22:50:36',NULL),(8444,1444,8445,6836,NULL,0,NULL,'2025-02-18 22:50:36','2025-02-18 22:50:36',NULL),(8445,1444,8446,6837,NULL,0,NULL,'2025-02-18 22:50:36','2025-02-18 22:50:36',NULL),(8446,1444,8447,6838,NULL,0,NULL,'2025-02-18 22:50:36','2025-02-18 22:50:36',NULL),(8447,1444,8448,6839,NULL,0,NULL,'2025-02-18 22:50:36','2025-02-18 22:50:36',NULL),(8448,1444,8449,6840,NULL,0,NULL,'2025-02-18 22:50:37','2025-02-18 22:50:37',NULL),(8449,1444,8450,6841,NULL,0,NULL,'2025-02-18 22:50:37','2025-02-18 22:50:37',NULL),(8450,1444,8451,6842,NULL,0,NULL,'2025-02-18 22:50:37','2025-02-18 22:50:37',NULL),(8451,1444,8452,6843,NULL,0,NULL,'2025-02-18 22:50:37','2025-02-18 22:50:37',NULL),(8452,1444,8453,6844,NULL,0,NULL,'2025-02-18 22:50:37','2025-02-18 22:50:37',NULL),(8453,1444,8454,6845,NULL,0,NULL,'2025-02-18 22:50:37','2025-02-18 22:50:37',NULL),(8454,1444,8455,6846,NULL,0,NULL,'2025-02-18 22:50:37','2025-02-18 22:50:37',NULL),(8455,1444,8456,6847,NULL,0,NULL,'2025-02-18 22:50:37','2025-02-18 22:50:37',NULL),(8456,1444,8457,6848,NULL,0,NULL,'2025-02-18 22:50:37','2025-02-18 22:50:37',NULL),(8457,1444,8458,6849,NULL,0,NULL,'2025-02-18 22:50:38','2025-02-18 22:50:38',NULL),(8458,1444,8459,6850,NULL,0,NULL,'2025-02-18 22:50:38','2025-02-18 22:50:38',NULL),(8459,1444,8460,6851,NULL,0,NULL,'2025-02-18 22:50:38','2025-02-18 22:50:38',NULL),(8460,1444,8461,6852,NULL,0,NULL,'2025-02-18 22:50:38','2025-02-18 22:50:38',NULL),(8461,1444,8462,6853,NULL,0,NULL,'2025-02-18 22:50:38','2025-02-18 22:50:38',NULL),(8462,1444,8463,6854,NULL,0,NULL,'2025-02-18 22:50:38','2025-02-18 22:50:38',NULL),(8463,1444,8464,6855,NULL,0,NULL,'2025-02-18 22:50:38','2025-02-18 22:50:38',NULL),(8464,1444,8465,6856,NULL,0,NULL,'2025-02-18 22:50:38','2025-02-18 22:50:38',NULL),(8465,1444,8466,6857,NULL,0,NULL,'2025-02-18 22:50:38','2025-02-18 22:50:38',NULL),(8466,1444,8467,6858,NULL,0,NULL,'2025-02-18 22:50:39','2025-02-18 22:50:39',NULL),(8467,1444,8468,6859,NULL,0,NULL,'2025-02-18 22:50:39','2025-02-18 22:50:39',NULL),(8468,1444,8469,6860,NULL,0,NULL,'2025-02-18 22:50:39','2025-02-18 22:50:39',NULL),(8469,1444,8470,6861,NULL,0,NULL,'2025-02-18 22:50:39','2025-02-18 22:50:39',NULL),(8470,1444,8471,6862,NULL,0,NULL,'2025-02-18 22:50:39','2025-02-18 22:50:39',NULL),(8471,1444,8472,6863,NULL,0,NULL,'2025-02-18 22:50:39','2025-02-18 22:50:39',NULL),(8472,1444,8473,6864,NULL,0,NULL,'2025-03-04 15:19:28','2025-03-04 15:19:28',NULL),(8473,1444,8474,6865,NULL,0,NULL,'2025-03-04 15:19:28','2025-03-04 15:19:28',NULL),(8474,1444,8475,6866,NULL,0,NULL,'2025-03-04 15:19:28','2025-03-04 15:19:28',NULL),(8475,1444,8476,6867,NULL,0,NULL,'2025-03-04 15:19:28','2025-03-04 15:19:28',NULL);
INSERT INTO `cta_cte_cliente_pivot_receipt` VALUES (8476,1444,8477,6868,NULL,0,NULL,'2025-03-04 15:19:28','2025-03-04 15:19:28',NULL),(8477,1444,8478,6869,NULL,0,NULL,'2025-03-04 15:19:28','2025-03-04 15:19:28',NULL),(8478,1444,8479,6870,NULL,0,NULL,'2025-03-04 15:19:28','2025-03-04 15:19:28',NULL),(8479,1444,8480,6871,NULL,0,NULL,'2025-03-04 15:19:28','2025-03-04 15:19:28',NULL),(8480,1444,8481,6872,NULL,0,NULL,'2025-03-04 15:19:28','2025-03-04 15:19:28',NULL),(8481,1444,8482,6873,NULL,0,NULL,'2025-03-04 15:19:28','2025-03-04 15:19:28',NULL),(8482,1444,8483,6874,NULL,0,NULL,'2025-03-04 15:19:28','2025-03-04 15:19:28',NULL),(8483,1444,8484,6875,NULL,0,NULL,'2025-03-04 15:19:44','2025-03-04 15:19:44',NULL),(8484,1444,8485,6876,NULL,0,NULL,'2025-03-04 15:19:45','2025-03-04 15:19:45',NULL),(8485,1444,8486,6877,NULL,0,NULL,'2025-03-04 15:19:45','2025-03-04 15:19:45',NULL),(8486,1444,8487,6878,NULL,0,NULL,'2025-03-04 15:19:45','2025-03-04 15:19:45',NULL),(8487,1444,8488,6879,NULL,0,NULL,'2025-03-04 15:19:45','2025-03-04 15:19:45',NULL),(8488,1444,8489,6880,NULL,0,NULL,'2025-03-04 15:19:45','2025-03-04 15:19:45',NULL),(8489,1444,8490,6881,NULL,0,NULL,'2025-03-04 15:19:45','2025-03-04 15:19:45',NULL),(8490,1444,8491,6882,NULL,0,NULL,'2025-03-04 15:19:45','2025-03-04 15:19:45',NULL),(8491,1444,8492,6883,NULL,0,NULL,'2025-03-04 15:19:45','2025-03-04 15:19:45',NULL),(8492,1444,8493,6884,NULL,0,NULL,'2025-03-25 10:33:56','2025-03-25 10:33:56',NULL),(8493,1444,8494,6885,NULL,0,NULL,'2025-03-25 10:33:56','2025-03-25 10:33:56',NULL),(8494,1444,8495,6886,NULL,0,NULL,'2025-03-25 10:33:56','2025-03-25 10:33:56',NULL),(8495,1444,8496,6887,NULL,0,NULL,'2025-03-25 10:33:56','2025-03-25 10:33:56',NULL),(8496,1444,8497,6888,NULL,0,NULL,'2025-03-25 10:33:56','2025-03-25 10:33:56',NULL),(8497,1444,8498,6889,NULL,0,NULL,'2025-03-25 10:33:57','2025-03-25 10:33:57',NULL),(8498,1444,8499,6890,NULL,0,NULL,'2025-03-25 10:33:57','2025-03-25 10:33:57',NULL),(8499,1444,8500,6891,NULL,0,NULL,'2025-03-25 10:33:57','2025-03-25 10:33:57',NULL),(8500,1444,8501,6892,NULL,0,NULL,'2025-03-25 10:33:57','2025-03-25 10:33:57',NULL),(8501,1444,8502,6893,NULL,0,NULL,'2025-03-25 10:33:57','2025-03-25 10:33:57',NULL),(8502,1444,8503,6894,NULL,0,NULL,'2025-03-25 10:33:57','2025-03-25 10:33:57',NULL),(8503,1444,8504,6895,NULL,0,NULL,'2025-03-25 10:33:57','2025-03-25 10:33:57',NULL),(8504,1444,8505,6896,NULL,0,NULL,'2025-03-25 10:33:57','2025-03-25 10:33:57',NULL),(8505,1444,8506,6897,NULL,0,NULL,'2025-03-30 12:56:00','2025-03-30 12:56:00',NULL),(8506,1444,8507,6898,NULL,0,NULL,'2025-03-30 13:06:17','2025-03-30 13:06:17',NULL),(8507,1444,8508,6899,NULL,0,NULL,'2025-03-30 13:07:56','2025-03-30 13:07:56',NULL),(8508,1444,8509,6900,NULL,0,NULL,'2025-03-30 13:21:14','2025-03-30 13:21:14',NULL),(8509,1444,8510,6901,NULL,0,NULL,'2025-03-30 16:37:52','2025-03-30 16:37:52',NULL),(8510,1444,8511,6902,NULL,0,NULL,'2025-03-30 16:40:16','2025-03-30 16:40:16',NULL),(8511,1444,8512,6903,NULL,0,NULL,'2025-03-30 16:51:27','2025-03-30 16:51:27',NULL),(8512,1444,8513,6904,NULL,0,NULL,'2025-03-31 10:38:54','2025-03-31 10:38:54',NULL),(8513,1444,8514,6905,NULL,0,NULL,'2025-06-20 18:02:44','2025-06-20 18:02:44',NULL),(8514,1444,8515,6906,NULL,0,NULL,'2025-06-20 18:02:44','2025-06-20 18:02:44',NULL),(8515,1444,8516,6907,NULL,0,NULL,'2025-06-20 18:02:44','2025-06-20 18:02:44',NULL),(8516,1444,8517,6908,NULL,0,NULL,'2025-06-20 18:02:44','2025-06-20 18:02:44',NULL),(8517,1444,8518,6909,NULL,0,NULL,'2025-06-28 21:16:18','2025-06-28 21:16:18',NULL),(8518,1444,8519,6910,NULL,0,NULL,'2025-06-28 21:16:18','2025-06-28 21:16:18',NULL),(8519,1444,8520,6911,NULL,0,NULL,'2025-06-28 21:16:18','2025-06-28 21:16:18',NULL),(8520,1444,8521,6912,NULL,0,NULL,'2025-06-28 21:16:18','2025-06-28 21:16:18',NULL),(8521,1444,8522,6913,NULL,0,NULL,'2025-06-28 21:16:18','2025-06-28 21:16:18',NULL),(8522,1444,8523,6914,NULL,0,NULL,'2025-06-28 21:16:18','2025-06-28 21:16:18',NULL),(8523,1444,8524,6915,NULL,0,NULL,'2025-06-28 21:16:18','2025-06-28 21:16:18',NULL);
INSERT INTO `cta_cte_cliente_pivot_receipt` VALUES (8524,1444,8525,6916,NULL,0,NULL,'2025-06-28 21:16:18','2025-06-28 21:16:18',NULL),(8525,1444,8526,6917,NULL,0,NULL,'2025-06-28 21:16:18','2025-06-28 21:16:18',NULL),(8526,1444,8527,6918,NULL,0,NULL,'2025-06-28 21:16:18','2025-06-28 21:16:18',NULL),(8527,1444,8528,6919,NULL,0,NULL,'2025-06-28 21:16:18','2025-06-28 21:16:18',NULL),(8528,1444,8529,6920,NULL,0,NULL,'2025-06-28 21:16:18','2025-06-28 21:16:18',NULL),(8529,1444,8530,6921,NULL,0,NULL,'2025-06-28 21:16:18','2025-06-28 21:16:18',NULL),(8530,1444,8531,6922,NULL,0,NULL,'2025-06-28 21:16:37','2025-06-28 21:16:37',NULL),(8531,1444,8532,6923,NULL,0,NULL,'2025-06-28 21:16:37','2025-06-28 21:16:37',NULL),(8532,1444,8533,6924,NULL,0,NULL,'2025-06-28 21:16:37','2025-06-28 21:16:37',NULL),(8533,1444,8534,6925,NULL,0,NULL,'2025-06-28 21:16:37','2025-06-28 21:16:37',NULL),(8534,1444,8535,6926,NULL,0,NULL,'2025-06-28 21:16:37','2025-06-28 21:16:37',NULL),(8535,1444,8536,6927,NULL,0,NULL,'2025-06-28 21:16:37','2025-06-28 21:16:37',NULL),(8536,1444,8537,6928,NULL,0,NULL,'2025-06-28 21:16:37','2025-06-28 21:16:37',NULL),(8537,1444,8538,6929,NULL,0,NULL,'2025-06-28 21:16:38','2025-06-28 21:16:38',NULL),(8538,1444,8539,6930,NULL,0,NULL,'2025-06-28 21:16:38','2025-06-28 21:16:38',NULL),(8539,1444,8540,6931,NULL,0,NULL,'2025-06-28 21:16:38','2025-06-28 21:16:38',NULL),(8540,1444,8541,6932,NULL,0,NULL,'2025-06-28 21:16:38','2025-06-28 21:16:38',NULL),(8541,1444,8542,6933,NULL,0,NULL,'2025-06-28 21:16:38','2025-06-28 21:16:38',NULL),(8542,1444,8543,6934,NULL,0,NULL,'2025-06-29 13:22:51','2025-06-29 18:35:53','2025-06-29 18:35:53'),(8543,1444,8544,6935,NULL,0,NULL,'2025-06-29 13:24:17','2025-06-29 13:24:17',NULL),(8544,1444,8545,6936,NULL,0,NULL,'2025-06-29 13:29:48','2025-06-29 13:29:48',NULL),(8545,1444,8546,6937,NULL,0,NULL,'2025-06-29 14:14:25','2025-06-29 14:14:25',NULL),(8546,1444,8547,6934,NULL,0,NULL,'2025-06-29 18:35:53','2025-06-29 18:35:53',NULL),(8547,1444,8548,3691,NULL,0,NULL,'2025-08-07 18:21:21','2025-08-07 18:21:21',NULL),(8548,1444,8549,3692,NULL,0,NULL,'2025-08-07 18:22:38','2025-08-07 18:22:38',NULL),(8549,1444,8550,3687,NULL,0,NULL,'2025-08-07 18:24:54','2025-08-07 18:24:54',NULL),(8550,1444,8551,3685,NULL,0,NULL,'2025-08-07 18:25:17','2025-08-07 18:25:17',NULL),(8551,1444,8552,3942,NULL,0,NULL,'2025-08-07 20:00:34','2025-08-07 20:00:34',NULL),(8552,1444,8553,3939,NULL,0,NULL,'2025-08-07 20:01:12','2025-08-07 20:01:12',NULL),(8553,1444,8554,6938,NULL,0,NULL,'2025-10-18 09:28:54','2025-10-18 09:28:54',NULL),(8554,1444,8555,6939,NULL,0,NULL,'2025-10-18 09:28:54','2025-10-18 09:28:54',NULL),(8555,1444,8556,6940,NULL,0,NULL,'2025-10-18 09:28:54','2025-10-18 09:28:54',NULL),(8556,1444,8557,6941,NULL,0,NULL,'2025-10-18 09:28:54','2025-10-18 09:28:54',NULL),(8557,1444,8558,6942,NULL,0,NULL,'2025-10-18 09:28:54','2025-10-18 09:28:54',NULL),(8558,1444,8559,6943,NULL,0,NULL,'2025-10-18 09:28:54','2025-10-18 09:28:54',NULL),(8559,1444,8560,6944,NULL,0,NULL,'2025-10-18 09:28:54','2025-10-18 09:28:54',NULL),(8560,1444,8561,6945,NULL,0,NULL,'2025-10-18 09:28:54','2025-10-18 09:28:54',NULL),(8561,1444,8562,6946,NULL,0,NULL,'2025-10-18 09:28:54','2025-10-18 09:28:54',NULL),(8562,1444,8563,6947,NULL,0,NULL,'2025-10-18 09:28:54','2025-10-18 09:28:54',NULL),(8563,1444,8564,6948,NULL,0,NULL,'2025-10-18 09:29:09','2025-10-18 09:29:09',NULL),(8564,1444,8565,6949,NULL,0,NULL,'2025-10-18 09:29:09','2025-10-18 09:29:09',NULL),(8565,1444,8566,6950,NULL,0,NULL,'2025-10-18 09:29:09','2025-10-18 09:29:09',NULL),(8566,1444,8567,6951,NULL,0,NULL,'2025-10-18 09:29:09','2025-10-18 09:29:09',NULL),(8567,1444,8568,6952,NULL,0,NULL,'2025-10-18 09:29:10','2025-10-18 09:29:10',NULL),(8568,1444,8569,6953,NULL,0,NULL,'2025-10-18 09:29:10','2025-10-18 09:29:10',NULL),(8569,1444,8570,6954,NULL,0,NULL,'2025-10-18 09:29:10','2025-10-18 09:29:10',NULL),(8570,1444,8571,6955,NULL,0,NULL,'2025-10-18 09:29:10','2025-10-18 09:29:10',NULL);
INSERT INTO `cta_cte_cliente_pivot_receipt` VALUES (8571,1444,8572,6956,NULL,0,NULL,'2025-10-25 14:02:26','2025-10-25 14:02:26',NULL),(8572,1444,8573,6957,NULL,0,NULL,'2025-10-25 14:02:26','2025-10-25 14:02:26',NULL);

--
-- Table structure for table `cta_cte_tesoreria`
--

CREATE TABLE `cta_cte_tesoreria` (
  `id` int(10) unsigned NOT NULL AUTO_INCREMENT,
  `bind_apibank_movement_id` bigint(20) unsigned DEFAULT NULL COMMENT 'FK soft a bind_apibank_movements (movimiento que originó este registro)',
  `bind_apibank_transfer_id` bigint(20) unsigned DEFAULT NULL COMMENT 'FK soft a bind_apibank_transfers (transferencia que originó este registro)',
  `bind_sync_status` enum('pending','synced','error') COLLATE utf8mb4_unicode_ci DEFAULT NULL COMMENT 'Estado de sincronización: pending=pendiente, synced=sincronizado, error=error al sincronizar',
  `user_id` int(10) unsigned DEFAULT NULL,
  `person_id` int(10) unsigned NOT NULL,
  `cta_cte_cliente_id` int(10) unsigned DEFAULT NULL,
  `nf_cta_cte_id` int(10) unsigned DEFAULT NULL,
  `cta_cte_tesoreria_cuenta_id` int(10) unsigned NOT NULL,
  `period_id` int(10) unsigned NOT NULL,
  `fecha` date DEFAULT NULL,
  `total` decimal(16,2) NOT NULL,
  `moneda_id` int(10) unsigned NOT NULL DEFAULT '1',
  `cotizacion` decimal(9,2) NOT NULL DEFAULT '1.00',
  `comentario` varchar(191) COLLATE utf8mb4_unicode_ci DEFAULT NULL,
  `file` varchar(191) COLLATE utf8mb4_unicode_ci DEFAULT NULL,
  `created_at` timestamp NULL DEFAULT NULL,
  `updated_at` timestamp NULL DEFAULT NULL,
  `deleted_at` timestamp NULL DEFAULT NULL,
  `ticket_id` bigint(20) unsigned DEFAULT NULL,
  PRIMARY KEY (`id`),
  KEY `cta_cte_tesoreria_person_id_foreign` (`person_id`),
  KEY `cta_cte_tesoreria_cta_cte_cliente_id_foreign` (`cta_cte_cliente_id`),
  KEY `cta_cte_tesoreria_cta_cte_tesoreria_cuenta_id_foreign` (`cta_cte_tesoreria_cuenta_id`),
  KEY `cta_cte_tesoreria_period_id_foreign` (`period_id`),
  KEY `cta_cte_tesoreria_nf_cta_cte_id_foreign` (`nf_cta_cte_id`),
  KEY `cta_cte_tesoreria_moneda_id_foreign` (`moneda_id`),
  KEY `cta_cte_tesoreria_ticket_id_foreign` (`ticket_id`),
  KEY `idx_cct_bind_apibank_mov` (`bind_apibank_movement_id`),
  KEY `idx_cct_bind_apibank_trf` (`bind_apibank_transfer_id`),
  KEY `idx_cct_bind_sync_status` (`bind_sync_status`),
  CONSTRAINT `cta_cte_tesoreria_cta_cte_cliente_id_foreign` FOREIGN KEY (`cta_cte_cliente_id`) REFERENCES `cta_cte_cliente` (`id`),
  CONSTRAINT `cta_cte_tesoreria_cta_cte_tesoreria_cuenta_id_foreign` FOREIGN KEY (`cta_cte_tesoreria_cuenta_id`) REFERENCES `cta_cte_tesoreria_cuentas` (`id`),
  CONSTRAINT `cta_cte_tesoreria_moneda_id_foreign` FOREIGN KEY (`moneda_id`) REFERENCES `monedas` (`id`),
  CONSTRAINT `cta_cte_tesoreria_nf_cta_cte_id_foreign` FOREIGN KEY (`nf_cta_cte_id`) REFERENCES `nf_cta_cte` (`id`),
  CONSTRAINT `cta_cte_tesoreria_period_id_foreign` FOREIGN KEY (`period_id`) REFERENCES `periods` (`id`),
  CONSTRAINT `cta_cte_tesoreria_person_id_foreign` FOREIGN KEY (`person_id`) REFERENCES `persons` (`id`),
  CONSTRAINT `cta_cte_tesoreria_ticket_id_foreign` FOREIGN KEY (`ticket_id`) REFERENCES `tickets` (`id`)
) ENGINE=InnoDB DEFAULT CHARSET=utf8mb4 COLLATE=utf8mb4_unicode_ci;

--
-- Dumping data for table `cta_cte_tesoreria`
--


--
-- Table structure for table `cta_cte_tesoreria_banco_cheq`
--

CREATE TABLE `cta_cte_tesoreria_banco_cheq` (
  `id` int(10) unsigned NOT NULL AUTO_INCREMENT,
  `user_id` int(10) unsigned DEFAULT NULL,
  `person_id` int(10) unsigned NOT NULL,
  `cta_cte_tesoreria_cuenta_id` int(10) unsigned NOT NULL,
  `cta_cte_tesoreria_banco_id` int(10) unsigned NOT NULL,
  `chequera_tipo_id` int(10) unsigned NOT NULL,
  `serie` text COLLATE utf8mb4_unicode_ci,
  `numero_cheque` int(11) DEFAULT NULL,
  `habilitado` tinyint(1) NOT NULL DEFAULT '1',
  `created_at` timestamp NULL DEFAULT NULL,
  `updated_at` timestamp NULL DEFAULT NULL,
  `deleted_at` timestamp NULL DEFAULT NULL,
  PRIMARY KEY (`id`),
  KEY `cta_cte_tesoreria_banco_cheq_person_id_foreign` (`person_id`),
  KEY `cta_cte_tesoreria_banco_cheq_cta_cte_tesoreria_cuenta_id_foreign` (`cta_cte_tesoreria_cuenta_id`),
  KEY `cta_cte_tesoreria_banco_cheq_cta_cte_tesoreria_banco_id_foreign` (`cta_cte_tesoreria_banco_id`),
  KEY `cta_cte_tesoreria_banco_cheq_chequera_tipo_id_foreign` (`chequera_tipo_id`),
  CONSTRAINT `cta_cte_tesoreria_banco_cheq_chequera_tipo_id_foreign` FOREIGN KEY (`chequera_tipo_id`) REFERENCES `chequeras_tipos` (`id`),
  CONSTRAINT `cta_cte_tesoreria_banco_cheq_cta_cte_tesoreria_banco_id_foreign` FOREIGN KEY (`cta_cte_tesoreria_banco_id`) REFERENCES `cta_cte_tesoreria_bancos` (`id`),
  CONSTRAINT `cta_cte_tesoreria_banco_cheq_cta_cte_tesoreria_cuenta_id_foreign` FOREIGN KEY (`cta_cte_tesoreria_cuenta_id`) REFERENCES `cta_cte_tesoreria_cuentas` (`id`),
  CONSTRAINT `cta_cte_tesoreria_banco_cheq_person_id_foreign` FOREIGN KEY (`person_id`) REFERENCES `persons` (`id`)
) ENGINE=InnoDB DEFAULT CHARSET=utf8mb4 COLLATE=utf8mb4_unicode_ci;

--
-- Dumping data for table `cta_cte_tesoreria_banco_cheq`
--


--
-- Table structure for table `cta_cte_tesoreria_banco_claves`
--

CREATE TABLE `cta_cte_tesoreria_banco_claves` (
  `id` int(10) unsigned NOT NULL AUTO_INCREMENT,
  `user_id` int(10) unsigned DEFAULT NULL,
  `person_id` int(10) unsigned NOT NULL,
  `cta_cte_tesoreria_cuenta_id` int(10) unsigned NOT NULL,
  `cta_cte_tesoreria_banco_id` int(10) unsigned NOT NULL,
  `descripcion_name` text COLLATE utf8mb4_unicode_ci,
  `descripcion` longtext COLLATE utf8mb4_unicode_ci,
  `created_at` timestamp NULL DEFAULT NULL,
  `updated_at` timestamp NULL DEFAULT NULL,
  `deleted_at` timestamp NULL DEFAULT NULL,
  PRIMARY KEY (`id`),
  KEY `cta_cte_tesoreria_banco_claves_person_id_foreign` (`person_id`),
  KEY `ct_cuenta_id` (`cta_cte_tesoreria_cuenta_id`),
  KEY `ct_banco_id` (`cta_cte_tesoreria_banco_id`),
  CONSTRAINT `ct_banco_id` FOREIGN KEY (`cta_cte_tesoreria_banco_id`) REFERENCES `cta_cte_tesoreria_bancos` (`id`),
  CONSTRAINT `ct_cuenta_id` FOREIGN KEY (`cta_cte_tesoreria_cuenta_id`) REFERENCES `cta_cte_tesoreria_cuentas` (`id`),
  CONSTRAINT `cta_cte_tesoreria_banco_claves_person_id_foreign` FOREIGN KEY (`person_id`) REFERENCES `persons` (`id`)
) ENGINE=InnoDB DEFAULT CHARSET=utf8mb4 COLLATE=utf8mb4_unicode_ci;

--
-- Dumping data for table `cta_cte_tesoreria_banco_claves`
--


--
-- Table structure for table `cta_cte_tesoreria_banco_comentarios`
--

CREATE TABLE `cta_cte_tesoreria_banco_comentarios` (
  `id` int(10) unsigned NOT NULL AUTO_INCREMENT,
  `user_id` int(10) unsigned DEFAULT NULL,
  `person_id` int(10) unsigned NOT NULL,
  `cta_cte_tesoreria_cuenta_id` int(10) unsigned NOT NULL,
  `cta_cte_tesoreria_banco_id` int(10) unsigned NOT NULL,
  `fecha` datetime NOT NULL,
  `descripcion` longtext COLLATE utf8mb4_unicode_ci NOT NULL,
  `created_at` timestamp NULL DEFAULT NULL,
  `updated_at` timestamp NULL DEFAULT NULL,
  `deleted_at` timestamp NULL DEFAULT NULL,
  PRIMARY KEY (`id`),
  KEY `cta_cte_tesoreria_banco_comentarios_person_id_foreign` (`person_id`),
  KEY `ct_cuentas_id` (`cta_cte_tesoreria_cuenta_id`),
  KEY `ct_bancos_id` (`cta_cte_tesoreria_banco_id`),
  CONSTRAINT `ct_bancos_id` FOREIGN KEY (`cta_cte_tesoreria_banco_id`) REFERENCES `cta_cte_tesoreria_bancos` (`id`),
  CONSTRAINT `ct_cuentas_id` FOREIGN KEY (`cta_cte_tesoreria_cuenta_id`) REFERENCES `cta_cte_tesoreria_cuentas` (`id`),
  CONSTRAINT `cta_cte_tesoreria_banco_comentarios_person_id_foreign` FOREIGN KEY (`person_id`) REFERENCES `persons` (`id`)
) ENGINE=InnoDB DEFAULT CHARSET=utf8mb4 COLLATE=utf8mb4_unicode_ci;

--
-- Dumping data for table `cta_cte_tesoreria_banco_comentarios`
--


--
-- Table structure for table `cta_cte_tesoreria_banco_estados`
--

CREATE TABLE `cta_cte_tesoreria_banco_estados` (
  `id` int(10) unsigned NOT NULL AUTO_INCREMENT,
  `user_id` int(10) unsigned DEFAULT NULL,
  `descripcion` text COLLATE utf8mb4_unicode_ci NOT NULL,
  `habilitado` tinyint(1) NOT NULL,
  `created_at` timestamp NULL DEFAULT NULL,
  `updated_at` timestamp NULL DEFAULT NULL,
  `deleted_at` timestamp NULL DEFAULT NULL,
  PRIMARY KEY (`id`)
) ENGINE=InnoDB AUTO_INCREMENT=6 DEFAULT CHARSET=utf8mb4 COLLATE=utf8mb4_unicode_ci;

--
-- Dumping data for table `cta_cte_tesoreria_banco_estados`
--

INSERT INTO `cta_cte_tesoreria_banco_estados` VALUES (1,NULL,'Habilitado',0,NULL,NULL,NULL),(2,NULL,'En Proceso',0,NULL,NULL,NULL),(3,NULL,'Bloqueado',0,NULL,NULL,NULL),(4,NULL,'Reconocimiento',0,NULL,NULL,NULL),(5,NULL,'Inhabilitado',0,NULL,NULL,NULL);

--
-- Table structure for table `cta_cte_tesoreria_bancos`
--

CREATE TABLE `cta_cte_tesoreria_bancos` (
  `id` int(10) unsigned NOT NULL AUTO_INCREMENT,
  `user_id` int(10) unsigned DEFAULT NULL,
  `person_id` int(10) unsigned NOT NULL,
  `cta_cte_tesoreria_cuenta_id` int(10) unsigned NOT NULL,
  `ctacte_banco_id` int(10) unsigned NOT NULL,
  `persona_empresa` int(11) NOT NULL DEFAULT '1',
  `zone_id` int(10) unsigned NOT NULL,
  `cuenta_contable_id` int(10) unsigned NOT NULL,
  `cuenta_contable_id_diferido` int(10) unsigned DEFAULT NULL,
  `cuenta_contable_id_pend_acred` int(10) unsigned DEFAULT NULL,
  `numero_cuenta` text COLLATE utf8mb4_unicode_ci,
  `cbu` text COLLATE utf8mb4_unicode_ci,
  `alias` text COLLATE utf8mb4_unicode_ci,
  `cta_cte_tesoreria_banco_estado_id` int(10) unsigned DEFAULT NULL,
  `person_id_relationed` int(10) unsigned DEFAULT NULL,
  `habilitado` tinyint(1) NOT NULL DEFAULT '1',
  `created_at` timestamp NULL DEFAULT NULL,
  `updated_at` timestamp NULL DEFAULT NULL,
  `deleted_at` timestamp NULL DEFAULT NULL,
  PRIMARY KEY (`id`),
  KEY `cta_cte_tesoreria_bancos_person_id_foreign` (`person_id`),
  KEY `cta_cte_tesoreria_bancos_cta_cte_tesoreria_cuenta_id_foreign` (`cta_cte_tesoreria_cuenta_id`),
  KEY `cta_cte_tesoreria_bancos_ctacte_banco_id_foreign` (`ctacte_banco_id`),
  KEY `cta_cte_tesoreria_bancos_zone_id_foreign` (`zone_id`),
  KEY `cta_cte_tesoreria_bancos_cuenta_contable_id_foreign` (`cuenta_contable_id`),
  KEY `cta_cte_tesoreria_bancos_cuenta_contable_id_diferido_foreign` (`cuenta_contable_id_diferido`),
  KEY `cta_cte_tesoreria_bancos_cuenta_contable_id_pend_acred_foreign` (`cuenta_contable_id_pend_acred`),
  KEY `cta_cte_tesoreria_bancos_person_id_relationed_foreign` (`person_id_relationed`),
  KEY `ct_banco_estado_id` (`cta_cte_tesoreria_banco_estado_id`),
  CONSTRAINT `ct_banco_estado_id` FOREIGN KEY (`cta_cte_tesoreria_banco_estado_id`) REFERENCES `cta_cte_tesoreria_banco_estados` (`id`),
  CONSTRAINT `cta_cte_tesoreria_bancos_cta_cte_tesoreria_cuenta_id_foreign` FOREIGN KEY (`cta_cte_tesoreria_cuenta_id`) REFERENCES `cta_cte_tesoreria_cuentas` (`id`),
  CONSTRAINT `cta_cte_tesoreria_bancos_ctacte_banco_id_foreign` FOREIGN KEY (`ctacte_banco_id`) REFERENCES `ctacte_bancos` (`id`),
  CONSTRAINT `cta_cte_tesoreria_bancos_cuenta_contable_id_diferido_foreign` FOREIGN KEY (`cuenta_contable_id_diferido`) REFERENCES `conta_plan_cuenta` (`id`),
  CONSTRAINT `cta_cte_tesoreria_bancos_cuenta_contable_id_foreign` FOREIGN KEY (`cuenta_contable_id`) REFERENCES `conta_plan_cuenta` (`id`),
  CONSTRAINT `cta_cte_tesoreria_bancos_cuenta_contable_id_pend_acred_foreign` FOREIGN KEY (`cuenta_contable_id_pend_acred`) REFERENCES `conta_plan_cuenta` (`id`),
  CONSTRAINT `cta_cte_tesoreria_bancos_person_id_foreign` FOREIGN KEY (`person_id`) REFERENCES `persons` (`id`),
  CONSTRAINT `cta_cte_tesoreria_bancos_person_id_relationed_foreign` FOREIGN KEY (`person_id_relationed`) REFERENCES `persons` (`id`),
  CONSTRAINT `cta_cte_tesoreria_bancos_zone_id_foreign` FOREIGN KEY (`zone_id`) REFERENCES `zones` (`id`)
) ENGINE=InnoDB DEFAULT CHARSET=utf8mb4 COLLATE=utf8mb4_unicode_ci;

--
-- Dumping data for table `cta_cte_tesoreria_bancos`
--


--
-- Table structure for table `cta_cte_tesoreria_cuenta_tipos`
--

CREATE TABLE `cta_cte_tesoreria_cuenta_tipos` (
  `id` int(10) unsigned NOT NULL AUTO_INCREMENT,
  `user_id` int(10) unsigned DEFAULT NULL,
  `descripcion` text COLLATE utf8mb4_unicode_ci NOT NULL,
  `habilitado` tinyint(1) NOT NULL DEFAULT '1',
  `created_at` timestamp NULL DEFAULT NULL,
  `updated_at` timestamp NULL DEFAULT NULL,
  `deleted_at` timestamp NULL DEFAULT NULL,
  PRIMARY KEY (`id`)
) ENGINE=InnoDB AUTO_INCREMENT=11 DEFAULT CHARSET=utf8mb4 COLLATE=utf8mb4_unicode_ci;

--
-- Dumping data for table `cta_cte_tesoreria_cuenta_tipos`
--

INSERT INTO `cta_cte_tesoreria_cuenta_tipos` VALUES (1,NULL,'CAJA',1,NULL,NULL,NULL),(2,NULL,'BANCOS',1,NULL,NULL,NULL),(3,NULL,'CHEQUES',1,NULL,NULL,NULL),(4,NULL,'RETENCIONES EFECTUADAS',1,NULL,'2024-05-26 20:54:44',NULL),(5,NULL,'PERCEPCIONES EFECTUADAS',1,NULL,'2024-05-26 20:54:44',NULL),(6,NULL,'RESULTADO NEGATIVO',1,NULL,NULL,NULL),(7,NULL,'RESULTADO POSITIVO',1,NULL,NULL,NULL),(8,NULL,'MOVIMIENTO',1,NULL,NULL,NULL),(9,NULL,'RETENCIONES SUFRIDAS',1,NULL,NULL,NULL),(10,NULL,'PERCEPCIONES SUFRIDAS',1,NULL,NULL,NULL);

--
-- Table structure for table `cta_cte_tesoreria_cuentas`
--

CREATE TABLE `cta_cte_tesoreria_cuentas` (
  `id` int(10) unsigned NOT NULL AUTO_INCREMENT,
  `bind_apibank_enabled` tinyint(1) NOT NULL DEFAULT '0' COMMENT 'Tiene Bind APIBank habilitado?',
  `bind_account_id` varchar(50) COLLATE utf8mb4_unicode_ci DEFAULT NULL COMMENT 'ID de cuenta en Bind APIBank (obtenido al configurar)',
  `user_id` int(10) unsigned DEFAULT NULL,
  `is_no_fiscal` tinyint(1) DEFAULT '0',
  `moneda_id` int(10) unsigned NOT NULL DEFAULT '1',
  `plan_cuenta_id` int(10) unsigned NOT NULL,
  `person_id` int(10) unsigned DEFAULT NULL,
  `cta_cte_tesoreria_cuenta_tipo_id` int(10) unsigned NOT NULL DEFAULT '8',
  `retention_type_id` int(10) unsigned DEFAULT NULL,
  `nombre` varchar(191) COLLATE utf8mb4_unicode_ci NOT NULL,
  `cuit` text COLLATE utf8mb4_unicode_ci,
  `cheque3ros` tinyint(1) NOT NULL DEFAULT '0',
  `cheque_emitidos` tinyint(1) NOT NULL DEFAULT '0',
  `tes_cta_cte` tinyint(1) NOT NULL DEFAULT '0',
  `tes_cuenta_origen` tinyint(1) NOT NULL DEFAULT '0',
  `tes_cuenta_destino` tinyint(1) NOT NULL DEFAULT '0',
  `conta_asientos` tinyint(1) NOT NULL DEFAULT '0',
  `habilitado` tinyint(1) NOT NULL DEFAULT '1',
  `created_at` timestamp NULL DEFAULT NULL,
  `updated_at` timestamp NULL DEFAULT NULL,
  `deleted_at` timestamp NULL DEFAULT NULL,
  PRIMARY KEY (`id`),
  KEY `cta_cte_tesoreria_cuentas_person_id_foreign` (`person_id`),
  KEY `cta_cte_tesoreria_cuentas_plan_cuenta_id_foreign` (`plan_cuenta_id`),
  KEY `cta_tes_tipo_id_foreign` (`cta_cte_tesoreria_cuenta_tipo_id`),
  KEY `cta_cte_tesoreria_cuentas_moneda_id_foreign` (`moneda_id`),
  KEY `cta_cte_tesoreria_cuentas_retention_type_id_foreign` (`retention_type_id`),
  KEY `idx_cctc_bind_apibank_enabled` (`bind_apibank_enabled`),
  KEY `idx_cctc_bind_account_id` (`bind_account_id`),
  CONSTRAINT `cta_cte_tesoreria_cuentas_moneda_id_foreign` FOREIGN KEY (`moneda_id`) REFERENCES `monedas` (`id`),
  CONSTRAINT `cta_cte_tesoreria_cuentas_person_id_foreign` FOREIGN KEY (`person_id`) REFERENCES `persons` (`id`),
  CONSTRAINT `cta_cte_tesoreria_cuentas_plan_cuenta_id_foreign` FOREIGN KEY (`plan_cuenta_id`) REFERENCES `conta_plan_cuenta` (`id`),
  CONSTRAINT `cta_cte_tesoreria_cuentas_retention_type_id_foreign` FOREIGN KEY (`retention_type_id`) REFERENCES `retention_types` (`id`),
  CONSTRAINT `cta_tes_tipo_id_foreign` FOREIGN KEY (`cta_cte_tesoreria_cuenta_tipo_id`) REFERENCES `cta_cte_tesoreria_cuenta_tipos` (`id`)
) ENGINE=InnoDB AUTO_INCREMENT=757 DEFAULT CHARSET=utf8mb4 COLLATE=utf8mb4_unicode_ci;

--
-- Dumping data for table `cta_cte_tesoreria_cuentas`
--

INSERT INTO `cta_cte_tesoreria_cuentas` VALUES (13,0,NULL,NULL,0,1,13,NULL,8,NULL,'Clientes - Deudores',NULL,0,0,0,0,0,0,1,'2019-10-19 02:10:24','2019-10-19 02:10:24',NULL),(20,0,NULL,NULL,0,1,20,NULL,8,NULL,'Anticipos Impuesto a las Ganancias',NULL,0,0,0,0,1,0,1,'2019-10-19 02:10:24','2019-10-19 02:10:24',NULL),(23,0,NULL,NULL,0,1,23,NULL,4,NULL,'Retenciones Impuesto a las Ganancias',NULL,0,0,1,0,0,0,1,'2019-10-19 02:10:24','2023-03-27 00:21:26',NULL),(25,0,NULL,NULL,0,1,25,NULL,4,NULL,'Retenciones de IVA',NULL,0,0,1,0,0,0,1,'2019-10-19 02:10:24','2023-03-27 00:21:26',NULL),(57,0,NULL,NULL,0,1,57,NULL,8,NULL,'Proveedores en Cta. Cte. locales',NULL,0,0,0,0,0,0,1,'2019-10-19 02:10:24','2019-10-19 02:10:24',NULL),(60,0,NULL,NULL,0,1,60,NULL,3,NULL,'Cheques emitidos ',NULL,0,1,1,1,1,0,1,'2019-10-19 02:10:24','2023-03-27 00:21:26',NULL),(62,0,NULL,NULL,0,1,62,NULL,8,NULL,'Sueldos y Jornales a pagar',NULL,0,0,0,0,1,0,1,'2019-10-19 02:10:24','2019-10-19 02:10:24',NULL),(140,0,NULL,NULL,0,1,140,NULL,6,NULL,'Intereses y Gastos bancarios',NULL,0,0,0,0,1,0,1,'2019-10-19 02:10:24','2023-03-27 00:21:26',NULL),(162,0,NULL,NULL,0,1,162,NULL,4,NULL,'Retenciones SUSS',NULL,0,0,1,0,0,0,1,'2019-10-19 02:10:24','2023-03-27 00:21:26',NULL),(176,0,NULL,NULL,0,1,176,NULL,3,NULL,'Cheques en Cartera',NULL,1,0,1,1,1,0,1,'2019-10-19 02:10:24','2023-03-27 00:21:26',NULL),(201,0,NULL,NULL,0,1,201,NULL,6,NULL,'Monotributo',NULL,0,0,0,0,1,0,1,'2019-10-19 02:10:24','2023-03-27 00:21:26',NULL),(203,0,NULL,NULL,0,1,203,NULL,6,NULL,'Autonomos',NULL,0,0,0,0,1,0,1,'2019-10-19 02:10:24','2023-03-27 00:21:26',NULL),(219,0,NULL,NULL,0,1,219,NULL,8,NULL,'Pagos AFIP',NULL,0,0,0,0,1,0,1,'2019-10-19 02:10:24','2019-10-19 02:10:24',NULL),(251,0,NULL,NULL,0,1,251,NULL,4,NULL,'Retenciones de IIBB Buenos Aires',NULL,0,0,1,0,0,0,1,'2019-10-19 02:10:24','2023-03-27 00:21:26',NULL),(252,0,NULL,NULL,0,1,252,NULL,4,NULL,'Retenciones de IIBB Capital Federal',NULL,0,0,1,0,0,0,1,'2019-10-19 02:10:24','2023-03-27 00:21:26',NULL),(253,0,NULL,NULL,0,1,253,NULL,4,NULL,'Retenciones de IIBB Catamarca',NULL,0,0,1,0,0,0,1,'2019-10-19 02:10:24','2023-03-27 00:21:26',NULL),(254,0,NULL,NULL,0,1,254,NULL,4,NULL,'Retenciones de IIBB Chaco',NULL,0,0,1,0,0,0,1,'2019-10-19 02:10:24','2023-03-27 00:21:26',NULL),(255,0,NULL,NULL,0,1,255,NULL,4,NULL,'Retenciones de IIBB Chubut',NULL,0,0,1,0,0,0,1,'2019-10-19 02:10:24','2023-03-27 00:21:26',NULL),(256,0,NULL,NULL,0,1,256,NULL,4,NULL,'Retenciones de IIBB Córdoba',NULL,0,0,1,0,0,0,1,'2019-10-19 02:10:24','2023-03-27 00:21:26',NULL),(257,0,NULL,NULL,0,1,257,NULL,4,NULL,'Retenciones de IIBB Corrientes',NULL,0,0,1,0,0,0,1,'2019-10-19 02:10:24','2023-03-27 00:21:26',NULL),(258,0,NULL,NULL,0,1,258,NULL,4,NULL,'Retenciones de IIBB Entre Ríos',NULL,0,0,1,0,0,0,1,'2019-10-19 02:10:24','2023-03-27 00:21:26',NULL),(259,0,NULL,NULL,0,1,259,NULL,4,NULL,'Retenciones de IIBB Formosa',NULL,0,0,1,0,0,0,1,'2019-10-19 02:10:24','2023-03-27 00:21:26',NULL),(260,0,NULL,NULL,0,1,260,NULL,4,NULL,'Retenciones de IIBB Jujuy',NULL,0,0,1,0,0,0,1,'2019-10-19 02:10:24','2023-03-27 00:21:26',NULL),(261,0,NULL,NULL,0,1,261,NULL,4,NULL,'Retenciones de IIBB La Pampa',NULL,0,0,1,0,0,0,1,'2019-10-19 02:10:24','2023-03-27 00:21:26',NULL),(262,0,NULL,NULL,0,1,262,NULL,4,NULL,'Retenciones de IIBB La Rioja',NULL,0,0,1,0,0,0,1,'2019-10-19 02:10:24','2023-03-27 00:21:26',NULL),(263,0,NULL,NULL,0,1,263,NULL,4,NULL,'Retenciones de IIBB Mendoza',NULL,0,0,1,0,0,0,1,'2019-10-19 02:10:24','2023-03-27 00:21:26',NULL),(264,0,NULL,NULL,0,1,264,NULL,4,NULL,'Retenciones de IIBB Misiones',NULL,0,0,1,0,0,0,1,'2019-10-19 02:10:24','2023-03-27 00:21:26',NULL),(265,0,NULL,NULL,0,1,265,NULL,4,NULL,'Retenciones de IIBB Neuquén',NULL,0,0,1,0,0,0,1,'2019-10-19 02:10:24','2023-03-27 00:21:26',NULL),(266,0,NULL,NULL,0,1,266,NULL,4,NULL,'Retenciones de IIBB Pascua Lama',NULL,0,0,1,0,0,0,1,'2019-10-19 02:10:24','2023-03-27 00:21:26',NULL);
INSERT INTO `cta_cte_tesoreria_cuentas` VALUES (267,0,NULL,NULL,0,1,267,NULL,4,NULL,'Retenciones de IIBB Río Negro',NULL,0,0,1,0,0,0,1,'2019-10-19 02:10:24','2023-03-27 00:21:26',NULL),(268,0,NULL,NULL,0,1,268,NULL,4,NULL,'Retenciones de IIBB Salta',NULL,0,0,1,0,0,0,1,'2019-10-19 02:10:24','2023-03-27 00:21:26',NULL),(269,0,NULL,NULL,0,1,269,NULL,4,NULL,'Retenciones de IIBB San Juan',NULL,0,0,1,0,0,0,1,'2019-10-19 02:10:24','2023-03-27 00:21:26',NULL),(270,0,NULL,NULL,0,1,270,NULL,4,NULL,'Retenciones de IIBB San Luis',NULL,0,0,1,0,0,0,1,'2019-10-19 02:10:24','2023-03-27 00:21:26',NULL),(271,0,NULL,NULL,0,1,271,NULL,4,NULL,'Retenciones de IIBB Santa Cruz',NULL,0,0,1,0,0,0,1,'2019-10-19 02:10:24','2023-03-27 00:21:26',NULL),(272,0,NULL,NULL,0,1,272,NULL,4,NULL,'Retenciones de IIBB Santa Fe',NULL,0,0,1,0,0,0,1,'2019-10-19 02:10:24','2023-03-27 00:21:26',NULL),(273,0,NULL,NULL,0,1,273,NULL,4,NULL,'Retenciones de IIBB Santiago del Estero',NULL,0,0,1,0,0,0,1,'2019-10-19 02:10:24','2023-03-27 00:21:26',NULL),(274,0,NULL,NULL,0,1,274,NULL,4,NULL,'Retenciones de IIBB Tierra del Fuego',NULL,0,0,1,0,0,0,1,'2019-10-19 02:10:24','2023-03-27 00:21:26',NULL),(275,0,NULL,NULL,0,1,275,NULL,4,NULL,'Retenciones de IIBB Tucuman',NULL,0,0,1,0,0,0,1,'2019-10-19 02:10:24','2023-03-27 00:21:26',NULL),(351,0,NULL,NULL,0,1,351,NULL,8,NULL,'BANCO SIRCREB',NULL,0,0,0,0,1,0,1,'2019-10-19 02:10:24','2019-10-19 02:10:24',NULL),(359,0,NULL,NULL,0,1,359,NULL,8,NULL,'Caja en Pesos',NULL,0,0,1,1,1,0,1,'2019-10-19 02:10:24','2023-03-20 23:16:22','2023-03-20 23:16:22'),(360,0,NULL,NULL,0,1,360,NULL,8,NULL,'Retenciones Bancarias de Ganancias a Favor',NULL,0,0,0,0,1,0,1,'2019-10-19 02:10:24','2019-10-19 02:10:24',NULL),(364,0,NULL,NULL,0,1,364,NULL,8,NULL,'Anticipo de Clientes',NULL,0,0,0,0,1,0,1,'2019-10-19 02:10:24','2019-10-19 02:10:24',NULL),(384,0,NULL,NULL,0,1,384,NULL,8,NULL,'Caja en Dolares',NULL,0,0,1,1,1,0,1,'2019-10-19 02:10:24','2023-03-20 23:16:22','2023-03-20 23:16:22'),(409,0,NULL,NULL,0,1,409,NULL,6,NULL,'IVA Crédito Fiscal No computable',NULL,0,0,0,0,1,0,1,'2019-10-19 02:10:24','2023-03-27 00:21:26',NULL),(418,0,NULL,NULL,0,1,418,NULL,8,NULL,'Deudas Bancarias',NULL,0,0,0,1,1,0,1,'2019-10-19 02:10:24','2019-10-19 02:10:24',NULL),(433,0,NULL,NULL,0,1,433,NULL,8,NULL,'Préstamo',NULL,0,0,0,1,1,0,1,'2019-10-19 02:10:24','2019-10-19 02:10:24',NULL),(441,0,NULL,NULL,0,1,441,NULL,8,NULL,'Leasing',NULL,0,0,0,1,1,0,1,'2019-10-19 02:10:24','2019-10-19 02:10:24',NULL),(448,0,NULL,NULL,0,1,448,NULL,8,NULL,'Planes de Pagos AFIP',NULL,0,0,0,1,1,0,1,'2019-10-19 02:10:24','2019-10-19 02:10:24',NULL),(450,0,NULL,NULL,0,1,450,NULL,3,NULL,'Cheques Rechazados',NULL,0,0,0,0,1,0,1,'2019-10-19 02:10:24','2023-03-27 00:21:26',NULL),(467,0,NULL,NULL,0,1,467,NULL,6,NULL,'Interés',NULL,0,0,0,0,1,0,1,'2019-10-19 02:10:24','2023-03-27 00:21:26',NULL),(468,0,NULL,NULL,0,1,14,NULL,8,NULL,'Deudores por ventas comunes',NULL,0,0,0,0,0,1,1,'2020-02-06 17:23:07','2023-03-27 00:21:26',NULL),(469,0,NULL,NULL,0,1,15,NULL,8,NULL,'Deudores por ventas morosos',NULL,0,0,0,0,0,1,1,'2020-02-06 17:23:07','2023-03-27 00:21:26',NULL),(470,0,NULL,NULL,0,1,16,NULL,8,NULL,'Deudores en gestión judicial',NULL,0,0,0,0,0,1,1,'2020-02-06 17:23:07','2023-03-27 00:21:26',NULL),(471,0,NULL,NULL,0,1,17,NULL,8,NULL,'Previsión deudores incobrables',NULL,0,0,0,0,0,1,1,'2020-02-06 17:23:07','2023-03-27 00:21:26',NULL),(472,0,NULL,NULL,0,1,22,NULL,8,NULL,'Anticipo Impto.Ganancia Mínima Presunta',NULL,0,0,0,0,0,1,1,'2020-02-06 17:23:07','2023-03-27 00:21:26',NULL),(473,0,NULL,NULL,0,1,24,NULL,4,NULL,'Impuesto a las Ganancias (Saldo a favor)',NULL,0,0,0,0,0,1,0,'2020-02-06 17:23:07','2023-06-02 07:56:21',NULL),(474,0,NULL,NULL,0,1,27,NULL,8,NULL,'Anticipos de proveedores',NULL,0,0,0,0,0,1,1,'2020-02-06 17:23:07','2023-03-27 00:21:26',NULL),(475,0,NULL,NULL,0,1,28,NULL,8,NULL,'Depósito en garantía alquileres',NULL,0,0,0,0,0,1,1,'2020-02-06 17:23:07','2023-03-27 00:21:26',NULL);
INSERT INTO `cta_cte_tesoreria_cuentas` VALUES (476,0,NULL,NULL,0,1,29,NULL,8,NULL,'Derechos adquiridos a devengar',NULL,0,0,0,0,0,1,1,'2020-02-06 17:23:07','2023-03-27 00:21:26',NULL),(477,0,NULL,NULL,0,1,30,NULL,8,NULL,'Intereses a devengar',NULL,0,0,0,0,0,1,1,'2020-02-06 17:23:07','2023-03-27 00:21:26',NULL),(478,0,NULL,NULL,0,1,31,NULL,8,NULL,'Cuentas a rendir - Directores',NULL,0,0,0,0,0,1,1,'2020-02-06 17:23:07','2023-03-27 00:21:26',NULL),(479,0,NULL,NULL,0,1,32,NULL,8,NULL,'Alquileres no devengados',NULL,0,0,0,0,0,1,1,'2020-02-06 17:23:07','2023-03-27 00:21:26',NULL),(480,0,NULL,NULL,0,1,38,NULL,8,NULL,'Equipos de computación valores históricos',NULL,0,0,0,0,0,1,1,'2020-02-06 17:23:07','2023-03-27 00:21:26',NULL),(481,0,NULL,NULL,0,1,39,NULL,8,NULL,'Equipos de computación ajuste',NULL,0,0,0,0,0,1,1,'2020-02-06 17:23:07','2023-03-27 00:21:26',NULL),(482,0,NULL,NULL,0,1,40,NULL,8,NULL,'Amortización Acumulada Equipos de comput.',NULL,0,0,0,0,0,1,1,'2020-02-06 17:23:07','2023-03-27 00:21:26',NULL),(483,0,NULL,NULL,0,1,42,NULL,8,NULL,'Instalaciones valores históricos',NULL,0,0,0,0,0,1,1,'2020-02-06 17:23:07','2023-03-27 00:21:26',NULL),(484,0,NULL,NULL,0,1,43,NULL,8,NULL,'Instalaciones ajuste',NULL,0,0,0,0,0,1,1,'2020-02-06 17:23:07','2023-03-27 00:21:26',NULL),(485,0,NULL,NULL,0,1,44,NULL,8,NULL,'Amortización Acumulada Instalaciones',NULL,0,0,0,0,0,1,1,'2020-02-06 17:23:07','2023-03-27 00:21:26',NULL),(486,0,NULL,NULL,0,1,46,NULL,8,NULL,'Muebles y utiles valores históricos',NULL,0,0,0,0,0,1,1,'2020-02-06 17:23:07','2023-03-27 00:21:26',NULL),(487,0,NULL,NULL,0,1,47,NULL,8,NULL,'Muebles y utiles ajuste',NULL,0,0,0,0,0,1,1,'2020-02-06 17:23:07','2023-03-27 00:21:26',NULL),(488,0,NULL,NULL,0,1,48,NULL,8,NULL,'Amortización Acumulada Muebles y Útiles',NULL,0,0,0,0,0,1,1,'2020-02-06 17:23:07','2023-03-27 00:21:26',NULL),(489,0,NULL,NULL,0,1,50,NULL,8,NULL,'Gastos de organización valores historicos',NULL,0,0,0,0,0,1,1,'2020-02-06 17:23:07','2023-03-27 00:21:26',NULL),(490,0,NULL,NULL,0,1,51,NULL,8,NULL,'Gastos de organización ajuste',NULL,0,0,0,0,0,1,1,'2020-02-06 17:23:07','2023-03-27 00:21:26',NULL),(491,0,NULL,NULL,0,1,52,NULL,8,NULL,'Amortización acumulada gs. de organización',NULL,0,0,0,0,0,1,1,'2020-02-06 17:23:07','2023-03-27 00:21:26',NULL),(492,0,NULL,NULL,0,1,58,NULL,8,NULL,'Proveedores en cta. cte. exterior',NULL,0,0,0,0,0,1,1,'2020-02-06 17:23:07','2023-03-27 00:21:26',NULL),(493,0,NULL,NULL,0,1,59,NULL,8,NULL,'Derechos de exhibición a devengar',NULL,0,0,0,0,0,1,1,'2020-02-06 17:23:07','2023-03-27 00:21:26',NULL),(494,0,NULL,NULL,0,1,63,NULL,8,NULL,'Cargas sociales a pagar',NULL,0,0,0,0,0,1,1,'2020-02-06 17:23:07','2023-03-27 00:21:26',NULL),(495,0,NULL,NULL,0,1,64,NULL,8,NULL,'Sindicatos a Pagar',NULL,0,0,0,0,0,1,1,'2020-02-06 17:23:07','2023-03-27 00:21:26',NULL),(496,0,NULL,NULL,0,1,67,NULL,8,NULL,'IVA Debito Fiscal',NULL,0,0,0,0,0,1,1,'2020-02-06 17:23:07','2023-03-27 00:21:26',NULL),(497,0,NULL,NULL,0,1,68,NULL,8,NULL,'IVA Credito Fiscal',NULL,0,0,0,0,0,1,1,'2020-02-06 17:23:07','2023-03-27 00:21:26',NULL),(498,0,NULL,NULL,0,1,69,NULL,8,NULL,'Impuestos Internos',NULL,0,0,0,0,0,1,1,'2020-02-06 17:23:07','2023-03-27 00:21:26',NULL),(499,0,NULL,NULL,0,1,70,NULL,8,NULL,'Impuestos al Combustible',NULL,0,0,0,0,0,1,1,'2020-02-06 17:23:07','2023-03-27 00:21:26',NULL),(500,0,NULL,NULL,0,1,71,NULL,8,NULL,'IVA Retenciones de terceros',NULL,0,0,0,0,0,1,1,'2020-02-06 17:23:07','2023-03-27 00:21:26',NULL),(501,0,NULL,NULL,0,1,72,NULL,5,NULL,'IVA Percepciones realiz.por terceros',NULL,0,0,0,0,0,1,1,'2020-02-06 17:23:07','2023-03-27 00:21:26',NULL),(502,0,NULL,NULL,0,1,73,NULL,8,NULL,'IVA Saldo a favor',NULL,0,0,0,0,0,1,1,'2020-02-06 17:23:07','2023-03-27 00:21:26',NULL),(503,0,NULL,NULL,0,1,74,NULL,8,NULL,'IVA a pagar',NULL,0,0,0,0,0,1,1,'2020-02-06 17:23:07','2023-03-27 00:21:26',NULL),(504,0,NULL,NULL,0,1,75,NULL,5,NULL,'Percepciones Ingresos Brutos',NULL,0,0,0,0,0,1,1,'2020-02-06 17:23:07','2023-03-27 00:21:26',NULL);
INSERT INTO `cta_cte_tesoreria_cuentas` VALUES (505,0,NULL,NULL,0,1,76,NULL,8,NULL,'Otros Pagos AFIP',NULL,0,0,0,0,0,1,1,'2020-02-06 17:23:07','2023-03-27 00:21:26',NULL),(506,0,NULL,NULL,0,1,78,NULL,8,NULL,'Impuesto a los Ingresos Brutos Pasivo',NULL,0,0,0,0,0,1,1,'2020-02-06 17:23:07','2023-03-27 00:21:26',NULL),(507,0,NULL,NULL,0,1,79,NULL,8,NULL,'Impuesto a las Ganancias',NULL,0,0,0,0,0,1,1,'2020-02-06 17:23:07','2023-03-27 00:21:26',NULL),(508,0,NULL,NULL,0,1,80,NULL,8,NULL,'Impuesto a la Ganancia Mínima Presunta',NULL,0,0,0,0,0,1,1,'2020-02-06 17:23:07','2023-03-27 00:21:26',NULL),(509,0,NULL,NULL,0,1,81,NULL,8,NULL,'AFIP - Retenciones Impuesto a las Ganancias',NULL,0,0,0,0,0,1,1,'2020-02-06 17:23:07','2023-03-27 00:21:26',NULL),(510,0,NULL,NULL,0,1,82,NULL,8,NULL,'AFIP - Plan de Facilidades Decreto 338/02',NULL,0,0,0,0,0,1,1,'2020-02-06 17:23:07','2023-03-27 00:21:26',NULL),(511,0,NULL,NULL,0,1,87,NULL,8,NULL,'Acciones en circulación',NULL,0,0,0,0,0,1,1,'2020-02-06 17:23:07','2023-03-27 00:21:26',NULL),(512,0,NULL,NULL,0,1,88,NULL,8,NULL,'Ajuste del Capital',NULL,0,0,0,0,0,1,1,'2020-02-06 17:23:07','2023-03-27 00:21:26',NULL),(513,0,NULL,NULL,0,1,89,NULL,8,NULL,'Aportes Irrevocables Futuras Suscripciones',NULL,0,0,0,0,0,1,1,'2020-02-06 17:23:07','2023-03-27 00:21:26',NULL),(514,0,NULL,NULL,0,1,91,NULL,8,NULL,'Resultado del ejercicio',NULL,0,0,0,0,0,1,1,'2020-02-06 17:23:07','2023-03-27 00:21:26',NULL),(515,0,NULL,NULL,0,1,92,NULL,8,NULL,'Resultado ejercicios anteriores',NULL,0,0,0,0,0,1,1,'2020-02-06 17:23:07','2023-03-27 00:21:26',NULL),(516,0,NULL,NULL,0,1,93,NULL,8,NULL,'A.R.E.A.',NULL,0,0,0,0,0,1,1,'2020-02-06 17:23:07','2023-03-27 00:21:26',NULL),(517,0,NULL,NULL,0,1,96,NULL,7,NULL,'VENTAS',NULL,0,0,0,0,1,1,1,'2020-02-06 17:23:07','2023-03-27 00:21:26',NULL),(518,0,NULL,NULL,0,1,97,NULL,7,NULL,'Honorarios',NULL,0,0,0,0,1,1,1,'2020-02-06 17:23:07','2023-03-27 00:21:26',NULL),(519,0,NULL,NULL,0,1,99,NULL,7,NULL,'Descuentos obtenidos',NULL,0,0,0,0,1,1,1,'2020-02-06 17:23:07','2023-03-27 00:21:26',NULL),(520,0,NULL,NULL,0,1,100,NULL,7,NULL,'Reintegros por exportaciones',NULL,0,0,0,0,1,1,1,'2020-02-06 17:23:07','2023-03-27 00:21:26',NULL),(521,0,NULL,NULL,0,1,102,NULL,7,NULL,'Intereses Cobrados',NULL,0,0,0,0,1,1,1,'2020-02-06 17:23:07','2023-03-27 00:21:26',NULL),(522,0,NULL,NULL,0,1,103,NULL,7,NULL,'Diferencias de cambio',NULL,0,0,0,0,1,1,1,'2020-02-06 17:23:07','2023-03-27 00:21:26',NULL),(523,0,NULL,NULL,0,1,104,NULL,7,NULL,'Descuentos obtenidos',NULL,0,0,0,0,1,1,1,'2020-02-06 17:23:07','2023-03-27 00:21:26',NULL),(524,0,NULL,NULL,0,1,110,NULL,6,NULL,'Sueldos',NULL,0,0,0,0,0,1,1,'2020-02-06 17:23:07','2023-03-27 00:21:26',NULL),(525,0,NULL,NULL,0,1,111,NULL,6,NULL,'Contribuciones',NULL,0,0,0,0,0,1,1,'2020-02-06 17:23:07','2023-03-27 00:21:26',NULL),(526,0,NULL,NULL,0,1,112,NULL,6,NULL,'Sindicato',NULL,0,0,0,0,0,1,1,'2020-02-06 17:23:07','2023-03-27 00:21:26',NULL),(527,0,NULL,NULL,0,1,114,NULL,6,NULL,'ACA',NULL,0,0,0,0,0,1,1,'2020-02-06 17:23:07','2023-03-27 00:21:26',NULL),(528,0,NULL,NULL,0,1,115,NULL,6,NULL,'Aereos',NULL,0,0,0,0,0,1,1,'2020-02-06 17:23:07','2023-03-27 00:21:26',NULL),(529,0,NULL,NULL,0,1,116,NULL,6,NULL,'Alquiler',NULL,0,0,0,0,0,1,1,'2020-02-06 17:23:07','2023-03-27 00:21:26',NULL),(530,0,NULL,NULL,0,1,117,NULL,6,NULL,'AGUA AYSA',NULL,0,0,0,0,0,1,1,'2020-02-06 17:23:07','2023-03-27 00:21:26',NULL),(531,0,NULL,NULL,0,1,118,NULL,6,NULL,'TV Cablevision',NULL,0,0,0,0,0,1,1,'2020-02-06 17:23:07','2023-03-27 00:21:26',NULL),(532,0,NULL,NULL,0,1,119,NULL,1,NULL,'Caja Jubilacion Consejo',NULL,0,0,0,0,0,1,1,'2020-02-06 17:23:07','2023-03-27 00:21:26',NULL),(533,0,NULL,NULL,0,1,120,NULL,6,NULL,'Celulares',NULL,0,0,0,0,0,1,1,'2020-02-06 17:23:07','2023-03-27 00:21:26',NULL),(534,0,NULL,NULL,0,1,121,NULL,3,NULL,'Cheques',NULL,0,0,0,0,0,1,1,'2020-02-06 17:23:07','2023-03-27 00:21:26',NULL),(535,0,NULL,NULL,0,1,123,NULL,6,NULL,'Comida',NULL,0,0,0,0,0,1,1,'2020-02-06 17:23:07','2023-03-27 00:21:26',NULL);
INSERT INTO `cta_cte_tesoreria_cuentas` VALUES (536,0,NULL,NULL,0,1,126,NULL,6,NULL,'Fletes y acarreos',NULL,0,0,0,0,0,1,1,'2020-02-06 17:23:07','2023-03-27 00:21:26',NULL),(537,0,NULL,NULL,0,1,127,NULL,6,NULL,'Luz Edesur',NULL,0,0,0,0,0,1,1,'2020-02-06 17:23:07','2023-03-27 00:21:26',NULL),(538,0,NULL,NULL,0,1,128,NULL,6,NULL,'Movilidad y Viáticos',NULL,0,0,0,0,0,1,1,'2020-02-06 17:23:07','2023-03-27 00:21:26',NULL),(539,0,NULL,NULL,0,1,129,NULL,6,NULL,'Mantenimiento',NULL,0,0,0,0,0,1,1,'2020-02-06 17:23:07','2023-03-27 00:21:26',NULL),(540,0,NULL,NULL,0,1,130,NULL,6,NULL,'IVA No Computable',NULL,0,0,0,0,0,1,1,'2020-02-06 17:23:07','2023-03-27 00:21:26',NULL),(541,0,NULL,NULL,0,1,131,NULL,6,NULL,'Entretenimiento',NULL,0,0,0,0,0,1,1,'2020-02-06 17:23:07','2023-03-27 00:21:26',NULL),(542,0,NULL,NULL,0,1,132,NULL,6,NULL,'Amortización Bienes de Uso',NULL,0,0,0,0,0,1,1,'2020-02-06 17:23:07','2023-03-27 00:21:26',NULL),(543,0,NULL,NULL,0,1,135,NULL,6,NULL,'Gastos varios',NULL,0,0,0,0,0,1,1,'2020-02-06 17:23:07','2023-03-27 00:21:26',NULL),(544,0,NULL,NULL,0,1,136,NULL,6,NULL,'Ajuste por redondeo',NULL,0,0,0,0,0,1,1,'2020-02-06 17:23:07','2023-03-27 00:21:26',NULL),(545,0,NULL,NULL,0,1,137,NULL,6,NULL,'Deudores Incobrables',NULL,0,0,0,0,0,1,1,'2020-02-06 17:23:07','2023-03-27 00:21:26',NULL),(546,0,NULL,NULL,0,1,141,NULL,6,NULL,'Intereses Proveedores',NULL,0,0,0,0,0,1,1,'2020-02-06 17:23:07','2023-03-27 00:21:26',NULL),(547,0,NULL,NULL,0,1,143,NULL,6,NULL,'Diferencias de cambio',NULL,0,0,0,0,0,1,1,'2020-02-06 17:23:07','2023-03-27 00:21:26',NULL),(548,0,NULL,NULL,0,1,144,NULL,6,NULL,'Diferencia de Cambio Bces. en M.Extranjera',NULL,0,0,0,0,0,1,1,'2020-02-06 17:23:07','2023-03-27 00:21:26',NULL),(549,0,NULL,NULL,0,1,145,NULL,6,NULL,'Diferencia tipo cambio Vendedor/Comprador',NULL,0,0,0,0,0,1,1,'2020-02-06 17:23:07','2023-03-27 00:21:26',NULL),(550,0,NULL,NULL,0,1,146,NULL,6,NULL,'Diferencia por conversion en Bce. en Mon. Extranj.',NULL,0,0,0,0,0,1,1,'2020-02-06 17:23:07','2023-03-27 00:21:26',NULL),(551,0,NULL,NULL,0,1,147,NULL,6,NULL,'Diferencia de cambio CMV',NULL,0,0,0,0,0,1,1,'2020-02-06 17:23:07','2023-03-27 00:21:27',NULL),(552,0,NULL,NULL,0,1,148,NULL,6,NULL,'Diferencia de cambio PT',NULL,0,0,0,0,0,1,1,'2020-02-06 17:23:07','2023-03-27 00:21:27',NULL),(553,0,NULL,NULL,0,1,149,NULL,6,NULL,'Resultado por Exposición a la Inflación',NULL,0,0,0,0,0,1,1,'2020-02-06 17:23:07','2023-03-27 00:21:27',NULL),(554,0,NULL,NULL,0,1,150,NULL,6,NULL,'Diferencia de cambio PE',NULL,0,0,0,0,0,1,1,'2020-02-06 17:23:07','2023-03-27 00:21:27',NULL),(555,0,NULL,NULL,0,1,151,NULL,6,NULL,'Diferencia de cambio Ds.Vtas.',NULL,0,0,0,0,0,1,1,'2020-02-06 17:23:07','2023-03-27 00:21:27',NULL),(556,0,NULL,NULL,0,1,152,NULL,6,NULL,'Diferencia de cambio ME',NULL,0,0,0,0,0,1,1,'2020-02-06 17:23:07','2023-03-27 00:21:27',NULL),(557,0,NULL,NULL,0,1,153,NULL,6,NULL,'Descuentos otorgados',NULL,0,0,0,0,0,1,1,'2020-02-06 17:23:07','2023-03-27 00:21:27',NULL),(558,0,NULL,NULL,0,1,155,NULL,6,NULL,'Impuesto a las Ganancias',NULL,0,0,0,0,0,1,1,'2020-02-06 17:23:07','2023-03-27 00:21:27',NULL),(559,0,NULL,NULL,0,1,156,NULL,6,NULL,'Impuesto a los Ingresos Brutos',NULL,0,0,0,0,0,1,1,'2020-02-06 17:23:07','2023-03-27 00:21:27',NULL),(560,0,NULL,NULL,0,1,157,NULL,6,NULL,'Impuesto al Debito y Credito Bancario',NULL,0,0,0,0,0,1,1,'2020-02-06 17:23:07','2023-03-27 00:21:27',NULL),(561,0,NULL,NULL,0,1,159,NULL,6,NULL,'Pérdida por venta bienes de uso',NULL,0,0,0,0,0,1,1,'2020-02-06 17:23:07','2023-03-27 00:21:27',NULL),(562,0,NULL,NULL,0,1,160,NULL,6,NULL,'Inversiones',NULL,0,0,0,0,0,1,1,'2020-02-06 17:23:07','2023-03-27 00:21:27',NULL),(563,0,NULL,NULL,0,1,161,NULL,6,NULL,'Amortizaciones extraordinarias',NULL,0,0,0,0,0,1,1,'2020-02-06 17:23:07','2023-03-27 00:21:27',NULL),(564,0,NULL,NULL,0,1,178,NULL,6,NULL,'Google',NULL,0,0,0,0,0,1,1,'2020-02-06 17:23:07','2023-03-27 00:21:27',NULL),(565,0,NULL,NULL,0,1,188,NULL,6,NULL,'Publicidad',NULL,0,0,0,0,0,1,1,'2020-02-06 17:23:07','2023-03-27 00:21:27',NULL);
INSERT INTO `cta_cte_tesoreria_cuentas` VALUES (566,0,NULL,NULL,0,1,191,NULL,6,NULL,'Cargas Sociales',NULL,0,0,0,0,0,1,1,'2020-02-06 17:23:07','2023-03-27 00:21:27',NULL),(567,0,NULL,NULL,0,1,192,NULL,6,NULL,'Honorarios',NULL,0,0,0,0,0,1,1,'2020-02-06 17:23:07','2023-03-27 00:21:27',NULL),(568,0,NULL,NULL,0,1,193,NULL,6,NULL,'Telefono Fijo',NULL,0,0,0,0,0,1,1,'2020-02-06 17:23:07','2023-03-27 00:21:27',NULL),(569,0,NULL,NULL,0,1,198,NULL,6,NULL,'Seguros',NULL,0,0,0,0,0,1,1,'2020-02-06 17:23:07','2023-03-27 00:21:27',NULL),(570,0,NULL,NULL,0,1,199,NULL,6,NULL,'Internet',NULL,0,0,0,0,0,1,1,'2020-02-06 17:23:07','2023-03-27 00:21:27',NULL),(571,0,NULL,NULL,0,1,204,NULL,6,NULL,'Multas Impositivas',NULL,0,0,0,0,0,1,1,'2020-02-06 17:23:07','2023-03-27 00:21:27',NULL),(572,0,NULL,NULL,0,1,208,NULL,6,NULL,'Impuesto a los Ingresos Brutos - BS AS',NULL,0,0,0,0,0,1,1,'2020-02-06 17:23:07','2023-03-27 00:21:27',NULL),(573,0,NULL,NULL,0,1,209,NULL,6,NULL,'SIRCREB',NULL,0,0,0,0,0,1,1,'2020-02-06 17:23:07','2023-03-27 00:21:27',NULL),(574,0,NULL,NULL,0,1,212,NULL,6,NULL,'Tarjeta Visa',NULL,0,0,0,0,0,1,1,'2020-02-06 17:23:07','2023-03-27 00:21:27',NULL),(575,0,NULL,NULL,0,1,213,NULL,6,NULL,'Tarjeta American Express',NULL,0,0,0,0,0,1,1,'2020-02-06 17:23:07','2023-03-27 00:21:27',NULL),(576,0,NULL,NULL,0,1,214,NULL,6,NULL,'Tarjeta Mastercard',NULL,0,0,0,0,0,1,1,'2020-02-06 17:23:07','2023-03-27 00:21:27',NULL),(577,0,NULL,NULL,0,1,215,NULL,6,NULL,'Tarjeta Shopping',NULL,0,0,0,0,0,1,1,'2020-02-06 17:23:07','2023-03-27 00:21:27',NULL),(578,0,NULL,NULL,0,1,216,NULL,6,NULL,'Tarjeta Cencosud',NULL,0,0,0,0,0,1,1,'2020-02-06 17:23:07','2023-03-27 00:21:27',NULL),(579,0,NULL,NULL,0,1,217,NULL,6,NULL,'Compras',NULL,0,0,0,0,0,1,1,'2020-02-06 17:23:07','2023-03-27 00:21:27',NULL),(580,0,NULL,NULL,0,1,218,NULL,7,NULL,'Ventas No Gravadas',NULL,0,0,0,0,1,1,1,'2020-02-06 17:23:07','2023-03-27 00:21:27',NULL),(581,0,NULL,NULL,0,1,220,NULL,5,NULL,'Perc IVA -RG3337',NULL,0,0,0,0,0,1,0,'2020-02-06 17:23:07','2023-06-02 07:56:21',NULL),(582,0,NULL,NULL,0,1,221,NULL,6,NULL,'Imps. Internos',NULL,0,0,0,0,0,1,1,'2020-02-06 17:23:07','2023-03-27 00:21:27',NULL),(583,0,NULL,NULL,0,1,222,NULL,6,NULL,'Imp. Gasoil',NULL,0,0,0,0,0,1,1,'2020-02-06 17:23:07','2023-03-27 00:21:27',NULL),(584,0,NULL,NULL,0,1,223,NULL,6,NULL,'Imp. Hídricos',NULL,0,0,0,0,0,1,1,'2020-02-06 17:23:07','2023-03-27 00:21:27',NULL),(585,0,NULL,NULL,0,1,224,NULL,6,NULL,'ITC',NULL,0,0,0,0,0,1,1,'2020-02-06 17:23:07','2023-03-27 00:21:27',NULL),(586,0,NULL,NULL,0,1,225,NULL,5,NULL,'Perc IIBB  Buenos Aires',NULL,0,0,0,0,0,1,1,'2020-02-06 17:23:07','2023-03-27 00:21:27',NULL),(587,0,NULL,NULL,0,1,226,NULL,5,NULL,'Perc IIBB  Capital Federal',NULL,0,0,0,0,0,1,1,'2020-02-06 17:23:07','2023-03-27 00:21:27',NULL),(588,0,NULL,NULL,0,1,227,NULL,5,NULL,'Perc IIBB  Catamarca',NULL,0,0,0,0,0,1,1,'2020-02-06 17:23:07','2023-03-27 00:21:27',NULL),(589,0,NULL,NULL,0,1,228,NULL,5,NULL,'Perc IIBB  Chaco',NULL,0,0,0,0,0,1,1,'2020-02-06 17:23:07','2023-03-27 00:21:27',NULL),(590,0,NULL,NULL,0,1,229,NULL,5,NULL,'Perc IIBB  Chubut',NULL,0,0,0,0,0,1,1,'2020-02-06 17:23:07','2023-03-27 00:21:27',NULL),(591,0,NULL,NULL,0,1,230,NULL,5,NULL,'Perc IIBB  Córdoba',NULL,0,0,0,0,0,1,1,'2020-02-06 17:23:07','2023-03-27 00:21:27',NULL),(592,0,NULL,NULL,0,1,231,NULL,5,NULL,'Perc IIBB  Corrientes',NULL,0,0,0,0,0,1,1,'2020-02-06 17:23:07','2023-03-27 00:21:27',NULL),(593,0,NULL,NULL,0,1,232,NULL,5,NULL,'Perc IIBB  Entre Ríos',NULL,0,0,0,0,0,1,1,'2020-02-06 17:23:07','2023-03-27 00:21:27',NULL),(594,0,NULL,NULL,0,1,233,NULL,5,NULL,'Perc IIBB  Formosa',NULL,0,0,0,0,0,1,1,'2020-02-06 17:23:07','2023-03-27 00:21:27',NULL),(595,0,NULL,NULL,0,1,234,NULL,5,NULL,'Perc IIBB  Jujuy',NULL,0,0,0,0,0,1,1,'2020-02-06 17:23:07','2023-03-27 00:21:27',NULL),(596,0,NULL,NULL,0,1,235,NULL,5,NULL,'Perc IIBB  La Pampa',NULL,0,0,0,0,0,1,1,'2020-02-06 17:23:07','2023-03-27 00:21:27',NULL),(597,0,NULL,NULL,0,1,236,NULL,5,NULL,'Perc IIBB  La Rioja',NULL,0,0,0,0,0,1,1,'2020-02-06 17:23:07','2023-03-27 00:21:27',NULL);
INSERT INTO `cta_cte_tesoreria_cuentas` VALUES (598,0,NULL,NULL,0,1,237,NULL,5,NULL,'Perc IIBB  Mendoza',NULL,0,0,0,0,0,1,1,'2020-02-06 17:23:07','2023-03-27 00:21:27',NULL),(599,0,NULL,NULL,0,1,238,NULL,5,NULL,'Perc IIBB  Misiones',NULL,0,0,0,0,0,1,1,'2020-02-06 17:23:07','2023-03-27 00:21:27',NULL),(600,0,NULL,NULL,0,1,239,NULL,5,NULL,'Perc IIBB  Neuquén',NULL,0,0,0,0,0,1,1,'2020-02-06 17:23:07','2023-03-27 00:21:27',NULL),(601,0,NULL,NULL,0,1,240,NULL,5,NULL,'Perc IIBB  Pascua Lama',NULL,0,0,0,0,0,1,1,'2020-02-06 17:23:07','2023-03-27 00:21:27',NULL),(602,0,NULL,NULL,0,1,241,NULL,5,NULL,'Perc IIBB  Río Negro',NULL,0,0,0,0,0,1,1,'2020-02-06 17:23:07','2023-03-27 00:21:27',NULL),(603,0,NULL,NULL,0,1,242,NULL,5,NULL,'Perc IIBB  Salta',NULL,0,0,0,0,0,1,1,'2020-02-06 17:23:07','2023-03-27 00:21:27',NULL),(604,0,NULL,NULL,0,1,243,NULL,5,NULL,'Perc IIBB  San Juan',NULL,0,0,0,0,0,1,1,'2020-02-06 17:23:07','2023-03-27 00:21:27',NULL),(605,0,NULL,NULL,0,1,244,NULL,5,NULL,'Perc IIBB  San Luis',NULL,0,0,0,0,0,1,1,'2020-02-06 17:23:07','2023-03-27 00:21:27',NULL),(606,0,NULL,NULL,0,1,245,NULL,5,NULL,'Perc IIBB  Santa Cruz',NULL,0,0,0,0,0,1,1,'2020-02-06 17:23:07','2023-03-27 00:21:27',NULL),(607,0,NULL,NULL,0,1,246,NULL,5,NULL,'Perc IIBB  Santa Fe',NULL,0,0,0,0,0,1,1,'2020-02-06 17:23:07','2023-03-27 00:21:27',NULL),(608,0,NULL,NULL,0,1,247,NULL,5,NULL,'Perc IIBB  Santiago del Estero',NULL,0,0,0,0,0,1,1,'2020-02-06 17:23:07','2023-03-27 00:21:27',NULL),(609,0,NULL,NULL,0,1,248,NULL,5,NULL,'Perc IIBB  Tierra del Fuego',NULL,0,0,0,0,0,1,1,'2020-02-06 17:23:07','2023-03-27 00:21:27',NULL),(610,0,NULL,NULL,0,1,249,NULL,5,NULL,'Perc IIBB  Tucuman',NULL,0,0,0,0,0,1,1,'2020-02-06 17:23:07','2023-03-27 00:21:27',NULL),(611,0,NULL,NULL,0,1,250,NULL,6,NULL,'Compras No Gravadas',NULL,0,0,0,0,0,1,1,'2020-02-06 17:23:07','2023-03-27 00:21:27',NULL),(612,0,NULL,NULL,0,1,276,NULL,6,NULL,'SIRCREB Buenos Aires',NULL,0,0,0,0,0,1,1,'2020-02-06 17:23:07','2023-03-27 00:21:27',NULL),(613,0,NULL,NULL,0,1,277,NULL,6,NULL,'SIRCREB Capital Federal',NULL,0,0,0,0,0,1,1,'2020-02-06 17:23:07','2023-03-27 00:21:27',NULL),(614,0,NULL,NULL,0,1,278,NULL,6,NULL,'SIRCREB Catamarca',NULL,0,0,0,0,0,1,1,'2020-02-06 17:23:07','2023-03-27 00:21:27',NULL),(615,0,NULL,NULL,0,1,279,NULL,6,NULL,'SIRCREB Chaco',NULL,0,0,0,0,0,1,1,'2020-02-06 17:23:07','2023-03-27 00:21:27',NULL),(616,0,NULL,NULL,0,1,280,NULL,6,NULL,'SIRCREB Chubut',NULL,0,0,0,0,0,1,1,'2020-02-06 17:23:07','2023-03-27 00:21:27',NULL),(617,0,NULL,NULL,0,1,281,NULL,6,NULL,'SIRCREB Córdoba',NULL,0,0,0,0,0,1,1,'2020-02-06 17:23:07','2023-03-27 00:21:27',NULL),(618,0,NULL,NULL,0,1,282,NULL,6,NULL,'SIRCREB Corrientes',NULL,0,0,0,0,0,1,1,'2020-02-06 17:23:07','2023-03-27 00:21:27',NULL),(619,0,NULL,NULL,0,1,283,NULL,6,NULL,'SIRCREB Entre Ríos',NULL,0,0,0,0,0,1,1,'2020-02-06 17:23:07','2023-03-27 00:21:27',NULL),(620,0,NULL,NULL,0,1,284,NULL,6,NULL,'SIRCREB Formosa',NULL,0,0,0,0,0,1,1,'2020-02-06 17:23:07','2023-03-27 00:21:27',NULL),(621,0,NULL,NULL,0,1,285,NULL,6,NULL,'SIRCREB Jujuy',NULL,0,0,0,0,0,1,1,'2020-02-06 17:23:07','2023-03-27 00:21:27',NULL),(622,0,NULL,NULL,0,1,286,NULL,6,NULL,'SIRCREB La Pampa',NULL,0,0,0,0,0,1,1,'2020-02-06 17:23:07','2023-03-27 00:21:27',NULL),(623,0,NULL,NULL,0,1,287,NULL,6,NULL,'SIRCREB La Rioja',NULL,0,0,0,0,0,1,1,'2020-02-06 17:23:07','2023-03-27 00:21:27',NULL),(624,0,NULL,NULL,0,1,288,NULL,6,NULL,'SIRCREB Mendoza',NULL,0,0,0,0,0,1,1,'2020-02-06 17:23:07','2023-03-27 00:21:27',NULL),(625,0,NULL,NULL,0,1,289,NULL,6,NULL,'SIRCREB Misiones',NULL,0,0,0,0,0,1,1,'2020-02-06 17:23:07','2023-03-27 00:21:27',NULL),(626,0,NULL,NULL,0,1,290,NULL,6,NULL,'SIRCREB Neuquén',NULL,0,0,0,0,0,1,1,'2020-02-06 17:23:07','2023-03-27 00:21:27',NULL),(627,0,NULL,NULL,0,1,291,NULL,6,NULL,'SIRCREB Pascua Lama',NULL,0,0,0,0,0,1,1,'2020-02-06 17:23:07','2023-03-27 00:21:27',NULL),(628,0,NULL,NULL,0,1,292,NULL,6,NULL,'SIRCREB Río Negro',NULL,0,0,0,0,0,1,1,'2020-02-06 17:23:07','2023-03-27 00:21:27',NULL);
INSERT INTO `cta_cte_tesoreria_cuentas` VALUES (629,0,NULL,NULL,0,1,293,NULL,6,NULL,'SIRCREB Salta',NULL,0,0,0,0,0,1,1,'2020-02-06 17:23:07','2023-03-27 00:21:27',NULL),(630,0,NULL,NULL,0,1,294,NULL,6,NULL,'SIRCREB San Juan',NULL,0,0,0,0,0,1,1,'2020-02-06 17:23:07','2023-03-27 00:21:27',NULL),(631,0,NULL,NULL,0,1,295,NULL,6,NULL,'SIRCREB San Luis',NULL,0,0,0,0,0,1,1,'2020-02-06 17:23:07','2023-03-27 00:21:27',NULL),(632,0,NULL,NULL,0,1,296,NULL,6,NULL,'SIRCREB Santa Cruz',NULL,0,0,0,0,0,1,1,'2020-02-06 17:23:07','2023-03-27 00:21:27',NULL),(633,0,NULL,NULL,0,1,297,NULL,6,NULL,'SIRCREB Santa Fe',NULL,0,0,0,0,0,1,1,'2020-02-06 17:23:07','2023-03-27 00:21:27',NULL),(634,0,NULL,NULL,0,1,298,NULL,6,NULL,'SIRCREB Santiago del Estero',NULL,0,0,0,0,0,1,1,'2020-02-06 17:23:07','2023-03-27 00:21:27',NULL),(635,0,NULL,NULL,0,1,299,NULL,6,NULL,'SIRCREB Tierra del Fuego',NULL,0,0,0,0,0,1,1,'2020-02-06 17:23:07','2023-03-27 00:21:27',NULL),(636,0,NULL,NULL,0,1,300,NULL,6,NULL,'SIRCREB Tucuman',NULL,0,0,0,0,0,1,1,'2020-02-06 17:23:07','2023-03-27 00:21:27',NULL),(637,0,NULL,NULL,0,1,301,NULL,8,NULL,'IIBB a Favor Buenos Aires',NULL,0,0,0,0,0,1,1,'2020-02-06 17:23:07','2023-03-27 00:21:27',NULL),(638,0,NULL,NULL,0,1,302,NULL,8,NULL,'IIBB a Favor Capital Federal',NULL,0,0,0,0,0,1,1,'2020-02-06 17:23:07','2023-03-27 00:21:27',NULL),(639,0,NULL,NULL,0,1,303,NULL,8,NULL,'IIBB a Favor Catamarca',NULL,0,0,0,0,0,1,1,'2020-02-06 17:23:07','2023-03-27 00:21:27',NULL),(640,0,NULL,NULL,0,1,304,NULL,8,NULL,'IIBB a Favor Chaco',NULL,0,0,0,0,0,1,1,'2020-02-06 17:23:07','2023-03-27 00:21:27',NULL),(641,0,NULL,NULL,0,1,305,NULL,8,NULL,'IIBB a Favor Chubut',NULL,0,0,0,0,0,1,1,'2020-02-06 17:23:07','2023-03-27 00:21:27',NULL),(642,0,NULL,NULL,0,1,306,NULL,8,NULL,'IIBB a Favor Córdoba',NULL,0,0,0,0,0,1,1,'2020-02-06 17:23:07','2023-03-27 00:21:27',NULL),(643,0,NULL,NULL,0,1,307,NULL,8,NULL,'IIBB a Favor Corrientes',NULL,0,0,0,0,0,1,1,'2020-02-06 17:23:07','2023-03-27 00:21:27',NULL),(644,0,NULL,NULL,0,1,308,NULL,8,NULL,'IIBB a Favor Entre Ríos',NULL,0,0,0,0,0,1,1,'2020-02-06 17:23:07','2023-03-27 00:21:27',NULL),(645,0,NULL,NULL,0,1,309,NULL,8,NULL,'IIBB a Favor Formosa',NULL,0,0,0,0,0,1,1,'2020-02-06 17:23:07','2023-03-27 00:21:27',NULL),(646,0,NULL,NULL,0,1,310,NULL,8,NULL,'IIBB a Favor Jujuy',NULL,0,0,0,0,0,1,1,'2020-02-06 17:23:07','2023-03-27 00:21:27',NULL),(647,0,NULL,NULL,0,1,311,NULL,8,NULL,'IIBB a Favor La Pampa',NULL,0,0,0,0,0,1,1,'2020-02-06 17:23:07','2023-03-27 00:21:27',NULL),(648,0,NULL,NULL,0,1,312,NULL,8,NULL,'IIBB a Favor La Rioja',NULL,0,0,0,0,0,1,1,'2020-02-06 17:23:07','2023-03-27 00:21:27',NULL),(649,0,NULL,NULL,0,1,313,NULL,8,NULL,'IIBB a Favor Mendoza',NULL,0,0,0,0,0,1,1,'2020-02-06 17:23:07','2023-03-27 00:21:27',NULL),(650,0,NULL,NULL,0,1,314,NULL,8,NULL,'IIBB a Favor Misiones',NULL,0,0,0,0,0,1,1,'2020-02-06 17:23:08','2023-03-27 00:21:27',NULL),(651,0,NULL,NULL,0,1,315,NULL,8,NULL,'IIBB a Favor Neuquén',NULL,0,0,0,0,0,1,1,'2020-02-06 17:23:08','2023-03-27 00:21:27',NULL),(652,0,NULL,NULL,0,1,316,NULL,8,NULL,'IIBB a Favor Pascua Lama',NULL,0,0,0,0,0,1,1,'2020-02-06 17:23:08','2023-03-27 00:21:27',NULL),(653,0,NULL,NULL,0,1,317,NULL,8,NULL,'IIBB a Favor Río Negro',NULL,0,0,0,0,0,1,1,'2020-02-06 17:23:08','2023-03-27 00:21:27',NULL),(654,0,NULL,NULL,0,1,318,NULL,8,NULL,'IIBB a Favor Salta',NULL,0,0,0,0,0,1,1,'2020-02-06 17:23:08','2023-03-27 00:21:27',NULL),(655,0,NULL,NULL,0,1,319,NULL,8,NULL,'IIBB a Favor San Juan',NULL,0,0,0,0,0,1,1,'2020-02-06 17:23:08','2023-03-27 00:21:27',NULL),(656,0,NULL,NULL,0,1,320,NULL,8,NULL,'IIBB a Favor San Luis',NULL,0,0,0,0,0,1,1,'2020-02-06 17:23:08','2023-03-27 00:21:27',NULL),(657,0,NULL,NULL,0,1,321,NULL,8,NULL,'IIBB a Favor Santa Cruz',NULL,0,0,0,0,0,1,1,'2020-02-06 17:23:08','2023-03-27 00:21:27',NULL),(658,0,NULL,NULL,0,1,322,NULL,8,NULL,'IIBB a Favor Santa Fe',NULL,0,0,0,0,0,1,1,'2020-02-06 17:23:08','2023-03-27 00:21:27',NULL);
INSERT INTO `cta_cte_tesoreria_cuentas` VALUES (659,0,NULL,NULL,0,1,323,NULL,8,NULL,'IIBB a Favor Santiago del Estero',NULL,0,0,0,0,0,1,1,'2020-02-06 17:23:08','2023-03-27 00:21:27',NULL),(660,0,NULL,NULL,0,1,324,NULL,8,NULL,'IIBB a Favor Tierra del Fuego',NULL,0,0,0,0,0,1,1,'2020-02-06 17:23:08','2023-03-27 00:21:27',NULL),(661,0,NULL,NULL,0,1,325,NULL,8,NULL,'IIBB a Favor Tucuman',NULL,0,0,0,0,0,1,1,'2020-02-06 17:23:08','2023-03-27 00:21:27',NULL),(662,0,NULL,NULL,0,1,326,NULL,8,NULL,'IIBB a Pagar Buenos Aires',NULL,0,0,0,0,0,1,1,'2020-02-06 17:23:08','2023-03-27 00:21:27',NULL),(663,0,NULL,NULL,0,1,327,NULL,8,NULL,'IIBB a Pagar Capital Federal',NULL,0,0,0,0,0,1,1,'2020-02-06 17:23:08','2023-03-27 00:21:27',NULL),(664,0,NULL,NULL,0,1,328,NULL,8,NULL,'IIBB a Pagar Catamarca',NULL,0,0,0,0,0,1,1,'2020-02-06 17:23:08','2023-03-27 00:21:27',NULL),(665,0,NULL,NULL,0,1,329,NULL,8,NULL,'IIBB a Pagar Chaco',NULL,0,0,0,0,0,1,1,'2020-02-06 17:23:08','2023-03-27 00:21:27',NULL),(666,0,NULL,NULL,0,1,330,NULL,8,NULL,'IIBB a Pagar Chubut',NULL,0,0,0,0,0,1,1,'2020-02-06 17:23:08','2023-03-27 00:21:27',NULL),(667,0,NULL,NULL,0,1,331,NULL,8,NULL,'IIBB a Pagar Córdoba',NULL,0,0,0,0,0,1,1,'2020-02-06 17:23:08','2023-03-27 00:21:27',NULL),(668,0,NULL,NULL,0,1,332,NULL,8,NULL,'IIBB a Pagar Corrientes',NULL,0,0,0,0,0,1,1,'2020-02-06 17:23:08','2023-03-27 00:21:27',NULL),(669,0,NULL,NULL,0,1,333,NULL,8,NULL,'IIBB a Pagar Entre Ríos',NULL,0,0,0,0,0,1,1,'2020-02-06 17:23:08','2023-03-27 00:21:27',NULL),(670,0,NULL,NULL,0,1,334,NULL,8,NULL,'IIBB a Pagar Formosa',NULL,0,0,0,0,0,1,1,'2020-02-06 17:23:08','2023-03-27 00:21:27',NULL),(671,0,NULL,NULL,0,1,335,NULL,8,NULL,'IIBB a Pagar Jujuy',NULL,0,0,0,0,0,1,1,'2020-02-06 17:23:08','2023-03-27 00:21:27',NULL),(672,0,NULL,NULL,0,1,336,NULL,8,NULL,'IIBB a Pagar La Pampa',NULL,0,0,0,0,0,1,1,'2020-02-06 17:23:08','2023-03-27 00:21:27',NULL),(673,0,NULL,NULL,0,1,337,NULL,8,NULL,'IIBB a Pagar La Rioja',NULL,0,0,0,0,0,1,1,'2020-02-06 17:23:08','2023-03-27 00:21:27',NULL),(674,0,NULL,NULL,0,1,338,NULL,8,NULL,'IIBB a Pagar Mendoza',NULL,0,0,0,0,0,1,1,'2020-02-06 17:23:08','2023-03-27 00:21:27',NULL),(675,0,NULL,NULL,0,1,339,NULL,8,NULL,'IIBB a Pagar Misiones',NULL,0,0,0,0,0,1,1,'2020-02-06 17:23:08','2023-03-27 00:21:27',NULL),(676,0,NULL,NULL,0,1,340,NULL,8,NULL,'IIBB a Pagar Neuquén',NULL,0,0,0,0,0,1,1,'2020-02-06 17:23:08','2023-03-27 00:21:27',NULL),(677,0,NULL,NULL,0,1,341,NULL,8,NULL,'IIBB a Pagar Pascua Lama',NULL,0,0,0,0,0,1,1,'2020-02-06 17:23:08','2023-03-27 00:21:27',NULL),(678,0,NULL,NULL,0,1,342,NULL,8,NULL,'IIBB a Pagar Río Negro',NULL,0,0,0,0,0,1,1,'2020-02-06 17:23:08','2023-03-27 00:21:27',NULL),(679,0,NULL,NULL,0,1,343,NULL,8,NULL,'IIBB a Pagar Salta',NULL,0,0,0,0,0,1,1,'2020-02-06 17:23:08','2023-03-27 00:21:27',NULL),(680,0,NULL,NULL,0,1,344,NULL,8,NULL,'IIBB a Pagar San Juan',NULL,0,0,0,0,0,1,1,'2020-02-06 17:23:08','2023-03-27 00:21:27',NULL),(681,0,NULL,NULL,0,1,345,NULL,8,NULL,'IIBB a Pagar San Luis',NULL,0,0,0,0,0,1,1,'2020-02-06 17:23:08','2023-03-27 00:21:27',NULL),(682,0,NULL,NULL,0,1,346,NULL,8,NULL,'IIBB a Pagar Santa Cruz',NULL,0,0,0,0,0,1,1,'2020-02-06 17:23:08','2023-03-27 00:21:27',NULL),(683,0,NULL,NULL,0,1,347,NULL,8,NULL,'IIBB a Pagar Santa Fe',NULL,0,0,0,0,0,1,1,'2020-02-06 17:23:08','2023-03-27 00:21:27',NULL),(684,0,NULL,NULL,0,1,348,NULL,8,NULL,'IIBB a Pagar Santiago del Estero',NULL,0,0,0,0,0,1,1,'2020-02-06 17:23:08','2023-03-27 00:21:27',NULL),(685,0,NULL,NULL,0,1,349,NULL,8,NULL,'IIBB a Pagar Tierra del Fuego',NULL,0,0,0,0,0,1,1,'2020-02-06 17:23:08','2023-03-27 00:21:27',NULL),(686,0,NULL,NULL,0,1,350,NULL,8,NULL,'IIBB a Pagar Tucuman',NULL,0,0,0,0,0,1,1,'2020-02-06 17:23:08','2023-03-27 00:21:27',NULL),(687,0,NULL,NULL,0,1,352,NULL,8,NULL,'Compensacion',NULL,0,0,0,0,0,1,1,'2020-02-06 17:23:08','2023-03-27 00:21:27',NULL),(688,0,NULL,NULL,0,1,353,NULL,8,NULL,'IVA Saldo Tecnico',NULL,0,0,0,0,0,1,1,'2020-02-06 17:23:08','2023-03-27 00:21:27',NULL);
INSERT INTO `cta_cte_tesoreria_cuentas` VALUES (689,0,NULL,NULL,0,1,354,NULL,8,NULL,'IVA Saldo Libre Disponibilidad',NULL,0,0,0,0,0,1,1,'2020-02-06 17:23:08','2023-03-27 00:21:27',NULL),(690,0,NULL,NULL,0,1,361,NULL,8,NULL,'Equipos de Computación',NULL,0,0,0,0,0,1,1,'2020-02-06 17:23:08','2023-03-27 00:21:27',NULL),(691,0,NULL,NULL,0,1,362,NULL,8,NULL,'Computadoras',NULL,0,0,0,0,0,1,1,'2020-02-06 17:23:08','2023-03-27 00:21:27',NULL),(692,0,NULL,NULL,0,1,363,NULL,8,NULL,'Muebles y Utiles',NULL,0,0,0,0,0,1,1,'2020-02-06 17:23:08','2023-03-27 00:21:27',NULL),(693,0,NULL,NULL,0,1,365,NULL,8,NULL,'Provision Honorarios',NULL,0,0,0,0,0,1,1,'2020-02-06 17:23:08','2023-03-27 00:21:27',NULL),(694,0,NULL,NULL,0,1,366,NULL,8,NULL,'Cta. Cte Directores',NULL,0,0,0,0,0,1,1,'2020-02-06 17:23:08','2023-03-27 00:21:27',NULL),(695,0,NULL,NULL,0,1,367,NULL,8,NULL,'Provisión Honorarios Directores',NULL,0,0,0,0,0,1,1,'2020-02-06 17:23:08','2023-03-27 00:21:27',NULL),(696,0,NULL,NULL,0,1,368,NULL,8,NULL,'Cuenta Particular Socio 1',NULL,0,0,0,0,0,1,1,'2020-02-06 17:23:08','2023-03-27 00:21:27',NULL),(697,0,NULL,NULL,0,1,369,NULL,8,NULL,'Capital',NULL,0,0,0,0,0,1,1,'2020-02-06 17:23:08','2023-03-27 00:21:27',NULL),(698,0,NULL,NULL,0,1,380,NULL,8,NULL,'Instalaciones',NULL,0,0,0,0,0,1,1,'2020-02-06 17:23:08','2023-03-27 00:21:27',NULL),(699,0,NULL,NULL,0,1,381,NULL,8,NULL,'Reserva Legal',NULL,0,0,0,0,0,1,1,'2020-02-06 17:23:08','2023-03-27 00:21:27',NULL),(700,0,NULL,NULL,0,1,382,NULL,8,NULL,'Reserva Legal',NULL,0,0,0,0,0,1,1,'2020-02-06 17:23:08','2023-03-27 00:21:27',NULL),(701,0,NULL,NULL,0,1,383,NULL,8,NULL,'Resultado no asignado',NULL,0,0,0,0,0,1,1,'2020-02-06 17:23:08','2023-03-27 00:21:27',NULL),(702,0,NULL,NULL,0,1,386,NULL,8,NULL,'PLAZO FIJO',NULL,0,0,0,0,0,1,1,'2020-02-06 17:23:08','2023-03-27 00:21:27',NULL),(703,0,NULL,NULL,0,1,388,NULL,8,NULL,'ACCIONES',NULL,0,0,0,0,0,1,1,'2020-02-06 17:23:08','2023-03-27 00:21:27',NULL),(704,0,NULL,NULL,0,1,389,NULL,8,NULL,'Inmuebles',NULL,0,0,0,0,0,1,1,'2020-02-06 17:23:08','2023-03-27 00:21:27',NULL),(705,0,NULL,NULL,0,1,390,NULL,8,NULL,'Vehiculos',NULL,0,0,0,0,0,1,1,'2020-02-06 17:23:08','2023-03-27 00:21:27',NULL),(706,0,NULL,NULL,0,1,391,NULL,8,NULL,'Maquinarias',NULL,0,0,0,0,0,1,1,'2020-02-06 17:23:08','2023-03-27 00:21:27',NULL),(707,0,NULL,NULL,0,1,392,NULL,8,NULL,'MERCADERIAS',NULL,0,0,0,0,0,1,1,'2020-02-06 17:23:08','2023-03-27 00:21:27',NULL),(708,0,NULL,NULL,0,1,393,NULL,8,NULL,'OTROS',NULL,0,0,0,0,0,1,1,'2020-02-06 17:23:08','2023-03-27 00:21:27',NULL),(709,0,NULL,NULL,0,1,395,NULL,8,NULL,'Cuenta Particular Socio 2',NULL,0,0,0,0,0,1,1,'2020-02-06 17:23:08','2023-03-27 00:21:27',NULL),(710,0,NULL,NULL,0,1,396,NULL,6,NULL,'Comisiones Y gastos Bancarios',NULL,0,0,0,0,0,1,1,'2020-02-06 17:23:08','2023-03-27 00:21:27',NULL),(711,0,NULL,NULL,0,1,411,NULL,8,NULL,'Provisión Impuesto a las Ganancias',NULL,0,0,0,0,0,1,1,'2020-02-06 17:23:08','2023-03-27 00:21:27',NULL),(712,0,NULL,NULL,0,1,412,NULL,6,NULL,'Amortización Muebles y Útiles',NULL,0,0,0,0,0,1,1,'2020-02-06 17:23:08','2023-03-27 00:21:27',NULL),(713,0,NULL,NULL,0,1,413,NULL,6,NULL,'Amortización Equipos',NULL,0,0,0,0,0,1,1,'2020-02-06 17:23:08','2023-03-27 00:21:28',NULL),(714,0,NULL,NULL,0,1,414,NULL,8,NULL,'Amortizacion Acumulada Equipos',NULL,0,0,0,0,0,1,1,'2020-02-06 17:23:08','2023-03-27 00:21:28',NULL),(715,0,NULL,NULL,0,1,415,NULL,8,NULL,'Amortización Acumulada Maquinarias',NULL,0,0,0,0,0,1,1,'2020-02-06 17:23:08','2023-03-27 00:21:28',NULL),(716,0,NULL,NULL,0,1,416,NULL,8,NULL,'Materias Primas',NULL,0,0,0,0,0,1,1,'2020-02-06 17:23:08','2023-03-27 00:21:28',NULL),(717,0,NULL,NULL,0,1,419,NULL,8,NULL,'Rodados',NULL,0,0,0,0,0,1,1,'2020-02-06 17:23:08','2023-03-27 00:21:28',NULL),(718,0,NULL,NULL,0,1,420,NULL,8,NULL,'Amortización Acumulada Rodados',NULL,0,0,0,0,0,1,1,'2020-02-06 17:23:08','2023-03-27 00:21:28',NULL),(719,0,NULL,NULL,0,1,421,NULL,6,NULL,'Amortización Rodados',NULL,0,0,0,0,0,1,1,'2020-02-06 17:23:08','2023-03-27 00:21:28',NULL);
INSERT INTO `cta_cte_tesoreria_cuentas` VALUES (720,0,NULL,NULL,0,1,422,NULL,6,NULL,'Amortización Maquinarias',NULL,0,0,0,0,0,1,1,'2020-02-06 17:23:08','2023-03-27 00:21:28',NULL),(721,0,NULL,NULL,0,1,423,NULL,8,NULL,'Accesorios',NULL,0,0,0,0,0,1,1,'2020-02-06 17:23:08','2023-03-27 00:21:28',NULL),(722,0,NULL,NULL,0,1,424,NULL,8,NULL,'Amortización Acumulada Accesorios',NULL,0,0,0,0,0,1,1,'2020-02-06 17:23:08','2023-03-27 00:21:28',NULL),(723,0,NULL,NULL,0,1,426,NULL,8,NULL,'Reserva Facultativa',NULL,0,0,0,0,0,1,1,'2020-02-06 17:23:08','2023-03-27 00:21:28',NULL),(724,0,NULL,NULL,0,1,427,NULL,8,NULL,'Créditos por Impuestos Diferidos',NULL,0,0,0,0,0,1,1,'2020-02-06 17:23:08','2023-03-27 00:21:28',NULL),(725,0,NULL,NULL,0,1,428,NULL,8,NULL,'Fondo de Comercio',NULL,0,0,0,0,0,1,1,'2020-02-06 17:23:08','2023-03-27 00:21:28',NULL),(726,0,NULL,NULL,0,1,429,NULL,8,NULL,'Amortizacion Acumulada Fondo de Comercio',NULL,0,0,0,0,0,1,1,'2020-02-06 17:23:08','2023-03-27 00:21:28',NULL),(727,0,NULL,NULL,0,1,430,NULL,8,NULL,'Intereses a devengar AGIP',NULL,0,0,0,0,0,1,1,'2020-02-06 17:23:08','2023-03-27 00:21:28',NULL),(728,0,NULL,NULL,0,1,431,NULL,8,NULL,'PFP IIBB',NULL,0,0,0,0,0,1,1,'2020-02-06 17:23:08','2023-03-27 00:21:28',NULL),(729,0,NULL,NULL,0,1,434,NULL,8,NULL,'Productos',NULL,0,0,0,0,0,1,1,'2020-02-06 17:23:08','2023-03-27 00:21:28',NULL),(730,0,NULL,NULL,0,1,435,NULL,8,NULL,'Intereses a devengar PFP',NULL,0,0,0,0,0,1,1,'2020-02-06 17:23:08','2023-03-27 00:21:28',NULL),(731,0,NULL,NULL,0,1,437,NULL,8,NULL,'Imp. Ley 25413 Cred 0.6%',NULL,0,0,0,0,0,1,1,'2020-02-06 17:23:08','2023-03-27 00:21:28',NULL),(732,0,NULL,NULL,0,1,438,NULL,8,NULL,'Honorarios Directorio a Pagar',NULL,0,0,0,0,0,1,1,'2020-02-06 17:23:08','2023-03-27 00:21:28',NULL),(733,0,NULL,NULL,0,1,439,NULL,8,NULL,'Reserva para Futuras Inversiones',NULL,0,0,0,0,0,1,1,'2020-02-06 17:23:08','2023-03-27 00:21:28',NULL),(734,0,NULL,NULL,0,1,440,NULL,8,NULL,'TEAC - Trabajos Ejecutados a Certificar',NULL,0,0,0,0,0,1,1,'2020-02-06 17:23:08','2023-03-27 00:21:28',NULL),(735,0,NULL,NULL,0,1,444,NULL,8,NULL,'Banco Santander Rio Cta Cte',NULL,0,0,0,0,0,1,1,'2020-02-06 17:23:08','2023-03-27 00:21:28',NULL),(736,0,NULL,NULL,0,1,449,NULL,8,NULL,'Leasing',NULL,0,0,0,0,0,1,1,'2020-02-06 17:23:08','2023-03-27 00:21:28',NULL),(737,0,NULL,NULL,0,1,453,NULL,8,NULL,'Inversión Central Caribe',NULL,0,0,0,0,0,1,1,'2020-02-06 17:23:08','2023-03-27 00:21:28',NULL),(738,0,NULL,NULL,0,1,454,NULL,8,NULL,'Otras Inversiones',NULL,0,0,0,0,0,1,1,'2020-02-06 17:23:08','2023-03-27 00:21:28',NULL),(739,0,NULL,NULL,0,1,455,NULL,8,NULL,'Otros Créditos',NULL,0,0,0,0,0,1,1,'2020-02-06 17:23:08','2023-03-27 00:21:28',NULL),(740,0,NULL,NULL,0,1,456,NULL,8,NULL,'Provisión Honorarios Socio Gerente',NULL,0,0,0,0,0,1,1,'2020-02-06 17:23:08','2023-03-27 00:21:28',NULL),(741,0,NULL,NULL,0,1,459,NULL,8,NULL,'Moratoria SUSS a pagar',NULL,0,0,0,0,0,1,1,'2020-02-06 17:23:08','2023-03-27 00:21:28',NULL),(742,0,NULL,NULL,0,1,460,NULL,8,NULL,'Impuestos Municipales a Pagar',NULL,0,0,0,0,0,1,1,'2020-02-06 17:23:08','2023-03-27 00:21:28',NULL),(743,0,NULL,NULL,0,1,461,NULL,6,NULL,'Amortización Instalaciones',NULL,0,0,0,0,0,1,1,'2020-02-06 17:23:08','2023-03-27 00:21:28',NULL),(744,0,NULL,NULL,0,1,462,NULL,6,NULL,'Amortización Equipos de comput.',NULL,0,0,0,0,0,1,1,'2020-02-06 17:23:08','2023-03-27 00:21:28',NULL),(745,0,NULL,NULL,0,1,463,NULL,8,NULL,'Cuenta Particular Socio 3',NULL,0,0,0,0,0,1,1,'2020-02-06 17:23:08','2023-03-27 00:21:28',NULL),(746,0,NULL,NULL,0,1,464,NULL,8,NULL,'Cuenta Particular Socio 4',NULL,0,0,0,0,0,1,1,'2020-02-06 17:23:08','2023-03-27 00:21:28',NULL),(747,0,NULL,NULL,0,1,465,NULL,8,NULL,'Otras Reservas',NULL,0,0,0,0,0,1,1,'2020-02-06 17:23:08','2023-03-27 00:21:28',NULL),(748,0,NULL,NULL,0,1,466,NULL,8,NULL,'IGMP (Saldo a Favor)',NULL,0,0,0,0,0,1,1,'2020-02-06 17:23:08','2023-03-27 00:21:28',NULL),(749,0,NULL,NULL,0,1,468,NULL,8,NULL,'Productos en Proceso',NULL,0,0,0,0,0,1,1,'2020-02-06 17:23:08','2023-03-27 00:21:28',NULL);
INSERT INTO `cta_cte_tesoreria_cuentas` VALUES (750,0,NULL,NULL,0,1,469,NULL,8,NULL,'Depósitos en Garantía Socio Gerente',NULL,0,0,0,0,0,1,1,'2020-02-06 17:23:08','2023-03-27 00:21:28',NULL),(751,0,NULL,NULL,0,1,470,NULL,8,NULL,'Fondos Embargados',NULL,0,0,0,0,0,1,1,'2020-02-06 17:23:08','2023-03-27 00:21:28',NULL),(752,0,NULL,NULL,0,1,471,NULL,8,NULL,'Cuota Solid.',NULL,0,0,0,0,0,1,1,'2020-02-06 17:23:08','2023-03-27 00:21:28',NULL),(753,0,NULL,NULL,0,1,472,NULL,8,NULL,'Anticipo Honorarios Directores',NULL,0,0,0,0,0,1,1,'2020-02-06 17:23:08','2023-03-27 00:21:28',NULL),(754,0,NULL,NULL,0,1,473,NULL,8,NULL,'SICORE a Pagar',NULL,0,0,0,0,0,1,1,'2020-02-06 17:23:08','2023-03-27 00:21:28',NULL),(755,0,NULL,NULL,0,1,476,NULL,6,NULL,'RECPAM',NULL,0,0,0,0,0,1,1,'2020-02-06 17:23:08','2023-03-27 00:21:28',NULL),(756,0,NULL,NULL,0,1,478,NULL,6,NULL,'CO2 - Imp. Al Carbono',NULL,0,0,0,0,0,1,1,'2020-02-06 17:23:08','2023-03-27 00:21:28',NULL);

--
-- Table structure for table `cta_cte_tesoreria_detail`
--

CREATE TABLE `cta_cte_tesoreria_detail` (
  `id` int(10) unsigned NOT NULL AUTO_INCREMENT,
  `user_id` int(10) unsigned DEFAULT NULL,
  `cta_cte_tesoreria_id` int(10) unsigned NOT NULL,
  `cta_cte_tesoreria_cuenta_id` int(10) unsigned NOT NULL,
  `person_id` int(10) unsigned DEFAULT NULL,
  `period_id` int(10) unsigned DEFAULT NULL,
  `saldo_id` int(10) unsigned NOT NULL,
  `monto` decimal(16,2) NOT NULL,
  `is_conciliado` tinyint(1) NOT NULL DEFAULT '0',
  `fecha` date DEFAULT NULL,
  `created_at` timestamp NULL DEFAULT NULL,
  `updated_at` timestamp NULL DEFAULT NULL,
  `deleted_at` timestamp NULL DEFAULT NULL,
  PRIMARY KEY (`id`),
  KEY `cta_cte_tesoreria_detail_cta_cte_tesoreria_id_foreign` (`cta_cte_tesoreria_id`),
  KEY `cta_cte_tesoreria_detail_cta_cte_tesoreria_cuenta_id_foreign` (`cta_cte_tesoreria_cuenta_id`),
  KEY `cta_cte_tesoreria_detail_person_id_foreign` (`person_id`),
  KEY `cta_cte_tesoreria_detail_period_id_foreign` (`period_id`),
  KEY `cta_cte_tesoreria_detail_saldo_id_foreign` (`saldo_id`),
  CONSTRAINT `cta_cte_tesoreria_detail_cta_cte_tesoreria_cuenta_id_foreign` FOREIGN KEY (`cta_cte_tesoreria_cuenta_id`) REFERENCES `cta_cte_tesoreria_cuentas` (`id`),
  CONSTRAINT `cta_cte_tesoreria_detail_cta_cte_tesoreria_id_foreign` FOREIGN KEY (`cta_cte_tesoreria_id`) REFERENCES `cta_cte_tesoreria` (`id`),
  CONSTRAINT `cta_cte_tesoreria_detail_period_id_foreign` FOREIGN KEY (`period_id`) REFERENCES `periods` (`id`),
  CONSTRAINT `cta_cte_tesoreria_detail_person_id_foreign` FOREIGN KEY (`person_id`) REFERENCES `persons` (`id`),
  CONSTRAINT `cta_cte_tesoreria_detail_saldo_id_foreign` FOREIGN KEY (`saldo_id`) REFERENCES `conta_tipo_saldos` (`id`)
) ENGINE=InnoDB DEFAULT CHARSET=utf8mb4 COLLATE=utf8mb4_unicode_ci;

--
-- Dumping data for table `cta_cte_tesoreria_detail`
--


--
-- Table structure for table `ctacte_bancos`
--

CREATE TABLE `ctacte_bancos` (
  `id` int(10) unsigned NOT NULL AUTO_INCREMENT,
  `user_id` int(10) unsigned DEFAULT NULL,
  `nombre` varchar(255) COLLATE utf8mb4_unicode_ci DEFAULT NULL,
  `codigoBCRA` int(11) DEFAULT NULL,
  `cuit` varchar(191) COLLATE utf8mb4_unicode_ci DEFAULT NULL,
  `created_at` timestamp NULL DEFAULT NULL,
  `updated_at` timestamp NULL DEFAULT NULL,
  `deleted_at` timestamp NULL DEFAULT NULL,
  PRIMARY KEY (`id`)
) ENGINE=InnoDB AUTO_INCREMENT=82 DEFAULT CHARSET=utf8mb4 COLLATE=utf8mb4_unicode_ci;

--
-- Dumping data for table `ctacte_bancos`
--

INSERT INTO `ctacte_bancos` VALUES (1,NULL,'BANCO DE GALICIA Y BUENOS AIRES S.A.',7,'30-50000173-5',NULL,NULL,NULL),(2,NULL,'BANCO DE LA NACION ARGENTINA',11,'30-50001091-2',NULL,NULL,NULL),(3,NULL,'BANCO DE LA PROVINCIA DE BUENOS AIRES',14,'33-99924210-9',NULL,NULL,NULL),(4,NULL,'INDUSTRIAL AND COMMERCIAL BANK OF CHINA',15,'30-70944784-6',NULL,NULL,NULL),(5,NULL,'CITIBANK N.A.',16,'30-50000562-5',NULL,NULL,NULL),(6,NULL,'BBVA BANCO FRANCES S.A.',17,'30-50000319-3',NULL,NULL,NULL),(7,NULL,'THE BANK OF TOKYO-MITSUBISHI UFJ, LTD.',18,'30-50001183-8',NULL,NULL,NULL),(8,NULL,'BANCO DE LA PROVINCIA DE CORDOBA S.A.',20,'30-99922856-5',NULL,NULL,NULL),(9,NULL,'BANCO SUPERVIELLE S.A.',27,'33-50000517-9',NULL,NULL,NULL),(10,NULL,'BANCO DE LA CIUDAD DE BUENOS AIRES',29,'30-99903208-3',NULL,NULL,NULL),(11,NULL,'BANCO PATAGONIA S.A.',34,'30-50000661-3',NULL,NULL,NULL),(12,NULL,'BANCO HIPOTECARIO S.A.',44,'30-50001107-2',NULL,NULL,NULL),(13,NULL,'BANCO DE SAN JUAN S.A.',45,'30-50000944-2',NULL,NULL,NULL),(14,NULL,'BANCO DEL TUCUMAN S.A.',60,'30-51794820-5',NULL,NULL,NULL),(15,NULL,'BANCO MUNICIPAL DE ROSARIO',65,'33-99918181-9',NULL,NULL,NULL),(16,NULL,'BANCO SANTANDER RIO S.A.',72,'30-50000845-4',NULL,NULL,NULL),(17,NULL,'BANCO DEL CHUBUT S.A.',83,'30-50001299-0',NULL,NULL,NULL),(18,NULL,'BANCO DE SANTA CRUZ S.A.',86,'30-50009880-1',NULL,NULL,NULL),(19,NULL,'BANCO DE LA PAMPA SOCIEDAD DE ECONOMÍA M',93,'30-50001251-6',NULL,NULL,NULL),(20,NULL,'BANCO DE CORRIENTES S.A.',94,'30-50001060-2',NULL,NULL,NULL),(21,NULL,'BANCO PROVINCIA DEL NEUQUÉN SOCIEDAD ANÓ',97,'30-50001404-7',NULL,NULL,NULL),(22,NULL,'BANCO INTERFINANZAS S.A.',147,'30-52271441-7',NULL,NULL,NULL),(23,NULL,'HSBC BANK ARGENTINA S.A.',150,'33-53718600-9',NULL,NULL,NULL),(24,NULL,'JPMORGAN CHASE BANK, NATIONAL ASSOCIATIO',165,'30-58313794-3',NULL,NULL,NULL),(25,NULL,'BANCO CREDICOOP COOPERATIVO LIMITADO',191,'30-57142135-2',NULL,NULL,NULL),(26,NULL,'BANCO DE VALORES S.A.',198,'30-57612427-5',NULL,NULL,NULL),(27,NULL,'BANCO ROELA S.A.',247,'30-53561044-0',NULL,NULL,NULL),(28,NULL,'BANCO MARIVA S.A.',254,'30-51642044-4',NULL,NULL,NULL),(29,NULL,'BANCO ITAU ARGENTINA S.A.',259,'30-58018941-1',NULL,NULL,NULL),(30,NULL,'BANK OF AMERICA, NATIONAL ASSOCIATION',262,'30-50005055-8',NULL,NULL,NULL),(31,NULL,'BNP PARIBAS',266,'30-58472756-6',NULL,NULL,NULL),(32,NULL,'BANCO PROVINCIA DE TIERRA DEL FUEGO',268,'30-57565578-1',NULL,NULL,NULL),(33,NULL,'BANCO DE LA REPUBLICA ORIENTAL DEL URUGU',269,'30-58833784-3',NULL,NULL,NULL),(34,NULL,'BANCO SAENZ S.A.',277,'30-53467243-4',NULL,NULL,NULL),(35,NULL,'BANCO MERIDIAN S.A.',281,'30-53448749-1',NULL,NULL,NULL),(36,NULL,'BANCO MACRO S.A.',285,'30-50001008-4',NULL,NULL,NULL),(37,NULL,'BANCO COMAFI SOCIEDAD ANONIMA',299,'30-60473101-8',NULL,NULL,NULL),(38,NULL,'BANCO DE INVERSION Y COMERCIO EXTERIOR S',300,'30-65112908-3',NULL,NULL,NULL),(39,NULL,'BANCO PIANO S.A.',301,'30-56915176-3',NULL,NULL,NULL),(40,NULL,'BANCO JULIO SOCIEDAD ANONIMA',305,'30-65744121-6',NULL,NULL,NULL),(41,NULL,'BANCO RIOJA SOCIEDAD ANONIMA UNIPERSONAL',309,'30-67185933-9',NULL,NULL,NULL),(42,NULL,'BANCO DEL SOL S.A.',310,'30-67793756-0',NULL,NULL,NULL),(43,NULL,'NUEVO BANCO DEL CHACO S. A.',311,'30-67015779-9',NULL,NULL,NULL),(44,NULL,'BANCO VOII S.A.',312,'30-54674163-6',NULL,NULL,NULL),(45,NULL,'BANCO DE FORMOSA S.A.',315,'30-67137590-0',NULL,NULL,NULL),(46,NULL,'BANCO CMF S.A.',319,'30-57661429-9',NULL,NULL,NULL),(47,NULL,'BANCO DE SANTIAGO DEL ESTERO S.A.',321,'33-68666464-9',NULL,NULL,NULL),(48,NULL,'BANCO INDUSTRIAL S.A.',322,'30-68502995-9',NULL,NULL,NULL),(49,NULL,'NUEVO BANCO DE SANTA FE SOCIEDAD ANONIMA',330,'30-69243266-1',NULL,NULL,NULL),(50,NULL,'BANCO CETELEM ARGENTINA S.A.',331,'30-69730636-2',NULL,NULL,NULL),(51,NULL,'BANCO DE SERVICIOS FINANCIEROS S.A.',332,'30-69726589-5',NULL,NULL,NULL),(52,NULL,'BANCO BRADESCO ARGENTINA S.A.U.',336,'30-70125555-7',NULL,NULL,NULL),(53,NULL,'BANCO DE SERVICIOS Y TRANSACCIONES S.A.',338,'30-70496099-5',NULL,NULL,NULL);
INSERT INTO `ctacte_bancos` VALUES (54,NULL,'RCI BANQUE S.A.',339,'30-70710834-3',NULL,NULL,NULL),(55,NULL,'BACS BANCO DE CREDITO Y SECURITIZACION S',340,'30-70722741-5',NULL,NULL,NULL),(56,NULL,'BANCO MASVENTAS S.A.',341,'30-54061826-3',NULL,NULL,NULL),(57,NULL,'BANCO WANAP S.A.',384,'30-71565463-2',NULL,NULL,NULL),(58,NULL,'NUEVO BANCO DE ENTRE RÍOS S.A.',386,'33-70799551-9',NULL,NULL,NULL),(59,NULL,'BANCO COLUMBIA S.A.',389,'30-51763749-8',NULL,NULL,NULL),(60,NULL,'BANCO BICA S.A.',426,'30-71233123-9',NULL,NULL,NULL),(61,NULL,'BANCO COINAG S.A.',431,'30-71419596-0',NULL,NULL,NULL),(62,NULL,'BANCO DE COMERCIO S.A.',432,'30-54203363-7',NULL,NULL,NULL),(63,NULL,'FORD CREDIT COMPAÑIA FINANCIERA S.A.',44059,'30-51654454-2',NULL,NULL,NULL),(64,NULL,'COMPAÑIA FINANCIERA ARGENTINA S.A.',44077,'30-53800640-4',NULL,NULL,NULL),(65,NULL,'VOLKWAGEN FINANCIAL SERVICES CIA.FIN.S.A',44088,'30-68241957-8',NULL,NULL,NULL),(66,NULL,'CORDIAL COMPAÑÍA FINANCIERA S.A.',44090,'30-70181085-2',NULL,NULL,NULL),(67,NULL,'FCA COMPAÑIA FINANCIERA S.A.',44092,'30-69230488-4',NULL,NULL,NULL),(68,NULL,'GPAT COMPAÑIA FINANCIERA S.A.',44093,'30-67856482-2',NULL,NULL,NULL),(69,NULL,'MERCEDES-BENZ COMPAÑÍA FINANCIERA ARGENT',44094,'30-70700229-4',NULL,NULL,NULL),(70,NULL,'ROMBO COMPAÑÍA FINANCIERA S.A.',44095,'33-70712490-9',NULL,NULL,NULL),(71,NULL,'JOHN DEERE CREDIT COMPAÑÍA FINANCIERA S.',44096,'30-70702485-9',NULL,NULL,NULL),(72,NULL,'PSA FINANCE ARGENTINA COMPAÑÍA FINANCIER',44098,'30-70784736-7',NULL,NULL,NULL),(73,NULL,'TOYOTA COMPAÑÍA FINANCIERA DE ARGENTINA',44099,'30-70900042-6',NULL,NULL,NULL),(74,NULL,'FINANDINO COMPAÑIA FINANCIERA S.A.',44100,'30-71259240-7',NULL,NULL,NULL),(75,NULL,'MONTEMAR COMPAÑIA FINANCIERA S.A.',45056,'30-58138551-6',NULL,NULL,NULL),(76,NULL,'MULTIFINANZAS COMPAÑIA FINANCIERA S.A.',45072,'30-62828435-7',NULL,NULL,NULL),(77,NULL,'CAJA DE CREDITO \"CUENCA\" COOPERATIVA LIM',65203,'30-71622694-4',NULL,NULL,NULL),(78,NULL,'MERCADO PAGO',NULL,NULL,NULL,NULL,NULL),(79,NULL,'UALA',NULL,NULL,NULL,NULL,NULL),(80,NULL,'ICBC',NULL,NULL,NULL,NULL,NULL),(81,NULL,'BMA SAU',NULL,NULL,NULL,NULL,NULL);

--
-- Table structure for table `ctacte_bancos_datos`
--

CREATE TABLE `ctacte_bancos_datos` (
  `id` int(10) unsigned NOT NULL AUTO_INCREMENT,
  `cuenta_conta_id` int(10) unsigned DEFAULT NULL,
  `nombre` varchar(255) COLLATE utf8mb4_unicode_ci DEFAULT NULL,
  `cuit` varchar(255) COLLATE utf8mb4_unicode_ci DEFAULT NULL,
  `titular` varchar(255) COLLATE utf8mb4_unicode_ci DEFAULT NULL,
  `cuenta` varchar(255) COLLATE utf8mb4_unicode_ci DEFAULT NULL,
  `num_cuenta` varchar(255) COLLATE utf8mb4_unicode_ci DEFAULT NULL,
  `cbu` varchar(255) COLLATE utf8mb4_unicode_ci DEFAULT NULL,
  `alias` varchar(255) COLLATE utf8mb4_unicode_ci DEFAULT NULL,
  `status` int(11) NOT NULL DEFAULT '1',
  `created_at` timestamp NULL DEFAULT NULL,
  `updated_at` timestamp NULL DEFAULT NULL,
  PRIMARY KEY (`id`),
  KEY `ctacte_bancos_datos_cuenta_conta_id_foreign` (`cuenta_conta_id`),
  CONSTRAINT `ctacte_bancos_datos_cuenta_conta_id_foreign` FOREIGN KEY (`cuenta_conta_id`) REFERENCES `conta_plan_cuenta` (`id`)
) ENGINE=InnoDB DEFAULT CHARSET=utf8mb4 COLLATE=utf8mb4_unicode_ci;

--
-- Dumping data for table `ctacte_bancos_datos`
--


--
-- Table structure for table `ctacte_cheques`
--

CREATE TABLE `ctacte_cheques` (
  `id` int(10) unsigned NOT NULL AUTO_INCREMENT,
  `user_id` int(10) unsigned DEFAULT NULL,
  `asiento_id` varchar(191) COLLATE utf8mb4_unicode_ci DEFAULT NULL,
  `cuenta_conta_id` int(10) unsigned DEFAULT NULL,
  `cta_cte_tesoreria_cuenta_id` int(10) unsigned DEFAULT NULL,
  `cta_cte_tesoreria_id` int(10) unsigned DEFAULT NULL,
  `cta_cte_tesoreria_detail_id` int(10) unsigned DEFAULT NULL,
  `cta_cte_cliente_id` int(10) unsigned DEFAULT NULL,
  `cta_cte_cliente_id2` int(10) unsigned DEFAULT NULL,
  `cta_cte_cliente_detail_id` int(10) unsigned DEFAULT NULL,
  `nf_cta_cte_id2` int(10) unsigned DEFAULT NULL,
  `nf_cta_cte_id` int(10) unsigned DEFAULT NULL,
  `monto` decimal(16,2) DEFAULT NULL,
  `cheque3ros` tinyint(1) NOT NULL DEFAULT '0',
  `cheque_emitidos` tinyint(1) NOT NULL DEFAULT '0',
  `fecha` date DEFAULT NULL,
  `fecha_cobro` date DEFAULT NULL,
  `banco_id` int(10) unsigned NOT NULL,
  `person_id` int(10) unsigned DEFAULT NULL,
  `cuit` text COLLATE utf8mb4_unicode_ci,
  `titular` varchar(255) COLLATE utf8mb4_unicode_ci DEFAULT NULL,
  `abierto_cruzado` int(11) NOT NULL DEFAULT '1',
  `is_no_a_la_orden` tinyint(1) NOT NULL DEFAULT '0',
  `numero` int(10) unsigned DEFAULT NULL,
  `foto` varchar(255) COLLATE utf8mb4_unicode_ci DEFAULT NULL,
  `comentario` varchar(255) COLLATE utf8mb4_unicode_ci DEFAULT NULL,
  `status` int(11) NOT NULL DEFAULT '1',
  `created_at` timestamp NULL DEFAULT NULL,
  `updated_at` timestamp NULL DEFAULT NULL,
  `deleted_at` timestamp NULL DEFAULT NULL,
  PRIMARY KEY (`id`),
  KEY `ctacte_cheques_asiento_id_foreign` (`asiento_id`),
  KEY `ctacte_cheques_cuenta_conta_id_foreign` (`cuenta_conta_id`),
  KEY `ctacte_cheques_banco_id_foreign` (`banco_id`),
  KEY `ctacte_cheques_person_id_foreign` (`person_id`),
  KEY `ctacte_cheques_cta_cte_cliente_id2_foreign` (`cta_cte_cliente_id2`),
  KEY `ctacte_cheques_cta_cte_cliente_id_foreign` (`cta_cte_cliente_id`),
  KEY `cta_cte_tesorer_id` (`cta_cte_tesoreria_id`),
  KEY `ctacte_cheques_nf_cta_cte_id_foreign` (`nf_cta_cte_id`),
  KEY `ctacte_cheques_nf_cta_cte_id2_foreign` (`nf_cta_cte_id2`),
  KEY `ctacte_cheques_cta_cte_tesoreria_cuenta_id_foreign` (`cta_cte_tesoreria_cuenta_id`),
  KEY `ctacte_cheques_cta_cte_cliente_detail_id_foreign` (`cta_cte_cliente_detail_id`),
  KEY `ctacte_cheques_cta_cte_tesoreria_detail_id_foreign` (`cta_cte_tesoreria_detail_id`),
  CONSTRAINT `cta_cte_tesorer_id` FOREIGN KEY (`cta_cte_tesoreria_id`) REFERENCES `cta_cte_tesoreria` (`id`),
  CONSTRAINT `ctacte_cheques_banco_id_foreign` FOREIGN KEY (`banco_id`) REFERENCES `ctacte_bancos` (`id`),
  CONSTRAINT `ctacte_cheques_cta_cte_cliente_detail_id_foreign` FOREIGN KEY (`cta_cte_cliente_detail_id`) REFERENCES `cta_cte_cliente_details` (`id`),
  CONSTRAINT `ctacte_cheques_cta_cte_cliente_id2_foreign` FOREIGN KEY (`cta_cte_cliente_id2`) REFERENCES `cta_cte_cliente` (`id`),
  CONSTRAINT `ctacte_cheques_cta_cte_cliente_id_foreign` FOREIGN KEY (`cta_cte_cliente_id`) REFERENCES `cta_cte_cliente` (`id`),
  CONSTRAINT `ctacte_cheques_cta_cte_tesoreria_cuenta_id_foreign` FOREIGN KEY (`cta_cte_tesoreria_cuenta_id`) REFERENCES `cta_cte_tesoreria_cuentas` (`id`),
  CONSTRAINT `ctacte_cheques_cta_cte_tesoreria_detail_id_foreign` FOREIGN KEY (`cta_cte_tesoreria_detail_id`) REFERENCES `cta_cte_tesoreria_detail` (`id`),
  CONSTRAINT `ctacte_cheques_cuenta_conta_id_foreign` FOREIGN KEY (`cuenta_conta_id`) REFERENCES `conta_plan_cuenta` (`id`),
  CONSTRAINT `ctacte_cheques_nf_cta_cte_id2_foreign` FOREIGN KEY (`nf_cta_cte_id2`) REFERENCES `nf_cta_cte` (`id`),
  CONSTRAINT `ctacte_cheques_nf_cta_cte_id_foreign` FOREIGN KEY (`nf_cta_cte_id`) REFERENCES `nf_cta_cte` (`id`),
  CONSTRAINT `ctacte_cheques_person_id_foreign` FOREIGN KEY (`person_id`) REFERENCES `persons` (`id`)
) ENGINE=InnoDB DEFAULT CHARSET=utf8mb4 COLLATE=utf8mb4_unicode_ci;

--
-- Dumping data for table `ctacte_cheques`
--


--
-- Table structure for table `ctactegastos_centrocosto`
--

CREATE TABLE `ctactegastos_centrocosto` (
  `id` int(10) unsigned NOT NULL AUTO_INCREMENT,
  `user_id` int(10) unsigned DEFAULT NULL,
  `nombre` varchar(255) COLLATE utf8mb4_unicode_ci NOT NULL,
  `created_at` timestamp NULL DEFAULT NULL,
  `updated_at` timestamp NULL DEFAULT NULL,
  `deleted_at` timestamp NULL DEFAULT NULL,
  PRIMARY KEY (`id`)
) ENGINE=InnoDB AUTO_INCREMENT=9 DEFAULT CHARSET=utf8mb4 COLLATE=utf8mb4_unicode_ci;

--
-- Dumping data for table `ctactegastos_centrocosto`
--

INSERT INTO `ctactegastos_centrocosto` VALUES (1,NULL,'OFICINA',NULL,NULL,NULL),(2,NULL,'FIJO',NULL,NULL,NULL),(3,NULL,'VARIABLE',NULL,NULL,NULL),(4,NULL,'GISELA',NULL,NULL,NULL),(5,NULL,'LIA',NULL,NULL,NULL),(6,NULL,'PADRES',NULL,NULL,NULL),(7,NULL,'CASA',NULL,NULL,NULL),(8,NULL,'VANESA',NULL,NULL,NULL);

--
-- Table structure for table `ctactegastos_cuenta_tipo`
--

CREATE TABLE `ctactegastos_cuenta_tipo` (
  `idCuentaTipo` int(10) unsigned NOT NULL AUTO_INCREMENT,
  `user_id` int(10) unsigned DEFAULT NULL,
  `cta_cte_tesoreria_cuenta_id` int(10) unsigned DEFAULT NULL,
  `idTipo` int(10) unsigned NOT NULL,
  `created_at` timestamp NULL DEFAULT NULL,
  `updated_at` timestamp NULL DEFAULT NULL,
  `deleted_at` timestamp NULL DEFAULT NULL,
  PRIMARY KEY (`idCuentaTipo`),
  KEY `ctactegastos_cuenta_tipo_idtipo_foreign` (`idTipo`),
  KEY `ctactegastos_cuenta_tipo_cta_cte_tesoreria_cuenta_id_foreign` (`cta_cte_tesoreria_cuenta_id`),
  CONSTRAINT `ctactegastos_cuenta_tipo_cta_cte_tesoreria_cuenta_id_foreign` FOREIGN KEY (`cta_cte_tesoreria_cuenta_id`) REFERENCES `cta_cte_tesoreria_cuentas` (`id`),
  CONSTRAINT `ctactegastos_cuenta_tipo_idtipo_foreign` FOREIGN KEY (`idTipo`) REFERENCES `ctactegastos_tiposdegastos` (`id`)
) ENGINE=InnoDB AUTO_INCREMENT=18 DEFAULT CHARSET=utf8mb4 COLLATE=utf8mb4_unicode_ci;

--
-- Dumping data for table `ctactegastos_cuenta_tipo`
--

INSERT INTO `ctactegastos_cuenta_tipo` VALUES (1,NULL,NULL,3,NULL,NULL,NULL),(2,NULL,NULL,6,NULL,NULL,NULL),(3,NULL,NULL,3,NULL,NULL,NULL),(4,NULL,NULL,4,NULL,NULL,NULL),(5,NULL,NULL,5,NULL,NULL,NULL),(6,NULL,NULL,3,NULL,NULL,NULL),(7,NULL,NULL,4,NULL,NULL,NULL),(8,NULL,NULL,3,NULL,NULL,NULL),(9,NULL,NULL,4,NULL,NULL,NULL),(10,NULL,NULL,7,NULL,NULL,NULL),(11,NULL,NULL,8,NULL,NULL,NULL),(12,NULL,NULL,3,NULL,NULL,NULL),(13,NULL,NULL,3,NULL,NULL,NULL),(14,NULL,NULL,4,NULL,NULL,NULL),(15,NULL,NULL,1,NULL,NULL,NULL),(16,NULL,NULL,2,NULL,NULL,NULL),(17,NULL,NULL,5,NULL,NULL,NULL);

--
-- Table structure for table `ctactegastos_mensuales`
--

CREATE TABLE `ctactegastos_mensuales` (
  `id` int(10) unsigned NOT NULL AUTO_INCREMENT,
  `user_id` int(10) unsigned DEFAULT NULL,
  `CuentaTipo_id` int(10) unsigned NOT NULL,
  `cta_cte_tesoreria_cuenta_id` int(10) unsigned NOT NULL DEFAULT '13',
  `TipoDeGasto_id` int(10) unsigned NOT NULL,
  `CentroCosto_id` int(10) unsigned NOT NULL,
  `gasto_cta_cte_tesoreria_cuenta_id` int(10) unsigned NOT NULL DEFAULT '13',
  `monto` decimal(16,2) DEFAULT NULL,
  `comentario` varchar(255) COLLATE utf8mb4_unicode_ci DEFAULT NULL,
  `status` int(11) NOT NULL DEFAULT '1',
  `created_at` timestamp NULL DEFAULT NULL,
  `updated_at` timestamp NULL DEFAULT NULL,
  `deleted_at` timestamp NULL DEFAULT NULL,
  PRIMARY KEY (`id`),
  KEY `ctactegastos_mensuales_cuentatipo_id_foreign` (`CuentaTipo_id`),
  KEY `ctactegastos_mensuales_tipodegasto_id_foreign` (`TipoDeGasto_id`),
  KEY `ctactegastos_mensuales_centrocosto_id_foreign` (`CentroCosto_id`),
  KEY `ctactegastos_mensuales_cta_cte_tesoreria_cuenta_id_foreign` (`cta_cte_tesoreria_cuenta_id`),
  KEY `ctactegastos_mensuales_gasto_cta_cte_tesoreria_cuenta_id_foreign` (`gasto_cta_cte_tesoreria_cuenta_id`),
  CONSTRAINT `ctactegastos_mensuales_centrocosto_id_foreign` FOREIGN KEY (`CentroCosto_id`) REFERENCES `ctactegastos_centrocosto` (`id`),
  CONSTRAINT `ctactegastos_mensuales_cta_cte_tesoreria_cuenta_id_foreign` FOREIGN KEY (`cta_cte_tesoreria_cuenta_id`) REFERENCES `cta_cte_tesoreria_cuentas` (`id`),
  CONSTRAINT `ctactegastos_mensuales_cuentatipo_id_foreign` FOREIGN KEY (`CuentaTipo_id`) REFERENCES `ctactegastos_cuenta_tipo` (`idCuentaTipo`),
  CONSTRAINT `ctactegastos_mensuales_gasto_cta_cte_tesoreria_cuenta_id_foreign` FOREIGN KEY (`gasto_cta_cte_tesoreria_cuenta_id`) REFERENCES `cta_cte_tesoreria_cuentas` (`id`),
  CONSTRAINT `ctactegastos_mensuales_tipodegasto_id_foreign` FOREIGN KEY (`TipoDeGasto_id`) REFERENCES `ctactegastos_tiposdegastos` (`id`)
) ENGINE=InnoDB DEFAULT CHARSET=utf8mb4 COLLATE=utf8mb4_unicode_ci;

--
-- Dumping data for table `ctactegastos_mensuales`
--


--
-- Table structure for table `ctactegastos_tiposdegastos`
--

CREATE TABLE `ctactegastos_tiposdegastos` (
  `id` int(10) unsigned NOT NULL AUTO_INCREMENT,
  `user_id` int(10) unsigned DEFAULT NULL,
  `nombre` varchar(255) COLLATE utf8mb4_unicode_ci DEFAULT NULL,
  `created_at` timestamp NULL DEFAULT NULL,
  `updated_at` timestamp NULL DEFAULT NULL,
  `deleted_at` timestamp NULL DEFAULT NULL,
  PRIMARY KEY (`id`)
) ENGINE=InnoDB AUTO_INCREMENT=11 DEFAULT CHARSET=utf8mb4 COLLATE=utf8mb4_unicode_ci;

--
-- Dumping data for table `ctactegastos_tiposdegastos`
--

INSERT INTO `ctactegastos_tiposdegastos` VALUES (1,NULL,'Oficina',NULL,NULL,NULL),(2,NULL,'Personales',NULL,NULL,NULL),(3,NULL,'Tarjeta VISA',NULL,NULL,NULL),(4,NULL,'Tarjeta Mastercard',NULL,NULL,NULL),(5,NULL,'Debito Automatico',NULL,NULL,NULL),(6,NULL,'American Express',NULL,NULL,NULL),(7,NULL,'Tarjeta Shopping',NULL,NULL,NULL),(8,NULL,'Tarjeta Cencosud',NULL,NULL,NULL),(9,NULL,'Tarjeta Coto',NULL,NULL,NULL),(10,NULL,'Tarjeta Nativa',NULL,NULL,NULL);

--
-- Table structure for table `cursos`
--

CREATE TABLE `cursos` (
  `id` int(10) unsigned NOT NULL AUTO_INCREMENT,
  `nombre` varchar(191) COLLATE utf8mb4_unicode_ci NOT NULL,
  `descripcion` longtext COLLATE utf8mb4_unicode_ci NOT NULL,
  `fecha` date DEFAULT NULL,
  `hora` varchar(191) COLLATE utf8mb4_unicode_ci DEFAULT NULL,
  `profesor` varchar(191) COLLATE utf8mb4_unicode_ci DEFAULT NULL,
  `cant_clases` varchar(191) COLLATE utf8mb4_unicode_ci DEFAULT NULL,
  `duracion` varchar(191) COLLATE utf8mb4_unicode_ci DEFAULT NULL,
  `adjuntos` varchar(191) COLLATE utf8mb4_unicode_ci DEFAULT NULL,
  `link_zoom` longtext COLLATE utf8mb4_unicode_ci,
  `cod_zoom` varchar(191) COLLATE utf8mb4_unicode_ci DEFAULT NULL,
  `contraseña_zoom` varchar(191) COLLATE utf8mb4_unicode_ci DEFAULT NULL,
  `link_youtube` varchar(191) COLLATE utf8mb4_unicode_ci DEFAULT NULL,
  `materiales` varchar(191) COLLATE utf8mb4_unicode_ci DEFAULT NULL,
  `habilitado` tinyint(1) NOT NULL DEFAULT '1',
  `created_at` timestamp NULL DEFAULT NULL,
  `updated_at` timestamp NULL DEFAULT NULL,
  `deleted_at` timestamp NULL DEFAULT NULL,
  PRIMARY KEY (`id`)
) ENGINE=InnoDB DEFAULT CHARSET=utf8mb4 COLLATE=utf8mb4_unicode_ci;

--
-- Dumping data for table `cursos`
--


--
-- Table structure for table `cursos_detail`
--

CREATE TABLE `cursos_detail` (
  `id` int(10) unsigned NOT NULL AUTO_INCREMENT,
  `curso_id` int(10) unsigned NOT NULL,
  `field_name1` varchar(191) COLLATE utf8mb4_unicode_ci NOT NULL,
  `email` varchar(191) COLLATE utf8mb4_unicode_ci NOT NULL,
  `celular` int(11) NOT NULL,
  `created_at` timestamp NULL DEFAULT NULL,
  `updated_at` timestamp NULL DEFAULT NULL,
  `deleted_at` timestamp NULL DEFAULT NULL,
  PRIMARY KEY (`id`),
  KEY `cursos_detail_curso_id_foreign` (`curso_id`),
  CONSTRAINT `cursos_detail_curso_id_foreign` FOREIGN KEY (`curso_id`) REFERENCES `cursos` (`id`)
) ENGINE=InnoDB DEFAULT CHARSET=utf8mb4 COLLATE=utf8mb4_unicode_ci;

--
-- Dumping data for table `cursos_detail`
--


--
-- Table structure for table `data_types`
--

CREATE TABLE `data_types` (
  `id` int(10) unsigned NOT NULL AUTO_INCREMENT,
  `description` varchar(180) COLLATE utf8mb4_unicode_ci NOT NULL,
  `class` int(10) unsigned NOT NULL,
  `class_description` varchar(180) COLLATE utf8mb4_unicode_ci NOT NULL,
  `data_type` varchar(100) COLLATE utf8mb4_unicode_ci NOT NULL,
  `path` varchar(255) COLLATE utf8mb4_unicode_ci DEFAULT NULL,
  `created_at` timestamp NULL DEFAULT NULL,
  `updated_at` timestamp NULL DEFAULT NULL,
  PRIMARY KEY (`id`),
  UNIQUE KEY `data_types_description_unique` (`description`)
) ENGINE=InnoDB AUTO_INCREMENT=9 DEFAULT CHARSET=utf8mb4 COLLATE=utf8mb4_unicode_ci;

--
-- Dumping data for table `data_types`
--

INSERT INTO `data_types` VALUES (1,'Comprobantes XLS',1,'Importación','XLS','data/imports/receipts/xls',NULL,NULL),(2,'CITI-Ventas',1,'Importación','TXT','data/imports/receipts/CitiVentas',NULL,NULL),(3,'CITI Compras',2,'Exportación','TXT','data/exports/receipts/citi',NULL,NULL),(4,'CITI Ventas',2,'Exportación','TXT','data/exports/receipts/CitiVentasExport',NULL,NULL),(5,'Convenio Multilateral',2,'Exportación','TXT','data/exports/receipts/convenio',NULL,NULL),(6,'Libro IVA Digital',2,'Exportación','TXT','data/exports/receipts/libro_iva_digital',NULL,'2019-11-20 21:43:44'),(7,'Mis Comprobantes',1,'Importacion','','data/imports/receipts/mis_comprobantes',NULL,NULL),(8,'Consulta AFIP',3,'AFIP','','data/afip/index','2019-12-06 14:49:55','2019-12-06 14:49:55');

--
-- Table structure for table `dc_estados`
--

CREATE TABLE `dc_estados` (
  `id` bigint(20) unsigned NOT NULL AUTO_INCREMENT,
  `user_id` int(10) unsigned DEFAULT NULL,
  `descripcion` text COLLATE utf8mb4_unicode_ci NOT NULL,
  `habilitado` tinyint(1) NOT NULL DEFAULT '1',
  `created_at` timestamp NULL DEFAULT NULL,
  `updated_at` timestamp NULL DEFAULT NULL,
  `deleted_at` timestamp NULL DEFAULT NULL,
  PRIMARY KEY (`id`)
) ENGINE=InnoDB AUTO_INCREMENT=6 DEFAULT CHARSET=utf8mb4 COLLATE=utf8mb4_unicode_ci;

--
-- Dumping data for table `dc_estados`
--

INSERT INTO `dc_estados` VALUES (1,NULL,'BORRADOR',1,NULL,'2023-08-07 00:01:56',NULL),(2,NULL,'TERMINADO',1,NULL,'2023-08-07 00:01:56',NULL),(3,NULL,'ELIMINADO',1,NULL,'2023-08-13 09:18:56',NULL),(4,NULL,'PAGADO',1,NULL,'2023-08-07 00:01:56','2023-08-07 00:01:56'),(5,NULL,'CONCILIADO',1,NULL,'2023-08-07 00:01:56','2023-08-07 00:01:56');

--
-- Table structure for table `dc_estados_decisiones`
--

CREATE TABLE `dc_estados_decisiones` (
  `id` bigint(20) unsigned NOT NULL AUTO_INCREMENT,
  `user_id` int(10) unsigned DEFAULT NULL,
  `dc_orden_tipo_id` bigint(20) unsigned NOT NULL,
  `descripcion` varchar(191) COLLATE utf8mb4_unicode_ci NOT NULL,
  `habilitado` tinyint(1) NOT NULL DEFAULT '1',
  `created_at` timestamp NULL DEFAULT NULL,
  `updated_at` timestamp NULL DEFAULT NULL,
  `deleted_at` timestamp NULL DEFAULT NULL,
  PRIMARY KEY (`id`),
  KEY `dc_estados_decisiones_dc_orden_tipo_id_foreign` (`dc_orden_tipo_id`),
  CONSTRAINT `dc_estados_decisiones_dc_orden_tipo_id_foreign` FOREIGN KEY (`dc_orden_tipo_id`) REFERENCES `dc_ordenes_tipos` (`id`)
) ENGINE=InnoDB AUTO_INCREMENT=5 DEFAULT CHARSET=utf8mb4 COLLATE=utf8mb4_unicode_ci;

--
-- Dumping data for table `dc_estados_decisiones`
--

INSERT INTO `dc_estados_decisiones` VALUES (1,NULL,3,'Pendiente',1,NULL,NULL,NULL),(2,NULL,3,'Aprobado',1,NULL,NULL,NULL),(3,NULL,3,'Rechazado',1,NULL,NULL,NULL),(4,NULL,3,'Cancelado',1,NULL,NULL,NULL);

--
-- Table structure for table `dc_firmas`
--

CREATE TABLE `dc_firmas` (
  `id` bigint(20) unsigned NOT NULL AUTO_INCREMENT,
  `user_id` int(10) unsigned DEFAULT NULL,
  `descripcion` text COLLATE utf8mb4_unicode_ci NOT NULL,
  `show_firmante_dc` tinyint(1) NOT NULL DEFAULT '0',
  `show_create_dc` tinyint(1) NOT NULL DEFAULT '0',
  `faltan_firmas` tinyint(1) NOT NULL DEFAULT '0',
  `habilitado` tinyint(1) NOT NULL DEFAULT '1',
  `created_at` timestamp NULL DEFAULT NULL,
  `updated_at` timestamp NULL DEFAULT NULL,
  `deleted_at` timestamp NULL DEFAULT NULL,
  PRIMARY KEY (`id`)
) ENGINE=InnoDB AUTO_INCREMENT=6 DEFAULT CHARSET=utf8mb4 COLLATE=utf8mb4_unicode_ci;

--
-- Dumping data for table `dc_firmas`
--

INSERT INTO `dc_firmas` VALUES (1,NULL,'NO',1,1,0,1,NULL,'2023-08-07 00:01:56',NULL),(2,NULL,'RECHAZADO',1,1,0,1,NULL,'2023-08-07 00:01:56',NULL),(3,NULL,'ACEPTADO',1,0,0,1,NULL,'2023-08-07 00:01:56',NULL),(4,NULL,'FALTAN FIRMAS',0,0,1,1,'2023-08-07 00:01:56','2023-08-07 00:01:56',NULL),(5,NULL,'EMITIDO',1,0,0,1,'2023-10-12 08:09:27','2023-10-12 08:09:27',NULL);

--
-- Table structure for table `dc_firmas_ordenes`
--

CREATE TABLE `dc_firmas_ordenes` (
  `id` bigint(20) unsigned NOT NULL AUTO_INCREMENT,
  `user_id` int(10) unsigned DEFAULT NULL,
  `person_id` int(10) unsigned NOT NULL,
  `dc_orden_id` bigint(20) unsigned NOT NULL,
  `user_id_que_firma` int(10) unsigned NOT NULL,
  `dc_firma_id` bigint(20) unsigned NOT NULL,
  `created_at` timestamp NULL DEFAULT NULL,
  `updated_at` timestamp NULL DEFAULT NULL,
  `deleted_at` timestamp NULL DEFAULT NULL,
  PRIMARY KEY (`id`),
  KEY `dc_firmas_ordenes_person_id_foreign` (`person_id`),
  KEY `dc_firmas_ordenes_dc_orden_id_foreign` (`dc_orden_id`),
  KEY `dc_firmas_ordenes_dc_firma_id_foreign` (`dc_firma_id`),
  CONSTRAINT `dc_firmas_ordenes_dc_firma_id_foreign` FOREIGN KEY (`dc_firma_id`) REFERENCES `dc_firmas` (`id`),
  CONSTRAINT `dc_firmas_ordenes_dc_orden_id_foreign` FOREIGN KEY (`dc_orden_id`) REFERENCES `dc_ordenes` (`id`),
  CONSTRAINT `dc_firmas_ordenes_person_id_foreign` FOREIGN KEY (`person_id`) REFERENCES `persons` (`id`)
) ENGINE=InnoDB DEFAULT CHARSET=utf8mb4 COLLATE=utf8mb4_unicode_ci;

--
-- Dumping data for table `dc_firmas_ordenes`
--


--
-- Table structure for table `dc_firmas_reglas`
--

CREATE TABLE `dc_firmas_reglas` (
  `id` bigint(20) unsigned NOT NULL AUTO_INCREMENT,
  `user_id` int(10) unsigned DEFAULT NULL,
  `person_id` int(10) unsigned NOT NULL,
  `dc_orden_id` bigint(20) unsigned NOT NULL,
  `importe` decimal(16,2) NOT NULL,
  `grupos_users_ids` longtext COLLATE utf8mb4_unicode_ci,
  `created_at` timestamp NULL DEFAULT NULL,
  `updated_at` timestamp NULL DEFAULT NULL,
  `deleted_at` timestamp NULL DEFAULT NULL,
  PRIMARY KEY (`id`),
  KEY `dc_firmas_reglas_person_id_foreign` (`person_id`),
  KEY `dc_firmas_reglas_dc_orden_id_foreign` (`dc_orden_id`),
  CONSTRAINT `dc_firmas_reglas_dc_orden_id_foreign` FOREIGN KEY (`dc_orden_id`) REFERENCES `dc_ordenes` (`id`),
  CONSTRAINT `dc_firmas_reglas_person_id_foreign` FOREIGN KEY (`person_id`) REFERENCES `persons` (`id`)
) ENGINE=InnoDB DEFAULT CHARSET=utf8mb4 COLLATE=utf8mb4_unicode_ci;

--
-- Dumping data for table `dc_firmas_reglas`
--


--
-- Table structure for table `dc_orden_de_pago`
--

CREATE TABLE `dc_orden_de_pago` (
  `id` bigint(20) unsigned NOT NULL AUTO_INCREMENT,
  `user_id` int(10) unsigned DEFAULT NULL,
  `fecha` datetime NOT NULL DEFAULT '2023-09-28 16:32:33',
  `dc_orden_id` bigint(20) unsigned NOT NULL DEFAULT '10',
  `person_id` int(10) unsigned NOT NULL,
  `person_id_relationed` int(10) unsigned NOT NULL,
  `request` longtext COLLATE utf8mb4_unicode_ci NOT NULL,
  `dc_estado_id` bigint(20) unsigned NOT NULL DEFAULT '1',
  `dc_firma_id` bigint(20) unsigned NOT NULL DEFAULT '1',
  `created_at` timestamp NULL DEFAULT NULL,
  `updated_at` timestamp NULL DEFAULT NULL,
  `deleted_at` timestamp NULL DEFAULT NULL,
  PRIMARY KEY (`id`),
  KEY `dc_orden_de_pago_person_id_foreign` (`person_id`),
  KEY `dc_orden_de_pago_person_id_relationed_foreign` (`person_id_relationed`),
  KEY `dc_orden_de_pago_dc_orden_id_foreign` (`dc_orden_id`),
  KEY `dc_orden_de_pago_dc_firma_id_foreign` (`dc_firma_id`),
  KEY `dc_orden_de_pago_dc_estado_id_foreign` (`dc_estado_id`),
  CONSTRAINT `dc_orden_de_pago_dc_estado_id_foreign` FOREIGN KEY (`dc_estado_id`) REFERENCES `dc_estados` (`id`),
  CONSTRAINT `dc_orden_de_pago_dc_firma_id_foreign` FOREIGN KEY (`dc_firma_id`) REFERENCES `dc_firmas` (`id`),
  CONSTRAINT `dc_orden_de_pago_dc_orden_id_foreign` FOREIGN KEY (`dc_orden_id`) REFERENCES `dc_ordenes` (`id`),
  CONSTRAINT `dc_orden_de_pago_person_id_foreign` FOREIGN KEY (`person_id`) REFERENCES `persons` (`id`),
  CONSTRAINT `dc_orden_de_pago_person_id_relationed_foreign` FOREIGN KEY (`person_id_relationed`) REFERENCES `persons` (`id`)
) ENGINE=InnoDB DEFAULT CHARSET=utf8mb4 COLLATE=utf8mb4_unicode_ci;

--
-- Dumping data for table `dc_orden_de_pago`
--


--
-- Table structure for table `dc_orden_de_pago_cheques`
--

CREATE TABLE `dc_orden_de_pago_cheques` (
  `id` bigint(20) unsigned NOT NULL AUTO_INCREMENT,
  `user_id` int(10) unsigned DEFAULT NULL,
  `dc_orden_de_pago_id` bigint(20) unsigned NOT NULL,
  `ctacte_cheque_id` int(10) unsigned NOT NULL,
  `created_at` timestamp NULL DEFAULT NULL,
  `updated_at` timestamp NULL DEFAULT NULL,
  `deleted_at` timestamp NULL DEFAULT NULL,
  PRIMARY KEY (`id`),
  KEY `dc_orden_de_pago_cheques_dc_orden_de_pago_id_foreign` (`dc_orden_de_pago_id`),
  KEY `dc_orden_de_pago_cheques_ctacte_cheque_id_foreign` (`ctacte_cheque_id`),
  CONSTRAINT `dc_orden_de_pago_cheques_ctacte_cheque_id_foreign` FOREIGN KEY (`ctacte_cheque_id`) REFERENCES `ctacte_cheques` (`id`),
  CONSTRAINT `dc_orden_de_pago_cheques_dc_orden_de_pago_id_foreign` FOREIGN KEY (`dc_orden_de_pago_id`) REFERENCES `dc_orden_de_pago` (`id`)
) ENGINE=InnoDB DEFAULT CHARSET=utf8mb4 COLLATE=utf8mb4_unicode_ci;

--
-- Dumping data for table `dc_orden_de_pago_cheques`
--


--
-- Table structure for table `dc_orden_de_pago_receipts`
--

CREATE TABLE `dc_orden_de_pago_receipts` (
  `id` bigint(20) unsigned NOT NULL AUTO_INCREMENT,
  `user_id` int(10) unsigned DEFAULT NULL,
  `dc_orden_de_pago_id` bigint(20) unsigned NOT NULL,
  `receipt_id` int(10) unsigned DEFAULT NULL,
  `importe` decimal(16,2) NOT NULL,
  `created_at` timestamp NULL DEFAULT NULL,
  `updated_at` timestamp NULL DEFAULT NULL,
  `deleted_at` timestamp NULL DEFAULT NULL,
  PRIMARY KEY (`id`),
  KEY `dc_orden_de_pago_receipts_dc_orden_de_pago_id_foreign` (`dc_orden_de_pago_id`),
  KEY `dc_orden_de_pago_receipts_receipt_id_foreign` (`receipt_id`),
  CONSTRAINT `dc_orden_de_pago_receipts_dc_orden_de_pago_id_foreign` FOREIGN KEY (`dc_orden_de_pago_id`) REFERENCES `dc_orden_de_pago` (`id`),
  CONSTRAINT `dc_orden_de_pago_receipts_receipt_id_foreign` FOREIGN KEY (`receipt_id`) REFERENCES `receipts` (`id`)
) ENGINE=InnoDB DEFAULT CHARSET=utf8mb4 COLLATE=utf8mb4_unicode_ci;

--
-- Dumping data for table `dc_orden_de_pago_receipts`
--


--
-- Table structure for table `dc_orden_files`
--

CREATE TABLE `dc_orden_files` (
  `id` bigint(20) unsigned NOT NULL AUTO_INCREMENT,
  `user_id` int(10) unsigned DEFAULT NULL,
  `dc_orden_id` bigint(20) unsigned NOT NULL,
  `file` text COLLATE utf8mb4_unicode_ci NOT NULL,
  `original_name` text COLLATE utf8mb4_unicode_ci,
  `created_at` timestamp NULL DEFAULT NULL,
  `updated_at` timestamp NULL DEFAULT NULL,
  `deleted_at` timestamp NULL DEFAULT NULL,
  PRIMARY KEY (`id`),
  KEY `dc_orden_files_dc_orden_id_foreign` (`dc_orden_id`),
  CONSTRAINT `dc_orden_files_dc_orden_id_foreign` FOREIGN KEY (`dc_orden_id`) REFERENCES `dc_ordenes` (`id`)
) ENGINE=InnoDB DEFAULT CHARSET=utf8mb4 COLLATE=utf8mb4_unicode_ci;

--
-- Dumping data for table `dc_orden_files`
--


--
-- Table structure for table `dc_ordenes`
--

CREATE TABLE `dc_ordenes` (
  `id` bigint(20) unsigned NOT NULL AUTO_INCREMENT,
  `user_id` int(10) unsigned DEFAULT NULL,
  `dc_orden_tipo_id` bigint(20) unsigned NOT NULL,
  `person_id` int(10) unsigned NOT NULL,
  `person_id_relationed` int(10) unsigned DEFAULT NULL,
  `titulo` text COLLATE utf8mb4_unicode_ci,
  `sucursal` int(11) NOT NULL DEFAULT '1',
  `numero` int(11) NOT NULL,
  `numero_text` varchar(255) COLLATE utf8mb4_unicode_ci DEFAULT NULL,
  `sector` varchar(191) COLLATE utf8mb4_unicode_ci DEFAULT NULL,
  `solicitante` varchar(191) COLLATE utf8mb4_unicode_ci DEFAULT NULL,
  `syj_empleado_id` int(10) unsigned DEFAULT NULL,
  `fecha` date NOT NULL,
  `fecha_entrega` date DEFAULT NULL,
  `fecha_asignacion` datetime DEFAULT NULL,
  `fecha_cumplido` datetime DEFAULT NULL,
  `condicion_venta_id` int(10) unsigned DEFAULT NULL,
  `is_pago_adelantado` tinyint(1) DEFAULT NULL,
  `is_garantia` tinyint(1) NOT NULL DEFAULT '0',
  `forma_de_entrega_id` int(10) unsigned DEFAULT NULL,
  `plazo_de_pago_id` int(10) unsigned DEFAULT NULL,
  `cantidades` decimal(16,2) NOT NULL,
  `moneda_id` int(10) unsigned NOT NULL DEFAULT '1',
  `cotizacion` decimal(16,2) NOT NULL DEFAULT '1.00',
  `neto` decimal(16,2) NOT NULL,
  `iva` decimal(16,2) NOT NULL,
  `total` decimal(16,2) NOT NULL,
  `facturada` decimal(16,2) NOT NULL DEFAULT '0.00',
  `is_pagada` tinyint(1) NOT NULL,
  `garantia` varchar(100) COLLATE utf8mb4_unicode_ci DEFAULT NULL,
  `mant_oferta` varchar(100) COLLATE utf8mb4_unicode_ci DEFAULT NULL,
  `comen_para_cliente` text COLLATE utf8mb4_unicode_ci,
  `comentario` longtext COLLATE utf8mb4_unicode_ci NOT NULL,
  `dc_ov_origen_id` bigint(20) unsigned DEFAULT NULL,
  `dc_ov_status_cobranza_id` bigint(20) unsigned DEFAULT NULL,
  `dc_ov_status_factura_id` bigint(20) unsigned DEFAULT NULL,
  `dc_ov_status_entrega_id` bigint(20) unsigned DEFAULT NULL,
  `dc_ov_status_venta_id` bigint(20) unsigned DEFAULT NULL,
  `dc_estado_id` bigint(20) unsigned NOT NULL,
  `dc_estado_decision_id` bigint(20) unsigned DEFAULT NULL,
  `inv_orden_trabajo_id` bigint(20) unsigned DEFAULT NULL,
  `conta_cc_id` bigint(20) unsigned DEFAULT NULL,
  `origendestinoable_type` text COLLATE utf8mb4_unicode_ci,
  `origendestinoable_id` int(10) unsigned DEFAULT NULL,
  `is_multiples_ot` tinyint(1) unsigned NOT NULL DEFAULT '0',
  `dc_orden_origen_destino_id` bigint(20) unsigned DEFAULT NULL,
  `is_completado` tinyint(1) NOT NULL DEFAULT '0',
  `is_credit` tinyint(1) DEFAULT NULL,
  `dc_firma_id` bigint(20) unsigned NOT NULL DEFAULT '1',
  `created_at` timestamp NULL DEFAULT NULL,
  `updated_at` timestamp NULL DEFAULT NULL,
  `deleted_at` timestamp NULL DEFAULT NULL,
  PRIMARY KEY (`id`),
  KEY `dc_ordenes_dc_orden_tipo_id_foreign` (`dc_orden_tipo_id`),
  KEY `dc_ordenes_person_id_foreign` (`person_id`),
  KEY `dc_ordenes_person_id_relationed_foreign` (`person_id_relationed`),
  KEY `dc_ordenes_dc_estado_id_foreign` (`dc_estado_id`),
  KEY `dc_ordenes_conta_cc_id_foreign` (`conta_cc_id`),
  KEY `dc_ordenes_inv_orden_trabajo_id_foreign` (`inv_orden_trabajo_id`),
  KEY `dc_ordenes_dc_orden_origen_destino_id_foreign` (`dc_orden_origen_destino_id`),
  KEY `dc_ordenes_moneda_id_foreign` (`moneda_id`),
  KEY `dc_ordenes_dc_firma_id_foreign` (`dc_firma_id`),
  KEY `dc_ordenes_syj_empleado_id_foreign` (`syj_empleado_id`),
  KEY `dc_ordenes_dc_estado_decision_id_foreign` (`dc_estado_decision_id`),
  KEY `dc_ordenes_dc_ov_origen_id_foreign` (`dc_ov_origen_id`),
  KEY `dc_ordenes_dc_ov_status_venta_id_foreign` (`dc_ov_status_venta_id`),
  KEY `dc_ordenes_dc_ov_status_entrega_id_foreign` (`dc_ov_status_entrega_id`),
  KEY `dc_ordenes_dc_ov_status_factura_id_foreign` (`dc_ov_status_factura_id`),
  KEY `dc_ordenes_dc_ov_status_cobranza_id_foreign` (`dc_ov_status_cobranza_id`),
  CONSTRAINT `dc_ordenes_conta_cc_id_foreign` FOREIGN KEY (`conta_cc_id`) REFERENCES `conta_centro_costos` (`id`),
  CONSTRAINT `dc_ordenes_dc_estado_decision_id_foreign` FOREIGN KEY (`dc_estado_decision_id`) REFERENCES `dc_estados_decisiones` (`id`),
  CONSTRAINT `dc_ordenes_dc_estado_id_foreign` FOREIGN KEY (`dc_estado_id`) REFERENCES `dc_estados` (`id`),
  CONSTRAINT `dc_ordenes_dc_firma_id_foreign` FOREIGN KEY (`dc_firma_id`) REFERENCES `dc_firmas` (`id`),
  CONSTRAINT `dc_ordenes_dc_orden_origen_destino_id_foreign` FOREIGN KEY (`dc_orden_origen_destino_id`) REFERENCES `dc_ordenes_origen_destino` (`id`),
  CONSTRAINT `dc_ordenes_dc_orden_tipo_id_foreign` FOREIGN KEY (`dc_orden_tipo_id`) REFERENCES `dc_ordenes_tipos` (`id`),
  CONSTRAINT `dc_ordenes_dc_ov_origen_id_foreign` FOREIGN KEY (`dc_ov_origen_id`) REFERENCES `dc_ov_origenes` (`id`),
  CONSTRAINT `dc_ordenes_dc_ov_status_cobranza_id_foreign` FOREIGN KEY (`dc_ov_status_cobranza_id`) REFERENCES `dc_ov_status_cobranza` (`id`),
  CONSTRAINT `dc_ordenes_dc_ov_status_entrega_id_foreign` FOREIGN KEY (`dc_ov_status_entrega_id`) REFERENCES `dc_ov_status_entrega` (`id`),
  CONSTRAINT `dc_ordenes_dc_ov_status_factura_id_foreign` FOREIGN KEY (`dc_ov_status_factura_id`) REFERENCES `dc_ov_status_factura` (`id`),
  CONSTRAINT `dc_ordenes_dc_ov_status_venta_id_foreign` FOREIGN KEY (`dc_ov_status_venta_id`) REFERENCES `dc_ov_status_venta` (`id`),
  CONSTRAINT `dc_ordenes_inv_orden_trabajo_id_foreign` FOREIGN KEY (`inv_orden_trabajo_id`) REFERENCES `inv_orden_trabajos` (`id`),
  CONSTRAINT `dc_ordenes_moneda_id_foreign` FOREIGN KEY (`moneda_id`) REFERENCES `monedas` (`id`),
  CONSTRAINT `dc_ordenes_person_id_foreign` FOREIGN KEY (`person_id`) REFERENCES `persons` (`id`),
  CONSTRAINT `dc_ordenes_person_id_relationed_foreign` FOREIGN KEY (`person_id_relationed`) REFERENCES `persons` (`id`),
  CONSTRAINT `dc_ordenes_syj_empleado_id_foreign` FOREIGN KEY (`syj_empleado_id`) REFERENCES `syj_empleados` (`id`)
) ENGINE=InnoDB DEFAULT CHARSET=utf8mb4 COLLATE=utf8mb4_unicode_ci;

--
-- Dumping data for table `dc_ordenes`
--


--
-- Table structure for table `dc_ordenes_compra_coti`
--

CREATE TABLE `dc_ordenes_compra_coti` (
  `id` int(10) unsigned NOT NULL AUTO_INCREMENT,
  `user_id` int(10) unsigned DEFAULT NULL,
  `dc_orden_id` bigint(20) unsigned NOT NULL,
  `dc_orden_coti_id` bigint(20) unsigned NOT NULL,
  `created_at` timestamp NULL DEFAULT NULL,
  `updated_at` timestamp NULL DEFAULT NULL,
  `deleted_at` timestamp NULL DEFAULT NULL,
  PRIMARY KEY (`id`),
  KEY `dc_ordenes_compra_coti_dc_orden_id_foreign` (`dc_orden_id`),
  KEY `dc_ordenes_compra_coti_dc_orden_coti_id_foreign` (`dc_orden_coti_id`),
  CONSTRAINT `dc_ordenes_compra_coti_dc_orden_coti_id_foreign` FOREIGN KEY (`dc_orden_coti_id`) REFERENCES `dc_ordenes` (`id`),
  CONSTRAINT `dc_ordenes_compra_coti_dc_orden_id_foreign` FOREIGN KEY (`dc_orden_id`) REFERENCES `dc_ordenes` (`id`)
) ENGINE=InnoDB DEFAULT CHARSET=utf8mb4 COLLATE=utf8mb4_unicode_ci;

--
-- Dumping data for table `dc_ordenes_compra_coti`
--


--
-- Table structure for table `dc_ordenes_compra_req`
--

CREATE TABLE `dc_ordenes_compra_req` (
  `id` int(10) unsigned NOT NULL AUTO_INCREMENT,
  `user_id` int(10) unsigned DEFAULT NULL,
  `dc_orden_id` bigint(20) unsigned NOT NULL,
  `dc_orden_detail_id` bigint(20) unsigned NOT NULL,
  `dc_orden_req_id` bigint(20) unsigned NOT NULL,
  `dc_orden_req_detail_id` bigint(20) unsigned NOT NULL,
  `created_at` timestamp NULL DEFAULT NULL,
  `updated_at` timestamp NULL DEFAULT NULL,
  `deleted_at` timestamp NULL DEFAULT NULL,
  PRIMARY KEY (`id`),
  KEY `dc_ordenes_compra_req_dc_orden_id_foreign` (`dc_orden_id`),
  KEY `dc_ordenes_compra_req_dc_orden_detail_id_foreign` (`dc_orden_detail_id`),
  KEY `dc_ordenes_compra_req_dc_orden_req_id_foreign` (`dc_orden_req_id`),
  KEY `dc_ordenes_compra_req_dc_orden_req_detail_id_foreign` (`dc_orden_req_detail_id`),
  CONSTRAINT `dc_ordenes_compra_req_dc_orden_detail_id_foreign` FOREIGN KEY (`dc_orden_detail_id`) REFERENCES `dc_ordenes_details` (`id`),
  CONSTRAINT `dc_ordenes_compra_req_dc_orden_id_foreign` FOREIGN KEY (`dc_orden_id`) REFERENCES `dc_ordenes` (`id`),
  CONSTRAINT `dc_ordenes_compra_req_dc_orden_req_detail_id_foreign` FOREIGN KEY (`dc_orden_req_detail_id`) REFERENCES `dc_ordenes_details` (`id`),
  CONSTRAINT `dc_ordenes_compra_req_dc_orden_req_id_foreign` FOREIGN KEY (`dc_orden_req_id`) REFERENCES `dc_ordenes` (`id`)
) ENGINE=InnoDB DEFAULT CHARSET=utf8mb4 COLLATE=utf8mb4_unicode_ci;

--
-- Dumping data for table `dc_ordenes_compra_req`
--


--
-- Table structure for table `dc_ordenes_cotizacion_req`
--

CREATE TABLE `dc_ordenes_cotizacion_req` (
  `id` int(10) unsigned NOT NULL AUTO_INCREMENT,
  `user_id` int(10) unsigned DEFAULT NULL,
  `dc_orden_id` bigint(20) unsigned NOT NULL,
  `dc_orden_detail_id` bigint(20) unsigned NOT NULL,
  `dc_orden_req_id` bigint(20) unsigned NOT NULL,
  `dc_orden_req_detail_id` bigint(20) unsigned NOT NULL,
  `created_at` timestamp NULL DEFAULT NULL,
  `updated_at` timestamp NULL DEFAULT NULL,
  `deleted_at` timestamp NULL DEFAULT NULL,
  PRIMARY KEY (`id`),
  KEY `dc_ordenes_cotizacion_req_dc_orden_id_foreign` (`dc_orden_id`),
  KEY `dc_ordenes_cotizacion_req_dc_orden_detail_id_foreign` (`dc_orden_detail_id`),
  KEY `dc_ordenes_cotizacion_req_dc_orden_req_id_foreign` (`dc_orden_req_id`),
  KEY `dc_ordenes_cotizacion_req_dc_orden_req_detail_id_foreign` (`dc_orden_req_detail_id`),
  CONSTRAINT `dc_ordenes_cotizacion_req_dc_orden_detail_id_foreign` FOREIGN KEY (`dc_orden_detail_id`) REFERENCES `dc_ordenes_details` (`id`),
  CONSTRAINT `dc_ordenes_cotizacion_req_dc_orden_id_foreign` FOREIGN KEY (`dc_orden_id`) REFERENCES `dc_ordenes` (`id`),
  CONSTRAINT `dc_ordenes_cotizacion_req_dc_orden_req_detail_id_foreign` FOREIGN KEY (`dc_orden_req_detail_id`) REFERENCES `dc_ordenes_details` (`id`),
  CONSTRAINT `dc_ordenes_cotizacion_req_dc_orden_req_id_foreign` FOREIGN KEY (`dc_orden_req_id`) REFERENCES `dc_ordenes` (`id`)
) ENGINE=InnoDB DEFAULT CHARSET=utf8mb4 COLLATE=utf8mb4_unicode_ci;

--
-- Dumping data for table `dc_ordenes_cotizacion_req`
--


--
-- Table structure for table `dc_ordenes_details`
--

CREATE TABLE `dc_ordenes_details` (
  `id` bigint(20) unsigned NOT NULL AUTO_INCREMENT,
  `user_id` int(10) unsigned DEFAULT NULL,
  `dc_orden_id` bigint(20) unsigned NOT NULL,
  `dc_orden_origen_destino_id` bigint(20) unsigned DEFAULT NULL,
  `origendestinoable_id` int(10) unsigned DEFAULT NULL,
  `origendestinoable_type` text COLLATE utf8mb4_unicode_ci,
  `cantidades` decimal(16,2) NOT NULL,
  `inv_deposito_id` bigint(20) unsigned DEFAULT NULL,
  `inv_producto_id` bigint(20) unsigned DEFAULT NULL,
  `inv_producto_id_destino` bigint(20) unsigned DEFAULT NULL,
  `prod_variant_id` bigint(20) unsigned DEFAULT NULL,
  `inv_deposito_id_destino` bigint(20) unsigned DEFAULT NULL,
  `descripcion` varchar(191) COLLATE utf8mb4_unicode_ci DEFAULT NULL,
  `neto` decimal(16,2) NOT NULL,
  `desc_porc` decimal(16,2) DEFAULT NULL,
  `descuento` decimal(16,2) DEFAULT NULL,
  `system_tax_id` int(10) unsigned NOT NULL,
  `iva` decimal(16,2) NOT NULL,
  `subtotal` decimal(16,2) NOT NULL,
  `created_at` timestamp NULL DEFAULT NULL,
  `updated_at` timestamp NULL DEFAULT NULL,
  `deleted_at` timestamp NULL DEFAULT NULL,
  PRIMARY KEY (`id`),
  KEY `dc_ordenes_details_dc_orden_id_foreign` (`dc_orden_id`),
  KEY `dc_ordenes_details_inv_producto_id_foreign` (`inv_producto_id`),
  KEY `dc_ordenes_details_system_tax_id_foreign` (`system_tax_id`),
  KEY `dc_ordenes_details_inv_producto_id_destino_foreign` (`inv_producto_id_destino`),
  KEY `dc_ordenes_details_dc_orden_origen_destino_id_foreign` (`dc_orden_origen_destino_id`),
  KEY `dc_ordenes_details_inv_deposito_id_foreign` (`inv_deposito_id`),
  KEY `dc_ordenes_details_inv_deposito_id_destino_foreign` (`inv_deposito_id_destino`),
  KEY `dc_ordenes_details_prod_variant_id_foreign` (`prod_variant_id`),
  CONSTRAINT `dc_ordenes_details_dc_orden_id_foreign` FOREIGN KEY (`dc_orden_id`) REFERENCES `dc_ordenes` (`id`),
  CONSTRAINT `dc_ordenes_details_dc_orden_origen_destino_id_foreign` FOREIGN KEY (`dc_orden_origen_destino_id`) REFERENCES `dc_ordenes_origen_destino` (`id`),
  CONSTRAINT `dc_ordenes_details_inv_deposito_id_destino_foreign` FOREIGN KEY (`inv_deposito_id_destino`) REFERENCES `inv_depositos` (`id`),
  CONSTRAINT `dc_ordenes_details_inv_deposito_id_foreign` FOREIGN KEY (`inv_deposito_id`) REFERENCES `inv_depositos` (`id`),
  CONSTRAINT `dc_ordenes_details_inv_producto_id_destino_foreign` FOREIGN KEY (`inv_producto_id_destino`) REFERENCES `inv_productos` (`id`),
  CONSTRAINT `dc_ordenes_details_inv_producto_id_foreign` FOREIGN KEY (`inv_producto_id`) REFERENCES `inv_productos` (`id`),
  CONSTRAINT `dc_ordenes_details_prod_variant_id_foreign` FOREIGN KEY (`prod_variant_id`) REFERENCES `prod_variants` (`id`) ON DELETE SET NULL,
  CONSTRAINT `dc_ordenes_details_system_tax_id_foreign` FOREIGN KEY (`system_tax_id`) REFERENCES `system_taxes` (`id`)
) ENGINE=InnoDB DEFAULT CHARSET=utf8mb4 COLLATE=utf8mb4_unicode_ci;

--
-- Dumping data for table `dc_ordenes_details`
--


--
-- Table structure for table `dc_ordenes_facturada`
--

CREATE TABLE `dc_ordenes_facturada` (
  `id` bigint(20) unsigned NOT NULL AUTO_INCREMENT,
  `user_id` int(10) unsigned DEFAULT NULL,
  `person_id` int(10) unsigned NOT NULL,
  `dc_orden_id` bigint(20) unsigned DEFAULT NULL,
  `fact_elec_receipt_id` int(11) DEFAULT NULL,
  `receipt_id` int(10) unsigned DEFAULT NULL,
  `created_at` timestamp NULL DEFAULT NULL,
  `updated_at` timestamp NULL DEFAULT NULL,
  `deleted_at` timestamp NULL DEFAULT NULL,
  PRIMARY KEY (`id`),
  KEY `dc_ordenes_facturada_person_id_foreign` (`person_id`),
  KEY `dc_ordenes_facturada_dc_orden_id_foreign` (`dc_orden_id`),
  KEY `dc_ordenes_facturada_fact_elec_receipt_id_foreign` (`fact_elec_receipt_id`),
  KEY `dc_ordenes_facturada_receipt_id_foreign` (`receipt_id`),
  CONSTRAINT `dc_ordenes_facturada_dc_orden_id_foreign` FOREIGN KEY (`dc_orden_id`) REFERENCES `dc_ordenes` (`id`),
  CONSTRAINT `dc_ordenes_facturada_person_id_foreign` FOREIGN KEY (`person_id`) REFERENCES `persons` (`id`),
  CONSTRAINT `dc_ordenes_facturada_receipt_id_foreign` FOREIGN KEY (`receipt_id`) REFERENCES `receipts` (`id`)
) ENGINE=InnoDB DEFAULT CHARSET=utf8mb4 COLLATE=utf8mb4_unicode_ci;

--
-- Dumping data for table `dc_ordenes_facturada`
--


--
-- Table structure for table `dc_ordenes_ingreso_compra`
--

CREATE TABLE `dc_ordenes_ingreso_compra` (
  `id` int(10) unsigned NOT NULL AUTO_INCREMENT,
  `user_id` int(10) unsigned DEFAULT NULL,
  `dc_orden_id` bigint(20) unsigned NOT NULL,
  `dc_orden_detail_id` bigint(20) unsigned NOT NULL,
  `dc_orden_compra_id` bigint(20) unsigned NOT NULL,
  `dc_orden_compra_detail_id` bigint(20) unsigned NOT NULL,
  `created_at` timestamp NULL DEFAULT NULL,
  `updated_at` timestamp NULL DEFAULT NULL,
  `deleted_at` timestamp NULL DEFAULT NULL,
  PRIMARY KEY (`id`),
  KEY `dc_ordenes_ingreso_compra_dc_orden_id_foreign` (`dc_orden_id`),
  KEY `dc_ordenes_ingreso_compra_dc_orden_detail_id_foreign` (`dc_orden_detail_id`),
  KEY `dc_ordenes_ingreso_compra_dc_orden_compra_id_foreign` (`dc_orden_compra_id`),
  KEY `dc_ordenes_ingreso_compra_dc_orden_compra_detail_id_foreign` (`dc_orden_compra_detail_id`),
  CONSTRAINT `dc_ordenes_ingreso_compra_dc_orden_compra_detail_id_foreign` FOREIGN KEY (`dc_orden_compra_detail_id`) REFERENCES `dc_ordenes_details` (`id`),
  CONSTRAINT `dc_ordenes_ingreso_compra_dc_orden_compra_id_foreign` FOREIGN KEY (`dc_orden_compra_id`) REFERENCES `dc_ordenes` (`id`),
  CONSTRAINT `dc_ordenes_ingreso_compra_dc_orden_detail_id_foreign` FOREIGN KEY (`dc_orden_detail_id`) REFERENCES `dc_ordenes_details` (`id`),
  CONSTRAINT `dc_ordenes_ingreso_compra_dc_orden_id_foreign` FOREIGN KEY (`dc_orden_id`) REFERENCES `dc_ordenes` (`id`)
) ENGINE=InnoDB DEFAULT CHARSET=utf8mb4 COLLATE=utf8mb4_unicode_ci;

--
-- Dumping data for table `dc_ordenes_ingreso_compra`
--


--
-- Table structure for table `dc_ordenes_ingxdev_rem_egr`
--

CREATE TABLE `dc_ordenes_ingxdev_rem_egr` (
  `id` int(10) unsigned NOT NULL AUTO_INCREMENT,
  `user_id` int(10) unsigned DEFAULT NULL,
  `dc_orden_id` bigint(20) unsigned NOT NULL,
  `dc_orden_detail_id` bigint(20) unsigned NOT NULL,
  `dc_orden_rem_egr_id` bigint(20) unsigned NOT NULL,
  `dc_orden_rem_egr_detail_id` bigint(20) unsigned NOT NULL,
  `created_at` timestamp NULL DEFAULT NULL,
  `updated_at` timestamp NULL DEFAULT NULL,
  `deleted_at` timestamp NULL DEFAULT NULL,
  PRIMARY KEY (`id`),
  KEY `dc_ordenes_ingxdev_rem_egr_dc_orden_id_foreign` (`dc_orden_id`),
  KEY `dc_ordenes_ingxdev_rem_egr_dc_orden_detail_id_foreign` (`dc_orden_detail_id`),
  KEY `dc_ordenes_ingxdev_rem_egr_dc_orden_rem_egr_id_foreign` (`dc_orden_rem_egr_id`),
  KEY `dc_ordenes_ingxdev_rem_egr_dc_orden_rem_egr_detail_id_foreign` (`dc_orden_rem_egr_detail_id`),
  CONSTRAINT `dc_ordenes_ingxdev_rem_egr_dc_orden_detail_id_foreign` FOREIGN KEY (`dc_orden_detail_id`) REFERENCES `dc_ordenes_details` (`id`),
  CONSTRAINT `dc_ordenes_ingxdev_rem_egr_dc_orden_id_foreign` FOREIGN KEY (`dc_orden_id`) REFERENCES `dc_ordenes` (`id`),
  CONSTRAINT `dc_ordenes_ingxdev_rem_egr_dc_orden_rem_egr_detail_id_foreign` FOREIGN KEY (`dc_orden_rem_egr_detail_id`) REFERENCES `dc_ordenes_details` (`id`),
  CONSTRAINT `dc_ordenes_ingxdev_rem_egr_dc_orden_rem_egr_id_foreign` FOREIGN KEY (`dc_orden_rem_egr_id`) REFERENCES `dc_ordenes` (`id`)
) ENGINE=InnoDB DEFAULT CHARSET=utf8mb4 COLLATE=utf8mb4_unicode_ci;

--
-- Dumping data for table `dc_ordenes_ingxdev_rem_egr`
--


--
-- Table structure for table `dc_ordenes_logs`
--

CREATE TABLE `dc_ordenes_logs` (
  `id` bigint(20) unsigned NOT NULL AUTO_INCREMENT,
  `user_id` bigint(20) unsigned DEFAULT NULL,
  `loggable_type` varchar(191) COLLATE utf8mb4_unicode_ci NOT NULL,
  `loggable_id` bigint(20) unsigned NOT NULL,
  `related_id` bigint(20) unsigned DEFAULT NULL,
  `related_type` varchar(191) COLLATE utf8mb4_unicode_ci DEFAULT NULL,
  `comentario` text COLLATE utf8mb4_unicode_ci,
  `created_at` timestamp NULL DEFAULT NULL,
  `updated_at` timestamp NULL DEFAULT NULL,
  `deleted_at` timestamp NULL DEFAULT NULL,
  PRIMARY KEY (`id`),
  KEY `dc_ordenes_logs_loggable_type_loggable_id_index` (`loggable_type`,`loggable_id`)
) ENGINE=InnoDB DEFAULT CHARSET=utf8mb4 COLLATE=utf8mb4_unicode_ci;

--
