-- Table structure for table `cta_cte_cliente_details`
--

CREATE TABLE `cta_cte_cliente_details` (
  `id` int(10) unsigned NOT NULL AUTO_INCREMENT,
  `user_id` int(10) unsigned DEFAULT NULL,
  `cta_cte_cliente_id` int(10) unsigned NOT NULL,
  `person_id` int(10) unsigned DEFAULT NULL,
  `person_id_relationed` int(10) unsigned DEFAULT NULL,
  `cta_cte_tesoreria_cuenta_id` int(10) unsigned DEFAULT NULL,
  `period_id` int(10) unsigned DEFAULT NULL,
  `tipo_asiento_id` int(10) unsigned NOT NULL,
  `saldo_id` int(10) unsigned NOT NULL,
  `monto` decimal(16,2) NOT NULL,
  `created_at` timestamp NULL DEFAULT NULL,
  `updated_at` timestamp NULL DEFAULT NULL,
  `deleted_at` timestamp NULL DEFAULT NULL,
  PRIMARY KEY (`id`),
  KEY `cta_cte_cliente_details_cta_cte_cliente_id_foreign` (`cta_cte_cliente_id`),
  KEY `cta_cte_cliente_details_person_id_foreign` (`person_id`),
  KEY `cta_cte_cliente_details_person_id_relationed_foreign` (`person_id_relationed`),
  KEY `cta_cte_cliente_details_period_id_foreign` (`period_id`),
  KEY `cta_cte_cliente_details_tipo_asiento_id_foreign` (`tipo_asiento_id`),
  KEY `cta_cte_cliente_details_saldo_id_foreign` (`saldo_id`),
  KEY `cta_cte_cliente_details_cta_cte_tesoreria_cuenta_id_foreign` (`cta_cte_tesoreria_cuenta_id`),
  CONSTRAINT `cta_cte_cliente_details_cta_cte_cliente_id_foreign` FOREIGN KEY (`cta_cte_cliente_id`) REFERENCES `cta_cte_cliente` (`id`),
  CONSTRAINT `cta_cte_cliente_details_cta_cte_tesoreria_cuenta_id_foreign` FOREIGN KEY (`cta_cte_tesoreria_cuenta_id`) REFERENCES `cta_cte_tesoreria_cuentas` (`id`),
  CONSTRAINT `cta_cte_cliente_details_period_id_foreign` FOREIGN KEY (`period_id`) REFERENCES `periods` (`id`),
  CONSTRAINT `cta_cte_cliente_details_person_id_foreign` FOREIGN KEY (`person_id`) REFERENCES `persons` (`id`),
  CONSTRAINT `cta_cte_cliente_details_person_id_relationed_foreign` FOREIGN KEY (`person_id_relationed`) REFERENCES `persons` (`id`),
  CONSTRAINT `cta_cte_cliente_details_saldo_id_foreign` FOREIGN KEY (`saldo_id`) REFERENCES `conta_tipo_saldos` (`id`),
  CONSTRAINT `cta_cte_cliente_details_tipo_asiento_id_foreign` FOREIGN KEY (`tipo_asiento_id`) REFERENCES `conta_tipo_asientos` (`id`)
) ENGINE=InnoDB AUTO_INCREMENT=79 DEFAULT CHARSET=utf8mb4 COLLATE=utf8mb4_unicode_ci;

--
-- Dumping data for table `cta_cte_cliente_details`
--

INSERT INTO `cta_cte_cliente_details` VALUES (1,8522,1252,40718,3,13,1521,20,2,10000.00,'2023-03-01 11:25:20','2023-03-01 11:25:20',NULL),(2,8522,1252,40718,3,758,1521,20,1,10000.00,'2023-03-01 11:25:20','2023-03-01 11:25:20',NULL),(3,9230,1632,40815,40830,13,3040,20,2,23000.00,'2023-07-06 18:34:50','2023-07-06 18:34:50',NULL),(4,9230,1632,40815,40830,764,3040,20,1,23000.00,'2023-07-06 18:34:50','2023-07-06 18:34:50',NULL),(5,9230,1633,40815,40830,13,3039,20,2,23000.00,'2023-07-06 18:39:49','2023-07-06 18:39:49',NULL),(6,9230,1633,40815,40830,764,3039,20,1,23000.00,'2023-07-06 18:39:49','2023-07-06 18:39:49',NULL),(7,9230,1634,40815,40830,13,3038,20,2,23000.00,'2023-07-06 18:41:05','2023-07-06 18:41:05',NULL),(8,9230,1634,40815,40830,764,3038,20,1,23000.00,'2023-07-06 18:41:05','2023-07-06 18:41:05',NULL),(9,9230,1635,40815,40830,13,3037,20,2,23000.00,'2023-07-06 18:41:55','2023-07-06 18:41:55',NULL),(10,9230,1635,40815,40830,764,3037,20,1,23000.00,'2023-07-06 18:41:55','2023-07-06 18:41:55',NULL),(11,9230,1636,40815,40830,13,3036,20,2,17500.00,'2023-07-06 18:43:06','2023-07-06 18:43:06',NULL),(12,9230,1636,40815,40830,764,3036,20,1,17500.00,'2023-07-06 18:43:06','2023-07-06 18:43:06',NULL),(13,9230,1637,40815,40830,13,3035,20,2,17500.00,'2023-07-06 18:44:02','2023-07-06 18:44:02',NULL),(14,9230,1637,40815,40830,764,3035,20,1,17500.00,'2023-07-06 18:44:02','2023-07-06 18:44:02',NULL),(15,9230,1638,40815,40830,13,3034,20,2,17500.00,'2023-07-06 18:44:52','2023-07-06 18:44:52',NULL),(16,9230,1638,40815,40830,764,3034,20,1,17500.00,'2023-07-06 18:44:52','2023-07-06 18:44:52',NULL),(17,9230,1639,40815,40830,13,26388,20,2,17500.00,'2023-07-06 18:46:03','2023-07-06 18:46:03',NULL),(18,9230,1639,40815,40830,764,26388,20,1,17500.00,'2023-07-06 18:46:03','2023-07-06 18:46:03',NULL),(19,9230,1659,40815,40830,13,26387,20,2,17500.00,'2023-07-06 18:52:18','2023-07-06 18:52:18',NULL),(20,9230,1659,40815,40830,764,26387,20,1,17500.00,'2023-07-06 18:52:18','2023-07-06 18:52:18',NULL),(21,9230,1660,40815,40830,13,26386,20,2,17500.00,'2023-07-06 18:53:07','2023-07-06 18:53:07',NULL),(22,9230,1660,40815,40830,764,26386,20,1,17500.00,'2023-07-06 18:53:07','2023-07-06 18:53:07',NULL),(23,9230,1661,40815,40830,13,26385,20,2,17500.00,'2023-07-06 18:54:26','2023-07-06 18:54:26',NULL),(24,9230,1661,40815,40830,764,26385,20,1,17500.00,'2023-07-06 18:54:26','2023-07-06 18:54:26',NULL),(25,9230,1662,40815,40830,13,26384,20,2,17500.00,'2023-07-06 18:55:57','2023-07-06 18:55:57',NULL),(26,9230,1662,40815,40830,764,26384,20,1,17500.00,'2023-07-06 18:55:57','2023-07-06 18:55:57',NULL),(27,9230,1684,40815,40830,13,26383,20,2,26028.00,'2023-07-06 18:59:43','2023-07-06 18:59:43',NULL),(28,9230,1684,40815,40830,764,26383,20,1,26028.00,'2023-07-06 18:59:43','2023-07-06 18:59:43',NULL),(29,9230,1685,40830,40814,13,24598,20,2,46000.00,'2023-07-06 19:34:28','2023-07-07 16:32:30','2023-07-07 16:32:30'),(30,9230,1685,40830,40814,777,24598,20,1,46000.00,'2023-07-06 19:34:28','2023-07-07 16:32:30','2023-07-07 16:32:30'),(31,9230,1686,40830,40814,13,24602,20,2,160000.00,'2023-07-06 19:36:43','2023-07-07 16:32:35','2023-07-07 16:32:35'),(32,9230,1686,40830,40814,777,24602,20,1,160000.00,'2023-07-06 19:36:43','2023-07-07 16:32:35','2023-07-07 16:32:35'),(33,9230,1687,40830,40814,13,24602,20,2,160000.00,'2023-07-06 19:46:21','2023-07-07 16:32:39','2023-07-07 16:32:39'),(34,9230,1687,40830,40814,777,24602,20,1,160000.00,'2023-07-06 19:46:21','2023-07-07 16:32:39','2023-07-07 16:32:39'),(35,9230,1688,40830,40814,13,24603,20,2,234800.00,'2023-07-06 19:57:02','2023-07-07 16:32:44','2023-07-07 16:32:44'),(36,9230,1688,40830,40814,777,24603,20,1,234800.00,'2023-07-06 19:57:02','2023-07-07 16:32:44','2023-07-07 16:32:44'),(37,9230,1689,40830,40814,13,24607,20,2,448000.00,'2023-07-06 20:02:29','2023-07-07 16:32:49','2023-07-07 16:32:49'),(38,9230,1689,40830,40814,777,24607,20,1,448000.00,'2023-07-06 20:02:29','2023-07-07 16:32:49','2023-07-07 16:32:49');
INSERT INTO `cta_cte_cliente_details` VALUES (39,9230,1690,40830,40814,13,24608,20,2,367000.00,'2023-07-06 20:06:23','2023-07-07 16:32:54','2023-07-07 16:32:54'),(40,9230,1690,40830,40814,777,24608,20,1,367000.00,'2023-07-06 20:06:23','2023-07-07 16:32:54','2023-07-07 16:32:54'),(41,9230,1691,40830,40814,13,24609,20,2,401000.00,'2023-07-06 20:10:11','2023-07-07 16:32:58','2023-07-07 16:32:58'),(42,9230,1691,40830,40814,777,24609,20,1,401000.00,'2023-07-06 20:10:11','2023-07-07 16:32:58','2023-07-07 16:32:58'),(43,9230,1692,40830,40814,13,24610,20,2,106000.00,'2023-07-06 20:12:46','2023-07-07 16:33:02','2023-07-07 16:33:02'),(44,9230,1692,40830,40814,777,24610,20,1,106000.00,'2023-07-06 20:12:46','2023-07-07 16:33:02','2023-07-07 16:33:02'),(45,9230,1693,40830,40814,13,24611,20,2,280000.00,'2023-07-06 20:16:55','2023-07-06 20:21:49','2023-07-06 20:21:49'),(46,9230,1693,40830,40814,777,24611,20,1,280000.00,'2023-07-06 20:16:55','2023-07-06 20:21:49','2023-07-06 20:21:49'),(47,9230,1694,40830,40814,13,24610,20,2,280000.00,'2023-07-06 21:51:52','2023-07-06 21:53:57','2023-07-06 21:53:57'),(48,9230,1694,40830,40814,777,24610,20,1,280000.00,'2023-07-06 21:51:52','2023-07-06 21:53:57','2023-07-06 21:53:57'),(49,9230,1695,40830,40814,13,24610,20,2,280000.00,'2023-07-06 21:56:37','2023-07-06 22:02:57','2023-07-06 22:02:57'),(50,9230,1695,40830,40814,777,24610,20,1,280000.00,'2023-07-06 21:56:37','2023-07-06 22:02:57','2023-07-06 22:02:57'),(51,9230,1696,40830,40814,13,24610,20,2,280000.00,'2023-07-06 22:05:58','2023-07-07 16:33:06','2023-07-07 16:33:06'),(52,9230,1696,40830,40814,777,24610,20,1,280000.00,'2023-07-06 22:05:58','2023-07-07 16:33:06','2023-07-07 16:33:06'),(53,9230,1697,40830,40814,13,24611,20,2,200000.00,'2023-07-06 22:11:00','2023-07-07 16:33:10','2023-07-07 16:33:10'),(54,9230,1697,40830,40814,777,24611,20,1,200000.00,'2023-07-06 22:11:00','2023-07-07 16:33:10','2023-07-07 16:33:10'),(55,9230,1698,40830,40814,13,24611,20,2,174000.00,'2023-07-06 22:13:31','2023-07-06 22:31:19','2023-07-06 22:31:19'),(56,9230,1698,40830,40814,777,24611,20,1,174000.00,'2023-07-06 22:13:31','2023-07-06 22:31:19','2023-07-06 22:31:19'),(57,9230,1699,40830,40814,13,24611,20,2,174000.00,'2023-07-06 22:36:30','2023-07-06 23:20:36','2023-07-06 23:20:36'),(58,9230,1699,40830,40814,777,24611,20,1,174000.00,'2023-07-06 22:36:30','2023-07-06 23:20:36','2023-07-06 23:20:36'),(59,9230,1700,40830,40814,13,24612,20,2,20000.00,'2023-07-06 22:50:56','2023-07-06 22:52:39','2023-07-06 22:52:39'),(60,9230,1700,40830,40814,777,24612,20,1,20000.00,'2023-07-06 22:50:56','2023-07-06 22:52:39','2023-07-06 22:52:39'),(61,9230,1701,40830,40814,13,24612,20,2,392000.00,'2023-07-06 23:11:57','2023-07-06 23:21:15','2023-07-06 23:21:15'),(62,9230,1701,40830,40814,777,24612,20,1,392000.00,'2023-07-06 23:11:57','2023-07-06 23:21:15','2023-07-06 23:21:15'),(63,9230,1702,40830,40814,13,24611,20,2,174000.00,'2023-07-06 23:23:22','2023-07-07 16:33:13','2023-07-07 16:33:13'),(64,9230,1702,40830,40814,777,24611,20,1,174000.00,'2023-07-06 23:23:22','2023-07-07 16:33:13','2023-07-07 16:33:13'),(65,9230,1703,40830,40814,13,24612,20,2,392000.00,'2023-07-06 23:25:08','2023-07-07 16:33:17','2023-07-07 16:33:17'),(66,9230,1703,40830,40814,777,24612,20,1,392000.00,'2023-07-06 23:25:08','2023-07-07 16:33:17','2023-07-07 16:33:17'),(67,9230,1903,40830,40717,13,24598,20,2,11500.00,'2023-07-11 18:21:32','2023-07-11 19:11:41','2023-07-11 19:11:41'),(68,9230,1903,40830,40717,777,24598,20,1,11500.00,'2023-07-11 18:21:32','2023-07-11 19:11:41','2023-07-11 19:11:41'),(69,9230,1904,40830,40814,13,24597,20,2,11500.00,'2023-07-11 19:10:54','2023-07-11 19:11:45','2023-07-11 19:11:45'),(70,9230,1904,40830,40814,777,24597,20,1,11500.00,'2023-07-11 19:10:54','2023-07-11 19:11:45','2023-07-11 19:11:45'),(71,9230,1905,40830,40814,13,24598,20,2,11500.00,'2023-07-11 19:30:25','2023-07-11 19:30:25',NULL),(72,9230,1905,40830,40814,777,24598,20,1,11500.00,'2023-07-11 19:30:25','2023-07-11 19:30:25',NULL);
INSERT INTO `cta_cte_cliente_details` VALUES (73,9230,1906,40830,40814,13,24598,20,2,11500.00,'2023-07-11 19:32:02','2023-07-11 19:32:02',NULL),(74,9230,1906,40830,40814,777,24598,20,1,11500.00,'2023-07-11 19:32:03','2023-07-11 19:32:03',NULL),(75,9230,1907,40830,40814,13,24598,20,2,11500.00,'2023-07-11 19:33:40','2023-07-11 19:33:40',NULL),(76,9230,1907,40830,40814,777,24598,20,1,11500.00,'2023-07-11 19:33:40','2023-07-11 19:33:40',NULL),(77,9230,1908,40830,40814,13,24598,20,2,11500.00,'2023-07-11 19:35:14','2023-07-11 19:35:14',NULL),(78,9230,1908,40830,40814,777,24598,20,1,11500.00,'2023-07-11 19:35:14','2023-07-11 19:35:14',NULL);

--
-- Table structure for table `cta_cte_cliente_pivot_receipt`
--

CREATE TABLE `cta_cte_cliente_pivot_receipt` (
  `id` int(10) unsigned NOT NULL AUTO_INCREMENT,
  `user_id` int(10) unsigned DEFAULT NULL,
  `cta_cte_cliente_id` int(10) unsigned NOT NULL,
  `receipt_id` int(11) DEFAULT NULL,
  `importe` decimal(16,2) DEFAULT NULL,
  `is_a_cuenta` tinyint(1) unsigned NOT NULL DEFAULT '0',
  `cccpr_a_cuenta_id` int(10) unsigned DEFAULT NULL,
  `created_at` timestamp NULL DEFAULT NULL,
  `updated_at` timestamp NULL DEFAULT NULL,
  `deleted_at` timestamp NULL DEFAULT NULL,
  PRIMARY KEY (`id`),
  KEY `fk_cccpr_a_cuenta_id` (`cccpr_a_cuenta_id`),
  CONSTRAINT `fk_cccpr_a_cuenta_id` FOREIGN KEY (`cccpr_a_cuenta_id`) REFERENCES `cta_cte_cliente_pivot_receipt` (`id`)
) ENGINE=InnoDB AUTO_INCREMENT=2071 DEFAULT CHARSET=utf8mb4 COLLATE=utf8mb4_unicode_ci;

--
-- Dumping data for table `cta_cte_cliente_pivot_receipt`
--

INSERT INTO `cta_cte_cliente_pivot_receipt` VALUES (2,8522,2,2,NULL,0,NULL,'2023-02-24 15:05:30','2023-02-24 15:05:30',NULL),(3,8522,3,3,NULL,0,NULL,'2023-02-24 15:05:30','2023-02-24 15:05:30',NULL),(4,8522,4,4,NULL,0,NULL,'2023-02-24 15:05:30','2023-02-24 15:05:30',NULL),(5,8522,5,5,NULL,0,NULL,'2023-02-24 15:05:30','2023-02-24 15:05:30',NULL),(6,8522,6,6,NULL,0,NULL,'2023-02-24 15:05:30','2023-02-24 15:05:30',NULL),(7,8522,7,7,NULL,0,NULL,'2023-02-24 15:05:30','2023-02-24 15:05:30',NULL),(8,8522,8,8,NULL,0,NULL,'2023-02-24 15:05:30','2023-02-24 15:05:30',NULL),(9,8522,9,9,NULL,0,NULL,'2023-02-24 15:05:30','2023-02-24 15:05:30',NULL),(10,8522,10,10,NULL,0,NULL,'2023-02-24 15:05:30','2023-02-24 15:05:30',NULL),(11,8522,11,11,NULL,0,NULL,'2023-02-24 15:05:30','2023-02-24 15:05:30',NULL),(12,8522,12,12,NULL,0,NULL,'2023-02-24 15:05:30','2023-02-24 15:05:30',NULL),(13,8522,13,13,NULL,0,NULL,'2023-02-24 15:05:30','2023-02-24 15:05:30',NULL),(14,8522,14,14,NULL,0,NULL,'2023-02-24 15:05:31','2023-02-24 15:05:31',NULL),(15,8522,15,15,NULL,0,NULL,'2023-02-24 15:05:31','2023-02-24 15:05:31',NULL),(16,8522,16,16,NULL,0,NULL,'2023-02-24 15:05:31','2023-02-24 15:05:31',NULL),(17,8522,17,17,NULL,0,NULL,'2023-02-24 15:05:31','2023-02-24 15:05:31',NULL),(18,8522,18,18,NULL,0,NULL,'2023-02-24 15:05:31','2023-02-24 15:05:31',NULL),(19,8522,19,19,NULL,0,NULL,'2023-02-24 15:05:31','2023-02-24 15:05:31',NULL),(20,8522,20,20,NULL,0,NULL,'2023-02-24 15:05:31','2023-02-24 15:05:31',NULL),(21,8522,21,21,NULL,0,NULL,'2023-02-24 15:05:31','2023-02-24 15:05:31',NULL),(22,8522,22,22,NULL,0,NULL,'2023-02-24 15:05:31','2023-02-24 15:05:31',NULL),(23,8522,23,23,NULL,0,NULL,'2023-02-24 15:05:31','2023-02-24 15:05:31',NULL),(24,8522,24,24,NULL,0,NULL,'2023-02-24 15:05:31','2023-02-24 15:05:31',NULL),(25,8522,25,25,NULL,0,NULL,'2023-02-24 15:05:31','2023-02-24 15:05:31',NULL),(26,8522,26,26,NULL,0,NULL,'2023-02-24 15:05:31','2023-02-24 15:05:31',NULL),(27,8522,27,27,NULL,0,NULL,'2023-02-24 15:05:31','2023-02-24 15:05:31',NULL),(28,8522,28,28,NULL,0,NULL,'2023-02-24 15:05:31','2023-02-24 15:05:31',NULL),(29,8522,29,29,NULL,0,NULL,'2023-02-24 15:05:32','2023-02-24 15:05:32',NULL),(30,8522,30,30,NULL,0,NULL,'2023-02-24 15:05:32','2023-02-24 15:05:32',NULL),(31,8522,31,31,NULL,0,NULL,'2023-02-24 15:05:32','2023-02-24 15:05:32',NULL),(32,8522,32,32,NULL,0,NULL,'2023-02-24 15:05:32','2023-02-24 15:05:32',NULL),(33,8522,33,33,NULL,0,NULL,'2023-02-24 15:05:32','2023-02-24 15:05:32',NULL),(34,8522,34,34,NULL,0,NULL,'2023-02-24 15:05:32','2023-02-24 15:05:32',NULL),(35,8522,35,35,NULL,0,NULL,'2023-02-24 15:05:32','2023-02-24 15:05:32',NULL),(36,8522,36,36,NULL,0,NULL,'2023-02-24 15:05:32','2023-02-24 15:05:32',NULL),(37,8522,37,37,NULL,0,NULL,'2023-02-24 15:05:32','2023-02-24 15:05:32',NULL),(38,8522,38,38,NULL,0,NULL,'2023-02-24 15:05:32','2023-02-24 15:05:32',NULL),(39,8522,39,39,NULL,0,NULL,'2023-02-24 15:05:32','2023-02-24 15:05:32',NULL),(40,8522,40,40,NULL,0,NULL,'2023-02-24 15:05:32','2023-02-24 15:05:32',NULL),(41,8522,41,41,NULL,0,NULL,'2023-02-24 15:05:32','2023-02-24 15:05:32',NULL),(42,8522,42,42,NULL,0,NULL,'2023-02-24 15:05:32','2023-02-24 15:05:32',NULL),(43,8522,43,43,NULL,0,NULL,'2023-02-24 15:05:32','2023-02-24 15:05:32',NULL),(44,8522,44,44,NULL,0,NULL,'2023-02-24 15:05:32','2023-02-24 15:05:32',NULL),(45,8522,45,45,NULL,0,NULL,'2023-02-24 15:05:32','2023-02-24 15:05:32',NULL),(46,8522,46,46,NULL,0,NULL,'2023-02-24 15:05:32','2023-02-24 15:05:32',NULL),(47,8522,47,47,NULL,0,NULL,'2023-02-24 15:05:32','2023-02-24 15:05:32',NULL),(48,8522,48,48,NULL,0,NULL,'2023-02-24 15:05:32','2023-02-24 15:05:32',NULL),(49,8522,49,49,NULL,0,NULL,'2023-02-24 15:05:32','2023-02-24 15:05:32',NULL),(50,8522,50,50,NULL,0,NULL,'2023-02-24 15:05:33','2023-02-24 15:05:33',NULL),(51,8522,51,51,NULL,0,NULL,'2023-02-24 15:05:33','2023-02-24 15:05:33',NULL),(52,8522,52,52,NULL,0,NULL,'2023-02-24 15:05:33','2023-02-24 15:05:33',NULL),(53,8522,53,53,NULL,0,NULL,'2023-02-24 15:05:33','2023-02-24 15:05:33',NULL);
INSERT INTO `cta_cte_cliente_pivot_receipt` VALUES (54,8522,54,54,NULL,0,NULL,'2023-02-24 15:05:33','2023-02-24 15:05:33',NULL),(55,8522,55,55,NULL,0,NULL,'2023-02-24 15:05:33','2023-02-24 15:05:33',NULL),(56,8522,56,56,NULL,0,NULL,'2023-02-24 15:05:33','2023-02-24 15:05:33',NULL),(57,8522,57,57,NULL,0,NULL,'2023-02-24 15:05:33','2023-02-24 15:05:33',NULL),(58,8522,58,58,NULL,0,NULL,'2023-02-24 15:05:33','2023-02-24 15:05:33',NULL),(59,8522,59,59,NULL,0,NULL,'2023-02-24 15:05:33','2023-02-24 15:05:33',NULL),(60,8522,60,60,NULL,0,NULL,'2023-02-24 15:05:33','2023-02-24 15:05:33',NULL),(61,8522,61,61,NULL,0,NULL,'2023-02-24 15:05:33','2023-02-24 15:05:33',NULL),(62,8522,62,62,NULL,0,NULL,'2023-02-24 15:05:33','2023-02-24 15:05:33',NULL),(63,8522,63,63,NULL,0,NULL,'2023-02-24 15:05:33','2023-02-24 15:05:33',NULL),(64,8522,64,64,NULL,0,NULL,'2023-02-24 15:05:33','2023-02-24 15:05:33',NULL),(65,8522,65,65,NULL,0,NULL,'2023-02-24 15:05:33','2023-02-24 15:05:33',NULL),(66,8522,66,66,NULL,0,NULL,'2023-02-24 15:05:33','2023-02-24 15:05:33',NULL),(67,8522,67,67,NULL,0,NULL,'2023-02-24 15:05:33','2023-02-24 15:05:33',NULL),(68,8522,68,68,NULL,0,NULL,'2023-02-24 15:05:33','2023-02-24 15:05:33',NULL),(69,8522,69,69,NULL,0,NULL,'2023-02-24 15:05:33','2023-02-24 15:05:33',NULL),(70,8522,70,70,NULL,0,NULL,'2023-02-24 15:05:33','2023-02-24 15:05:33',NULL),(71,8522,71,71,NULL,0,NULL,'2023-02-24 15:05:33','2023-02-24 15:05:33',NULL),(72,8522,72,72,NULL,0,NULL,'2023-02-24 15:05:33','2023-02-24 15:05:33',NULL),(73,8522,73,73,NULL,0,NULL,'2023-02-24 15:05:33','2023-02-24 15:05:33',NULL),(74,8522,74,74,NULL,0,NULL,'2023-02-24 15:05:33','2023-02-24 15:05:33',NULL),(75,8522,75,75,NULL,0,NULL,'2023-02-24 15:05:34','2023-02-24 15:05:34',NULL),(76,8522,76,76,NULL,0,NULL,'2023-02-24 15:05:34','2023-02-24 15:05:34',NULL),(77,8522,77,77,NULL,0,NULL,'2023-02-24 15:05:34','2023-02-24 15:05:34',NULL),(78,8522,78,78,NULL,0,NULL,'2023-02-24 15:05:34','2023-02-24 15:05:34',NULL),(79,8522,79,79,NULL,0,NULL,'2023-02-24 15:05:34','2023-02-24 15:05:34',NULL),(80,8522,80,80,NULL,0,NULL,'2023-02-24 15:05:34','2023-02-24 15:05:34',NULL),(81,8522,81,81,NULL,0,NULL,'2023-02-24 15:05:34','2023-02-24 15:05:34',NULL),(82,8522,82,82,NULL,0,NULL,'2023-02-24 15:05:34','2023-02-24 15:05:34',NULL),(83,8522,83,83,NULL,0,NULL,'2023-02-24 15:05:34','2023-02-24 15:05:34',NULL),(84,8522,84,84,NULL,0,NULL,'2023-02-24 15:05:34','2023-02-24 15:05:34',NULL),(85,8522,85,85,NULL,0,NULL,'2023-02-24 15:05:34','2023-02-24 15:05:34',NULL),(86,8522,86,86,NULL,0,NULL,'2023-02-24 15:05:34','2023-02-24 15:05:34',NULL),(87,8522,87,87,NULL,0,NULL,'2023-02-24 15:05:34','2023-02-24 15:05:34',NULL),(88,8522,88,88,NULL,0,NULL,'2023-02-24 15:05:34','2023-02-24 15:05:34',NULL),(89,8522,89,89,NULL,0,NULL,'2023-02-24 15:05:34','2023-02-24 15:05:34',NULL),(90,8522,90,90,NULL,0,NULL,'2023-02-24 15:05:34','2023-02-24 15:05:34',NULL),(91,8522,91,91,NULL,0,NULL,'2023-02-24 15:05:34','2023-02-24 15:05:34',NULL),(92,8522,92,92,NULL,0,NULL,'2023-02-24 15:05:34','2023-02-24 15:05:34',NULL),(93,8522,93,93,NULL,0,NULL,'2023-02-24 15:05:34','2023-02-24 15:05:34',NULL),(94,8522,94,94,NULL,0,NULL,'2023-02-24 15:05:34','2023-02-24 15:05:34',NULL),(95,8522,95,95,NULL,0,NULL,'2023-02-24 15:05:34','2023-02-24 15:05:34',NULL),(96,8522,96,96,NULL,0,NULL,'2023-02-24 15:05:34','2023-02-24 15:05:34',NULL),(97,8522,97,97,NULL,0,NULL,'2023-02-24 15:05:34','2023-02-24 15:05:34',NULL),(98,8522,98,98,NULL,0,NULL,'2023-02-24 15:05:34','2023-02-24 15:05:34',NULL),(99,8522,99,99,NULL,0,NULL,'2023-02-24 15:05:34','2023-02-24 15:05:34',NULL),(100,8522,100,100,NULL,0,NULL,'2023-02-24 15:05:34','2023-02-24 15:05:34',NULL),(101,8522,101,101,NULL,0,NULL,'2023-02-24 15:05:35','2023-02-24 15:05:35',NULL),(102,8522,102,102,NULL,0,NULL,'2023-02-24 15:05:35','2023-02-24 15:05:35',NULL),(103,8522,103,103,NULL,0,NULL,'2023-02-24 15:05:35','2023-02-24 15:05:35',NULL),(104,8522,104,104,NULL,0,NULL,'2023-02-24 15:05:35','2023-02-24 15:05:35',NULL);
INSERT INTO `cta_cte_cliente_pivot_receipt` VALUES (105,8522,105,105,NULL,0,NULL,'2023-02-24 15:05:35','2023-02-24 15:05:35',NULL),(106,8522,106,106,NULL,0,NULL,'2023-02-24 15:05:35','2023-02-24 15:05:35',NULL),(107,8522,107,107,NULL,0,NULL,'2023-02-24 15:05:35','2023-02-24 15:05:35',NULL),(108,8522,108,108,NULL,0,NULL,'2023-02-24 15:05:35','2023-02-24 15:05:35',NULL),(109,8522,109,109,NULL,0,NULL,'2023-02-24 15:05:35','2023-02-24 15:05:35',NULL),(110,8522,110,110,NULL,0,NULL,'2023-02-24 15:05:35','2023-02-24 15:05:35',NULL),(111,8522,111,111,NULL,0,NULL,'2023-02-24 15:05:35','2023-02-24 15:05:35',NULL),(112,8522,112,112,NULL,0,NULL,'2023-02-24 15:05:35','2023-02-24 15:05:35',NULL),(113,8522,113,113,NULL,0,NULL,'2023-02-24 15:05:35','2023-02-24 15:05:35',NULL),(114,8522,114,114,NULL,0,NULL,'2023-02-24 15:05:35','2023-02-24 15:05:35',NULL),(115,8522,115,115,NULL,0,NULL,'2023-02-24 15:05:35','2023-02-24 15:05:35',NULL),(116,8522,116,116,NULL,0,NULL,'2023-02-24 15:05:35','2023-02-24 15:05:35',NULL),(117,8522,117,117,NULL,0,NULL,'2023-02-24 15:05:35','2023-02-24 15:05:35',NULL),(368,8522,368,368,NULL,0,NULL,'2023-02-24 15:56:06','2023-02-24 15:56:06',NULL),(369,8522,369,369,NULL,0,NULL,'2023-02-24 15:56:06','2023-02-24 15:56:06',NULL),(370,8522,370,370,NULL,0,NULL,'2023-02-24 15:56:06','2023-02-24 15:56:06',NULL),(371,8522,371,371,NULL,0,NULL,'2023-02-24 15:56:06','2023-02-24 15:56:06',NULL),(372,8522,372,372,NULL,0,NULL,'2023-02-24 15:56:06','2023-02-24 15:56:06',NULL),(373,8522,373,373,NULL,0,NULL,'2023-02-24 15:56:06','2023-02-24 15:56:06',NULL),(374,8522,374,374,NULL,0,NULL,'2023-02-24 15:56:06','2023-02-24 15:56:06',NULL),(375,8522,375,375,NULL,0,NULL,'2023-02-24 15:56:06','2023-02-24 15:56:06',NULL),(376,8522,376,376,NULL,0,NULL,'2023-02-24 15:56:06','2023-02-24 15:56:06',NULL),(377,8522,377,377,NULL,0,NULL,'2023-02-24 15:56:06','2023-02-24 15:56:06',NULL),(378,8522,378,378,NULL,0,NULL,'2023-02-24 15:56:06','2023-02-24 15:56:06',NULL),(379,8522,379,379,NULL,0,NULL,'2023-02-24 15:56:06','2023-02-24 15:56:06',NULL),(380,8522,380,380,NULL,0,NULL,'2023-02-24 15:56:07','2023-02-24 15:56:07',NULL),(381,8522,381,381,NULL,0,NULL,'2023-02-24 15:56:07','2023-02-24 15:56:07',NULL),(382,8522,382,382,NULL,0,NULL,'2023-02-24 15:56:07','2023-02-24 15:56:07',NULL),(383,8522,383,383,NULL,0,NULL,'2023-02-24 15:56:07','2023-02-24 15:56:07',NULL),(384,8522,384,384,NULL,0,NULL,'2023-02-24 15:56:07','2023-02-24 15:56:07',NULL),(385,8522,385,385,NULL,0,NULL,'2023-02-24 15:56:07','2023-02-24 15:56:07',NULL),(386,8522,386,386,NULL,0,NULL,'2023-02-24 15:56:07','2023-02-24 15:56:07',NULL),(387,8522,387,387,NULL,0,NULL,'2023-02-24 15:56:07','2023-02-24 15:56:07',NULL),(388,8522,388,388,NULL,0,NULL,'2023-02-24 15:56:07','2023-02-24 15:56:07',NULL),(389,8522,389,389,NULL,0,NULL,'2023-02-24 15:56:07','2023-02-24 15:56:07',NULL),(390,8522,390,390,NULL,0,NULL,'2023-02-24 15:56:07','2023-02-24 15:56:07',NULL),(391,8522,391,391,NULL,0,NULL,'2023-02-24 15:56:07','2023-02-24 15:56:07',NULL),(392,8522,392,392,NULL,0,NULL,'2023-02-24 15:56:07','2023-02-24 15:56:07',NULL),(393,8522,393,393,NULL,0,NULL,'2023-02-24 15:56:07','2023-02-24 15:56:07',NULL),(394,8522,394,394,NULL,0,NULL,'2023-02-24 15:56:07','2023-02-24 15:56:07',NULL),(395,8522,395,395,NULL,0,NULL,'2023-02-24 15:56:07','2023-02-24 15:56:07',NULL),(396,8522,396,396,NULL,0,NULL,'2023-02-24 15:56:07','2023-02-24 15:56:07',NULL),(397,8522,397,397,NULL,0,NULL,'2023-02-24 15:56:07','2023-02-24 15:56:07',NULL),(398,8522,398,398,NULL,0,NULL,'2023-02-24 15:56:07','2023-02-24 15:56:07',NULL),(399,8522,399,399,NULL,0,NULL,'2023-02-24 15:56:07','2023-02-24 15:56:07',NULL),(400,8522,400,400,NULL,0,NULL,'2023-02-24 15:56:07','2023-02-24 15:56:07',NULL),(401,8522,401,401,NULL,0,NULL,'2023-02-24 15:56:07','2023-02-24 15:56:07',NULL),(402,8522,402,402,NULL,0,NULL,'2023-02-24 15:56:07','2023-02-24 15:56:07',NULL),(403,8522,403,403,NULL,0,NULL,'2023-02-24 15:56:07','2023-02-24 15:56:07',NULL);
INSERT INTO `cta_cte_cliente_pivot_receipt` VALUES (404,8522,404,404,NULL,0,NULL,'2023-02-24 15:56:07','2023-02-24 15:56:07',NULL),(405,8522,405,405,NULL,0,NULL,'2023-02-24 15:56:08','2023-02-24 15:56:08',NULL),(406,8522,406,406,NULL,0,NULL,'2023-02-24 15:56:08','2023-02-24 15:56:08',NULL),(407,8522,407,407,NULL,0,NULL,'2023-02-24 15:56:08','2023-02-24 15:56:08',NULL),(408,8522,408,408,NULL,0,NULL,'2023-02-24 15:56:08','2023-02-24 15:56:08',NULL),(409,8522,409,409,NULL,0,NULL,'2023-02-24 15:56:08','2023-02-24 15:56:08',NULL),(410,8522,410,410,NULL,0,NULL,'2023-02-24 15:56:08','2023-02-24 15:56:08',NULL),(411,8522,411,411,NULL,0,NULL,'2023-02-24 15:56:08','2023-02-24 15:56:08',NULL),(412,8522,412,412,NULL,0,NULL,'2023-02-24 15:56:08','2023-02-24 15:56:08',NULL),(413,8522,413,413,NULL,0,NULL,'2023-02-24 15:56:08','2023-02-24 15:56:08',NULL),(414,8522,414,414,NULL,0,NULL,'2023-02-24 15:56:08','2023-02-24 15:56:08',NULL),(415,8522,415,415,NULL,0,NULL,'2023-02-24 15:56:08','2023-02-24 15:56:08',NULL),(416,8522,416,416,NULL,0,NULL,'2023-02-24 15:56:08','2023-02-24 15:56:08',NULL),(417,8522,417,417,NULL,0,NULL,'2023-02-24 15:56:08','2023-02-24 15:56:08',NULL),(418,8522,418,418,NULL,0,NULL,'2023-02-24 15:56:08','2023-02-24 15:56:08',NULL),(419,8522,419,419,NULL,0,NULL,'2023-02-24 15:56:08','2023-02-24 15:56:08',NULL),(420,8522,420,420,NULL,0,NULL,'2023-02-24 15:56:08','2023-02-24 15:56:08',NULL),(421,8522,421,421,NULL,0,NULL,'2023-02-24 15:56:08','2023-02-24 15:56:08',NULL),(422,8522,422,422,NULL,0,NULL,'2023-02-24 15:56:08','2023-02-24 15:56:08',NULL),(423,8522,423,423,NULL,0,NULL,'2023-02-24 15:56:08','2023-02-24 15:56:08',NULL),(424,8522,424,424,NULL,0,NULL,'2023-02-24 15:56:08','2023-02-24 15:56:08',NULL),(425,8522,425,425,NULL,0,NULL,'2023-02-24 15:56:08','2023-02-24 15:56:08',NULL),(426,8522,426,426,NULL,0,NULL,'2023-02-24 15:56:08','2023-02-24 15:56:08',NULL),(427,8522,427,427,NULL,0,NULL,'2023-02-24 15:56:08','2023-02-24 15:56:08',NULL),(428,8522,428,428,NULL,0,NULL,'2023-02-24 15:56:08','2023-02-24 15:56:08',NULL),(429,8522,429,429,NULL,0,NULL,'2023-02-24 15:56:09','2023-02-24 15:56:09',NULL),(430,8522,430,430,NULL,0,NULL,'2023-02-24 15:56:09','2023-02-24 15:56:09',NULL),(431,8522,431,431,NULL,0,NULL,'2023-02-24 15:56:09','2023-02-24 15:56:09',NULL),(432,8522,432,432,NULL,0,NULL,'2023-02-24 15:56:09','2023-02-24 15:56:09',NULL),(433,8522,433,433,NULL,0,NULL,'2023-02-24 15:56:09','2023-02-24 15:56:09',NULL),(434,8522,434,434,NULL,0,NULL,'2023-02-24 15:56:09','2023-02-24 15:56:09',NULL),(435,8522,435,435,NULL,0,NULL,'2023-02-24 15:56:09','2023-02-24 15:56:09',NULL),(436,8522,436,436,NULL,0,NULL,'2023-02-24 15:56:09','2023-02-24 15:56:09',NULL),(437,8522,437,437,NULL,0,NULL,'2023-02-24 15:56:09','2023-02-24 15:56:09',NULL),(438,8522,438,438,NULL,0,NULL,'2023-02-24 15:56:09','2023-02-24 15:56:09',NULL),(439,8522,439,439,NULL,0,NULL,'2023-02-24 15:56:09','2023-02-24 15:56:09',NULL),(440,8522,440,440,NULL,0,NULL,'2023-02-24 15:56:09','2023-02-24 15:56:09',NULL),(441,8522,441,441,NULL,0,NULL,'2023-02-24 15:56:09','2023-02-24 15:56:09',NULL),(442,8522,442,442,NULL,0,NULL,'2023-02-24 15:56:09','2023-02-24 15:56:09',NULL),(443,8522,443,443,NULL,0,NULL,'2023-02-24 15:56:09','2023-02-24 15:56:09',NULL),(444,8522,444,444,NULL,0,NULL,'2023-02-24 15:56:09','2023-02-24 15:56:09',NULL),(445,8522,445,445,NULL,0,NULL,'2023-02-24 15:56:09','2023-02-24 15:56:09',NULL),(446,8522,446,446,NULL,0,NULL,'2023-02-24 15:56:09','2023-02-24 15:56:09',NULL),(447,8522,447,447,NULL,0,NULL,'2023-02-24 15:56:09','2023-02-24 15:56:09',NULL),(448,8522,448,448,NULL,0,NULL,'2023-02-24 15:56:09','2023-02-24 15:56:09',NULL),(449,8522,449,449,NULL,0,NULL,'2023-02-24 15:56:09','2023-02-24 15:56:09',NULL),(450,8522,450,450,NULL,0,NULL,'2023-02-24 15:56:09','2023-02-24 15:56:09',NULL),(451,8522,451,451,NULL,0,NULL,'2023-02-24 15:56:09','2023-02-24 15:56:09',NULL),(452,8522,452,452,NULL,0,NULL,'2023-02-24 15:56:09','2023-02-24 15:56:09',NULL);
INSERT INTO `cta_cte_cliente_pivot_receipt` VALUES (453,8522,453,453,NULL,0,NULL,'2023-02-24 15:56:10','2023-02-24 15:56:10',NULL),(454,8522,454,454,NULL,0,NULL,'2023-02-24 15:56:10','2023-02-24 15:56:10',NULL),(455,8522,455,455,NULL,0,NULL,'2023-02-24 15:56:10','2023-02-24 15:56:10',NULL),(456,8522,456,456,NULL,0,NULL,'2023-02-24 15:56:10','2023-02-24 15:56:10',NULL),(457,8522,457,457,NULL,0,NULL,'2023-02-24 15:56:10','2023-02-24 15:56:10',NULL),(458,8522,458,458,NULL,0,NULL,'2023-02-24 15:56:10','2023-02-24 15:56:10',NULL),(459,8522,459,459,NULL,0,NULL,'2023-02-24 15:56:10','2023-02-24 15:56:10',NULL),(460,8522,460,460,NULL,0,NULL,'2023-02-24 15:56:10','2023-02-24 15:56:10',NULL),(461,8522,461,461,NULL,0,NULL,'2023-02-24 15:56:10','2023-02-24 15:56:10',NULL),(462,8522,462,462,NULL,0,NULL,'2023-02-24 15:56:10','2023-02-24 15:56:10',NULL),(463,8522,463,463,NULL,0,NULL,'2023-02-24 15:56:10','2023-02-24 15:56:10',NULL),(464,8522,464,464,NULL,0,NULL,'2023-02-24 15:56:10','2023-02-24 15:56:10',NULL),(465,8522,465,465,NULL,0,NULL,'2023-02-24 15:56:10','2023-02-24 15:56:10',NULL),(466,8522,466,466,NULL,0,NULL,'2023-02-24 15:56:10','2023-02-24 15:56:10',NULL),(467,8522,467,467,NULL,0,NULL,'2023-02-24 15:56:10','2023-02-24 15:56:10',NULL),(468,8522,468,468,NULL,0,NULL,'2023-02-24 15:56:10','2023-02-24 15:56:10',NULL),(469,8522,469,469,NULL,0,NULL,'2023-02-24 15:56:10','2023-02-24 15:56:10',NULL),(470,8522,470,470,NULL,0,NULL,'2023-02-24 15:56:10','2023-02-24 15:56:10',NULL),(471,8522,471,471,NULL,0,NULL,'2023-02-24 15:56:10','2023-02-24 15:56:10',NULL),(472,8522,472,472,NULL,0,NULL,'2023-02-24 15:56:10','2023-02-24 15:56:10',NULL),(473,8522,473,473,NULL,0,NULL,'2023-02-24 15:56:10','2023-02-24 15:56:10',NULL),(474,8522,474,474,NULL,0,NULL,'2023-02-24 15:56:10','2023-02-24 15:56:10',NULL),(475,8522,475,475,NULL,0,NULL,'2023-02-24 15:56:10','2023-02-24 15:56:10',NULL),(476,8522,476,476,NULL,0,NULL,'2023-02-24 15:56:10','2023-02-24 15:56:10',NULL),(477,8522,477,477,NULL,0,NULL,'2023-02-24 15:56:11','2023-02-24 15:56:11',NULL),(478,8522,478,478,NULL,0,NULL,'2023-02-24 15:56:11','2023-02-24 15:56:11',NULL),(479,8522,479,479,NULL,0,NULL,'2023-02-24 15:56:11','2023-02-24 15:56:11',NULL),(480,8522,480,480,NULL,0,NULL,'2023-02-24 15:56:11','2023-02-24 15:56:11',NULL),(481,8522,481,481,NULL,0,NULL,'2023-02-24 15:56:11','2023-02-24 15:56:11',NULL),(482,8522,482,482,NULL,0,NULL,'2023-02-24 15:56:11','2023-02-24 15:56:11',NULL),(483,8522,483,483,NULL,0,NULL,'2023-02-24 15:56:11','2023-02-24 15:56:11',NULL),(484,8522,484,484,NULL,0,NULL,'2023-02-24 15:56:11','2023-02-24 15:56:11',NULL),(485,8522,485,485,NULL,0,NULL,'2023-02-24 15:56:11','2023-02-24 15:56:11',NULL),(486,8522,486,486,NULL,0,NULL,'2023-02-24 15:56:11','2023-02-24 15:56:11',NULL),(487,8522,487,487,NULL,0,NULL,'2023-02-24 15:56:11','2023-02-24 15:56:11',NULL),(488,8522,488,488,NULL,0,NULL,'2023-02-24 15:56:11','2023-02-24 15:56:11',NULL),(489,8522,489,489,NULL,0,NULL,'2023-02-24 15:56:11','2023-02-24 15:56:11',NULL),(490,8522,490,490,NULL,0,NULL,'2023-02-24 15:56:11','2023-02-24 15:56:11',NULL),(491,8522,491,491,NULL,0,NULL,'2023-02-24 15:56:11','2023-02-24 15:56:11',NULL),(492,8522,492,492,NULL,0,NULL,'2023-02-24 15:56:11','2023-02-24 15:56:11',NULL),(493,8522,493,493,NULL,0,NULL,'2023-02-24 15:56:11','2023-02-24 15:56:11',NULL),(494,8522,494,494,NULL,0,NULL,'2023-02-24 15:56:11','2023-02-24 15:56:11',NULL),(495,8522,495,495,NULL,0,NULL,'2023-02-24 15:56:11','2023-02-24 15:56:11',NULL),(496,8522,496,496,NULL,0,NULL,'2023-02-24 15:56:11','2023-02-24 15:56:11',NULL),(873,NULL,873,873,NULL,0,NULL,'2023-02-24 16:16:35','2023-02-24 16:16:35',NULL),(874,NULL,874,874,NULL,0,NULL,'2023-02-24 16:16:35','2023-02-24 16:16:35',NULL),(875,NULL,875,875,NULL,0,NULL,'2023-02-24 16:16:35','2023-02-24 16:16:35',NULL),(876,NULL,876,876,NULL,0,NULL,'2023-02-24 16:16:35','2023-02-24 16:16:35',NULL),(877,NULL,877,877,NULL,0,NULL,'2023-02-24 16:16:35','2023-02-24 16:16:35',NULL);
INSERT INTO `cta_cte_cliente_pivot_receipt` VALUES (878,NULL,878,878,NULL,0,NULL,'2023-02-24 16:16:35','2023-02-24 16:16:35',NULL),(879,NULL,879,879,NULL,0,NULL,'2023-02-24 16:16:35','2023-02-24 16:16:35',NULL),(880,NULL,880,880,NULL,0,NULL,'2023-02-24 16:16:35','2023-02-24 16:16:35',NULL),(881,NULL,881,881,NULL,0,NULL,'2023-02-24 16:16:36','2023-02-24 16:16:36',NULL),(882,NULL,882,882,NULL,0,NULL,'2023-02-24 16:16:36','2023-02-24 16:16:36',NULL),(883,NULL,883,883,NULL,0,NULL,'2023-02-24 16:16:36','2023-02-24 16:16:36',NULL),(884,NULL,884,884,NULL,0,NULL,'2023-02-24 16:16:36','2023-02-24 16:16:36',NULL),(885,NULL,885,885,NULL,0,NULL,'2023-02-24 16:16:36','2023-02-24 16:16:36',NULL),(886,NULL,886,886,NULL,0,NULL,'2023-02-24 16:16:36','2023-02-24 16:16:36',NULL),(887,NULL,887,887,NULL,0,NULL,'2023-02-24 16:16:36','2023-02-24 16:16:36',NULL),(888,NULL,888,888,NULL,0,NULL,'2023-02-24 16:16:36','2023-02-24 16:16:36',NULL),(889,NULL,889,889,NULL,0,NULL,'2023-02-24 16:16:36','2023-02-24 16:16:36',NULL),(890,NULL,890,890,NULL,0,NULL,'2023-02-24 16:16:36','2023-02-24 16:16:36',NULL),(891,NULL,891,891,NULL,0,NULL,'2023-02-24 16:16:36','2023-02-24 16:16:36',NULL),(892,NULL,892,892,NULL,0,NULL,'2023-02-24 16:16:36','2023-02-24 16:16:36',NULL),(893,NULL,893,893,NULL,0,NULL,'2023-02-24 16:16:36','2023-02-24 16:16:36',NULL),(894,NULL,894,894,NULL,0,NULL,'2023-02-24 16:16:36','2023-02-24 16:16:36',NULL),(895,NULL,895,895,NULL,0,NULL,'2023-02-24 16:16:36','2023-02-24 16:16:36',NULL),(896,NULL,896,896,NULL,0,NULL,'2023-02-24 16:16:36','2023-02-24 16:16:36',NULL),(897,NULL,897,897,NULL,0,NULL,'2023-02-24 16:16:36','2023-02-24 16:16:36',NULL),(898,NULL,898,898,NULL,0,NULL,'2023-02-24 16:16:36','2023-02-24 16:16:36',NULL),(899,NULL,899,899,NULL,0,NULL,'2023-02-24 16:16:36','2023-02-24 16:16:36',NULL),(900,NULL,900,900,NULL,0,NULL,'2023-02-24 16:16:36','2023-02-24 16:16:36',NULL),(901,NULL,901,901,NULL,0,NULL,'2023-02-24 16:16:36','2023-02-24 16:16:36',NULL),(902,NULL,902,902,NULL,0,NULL,'2023-02-24 16:16:36','2023-02-24 16:16:36',NULL),(903,NULL,903,903,NULL,0,NULL,'2023-02-24 16:16:36','2023-02-24 16:16:36',NULL),(904,NULL,904,904,NULL,0,NULL,'2023-02-24 16:16:36','2023-02-24 16:16:36',NULL),(905,NULL,905,905,NULL,0,NULL,'2023-02-24 16:16:37','2023-02-24 16:16:37',NULL),(906,NULL,906,906,NULL,0,NULL,'2023-02-24 16:16:37','2023-02-24 16:16:37',NULL),(907,NULL,907,907,NULL,0,NULL,'2023-02-24 16:16:37','2023-02-24 16:16:37',NULL),(908,NULL,908,908,NULL,0,NULL,'2023-02-24 16:16:37','2023-02-24 16:16:37',NULL),(909,NULL,909,909,NULL,0,NULL,'2023-02-24 16:16:37','2023-02-24 16:16:37',NULL),(910,NULL,910,910,NULL,0,NULL,'2023-02-24 16:16:37','2023-02-24 16:16:37',NULL),(911,NULL,911,911,NULL,0,NULL,'2023-02-24 16:16:37','2023-02-24 16:16:37',NULL),(912,NULL,912,912,NULL,0,NULL,'2023-02-24 16:16:37','2023-02-24 16:16:37',NULL),(913,NULL,913,913,NULL,0,NULL,'2023-02-24 16:16:37','2023-02-24 16:16:37',NULL),(914,NULL,914,914,NULL,0,NULL,'2023-02-24 16:16:37','2023-02-24 16:16:37',NULL),(915,NULL,915,915,NULL,0,NULL,'2023-02-24 16:16:37','2023-02-24 16:16:37',NULL),(916,NULL,916,916,NULL,0,NULL,'2023-02-24 16:16:37','2023-02-24 16:16:37',NULL),(917,NULL,917,917,NULL,0,NULL,'2023-02-24 16:16:37','2023-02-24 16:16:37',NULL),(918,NULL,918,918,NULL,0,NULL,'2023-02-24 16:16:37','2023-02-24 16:16:37',NULL),(919,NULL,919,919,NULL,0,NULL,'2023-02-24 16:16:37','2023-02-24 16:16:37',NULL),(920,NULL,920,920,NULL,0,NULL,'2023-02-24 16:16:37','2023-02-24 16:16:37',NULL),(921,NULL,921,921,NULL,0,NULL,'2023-02-24 16:16:37','2023-02-24 16:16:37',NULL),(922,NULL,922,922,NULL,0,NULL,'2023-02-24 16:16:37','2023-02-24 16:16:37',NULL),(923,NULL,923,923,NULL,0,NULL,'2023-02-24 16:16:37','2023-02-24 16:16:37',NULL),(924,NULL,924,924,NULL,0,NULL,'2023-02-24 16:16:37','2023-02-24 16:16:37',NULL),(925,NULL,925,925,NULL,0,NULL,'2023-02-24 16:16:37','2023-02-24 16:16:37',NULL),(926,NULL,926,926,NULL,0,NULL,'2023-02-24 16:16:37','2023-02-24 16:16:37',NULL);
INSERT INTO `cta_cte_cliente_pivot_receipt` VALUES (927,NULL,927,927,NULL,0,NULL,'2023-02-24 16:16:37','2023-02-24 16:16:37',NULL),(928,NULL,928,928,NULL,0,NULL,'2023-02-24 16:16:37','2023-02-24 16:16:37',NULL),(929,NULL,929,929,NULL,0,NULL,'2023-02-24 16:16:37','2023-02-24 16:16:37',NULL),(930,NULL,930,930,NULL,0,NULL,'2023-02-24 16:16:37','2023-02-24 16:16:37',NULL),(931,NULL,931,931,NULL,0,NULL,'2023-02-24 16:16:37','2023-02-24 16:16:37',NULL),(932,NULL,932,932,NULL,0,NULL,'2023-02-24 16:16:38','2023-02-24 16:16:38',NULL),(933,NULL,933,933,NULL,0,NULL,'2023-02-24 16:16:38','2023-02-24 16:16:38',NULL),(934,NULL,934,934,NULL,0,NULL,'2023-02-24 16:16:38','2023-02-24 16:16:38',NULL),(935,NULL,935,935,NULL,0,NULL,'2023-02-24 16:16:38','2023-02-24 16:16:38',NULL),(936,NULL,936,936,NULL,0,NULL,'2023-02-24 16:16:38','2023-02-24 16:16:38',NULL),(937,NULL,937,937,NULL,0,NULL,'2023-02-24 16:16:38','2023-02-24 16:16:38',NULL),(938,NULL,938,938,NULL,0,NULL,'2023-02-24 16:16:38','2023-02-24 16:16:38',NULL),(939,NULL,939,939,NULL,0,NULL,'2023-02-24 16:16:38','2023-02-24 16:16:38',NULL),(940,NULL,940,940,NULL,0,NULL,'2023-02-24 16:16:38','2023-02-24 16:16:38',NULL),(941,NULL,941,941,NULL,0,NULL,'2023-02-24 16:16:38','2023-02-24 16:16:38',NULL),(942,NULL,942,942,NULL,0,NULL,'2023-02-24 16:16:38','2023-02-24 16:16:38',NULL),(943,NULL,943,943,NULL,0,NULL,'2023-02-24 16:16:38','2023-02-24 16:16:38',NULL),(944,NULL,944,944,NULL,0,NULL,'2023-02-24 16:16:38','2023-02-24 16:16:38',NULL),(945,NULL,945,945,NULL,0,NULL,'2023-02-24 16:16:38','2023-02-24 16:16:38',NULL),(946,NULL,946,946,NULL,0,NULL,'2023-02-24 16:16:38','2023-02-24 16:16:38',NULL),(947,NULL,947,947,NULL,0,NULL,'2023-02-24 16:16:38','2023-02-24 16:16:38',NULL),(948,NULL,948,948,NULL,0,NULL,'2023-02-24 16:16:38','2023-02-24 16:16:38',NULL),(949,NULL,949,949,NULL,0,NULL,'2023-02-24 16:16:38','2023-02-24 16:16:38',NULL),(950,NULL,950,950,NULL,0,NULL,'2023-02-24 16:16:38','2023-02-24 16:16:38',NULL),(951,NULL,951,951,NULL,0,NULL,'2023-02-24 16:16:38','2023-02-24 16:16:38',NULL),(952,NULL,952,952,NULL,0,NULL,'2023-02-24 16:16:38','2023-02-24 16:16:38',NULL),(953,NULL,953,953,NULL,0,NULL,'2023-02-24 16:16:38','2023-02-24 16:16:38',NULL),(954,NULL,954,954,NULL,0,NULL,'2023-02-24 16:16:38','2023-02-24 16:16:38',NULL),(955,NULL,955,955,NULL,0,NULL,'2023-02-24 16:16:38','2023-02-24 16:16:38',NULL),(956,NULL,956,956,NULL,0,NULL,'2023-02-24 16:16:38','2023-02-24 16:16:38',NULL),(957,NULL,957,957,NULL,0,NULL,'2023-02-24 16:16:38','2023-02-24 16:16:38',NULL),(958,NULL,958,958,NULL,0,NULL,'2023-02-24 16:16:38','2023-02-24 16:16:38',NULL),(959,NULL,959,959,NULL,0,NULL,'2023-02-24 16:16:38','2023-02-24 16:16:38',NULL),(960,NULL,960,960,NULL,0,NULL,'2023-02-24 16:16:38','2023-02-24 16:16:38',NULL),(961,NULL,961,961,NULL,0,NULL,'2023-02-24 16:16:39','2023-02-24 16:16:39',NULL),(962,NULL,962,962,NULL,0,NULL,'2023-02-24 16:16:39','2023-02-24 16:16:39',NULL),(963,NULL,963,963,NULL,0,NULL,'2023-02-24 16:16:39','2023-02-24 16:16:39',NULL),(964,NULL,964,964,NULL,0,NULL,'2023-02-24 16:16:39','2023-02-24 16:16:39',NULL),(965,NULL,965,965,NULL,0,NULL,'2023-02-24 16:16:39','2023-02-24 16:16:39',NULL),(966,NULL,966,966,NULL,0,NULL,'2023-02-24 16:16:39','2023-02-24 16:16:39',NULL),(967,NULL,967,967,NULL,0,NULL,'2023-02-24 16:16:39','2023-02-24 16:16:39',NULL),(968,NULL,968,968,NULL,0,NULL,'2023-02-24 16:16:39','2023-02-24 16:16:39',NULL),(969,NULL,969,969,NULL,0,NULL,'2023-02-24 16:16:39','2023-02-24 16:16:39',NULL),(970,NULL,970,970,NULL,0,NULL,'2023-02-24 16:16:39','2023-02-24 16:16:39',NULL),(971,NULL,971,971,NULL,0,NULL,'2023-02-24 16:16:39','2023-02-24 16:16:39',NULL),(972,NULL,972,972,NULL,0,NULL,'2023-02-24 16:16:39','2023-02-24 16:16:39',NULL),(973,NULL,973,973,NULL,0,NULL,'2023-02-24 16:16:39','2023-02-24 16:16:39',NULL),(974,NULL,974,974,NULL,0,NULL,'2023-02-24 16:16:39','2023-02-24 16:16:39',NULL),(975,NULL,975,975,NULL,0,NULL,'2023-02-24 16:16:39','2023-02-24 16:16:39',NULL);
INSERT INTO `cta_cte_cliente_pivot_receipt` VALUES (976,NULL,976,976,NULL,0,NULL,'2023-02-24 16:16:39','2023-02-24 16:16:39',NULL),(977,NULL,977,977,NULL,0,NULL,'2023-02-24 16:16:39','2023-02-24 16:16:39',NULL),(978,NULL,978,978,NULL,0,NULL,'2023-02-24 16:16:39','2023-02-24 16:16:39',NULL),(979,NULL,979,979,NULL,0,NULL,'2023-02-24 16:16:39','2023-02-24 16:16:39',NULL),(980,NULL,980,980,NULL,0,NULL,'2023-02-24 16:16:39','2023-02-24 16:16:39',NULL),(981,NULL,981,981,NULL,0,NULL,'2023-02-24 16:16:39','2023-02-24 16:16:39',NULL),(982,NULL,982,982,NULL,0,NULL,'2023-02-24 16:16:39','2023-02-24 16:16:39',NULL),(983,NULL,983,983,NULL,0,NULL,'2023-02-24 16:16:39','2023-02-24 16:16:39',NULL),(984,NULL,984,984,NULL,0,NULL,'2023-02-24 16:16:39','2023-02-24 16:16:39',NULL),(985,NULL,985,985,NULL,0,NULL,'2023-02-24 16:16:40','2023-02-24 16:16:40',NULL),(986,NULL,986,986,NULL,0,NULL,'2023-02-24 16:16:40','2023-02-24 16:16:40',NULL),(987,NULL,987,987,NULL,0,NULL,'2023-02-24 16:16:40','2023-02-24 16:16:40',NULL),(988,NULL,988,988,NULL,0,NULL,'2023-02-24 16:16:40','2023-02-24 16:16:40',NULL),(989,NULL,989,989,NULL,0,NULL,'2023-02-24 16:16:40','2023-02-24 16:16:40',NULL),(990,NULL,990,990,NULL,0,NULL,'2023-02-24 16:16:40','2023-02-24 16:16:40',NULL),(991,NULL,991,991,NULL,0,NULL,'2023-02-24 16:16:40','2023-02-24 16:16:40',NULL),(992,NULL,992,992,NULL,0,NULL,'2023-02-24 16:16:40','2023-02-24 16:16:40',NULL),(993,NULL,993,993,NULL,0,NULL,'2023-02-24 16:16:40','2023-02-24 16:16:40',NULL),(994,NULL,994,994,NULL,0,NULL,'2023-02-24 16:16:40','2023-02-24 16:16:40',NULL),(995,NULL,995,995,NULL,0,NULL,'2023-02-24 16:16:40','2023-02-24 16:16:40',NULL),(996,NULL,996,996,NULL,0,NULL,'2023-02-24 16:16:40','2023-02-24 16:16:40',NULL),(997,NULL,997,997,NULL,0,NULL,'2023-02-24 16:16:40','2023-02-24 16:16:40',NULL),(998,NULL,998,998,NULL,0,NULL,'2023-02-24 16:16:40','2023-02-24 16:16:40',NULL),(999,NULL,999,999,NULL,0,NULL,'2023-02-24 16:16:41','2023-02-24 16:16:41',NULL),(1000,NULL,1000,1000,NULL,0,NULL,'2023-02-24 16:16:41','2023-02-24 16:16:41',NULL),(1001,NULL,1001,1001,NULL,0,NULL,'2023-02-24 16:16:41','2023-02-24 16:16:41',NULL),(1002,NULL,1002,1002,NULL,0,NULL,'2023-02-24 16:16:41','2023-02-24 16:16:41',NULL),(1003,NULL,1003,1003,NULL,0,NULL,'2023-02-24 16:16:41','2023-02-24 16:16:41',NULL),(1004,NULL,1004,1004,NULL,0,NULL,'2023-02-24 16:16:41','2023-02-24 16:16:41',NULL),(1005,NULL,1005,1005,NULL,0,NULL,'2023-02-24 16:16:41','2023-02-24 16:16:41',NULL),(1006,NULL,1006,1006,NULL,0,NULL,'2023-02-24 16:16:41','2023-02-24 16:16:41',NULL),(1007,NULL,1007,1007,NULL,0,NULL,'2023-02-24 16:16:41','2023-02-24 16:16:41',NULL),(1008,NULL,1008,1008,NULL,0,NULL,'2023-02-24 16:16:41','2023-02-24 16:16:41',NULL),(1009,NULL,1009,1009,NULL,0,NULL,'2023-02-24 16:16:41','2023-02-24 16:16:41',NULL),(1010,NULL,1010,1010,NULL,0,NULL,'2023-02-24 16:16:41','2023-02-24 16:16:41',NULL),(1011,NULL,1011,1011,NULL,0,NULL,'2023-02-24 16:16:41','2023-02-24 16:16:41',NULL),(1012,NULL,1012,1012,NULL,0,NULL,'2023-02-24 16:16:41','2023-02-24 16:16:41',NULL),(1013,NULL,1013,1013,NULL,0,NULL,'2023-02-24 16:16:41','2023-02-24 16:16:41',NULL),(1014,NULL,1014,1014,NULL,0,NULL,'2023-02-24 16:16:41','2023-02-24 16:16:41',NULL),(1015,NULL,1015,1015,NULL,0,NULL,'2023-02-24 16:16:41','2023-02-24 16:16:41',NULL),(1016,NULL,1016,1016,NULL,0,NULL,'2023-02-24 16:16:42','2023-02-24 16:16:42',NULL),(1017,NULL,1017,1017,NULL,0,NULL,'2023-02-24 16:16:42','2023-02-24 16:16:42',NULL),(1018,NULL,1018,1018,NULL,0,NULL,'2023-02-24 16:16:42','2023-02-24 16:16:42',NULL),(1019,NULL,1019,1019,NULL,0,NULL,'2023-02-24 16:16:42','2023-02-24 16:16:42',NULL),(1020,NULL,1020,1020,NULL,0,NULL,'2023-02-24 16:16:42','2023-02-24 16:16:42',NULL),(1021,NULL,1021,1021,NULL,0,NULL,'2023-02-24 16:16:42','2023-02-24 16:16:42',NULL),(1022,NULL,1022,1022,NULL,0,NULL,'2023-02-24 16:16:42','2023-02-24 16:16:42',NULL),(1023,NULL,1023,1023,NULL,0,NULL,'2023-02-24 16:16:42','2023-02-24 16:16:42',NULL);
INSERT INTO `cta_cte_cliente_pivot_receipt` VALUES (1024,NULL,1024,1024,NULL,0,NULL,'2023-02-24 16:16:42','2023-02-24 16:16:42',NULL),(1025,NULL,1025,1025,NULL,0,NULL,'2023-02-24 16:16:42','2023-02-24 16:16:42',NULL),(1026,NULL,1026,1026,NULL,0,NULL,'2023-02-24 16:16:42','2023-02-24 16:16:42',NULL),(1027,NULL,1027,1027,NULL,0,NULL,'2023-02-24 16:16:42','2023-02-24 16:16:42',NULL),(1028,NULL,1028,1028,NULL,0,NULL,'2023-02-24 16:16:42','2023-02-24 16:16:42',NULL),(1029,NULL,1029,1029,NULL,0,NULL,'2023-02-24 16:16:42','2023-02-24 16:16:42',NULL),(1030,NULL,1030,1030,NULL,0,NULL,'2023-02-24 16:16:42','2023-02-24 16:16:42',NULL),(1031,NULL,1031,1031,NULL,0,NULL,'2023-02-24 16:16:42','2023-02-24 16:16:42',NULL),(1032,NULL,1032,1032,NULL,0,NULL,'2023-02-24 16:16:42','2023-02-24 16:16:42',NULL),(1033,NULL,1033,1033,NULL,0,NULL,'2023-02-24 16:16:42','2023-02-24 16:16:42',NULL),(1034,NULL,1034,1034,NULL,0,NULL,'2023-02-24 16:16:42','2023-02-24 16:16:42',NULL),(1035,NULL,1035,1035,NULL,0,NULL,'2023-02-24 16:16:42','2023-02-24 16:16:42',NULL),(1036,NULL,1036,1036,NULL,0,NULL,'2023-02-24 16:16:42','2023-02-24 16:16:42',NULL),(1037,NULL,1037,1037,NULL,0,NULL,'2023-02-24 16:16:42','2023-02-24 16:16:42',NULL),(1038,NULL,1038,1038,NULL,0,NULL,'2023-02-24 16:16:42','2023-02-24 16:16:42',NULL),(1039,NULL,1039,1039,NULL,0,NULL,'2023-02-24 16:16:42','2023-02-24 16:16:42',NULL),(1040,NULL,1040,1040,NULL,0,NULL,'2023-02-24 16:16:42','2023-02-24 16:16:42',NULL),(1041,NULL,1041,1041,NULL,0,NULL,'2023-02-24 16:16:42','2023-02-24 16:16:42',NULL),(1042,NULL,1042,1042,NULL,0,NULL,'2023-02-24 16:16:42','2023-02-24 16:16:42',NULL),(1043,NULL,1043,1043,NULL,0,NULL,'2023-02-24 16:16:42','2023-02-24 16:16:42',NULL),(1044,NULL,1044,1044,NULL,0,NULL,'2023-02-24 16:16:42','2023-02-24 16:16:42',NULL),(1045,NULL,1045,1045,NULL,0,NULL,'2023-02-24 16:16:43','2023-02-24 16:16:43',NULL),(1046,NULL,1046,1046,NULL,0,NULL,'2023-02-24 16:16:43','2023-02-24 16:16:43',NULL),(1047,NULL,1047,1047,NULL,0,NULL,'2023-02-24 16:16:43','2023-02-24 16:16:43',NULL),(1048,NULL,1048,1048,NULL,0,NULL,'2023-02-24 16:16:43','2023-02-24 16:16:43',NULL),(1049,NULL,1049,1049,NULL,0,NULL,'2023-02-24 16:16:43','2023-02-24 16:16:43',NULL),(1050,NULL,1050,1050,NULL,0,NULL,'2023-02-24 16:16:43','2023-02-24 16:16:43',NULL),(1051,NULL,1051,1051,NULL,0,NULL,'2023-02-24 16:16:43','2023-02-24 16:16:43',NULL),(1052,NULL,1052,1052,NULL,0,NULL,'2023-02-24 16:16:43','2023-02-24 16:16:43',NULL),(1053,NULL,1053,1053,NULL,0,NULL,'2023-02-24 16:16:43','2023-02-24 16:16:43',NULL),(1054,NULL,1054,1054,NULL,0,NULL,'2023-02-24 16:16:43','2023-02-24 16:16:43',NULL),(1055,NULL,1055,1055,NULL,0,NULL,'2023-02-24 16:16:43','2023-02-24 16:16:43',NULL),(1056,NULL,1056,1056,NULL,0,NULL,'2023-02-24 16:16:43','2023-02-24 16:16:43',NULL),(1057,NULL,1057,1057,NULL,0,NULL,'2023-02-24 16:16:43','2023-02-24 16:16:43',NULL),(1058,NULL,1058,1058,NULL,0,NULL,'2023-02-24 16:16:43','2023-02-24 16:16:43',NULL),(1059,NULL,1059,1059,NULL,0,NULL,'2023-02-24 16:16:43','2023-02-24 16:16:43',NULL),(1060,NULL,1060,1060,NULL,0,NULL,'2023-02-24 16:16:43','2023-02-24 16:16:43',NULL),(1061,NULL,1061,1061,NULL,0,NULL,'2023-02-24 16:16:43','2023-02-24 16:16:43',NULL),(1062,NULL,1062,1062,NULL,0,NULL,'2023-02-24 16:16:43','2023-02-24 16:16:43',NULL),(1063,NULL,1063,1063,NULL,0,NULL,'2023-02-24 16:16:43','2023-02-24 16:16:43',NULL),(1064,NULL,1064,1064,NULL,0,NULL,'2023-02-24 16:16:43','2023-02-24 16:16:43',NULL),(1065,NULL,1065,1065,NULL,0,NULL,'2023-02-24 16:16:43','2023-02-24 16:16:43',NULL),(1066,NULL,1066,1066,NULL,0,NULL,'2023-02-24 16:16:43','2023-02-24 16:16:43',NULL),(1067,NULL,1067,1067,NULL,0,NULL,'2023-02-24 16:16:43','2023-02-24 16:16:43',NULL),(1068,NULL,1068,1068,NULL,0,NULL,'2023-02-24 16:16:43','2023-02-24 16:16:43',NULL),(1069,NULL,1069,1069,NULL,0,NULL,'2023-02-24 16:16:43','2023-02-24 16:16:43',NULL),(1070,NULL,1070,1070,NULL,0,NULL,'2023-02-24 16:16:43','2023-02-24 16:16:43',NULL),(1071,NULL,1071,1071,NULL,0,NULL,'2023-02-24 16:16:43','2023-02-24 16:16:43',NULL);
INSERT INTO `cta_cte_cliente_pivot_receipt` VALUES (1072,NULL,1072,1072,NULL,0,NULL,'2023-02-24 16:16:44','2023-02-24 16:16:44',NULL),(1073,NULL,1073,1073,NULL,0,NULL,'2023-02-24 16:16:44','2023-02-24 16:16:44',NULL),(1074,NULL,1074,1074,NULL,0,NULL,'2023-02-24 16:16:44','2023-02-24 16:16:44',NULL),(1075,NULL,1075,1075,NULL,0,NULL,'2023-02-24 16:16:44','2023-02-24 16:16:44',NULL),(1076,NULL,1076,1076,NULL,0,NULL,'2023-02-24 16:16:44','2023-02-24 16:16:44',NULL),(1077,NULL,1077,1077,NULL,0,NULL,'2023-02-24 16:16:44','2023-02-24 16:16:44',NULL),(1078,NULL,1078,1078,NULL,0,NULL,'2023-02-24 16:16:44','2023-02-24 16:16:44',NULL),(1079,NULL,1079,1079,NULL,0,NULL,'2023-02-24 16:16:44','2023-02-24 16:16:44',NULL),(1080,NULL,1080,1080,NULL,0,NULL,'2023-02-24 16:16:44','2023-02-24 16:16:44',NULL),(1081,NULL,1081,1081,NULL,0,NULL,'2023-02-24 16:16:44','2023-02-24 16:16:44',NULL),(1082,NULL,1082,1082,NULL,0,NULL,'2023-02-24 16:16:44','2023-02-24 16:16:44',NULL),(1083,NULL,1083,1083,NULL,0,NULL,'2023-02-24 16:16:44','2023-02-24 16:16:44',NULL),(1084,NULL,1084,1084,NULL,0,NULL,'2023-02-24 16:16:44','2023-02-24 16:16:44',NULL),(1085,NULL,1085,1085,NULL,0,NULL,'2023-02-24 16:16:44','2023-02-24 16:16:44',NULL),(1086,NULL,1086,1086,NULL,0,NULL,'2023-02-24 16:16:44','2023-02-24 16:16:44',NULL),(1087,NULL,1087,1087,NULL,0,NULL,'2023-02-24 16:16:44','2023-02-24 16:16:44',NULL),(1088,NULL,1088,1088,NULL,0,NULL,'2023-02-24 16:16:44','2023-02-24 16:16:44',NULL),(1089,NULL,1089,1089,NULL,0,NULL,'2023-02-24 16:16:44','2023-02-24 16:16:44',NULL),(1090,NULL,1090,1090,NULL,0,NULL,'2023-02-24 16:16:44','2023-02-24 16:16:44',NULL),(1091,NULL,1091,1091,NULL,0,NULL,'2023-02-24 16:16:44','2023-02-24 16:16:44',NULL),(1092,NULL,1092,1092,NULL,0,NULL,'2023-02-24 16:16:44','2023-02-24 16:16:44',NULL),(1093,NULL,1093,1093,NULL,0,NULL,'2023-02-24 16:16:44','2023-02-24 16:16:44',NULL),(1094,NULL,1094,1094,NULL,0,NULL,'2023-02-24 16:16:44','2023-02-24 16:16:44',NULL),(1095,NULL,1095,1095,NULL,0,NULL,'2023-02-24 16:16:44','2023-02-24 16:16:44',NULL),(1096,NULL,1096,1096,NULL,0,NULL,'2023-02-24 16:16:44','2023-02-24 16:16:44',NULL),(1097,NULL,1097,1097,NULL,0,NULL,'2023-02-24 16:16:44','2023-02-24 16:16:44',NULL),(1098,NULL,1098,1098,NULL,0,NULL,'2023-02-24 16:16:44','2023-02-24 16:16:44',NULL),(1099,NULL,1099,1099,NULL,0,NULL,'2023-02-24 16:16:45','2023-02-24 16:16:45',NULL),(1100,NULL,1100,1100,NULL,0,NULL,'2023-02-24 16:16:45','2023-02-24 16:16:45',NULL),(1101,NULL,1101,1101,NULL,0,NULL,'2023-02-24 16:16:45','2023-02-24 16:16:45',NULL),(1102,NULL,1102,1102,NULL,0,NULL,'2023-02-24 16:16:45','2023-02-24 16:16:45',NULL),(1103,NULL,1103,1103,NULL,0,NULL,'2023-02-24 16:16:45','2023-02-24 16:16:45',NULL),(1104,NULL,1104,1104,NULL,0,NULL,'2023-02-24 16:16:45','2023-02-24 16:16:45',NULL),(1105,NULL,1105,1105,NULL,0,NULL,'2023-02-24 16:16:45','2023-02-24 16:16:45',NULL),(1106,NULL,1106,1106,NULL,0,NULL,'2023-02-24 16:16:45','2023-02-24 16:16:45',NULL),(1107,NULL,1107,1107,NULL,0,NULL,'2023-02-24 16:16:45','2023-02-24 16:16:45',NULL),(1108,NULL,1108,1108,NULL,0,NULL,'2023-02-24 16:16:45','2023-02-24 16:16:45',NULL),(1109,NULL,1109,1109,NULL,0,NULL,'2023-02-24 16:16:45','2023-02-24 16:16:45',NULL),(1110,NULL,1110,1110,NULL,0,NULL,'2023-02-24 16:16:45','2023-02-24 16:16:45',NULL),(1111,NULL,1111,1111,NULL,0,NULL,'2023-02-24 16:16:45','2023-02-24 16:16:45',NULL),(1112,NULL,1112,1112,NULL,0,NULL,'2023-02-24 16:16:45','2023-02-24 16:16:45',NULL),(1113,NULL,1113,1113,NULL,0,NULL,'2023-02-24 16:16:45','2023-02-24 16:16:45',NULL),(1114,NULL,1114,1114,NULL,0,NULL,'2023-02-24 16:16:45','2023-02-24 16:16:45',NULL),(1115,NULL,1115,1115,NULL,0,NULL,'2023-02-24 16:16:45','2023-02-24 16:16:45',NULL),(1116,NULL,1116,1116,NULL,0,NULL,'2023-02-24 16:16:45','2023-02-24 16:16:45',NULL),(1117,NULL,1117,1117,NULL,0,NULL,'2023-02-24 16:16:45','2023-02-24 16:16:45',NULL),(1118,NULL,1118,1118,NULL,0,NULL,'2023-02-24 16:16:45','2023-02-24 16:16:45',NULL),(1119,NULL,1119,1119,NULL,0,NULL,'2023-02-24 16:16:45','2023-02-24 16:16:45',NULL);
INSERT INTO `cta_cte_cliente_pivot_receipt` VALUES (1120,NULL,1120,1120,NULL,0,NULL,'2023-02-24 16:16:45','2023-02-24 16:16:45',NULL),(1121,NULL,1121,1121,NULL,0,NULL,'2023-02-24 16:16:45','2023-02-24 16:16:45',NULL),(1122,NULL,1122,1122,NULL,0,NULL,'2023-02-24 16:16:45','2023-02-24 16:16:45',NULL),(1123,8522,1123,1129,NULL,0,NULL,'2023-02-27 11:33:10','2023-02-27 11:33:10',NULL),(1124,8522,1124,1130,NULL,0,NULL,'2023-02-27 11:33:10','2023-02-27 11:33:10',NULL),(1125,8522,1125,1131,NULL,0,NULL,'2023-02-27 11:33:10','2023-02-27 11:33:10',NULL),(1126,8522,1126,1132,NULL,0,NULL,'2023-02-27 11:33:10','2023-02-27 11:33:10',NULL),(1127,8522,1127,1133,NULL,0,NULL,'2023-02-27 11:33:11','2023-02-27 11:33:11',NULL),(1128,8522,1128,1134,NULL,0,NULL,'2023-02-27 11:33:11','2023-02-27 11:33:11',NULL),(1129,8522,1129,1135,NULL,0,NULL,'2023-02-27 11:33:11','2023-02-27 11:33:11',NULL),(1130,8522,1130,1136,NULL,0,NULL,'2023-02-27 11:33:11','2023-02-27 11:33:11',NULL),(1131,8522,1131,1137,NULL,0,NULL,'2023-02-27 11:33:11','2023-02-27 11:33:11',NULL),(1132,8522,1132,1138,NULL,0,NULL,'2023-02-27 11:33:11','2023-02-27 11:33:11',NULL),(1133,8522,1133,1139,NULL,0,NULL,'2023-02-27 11:33:11','2023-02-27 11:33:11',NULL),(1134,8522,1134,1140,NULL,0,NULL,'2023-02-27 11:33:11','2023-02-27 11:33:11',NULL),(1135,8522,1135,1141,NULL,0,NULL,'2023-02-27 11:33:11','2023-02-27 11:33:11',NULL),(1136,8522,1136,1142,NULL,0,NULL,'2023-02-27 11:33:11','2023-02-27 11:33:11',NULL),(1137,8522,1137,1143,NULL,0,NULL,'2023-02-27 11:33:11','2023-02-27 11:33:11',NULL),(1138,8522,1138,1144,NULL,0,NULL,'2023-02-27 11:33:11','2023-02-27 11:33:11',NULL),(1139,8522,1139,1145,NULL,0,NULL,'2023-02-27 11:33:11','2023-02-27 11:33:11',NULL),(1140,8522,1140,1146,NULL,0,NULL,'2023-02-27 11:33:11','2023-02-27 11:33:11',NULL),(1141,8522,1141,1147,NULL,0,NULL,'2023-02-27 11:33:11','2023-02-27 11:33:11',NULL),(1142,8522,1142,1148,NULL,0,NULL,'2023-02-27 11:33:11','2023-02-27 11:33:11',NULL),(1143,8522,1143,1149,NULL,0,NULL,'2023-02-27 11:33:11','2023-02-27 11:33:11',NULL),(1144,8522,1144,1150,NULL,0,NULL,'2023-02-27 11:33:11','2023-02-27 11:33:11',NULL),(1145,8522,1145,1151,NULL,0,NULL,'2023-02-27 11:33:11','2023-02-27 11:33:11',NULL),(1146,8522,1146,1152,NULL,0,NULL,'2023-02-27 11:33:12','2023-02-27 11:33:12',NULL),(1147,8522,1147,1153,NULL,0,NULL,'2023-02-27 11:33:12','2023-02-27 11:33:12',NULL),(1148,8522,1148,1154,NULL,0,NULL,'2023-02-27 11:33:12','2023-02-27 11:33:12',NULL),(1149,8522,1149,1155,NULL,0,NULL,'2023-02-27 11:33:12','2023-02-27 11:33:12',NULL),(1150,8522,1150,1156,NULL,0,NULL,'2023-02-27 11:33:12','2023-02-27 11:33:12',NULL),(1151,8522,1151,1157,NULL,0,NULL,'2023-02-27 11:33:12','2023-02-27 11:33:12',NULL),(1152,8522,1152,1158,NULL,0,NULL,'2023-02-27 11:33:12','2023-02-27 11:33:12',NULL),(1153,8522,1153,1159,NULL,0,NULL,'2023-02-27 11:33:12','2023-02-27 11:33:12',NULL),(1154,8522,1154,1160,NULL,0,NULL,'2023-02-27 11:33:12','2023-02-27 11:33:12',NULL),(1155,8522,1155,1161,NULL,0,NULL,'2023-02-27 11:33:12','2023-02-27 11:33:12',NULL),(1156,8522,1156,1162,NULL,0,NULL,'2023-02-27 11:33:12','2023-02-27 11:33:12',NULL),(1157,8522,1157,1163,NULL,0,NULL,'2023-02-27 11:33:12','2023-02-27 11:33:12',NULL),(1158,8522,1158,1164,NULL,0,NULL,'2023-02-27 11:33:12','2023-02-27 11:33:12',NULL),(1159,8522,1159,1165,NULL,0,NULL,'2023-02-27 11:33:12','2023-02-27 11:33:12',NULL),(1160,8522,1160,1166,NULL,0,NULL,'2023-02-27 11:33:12','2023-02-27 11:33:12',NULL),(1161,8522,1161,1167,NULL,0,NULL,'2023-02-27 11:33:12','2023-02-27 11:33:12',NULL),(1162,8522,1162,1168,NULL,0,NULL,'2023-02-27 11:33:12','2023-02-27 11:33:12',NULL),(1163,8522,1163,1169,NULL,0,NULL,'2023-02-27 11:33:12','2023-02-27 11:33:12',NULL),(1164,8522,1164,1170,NULL,0,NULL,'2023-02-27 11:33:13','2023-02-27 11:33:13',NULL),(1165,8522,1165,1171,NULL,0,NULL,'2023-02-27 11:33:13','2023-02-27 11:33:13',NULL),(1166,8522,1166,1172,NULL,0,NULL,'2023-02-27 11:33:13','2023-02-27 11:33:13',NULL),(1167,8522,1167,1173,NULL,0,NULL,'2023-02-27 11:33:13','2023-02-27 11:33:13',NULL);
INSERT INTO `cta_cte_cliente_pivot_receipt` VALUES (1168,8522,1168,1174,NULL,0,NULL,'2023-02-27 11:33:13','2023-02-27 11:33:13',NULL),(1169,8522,1169,1175,NULL,0,NULL,'2023-02-27 11:33:13','2023-02-27 11:33:13',NULL),(1170,8522,1170,1176,NULL,0,NULL,'2023-02-27 11:33:13','2023-02-27 11:33:13',NULL),(1171,8522,1171,1177,NULL,0,NULL,'2023-02-27 11:33:13','2023-02-27 11:33:13',NULL),(1172,8522,1172,1178,NULL,0,NULL,'2023-02-27 11:33:13','2023-02-27 11:33:13',NULL),(1173,8522,1173,1179,NULL,0,NULL,'2023-02-27 11:33:13','2023-02-27 11:33:13',NULL),(1174,8522,1174,1180,NULL,0,NULL,'2023-02-27 11:33:13','2023-02-27 11:33:13',NULL),(1175,8522,1175,1181,NULL,0,NULL,'2023-02-27 11:33:13','2023-02-27 11:33:13',NULL),(1176,8522,1176,1182,NULL,0,NULL,'2023-02-27 11:33:13','2023-02-27 11:33:13',NULL),(1177,8522,1177,1183,NULL,0,NULL,'2023-02-27 11:33:13','2023-02-27 11:33:13',NULL),(1178,8522,1178,1184,NULL,0,NULL,'2023-02-27 11:33:14','2023-02-27 11:33:14',NULL),(1179,8522,1179,1185,NULL,0,NULL,'2023-02-27 11:33:14','2023-02-27 11:33:14',NULL),(1180,8522,1180,1186,NULL,0,NULL,'2023-02-27 11:33:14','2023-02-27 11:33:14',NULL),(1181,8522,1181,1187,NULL,0,NULL,'2023-02-27 11:33:14','2023-02-27 11:33:14',NULL),(1182,8522,1182,1188,NULL,0,NULL,'2023-02-27 11:33:14','2023-02-27 11:33:14',NULL),(1183,8522,1183,1189,NULL,0,NULL,'2023-02-27 11:33:14','2023-02-27 11:33:14',NULL),(1184,8522,1184,1190,NULL,0,NULL,'2023-02-27 11:33:14','2023-02-27 11:33:14',NULL),(1185,8522,1185,1191,NULL,0,NULL,'2023-02-27 11:33:14','2023-02-27 11:33:14',NULL),(1186,8522,1186,1192,NULL,0,NULL,'2023-02-27 11:33:14','2023-02-27 11:33:14',NULL),(1187,8522,1187,1193,NULL,0,NULL,'2023-02-27 11:33:14','2023-02-27 11:33:14',NULL),(1188,8522,1188,1194,NULL,0,NULL,'2023-02-27 11:33:14','2023-02-27 11:33:14',NULL),(1189,8522,1189,1195,NULL,0,NULL,'2023-02-27 11:33:14','2023-02-27 11:33:14',NULL),(1190,8522,1190,1196,NULL,0,NULL,'2023-02-27 11:33:14','2023-02-27 11:33:14',NULL),(1191,8522,1191,1197,NULL,0,NULL,'2023-02-27 11:33:14','2023-02-27 11:33:14',NULL),(1192,8522,1192,1198,NULL,0,NULL,'2023-02-27 11:33:14','2023-02-27 11:33:14',NULL),(1193,8522,1193,1199,NULL,0,NULL,'2023-02-27 11:33:14','2023-02-27 11:33:14',NULL),(1194,8522,1194,1200,NULL,0,NULL,'2023-02-27 11:33:14','2023-02-27 11:33:14',NULL),(1195,8522,1195,1201,NULL,0,NULL,'2023-02-27 11:33:14','2023-02-27 11:33:14',NULL),(1196,8522,1196,1202,NULL,0,NULL,'2023-02-27 11:33:14','2023-02-27 11:33:14',NULL),(1197,8522,1197,1203,NULL,0,NULL,'2023-02-27 11:33:14','2023-02-27 11:33:14',NULL),(1198,8522,1198,1204,NULL,0,NULL,'2023-02-27 11:33:15','2023-02-27 11:33:15',NULL),(1199,8522,1199,1205,NULL,0,NULL,'2023-02-27 11:33:15','2023-02-27 11:33:15',NULL),(1200,8522,1200,1206,NULL,0,NULL,'2023-02-27 11:33:15','2023-02-27 11:33:15',NULL),(1201,8522,1201,1207,NULL,0,NULL,'2023-02-27 11:33:15','2023-02-27 11:33:15',NULL),(1202,8522,1202,1208,NULL,0,NULL,'2023-02-27 11:33:15','2023-02-27 11:33:15',NULL),(1203,8522,1203,1209,NULL,0,NULL,'2023-02-27 11:33:15','2023-02-27 11:33:15',NULL),(1204,8522,1204,1210,NULL,0,NULL,'2023-02-27 11:33:15','2023-02-27 11:33:15',NULL),(1205,8522,1205,1211,NULL,0,NULL,'2023-02-27 11:33:15','2023-02-27 11:33:15',NULL),(1206,8522,1206,1212,NULL,0,NULL,'2023-02-27 11:33:15','2023-02-27 11:33:15',NULL),(1207,8522,1207,1213,NULL,0,NULL,'2023-02-27 11:33:15','2023-02-27 11:33:15',NULL),(1208,8522,1208,1214,NULL,0,NULL,'2023-02-27 11:33:15','2023-02-27 11:33:15',NULL),(1209,8522,1209,1215,NULL,0,NULL,'2023-02-27 11:33:15','2023-02-27 11:33:15',NULL),(1210,8522,1210,1216,NULL,0,NULL,'2023-02-27 11:33:15','2023-02-27 11:33:15',NULL),(1211,8522,1211,1217,NULL,0,NULL,'2023-02-27 11:33:15','2023-02-27 11:33:15',NULL),(1212,8522,1212,1218,NULL,0,NULL,'2023-02-27 11:33:15','2023-02-27 11:33:15',NULL),(1213,8522,1213,1219,NULL,0,NULL,'2023-02-27 11:33:15','2023-02-27 11:33:15',NULL),(1214,8522,1214,1220,NULL,0,NULL,'2023-02-27 11:33:15','2023-02-27 11:33:15',NULL),(1215,8522,1215,1221,NULL,0,NULL,'2023-02-27 11:33:15','2023-02-27 11:33:15',NULL);
INSERT INTO `cta_cte_cliente_pivot_receipt` VALUES (1216,8522,1216,1222,NULL,0,NULL,'2023-02-27 11:33:15','2023-02-27 11:33:15',NULL),(1217,8522,1217,1223,NULL,0,NULL,'2023-02-27 11:33:15','2023-02-27 11:33:15',NULL),(1218,8522,1218,1224,NULL,0,NULL,'2023-02-27 11:33:15','2023-02-27 11:33:15',NULL),(1219,8522,1219,1225,NULL,0,NULL,'2023-02-27 11:33:15','2023-02-27 11:33:15',NULL),(1220,8522,1220,1226,NULL,0,NULL,'2023-02-27 11:33:15','2023-02-27 11:33:15',NULL),(1221,8522,1221,1227,NULL,0,NULL,'2023-02-27 11:33:15','2023-02-27 11:33:15',NULL),(1222,8522,1222,1228,NULL,0,NULL,'2023-02-27 11:33:15','2023-02-27 11:33:15',NULL),(1223,8522,1223,1229,NULL,0,NULL,'2023-02-27 11:33:16','2023-02-27 11:33:16',NULL),(1224,8522,1224,1230,NULL,0,NULL,'2023-02-27 11:33:16','2023-02-27 11:33:16',NULL),(1225,8522,1225,1231,NULL,0,NULL,'2023-02-27 11:33:16','2023-02-27 11:33:16',NULL),(1226,8522,1226,1232,NULL,0,NULL,'2023-02-27 11:33:16','2023-02-27 11:33:16',NULL),(1227,8522,1227,1233,NULL,0,NULL,'2023-02-27 11:33:16','2023-02-27 11:33:16',NULL),(1228,8522,1228,1234,NULL,0,NULL,'2023-02-27 11:33:16','2023-02-27 11:33:16',NULL),(1229,8522,1229,1235,NULL,0,NULL,'2023-02-27 11:33:16','2023-02-27 11:33:16',NULL),(1230,8522,1230,1236,NULL,0,NULL,'2023-02-27 11:33:16','2023-02-27 11:33:16',NULL),(1231,8522,1231,1237,NULL,0,NULL,'2023-02-27 11:33:16','2023-02-27 11:33:16',NULL),(1232,8522,1232,1238,NULL,0,NULL,'2023-02-27 11:33:16','2023-02-27 11:33:16',NULL),(1233,8522,1233,1239,NULL,0,NULL,'2023-02-27 11:33:16','2023-02-27 11:33:16',NULL),(1234,8522,1234,1240,NULL,0,NULL,'2023-02-27 11:33:16','2023-02-27 11:33:16',NULL),(1235,8522,1235,1241,NULL,0,NULL,'2023-02-27 11:33:16','2023-02-27 11:33:16',NULL),(1236,8522,1236,1242,NULL,0,NULL,'2023-02-27 11:33:16','2023-02-27 11:33:16',NULL),(1237,8522,1237,1243,NULL,0,NULL,'2023-02-27 11:33:16','2023-02-27 11:33:16',NULL),(1238,8522,1238,1244,NULL,0,NULL,'2023-02-27 11:33:17','2023-02-27 11:33:17',NULL),(1239,8522,1239,1245,NULL,0,NULL,'2023-02-27 11:33:17','2023-02-27 11:33:17',NULL),(1240,8522,1240,1246,NULL,0,NULL,'2023-02-27 11:33:17','2023-02-27 11:33:17',NULL),(1241,8522,1241,1247,NULL,0,NULL,'2023-02-27 11:33:17','2023-02-27 11:33:17',NULL),(1242,8522,1242,1248,NULL,0,NULL,'2023-02-27 11:33:17','2023-02-27 11:33:17',NULL),(1243,8522,1243,1249,NULL,0,NULL,'2023-02-27 11:33:17','2023-02-27 11:33:17',NULL),(1244,8522,1244,1250,NULL,0,NULL,'2023-02-27 11:33:17','2023-02-27 11:33:17',NULL),(1245,8522,1245,1251,NULL,0,NULL,'2023-02-27 11:33:17','2023-02-27 11:33:17',NULL),(1246,8522,1246,1252,NULL,0,NULL,'2023-02-27 11:33:17','2023-02-27 11:33:17',NULL),(1247,8522,1247,1253,NULL,0,NULL,'2023-02-27 11:33:17','2023-02-27 11:33:17',NULL),(1248,8522,1248,1254,NULL,0,NULL,'2023-02-27 11:33:17','2023-02-27 11:33:17',NULL),(1249,8522,1249,1255,NULL,0,NULL,'2023-02-27 11:33:17','2023-02-27 11:33:17',NULL),(1250,8522,1250,1256,NULL,0,NULL,'2023-02-27 11:33:17','2023-02-27 11:33:17',NULL),(1251,8522,1251,1257,NULL,0,NULL,'2023-02-27 11:33:17','2023-02-27 11:33:17',NULL),(1252,9230,1254,1258,NULL,0,NULL,'2023-07-06 12:52:17','2023-07-10 18:55:36','2023-07-10 18:55:36'),(1253,9230,1255,1259,NULL,0,NULL,'2023-07-06 12:52:17','2023-07-10 18:55:20','2023-07-10 18:55:20'),(1254,9230,1256,1260,NULL,0,NULL,'2023-07-06 12:52:17','2023-07-10 18:54:51','2023-07-10 18:54:51'),(1255,9230,1257,1261,NULL,0,NULL,'2023-07-06 12:52:17','2023-07-10 18:54:36','2023-07-10 18:54:36'),(1256,9230,1258,1262,NULL,0,NULL,'2023-07-06 12:52:17','2023-07-10 18:54:13','2023-07-10 18:54:13'),(1257,9230,1259,1263,NULL,0,NULL,'2023-07-06 12:52:17','2023-07-10 18:53:56','2023-07-10 18:53:56'),(1258,9230,1260,1264,NULL,0,NULL,'2023-07-06 12:52:17','2023-07-10 18:53:37','2023-07-10 18:53:37'),(1259,9230,1261,1265,NULL,0,NULL,'2023-07-06 12:52:17','2023-07-10 18:53:14','2023-07-10 18:53:14'),(1260,9230,1262,1266,NULL,0,NULL,'2023-07-06 12:52:17','2023-07-10 18:52:54','2023-07-10 18:52:54'),(1261,9230,1263,1267,NULL,0,NULL,'2023-07-06 12:52:17','2023-07-10 19:37:11','2023-07-10 19:37:11');
INSERT INTO `cta_cte_cliente_pivot_receipt` VALUES (1262,9230,1264,1268,NULL,0,NULL,'2023-07-06 12:52:17','2023-07-10 18:52:37','2023-07-10 18:52:37'),(1263,9230,1265,1269,NULL,0,NULL,'2023-07-06 12:52:17','2023-07-10 18:52:07','2023-07-10 18:52:07'),(1264,9230,1266,1270,NULL,0,NULL,'2023-07-06 12:52:17','2023-07-10 18:51:46','2023-07-10 18:51:46'),(1265,9230,1267,1271,NULL,0,NULL,'2023-07-06 12:52:17','2023-07-10 18:51:26','2023-07-10 18:51:26'),(1266,9230,1268,1272,NULL,0,NULL,'2023-07-06 12:52:17','2023-07-06 12:55:36','2023-07-06 12:55:36'),(1267,9230,1269,1272,NULL,0,NULL,'2023-07-06 12:55:36','2023-07-10 18:50:56','2023-07-10 18:50:56'),(1268,9230,1270,1273,NULL,0,NULL,'2023-07-06 13:02:41','2023-07-10 19:00:11','2023-07-10 19:00:11'),(1269,9230,1271,1274,NULL,0,NULL,'2023-07-06 13:02:41','2023-07-10 19:00:32','2023-07-10 19:00:32'),(1270,9230,1272,1275,NULL,0,NULL,'2023-07-06 13:02:42','2023-07-10 18:59:55','2023-07-10 18:59:55'),(1271,9230,1273,1276,NULL,0,NULL,'2023-07-06 13:02:42','2023-07-10 18:59:38','2023-07-10 18:59:38'),(1272,9230,1274,1277,NULL,0,NULL,'2023-07-06 13:02:42','2023-07-10 18:59:23','2023-07-10 18:59:23'),(1273,9230,1275,1278,NULL,0,NULL,'2023-07-06 13:02:42','2023-07-10 18:59:08','2023-07-10 18:59:08'),(1274,9230,1276,1279,NULL,0,NULL,'2023-07-06 13:02:42','2023-07-10 18:58:50','2023-07-10 18:58:50'),(1275,9230,1277,1280,NULL,0,NULL,'2023-07-06 13:02:42','2023-07-10 18:58:32','2023-07-10 18:58:32'),(1276,9230,1278,1281,NULL,0,NULL,'2023-07-06 13:02:42','2023-07-10 18:57:59','2023-07-10 18:57:59'),(1277,9230,1279,1282,NULL,0,NULL,'2023-07-06 13:02:42','2023-07-10 18:57:37','2023-07-10 18:57:37'),(1278,9230,1280,1283,NULL,0,NULL,'2023-07-06 13:02:42','2023-07-10 18:57:07','2023-07-10 18:57:07'),(1279,9230,1281,1284,NULL,0,NULL,'2023-07-06 13:02:42','2023-07-10 18:56:49','2023-07-10 18:56:49'),(1280,9230,1282,1285,NULL,0,NULL,'2023-07-06 13:02:42','2023-07-10 18:56:31','2023-07-10 18:56:31'),(1281,9230,1283,1286,NULL,0,NULL,'2023-07-06 13:02:42','2023-07-10 18:56:10','2023-07-10 18:56:10'),(1282,9230,1284,1287,NULL,0,NULL,'2023-07-06 13:08:43','2023-07-10 19:05:45','2023-07-10 19:05:45'),(1283,9230,1285,1288,NULL,0,NULL,'2023-07-06 13:08:43','2023-07-10 19:05:26','2023-07-10 19:05:26'),(1284,9230,1286,1289,NULL,0,NULL,'2023-07-06 13:08:43','2023-07-10 19:05:06','2023-07-10 19:05:06'),(1285,9230,1287,1290,NULL,0,NULL,'2023-07-06 13:08:43','2023-07-10 19:04:49','2023-07-10 19:04:49'),(1286,9230,1288,1291,NULL,0,NULL,'2023-07-06 13:08:44','2023-07-10 19:04:29','2023-07-10 19:04:29'),(1287,9230,1289,1292,NULL,0,NULL,'2023-07-06 13:08:44','2023-07-10 19:04:11','2023-07-10 19:04:11'),(1288,9230,1290,1293,NULL,0,NULL,'2023-07-06 13:08:44','2023-07-10 19:03:50','2023-07-10 19:03:50'),(1289,9230,1291,1294,NULL,0,NULL,'2023-07-06 13:08:44','2023-07-10 19:03:36','2023-07-10 19:03:36'),(1290,9230,1292,1295,NULL,0,NULL,'2023-07-06 13:08:44','2023-07-10 19:03:21','2023-07-10 19:03:21'),(1291,9230,1293,1296,NULL,0,NULL,'2023-07-06 13:08:44','2023-07-10 19:03:04','2023-07-10 19:03:04'),(1292,9230,1294,1297,NULL,0,NULL,'2023-07-06 13:08:44','2023-07-10 19:02:45','2023-07-10 19:02:45'),(1293,9230,1295,1298,NULL,0,NULL,'2023-07-06 13:08:44','2023-07-10 19:02:30','2023-07-10 19:02:30'),(1294,9230,1296,1299,NULL,0,NULL,'2023-07-06 13:08:44','2023-07-10 19:02:13','2023-07-10 19:02:13'),(1295,9230,1297,1300,NULL,0,NULL,'2023-07-06 13:08:44','2023-07-10 19:01:36','2023-07-10 19:01:36'),(1296,9230,1298,1301,NULL,0,NULL,'2023-07-06 13:08:45','2023-07-10 19:01:18','2023-07-10 19:01:18'),(1297,9230,1299,1302,NULL,0,NULL,'2023-07-06 13:08:45','2023-07-10 19:00:57','2023-07-10 19:00:57'),(1298,9230,1300,1303,NULL,0,NULL,'2023-07-06 13:09:31','2023-07-10 19:12:47','2023-07-10 19:12:47'),(1299,9230,1301,1304,NULL,0,NULL,'2023-07-06 13:09:31','2023-07-10 19:12:29','2023-07-10 19:12:29'),(1300,9230,1302,1305,NULL,0,NULL,'2023-07-06 13:09:31','2023-07-10 19:12:08','2023-07-10 19:12:08'),(1301,9230,1303,1306,NULL,0,NULL,'2023-07-06 13:09:31','2023-07-10 19:11:51','2023-07-10 19:11:51');
INSERT INTO `cta_cte_cliente_pivot_receipt` VALUES (1302,9230,1304,1307,NULL,0,NULL,'2023-07-06 13:09:31','2023-07-10 19:11:33','2023-07-10 19:11:33'),(1303,9230,1305,1308,NULL,0,NULL,'2023-07-06 13:09:31','2023-07-10 19:11:09','2023-07-10 19:11:09'),(1304,9230,1306,1309,NULL,0,NULL,'2023-07-06 13:09:31','2023-07-10 19:10:50','2023-07-10 19:10:50'),(1305,9230,1307,1310,NULL,0,NULL,'2023-07-06 13:09:31','2023-07-10 19:10:33','2023-07-10 19:10:33'),(1306,9230,1308,1311,NULL,0,NULL,'2023-07-06 13:09:32','2023-07-10 19:10:06','2023-07-10 19:10:06'),(1307,9230,1309,1312,NULL,0,NULL,'2023-07-06 13:09:32','2023-07-10 19:09:46','2023-07-10 19:09:46'),(1308,9230,1310,1313,NULL,0,NULL,'2023-07-06 13:09:32','2023-07-10 19:09:23','2023-07-10 19:09:23'),(1309,9230,1311,1314,NULL,0,NULL,'2023-07-06 13:09:32','2023-07-10 19:09:05','2023-07-10 19:09:05'),(1310,9230,1312,1315,NULL,0,NULL,'2023-07-06 13:09:32','2023-07-10 19:08:42','2023-07-10 19:08:42'),(1311,9230,1313,1316,NULL,0,NULL,'2023-07-06 13:09:32','2023-07-10 19:08:22','2023-07-10 19:08:22'),(1312,9230,1314,1317,NULL,0,NULL,'2023-07-06 13:09:32','2023-07-10 19:08:02','2023-07-10 19:08:02'),(1313,9230,1315,1318,NULL,0,NULL,'2023-07-06 13:09:32','2023-07-10 19:07:40','2023-07-10 19:07:40'),(1314,9230,1316,1319,NULL,0,NULL,'2023-07-06 13:09:32','2023-07-10 19:07:19','2023-07-10 19:07:19'),(1315,9230,1317,1320,NULL,0,NULL,'2023-07-06 13:09:32','2023-07-10 19:06:55','2023-07-10 19:06:55'),(1316,9230,1318,1321,NULL,0,NULL,'2023-07-06 13:09:32','2023-07-10 19:06:37','2023-07-10 19:06:37'),(1317,9230,1319,1322,NULL,0,NULL,'2023-07-06 13:09:32','2023-07-10 19:06:09','2023-07-10 19:06:09'),(1318,9230,1320,1323,NULL,0,NULL,'2023-07-06 13:10:17','2023-07-10 19:18:49','2023-07-10 19:18:49'),(1319,9230,1321,1324,NULL,0,NULL,'2023-07-06 13:10:17','2023-07-10 19:18:30','2023-07-10 19:18:30'),(1320,9230,1322,1325,NULL,0,NULL,'2023-07-06 13:10:18','2023-07-10 19:18:11','2023-07-10 19:18:11'),(1321,9230,1323,1326,NULL,0,NULL,'2023-07-06 13:10:18','2023-07-10 19:17:53','2023-07-10 19:17:53'),(1322,9230,1324,1327,NULL,0,NULL,'2023-07-06 13:10:18','2023-07-10 19:17:32','2023-07-10 19:17:32'),(1323,9230,1325,1328,NULL,0,NULL,'2023-07-06 13:10:18','2023-07-10 19:17:14','2023-07-10 19:17:14'),(1324,9230,1326,1329,NULL,0,NULL,'2023-07-06 13:10:18','2023-07-10 19:16:58','2023-07-10 19:16:58'),(1325,9230,1327,1330,NULL,0,NULL,'2023-07-06 13:10:18','2023-07-10 19:16:42','2023-07-10 19:16:42'),(1326,9230,1328,1331,NULL,0,NULL,'2023-07-06 13:10:18','2023-07-10 19:16:25','2023-07-10 19:16:25'),(1327,9230,1329,1332,NULL,0,NULL,'2023-07-06 13:10:18','2023-07-10 19:15:58','2023-07-10 19:15:58'),(1328,9230,1330,1333,NULL,0,NULL,'2023-07-06 13:10:18','2023-07-10 19:15:39','2023-07-10 19:15:39'),(1329,9230,1331,1334,NULL,0,NULL,'2023-07-06 13:10:18','2023-07-10 19:15:18','2023-07-10 19:15:18'),(1330,9230,1332,1335,NULL,0,NULL,'2023-07-06 13:10:18','2023-07-10 19:14:53','2023-07-10 19:14:53'),(1331,9230,1333,1336,NULL,0,NULL,'2023-07-06 13:10:18','2023-07-10 19:14:27','2023-07-10 19:14:27'),(1332,9230,1334,1337,NULL,0,NULL,'2023-07-06 13:10:18','2023-07-10 19:14:04','2023-07-10 19:14:04'),(1333,9230,1335,1338,NULL,0,NULL,'2023-07-06 13:10:18','2023-07-10 19:13:47','2023-07-10 19:13:47'),(1334,9230,1336,1339,NULL,0,NULL,'2023-07-06 13:10:18','2023-07-10 19:13:29','2023-07-10 19:13:29'),(1335,9230,1337,1340,NULL,0,NULL,'2023-07-06 13:10:18','2023-07-10 19:13:09','2023-07-10 19:13:09'),(1336,9230,1338,1341,NULL,0,NULL,'2023-07-06 13:10:49','2023-07-10 19:39:56','2023-07-10 19:39:56'),(1337,9230,1339,1342,NULL,0,NULL,'2023-07-06 13:10:49','2023-07-10 19:39:38','2023-07-10 19:39:38'),(1338,9230,1340,1343,NULL,0,NULL,'2023-07-06 13:10:49','2023-07-10 19:39:15','2023-07-10 19:39:15'),(1339,9230,1341,1344,NULL,0,NULL,'2023-07-06 13:10:49','2023-07-10 19:38:53','2023-07-10 19:38:53'),(1340,9230,1342,1345,NULL,0,NULL,'2023-07-06 13:10:49','2023-07-10 19:38:07','2023-07-10 19:38:07'),(1341,9230,1343,1346,NULL,0,NULL,'2023-07-06 13:10:49','2023-07-10 19:37:48','2023-07-10 19:37:48');
INSERT INTO `cta_cte_cliente_pivot_receipt` VALUES (1342,9230,1344,1347,NULL,0,NULL,'2023-07-06 13:10:49','2023-07-10 19:36:31','2023-07-10 19:36:31'),(1343,9230,1345,1348,NULL,0,NULL,'2023-07-06 13:10:49','2023-07-10 19:36:11','2023-07-10 19:36:11'),(1344,9230,1346,1349,NULL,0,NULL,'2023-07-06 13:10:49','2023-07-10 19:35:52','2023-07-10 19:35:52'),(1345,9230,1347,1350,NULL,0,NULL,'2023-07-06 13:10:49','2023-07-10 19:35:32','2023-07-10 19:35:32'),(1346,9230,1348,1351,NULL,0,NULL,'2023-07-06 13:10:49','2023-07-10 19:35:14','2023-07-10 19:35:14'),(1347,9230,1349,1352,NULL,0,NULL,'2023-07-06 13:10:49','2023-07-10 19:34:47','2023-07-10 19:34:47'),(1348,9230,1350,1353,NULL,0,NULL,'2023-07-06 13:10:49','2023-07-10 19:34:05','2023-07-10 19:34:05'),(1349,9230,1351,1354,NULL,0,NULL,'2023-07-06 13:10:50','2023-07-10 19:33:35','2023-07-10 19:33:35'),(1350,9230,1352,1355,NULL,0,NULL,'2023-07-06 13:10:50','2023-07-10 19:33:02','2023-07-10 19:33:02'),(1351,9230,1353,1356,NULL,0,NULL,'2023-07-06 13:10:50','2023-07-10 19:32:17','2023-07-10 19:32:17'),(1352,9230,1354,1357,NULL,0,NULL,'2023-07-06 13:10:50','2023-07-10 19:26:46','2023-07-10 19:26:46'),(1353,9230,1355,1358,NULL,0,NULL,'2023-07-06 13:10:50','2023-07-10 19:25:59','2023-07-10 19:25:59'),(1354,9230,1356,1359,NULL,0,NULL,'2023-07-06 13:10:50','2023-07-10 19:21:39','2023-07-10 19:21:39'),(1355,9230,1357,1360,NULL,0,NULL,'2023-07-06 13:10:50','2023-07-10 19:21:08','2023-07-10 19:21:08'),(1356,9230,1358,1361,NULL,0,NULL,'2023-07-06 13:10:50','2023-07-10 19:20:37','2023-07-10 19:20:37'),(1357,9230,1359,1362,NULL,0,NULL,'2023-07-06 13:10:50','2023-07-10 19:20:13','2023-07-10 19:20:13'),(1358,9230,1360,1363,NULL,0,NULL,'2023-07-06 13:10:50','2023-07-10 19:19:41','2023-07-10 19:19:41'),(1359,9230,1361,1364,NULL,0,NULL,'2023-07-06 13:10:50','2023-07-10 19:19:19','2023-07-10 19:19:19'),(1360,9230,1362,1365,NULL,0,NULL,'2023-07-06 13:11:35','2023-07-10 19:44:18','2023-07-10 19:44:18'),(1361,9230,1363,1366,NULL,0,NULL,'2023-07-06 13:11:35','2023-07-10 19:43:52','2023-07-10 19:43:52'),(1362,9230,1364,1367,NULL,0,NULL,'2023-07-06 13:11:35','2023-07-10 19:43:24','2023-07-10 19:43:24'),(1363,9230,1365,1368,NULL,0,NULL,'2023-07-06 13:11:35','2023-07-10 19:43:08','2023-07-10 19:43:08'),(1364,9230,1366,1369,NULL,0,NULL,'2023-07-06 13:11:35','2023-07-10 19:42:52','2023-07-10 19:42:52'),(1365,9230,1367,1370,NULL,0,NULL,'2023-07-06 13:11:35','2023-07-10 19:42:36','2023-07-10 19:42:36'),(1366,9230,1368,1371,NULL,0,NULL,'2023-07-06 13:11:35','2023-07-10 19:42:21','2023-07-10 19:42:21'),(1367,9230,1369,1372,NULL,0,NULL,'2023-07-06 13:11:35','2023-07-10 19:42:05','2023-07-10 19:42:05'),(1368,9230,1370,1373,NULL,0,NULL,'2023-07-06 13:11:35','2023-07-10 19:41:47','2023-07-10 19:41:47'),(1369,9230,1371,1374,NULL,0,NULL,'2023-07-06 13:11:35','2023-07-10 19:41:28','2023-07-10 19:41:28'),(1370,9230,1372,1375,NULL,0,NULL,'2023-07-06 13:11:35','2023-07-10 19:41:08','2023-07-10 19:41:08'),(1371,9230,1373,1376,NULL,0,NULL,'2023-07-06 13:11:35','2023-07-10 19:40:50','2023-07-10 19:40:50'),(1372,9230,1374,1377,NULL,0,NULL,'2023-07-06 13:11:35','2023-07-10 19:40:27','2023-07-10 19:40:27'),(1373,9230,1375,1378,NULL,0,NULL,'2023-07-06 13:12:12','2023-07-10 18:26:44','2023-07-10 18:26:44'),(1374,9230,1376,1379,NULL,0,NULL,'2023-07-06 13:12:12','2023-07-10 18:27:06','2023-07-10 18:27:06'),(1375,9230,1377,1380,NULL,0,NULL,'2023-07-06 13:12:12','2023-07-10 18:27:25','2023-07-10 18:27:25'),(1376,9230,1378,1381,NULL,0,NULL,'2023-07-06 13:12:12','2023-07-10 18:28:24','2023-07-10 18:28:24'),(1377,9230,1379,1382,NULL,0,NULL,'2023-07-06 13:12:12','2023-07-10 18:33:53','2023-07-10 18:33:53'),(1378,9230,1380,1383,NULL,0,NULL,'2023-07-06 13:12:12','2023-07-10 18:34:10','2023-07-10 18:34:10'),(1379,9230,1381,1384,NULL,0,NULL,'2023-07-06 13:12:12','2023-07-10 18:34:30','2023-07-10 18:34:30'),(1380,9230,1382,1385,NULL,0,NULL,'2023-07-06 13:12:12','2023-07-10 18:34:51','2023-07-10 18:34:51'),(1381,9230,1383,1386,NULL,0,NULL,'2023-07-06 13:12:12','2023-07-10 18:35:12','2023-07-10 18:35:12');
INSERT INTO `cta_cte_cliente_pivot_receipt` VALUES (1382,9230,1384,1387,NULL,0,NULL,'2023-07-06 13:12:12','2023-07-10 18:35:36','2023-07-10 18:35:36'),(1383,9230,1385,1388,NULL,0,NULL,'2023-07-06 13:12:12','2023-07-10 18:35:57','2023-07-10 18:35:57'),(1384,9230,1386,1389,NULL,0,NULL,'2023-07-06 13:12:13','2023-07-10 18:36:20','2023-07-10 18:36:20'),(1385,9230,1387,1390,NULL,0,NULL,'2023-07-06 13:12:13','2023-07-10 18:37:31','2023-07-10 18:37:31'),(1386,9230,1388,1391,NULL,0,NULL,'2023-07-06 13:12:13','2023-07-10 18:37:52','2023-07-10 18:37:52'),(1387,9230,1389,1392,NULL,0,NULL,'2023-07-06 13:12:13','2023-07-10 19:45:45','2023-07-10 19:45:45'),(1388,9230,1390,1393,NULL,0,NULL,'2023-07-06 13:12:13','2023-07-10 19:45:26','2023-07-10 19:45:26'),(1389,9230,1391,1394,NULL,0,NULL,'2023-07-06 13:12:13','2023-07-10 19:45:00','2023-07-10 19:45:00'),(1390,9230,1392,1395,NULL,0,NULL,'2023-07-06 13:12:13','2023-07-10 19:44:42','2023-07-10 19:44:42'),(1391,9230,1393,1396,NULL,0,NULL,'2023-07-06 13:13:49','2023-07-10 18:24:48','2023-07-10 18:24:48'),(1392,9230,1394,1397,NULL,0,NULL,'2023-07-06 13:13:49','2023-07-10 18:25:14','2023-07-10 18:25:14'),(1393,9230,1395,1398,NULL,0,NULL,'2023-07-06 13:13:50','2023-07-10 18:25:47','2023-07-10 18:25:47'),(1394,9230,1396,1399,NULL,0,NULL,'2023-07-06 13:13:50','2023-07-10 18:26:03','2023-07-10 18:26:03'),(1395,9230,1397,1400,NULL,0,NULL,'2023-07-06 15:06:04','2023-07-06 15:06:04',NULL),(1396,9230,1398,1401,NULL,0,NULL,'2023-07-06 15:06:04','2023-07-06 15:06:04',NULL),(1397,9230,1399,1402,NULL,0,NULL,'2023-07-06 15:06:04','2023-07-06 15:06:04',NULL),(1398,9230,1400,1403,NULL,0,NULL,'2023-07-06 15:06:04','2023-07-06 15:06:04',NULL),(1399,9230,1401,1404,NULL,0,NULL,'2023-07-06 15:06:04','2023-07-06 15:06:04',NULL),(1400,9230,1402,1405,NULL,0,NULL,'2023-07-06 15:06:04','2023-07-06 15:06:04',NULL),(1401,9230,1403,1406,NULL,0,NULL,'2023-07-06 15:06:04','2023-07-06 15:06:04',NULL),(1402,9230,1404,1407,NULL,0,NULL,'2023-07-06 15:06:04','2023-07-06 15:06:04',NULL),(1403,9230,1405,1408,NULL,0,NULL,'2023-07-06 15:06:04','2023-07-06 15:06:04',NULL),(1404,9230,1406,1409,NULL,0,NULL,'2023-07-06 15:06:04','2023-07-06 15:06:04',NULL),(1405,9230,1407,1410,NULL,0,NULL,'2023-07-06 15:06:04','2023-07-06 15:06:04',NULL),(1406,9230,1408,1411,NULL,0,NULL,'2023-07-06 15:06:04','2023-07-06 15:06:04',NULL),(1407,9230,1409,1412,NULL,0,NULL,'2023-07-06 15:06:04','2023-07-06 15:06:04',NULL),(1408,9230,1410,1413,NULL,0,NULL,'2023-07-06 15:06:04','2023-07-06 15:06:04',NULL),(1409,9230,1411,1414,NULL,0,NULL,'2023-07-06 15:06:04','2023-07-06 15:06:04',NULL),(1410,9230,1412,1415,NULL,0,NULL,'2023-07-06 15:06:04','2023-07-06 15:06:04',NULL),(1411,9230,1413,1416,NULL,0,NULL,'2023-07-06 15:06:04','2023-07-06 15:06:04',NULL),(1412,9230,1414,1417,NULL,0,NULL,'2023-07-06 15:06:04','2023-07-06 15:06:04',NULL),(1413,9230,1415,1418,NULL,0,NULL,'2023-07-06 15:06:26','2023-07-06 15:06:26',NULL),(1414,9230,1416,1419,NULL,0,NULL,'2023-07-06 15:06:26','2023-07-06 15:06:26',NULL),(1415,9230,1417,1420,NULL,0,NULL,'2023-07-06 15:06:26','2023-07-06 15:06:26',NULL),(1416,9230,1418,1421,NULL,0,NULL,'2023-07-06 15:06:26','2023-07-06 15:06:26',NULL),(1417,9230,1419,1422,NULL,0,NULL,'2023-07-06 15:06:26','2023-07-06 15:06:26',NULL),(1418,9230,1420,1423,NULL,0,NULL,'2023-07-06 15:06:26','2023-07-06 15:06:26',NULL),(1419,9230,1421,1424,NULL,0,NULL,'2023-07-06 15:06:26','2023-07-06 15:06:26',NULL),(1420,9230,1422,1425,NULL,0,NULL,'2023-07-06 15:06:26','2023-07-06 15:06:26',NULL),(1421,9230,1423,1426,NULL,0,NULL,'2023-07-06 15:06:26','2023-07-06 15:06:26',NULL),(1422,9230,1424,1427,NULL,0,NULL,'2023-07-06 15:06:26','2023-07-06 15:06:26',NULL),(1423,9230,1425,1428,NULL,0,NULL,'2023-07-06 15:06:27','2023-07-06 15:06:27',NULL),(1424,9230,1426,1429,NULL,0,NULL,'2023-07-06 15:06:27','2023-07-06 15:06:27',NULL),(1425,9230,1427,1430,NULL,0,NULL,'2023-07-06 15:06:27','2023-07-06 15:06:27',NULL),(1426,9230,1428,1431,NULL,0,NULL,'2023-07-06 15:06:27','2023-07-06 15:06:27',NULL);
INSERT INTO `cta_cte_cliente_pivot_receipt` VALUES (1427,9230,1429,1432,NULL,0,NULL,'2023-07-06 15:06:27','2023-07-06 15:06:27',NULL),(1428,9230,1430,1433,NULL,0,NULL,'2023-07-06 15:06:27','2023-07-06 15:06:27',NULL),(1429,9230,1431,1434,NULL,0,NULL,'2023-07-06 15:07:46','2023-07-06 15:07:46',NULL),(1430,9230,1432,1435,NULL,0,NULL,'2023-07-06 15:07:46','2023-07-06 15:07:46',NULL),(1431,9230,1433,1436,NULL,0,NULL,'2023-07-06 15:07:46','2023-07-06 15:07:46',NULL),(1432,9230,1434,1437,NULL,0,NULL,'2023-07-06 15:07:46','2023-07-06 15:07:46',NULL),(1433,9230,1435,1438,NULL,0,NULL,'2023-07-06 15:07:46','2023-07-06 15:07:46',NULL),(1434,9230,1436,1439,NULL,0,NULL,'2023-07-06 15:07:46','2023-07-06 15:07:46',NULL),(1435,9230,1437,1440,NULL,0,NULL,'2023-07-06 15:07:46','2023-07-06 15:07:46',NULL),(1436,9230,1438,1441,NULL,0,NULL,'2023-07-06 15:07:46','2023-07-06 15:07:46',NULL),(1437,9230,1439,1442,NULL,0,NULL,'2023-07-06 15:07:46','2023-07-06 15:07:46',NULL),(1438,9230,1440,1443,NULL,0,NULL,'2023-07-06 15:07:46','2023-07-06 15:07:46',NULL),(1439,9230,1441,1444,NULL,0,NULL,'2023-07-06 15:07:46','2023-07-06 15:07:46',NULL),(1440,9230,1442,1445,NULL,0,NULL,'2023-07-06 15:07:46','2023-07-06 15:07:46',NULL),(1441,9230,1443,1446,NULL,0,NULL,'2023-07-06 15:07:47','2023-07-06 15:07:47',NULL),(1442,9230,1444,1447,NULL,0,NULL,'2023-07-06 15:07:47','2023-07-06 15:07:47',NULL),(1443,9230,1445,1448,NULL,0,NULL,'2023-07-06 15:07:47','2023-07-06 15:07:47',NULL),(1444,9230,1446,1449,NULL,0,NULL,'2023-07-06 15:07:47','2023-07-06 15:07:47',NULL),(1445,9230,1447,1450,NULL,0,NULL,'2023-07-06 15:07:47','2023-07-06 15:07:47',NULL),(1446,9230,1448,1451,NULL,0,NULL,'2023-07-06 15:08:01','2023-07-06 15:08:01',NULL),(1447,9230,1449,1452,NULL,0,NULL,'2023-07-06 15:08:02','2023-07-06 15:08:02',NULL),(1448,9230,1450,1453,NULL,0,NULL,'2023-07-06 15:08:02','2023-07-06 15:08:02',NULL),(1449,9230,1451,1454,NULL,0,NULL,'2023-07-06 15:08:02','2023-07-06 15:08:02',NULL),(1450,9230,1452,1455,NULL,0,NULL,'2023-07-06 15:08:02','2023-07-06 15:08:02',NULL),(1451,9230,1453,1456,NULL,0,NULL,'2023-07-06 15:08:02','2023-07-06 15:08:02',NULL),(1452,9230,1454,1457,NULL,0,NULL,'2023-07-06 15:08:02','2023-07-06 15:08:02',NULL),(1453,9230,1455,1458,NULL,0,NULL,'2023-07-06 15:08:02','2023-07-06 15:08:02',NULL),(1454,9230,1456,1459,NULL,0,NULL,'2023-07-06 15:08:02','2023-07-06 15:08:02',NULL),(1455,9230,1457,1460,NULL,0,NULL,'2023-07-06 15:08:02','2023-07-06 15:08:02',NULL),(1456,9230,1458,1461,NULL,0,NULL,'2023-07-06 15:08:02','2023-07-06 15:08:02',NULL),(1457,9230,1459,1462,NULL,0,NULL,'2023-07-06 15:08:02','2023-07-06 15:08:02',NULL),(1458,9230,1460,1463,NULL,0,NULL,'2023-07-06 15:08:02','2023-07-06 15:08:02',NULL),(1459,9230,1461,1464,NULL,0,NULL,'2023-07-06 15:08:02','2023-07-06 15:08:02',NULL),(1460,9230,1462,1465,NULL,0,NULL,'2023-07-06 15:08:19','2023-07-06 15:08:19',NULL),(1461,9230,1463,1466,NULL,0,NULL,'2023-07-06 15:08:20','2023-07-06 15:08:20',NULL),(1462,9230,1464,1467,NULL,0,NULL,'2023-07-06 15:08:20','2023-07-06 15:08:20',NULL),(1463,9230,1465,1468,NULL,0,NULL,'2023-07-06 15:08:20','2023-07-06 15:08:20',NULL),(1464,9230,1466,1469,NULL,0,NULL,'2023-07-06 15:08:20','2023-07-06 15:08:20',NULL),(1465,9230,1467,1470,NULL,0,NULL,'2023-07-06 15:08:20','2023-07-06 15:08:20',NULL),(1466,9230,1468,1471,NULL,0,NULL,'2023-07-06 15:08:20','2023-07-06 15:08:20',NULL),(1467,9230,1469,1472,NULL,0,NULL,'2023-07-06 15:08:20','2023-07-06 15:08:20',NULL),(1468,9230,1470,1473,NULL,0,NULL,'2023-07-06 15:08:20','2023-07-06 15:08:20',NULL),(1469,9230,1471,1474,NULL,0,NULL,'2023-07-06 15:08:20','2023-07-06 15:08:20',NULL),(1470,9230,1472,1475,NULL,0,NULL,'2023-07-06 15:08:20','2023-07-06 15:08:20',NULL),(1471,9230,1473,1476,NULL,0,NULL,'2023-07-06 15:08:20','2023-07-06 15:08:20',NULL),(1472,9230,1474,1477,NULL,0,NULL,'2023-07-06 15:08:20','2023-07-06 15:08:20',NULL),(1473,9230,1475,1478,NULL,0,NULL,'2023-07-06 15:08:20','2023-07-06 15:08:20',NULL),(1474,9230,1476,1479,NULL,0,NULL,'2023-07-06 15:08:44','2023-07-06 15:08:44',NULL);
INSERT INTO `cta_cte_cliente_pivot_receipt` VALUES (1475,9230,1477,1480,NULL,0,NULL,'2023-07-06 15:08:45','2023-07-06 15:08:45',NULL),(1476,9230,1478,1481,NULL,0,NULL,'2023-07-06 15:08:45','2023-07-06 15:08:45',NULL),(1477,9230,1479,1482,NULL,0,NULL,'2023-07-06 15:08:45','2023-07-06 15:08:45',NULL),(1478,9230,1480,1483,NULL,0,NULL,'2023-07-06 15:08:45','2023-07-06 15:08:45',NULL),(1479,9230,1481,1484,NULL,0,NULL,'2023-07-06 15:08:45','2023-07-06 15:08:45',NULL),(1480,9230,1482,1485,NULL,0,NULL,'2023-07-06 15:08:45','2023-07-06 15:08:45',NULL),(1481,9230,1483,1486,NULL,0,NULL,'2023-07-06 15:08:45','2023-07-06 15:08:45',NULL),(1482,9230,1484,1487,NULL,0,NULL,'2023-07-06 15:08:45','2023-07-06 15:08:45',NULL),(1483,9230,1485,1488,NULL,0,NULL,'2023-07-06 15:08:45','2023-07-06 15:08:45',NULL),(1484,9230,1486,1489,NULL,0,NULL,'2023-07-06 15:08:45','2023-07-06 15:08:45',NULL),(1485,9230,1487,1490,NULL,0,NULL,'2023-07-06 15:08:45','2023-07-06 15:08:45',NULL),(1486,9230,1488,1491,NULL,0,NULL,'2023-07-06 15:08:45','2023-07-06 15:08:45',NULL),(1487,9230,1489,1492,NULL,0,NULL,'2023-07-06 15:08:45','2023-07-06 15:08:45',NULL),(1488,9230,1490,1493,NULL,0,NULL,'2023-07-06 15:08:45','2023-07-06 15:08:45',NULL),(1489,9230,1491,1494,NULL,0,NULL,'2023-07-06 15:08:46','2023-07-06 15:08:46',NULL),(1490,9230,1492,1495,NULL,0,NULL,'2023-07-06 15:08:46','2023-07-06 15:08:46',NULL),(1491,9230,1493,1496,NULL,0,NULL,'2023-07-06 15:08:46','2023-07-06 15:08:46',NULL),(1492,9230,1494,1497,NULL,0,NULL,'2023-07-06 15:08:46','2023-07-06 15:08:46',NULL),(1493,9230,1495,1498,NULL,0,NULL,'2023-07-06 15:08:46','2023-07-06 15:08:46',NULL),(1494,9230,1496,1499,NULL,0,NULL,'2023-07-06 15:08:58','2023-07-06 15:08:58',NULL),(1495,9230,1497,1500,NULL,0,NULL,'2023-07-06 15:08:58','2023-07-06 15:08:58',NULL),(1496,9230,1498,1501,NULL,0,NULL,'2023-07-06 15:08:58','2023-07-06 15:08:58',NULL),(1497,9230,1499,1502,NULL,0,NULL,'2023-07-06 15:08:58','2023-07-06 15:08:58',NULL),(1498,9230,1500,1503,NULL,0,NULL,'2023-07-06 15:08:58','2023-07-06 15:08:58',NULL),(1499,9230,1501,1504,NULL,0,NULL,'2023-07-06 15:08:58','2023-07-06 15:08:58',NULL),(1500,9230,1502,1505,NULL,0,NULL,'2023-07-06 15:08:58','2023-07-06 15:08:58',NULL),(1501,9230,1503,1506,NULL,0,NULL,'2023-07-06 15:08:58','2023-07-06 15:08:58',NULL),(1502,9230,1504,1507,NULL,0,NULL,'2023-07-06 15:08:58','2023-07-06 15:08:58',NULL),(1503,9230,1505,1508,NULL,0,NULL,'2023-07-06 15:08:58','2023-07-06 15:08:58',NULL),(1504,9230,1506,1509,NULL,0,NULL,'2023-07-06 15:08:58','2023-07-06 15:08:58',NULL),(1505,9230,1507,1510,NULL,0,NULL,'2023-07-06 15:08:58','2023-07-06 15:08:58',NULL),(1506,9230,1508,1511,NULL,0,NULL,'2023-07-06 15:08:58','2023-07-06 15:08:58',NULL),(1507,9230,1509,1512,NULL,0,NULL,'2023-07-06 15:08:58','2023-07-06 15:08:58',NULL),(1508,9230,1510,1513,NULL,0,NULL,'2023-07-06 15:08:58','2023-07-06 15:08:58',NULL),(1509,9230,1511,1514,NULL,0,NULL,'2023-07-06 15:08:58','2023-07-06 15:08:58',NULL),(1510,9230,1512,1515,NULL,0,NULL,'2023-07-06 15:08:58','2023-07-06 15:08:58',NULL),(1511,9230,1513,1516,NULL,0,NULL,'2023-07-06 15:08:58','2023-07-06 15:08:58',NULL),(1512,9230,1514,1517,NULL,0,NULL,'2023-07-06 15:08:59','2023-07-06 15:08:59',NULL),(1513,9230,1515,1518,NULL,0,NULL,'2023-07-06 15:08:59','2023-07-06 15:08:59',NULL),(1514,9230,1516,1519,NULL,0,NULL,'2023-07-06 15:09:10','2023-07-06 15:09:10',NULL),(1515,9230,1517,1520,NULL,0,NULL,'2023-07-06 15:09:10','2023-07-06 15:09:10',NULL),(1516,9230,1518,1521,NULL,0,NULL,'2023-07-06 15:09:10','2023-07-06 15:09:10',NULL),(1517,9230,1519,1522,NULL,0,NULL,'2023-07-06 15:09:10','2023-07-06 15:09:10',NULL),(1518,9230,1520,1523,NULL,0,NULL,'2023-07-06 15:09:10','2023-07-06 15:09:10',NULL),(1519,9230,1521,1524,NULL,0,NULL,'2023-07-06 15:09:10','2023-07-06 15:09:10',NULL),(1520,9230,1522,1525,NULL,0,NULL,'2023-07-06 15:09:10','2023-07-06 15:09:10',NULL),(1521,9230,1523,1526,NULL,0,NULL,'2023-07-06 15:09:11','2023-07-06 15:09:11',NULL),(1522,9230,1524,1527,NULL,0,NULL,'2023-07-06 15:09:11','2023-07-06 15:09:11',NULL);
INSERT INTO `cta_cte_cliente_pivot_receipt` VALUES (1523,9230,1525,1528,NULL,0,NULL,'2023-07-06 15:09:11','2023-07-06 15:09:11',NULL),(1524,9230,1526,1529,NULL,0,NULL,'2023-07-06 15:09:11','2023-07-06 15:09:11',NULL),(1525,9230,1527,1530,NULL,0,NULL,'2023-07-06 15:09:11','2023-07-06 15:09:11',NULL),(1526,9230,1528,1531,NULL,0,NULL,'2023-07-06 15:09:11','2023-07-06 15:09:11',NULL),(1527,9230,1529,1532,NULL,0,NULL,'2023-07-06 15:09:11','2023-07-06 15:09:11',NULL),(1528,9230,1530,1533,NULL,0,NULL,'2023-07-06 15:09:11','2023-07-06 15:09:11',NULL),(1529,9230,1531,1534,NULL,0,NULL,'2023-07-06 15:09:11','2023-07-06 15:09:11',NULL),(1530,9230,1532,1535,NULL,0,NULL,'2023-07-06 15:09:11','2023-07-06 15:09:11',NULL),(1531,9230,1533,1536,NULL,0,NULL,'2023-07-06 15:09:11','2023-07-06 15:09:11',NULL),(1532,9230,1534,1537,NULL,0,NULL,'2023-07-06 15:09:11','2023-07-06 15:09:11',NULL),(1533,9230,1535,1538,NULL,0,NULL,'2023-07-06 15:09:11','2023-07-06 15:09:11',NULL),(1534,9230,1536,1539,NULL,0,NULL,'2023-07-06 15:09:11','2023-07-06 15:09:11',NULL),(1535,9230,1537,1540,NULL,0,NULL,'2023-07-06 15:10:21','2023-07-06 15:10:21',NULL),(1536,9230,1538,1541,NULL,0,NULL,'2023-07-06 15:10:21','2023-07-06 15:10:21',NULL),(1537,9230,1539,1542,NULL,0,NULL,'2023-07-06 15:10:21','2023-07-06 15:10:21',NULL),(1538,9230,1540,1543,NULL,0,NULL,'2023-07-06 15:10:21','2023-07-06 15:10:21',NULL),(1539,9230,1541,1544,NULL,0,NULL,'2023-07-06 15:10:21','2023-07-06 15:10:21',NULL),(1540,9230,1542,1545,NULL,0,NULL,'2023-07-06 15:10:21','2023-07-06 15:10:21',NULL),(1541,9230,1543,1546,NULL,0,NULL,'2023-07-06 15:10:21','2023-07-06 15:10:21',NULL),(1542,9230,1544,1547,NULL,0,NULL,'2023-07-06 15:10:21','2023-07-06 15:10:21',NULL),(1543,9230,1545,1548,NULL,0,NULL,'2023-07-06 15:10:21','2023-07-06 15:10:21',NULL),(1544,9230,1546,1549,NULL,0,NULL,'2023-07-06 15:10:21','2023-07-06 15:10:21',NULL),(1545,9230,1547,1550,NULL,0,NULL,'2023-07-06 15:10:21','2023-07-06 15:10:21',NULL),(1546,9230,1548,1551,NULL,0,NULL,'2023-07-06 15:10:21','2023-07-06 15:10:21',NULL),(1547,9230,1549,1552,NULL,0,NULL,'2023-07-06 15:10:21','2023-07-06 15:10:21',NULL),(1548,9230,1550,1553,NULL,0,NULL,'2023-07-06 15:10:21','2023-07-06 15:10:21',NULL),(1549,9230,1551,1554,NULL,0,NULL,'2023-07-06 15:10:21','2023-07-06 15:10:21',NULL),(1550,9230,1552,1555,NULL,0,NULL,'2023-07-06 15:10:21','2023-07-06 15:10:21',NULL),(1551,9230,1553,1556,NULL,0,NULL,'2023-07-06 15:10:21','2023-07-06 15:10:21',NULL),(1552,9230,1554,1557,NULL,0,NULL,'2023-07-06 15:10:37','2023-07-06 15:10:37',NULL),(1553,9230,1555,1558,NULL,0,NULL,'2023-07-06 15:10:37','2023-07-06 15:10:37',NULL),(1554,9230,1556,1559,NULL,0,NULL,'2023-07-06 15:10:37','2023-07-06 15:10:37',NULL),(1555,9230,1557,1560,NULL,0,NULL,'2023-07-06 15:10:37','2023-07-06 15:10:37',NULL),(1556,9230,1558,1561,NULL,0,NULL,'2023-07-06 15:10:37','2023-07-06 15:10:37',NULL),(1557,9230,1559,1562,NULL,0,NULL,'2023-07-06 15:10:37','2023-07-06 15:10:37',NULL),(1558,9230,1560,1563,NULL,0,NULL,'2023-07-06 15:10:37','2023-07-06 15:10:37',NULL),(1559,9230,1561,1564,NULL,0,NULL,'2023-07-06 15:10:37','2023-07-06 15:10:37',NULL),(1560,9230,1562,1565,NULL,0,NULL,'2023-07-06 15:10:37','2023-07-06 15:10:37',NULL),(1561,9230,1563,1566,NULL,0,NULL,'2023-07-06 15:10:37','2023-07-06 15:10:37',NULL),(1562,9230,1564,1567,NULL,0,NULL,'2023-07-06 15:10:38','2023-07-06 15:10:38',NULL),(1563,9230,1565,1568,NULL,0,NULL,'2023-07-06 15:10:38','2023-07-06 15:10:38',NULL),(1564,9230,1566,1569,NULL,0,NULL,'2023-07-06 15:10:38','2023-07-06 15:10:38',NULL),(1565,9230,1567,1570,NULL,0,NULL,'2023-07-06 15:10:38','2023-07-06 15:10:38',NULL),(1566,9230,1568,1571,NULL,0,NULL,'2023-07-06 15:10:38','2023-07-06 15:10:38',NULL),(1567,9230,1569,1572,NULL,0,NULL,'2023-07-06 15:10:38','2023-07-06 15:10:38',NULL),(1568,9230,1570,1573,NULL,0,NULL,'2023-07-06 15:10:38','2023-07-06 15:10:38',NULL),(1569,9230,1571,1574,NULL,0,NULL,'2023-07-06 15:10:38','2023-07-06 15:10:38',NULL),(1570,9230,1572,1575,NULL,0,NULL,'2023-07-06 15:10:38','2023-07-06 15:10:38',NULL);
INSERT INTO `cta_cte_cliente_pivot_receipt` VALUES (1571,9230,1573,1576,NULL,0,NULL,'2023-07-06 15:10:38','2023-07-06 15:10:38',NULL),(1572,9230,1574,1577,NULL,0,NULL,'2023-07-06 15:10:51','2023-07-06 15:10:51',NULL),(1573,9230,1575,1578,NULL,0,NULL,'2023-07-06 15:10:51','2023-07-06 15:10:51',NULL),(1574,9230,1576,1579,NULL,0,NULL,'2023-07-06 15:11:14','2023-07-06 15:11:14',NULL),(1575,9230,1577,1580,NULL,0,NULL,'2023-07-06 15:11:14','2023-07-06 15:11:14',NULL),(1576,9230,1578,1581,NULL,0,NULL,'2023-07-06 15:11:14','2023-07-06 15:11:14',NULL),(1577,9230,1579,1582,NULL,0,NULL,'2023-07-06 15:11:14','2023-07-06 15:11:14',NULL),(1578,9230,1580,1583,NULL,0,NULL,'2023-07-06 15:11:15','2023-07-06 15:11:15',NULL),(1579,9230,1581,1584,NULL,0,NULL,'2023-07-06 15:11:15','2023-07-06 15:11:15',NULL),(1580,9230,1582,1585,NULL,0,NULL,'2023-07-06 15:11:15','2023-07-06 15:11:15',NULL),(1581,9230,1583,1586,NULL,0,NULL,'2023-07-06 15:11:15','2023-07-06 15:11:15',NULL),(1582,9230,1584,1587,NULL,0,NULL,'2023-07-06 15:11:15','2023-07-06 15:11:15',NULL),(1583,9230,1585,1588,NULL,0,NULL,'2023-07-06 15:11:15','2023-07-06 15:11:15',NULL),(1584,9230,1586,1589,NULL,0,NULL,'2023-07-06 15:11:15','2023-07-06 15:11:15',NULL),(1585,9230,1587,1590,NULL,0,NULL,'2023-07-06 15:11:15','2023-07-06 15:11:15',NULL),(1586,9230,1588,1591,NULL,0,NULL,'2023-07-06 15:11:15','2023-07-06 15:11:15',NULL),(1587,9230,1589,1592,NULL,0,NULL,'2023-07-06 15:11:15','2023-07-06 15:11:15',NULL),(1588,9230,1590,1593,NULL,0,NULL,'2023-07-06 15:11:15','2023-07-06 15:11:15',NULL),(1589,9230,1591,1594,NULL,0,NULL,'2023-07-06 15:11:15','2023-07-06 15:11:15',NULL),(1590,9230,1592,1595,NULL,0,NULL,'2023-07-06 15:11:15','2023-07-06 15:11:15',NULL),(1591,9230,1593,1596,NULL,0,NULL,'2023-07-06 15:11:15','2023-07-06 15:11:15',NULL),(1592,9230,1594,1597,NULL,0,NULL,'2023-07-06 15:11:15','2023-07-06 15:11:15',NULL),(1593,9230,1595,1598,NULL,0,NULL,'2023-07-06 15:11:15','2023-07-06 15:11:15',NULL),(1594,9230,1596,1599,NULL,0,NULL,'2023-07-06 15:11:42','2023-07-06 15:11:42',NULL),(1595,9230,1597,1600,NULL,0,NULL,'2023-07-06 15:11:42','2023-07-06 15:11:42',NULL),(1596,9230,1598,1601,NULL,0,NULL,'2023-07-06 15:11:42','2023-07-06 15:11:42',NULL),(1597,9230,1599,1602,NULL,0,NULL,'2023-07-06 15:11:42','2023-07-06 15:11:42',NULL),(1598,9230,1600,1603,NULL,0,NULL,'2023-07-06 15:11:42','2023-07-06 15:11:42',NULL),(1599,9230,1601,1604,NULL,0,NULL,'2023-07-06 15:12:02','2023-07-06 15:12:02',NULL),(1600,9230,1602,1605,NULL,0,NULL,'2023-07-06 15:12:02','2023-07-06 15:12:02',NULL),(1601,9230,1603,1606,NULL,0,NULL,'2023-07-06 15:12:02','2023-07-06 15:14:16','2023-07-06 15:14:16'),(1602,9230,1604,1607,NULL,0,NULL,'2023-07-06 15:12:02','2023-07-06 15:12:02',NULL),(1603,9230,1605,1608,NULL,0,NULL,'2023-07-06 15:12:02','2023-07-06 15:14:06','2023-07-06 15:14:06'),(1604,9230,1606,1609,NULL,0,NULL,'2023-07-06 15:12:02','2023-07-06 15:12:02',NULL),(1605,9230,1607,1608,NULL,0,NULL,'2023-07-06 15:14:06','2023-07-06 15:14:06',NULL),(1606,9230,1608,1606,NULL,0,NULL,'2023-07-06 15:14:16','2023-07-06 15:14:16',NULL),(1607,9230,1609,1610,NULL,0,NULL,'2023-07-06 15:23:03','2023-07-06 15:23:03',NULL),(1608,9230,1610,1611,NULL,0,NULL,'2023-07-06 15:23:04','2023-07-06 15:23:04',NULL),(1609,9230,1611,1612,NULL,0,NULL,'2023-07-06 15:23:04','2023-07-06 15:23:04',NULL),(1610,9230,1612,1613,NULL,0,NULL,'2023-07-06 15:23:04','2023-07-06 15:23:04',NULL),(1611,9230,1613,1614,NULL,0,NULL,'2023-07-06 15:23:04','2023-07-06 15:23:04',NULL),(1612,9230,1614,1615,NULL,0,NULL,'2023-07-06 15:23:04','2023-07-06 15:23:04',NULL),(1613,9230,1615,1616,NULL,0,NULL,'2023-07-06 15:23:04','2023-07-06 15:23:04',NULL),(1614,9230,1616,1617,NULL,0,NULL,'2023-07-06 15:23:04','2023-07-06 15:23:04',NULL),(1615,9230,1617,1618,NULL,0,NULL,'2023-07-06 15:23:04','2023-07-06 15:23:04',NULL),(1616,9230,1618,1619,NULL,0,NULL,'2023-07-06 15:23:04','2023-07-06 15:23:04',NULL),(1617,9230,1619,1620,NULL,0,NULL,'2023-07-06 15:23:04','2023-07-06 15:23:04',NULL);
INSERT INTO `cta_cte_cliente_pivot_receipt` VALUES (1618,9230,1620,1621,NULL,0,NULL,'2023-07-06 15:23:04','2023-07-06 15:23:04',NULL),(1619,9230,1621,1622,NULL,0,NULL,'2023-07-06 15:23:04','2023-07-06 15:23:04',NULL),(1620,9230,1622,1623,NULL,0,NULL,'2023-07-06 15:23:04','2023-07-06 15:23:04',NULL),(1621,9230,1623,1624,NULL,0,NULL,'2023-07-06 15:23:04','2023-07-06 15:23:04',NULL),(1622,9230,1624,1625,NULL,0,NULL,'2023-07-06 15:23:04','2023-07-06 15:23:04',NULL),(1623,9230,1625,1626,NULL,0,NULL,'2023-07-06 15:23:04','2023-07-06 15:23:04',NULL),(1624,9230,1626,1627,NULL,0,NULL,'2023-07-06 15:23:04','2023-07-06 15:23:04',NULL),(1625,9230,1627,1628,NULL,0,NULL,'2023-07-06 15:23:05','2023-07-06 15:23:05',NULL),(1626,9230,1628,1629,NULL,0,NULL,'2023-07-06 18:05:37','2023-07-06 18:05:37',NULL),(1627,9230,1629,1630,NULL,0,NULL,'2023-07-06 18:05:37','2023-07-06 18:05:37',NULL),(1628,9230,1630,1631,NULL,0,NULL,'2023-07-06 18:05:37','2023-07-06 18:26:09','2023-07-06 18:26:09'),(1629,9230,1631,1631,NULL,0,NULL,'2023-07-06 18:26:09','2023-07-06 18:26:09',NULL),(1630,NULL,1632,1629,23000.00,0,NULL,NULL,NULL,NULL),(1631,NULL,1633,1604,23000.00,0,NULL,NULL,NULL,NULL),(1632,NULL,1634,1600,23000.00,0,NULL,NULL,NULL,NULL),(1633,NULL,1635,1626,23000.00,0,NULL,NULL,NULL,NULL),(1634,NULL,1636,1584,17500.00,0,NULL,NULL,NULL,NULL),(1635,NULL,1637,1578,17500.00,0,NULL,NULL,NULL,NULL),(1636,NULL,1638,1559,17500.00,0,NULL,NULL,NULL,NULL),(1637,NULL,1639,1540,17500.00,0,NULL,NULL,NULL,NULL),(1638,9230,1640,1632,NULL,0,NULL,'2023-07-06 18:51:12','2023-07-06 18:51:12',NULL),(1639,9230,1641,1633,NULL,0,NULL,'2023-07-06 18:51:12','2023-07-06 18:51:12',NULL),(1640,9230,1642,1634,NULL,0,NULL,'2023-07-06 18:51:13','2023-07-06 18:51:13',NULL),(1641,9230,1643,1635,NULL,0,NULL,'2023-07-06 18:51:13','2023-07-06 18:51:13',NULL),(1642,9230,1644,1636,NULL,0,NULL,'2023-07-06 18:51:13','2023-07-06 18:51:13',NULL),(1643,9230,1645,1637,NULL,0,NULL,'2023-07-06 18:51:13','2023-07-06 18:51:13',NULL),(1644,9230,1646,1638,NULL,0,NULL,'2023-07-06 18:51:13','2023-07-06 18:51:13',NULL),(1645,9230,1647,1639,NULL,0,NULL,'2023-07-06 18:51:13','2023-07-06 18:51:13',NULL),(1646,9230,1648,1640,NULL,0,NULL,'2023-07-06 18:51:13','2023-07-06 18:51:13',NULL),(1647,9230,1649,1641,NULL,0,NULL,'2023-07-06 18:51:13','2023-07-06 18:51:13',NULL),(1648,9230,1650,1642,NULL,0,NULL,'2023-07-06 18:51:13','2023-07-06 18:51:13',NULL),(1649,9230,1651,1643,NULL,0,NULL,'2023-07-06 18:51:13','2023-07-06 18:51:13',NULL),(1650,9230,1652,1644,NULL,0,NULL,'2023-07-06 18:51:13','2023-07-06 18:51:13',NULL),(1651,9230,1653,1645,NULL,0,NULL,'2023-07-06 18:51:13','2023-07-06 18:51:13',NULL),(1652,9230,1654,1646,NULL,0,NULL,'2023-07-06 18:51:13','2023-07-06 18:51:13',NULL),(1653,9230,1655,1647,NULL,0,NULL,'2023-07-06 18:51:13','2023-07-06 18:51:13',NULL),(1654,9230,1656,1648,NULL,0,NULL,'2023-07-06 18:51:13','2023-07-06 18:51:13',NULL),(1655,9230,1657,1649,NULL,0,NULL,'2023-07-06 18:51:14','2023-07-06 18:51:14',NULL),(1656,9230,1658,1650,NULL,0,NULL,'2023-07-06 18:51:14','2023-07-06 18:51:14',NULL),(1657,NULL,1659,1637,17500.00,0,NULL,NULL,NULL,NULL),(1658,NULL,1660,1529,17500.00,0,NULL,NULL,NULL,NULL),(1659,NULL,1661,1499,17500.00,0,NULL,NULL,NULL,NULL),(1660,NULL,1662,1479,17500.00,0,NULL,NULL,NULL,NULL),(1661,9230,1663,1651,NULL,0,NULL,'2023-07-06 18:58:17','2023-07-06 18:58:17',NULL),(1662,9230,1664,1652,NULL,0,NULL,'2023-07-06 18:58:17','2023-07-06 18:58:17',NULL),(1663,9230,1665,1653,NULL,0,NULL,'2023-07-06 18:58:17','2023-07-06 18:58:17',NULL),(1664,9230,1666,1654,NULL,0,NULL,'2023-07-06 18:58:17','2023-07-06 18:58:17',NULL),(1665,9230,1667,1655,NULL,0,NULL,'2023-07-06 18:58:18','2023-07-06 18:58:18',NULL),(1666,9230,1668,1656,NULL,0,NULL,'2023-07-06 18:58:18','2023-07-06 18:58:18',NULL),(1667,9230,1669,1657,NULL,0,NULL,'2023-07-06 18:58:18','2023-07-06 18:58:18',NULL),(1668,9230,1670,1658,NULL,0,NULL,'2023-07-06 18:58:18','2023-07-06 18:58:18',NULL),(1669,9230,1671,1659,NULL,0,NULL,'2023-07-06 18:58:18','2023-07-06 18:58:18',NULL);
INSERT INTO `cta_cte_cliente_pivot_receipt` VALUES (1670,9230,1672,1660,NULL,0,NULL,'2023-07-06 18:58:18','2023-07-06 18:58:18',NULL),(1671,9230,1673,1661,NULL,0,NULL,'2023-07-06 18:58:18','2023-07-06 18:58:18',NULL),(1672,9230,1674,1662,NULL,0,NULL,'2023-07-06 18:58:18','2023-07-06 18:58:18',NULL),(1673,9230,1675,1663,NULL,0,NULL,'2023-07-06 18:58:18','2023-07-06 18:58:18',NULL),(1674,9230,1676,1664,NULL,0,NULL,'2023-07-06 18:58:18','2023-07-06 18:58:18',NULL),(1675,9230,1677,1665,NULL,0,NULL,'2023-07-06 18:58:18','2023-07-06 18:58:18',NULL),(1676,9230,1678,1666,NULL,0,NULL,'2023-07-06 18:58:18','2023-07-06 18:58:18',NULL),(1677,9230,1679,1667,NULL,0,NULL,'2023-07-06 18:58:18','2023-07-06 18:58:18',NULL),(1678,9230,1680,1668,NULL,0,NULL,'2023-07-06 18:58:18','2023-07-06 18:58:18',NULL),(1679,9230,1681,1669,NULL,0,NULL,'2023-07-06 18:58:18','2023-07-06 18:58:18',NULL),(1680,9230,1682,1670,NULL,0,NULL,'2023-07-06 18:58:18','2023-07-06 18:58:18',NULL),(1681,9230,1683,1671,NULL,0,NULL,'2023-07-06 18:58:18','2023-07-06 18:58:18',NULL),(1682,NULL,1684,1670,26028.00,0,NULL,NULL,NULL,NULL),(1683,9230,1685,1396,11500.00,0,NULL,NULL,'2023-07-07 16:32:29','2023-07-07 16:32:29'),(1684,9230,1685,1397,11500.00,0,NULL,NULL,'2023-07-07 16:32:30','2023-07-07 16:32:30'),(1685,9230,1685,1398,11500.00,0,NULL,NULL,'2023-07-07 16:32:30','2023-07-07 16:32:30'),(1686,9230,1685,1399,11500.00,0,NULL,NULL,'2023-07-07 16:32:30','2023-07-07 16:32:30'),(1687,9230,1686,1378,20000.00,0,NULL,NULL,'2023-07-07 16:32:35','2023-07-07 16:32:35'),(1688,9230,1686,1379,20000.00,0,NULL,NULL,'2023-07-07 16:32:35','2023-07-07 16:32:35'),(1689,9230,1686,1380,20000.00,0,NULL,NULL,'2023-07-07 16:32:35','2023-07-07 16:32:35'),(1690,9230,1686,1381,20000.00,0,NULL,NULL,'2023-07-07 16:32:35','2023-07-07 16:32:35'),(1691,9230,1686,1382,20000.00,0,NULL,NULL,'2023-07-07 16:32:35','2023-07-07 16:32:35'),(1692,9230,1686,1383,15000.00,0,NULL,NULL,'2023-07-07 16:32:35','2023-07-07 16:32:35'),(1693,9230,1686,1384,15000.00,0,NULL,NULL,'2023-07-07 16:32:35','2023-07-07 16:32:35'),(1694,9230,1686,1385,15000.00,0,NULL,NULL,'2023-07-07 16:32:35','2023-07-07 16:32:35'),(1695,9230,1686,1386,15000.00,0,NULL,NULL,'2023-07-07 16:32:35','2023-07-07 16:32:35'),(1696,9230,1687,1387,21000.00,0,NULL,NULL,'2023-07-07 16:32:39','2023-07-07 16:32:39'),(1697,9230,1687,1388,21000.00,0,NULL,NULL,'2023-07-07 16:32:39','2023-07-07 16:32:39'),(1698,9230,1687,1389,20000.00,0,NULL,NULL,'2023-07-07 16:32:39','2023-07-07 16:32:39'),(1699,9230,1687,1390,20000.00,0,NULL,NULL,'2023-07-07 16:32:39','2023-07-07 16:32:39'),(1700,9230,1687,1391,20000.00,0,NULL,NULL,'2023-07-07 16:32:39','2023-07-07 16:32:39'),(1701,9230,1687,1392,14000.00,0,NULL,NULL,'2023-07-07 16:32:39','2023-07-07 16:32:39'),(1702,9230,1687,1393,14000.00,0,NULL,NULL,'2023-07-07 16:32:39','2023-07-07 16:32:39'),(1703,9230,1687,1394,15000.00,0,NULL,NULL,'2023-07-07 16:32:39','2023-07-07 16:32:39'),(1704,9230,1687,1395,15000.00,0,NULL,NULL,'2023-07-07 16:32:39','2023-07-07 16:32:39'),(1705,9230,1688,1365,16000.00,0,NULL,NULL,'2023-07-07 16:32:44','2023-07-07 16:32:44'),(1706,9230,1688,1366,16000.00,0,NULL,NULL,'2023-07-07 16:32:44','2023-07-07 16:32:44'),(1707,9230,1688,1367,20000.00,0,NULL,NULL,'2023-07-07 16:32:44','2023-07-07 16:32:44'),(1708,9230,1688,1368,20000.00,0,NULL,NULL,'2023-07-07 16:32:44','2023-07-07 16:32:44'),(1709,9230,1688,1369,18000.00,0,NULL,NULL,'2023-07-07 16:32:44','2023-07-07 16:32:44'),(1710,9230,1688,1370,18000.00,0,NULL,NULL,'2023-07-07 16:32:44','2023-07-07 16:32:44'),(1711,9230,1688,1371,21000.00,0,NULL,NULL,'2023-07-07 16:32:44','2023-07-07 16:32:44'),(1712,9230,1688,1372,21000.00,0,NULL,NULL,'2023-07-07 16:32:44','2023-07-07 16:32:44'),(1713,9230,1688,1373,17000.00,0,NULL,NULL,'2023-07-07 16:32:44','2023-07-07 16:32:44'),(1714,9230,1688,1374,17000.00,0,NULL,NULL,'2023-07-07 16:32:44','2023-07-07 16:32:44'),(1715,9230,1688,1375,17800.00,0,NULL,NULL,'2023-07-07 16:32:44','2023-07-07 16:32:44');
INSERT INTO `cta_cte_cliente_pivot_receipt` VALUES (1716,9230,1688,1376,16000.00,0,NULL,NULL,'2023-07-07 16:32:44','2023-07-07 16:32:44'),(1717,9230,1688,1377,17000.00,0,NULL,NULL,'2023-07-07 16:32:44','2023-07-07 16:32:44'),(1718,9230,1689,1341,18000.00,0,NULL,NULL,'2023-07-07 16:32:49','2023-07-07 16:32:49'),(1719,9230,1689,1342,21000.00,0,NULL,NULL,'2023-07-07 16:32:49','2023-07-07 16:32:49'),(1720,9230,1689,1343,19000.00,0,NULL,NULL,'2023-07-07 16:32:49','2023-07-07 16:32:49'),(1721,9230,1689,1344,20000.00,0,NULL,NULL,'2023-07-07 16:32:49','2023-07-07 16:32:49'),(1722,9230,1689,1345,17000.00,0,NULL,NULL,'2023-07-07 16:32:49','2023-07-07 16:32:49'),(1723,9230,1689,1346,21500.00,0,NULL,NULL,'2023-07-07 16:32:49','2023-07-07 16:32:49'),(1724,9230,1689,1347,17500.00,0,NULL,NULL,'2023-07-07 16:32:49','2023-07-07 16:32:49'),(1725,9230,1689,1348,20000.00,0,NULL,NULL,'2023-07-07 16:32:49','2023-07-07 16:32:49'),(1726,9230,1689,1349,20000.00,0,NULL,NULL,'2023-07-07 16:32:49','2023-07-07 16:32:49'),(1727,9230,1689,1350,21000.00,0,NULL,NULL,'2023-07-07 16:32:49','2023-07-07 16:32:49'),(1728,9230,1689,1351,18000.00,0,NULL,NULL,'2023-07-07 16:32:49','2023-07-07 16:32:49'),(1729,9230,1689,1352,21000.00,0,NULL,NULL,'2023-07-07 16:32:49','2023-07-07 16:32:49'),(1730,9230,1689,1353,20000.00,0,NULL,NULL,'2023-07-07 16:32:49','2023-07-07 16:32:49'),(1731,9230,1689,1354,19000.00,0,NULL,NULL,'2023-07-07 16:32:49','2023-07-07 16:32:49'),(1732,9230,1689,1355,20000.00,0,NULL,NULL,'2023-07-07 16:32:49','2023-07-07 16:32:49'),(1733,9230,1689,1356,18000.00,0,NULL,NULL,'2023-07-07 16:32:49','2023-07-07 16:32:49'),(1734,9230,1689,1357,17000.00,0,NULL,NULL,'2023-07-07 16:32:49','2023-07-07 16:32:49'),(1735,9230,1689,1358,18000.00,0,NULL,NULL,'2023-07-07 16:32:49','2023-07-07 16:32:49'),(1736,9230,1689,1359,17000.00,0,NULL,NULL,'2023-07-07 16:32:49','2023-07-07 16:32:49'),(1737,9230,1689,1360,19500.00,0,NULL,NULL,'2023-07-07 16:32:49','2023-07-07 16:32:49'),(1738,9230,1689,1361,19000.00,0,NULL,NULL,'2023-07-07 16:32:49','2023-07-07 16:32:49'),(1739,9230,1689,1362,16000.00,0,NULL,NULL,'2023-07-07 16:32:49','2023-07-07 16:32:49'),(1740,9230,1689,1363,14500.00,0,NULL,NULL,'2023-07-07 16:32:49','2023-07-07 16:32:49'),(1741,9230,1689,1364,16000.00,0,NULL,NULL,'2023-07-07 16:32:49','2023-07-07 16:32:49'),(1742,9230,1690,1323,19000.00,0,NULL,NULL,'2023-07-07 16:32:54','2023-07-07 16:32:54'),(1743,9230,1690,1324,22000.00,0,NULL,NULL,'2023-07-07 16:32:54','2023-07-07 16:32:54'),(1744,9230,1690,1325,22000.00,0,NULL,NULL,'2023-07-07 16:32:54','2023-07-07 16:32:54'),(1745,9230,1690,1326,21000.00,0,NULL,NULL,'2023-07-07 16:32:54','2023-07-07 16:32:54'),(1746,9230,1690,1327,19000.00,0,NULL,NULL,'2023-07-07 16:32:54','2023-07-07 16:32:54'),(1747,9230,1690,1328,21500.00,0,NULL,NULL,'2023-07-07 16:32:54','2023-07-07 16:32:54'),(1748,9230,1690,1329,16000.00,0,NULL,NULL,'2023-07-07 16:32:54','2023-07-07 16:32:54'),(1749,9230,1690,1330,19000.00,0,NULL,NULL,'2023-07-07 16:32:54','2023-07-07 16:32:54'),(1750,9230,1690,1331,22000.00,0,NULL,NULL,'2023-07-07 16:32:54','2023-07-07 16:32:54'),(1751,9230,1690,1332,22000.00,0,NULL,NULL,'2023-07-07 16:32:54','2023-07-07 16:32:54'),(1752,9230,1690,1333,21000.00,0,NULL,NULL,'2023-07-07 16:32:54','2023-07-07 16:32:54'),(1753,9230,1690,1334,19000.00,0,NULL,NULL,'2023-07-07 16:32:54','2023-07-07 16:32:54'),(1754,9230,1690,1335,21500.00,0,NULL,NULL,'2023-07-07 16:32:54','2023-07-07 16:32:54'),(1755,9230,1690,1336,16000.00,0,NULL,NULL,'2023-07-07 16:32:54','2023-07-07 16:32:54'),(1756,9230,1690,1337,22000.00,0,NULL,NULL,'2023-07-07 16:32:54','2023-07-07 16:32:54'),(1757,9230,1690,1338,22000.00,0,NULL,NULL,'2023-07-07 16:32:54','2023-07-07 16:32:54'),(1758,9230,1690,1339,21000.00,0,NULL,NULL,'2023-07-07 16:32:54','2023-07-07 16:32:54'),(1759,9230,1690,1340,21000.00,0,NULL,NULL,'2023-07-07 16:32:54','2023-07-07 16:32:54'),(1760,9230,1691,1303,20000.00,0,NULL,NULL,'2023-07-07 16:32:58','2023-07-07 16:32:58');
INSERT INTO `cta_cte_cliente_pivot_receipt` VALUES (1761,9230,1691,1304,20000.00,0,NULL,NULL,'2023-07-07 16:32:58','2023-07-07 16:32:58'),(1762,9230,1691,1305,22000.00,0,NULL,NULL,'2023-07-07 16:32:58','2023-07-07 16:32:58'),(1763,9230,1691,1306,18000.00,0,NULL,NULL,'2023-07-07 16:32:58','2023-07-07 16:32:58'),(1764,9230,1691,1307,19000.00,0,NULL,NULL,'2023-07-07 16:32:58','2023-07-07 16:32:58'),(1765,9230,1691,1308,21000.00,0,NULL,NULL,'2023-07-07 16:32:58','2023-07-07 16:32:58'),(1766,9230,1691,1309,20000.00,0,NULL,NULL,'2023-07-07 16:32:58','2023-07-07 16:32:58'),(1767,9230,1691,1310,19000.00,0,NULL,NULL,'2023-07-07 16:32:58','2023-07-07 16:32:58'),(1768,9230,1691,1311,21000.00,0,NULL,NULL,'2023-07-07 16:32:58','2023-07-07 16:32:58'),(1769,9230,1691,1312,20000.00,0,NULL,NULL,'2023-07-07 16:32:58','2023-07-07 16:32:58'),(1770,9230,1691,1313,21000.00,0,NULL,NULL,'2023-07-07 16:32:58','2023-07-07 16:32:58'),(1771,9230,1691,1314,19000.00,0,NULL,NULL,'2023-07-07 16:32:58','2023-07-07 16:32:58'),(1772,9230,1691,1315,21000.00,0,NULL,NULL,'2023-07-07 16:32:58','2023-07-07 16:32:58'),(1773,9230,1691,1316,19000.00,0,NULL,NULL,'2023-07-07 16:32:58','2023-07-07 16:32:58'),(1774,9230,1691,1317,20000.00,0,NULL,NULL,'2023-07-07 16:32:58','2023-07-07 16:32:58'),(1775,9230,1691,1318,20000.00,0,NULL,NULL,'2023-07-07 16:32:58','2023-07-07 16:32:58'),(1776,9230,1691,1319,20000.00,0,NULL,NULL,'2023-07-07 16:32:58','2023-07-07 16:32:58'),(1777,9230,1691,1320,21000.00,0,NULL,NULL,'2023-07-07 16:32:58','2023-07-07 16:32:58'),(1778,9230,1691,1321,19000.00,0,NULL,NULL,'2023-07-07 16:32:58','2023-07-07 16:32:58'),(1779,9230,1691,1322,21000.00,0,NULL,NULL,'2023-07-07 16:32:58','2023-07-07 16:32:58'),(1780,9230,1692,1287,20000.00,0,NULL,NULL,'2023-07-07 16:33:02','2023-07-07 16:33:02'),(1781,9230,1692,1288,30000.00,0,NULL,NULL,'2023-07-07 16:33:02','2023-07-07 16:33:02'),(1782,9230,1692,1289,20000.00,0,NULL,NULL,'2023-07-07 16:33:02','2023-07-07 16:33:02'),(1783,9230,1692,1290,26000.00,0,NULL,NULL,'2023-07-07 16:33:02','2023-07-07 16:33:02'),(1784,9230,1692,1291,10000.00,0,NULL,NULL,'2023-07-07 16:33:02','2023-07-07 16:33:02'),(1785,9230,1693,1292,30000.00,0,NULL,NULL,'2023-07-06 20:21:49','2023-07-06 20:21:49'),(1786,9230,1693,1293,30000.00,0,NULL,NULL,'2023-07-06 20:21:49','2023-07-06 20:21:49'),(1787,9230,1693,1294,20000.00,0,NULL,NULL,'2023-07-06 20:21:49','2023-07-06 20:21:49'),(1788,9230,1693,1295,20000.00,0,NULL,NULL,'2023-07-06 20:21:49','2023-07-06 20:21:49'),(1789,9230,1693,1296,20000.00,0,NULL,NULL,'2023-07-06 20:21:49','2023-07-06 20:21:49'),(1790,9230,1693,1297,20000.00,0,NULL,NULL,'2023-07-06 20:21:49','2023-07-06 20:21:49'),(1791,9230,1693,1298,30000.00,0,NULL,NULL,'2023-07-06 20:21:49','2023-07-06 20:21:49'),(1792,9230,1693,1299,30000.00,0,NULL,NULL,'2023-07-06 20:21:49','2023-07-06 20:21:49'),(1793,9230,1693,1300,25000.00,0,NULL,NULL,'2023-07-06 20:21:49','2023-07-06 20:21:49'),(1794,9230,1693,1301,30000.00,0,NULL,NULL,'2023-07-06 20:21:49','2023-07-06 20:21:49'),(1795,9230,1693,1302,25000.00,0,NULL,NULL,'2023-07-06 20:21:49','2023-07-06 20:21:49'),(1796,9230,1694,1292,280000.00,0,NULL,NULL,'2023-07-06 21:53:57','2023-07-06 21:53:57'),(1797,NULL,1695,NULL,280000.00,1,NULL,NULL,'2024-07-05 08:43:38',NULL),(1798,9230,1696,1292,30000.00,0,NULL,NULL,'2023-07-07 16:33:06','2023-07-07 16:33:06'),(1799,9230,1696,1293,30000.00,0,NULL,NULL,'2023-07-07 16:33:06','2023-07-07 16:33:06'),(1800,9230,1696,1294,20000.00,0,NULL,NULL,'2023-07-07 16:33:06','2023-07-07 16:33:06'),(1801,9230,1696,1295,20000.00,0,NULL,NULL,'2023-07-07 16:33:06','2023-07-07 16:33:06'),(1802,9230,1696,1296,20000.00,0,NULL,NULL,'2023-07-07 16:33:06','2023-07-07 16:33:06'),(1803,9230,1696,1297,20000.00,0,NULL,NULL,'2023-07-07 16:33:06','2023-07-07 16:33:06'),(1804,9230,1696,1298,30000.00,0,NULL,NULL,'2023-07-07 16:33:06','2023-07-07 16:33:06'),(1805,9230,1696,1299,30000.00,0,NULL,NULL,'2023-07-07 16:33:06','2023-07-07 16:33:06'),(1806,9230,1696,1300,25000.00,0,NULL,NULL,'2023-07-07 16:33:06','2023-07-07 16:33:06');
INSERT INTO `cta_cte_cliente_pivot_receipt` VALUES (1807,9230,1696,1301,30000.00,0,NULL,NULL,'2023-07-07 16:33:06','2023-07-07 16:33:06'),(1808,9230,1696,1302,25000.00,0,NULL,NULL,'2023-07-07 16:33:06','2023-07-07 16:33:06'),(1809,9230,1697,1274,20000.00,0,NULL,NULL,'2023-07-07 16:33:10','2023-07-07 16:33:10'),(1810,9230,1697,1273,20000.00,0,NULL,NULL,'2023-07-07 16:33:10','2023-07-07 16:33:10'),(1811,9230,1697,1275,20000.00,0,NULL,NULL,'2023-07-07 16:33:10','2023-07-07 16:33:10'),(1812,9230,1697,1276,30000.00,0,NULL,NULL,'2023-07-07 16:33:10','2023-07-07 16:33:10'),(1813,9230,1697,1277,30000.00,0,NULL,NULL,'2023-07-07 16:33:10','2023-07-07 16:33:10'),(1814,9230,1697,1278,30000.00,0,NULL,NULL,'2023-07-07 16:33:10','2023-07-07 16:33:10'),(1815,9230,1697,1279,20000.00,0,NULL,NULL,'2023-07-07 16:33:10','2023-07-07 16:33:10'),(1816,9230,1697,1280,30000.00,0,NULL,NULL,'2023-07-07 16:33:10','2023-07-07 16:33:10'),(1817,9230,1698,1281,29000.00,0,NULL,NULL,'2023-07-06 22:31:19','2023-07-06 22:31:19'),(1818,9230,1698,1282,30000.00,0,NULL,NULL,'2023-07-06 22:31:19','2023-07-06 22:31:19'),(1819,9230,1698,1283,30000.00,0,NULL,NULL,'2023-07-06 22:31:19','2023-07-06 22:31:19'),(1820,9230,1698,1284,25000.00,0,NULL,NULL,'2023-07-06 22:31:19','2023-07-06 22:31:19'),(1821,9230,1698,1285,30000.00,0,NULL,NULL,'2023-07-06 22:31:19','2023-07-06 22:31:19'),(1822,9230,1698,1286,30000.00,0,NULL,NULL,'2023-07-06 22:31:19','2023-07-06 22:31:19'),(1823,9230,1699,1281,29000.00,0,NULL,NULL,'2023-07-06 23:20:36','2023-07-06 23:20:36'),(1824,9230,1699,1282,30000.00,0,NULL,NULL,'2023-07-06 23:20:36','2023-07-06 23:20:36'),(1825,9230,1699,1283,30000.00,0,NULL,NULL,'2023-07-06 23:20:36','2023-07-06 23:20:36'),(1826,9230,1699,1284,25000.00,0,NULL,NULL,'2023-07-06 23:20:36','2023-07-06 23:20:36'),(1827,9230,1699,1285,30000.00,0,NULL,NULL,'2023-07-06 23:20:36','2023-07-06 23:20:36'),(1828,9230,1699,1286,30000.00,0,NULL,NULL,'2023-07-06 23:20:36','2023-07-06 23:20:36'),(1829,NULL,1700,NULL,20000.00,1,NULL,NULL,'2024-07-05 08:43:38',NULL),(1830,9230,1701,1258,20000.00,0,NULL,NULL,'2023-07-06 23:21:15','2023-07-06 23:21:15'),(1831,9230,1701,1259,20000.00,0,NULL,NULL,'2023-07-06 23:21:15','2023-07-06 23:21:15'),(1832,9230,1701,1260,20000.00,0,NULL,NULL,'2023-07-06 23:21:15','2023-07-06 23:21:15'),(1833,9230,1701,1261,30000.00,0,NULL,NULL,'2023-07-06 23:21:15','2023-07-06 23:21:15'),(1834,9230,1701,1262,25000.00,0,NULL,NULL,'2023-07-06 23:21:15','2023-07-06 23:21:15'),(1835,9230,1701,1263,20000.00,0,NULL,NULL,'2023-07-06 23:21:15','2023-07-06 23:21:15'),(1836,9230,1701,1264,30000.00,0,NULL,NULL,'2023-07-06 23:21:15','2023-07-06 23:21:15'),(1837,9230,1701,1265,22000.00,0,NULL,NULL,'2023-07-06 23:21:15','2023-07-06 23:21:15'),(1838,9230,1701,1266,30000.00,0,NULL,NULL,'2023-07-06 23:21:15','2023-07-06 23:21:15'),(1839,9230,1701,1267,30000.00,0,NULL,NULL,'2023-07-06 23:21:15','2023-07-06 23:21:15'),(1840,9230,1701,1268,30000.00,0,NULL,NULL,'2023-07-06 23:21:15','2023-07-06 23:21:15'),(1841,9230,1701,1269,25000.00,0,NULL,NULL,'2023-07-06 23:21:15','2023-07-06 23:21:15'),(1842,9230,1701,1270,30000.00,0,NULL,NULL,'2023-07-06 23:21:15','2023-07-06 23:21:15'),(1843,9230,1701,1271,30000.00,0,NULL,NULL,'2023-07-06 23:21:15','2023-07-06 23:21:15'),(1844,9230,1701,1272,30000.00,0,NULL,NULL,'2023-07-06 23:21:15','2023-07-06 23:21:15'),(1845,9230,1702,1281,29000.00,0,NULL,NULL,'2023-07-07 16:33:13','2023-07-07 16:33:13'),(1846,9230,1702,1282,30000.00,0,NULL,NULL,'2023-07-07 16:33:13','2023-07-07 16:33:13'),(1847,9230,1702,1283,30000.00,0,NULL,NULL,'2023-07-07 16:33:13','2023-07-07 16:33:13'),(1848,9230,1702,1284,25000.00,0,NULL,NULL,'2023-07-07 16:33:13','2023-07-07 16:33:13'),(1849,9230,1702,1285,30000.00,0,NULL,NULL,'2023-07-07 16:33:13','2023-07-07 16:33:13'),(1850,9230,1702,1286,30000.00,0,NULL,NULL,'2023-07-07 16:33:13','2023-07-07 16:33:13'),(1851,9230,1703,1258,20000.00,0,NULL,NULL,'2023-07-07 16:33:17','2023-07-07 16:33:17'),(1852,9230,1703,1259,20000.00,0,NULL,NULL,'2023-07-07 16:33:17','2023-07-07 16:33:17');
INSERT INTO `cta_cte_cliente_pivot_receipt` VALUES (1853,9230,1703,1260,20000.00,0,NULL,NULL,'2023-07-07 16:33:17','2023-07-07 16:33:17'),(1854,9230,1703,1261,30000.00,0,NULL,NULL,'2023-07-07 16:33:17','2023-07-07 16:33:17'),(1855,9230,1703,1262,25000.00,0,NULL,NULL,'2023-07-07 16:33:17','2023-07-07 16:33:17'),(1856,9230,1703,1263,20000.00,0,NULL,NULL,'2023-07-07 16:33:17','2023-07-07 16:33:17'),(1857,9230,1703,1264,30000.00,0,NULL,NULL,'2023-07-07 16:33:17','2023-07-07 16:33:17'),(1858,9230,1703,1265,22000.00,0,NULL,NULL,'2023-07-07 16:33:17','2023-07-07 16:33:17'),(1859,9230,1703,1266,30000.00,0,NULL,NULL,'2023-07-07 16:33:17','2023-07-07 16:33:17'),(1860,9230,1703,1267,30000.00,0,NULL,NULL,'2023-07-07 16:33:17','2023-07-07 16:33:17'),(1861,9230,1703,1268,30000.00,0,NULL,NULL,'2023-07-07 16:33:17','2023-07-07 16:33:17'),(1862,9230,1703,1269,25000.00,0,NULL,NULL,'2023-07-07 16:33:17','2023-07-07 16:33:17'),(1863,9230,1703,1270,30000.00,0,NULL,NULL,'2023-07-07 16:33:17','2023-07-07 16:33:17'),(1864,9230,1703,1271,30000.00,0,NULL,NULL,'2023-07-07 16:33:17','2023-07-07 16:33:17'),(1865,9230,1703,1272,30000.00,0,NULL,NULL,'2023-07-07 16:33:17','2023-07-07 16:33:17'),(1866,9230,1704,1672,NULL,0,NULL,'2023-07-07 18:21:27','2023-07-10 18:50:25','2023-07-10 18:50:25'),(1867,9230,1705,1673,NULL,0,NULL,'2023-07-07 18:21:28','2023-07-10 18:49:54','2023-07-10 18:49:54'),(1868,9230,1706,1674,NULL,0,NULL,'2023-07-07 18:21:28','2023-07-10 18:49:35','2023-07-10 18:49:35'),(1869,9230,1707,1675,NULL,0,NULL,'2023-07-07 18:21:28','2023-07-10 18:49:17','2023-07-10 18:49:17'),(1870,9230,1708,1676,NULL,0,NULL,'2023-07-07 18:21:28','2023-07-10 18:48:57','2023-07-10 18:48:57'),(1871,9230,1709,1677,NULL,0,NULL,'2023-07-07 18:21:28','2023-07-10 18:48:36','2023-07-10 18:48:36'),(1872,9230,1710,1678,NULL,0,NULL,'2023-07-07 18:21:28','2023-07-10 18:48:11','2023-07-10 18:48:11'),(1873,9230,1711,1679,NULL,0,NULL,'2023-07-07 18:21:28','2023-07-10 18:47:46','2023-07-10 18:47:46'),(1874,9230,1712,1680,NULL,0,NULL,'2023-07-07 18:21:28','2023-07-10 18:47:28','2023-07-10 18:47:28'),(1875,9230,1713,1681,NULL,0,NULL,'2023-07-07 18:21:28','2023-07-10 18:47:09','2023-07-10 18:47:09'),(1876,9230,1714,1682,NULL,0,NULL,'2023-07-07 18:21:28','2023-07-10 18:46:29','2023-07-10 18:46:29'),(1877,9230,1715,1683,NULL,0,NULL,'2023-07-07 18:21:28','2023-07-10 18:46:07','2023-07-10 18:46:07'),(1878,9230,1716,1684,NULL,0,NULL,'2023-07-07 18:21:28','2023-07-10 18:45:52','2023-07-10 18:45:52'),(1879,9230,1717,1685,NULL,0,NULL,'2023-07-07 18:21:28','2023-07-10 18:45:35','2023-07-10 18:45:35'),(1880,9230,1718,1686,NULL,0,NULL,'2023-07-07 18:21:28','2023-07-07 18:22:51','2023-07-07 18:22:51'),(1881,9230,1719,1687,NULL,0,NULL,'2023-07-07 18:21:28','2023-07-07 18:22:42','2023-07-07 18:22:42'),(1882,9230,1720,1688,NULL,0,NULL,'2023-07-07 18:21:28','2023-07-07 18:22:32','2023-07-07 18:22:32'),(1883,9230,1721,1689,NULL,0,NULL,'2023-07-07 18:21:28','2023-07-07 18:22:25','2023-07-07 18:22:25'),(1884,9230,1722,1690,NULL,0,NULL,'2023-07-07 18:21:29','2023-07-07 18:22:18','2023-07-07 18:22:18'),(1885,9230,1723,1691,NULL,0,NULL,'2023-07-07 18:21:29','2023-07-07 18:22:08','2023-07-07 18:22:08'),(1886,9230,1724,1692,NULL,0,NULL,'2023-07-07 18:21:29','2023-07-07 18:22:01','2023-07-07 18:22:01'),(1887,9230,1725,1692,NULL,0,NULL,'2023-07-07 18:22:01','2023-07-10 18:38:17','2023-07-10 18:38:17'),(1888,9230,1726,1691,NULL,0,NULL,'2023-07-07 18:22:08','2023-07-10 18:38:33','2023-07-10 18:38:33'),(1889,9230,1727,1690,NULL,0,NULL,'2023-07-07 18:22:18','2023-07-10 18:43:11','2023-07-10 18:43:11'),(1890,9230,1728,1689,NULL,0,NULL,'2023-07-07 18:22:25','2023-07-10 18:44:33','2023-07-10 18:44:33'),(1891,9230,1729,1688,NULL,0,NULL,'2023-07-07 18:22:32','2023-07-10 18:44:49','2023-07-10 18:44:49'),(1892,9230,1730,1687,NULL,0,NULL,'2023-07-07 18:22:42','2023-07-10 18:45:04','2023-07-10 18:45:04'),(1893,9230,1731,1686,NULL,0,NULL,'2023-07-07 18:22:51','2023-07-10 18:45:20','2023-07-10 18:45:20');
INSERT INTO `cta_cte_cliente_pivot_receipt` VALUES (1894,9230,1732,1396,NULL,0,NULL,'2023-07-10 18:24:48','2023-07-10 18:29:00','2023-07-10 18:29:00'),(1895,9230,1733,1397,NULL,0,NULL,'2023-07-10 18:25:14','2023-07-10 18:32:40','2023-07-10 18:32:40'),(1896,9230,1734,1398,NULL,0,NULL,'2023-07-10 18:25:47','2023-07-10 18:25:47',NULL),(1897,9230,1735,1399,NULL,0,NULL,'2023-07-10 18:26:03','2023-07-10 18:26:03',NULL),(1898,9230,1736,1378,NULL,0,NULL,'2023-07-10 18:26:44','2023-07-10 18:26:44',NULL),(1899,9230,1737,1379,NULL,0,NULL,'2023-07-10 18:27:06','2023-07-10 18:27:06',NULL),(1900,9230,1738,1380,NULL,0,NULL,'2023-07-10 18:27:25','2023-07-10 18:27:25',NULL),(1901,9230,1739,1381,NULL,0,NULL,'2023-07-10 18:28:24','2023-07-10 18:28:24',NULL),(1902,9230,1740,1396,NULL,0,NULL,'2023-07-10 18:29:00','2023-07-10 18:29:09','2023-07-10 18:29:09'),(1903,9230,1741,1396,NULL,0,NULL,'2023-07-10 18:29:09','2023-07-10 18:31:45','2023-07-10 18:31:45'),(1904,9230,1742,1396,NULL,0,NULL,'2023-07-10 18:31:45','2023-07-10 18:32:11','2023-07-10 18:32:11'),(1905,9230,1743,1396,NULL,0,NULL,'2023-07-10 18:32:11','2023-07-10 18:32:11',NULL),(1906,9230,1744,1397,NULL,0,NULL,'2023-07-10 18:32:40','2023-07-10 18:32:40',NULL),(1907,9230,1745,1382,NULL,0,NULL,'2023-07-10 18:33:53','2023-07-10 18:33:53',NULL),(1908,9230,1746,1383,NULL,0,NULL,'2023-07-10 18:34:10','2023-07-10 18:34:10',NULL),(1909,9230,1747,1384,NULL,0,NULL,'2023-07-10 18:34:30','2023-07-10 18:34:30',NULL),(1910,9230,1748,1385,NULL,0,NULL,'2023-07-10 18:34:51','2023-07-10 18:34:51',NULL),(1911,9230,1749,1386,NULL,0,NULL,'2023-07-10 18:35:12','2023-07-10 18:35:12',NULL),(1912,9230,1750,1387,NULL,0,NULL,'2023-07-10 18:35:36','2023-07-10 18:35:36',NULL),(1913,9230,1751,1388,NULL,0,NULL,'2023-07-10 18:35:57','2023-07-10 18:35:57',NULL),(1914,9230,1752,1389,NULL,0,NULL,'2023-07-10 18:36:20','2023-07-10 18:36:20',NULL),(1915,9230,1753,1390,NULL,0,NULL,'2023-07-10 18:37:31','2023-07-10 18:37:31',NULL),(1916,9230,1754,1391,NULL,0,NULL,'2023-07-10 18:37:52','2023-07-10 18:37:52',NULL),(1917,9230,1755,1692,NULL,0,NULL,'2023-07-10 18:38:17','2023-07-10 18:43:34','2023-07-10 18:43:34'),(1918,9230,1756,1691,NULL,0,NULL,'2023-07-10 18:38:33','2023-07-10 18:44:07','2023-07-10 18:44:07'),(1919,9230,1757,1690,NULL,0,NULL,'2023-07-10 18:43:11','2023-07-10 18:43:11',NULL),(1920,9230,1758,1692,NULL,0,NULL,'2023-07-10 18:43:34','2023-07-10 18:43:34',NULL),(1921,9230,1759,1691,NULL,0,NULL,'2023-07-10 18:44:07','2023-07-10 18:44:07',NULL),(1922,9230,1760,1689,NULL,0,NULL,'2023-07-10 18:44:33','2023-07-10 18:44:33',NULL),(1923,9230,1761,1688,NULL,0,NULL,'2023-07-10 18:44:49','2023-07-10 18:44:49',NULL),(1924,9230,1762,1687,NULL,0,NULL,'2023-07-10 18:45:04','2023-07-10 18:45:04',NULL),(1925,9230,1763,1686,NULL,0,NULL,'2023-07-10 18:45:20','2023-07-10 18:45:20',NULL),(1926,9230,1764,1685,NULL,0,NULL,'2023-07-10 18:45:35','2023-07-10 18:45:35',NULL),(1927,9230,1765,1684,NULL,0,NULL,'2023-07-10 18:45:52','2023-07-10 18:45:52',NULL),(1928,9230,1766,1683,NULL,0,NULL,'2023-07-10 18:46:07','2023-07-10 18:46:07',NULL),(1929,9230,1767,1682,NULL,0,NULL,'2023-07-10 18:46:29','2023-07-10 18:46:29',NULL),(1930,9230,1768,1681,NULL,0,NULL,'2023-07-10 18:47:09','2023-07-10 18:47:09',NULL),(1931,9230,1769,1680,NULL,0,NULL,'2023-07-10 18:47:28','2023-07-10 18:47:28',NULL),(1932,9230,1770,1679,NULL,0,NULL,'2023-07-10 18:47:46','2023-07-10 18:47:46',NULL),(1933,9230,1771,1678,NULL,0,NULL,'2023-07-10 18:48:11','2023-07-10 18:48:11',NULL),(1934,9230,1772,1677,NULL,0,NULL,'2023-07-10 18:48:36','2023-07-10 18:48:36',NULL),(1935,9230,1773,1676,NULL,0,NULL,'2023-07-10 18:48:57','2023-07-10 18:48:57',NULL),(1936,9230,1774,1675,NULL,0,NULL,'2023-07-10 18:49:17','2023-07-10 18:49:17',NULL),(1937,9230,1775,1674,NULL,0,NULL,'2023-07-10 18:49:35','2023-07-10 18:49:35',NULL),(1938,9230,1776,1673,NULL,0,NULL,'2023-07-10 18:49:54','2023-07-10 18:49:54',NULL),(1939,9230,1777,1672,NULL,0,NULL,'2023-07-10 18:50:25','2023-07-10 18:50:25',NULL);
INSERT INTO `cta_cte_cliente_pivot_receipt` VALUES (1940,9230,1778,1272,NULL,0,NULL,'2023-07-10 18:50:56','2023-07-10 18:50:56',NULL),(1941,9230,1779,1271,NULL,0,NULL,'2023-07-10 18:51:26','2023-07-10 18:51:26',NULL),(1942,9230,1780,1270,NULL,0,NULL,'2023-07-10 18:51:46','2023-07-10 18:51:46',NULL),(1943,9230,1781,1269,NULL,0,NULL,'2023-07-10 18:52:07','2023-07-10 18:52:07',NULL),(1944,9230,1782,1268,NULL,0,NULL,'2023-07-10 18:52:37','2023-07-10 18:52:37',NULL),(1945,9230,1783,1266,NULL,0,NULL,'2023-07-10 18:52:54','2023-07-10 18:52:54',NULL),(1946,9230,1784,1265,NULL,0,NULL,'2023-07-10 18:53:14','2023-07-10 18:53:14',NULL),(1947,9230,1785,1264,NULL,0,NULL,'2023-07-10 18:53:37','2023-07-10 18:53:37',NULL),(1948,9230,1786,1263,NULL,0,NULL,'2023-07-10 18:53:56','2023-07-10 18:53:56',NULL),(1949,9230,1787,1262,NULL,0,NULL,'2023-07-10 18:54:13','2023-07-10 18:54:13',NULL),(1950,9230,1788,1261,NULL,0,NULL,'2023-07-10 18:54:36','2023-07-10 18:54:36',NULL),(1951,9230,1789,1260,NULL,0,NULL,'2023-07-10 18:54:51','2023-07-10 18:54:51',NULL),(1952,9230,1790,1259,NULL,0,NULL,'2023-07-10 18:55:20','2023-07-10 18:55:20',NULL),(1953,9230,1791,1258,NULL,0,NULL,'2023-07-10 18:55:36','2023-07-10 18:55:36',NULL),(1954,9230,1792,1286,NULL,0,NULL,'2023-07-10 18:56:10','2023-07-10 18:56:10',NULL),(1955,9230,1793,1285,NULL,0,NULL,'2023-07-10 18:56:31','2023-07-10 18:56:31',NULL),(1956,9230,1794,1284,NULL,0,NULL,'2023-07-10 18:56:49','2023-07-10 18:56:49',NULL),(1957,9230,1795,1283,NULL,0,NULL,'2023-07-10 18:57:07','2023-07-10 18:58:15','2023-07-10 18:58:15'),(1958,9230,1796,1282,NULL,0,NULL,'2023-07-10 18:57:37','2023-07-10 18:57:37',NULL),(1959,9230,1797,1281,NULL,0,NULL,'2023-07-10 18:57:59','2023-07-10 18:57:59',NULL),(1960,9230,1798,1283,NULL,0,NULL,'2023-07-10 18:58:15','2023-07-10 18:58:15',NULL),(1961,9230,1799,1280,NULL,0,NULL,'2023-07-10 18:58:32','2023-07-10 18:58:32',NULL),(1962,9230,1800,1279,NULL,0,NULL,'2023-07-10 18:58:50','2023-07-10 18:58:50',NULL),(1963,9230,1801,1278,NULL,0,NULL,'2023-07-10 18:59:08','2023-07-10 18:59:08',NULL),(1964,9230,1802,1277,NULL,0,NULL,'2023-07-10 18:59:23','2023-07-10 18:59:23',NULL),(1965,9230,1803,1276,NULL,0,NULL,'2023-07-10 18:59:38','2023-07-10 18:59:38',NULL),(1966,9230,1804,1275,NULL,0,NULL,'2023-07-10 18:59:55','2023-07-10 18:59:55',NULL),(1967,9230,1805,1273,NULL,0,NULL,'2023-07-10 19:00:11','2023-07-10 19:00:11',NULL),(1968,9230,1806,1274,NULL,0,NULL,'2023-07-10 19:00:32','2023-07-10 19:00:32',NULL),(1969,9230,1807,1302,NULL,0,NULL,'2023-07-10 19:00:57','2023-07-10 19:00:57',NULL),(1970,9230,1808,1301,NULL,0,NULL,'2023-07-10 19:01:18','2023-07-10 19:01:18',NULL),(1971,9230,1809,1300,NULL,0,NULL,'2023-07-10 19:01:36','2023-07-10 19:01:36',NULL),(1972,9230,1810,1299,NULL,0,NULL,'2023-07-10 19:02:13','2023-07-10 19:02:13',NULL),(1973,9230,1811,1298,NULL,0,NULL,'2023-07-10 19:02:30','2023-07-10 19:02:30',NULL),(1974,9230,1812,1297,NULL,0,NULL,'2023-07-10 19:02:45','2023-07-10 19:02:45',NULL),(1975,9230,1813,1296,NULL,0,NULL,'2023-07-10 19:03:04','2023-07-10 19:03:04',NULL),(1976,9230,1814,1295,NULL,0,NULL,'2023-07-10 19:03:21','2023-07-10 19:03:21',NULL),(1977,9230,1815,1294,NULL,0,NULL,'2023-07-10 19:03:36','2023-07-10 19:03:36',NULL),(1978,9230,1816,1293,NULL,0,NULL,'2023-07-10 19:03:50','2023-07-10 19:03:50',NULL),(1979,9230,1817,1292,NULL,0,NULL,'2023-07-10 19:04:11','2023-07-10 19:04:11',NULL),(1980,9230,1818,1291,NULL,0,NULL,'2023-07-10 19:04:29','2023-07-10 19:04:29',NULL),(1981,9230,1819,1290,NULL,0,NULL,'2023-07-10 19:04:49','2023-07-10 19:04:49',NULL),(1982,9230,1820,1289,NULL,0,NULL,'2023-07-10 19:05:06','2023-07-10 19:05:06',NULL),(1983,9230,1821,1288,NULL,0,NULL,'2023-07-10 19:05:26','2023-07-10 19:05:26',NULL),(1984,9230,1822,1287,NULL,0,NULL,'2023-07-10 19:05:45','2023-07-10 19:05:45',NULL),(1985,9230,1823,1322,NULL,0,NULL,'2023-07-10 19:06:09','2023-07-10 19:06:09',NULL),(1986,9230,1824,1321,NULL,0,NULL,'2023-07-10 19:06:37','2023-07-10 19:06:37',NULL);
INSERT INTO `cta_cte_cliente_pivot_receipt` VALUES (1987,9230,1825,1320,NULL,0,NULL,'2023-07-10 19:06:55','2023-07-10 19:06:55',NULL),(1988,9230,1826,1319,NULL,0,NULL,'2023-07-10 19:07:19','2023-07-10 19:07:19',NULL),(1989,9230,1827,1318,NULL,0,NULL,'2023-07-10 19:07:40','2023-07-10 19:07:40',NULL),(1990,9230,1828,1317,NULL,0,NULL,'2023-07-10 19:08:02','2023-07-10 19:08:02',NULL),(1991,9230,1829,1316,NULL,0,NULL,'2023-07-10 19:08:22','2023-07-10 19:08:22',NULL),(1992,9230,1830,1315,NULL,0,NULL,'2023-07-10 19:08:42','2023-07-10 19:08:42',NULL),(1993,9230,1831,1314,NULL,0,NULL,'2023-07-10 19:09:05','2023-07-10 19:09:05',NULL),(1994,9230,1832,1313,NULL,0,NULL,'2023-07-10 19:09:23','2023-07-10 19:09:23',NULL),(1995,9230,1833,1312,NULL,0,NULL,'2023-07-10 19:09:46','2023-07-10 19:09:46',NULL),(1996,9230,1834,1311,NULL,0,NULL,'2023-07-10 19:10:06','2023-07-10 19:10:06',NULL),(1997,9230,1835,1310,NULL,0,NULL,'2023-07-10 19:10:33','2023-07-10 19:10:33',NULL),(1998,9230,1836,1309,NULL,0,NULL,'2023-07-10 19:10:50','2023-07-10 19:10:50',NULL),(1999,9230,1837,1308,NULL,0,NULL,'2023-07-10 19:11:09','2023-07-10 19:11:09',NULL),(2000,9230,1838,1307,NULL,0,NULL,'2023-07-10 19:11:33','2023-07-10 19:11:33',NULL),(2001,9230,1839,1306,NULL,0,NULL,'2023-07-10 19:11:51','2023-07-10 19:11:51',NULL),(2002,9230,1840,1305,NULL,0,NULL,'2023-07-10 19:12:08','2023-07-10 19:12:08',NULL),(2003,9230,1841,1304,NULL,0,NULL,'2023-07-10 19:12:29','2023-07-10 19:12:29',NULL),(2004,9230,1842,1303,NULL,0,NULL,'2023-07-10 19:12:47','2023-07-10 19:12:47',NULL),(2005,9230,1843,1340,NULL,0,NULL,'2023-07-10 19:13:09','2023-07-10 19:13:09',NULL),(2006,9230,1844,1339,NULL,0,NULL,'2023-07-10 19:13:29','2023-07-10 19:13:29',NULL),(2007,9230,1845,1338,NULL,0,NULL,'2023-07-10 19:13:47','2023-07-10 19:13:47',NULL),(2008,9230,1846,1337,NULL,0,NULL,'2023-07-10 19:14:04','2023-07-10 19:14:04',NULL),(2009,9230,1847,1336,NULL,0,NULL,'2023-07-10 19:14:27','2023-07-10 19:14:27',NULL),(2010,9230,1848,1335,NULL,0,NULL,'2023-07-10 19:14:53','2023-07-10 19:14:53',NULL),(2011,9230,1849,1334,NULL,0,NULL,'2023-07-10 19:15:18','2023-07-10 19:15:18',NULL),(2012,9230,1850,1333,NULL,0,NULL,'2023-07-10 19:15:39','2023-07-10 19:15:39',NULL),(2013,9230,1851,1332,NULL,0,NULL,'2023-07-10 19:15:58','2023-07-10 19:15:58',NULL),(2014,9230,1852,1331,NULL,0,NULL,'2023-07-10 19:16:25','2023-07-10 19:16:25',NULL),(2015,9230,1853,1330,NULL,0,NULL,'2023-07-10 19:16:42','2023-07-10 19:16:42',NULL),(2016,9230,1854,1329,NULL,0,NULL,'2023-07-10 19:16:58','2023-07-10 19:16:58',NULL),(2017,9230,1855,1328,NULL,0,NULL,'2023-07-10 19:17:14','2023-07-10 19:17:14',NULL),(2018,9230,1856,1327,NULL,0,NULL,'2023-07-10 19:17:32','2023-07-10 19:17:32',NULL),(2019,9230,1857,1326,NULL,0,NULL,'2023-07-10 19:17:53','2023-07-10 19:17:53',NULL),(2020,9230,1858,1325,NULL,0,NULL,'2023-07-10 19:18:11','2023-07-10 19:18:11',NULL),(2021,9230,1859,1324,NULL,0,NULL,'2023-07-10 19:18:30','2023-07-10 19:18:30',NULL),(2022,9230,1860,1323,NULL,0,NULL,'2023-07-10 19:18:49','2023-07-10 19:18:49',NULL),(2023,9230,1861,1364,NULL,0,NULL,'2023-07-10 19:19:19','2023-07-10 19:19:19',NULL),(2024,9230,1862,1363,NULL,0,NULL,'2023-07-10 19:19:41','2023-07-10 19:19:41',NULL),(2025,9230,1863,1362,NULL,0,NULL,'2023-07-10 19:20:13','2023-07-10 19:20:13',NULL),(2026,9230,1864,1361,NULL,0,NULL,'2023-07-10 19:20:37','2023-07-10 19:20:37',NULL),(2027,9230,1865,1360,NULL,0,NULL,'2023-07-10 19:21:08','2023-07-10 19:21:08',NULL),(2028,9230,1866,1359,NULL,0,NULL,'2023-07-10 19:21:39','2023-07-10 19:21:39',NULL),(2029,9230,1867,1358,NULL,0,NULL,'2023-07-10 19:25:59','2023-07-10 19:25:59',NULL),(2030,9230,1868,1357,NULL,0,NULL,'2023-07-10 19:26:46','2023-07-10 19:26:46',NULL),(2031,9230,1869,1356,NULL,0,NULL,'2023-07-10 19:32:17','2023-07-10 19:32:17',NULL),(2032,9230,1870,1355,NULL,0,NULL,'2023-07-10 19:33:02','2023-07-10 19:33:02',NULL),(2033,9230,1871,1354,NULL,0,NULL,'2023-07-10 19:33:35','2023-07-10 19:33:35',NULL),(2034,9230,1872,1353,NULL,0,NULL,'2023-07-10 19:34:05','2023-07-10 19:34:05',NULL);
INSERT INTO `cta_cte_cliente_pivot_receipt` VALUES (2035,9230,1873,1352,NULL,0,NULL,'2023-07-10 19:34:47','2023-07-10 19:34:47',NULL),(2036,9230,1874,1351,NULL,0,NULL,'2023-07-10 19:35:14','2023-07-10 19:35:14',NULL),(2037,9230,1875,1350,NULL,0,NULL,'2023-07-10 19:35:32','2023-07-10 19:35:32',NULL),(2038,9230,1876,1349,NULL,0,NULL,'2023-07-10 19:35:52','2023-07-10 19:35:52',NULL),(2039,9230,1877,1348,NULL,0,NULL,'2023-07-10 19:36:11','2023-07-10 19:36:11',NULL),(2040,9230,1878,1347,NULL,0,NULL,'2023-07-10 19:36:31','2023-07-10 19:36:31',NULL),(2041,9230,1879,1267,NULL,0,NULL,'2023-07-10 19:37:11','2023-07-10 19:37:11',NULL),(2042,9230,1880,1346,NULL,0,NULL,'2023-07-10 19:37:48','2023-07-10 19:37:48',NULL),(2043,9230,1881,1345,NULL,0,NULL,'2023-07-10 19:38:07','2023-07-10 19:38:07',NULL),(2044,9230,1882,1344,NULL,0,NULL,'2023-07-10 19:38:53','2023-07-10 19:38:53',NULL),(2045,9230,1883,1343,NULL,0,NULL,'2023-07-10 19:39:15','2023-07-10 19:39:15',NULL),(2046,9230,1884,1342,NULL,0,NULL,'2023-07-10 19:39:38','2023-07-10 19:39:38',NULL),(2047,9230,1885,1341,NULL,0,NULL,'2023-07-10 19:39:56','2023-07-10 19:39:56',NULL),(2048,9230,1886,1377,NULL,0,NULL,'2023-07-10 19:40:27','2023-07-10 19:40:27',NULL),(2049,9230,1887,1376,NULL,0,NULL,'2023-07-10 19:40:50','2023-07-10 19:40:50',NULL),(2050,9230,1888,1375,NULL,0,NULL,'2023-07-10 19:41:08','2023-07-10 19:41:08',NULL),(2051,9230,1889,1374,NULL,0,NULL,'2023-07-10 19:41:28','2023-07-10 19:41:28',NULL),(2052,9230,1890,1373,NULL,0,NULL,'2023-07-10 19:41:47','2023-07-10 19:41:47',NULL),(2053,9230,1891,1372,NULL,0,NULL,'2023-07-10 19:42:05','2023-07-10 19:42:05',NULL),(2054,9230,1892,1371,NULL,0,NULL,'2023-07-10 19:42:21','2023-07-10 19:42:21',NULL),(2055,9230,1893,1370,NULL,0,NULL,'2023-07-10 19:42:36','2023-07-10 19:42:36',NULL),(2056,9230,1894,1369,NULL,0,NULL,'2023-07-10 19:42:52','2023-07-10 19:42:52',NULL),(2057,9230,1895,1368,NULL,0,NULL,'2023-07-10 19:43:08','2023-07-10 19:43:08',NULL),(2058,9230,1896,1367,NULL,0,NULL,'2023-07-10 19:43:24','2023-07-10 19:43:24',NULL),(2059,9230,1897,1366,NULL,0,NULL,'2023-07-10 19:43:52','2023-07-10 19:43:52',NULL),(2060,9230,1898,1365,NULL,0,NULL,'2023-07-10 19:44:19','2023-07-10 19:44:19',NULL),(2061,9230,1899,1395,NULL,0,NULL,'2023-07-10 19:44:42','2023-07-10 19:44:42',NULL),(2062,9230,1900,1394,NULL,0,NULL,'2023-07-10 19:45:00','2023-07-10 19:45:00',NULL),(2063,9230,1901,1393,NULL,0,NULL,'2023-07-10 19:45:26','2023-07-10 19:45:26',NULL),(2064,9230,1902,1392,NULL,0,NULL,'2023-07-10 19:45:45','2023-07-10 19:45:45',NULL),(2065,9230,1903,1396,11500.00,0,NULL,NULL,'2023-07-11 19:11:41','2023-07-11 19:11:41'),(2066,9230,1904,1397,11500.00,0,NULL,NULL,'2023-07-11 19:11:45','2023-07-11 19:11:45'),(2067,NULL,1905,1396,11500.00,0,NULL,NULL,NULL,NULL),(2068,NULL,1906,1397,11500.00,0,NULL,NULL,NULL,NULL),(2069,NULL,1907,1398,11500.00,0,NULL,NULL,NULL,NULL),(2070,NULL,1908,1399,11500.00,0,NULL,NULL,NULL,NULL);

--
-- Table structure for table `cta_cte_tesoreria`
--

CREATE TABLE `cta_cte_tesoreria` (
  `id` int(10) unsigned NOT NULL AUTO_INCREMENT,
  `user_id` int(10) unsigned DEFAULT NULL,
  `person_id` int(10) unsigned NOT NULL,
  `cta_cte_cliente_id` int(10) unsigned DEFAULT NULL,
  `nf_cta_cte_id` int(10) unsigned DEFAULT NULL,
  `cta_cte_tesoreria_cuenta_id` int(10) unsigned NOT NULL,
  `period_id` int(10) unsigned NOT NULL,
  `fecha` date DEFAULT NULL,
  `total` decimal(16,2) NOT NULL,
  `moneda_id` int(10) unsigned NOT NULL DEFAULT '1',
  `cotizacion` decimal(9,2) NOT NULL DEFAULT '1.00',
  `comentario` varchar(191) COLLATE utf8mb4_unicode_ci DEFAULT NULL,
  `file` varchar(191) COLLATE utf8mb4_unicode_ci DEFAULT NULL,
  `created_at` timestamp NULL DEFAULT NULL,
  `updated_at` timestamp NULL DEFAULT NULL,
  `deleted_at` timestamp NULL DEFAULT NULL,
  `ticket_id` bigint(20) unsigned DEFAULT NULL,
  PRIMARY KEY (`id`),
  KEY `cta_cte_tesoreria_person_id_foreign` (`person_id`),
  KEY `cta_cte_tesoreria_cta_cte_cliente_id_foreign` (`cta_cte_cliente_id`),
  KEY `cta_cte_tesoreria_cta_cte_tesoreria_cuenta_id_foreign` (`cta_cte_tesoreria_cuenta_id`),
  KEY `cta_cte_tesoreria_period_id_foreign` (`period_id`),
  KEY `cta_cte_tesoreria_nf_cta_cte_id_foreign` (`nf_cta_cte_id`),
  KEY `cta_cte_tesoreria_moneda_id_foreign` (`moneda_id`),
  KEY `cta_cte_tesoreria_ticket_id_foreign` (`ticket_id`),
  CONSTRAINT `cta_cte_tesoreria_cta_cte_cliente_id_foreign` FOREIGN KEY (`cta_cte_cliente_id`) REFERENCES `cta_cte_cliente` (`id`),
  CONSTRAINT `cta_cte_tesoreria_cta_cte_tesoreria_cuenta_id_foreign` FOREIGN KEY (`cta_cte_tesoreria_cuenta_id`) REFERENCES `cta_cte_tesoreria_cuentas` (`id`),
  CONSTRAINT `cta_cte_tesoreria_moneda_id_foreign` FOREIGN KEY (`moneda_id`) REFERENCES `monedas` (`id`),
  CONSTRAINT `cta_cte_tesoreria_nf_cta_cte_id_foreign` FOREIGN KEY (`nf_cta_cte_id`) REFERENCES `nf_cta_cte` (`id`),
  CONSTRAINT `cta_cte_tesoreria_period_id_foreign` FOREIGN KEY (`period_id`) REFERENCES `periods` (`id`),
  CONSTRAINT `cta_cte_tesoreria_person_id_foreign` FOREIGN KEY (`person_id`) REFERENCES `persons` (`id`),
  CONSTRAINT `cta_cte_tesoreria_ticket_id_foreign` FOREIGN KEY (`ticket_id`) REFERENCES `tickets` (`id`)
) ENGINE=InnoDB AUTO_INCREMENT=70 DEFAULT CHARSET=utf8mb4 COLLATE=utf8mb4_unicode_ci;

--
-- Dumping data for table `cta_cte_tesoreria`
--

INSERT INTO `cta_cte_tesoreria` VALUES (1,8522,40718,NULL,NULL,757,1520,'2023-02-28',155000.00,1,1.00,'Saldo Inicial',NULL,'2023-02-28 14:21:22','2023-02-28 14:21:22',NULL,NULL),(2,8522,40718,1252,NULL,13,1521,'2023-03-01',10000.00,1,1.00,NULL,NULL,'2023-03-01 11:25:20','2023-03-01 11:25:20',NULL,NULL),(3,8522,40718,NULL,4,13,1521,'2023-03-03',150.00,1,1.00,NULL,NULL,'2023-03-02 22:15:32','2023-03-02 22:15:54','2023-03-02 22:15:54',NULL),(4,9230,40815,NULL,NULL,759,3040,'2023-07-06',0.00,1,1.00,'Saldo Inicial',NULL,'2023-07-06 16:40:41','2023-07-06 17:52:23',NULL,NULL),(5,9230,40815,NULL,NULL,760,3040,'2023-07-06',0.00,1,1.00,'Saldo Inicial',NULL,'2023-07-06 16:41:29','2023-07-06 17:52:46',NULL,NULL),(6,9230,40815,NULL,NULL,761,3040,'2023-07-06',0.00,1,1.00,'Saldo Inicial',NULL,'2023-07-06 16:56:37','2023-07-06 17:02:45',NULL,NULL),(7,9230,40815,NULL,NULL,762,3040,'2023-07-06',0.00,1,1.00,'Saldo Inicial',NULL,'2023-07-06 17:26:27','2023-07-06 17:26:27',NULL,NULL),(8,9230,40815,NULL,NULL,763,3040,'2023-07-06',0.00,1,1.00,'Saldo Inicial',NULL,'2023-07-06 17:28:40','2023-07-06 17:30:37',NULL,NULL),(9,9230,40815,NULL,NULL,764,3040,'2023-07-06',0.00,1,1.00,'Saldo Inicial',NULL,'2023-07-06 17:30:23','2023-07-06 17:30:23',NULL,NULL),(10,9230,40815,NULL,NULL,765,3040,'2023-07-06',0.00,1,1.00,'Saldo Inicial',NULL,'2023-07-06 17:33:30','2023-07-06 17:33:30',NULL,NULL),(11,9230,40815,NULL,NULL,766,3040,'2023-07-06',0.00,1,1.00,'Saldo Inicial',NULL,'2023-07-06 17:35:46','2023-07-06 17:35:46',NULL,NULL),(12,9230,40815,NULL,NULL,767,3040,'2023-07-06',0.00,1,1.00,'Saldo Inicial',NULL,'2023-07-06 17:37:33','2023-07-06 17:37:33',NULL,NULL),(13,9230,40815,NULL,NULL,768,3040,'2023-07-06',0.00,1,1.00,'Saldo Inicial',NULL,'2023-07-06 17:40:45','2023-07-06 17:40:45',NULL,NULL),(14,9230,40815,NULL,NULL,769,3040,'2023-07-06',0.00,1,1.00,'Saldo Inicial',NULL,'2023-07-06 17:41:54','2023-07-06 17:41:54',NULL,NULL),(15,9230,40815,NULL,NULL,770,3040,'2023-07-06',0.00,1,1.00,'Saldo Inicial',NULL,'2023-07-06 17:44:00','2023-07-06 17:44:00',NULL,NULL),(16,9230,40815,NULL,NULL,771,3040,'2023-07-06',0.00,1,1.00,'Saldo Inicial',NULL,'2023-07-06 17:47:28','2023-07-06 17:47:28',NULL,NULL),(17,9230,40815,NULL,NULL,772,3040,'2023-07-06',0.00,1,1.00,'Saldo Inicial',NULL,'2023-07-06 17:48:42','2023-07-06 17:48:42',NULL,NULL),(18,9230,40815,NULL,NULL,773,3040,'2023-07-06',10352.00,1,1.00,'Saldo Inicial',NULL,'2023-07-06 17:54:20','2023-07-06 17:59:24',NULL,NULL),(19,9230,40815,NULL,NULL,774,3040,'2023-07-06',0.00,1,1.00,'Saldo Inicial',NULL,'2023-07-06 17:55:19','2023-07-06 17:55:19',NULL,NULL),(20,9230,40815,NULL,NULL,775,3040,'2023-07-06',20000.00,1,1.00,'Saldo Inicial',NULL,'2023-07-06 17:57:16','2023-07-06 17:58:51',NULL,NULL),(21,9230,40815,NULL,NULL,776,3040,'2023-07-06',300000.00,1,1.00,'Saldo Inicial',NULL,'2023-07-06 17:58:29','2023-07-06 17:58:29',NULL,NULL),(22,9230,40815,1632,NULL,13,3040,'2023-07-03',23000.00,1,263.00,'Transferencia inmediata',NULL,'2023-07-06 18:34:50','2023-07-06 18:34:50',NULL,NULL),(23,9230,40815,1633,NULL,13,3039,'2023-06-02',23000.00,1,263.00,NULL,NULL,'2023-07-06 18:39:49','2023-07-06 18:39:49',NULL,NULL),(24,9230,40815,1634,NULL,13,3038,'2023-05-04',23000.00,1,263.00,NULL,NULL,'2023-07-06 18:41:05','2023-07-06 18:41:05',NULL,NULL),(25,9230,40815,1635,NULL,13,3037,'2023-04-10',23000.00,1,263.00,NULL,NULL,'2023-07-06 18:41:55','2023-07-06 18:41:55',NULL,NULL),(26,9230,40815,1636,NULL,13,3036,'2023-03-08',17500.00,1,263.00,NULL,NULL,'2023-07-06 18:43:06','2023-07-06 18:43:06',NULL,NULL),(27,9230,40815,1637,NULL,13,3035,'2023-02-01',17500.00,1,263.00,NULL,NULL,'2023-07-06 18:44:02','2023-07-06 18:44:02',NULL,NULL),(28,9230,40815,1638,NULL,13,3034,'2023-01-05',17500.00,1,263.00,NULL,NULL,'2023-07-06 18:44:52','2023-07-06 18:44:52',NULL,NULL),(29,9230,40815,1639,NULL,13,26388,'2022-12-05',17500.00,1,263.00,NULL,NULL,'2023-07-06 18:46:03','2023-07-06 18:46:03',NULL,NULL);
INSERT INTO `cta_cte_tesoreria` VALUES (30,9230,40815,1659,NULL,13,26387,'2022-11-02',17500.00,1,263.00,NULL,NULL,'2023-07-06 18:52:18','2023-07-06 18:52:18',NULL,NULL),(31,9230,40815,1660,NULL,13,26386,'2022-10-03',17500.00,1,263.00,NULL,NULL,'2023-07-06 18:53:07','2023-07-06 18:53:07',NULL,NULL),(32,9230,40815,1661,NULL,13,26385,'2022-09-05',17500.00,1,263.00,NULL,NULL,'2023-07-06 18:54:26','2023-07-06 18:54:26',NULL,NULL),(33,9230,40815,1662,NULL,13,26384,'2022-08-05',17500.00,1,263.00,NULL,NULL,'2023-07-06 18:55:57','2023-07-06 18:55:57',NULL,NULL),(34,9230,40815,1684,NULL,13,26383,'2022-07-18',26028.00,1,263.00,'Honorarios alta ',NULL,'2023-07-06 18:59:43','2023-07-06 18:59:43',NULL,NULL),(35,9230,40830,NULL,NULL,777,24613,'2023-07-06',0.00,1,1.00,'Saldo Inicial',NULL,'2023-07-06 19:10:38','2023-07-06 19:10:38',NULL,NULL),(36,9230,40830,NULL,NULL,778,24613,'2023-07-07',0.00,1,1.00,'Saldo Inicial',NULL,'2023-07-06 19:14:03','2023-07-07 01:00:22',NULL,NULL),(37,9230,40830,NULL,NULL,779,24613,'2023-07-07',0.00,1,1.00,'Saldo Inicial',NULL,'2023-07-06 19:15:12','2023-07-07 01:00:15',NULL,NULL),(38,9230,40830,1685,NULL,13,24598,'2022-07-29',46000.00,1,263.00,'Cobranza efectivo (Depositando en cuenta el día 15/11/2022)',NULL,'2023-07-06 19:34:28','2023-07-07 16:32:30','2023-07-07 16:32:30',NULL),(39,9230,40830,1686,NULL,13,24602,'2022-11-15',160000.00,1,263.00,'Cobranza efectivo (Depositando en cuenta el día 15/11/2022)',NULL,'2023-07-06 19:36:43','2023-07-07 16:32:35','2023-07-07 16:32:35',NULL),(40,9230,40830,1687,NULL,13,24602,'2022-11-22',160000.00,1,263.00,'Cobranza efectivo (Depositando en cuenta el día 22/11/2022)',NULL,'2023-07-06 19:46:21','2023-07-07 16:32:39','2023-07-07 16:32:39',NULL),(41,9230,40830,1688,NULL,13,24603,'2022-12-15',234800.00,1,263.00,'Cobranza efectivo (Depositando en cuenta el día 15/12/2022)',NULL,'2023-07-06 19:57:02','2023-07-07 16:32:44','2023-07-07 16:32:44',NULL),(42,9230,40830,1689,NULL,13,24607,'2023-01-06',448000.00,1,263.00,'Cobranza efectivo (Depositando en cuenta el día 06/01/2023)',NULL,'2023-07-06 20:02:29','2023-07-07 16:32:49','2023-07-07 16:32:49',NULL),(43,9230,40830,1690,NULL,13,24608,'2023-02-01',367000.00,1,263.00,'Cobranza efectivo (Depositando en cuenta el día 01/02/2023)',NULL,'2023-07-06 20:06:23','2023-07-07 16:32:54','2023-07-07 16:32:54',NULL),(44,9230,40830,1691,NULL,13,24609,'2023-03-07',401000.00,1,263.00,'Cobranza efectivo (Depositando en cuenta el día 07/03/2023)',NULL,'2023-07-06 20:10:11','2023-07-07 16:32:58','2023-07-07 16:32:58',NULL),(45,9230,40830,1692,NULL,13,24610,'2023-04-04',106000.00,1,263.00,'Cobranza efectivo (Depositando en cuenta el día 04/11/2022)',NULL,'2023-07-06 20:12:46','2023-07-07 16:33:02','2023-07-07 16:33:02',NULL),(46,9230,40830,1693,NULL,13,24611,'2023-05-05',280000.00,1,263.00,'Cobranza efectivo (Depositando en cuenta el día 05/05/2023)',NULL,'2023-07-06 20:16:55','2023-07-06 20:21:49','2023-07-06 20:21:49',NULL),(47,9230,40830,1694,NULL,13,24610,'2023-04-05',280000.00,1,263.00,'Cobranza en efectivo (Depositado en cuenta el 05/04/2023)',NULL,'2023-07-06 21:51:52','2023-07-06 21:53:57','2023-07-06 21:53:57',NULL),(48,9230,40830,1695,NULL,13,24610,'2023-04-05',280000.00,1,263.00,'Cobranza varios clientes en efectivo (Depositado en cuenta el 05-04-2023)',NULL,'2023-07-06 21:56:37','2023-07-06 22:02:57','2023-07-06 22:02:57',NULL),(49,9230,40830,1696,NULL,13,24610,'2023-04-05',280000.00,1,263.00,'Cobranza en efectivo clientes varios (Depositado en cuenta el 05-04-2023)',NULL,'2023-07-06 22:05:58','2023-07-07 16:33:06','2023-07-07 16:33:06',NULL),(50,9230,40830,1697,NULL,13,24611,'2023-04-28',200000.00,1,263.00,'Cobranza en efectivo clientes varios (Depositado en cuenta el 28-04-2023)',NULL,'2023-07-06 22:11:00','2023-07-07 16:33:10','2023-07-07 16:33:10',NULL),(51,9230,40830,1698,NULL,13,24611,'2023-05-24',174000.00,1,263.00,'Cobranza en efectivo varios clientes (Depositado en cuenta el 24-05-2023)',NULL,'2023-07-06 22:13:31','2023-07-06 22:31:19','2023-07-06 22:31:19',NULL);
INSERT INTO `cta_cte_tesoreria` VALUES (52,9230,40830,1699,NULL,13,24611,'2023-05-24',174000.00,1,263.00,'Cobranza en efectivo varios clientes (Depositado en cuenta el 24-05-2023)',NULL,'2023-07-06 22:36:30','2023-07-06 23:20:36','2023-07-06 23:20:36',NULL),(53,9230,40830,1700,NULL,13,24612,'2023-07-06',20000.00,1,1.00,NULL,NULL,'2023-07-06 22:50:56','2023-07-06 22:52:39','2023-07-06 22:52:39',NULL),(54,9230,40830,1701,NULL,13,24612,'2023-06-05',392000.00,1,1.00,'Cobranza en efectivo varios clientes (Depositado en cuenta el 05-06-2023)',NULL,'2023-07-06 23:11:57','2023-07-06 23:21:15','2023-07-06 23:21:15',NULL),(55,9230,40830,1702,NULL,13,24611,'2023-05-24',174000.00,1,1.00,'Cobranza en efectivo varios clientes (Depositado en cuenta el 24-05-2023)',NULL,'2023-07-06 23:23:22','2023-07-07 16:33:13','2023-07-07 16:33:13',NULL),(56,9230,40830,1703,NULL,13,24612,'2023-06-05',392000.00,1,1.00,'Cobranza en efectivo varios clientes (Depositado en cuenta el 05-06-2023)',NULL,'2023-07-06 23:25:08','2023-07-07 16:33:17','2023-07-07 16:33:17',NULL),(57,9230,40830,NULL,NULL,777,24598,'2022-07-30',46000.00,1,1.00,'',NULL,'2023-07-07 00:03:16','2023-07-07 00:05:37','2023-07-07 00:05:37',NULL),(58,9230,40830,NULL,NULL,777,24598,'2022-07-29',46000.00,1,1.00,'',NULL,'2023-07-07 00:16:43','2023-07-07 00:45:24','2023-07-07 00:45:24',NULL),(59,9230,40830,NULL,NULL,777,24602,'2022-11-15',160000.00,1,1.00,'',NULL,'2023-07-07 00:32:00','2023-07-07 00:45:31','2023-07-07 00:45:31',NULL),(60,9230,40830,NULL,NULL,777,24602,'2022-11-22',160000.00,1,1.00,'',NULL,'2023-07-07 00:42:19','2023-07-07 00:45:38','2023-07-07 00:45:38',NULL),(61,9230,40830,NULL,NULL,778,24598,'2022-07-29',46000.00,1,1.00,'',NULL,'2023-07-07 00:50:39','2023-07-07 00:53:14','2023-07-07 00:53:14',NULL),(62,9230,40830,NULL,NULL,777,24598,'2022-07-29',46000.00,1,1.00,'',NULL,'2023-07-07 01:03:45','2023-07-07 16:33:59','2023-07-07 16:33:59',NULL),(63,9230,40830,1903,NULL,13,24598,'2022-07-25',11500.00,1,1.00,NULL,NULL,'2023-07-11 18:21:32','2023-07-11 19:11:41','2023-07-11 19:11:41',NULL),(64,9230,40830,1904,NULL,13,24597,'2022-07-26',11500.00,1,1.00,NULL,NULL,'2023-07-11 19:10:54','2023-07-11 19:11:45','2023-07-11 19:11:45',NULL),(65,9230,40830,1905,NULL,13,24598,'2022-07-25',11500.00,1,1.00,NULL,NULL,'2023-07-11 19:30:25','2023-07-11 19:30:25',NULL,NULL),(66,9230,40830,1906,NULL,13,24598,'2022-07-26',11500.00,1,1.00,NULL,NULL,'2023-07-11 19:32:03','2023-07-11 19:32:03',NULL,NULL),(67,9230,40830,1907,NULL,13,24598,'2022-07-28',11500.00,1,264.00,NULL,NULL,'2023-07-11 19:33:40','2023-07-11 19:33:40',NULL,NULL),(68,9230,40830,1908,NULL,13,24598,'2022-07-28',11500.00,1,1.00,NULL,NULL,'2023-07-11 19:35:14','2023-07-11 19:35:14',NULL,NULL),(69,9230,40830,NULL,NULL,777,24598,'2022-07-29',46000.00,1,1.00,'',NULL,'2023-07-11 19:39:05','2023-07-11 19:39:05',NULL,NULL);

--
-- Table structure for table `cta_cte_tesoreria_banco_cheq`
--

CREATE TABLE `cta_cte_tesoreria_banco_cheq` (
  `id` int(10) unsigned NOT NULL AUTO_INCREMENT,
  `user_id` int(10) unsigned DEFAULT NULL,
  `person_id` int(10) unsigned NOT NULL,
  `cta_cte_tesoreria_cuenta_id` int(10) unsigned NOT NULL,
  `cta_cte_tesoreria_banco_id` int(10) unsigned NOT NULL,
  `chequera_tipo_id` int(10) unsigned NOT NULL,
  `serie` text COLLATE utf8mb4_unicode_ci,
  `numero_cheque` int(11) DEFAULT NULL,
  `habilitado` tinyint(1) NOT NULL DEFAULT '1',
  `created_at` timestamp NULL DEFAULT NULL,
  `updated_at` timestamp NULL DEFAULT NULL,
  `deleted_at` timestamp NULL DEFAULT NULL,
  PRIMARY KEY (`id`),
  KEY `cta_cte_tesoreria_banco_cheq_person_id_foreign` (`person_id`),
  KEY `cta_cte_tesoreria_banco_cheq_cta_cte_tesoreria_cuenta_id_foreign` (`cta_cte_tesoreria_cuenta_id`),
  KEY `cta_cte_tesoreria_banco_cheq_cta_cte_tesoreria_banco_id_foreign` (`cta_cte_tesoreria_banco_id`),
  KEY `cta_cte_tesoreria_banco_cheq_chequera_tipo_id_foreign` (`chequera_tipo_id`),
  CONSTRAINT `cta_cte_tesoreria_banco_cheq_chequera_tipo_id_foreign` FOREIGN KEY (`chequera_tipo_id`) REFERENCES `chequeras_tipos` (`id`),
  CONSTRAINT `cta_cte_tesoreria_banco_cheq_cta_cte_tesoreria_banco_id_foreign` FOREIGN KEY (`cta_cte_tesoreria_banco_id`) REFERENCES `cta_cte_tesoreria_bancos` (`id`),
  CONSTRAINT `cta_cte_tesoreria_banco_cheq_cta_cte_tesoreria_cuenta_id_foreign` FOREIGN KEY (`cta_cte_tesoreria_cuenta_id`) REFERENCES `cta_cte_tesoreria_cuentas` (`id`),
  CONSTRAINT `cta_cte_tesoreria_banco_cheq_person_id_foreign` FOREIGN KEY (`person_id`) REFERENCES `persons` (`id`)
) ENGINE=InnoDB AUTO_INCREMENT=15 DEFAULT CHARSET=utf8mb4 COLLATE=utf8mb4_unicode_ci;

--
-- Dumping data for table `cta_cte_tesoreria_banco_cheq`
--

INSERT INTO `cta_cte_tesoreria_banco_cheq` VALUES (1,9230,40815,761,1,3,NULL,1,1,'2023-07-06 16:56:37','2023-07-06 16:56:37',NULL),(2,9230,40815,762,2,3,NULL,1,1,'2023-07-06 17:26:27','2023-07-06 17:26:27',NULL),(3,9230,40815,763,3,3,NULL,1,1,'2023-07-06 17:28:40','2023-07-06 17:28:40',NULL),(4,9230,40815,764,4,3,NULL,1,1,'2023-07-06 17:30:23','2023-07-06 17:30:23',NULL),(5,9230,40815,765,5,3,NULL,1,1,'2023-07-06 17:33:30','2023-07-06 17:33:30',NULL),(6,9230,40815,766,6,3,NULL,1,1,'2023-07-06 17:35:46','2023-07-06 17:35:46',NULL),(7,9230,40815,767,7,3,NULL,1,1,'2023-07-06 17:37:33','2023-07-06 17:37:33',NULL),(8,9230,40815,768,8,3,NULL,1,1,'2023-07-06 17:40:45','2023-07-06 17:40:45',NULL),(9,9230,40815,769,9,3,NULL,1,1,'2023-07-06 17:41:54','2023-07-06 17:41:54',NULL),(10,9230,40815,770,10,3,NULL,1,1,'2023-07-06 17:44:00','2023-07-06 17:44:00',NULL),(11,9230,40815,771,11,3,NULL,1,1,'2023-07-06 17:47:28','2023-07-06 17:47:28',NULL),(12,9230,40815,772,12,3,NULL,1,1,'2023-07-06 17:48:42','2023-07-06 17:48:42',NULL),(13,9230,40830,778,13,3,NULL,1,0,'2023-07-06 19:14:03','2023-07-07 01:00:22',NULL),(14,9230,40830,779,14,3,NULL,1,1,'2023-07-06 19:15:12','2023-07-07 01:00:15',NULL);

--
-- Table structure for table `cta_cte_tesoreria_banco_claves`
--

CREATE TABLE `cta_cte_tesoreria_banco_claves` (
  `id` int(10) unsigned NOT NULL AUTO_INCREMENT,
  `user_id` int(10) unsigned DEFAULT NULL,
  `person_id` int(10) unsigned NOT NULL,
  `cta_cte_tesoreria_cuenta_id` int(10) unsigned NOT NULL,
  `cta_cte_tesoreria_banco_id` int(10) unsigned NOT NULL,
  `descripcion` longtext COLLATE utf8mb4_unicode_ci,
  `created_at` timestamp NULL DEFAULT NULL,
  `updated_at` timestamp NULL DEFAULT NULL,
  `deleted_at` timestamp NULL DEFAULT NULL,
  PRIMARY KEY (`id`),
  KEY `cta_cte_tesoreria_banco_claves_person_id_foreign` (`person_id`),
  KEY `ct_cuenta_id` (`cta_cte_tesoreria_cuenta_id`),
  KEY `ct_banco_id` (`cta_cte_tesoreria_banco_id`),
  CONSTRAINT `ct_banco_id` FOREIGN KEY (`cta_cte_tesoreria_banco_id`) REFERENCES `cta_cte_tesoreria_bancos` (`id`),
  CONSTRAINT `ct_cuenta_id` FOREIGN KEY (`cta_cte_tesoreria_cuenta_id`) REFERENCES `cta_cte_tesoreria_cuentas` (`id`),
  CONSTRAINT `cta_cte_tesoreria_banco_claves_person_id_foreign` FOREIGN KEY (`person_id`) REFERENCES `persons` (`id`)
) ENGINE=InnoDB DEFAULT CHARSET=utf8mb4 COLLATE=utf8mb4_unicode_ci;

--
-- Dumping data for table `cta_cte_tesoreria_banco_claves`
--


--
-- Table structure for table `cta_cte_tesoreria_bancos`
--

CREATE TABLE `cta_cte_tesoreria_bancos` (
  `id` int(10) unsigned NOT NULL AUTO_INCREMENT,
  `user_id` int(10) unsigned DEFAULT NULL,
  `person_id` int(10) unsigned NOT NULL,
  `cta_cte_tesoreria_cuenta_id` int(10) unsigned NOT NULL,
  `ctacte_banco_id` int(10) unsigned NOT NULL,
  `persona_empresa` int(11) NOT NULL DEFAULT '1',
  `zone_id` int(10) unsigned NOT NULL,
  `cuenta_contable_id` int(10) unsigned NOT NULL,
  `cuenta_contable_id_diferido` int(10) unsigned DEFAULT NULL,
  `cuenta_contable_id_pend_acred` int(10) unsigned DEFAULT NULL,
  `numero_cuenta` text COLLATE utf8mb4_unicode_ci,
  `cbu` text COLLATE utf8mb4_unicode_ci,
  `alias` text COLLATE utf8mb4_unicode_ci,
  `habilitado` tinyint(1) NOT NULL DEFAULT '1',
  `created_at` timestamp NULL DEFAULT NULL,
  `updated_at` timestamp NULL DEFAULT NULL,
  `deleted_at` timestamp NULL DEFAULT NULL,
  PRIMARY KEY (`id`),
  KEY `cta_cte_tesoreria_bancos_person_id_foreign` (`person_id`),
  KEY `cta_cte_tesoreria_bancos_cta_cte_tesoreria_cuenta_id_foreign` (`cta_cte_tesoreria_cuenta_id`),
  KEY `cta_cte_tesoreria_bancos_ctacte_banco_id_foreign` (`ctacte_banco_id`),
  KEY `cta_cte_tesoreria_bancos_zone_id_foreign` (`zone_id`),
  KEY `cta_cte_tesoreria_bancos_cuenta_contable_id_foreign` (`cuenta_contable_id`),
  KEY `cta_cte_tesoreria_bancos_cuenta_contable_id_diferido_foreign` (`cuenta_contable_id_diferido`),
  KEY `cta_cte_tesoreria_bancos_cuenta_contable_id_pend_acred_foreign` (`cuenta_contable_id_pend_acred`),
  CONSTRAINT `cta_cte_tesoreria_bancos_cta_cte_tesoreria_cuenta_id_foreign` FOREIGN KEY (`cta_cte_tesoreria_cuenta_id`) REFERENCES `cta_cte_tesoreria_cuentas` (`id`),
  CONSTRAINT `cta_cte_tesoreria_bancos_ctacte_banco_id_foreign` FOREIGN KEY (`ctacte_banco_id`) REFERENCES `ctacte_bancos` (`id`),
  CONSTRAINT `cta_cte_tesoreria_bancos_cuenta_contable_id_diferido_foreign` FOREIGN KEY (`cuenta_contable_id_diferido`) REFERENCES `conta_plan_cuenta` (`id`),
  CONSTRAINT `cta_cte_tesoreria_bancos_cuenta_contable_id_foreign` FOREIGN KEY (`cuenta_contable_id`) REFERENCES `conta_plan_cuenta` (`id`),
  CONSTRAINT `cta_cte_tesoreria_bancos_cuenta_contable_id_pend_acred_foreign` FOREIGN KEY (`cuenta_contable_id_pend_acred`) REFERENCES `conta_plan_cuenta` (`id`),
  CONSTRAINT `cta_cte_tesoreria_bancos_person_id_foreign` FOREIGN KEY (`person_id`) REFERENCES `persons` (`id`),
  CONSTRAINT `cta_cte_tesoreria_bancos_zone_id_foreign` FOREIGN KEY (`zone_id`) REFERENCES `zones` (`id`)
) ENGINE=InnoDB AUTO_INCREMENT=15 DEFAULT CHARSET=utf8mb4 COLLATE=utf8mb4_unicode_ci;

--
-- Dumping data for table `cta_cte_tesoreria_bancos`
--

INSERT INTO `cta_cte_tesoreria_bancos` VALUES (1,9230,40815,761,23,1,23,163,163,163,'0688226297','1500018300006864477000',NULL,1,'2023-07-06 16:56:37','2023-07-06 16:56:37',NULL),(2,9230,40815,762,23,1,23,163,163,163,'0683316397','1500018300006833163978',NULL,1,'2023-07-06 17:26:27','2023-07-06 17:26:27',NULL),(3,9230,40815,763,23,1,23,163,163,163,'0688226297','1500018300006882262978',NULL,1,'2023-07-06 17:28:40','2023-07-06 17:28:40',NULL),(4,9230,40815,764,6,1,22,444,444,444,'165-61011/5','0170165040000006101156',NULL,1,'2023-07-06 17:30:23','2023-07-06 17:30:23',NULL),(5,9230,40815,765,6,1,22,444,444,444,'165-17912/8','0170165020000001791288',NULL,1,'2023-07-06 17:33:30','2023-07-06 17:33:30',NULL),(6,9230,40815,766,6,1,22,444,444,444,'165-518802/6','0170165044000051880260',NULL,1,'2023-07-06 17:35:46','2023-07-06 17:35:46',NULL),(7,9230,40815,767,36,1,22,452,452,452,' 450909494734673','2850509140094947346738',NULL,1,'2023-07-06 17:37:33','2023-07-06 17:37:33',NULL),(8,9230,40815,768,36,1,22,452,452,452,'350909416168650','2850509130094161686501',NULL,1,'2023-07-06 17:40:45','2023-07-06 17:40:45',NULL),(9,9230,40815,769,36,1,22,452,452,452,'250909518196407','2850509120095181964074',NULL,1,'2023-07-06 17:41:54','2023-07-06 17:41:54',NULL),(10,9230,40815,770,4,1,22,410,410,410,'0867/01108598/93','0150867101000108598934',NULL,1,'2023-07-06 17:44:00','2023-07-06 17:44:00',NULL),(11,9230,40815,771,4,1,22,410,410,410,'0867/02103633/08','0150867102000103633080',NULL,1,'2023-07-06 17:47:28','2023-07-06 17:47:28',NULL),(12,9230,40815,772,4,1,22,410,410,410,'0867/11103729/71','0150867111000103729714',NULL,1,'2023-07-06 17:48:42','2023-07-06 17:48:42',NULL),(13,9230,40830,778,6,1,22,444,444,444,'314-651490/3','0170314440000065149030',NULL,1,'2023-07-06 19:14:03','2023-07-06 19:14:03',NULL),(14,9230,40830,779,6,1,22,444,444,444,'314-629257/9','0170314444000062925794',NULL,1,'2023-07-06 19:15:12','2023-07-06 19:15:12',NULL);

--
-- Table structure for table `cta_cte_tesoreria_cuenta_tipos`
--

CREATE TABLE `cta_cte_tesoreria_cuenta_tipos` (
  `id` int(10) unsigned NOT NULL AUTO_INCREMENT,
  `user_id` int(10) unsigned DEFAULT NULL,
  `descripcion` text COLLATE utf8mb4_unicode_ci NOT NULL,
  `habilitado` tinyint(1) NOT NULL DEFAULT '1',
  `created_at` timestamp NULL DEFAULT NULL,
  `updated_at` timestamp NULL DEFAULT NULL,
  `deleted_at` timestamp NULL DEFAULT NULL,
  PRIMARY KEY (`id`)
) ENGINE=InnoDB AUTO_INCREMENT=11 DEFAULT CHARSET=utf8mb4 COLLATE=utf8mb4_unicode_ci;

--
-- Dumping data for table `cta_cte_tesoreria_cuenta_tipos`
--

INSERT INTO `cta_cte_tesoreria_cuenta_tipos` VALUES (1,NULL,'CAJA',1,NULL,NULL,NULL),(2,NULL,'BANCOS',1,NULL,NULL,NULL),(3,NULL,'CHEQUES',1,NULL,NULL,NULL),(4,NULL,'RETENCIONES EFECTUADAS',1,NULL,'2024-05-26 21:07:06',NULL),(5,NULL,'PERCEPCIONES EFECTUADAS',1,NULL,'2024-05-26 21:07:06',NULL),(6,NULL,'RESULTADO NEGATIVO',1,NULL,NULL,NULL),(7,NULL,'RESULTADO POSITIVO',1,NULL,NULL,NULL),(8,NULL,'MOVIMIENTO',1,NULL,NULL,NULL),(9,NULL,'RETENCIONES SUFRIDAS',1,NULL,NULL,NULL),(10,NULL,'PERCEPCIONES SUFRIDAS',1,NULL,NULL,NULL);

--
-- Table structure for table `cta_cte_tesoreria_cuentas`
--

CREATE TABLE `cta_cte_tesoreria_cuentas` (
  `id` int(10) unsigned NOT NULL AUTO_INCREMENT,
  `user_id` int(10) unsigned DEFAULT NULL,
  `moneda_id` int(10) unsigned NOT NULL DEFAULT '1',
  `plan_cuenta_id` int(10) unsigned NOT NULL,
  `person_id` int(10) unsigned DEFAULT NULL,
  `cta_cte_tesoreria_cuenta_tipo_id` int(10) unsigned NOT NULL DEFAULT '8',
  `retention_type_id` int(10) unsigned DEFAULT NULL,
  `nombre` varchar(191) COLLATE utf8mb4_unicode_ci NOT NULL,
  `cuit` text COLLATE utf8mb4_unicode_ci,
  `cheque3ros` tinyint(1) NOT NULL DEFAULT '0',
  `cheque_emitidos` tinyint(1) NOT NULL DEFAULT '0',
  `tes_cta_cte` tinyint(1) NOT NULL DEFAULT '0',
  `tes_cuenta_origen` tinyint(1) NOT NULL DEFAULT '0',
  `tes_cuenta_destino` tinyint(1) NOT NULL DEFAULT '0',
  `conta_asientos` tinyint(1) NOT NULL DEFAULT '0',
  `habilitado` tinyint(1) NOT NULL DEFAULT '1',
  `created_at` timestamp NULL DEFAULT NULL,
  `updated_at` timestamp NULL DEFAULT NULL,
  `deleted_at` timestamp NULL DEFAULT NULL,
  PRIMARY KEY (`id`),
  KEY `cta_cte_tesoreria_cuentas_person_id_foreign` (`person_id`),
  KEY `cta_cte_tesoreria_cuentas_plan_cuenta_id_foreign` (`plan_cuenta_id`),
  KEY `cta_tes_tipo_id_foreign` (`cta_cte_tesoreria_cuenta_tipo_id`),
  KEY `cta_cte_tesoreria_cuentas_moneda_id_foreign` (`moneda_id`),
  KEY `cta_cte_tesoreria_cuentas_retention_type_id_foreign` (`retention_type_id`),
  CONSTRAINT `cta_cte_tesoreria_cuentas_moneda_id_foreign` FOREIGN KEY (`moneda_id`) REFERENCES `monedas` (`id`),
  CONSTRAINT `cta_cte_tesoreria_cuentas_person_id_foreign` FOREIGN KEY (`person_id`) REFERENCES `persons` (`id`),
  CONSTRAINT `cta_cte_tesoreria_cuentas_plan_cuenta_id_foreign` FOREIGN KEY (`plan_cuenta_id`) REFERENCES `conta_plan_cuenta` (`id`),
  CONSTRAINT `cta_cte_tesoreria_cuentas_retention_type_id_foreign` FOREIGN KEY (`retention_type_id`) REFERENCES `retention_types` (`id`),
  CONSTRAINT `cta_tes_tipo_id_foreign` FOREIGN KEY (`cta_cte_tesoreria_cuenta_tipo_id`) REFERENCES `cta_cte_tesoreria_cuenta_tipos` (`id`)
) ENGINE=InnoDB AUTO_INCREMENT=780 DEFAULT CHARSET=utf8mb4 COLLATE=utf8mb4_unicode_ci;

--
-- Dumping data for table `cta_cte_tesoreria_cuentas`
--

INSERT INTO `cta_cte_tesoreria_cuentas` VALUES (13,NULL,1,13,NULL,8,NULL,'Clientes - Deudores',NULL,0,0,0,0,0,0,1,'2019-10-19 02:10:24','2019-10-19 02:10:24',NULL),(20,NULL,1,20,NULL,8,NULL,'Anticipos Impuesto a las Ganancias',NULL,0,0,0,0,1,0,1,'2019-10-19 02:10:24','2019-10-19 02:10:24',NULL),(23,NULL,1,23,NULL,4,NULL,'Retenciones Impuesto a las Ganancias',NULL,0,0,1,0,0,0,1,'2019-10-19 02:10:24','2023-07-06 00:41:53',NULL),(25,NULL,1,25,NULL,4,NULL,'Retenciones de IVA',NULL,0,0,1,0,0,0,1,'2019-10-19 02:10:24','2023-07-06 00:41:53',NULL),(57,NULL,1,57,NULL,8,NULL,'Proveedores en Cta. Cte. locales',NULL,0,0,0,0,0,0,1,'2019-10-19 02:10:24','2019-10-19 02:10:24',NULL),(60,NULL,1,60,NULL,3,NULL,'Cheques emitidos ',NULL,0,1,1,1,1,0,1,'2019-10-19 02:10:24','2023-07-06 00:41:53',NULL),(62,NULL,1,62,NULL,8,NULL,'Sueldos y Jornales a pagar',NULL,0,0,0,0,1,0,1,'2019-10-19 02:10:24','2019-10-19 02:10:24',NULL),(140,NULL,1,140,NULL,6,NULL,'Intereses y Gastos bancarios',NULL,0,0,0,0,1,0,1,'2019-10-19 02:10:24','2023-07-06 00:41:53',NULL),(162,NULL,1,162,NULL,4,NULL,'Retenciones SUSS',NULL,0,0,1,0,0,0,1,'2019-10-19 02:10:24','2023-07-06 00:41:53',NULL),(176,NULL,1,176,NULL,3,NULL,'Cheques en Cartera',NULL,1,0,1,1,1,0,1,'2019-10-19 02:10:24','2023-07-06 00:41:53',NULL),(201,NULL,1,201,NULL,6,NULL,'Monotributo',NULL,0,0,0,0,1,0,1,'2019-10-19 02:10:24','2023-07-06 00:41:53',NULL),(203,NULL,1,203,NULL,6,NULL,'Autonomos',NULL,0,0,0,0,1,0,1,'2019-10-19 02:10:24','2023-07-06 00:41:53',NULL),(219,NULL,1,219,NULL,8,NULL,'Pagos AFIP',NULL,0,0,0,0,1,0,1,'2019-10-19 02:10:24','2019-10-19 02:10:24',NULL),(251,NULL,1,251,NULL,4,NULL,'Retenciones de IIBB Buenos Aires',NULL,0,0,1,0,0,0,1,'2019-10-19 02:10:24','2023-07-06 00:41:53',NULL),(252,NULL,1,252,NULL,4,NULL,'Retenciones de IIBB Capital Federal',NULL,0,0,1,0,0,0,1,'2019-10-19 02:10:24','2023-07-06 00:41:53',NULL),(253,NULL,1,253,NULL,4,NULL,'Retenciones de IIBB Catamarca',NULL,0,0,1,0,0,0,1,'2019-10-19 02:10:24','2023-07-06 00:41:53',NULL),(254,NULL,1,254,NULL,4,NULL,'Retenciones de IIBB Chaco',NULL,0,0,1,0,0,0,1,'2019-10-19 02:10:24','2023-07-06 00:41:53',NULL),(255,NULL,1,255,NULL,4,NULL,'Retenciones de IIBB Chubut',NULL,0,0,1,0,0,0,1,'2019-10-19 02:10:24','2023-07-06 00:41:53',NULL),(256,NULL,1,256,NULL,4,NULL,'Retenciones de IIBB Córdoba',NULL,0,0,1,0,0,0,1,'2019-10-19 02:10:24','2023-07-06 00:41:53',NULL),(257,NULL,1,257,NULL,4,NULL,'Retenciones de IIBB Corrientes',NULL,0,0,1,0,0,0,1,'2019-10-19 02:10:24','2023-07-06 00:41:53',NULL),(258,NULL,1,258,NULL,4,NULL,'Retenciones de IIBB Entre Ríos',NULL,0,0,1,0,0,0,1,'2019-10-19 02:10:24','2023-07-06 00:41:53',NULL),(259,NULL,1,259,NULL,4,NULL,'Retenciones de IIBB Formosa',NULL,0,0,1,0,0,0,1,'2019-10-19 02:10:24','2023-07-06 00:41:53',NULL),(260,NULL,1,260,NULL,4,NULL,'Retenciones de IIBB Jujuy',NULL,0,0,1,0,0,0,1,'2019-10-19 02:10:24','2023-07-06 00:41:53',NULL),(261,NULL,1,261,NULL,4,NULL,'Retenciones de IIBB La Pampa',NULL,0,0,1,0,0,0,1,'2019-10-19 02:10:24','2023-07-06 00:41:53',NULL),(262,NULL,1,262,NULL,4,NULL,'Retenciones de IIBB La Rioja',NULL,0,0,1,0,0,0,1,'2019-10-19 02:10:24','2023-07-06 00:41:53',NULL),(263,NULL,1,263,NULL,4,NULL,'Retenciones de IIBB Mendoza',NULL,0,0,1,0,0,0,1,'2019-10-19 02:10:24','2023-07-06 00:41:53',NULL),(264,NULL,1,264,NULL,4,NULL,'Retenciones de IIBB Misiones',NULL,0,0,1,0,0,0,1,'2019-10-19 02:10:24','2023-07-06 00:41:53',NULL),(265,NULL,1,265,NULL,4,NULL,'Retenciones de IIBB Neuquén',NULL,0,0,1,0,0,0,1,'2019-10-19 02:10:24','2023-07-06 00:41:53',NULL),(266,NULL,1,266,NULL,4,NULL,'Retenciones de IIBB Pascua Lama',NULL,0,0,1,0,0,0,1,'2019-10-19 02:10:24','2023-07-06 00:41:53',NULL),(267,NULL,1,267,NULL,4,NULL,'Retenciones de IIBB Río Negro',NULL,0,0,1,0,0,0,1,'2019-10-19 02:10:24','2023-07-06 00:41:53',NULL),(268,NULL,1,268,NULL,4,NULL,'Retenciones de IIBB Salta',NULL,0,0,1,0,0,0,1,'2019-10-19 02:10:24','2023-07-06 00:41:53',NULL),(269,NULL,1,269,NULL,4,NULL,'Retenciones de IIBB San Juan',NULL,0,0,1,0,0,0,1,'2019-10-19 02:10:24','2023-07-06 00:41:53',NULL);
INSERT INTO `cta_cte_tesoreria_cuentas` VALUES (270,NULL,1,270,NULL,4,NULL,'Retenciones de IIBB San Luis',NULL,0,0,1,0,0,0,1,'2019-10-19 02:10:24','2023-07-06 00:41:53',NULL),(271,NULL,1,271,NULL,4,NULL,'Retenciones de IIBB Santa Cruz',NULL,0,0,1,0,0,0,1,'2019-10-19 02:10:24','2023-07-06 00:41:54',NULL),(272,NULL,1,272,NULL,4,NULL,'Retenciones de IIBB Santa Fe',NULL,0,0,1,0,0,0,1,'2019-10-19 02:10:24','2023-07-06 00:41:54',NULL),(273,NULL,1,273,NULL,4,NULL,'Retenciones de IIBB Santiago del Estero',NULL,0,0,1,0,0,0,1,'2019-10-19 02:10:24','2023-07-06 00:41:54',NULL),(274,NULL,1,274,NULL,4,NULL,'Retenciones de IIBB Tierra del Fuego',NULL,0,0,1,0,0,0,1,'2019-10-19 02:10:24','2023-07-06 00:41:54',NULL),(275,NULL,1,275,NULL,4,NULL,'Retenciones de IIBB Tucuman',NULL,0,0,1,0,0,0,1,'2019-10-19 02:10:24','2023-07-06 00:41:54',NULL),(351,NULL,1,351,NULL,8,NULL,'BANCO SIRCREB',NULL,0,0,0,0,1,0,1,'2019-10-19 02:10:24','2019-10-19 02:10:24',NULL),(359,NULL,1,359,NULL,8,NULL,'Caja en Pesos',NULL,0,0,1,1,1,0,1,'2019-10-19 02:10:24','2023-07-06 00:41:52','2023-07-06 00:41:52'),(360,NULL,1,360,NULL,8,NULL,'Retenciones Bancarias de Ganancias a Favor',NULL,0,0,0,0,1,0,1,'2019-10-19 02:10:24','2019-10-19 02:10:24',NULL),(364,NULL,1,364,NULL,8,NULL,'Anticipo de Clientes',NULL,0,0,0,0,1,0,1,'2019-10-19 02:10:24','2019-10-19 02:10:24',NULL),(384,NULL,1,384,NULL,8,NULL,'Caja en Dolares',NULL,0,0,1,1,1,0,1,'2019-10-19 02:10:24','2023-07-06 00:41:52','2023-07-06 00:41:52'),(409,NULL,1,409,NULL,6,NULL,'IVA Crédito Fiscal No computable',NULL,0,0,0,0,1,0,1,'2019-10-19 02:10:24','2023-07-06 00:41:54',NULL),(418,NULL,1,418,NULL,8,NULL,'Deudas Bancarias',NULL,0,0,0,1,1,0,1,'2019-10-19 02:10:24','2019-10-19 02:10:24',NULL),(433,NULL,1,433,NULL,8,NULL,'Préstamo',NULL,0,0,0,1,1,0,1,'2019-10-19 02:10:24','2019-10-19 02:10:24',NULL),(441,NULL,1,441,NULL,8,NULL,'Leasing',NULL,0,0,0,1,1,0,1,'2019-10-19 02:10:24','2019-10-19 02:10:24',NULL),(448,NULL,1,448,NULL,8,NULL,'Planes de Pagos AFIP',NULL,0,0,0,1,1,0,1,'2019-10-19 02:10:24','2019-10-19 02:10:24',NULL),(450,NULL,1,450,NULL,3,NULL,'Cheques Rechazados',NULL,0,0,0,0,1,0,1,'2019-10-19 02:10:24','2023-07-06 00:41:54',NULL),(467,NULL,1,467,NULL,6,NULL,'Interés',NULL,0,0,0,0,1,0,1,'2019-10-19 02:10:24','2023-07-06 00:41:54',NULL),(468,NULL,1,14,NULL,8,NULL,'Deudores por ventas comunes',NULL,0,0,0,0,0,1,1,'2020-02-06 17:23:07','2023-07-06 00:41:54',NULL),(469,NULL,1,15,NULL,8,NULL,'Deudores por ventas morosos',NULL,0,0,0,0,0,1,1,'2020-02-06 17:23:07','2023-07-06 00:41:54',NULL),(470,NULL,1,16,NULL,8,NULL,'Deudores en gestión judicial',NULL,0,0,0,0,0,1,1,'2020-02-06 17:23:07','2023-07-06 00:41:54',NULL),(471,NULL,1,17,NULL,8,NULL,'Previsión deudores incobrables',NULL,0,0,0,0,0,1,1,'2020-02-06 17:23:07','2023-07-06 00:41:54',NULL),(472,NULL,1,22,NULL,8,NULL,'Anticipo Impto.Ganancia Mínima Presunta',NULL,0,0,0,0,0,1,1,'2020-02-06 17:23:07','2023-07-06 00:41:54',NULL),(473,NULL,1,24,NULL,4,NULL,'Impuesto a las Ganancias (Saldo a favor)',NULL,0,0,0,0,0,1,0,'2020-02-06 17:23:07','2023-07-06 00:41:58',NULL),(474,NULL,1,27,NULL,8,NULL,'Anticipos de proveedores',NULL,0,0,0,0,0,1,1,'2020-02-06 17:23:07','2023-07-06 00:41:54',NULL),(475,NULL,1,28,NULL,8,NULL,'Depósito en garantía alquileres',NULL,0,0,0,0,0,1,1,'2020-02-06 17:23:07','2023-07-06 00:41:54',NULL),(476,NULL,1,29,NULL,8,NULL,'Derechos adquiridos a devengar',NULL,0,0,0,0,0,1,1,'2020-02-06 17:23:07','2023-07-06 00:41:54',NULL),(477,NULL,1,30,NULL,8,NULL,'Intereses a devengar',NULL,0,0,0,0,0,1,1,'2020-02-06 17:23:07','2023-07-06 00:41:54',NULL),(478,NULL,1,31,NULL,8,NULL,'Cuentas a rendir - Directores',NULL,0,0,0,0,0,1,1,'2020-02-06 17:23:07','2023-07-06 00:41:54',NULL),(479,NULL,1,32,NULL,8,NULL,'Alquileres no devengados',NULL,0,0,0,0,0,1,1,'2020-02-06 17:23:07','2023-07-06 00:41:54',NULL),(480,NULL,1,38,NULL,8,NULL,'Equipos de computación valores históricos',NULL,0,0,0,0,0,1,1,'2020-02-06 17:23:07','2023-07-06 00:41:54',NULL);
INSERT INTO `cta_cte_tesoreria_cuentas` VALUES (481,NULL,1,39,NULL,8,NULL,'Equipos de computación ajuste',NULL,0,0,0,0,0,1,1,'2020-02-06 17:23:07','2023-07-06 00:41:54',NULL),(482,NULL,1,40,NULL,8,NULL,'Amortización Acumulada Equipos de comput.',NULL,0,0,0,0,0,1,1,'2020-02-06 17:23:07','2023-07-06 00:41:54',NULL),(483,NULL,1,42,NULL,8,NULL,'Instalaciones valores históricos',NULL,0,0,0,0,0,1,1,'2020-02-06 17:23:07','2023-07-06 00:41:54',NULL),(484,NULL,1,43,NULL,8,NULL,'Instalaciones ajuste',NULL,0,0,0,0,0,1,1,'2020-02-06 17:23:07','2023-07-06 00:41:54',NULL),(485,NULL,1,44,NULL,8,NULL,'Amortización Acumulada Instalaciones',NULL,0,0,0,0,0,1,1,'2020-02-06 17:23:07','2023-07-06 00:41:54',NULL),(486,NULL,1,46,NULL,8,NULL,'Muebles y utiles valores históricos',NULL,0,0,0,0,0,1,1,'2020-02-06 17:23:07','2023-07-06 00:41:54',NULL),(487,NULL,1,47,NULL,8,NULL,'Muebles y utiles ajuste',NULL,0,0,0,0,0,1,1,'2020-02-06 17:23:07','2023-07-06 00:41:54',NULL),(488,NULL,1,48,NULL,8,NULL,'Amortización Acumulada Muebles y Útiles',NULL,0,0,0,0,0,1,1,'2020-02-06 17:23:07','2023-07-06 00:41:54',NULL),(489,NULL,1,50,NULL,8,NULL,'Gastos de organización valores historicos',NULL,0,0,0,0,0,1,1,'2020-02-06 17:23:07','2023-07-06 00:41:54',NULL),(490,NULL,1,51,NULL,8,NULL,'Gastos de organización ajuste',NULL,0,0,0,0,0,1,1,'2020-02-06 17:23:07','2023-07-06 00:41:54',NULL),(491,NULL,1,52,NULL,8,NULL,'Amortización acumulada gs. de organización',NULL,0,0,0,0,0,1,1,'2020-02-06 17:23:07','2023-07-06 00:41:54',NULL),(492,NULL,1,58,NULL,8,NULL,'Proveedores en cta. cte. exterior',NULL,0,0,0,0,0,1,1,'2020-02-06 17:23:07','2023-07-06 00:41:54',NULL),(493,NULL,1,59,NULL,8,NULL,'Derechos de exhibición a devengar',NULL,0,0,0,0,0,1,1,'2020-02-06 17:23:07','2023-07-06 00:41:54',NULL),(494,NULL,1,63,NULL,8,NULL,'Cargas sociales a pagar',NULL,0,0,0,0,0,1,1,'2020-02-06 17:23:07','2023-07-06 00:41:54',NULL),(495,NULL,1,64,NULL,8,NULL,'Sindicatos a Pagar',NULL,0,0,0,0,0,1,1,'2020-02-06 17:23:07','2023-07-06 00:41:54',NULL),(496,NULL,1,67,NULL,8,NULL,'IVA Debito Fiscal',NULL,0,0,0,0,0,1,1,'2020-02-06 17:23:07','2023-07-06 00:41:54',NULL),(497,NULL,1,68,NULL,8,NULL,'IVA Credito Fiscal',NULL,0,0,0,0,0,1,1,'2020-02-06 17:23:07','2023-07-06 00:41:54',NULL),(498,NULL,1,69,NULL,8,NULL,'Impuestos Internos',NULL,0,0,0,0,0,1,1,'2020-02-06 17:23:07','2023-07-06 00:41:54',NULL),(499,NULL,1,70,NULL,8,NULL,'Impuestos al Combustible',NULL,0,0,0,0,0,1,1,'2020-02-06 17:23:07','2023-07-06 00:41:54',NULL),(500,NULL,1,71,NULL,8,NULL,'IVA Retenciones de terceros',NULL,0,0,0,0,0,1,1,'2020-02-06 17:23:07','2023-07-06 00:41:54',NULL),(501,NULL,1,72,NULL,5,NULL,'IVA Percepciones realiz.por terceros',NULL,0,0,0,0,0,1,1,'2020-02-06 17:23:07','2023-07-06 00:41:54',NULL),(502,NULL,1,73,NULL,8,NULL,'IVA Saldo a favor',NULL,0,0,0,0,0,1,1,'2020-02-06 17:23:07','2023-07-06 00:41:54',NULL),(503,NULL,1,74,NULL,8,NULL,'IVA a pagar',NULL,0,0,0,0,0,1,1,'2020-02-06 17:23:07','2023-07-06 00:41:54',NULL),(504,NULL,1,75,NULL,5,NULL,'Percepciones Ingresos Brutos',NULL,0,0,0,0,0,1,1,'2020-02-06 17:23:07','2023-07-06 00:41:54',NULL),(505,NULL,1,76,NULL,8,NULL,'Otros Pagos AFIP',NULL,0,0,0,0,0,1,1,'2020-02-06 17:23:07','2023-07-06 00:41:54',NULL),(506,NULL,1,78,NULL,8,NULL,'Impuesto a los Ingresos Brutos Pasivo',NULL,0,0,0,0,0,1,1,'2020-02-06 17:23:07','2023-07-06 00:41:54',NULL),(507,NULL,1,79,NULL,8,NULL,'Impuesto a las Ganancias',NULL,0,0,0,0,0,1,1,'2020-02-06 17:23:07','2023-07-06 00:41:54',NULL),(508,NULL,1,80,NULL,8,NULL,'Impuesto a la Ganancia Mínima Presunta',NULL,0,0,0,0,0,1,1,'2020-02-06 17:23:07','2023-07-06 00:41:54',NULL),(509,NULL,1,81,NULL,8,NULL,'AFIP - Retenciones Impuesto a las Ganancias',NULL,0,0,0,0,0,1,1,'2020-02-06 17:23:07','2023-07-06 00:41:54',NULL),(510,NULL,1,82,NULL,8,NULL,'AFIP - Plan de Facilidades Decreto 338/02',NULL,0,0,0,0,0,1,1,'2020-02-06 17:23:07','2023-07-06 00:41:54',NULL),(511,NULL,1,87,NULL,8,NULL,'Acciones en circulación',NULL,0,0,0,0,0,1,1,'2020-02-06 17:23:07','2023-07-06 00:41:54',NULL);
INSERT INTO `cta_cte_tesoreria_cuentas` VALUES (512,NULL,1,88,NULL,8,NULL,'Ajuste del Capital',NULL,0,0,0,0,0,1,1,'2020-02-06 17:23:07','2023-07-06 00:41:54',NULL),(513,NULL,1,89,NULL,8,NULL,'Aportes Irrevocables Futuras Suscripciones',NULL,0,0,0,0,0,1,1,'2020-02-06 17:23:07','2023-07-06 00:41:54',NULL),(514,NULL,1,91,NULL,8,NULL,'Resultado del ejercicio',NULL,0,0,0,0,0,1,1,'2020-02-06 17:23:07','2023-07-06 00:41:54',NULL),(515,NULL,1,92,NULL,8,NULL,'Resultado ejercicios anteriores',NULL,0,0,0,0,0,1,1,'2020-02-06 17:23:07','2023-07-06 00:41:54',NULL),(516,NULL,1,93,NULL,8,NULL,'A.R.E.A.',NULL,0,0,0,0,0,1,1,'2020-02-06 17:23:07','2023-07-06 00:41:54',NULL),(517,NULL,1,96,NULL,7,NULL,'VENTAS',NULL,0,0,0,0,1,1,1,'2020-02-06 17:23:07','2023-07-06 00:41:54',NULL),(518,NULL,1,97,NULL,7,NULL,'Honorarios',NULL,0,0,0,0,1,1,1,'2020-02-06 17:23:07','2023-07-06 00:41:54',NULL),(519,NULL,1,99,NULL,7,NULL,'Descuentos obtenidos',NULL,0,0,0,0,1,1,1,'2020-02-06 17:23:07','2023-07-06 00:41:54',NULL),(520,NULL,1,100,NULL,7,NULL,'Reintegros por exportaciones',NULL,0,0,0,0,1,1,1,'2020-02-06 17:23:07','2023-07-06 00:41:54',NULL),(521,NULL,1,102,NULL,7,NULL,'Intereses Cobrados',NULL,0,0,0,0,1,1,1,'2020-02-06 17:23:07','2023-07-06 00:41:54',NULL),(522,NULL,1,103,NULL,7,NULL,'Diferencias de cambio',NULL,0,0,0,0,1,1,1,'2020-02-06 17:23:07','2023-07-06 00:41:54',NULL),(523,NULL,1,104,NULL,7,NULL,'Descuentos obtenidos',NULL,0,0,0,0,1,1,1,'2020-02-06 17:23:07','2023-07-06 00:41:54',NULL),(524,NULL,1,110,NULL,6,NULL,'Sueldos',NULL,0,0,0,0,0,1,1,'2020-02-06 17:23:07','2023-07-06 00:41:54',NULL),(525,NULL,1,111,NULL,6,NULL,'Contribuciones',NULL,0,0,0,0,0,1,1,'2020-02-06 17:23:07','2023-07-06 00:41:54',NULL),(526,NULL,1,112,NULL,6,NULL,'Sindicato',NULL,0,0,0,0,0,1,1,'2020-02-06 17:23:07','2023-07-06 00:41:54',NULL),(527,NULL,1,114,NULL,8,NULL,'ACA',NULL,0,0,0,0,0,1,1,'2020-02-06 17:23:07','2023-07-06 00:41:54',NULL),(528,NULL,1,115,NULL,6,NULL,'Aereos',NULL,0,0,0,0,0,1,1,'2020-02-06 17:23:07','2023-07-06 00:41:54',NULL),(529,NULL,1,116,NULL,6,NULL,'Alquiler',NULL,0,0,0,0,0,1,1,'2020-02-06 17:23:07','2023-07-06 00:41:54',NULL),(530,NULL,1,117,NULL,8,NULL,'AGUA AYSA',NULL,0,0,0,0,0,1,1,'2020-02-06 17:23:07','2023-07-06 00:41:54',NULL),(531,NULL,1,118,NULL,8,NULL,'TV Cablevision',NULL,0,0,0,0,0,1,1,'2020-02-06 17:23:07','2023-07-06 00:41:54',NULL),(532,NULL,1,119,NULL,1,NULL,'Caja Jubilacion Consejo',NULL,0,0,0,0,0,1,1,'2020-02-06 17:23:07','2023-07-06 00:41:54',NULL),(533,NULL,1,120,NULL,6,NULL,'Celulares',NULL,0,0,0,0,0,1,1,'2020-02-06 17:23:07','2023-07-06 00:41:54',NULL),(534,NULL,1,121,NULL,3,NULL,'Cheques',NULL,0,0,0,0,0,1,1,'2020-02-06 17:23:07','2023-07-06 00:41:54',NULL),(535,NULL,1,123,NULL,8,NULL,'Comida',NULL,0,0,0,0,0,1,1,'2020-02-06 17:23:07','2023-07-06 00:41:54',NULL),(536,NULL,1,126,NULL,6,NULL,'Fletes y acarreos',NULL,0,0,0,0,0,1,1,'2020-02-06 17:23:07','2023-07-06 00:41:54',NULL),(537,NULL,1,127,NULL,8,NULL,'Luz Edesur',NULL,0,0,0,0,0,1,1,'2020-02-06 17:23:07','2023-07-06 00:41:54',NULL),(538,NULL,1,128,NULL,6,NULL,'Movilidad y Viáticos',NULL,0,0,0,0,0,1,1,'2020-02-06 17:23:07','2023-07-06 00:41:54',NULL),(539,NULL,1,129,NULL,8,NULL,'Mantenimiento',NULL,0,0,0,0,0,1,1,'2020-02-06 17:23:07','2023-07-06 00:41:54',NULL),(540,NULL,1,130,NULL,8,NULL,'IVA No Computable',NULL,0,0,0,0,0,1,1,'2020-02-06 17:23:07','2023-07-06 00:41:54',NULL),(541,NULL,1,131,NULL,8,NULL,'Entretenimiento',NULL,0,0,0,0,0,1,1,'2020-02-06 17:23:07','2023-07-06 00:41:54',NULL),(542,NULL,1,132,NULL,6,NULL,'Amortización Bienes de Uso',NULL,0,0,0,0,0,1,1,'2020-02-06 17:23:07','2023-07-06 00:41:54',NULL),(543,NULL,1,135,NULL,6,NULL,'Gastos varios',NULL,0,0,0,0,0,1,1,'2020-02-06 17:23:07','2023-07-06 00:41:54',NULL),(544,NULL,1,136,NULL,6,NULL,'Ajuste por redondeo',NULL,0,0,0,0,0,1,1,'2020-02-06 17:23:07','2023-07-06 00:41:54',NULL),(545,NULL,1,137,NULL,6,NULL,'Deudores Incobrables',NULL,0,0,0,0,0,1,1,'2020-02-06 17:23:07','2023-07-06 00:41:54',NULL);
INSERT INTO `cta_cte_tesoreria_cuentas` VALUES (546,NULL,1,141,NULL,6,NULL,'Intereses Proveedores',NULL,0,0,0,0,0,1,1,'2020-02-06 17:23:07','2023-07-06 00:41:54',NULL),(547,NULL,1,143,NULL,6,NULL,'Diferencias de cambio',NULL,0,0,0,0,0,1,1,'2020-02-06 17:23:07','2023-07-06 00:41:54',NULL),(548,NULL,1,144,NULL,8,NULL,'Diferencia de Cambio Bces. en M.Extranjera',NULL,0,0,0,0,0,1,1,'2020-02-06 17:23:07','2023-07-06 00:41:54',NULL),(549,NULL,1,145,NULL,6,NULL,'Diferencia tipo cambio Vendedor/Comprador',NULL,0,0,0,0,0,1,1,'2020-02-06 17:23:07','2023-07-06 00:41:54',NULL),(550,NULL,1,146,NULL,8,NULL,'Diferencia por conversion en Bce. en Mon. Extranj.',NULL,0,0,0,0,0,1,1,'2020-02-06 17:23:07','2023-07-06 00:41:54',NULL),(551,NULL,1,147,NULL,8,NULL,'Diferencia de cambio CMV',NULL,0,0,0,0,0,1,1,'2020-02-06 17:23:07','2023-07-06 00:41:54',NULL),(552,NULL,1,148,NULL,8,NULL,'Diferencia de cambio PT',NULL,0,0,0,0,0,1,1,'2020-02-06 17:23:07','2023-07-06 00:41:54',NULL),(553,NULL,1,149,NULL,8,NULL,'Resultado por Exposición a la Inflación',NULL,0,0,0,0,0,1,1,'2020-02-06 17:23:07','2023-07-06 00:41:54',NULL),(554,NULL,1,150,NULL,8,NULL,'Diferencia de cambio PE',NULL,0,0,0,0,0,1,1,'2020-02-06 17:23:07','2023-07-06 00:41:54',NULL),(555,NULL,1,151,NULL,8,NULL,'Diferencia de cambio Ds.Vtas.',NULL,0,0,0,0,0,1,1,'2020-02-06 17:23:07','2023-07-06 00:41:54',NULL),(556,NULL,1,152,NULL,6,NULL,'Diferencia de cambio ME',NULL,0,0,0,0,0,1,1,'2020-02-06 17:23:07','2023-07-06 00:41:54',NULL),(557,NULL,1,153,NULL,6,NULL,'Descuentos otorgados',NULL,0,0,0,0,0,1,1,'2020-02-06 17:23:07','2023-07-06 00:41:54',NULL),(558,NULL,1,155,NULL,6,NULL,'Impuesto a las Ganancias',NULL,0,0,0,0,0,1,1,'2020-02-06 17:23:07','2023-07-06 00:41:54',NULL),(559,NULL,1,156,NULL,6,NULL,'Impuesto a los Ingresos Brutos',NULL,0,0,0,0,0,1,1,'2020-02-06 17:23:07','2023-07-06 00:41:54',NULL),(560,NULL,1,157,NULL,6,NULL,'Impuesto al Debito y Credito Bancario',NULL,0,0,0,0,0,1,1,'2020-02-06 17:23:07','2023-07-06 00:41:54',NULL),(561,NULL,1,159,NULL,6,NULL,'Pérdida por venta bienes de uso',NULL,0,0,0,0,0,1,1,'2020-02-06 17:23:07','2023-07-06 00:41:54',NULL),(562,NULL,1,160,NULL,6,NULL,'Inversiones',NULL,0,0,0,0,0,1,1,'2020-02-06 17:23:07','2023-07-06 00:41:54',NULL),(563,NULL,1,161,NULL,6,NULL,'Amortizaciones extraordinarias',NULL,0,0,0,0,0,1,1,'2020-02-06 17:23:07','2023-07-06 00:41:54',NULL),(564,NULL,1,178,NULL,8,NULL,'Google',NULL,0,0,0,0,0,1,1,'2020-02-06 17:23:07','2023-07-06 00:41:54',NULL),(565,NULL,1,188,NULL,6,NULL,'Publicidad',NULL,0,0,0,0,0,1,1,'2020-02-06 17:23:07','2023-07-06 00:41:54',NULL),(566,NULL,1,191,NULL,6,NULL,'Cargas Sociales',NULL,0,0,0,0,0,1,1,'2020-02-06 17:23:07','2023-07-06 00:41:54',NULL),(567,NULL,1,192,NULL,6,NULL,'Honorarios',NULL,0,0,0,0,0,1,1,'2020-02-06 17:23:07','2023-07-06 00:41:54',NULL),(568,NULL,1,193,NULL,6,NULL,'Telefono Fijo',NULL,0,0,0,0,0,1,1,'2020-02-06 17:23:07','2023-07-06 00:41:54',NULL),(569,NULL,1,198,NULL,6,NULL,'Seguros',NULL,0,0,0,0,0,1,1,'2020-02-06 17:23:07','2023-07-06 00:41:54',NULL),(570,NULL,1,199,NULL,6,NULL,'Internet',NULL,0,0,0,0,0,1,1,'2020-02-06 17:23:07','2023-07-06 00:41:54',NULL),(571,NULL,1,204,NULL,6,NULL,'Multas Impositivas',NULL,0,0,0,0,0,1,1,'2020-02-06 17:23:07','2023-07-06 00:41:54',NULL),(572,NULL,1,208,NULL,6,NULL,'Impuesto a los Ingresos Brutos - BS AS',NULL,0,0,0,0,0,1,1,'2020-02-06 17:23:07','2023-07-06 00:41:54',NULL),(573,NULL,1,209,NULL,6,NULL,'SIRCREB',NULL,0,0,0,0,0,1,1,'2020-02-06 17:23:07','2023-07-06 00:41:54',NULL),(574,NULL,1,212,NULL,6,NULL,'Tarjeta Visa',NULL,0,0,0,0,0,1,1,'2020-02-06 17:23:07','2023-07-06 00:41:54',NULL),(575,NULL,1,213,NULL,6,NULL,'Tarjeta American Express',NULL,0,0,0,0,0,1,1,'2020-02-06 17:23:07','2023-07-06 00:41:54',NULL),(576,NULL,1,214,NULL,6,NULL,'Tarjeta Mastercard',NULL,0,0,0,0,0,1,1,'2020-02-06 17:23:07','2023-07-06 00:41:54',NULL),(577,NULL,1,215,NULL,8,NULL,'Tarjeta Shopping',NULL,0,0,0,0,0,1,1,'2020-02-06 17:23:07','2023-07-06 00:41:54',NULL);
INSERT INTO `cta_cte_tesoreria_cuentas` VALUES (578,NULL,1,216,NULL,6,NULL,'Tarjeta Cencosud',NULL,0,0,0,0,0,1,1,'2020-02-06 17:23:07','2023-07-06 00:41:54',NULL),(579,NULL,1,217,NULL,6,NULL,'Compras',NULL,0,0,0,0,0,1,1,'2020-02-06 17:23:07','2023-07-06 00:41:54',NULL),(580,NULL,1,218,NULL,7,NULL,'Ventas No Gravadas',NULL,0,0,0,0,1,1,1,'2020-02-06 17:23:07','2023-07-06 00:41:54',NULL),(581,NULL,1,220,NULL,5,NULL,'Perc IVA -RG3337',NULL,0,0,0,0,0,1,0,'2020-02-06 17:23:07','2023-07-06 00:41:58',NULL),(582,NULL,1,221,NULL,6,NULL,'Imps. Internos',NULL,0,0,0,0,0,1,1,'2020-02-06 17:23:07','2023-07-06 00:41:54',NULL),(583,NULL,1,222,NULL,6,NULL,'Imp. Gasoil',NULL,0,0,0,0,0,1,1,'2020-02-06 17:23:07','2023-07-06 00:41:54',NULL),(584,NULL,1,223,NULL,6,NULL,'Imp. Hídricos',NULL,0,0,0,0,0,1,1,'2020-02-06 17:23:07','2023-07-06 00:41:54',NULL),(585,NULL,1,224,NULL,6,NULL,'ITC',NULL,0,0,0,0,0,1,1,'2020-02-06 17:23:07','2023-07-06 00:41:54',NULL),(586,NULL,1,225,NULL,5,NULL,'Perc IIBB  Buenos Aires',NULL,0,0,0,0,0,1,1,'2020-02-06 17:23:07','2023-07-06 00:41:54',NULL),(587,NULL,1,226,NULL,5,NULL,'Perc IIBB  Capital Federal',NULL,0,0,0,0,0,1,1,'2020-02-06 17:23:07','2023-07-06 00:41:54',NULL),(588,NULL,1,227,NULL,5,NULL,'Perc IIBB  Catamarca',NULL,0,0,0,0,0,1,1,'2020-02-06 17:23:07','2023-07-06 00:41:54',NULL),(589,NULL,1,228,NULL,5,NULL,'Perc IIBB  Chaco',NULL,0,0,0,0,0,1,1,'2020-02-06 17:23:07','2023-07-06 00:41:54',NULL),(590,NULL,1,229,NULL,5,NULL,'Perc IIBB  Chubut',NULL,0,0,0,0,0,1,1,'2020-02-06 17:23:07','2023-07-06 00:41:54',NULL),(591,NULL,1,230,NULL,5,NULL,'Perc IIBB  Córdoba',NULL,0,0,0,0,0,1,1,'2020-02-06 17:23:07','2023-07-06 00:41:54',NULL),(592,NULL,1,231,NULL,5,NULL,'Perc IIBB  Corrientes',NULL,0,0,0,0,0,1,1,'2020-02-06 17:23:07','2023-07-06 00:41:54',NULL),(593,NULL,1,232,NULL,5,NULL,'Perc IIBB  Entre Ríos',NULL,0,0,0,0,0,1,1,'2020-02-06 17:23:07','2023-07-06 00:41:54',NULL),(594,NULL,1,233,NULL,5,NULL,'Perc IIBB  Formosa',NULL,0,0,0,0,0,1,1,'2020-02-06 17:23:07','2023-07-06 00:41:54',NULL),(595,NULL,1,234,NULL,5,NULL,'Perc IIBB  Jujuy',NULL,0,0,0,0,0,1,1,'2020-02-06 17:23:07','2023-07-06 00:41:54',NULL),(596,NULL,1,235,NULL,5,NULL,'Perc IIBB  La Pampa',NULL,0,0,0,0,0,1,1,'2020-02-06 17:23:07','2023-07-06 00:41:54',NULL),(597,NULL,1,236,NULL,5,NULL,'Perc IIBB  La Rioja',NULL,0,0,0,0,0,1,1,'2020-02-06 17:23:07','2023-07-06 00:41:54',NULL),(598,NULL,1,237,NULL,5,NULL,'Perc IIBB  Mendoza',NULL,0,0,0,0,0,1,1,'2020-02-06 17:23:07','2023-07-06 00:41:54',NULL),(599,NULL,1,238,NULL,5,NULL,'Perc IIBB  Misiones',NULL,0,0,0,0,0,1,1,'2020-02-06 17:23:07','2023-07-06 00:41:54',NULL),(600,NULL,1,239,NULL,5,NULL,'Perc IIBB  Neuquén',NULL,0,0,0,0,0,1,1,'2020-02-06 17:23:07','2023-07-06 00:41:54',NULL),(601,NULL,1,240,NULL,5,NULL,'Perc IIBB  Pascua Lama',NULL,0,0,0,0,0,1,1,'2020-02-06 17:23:07','2023-07-06 00:41:54',NULL),(602,NULL,1,241,NULL,5,NULL,'Perc IIBB  Río Negro',NULL,0,0,0,0,0,1,1,'2020-02-06 17:23:07','2023-07-06 00:41:54',NULL),(603,NULL,1,242,NULL,5,NULL,'Perc IIBB  Salta',NULL,0,0,0,0,0,1,1,'2020-02-06 17:23:07','2023-07-06 00:41:54',NULL),(604,NULL,1,243,NULL,5,NULL,'Perc IIBB  San Juan',NULL,0,0,0,0,0,1,1,'2020-02-06 17:23:07','2023-07-06 00:41:54',NULL),(605,NULL,1,244,NULL,5,NULL,'Perc IIBB  San Luis',NULL,0,0,0,0,0,1,1,'2020-02-06 17:23:07','2023-07-06 00:41:54',NULL),(606,NULL,1,245,NULL,5,NULL,'Perc IIBB  Santa Cruz',NULL,0,0,0,0,0,1,1,'2020-02-06 17:23:07','2023-07-06 00:41:54',NULL),(607,NULL,1,246,NULL,5,NULL,'Perc IIBB  Santa Fe',NULL,0,0,0,0,0,1,1,'2020-02-06 17:23:07','2023-07-06 00:41:54',NULL),(608,NULL,1,247,NULL,5,NULL,'Perc IIBB  Santiago del Estero',NULL,0,0,0,0,0,1,1,'2020-02-06 17:23:07','2023-07-06 00:41:54',NULL),(609,NULL,1,248,NULL,5,NULL,'Perc IIBB  Tierra del Fuego',NULL,0,0,0,0,0,1,1,'2020-02-06 17:23:07','2023-07-06 00:41:54',NULL),(610,NULL,1,249,NULL,5,NULL,'Perc IIBB  Tucuman',NULL,0,0,0,0,0,1,1,'2020-02-06 17:23:07','2023-07-06 00:41:54',NULL);
INSERT INTO `cta_cte_tesoreria_cuentas` VALUES (611,NULL,1,250,NULL,6,NULL,'Compras No Gravadas',NULL,0,0,0,0,0,1,1,'2020-02-06 17:23:07','2023-07-06 00:41:54',NULL),(612,NULL,1,276,NULL,6,NULL,'SIRCREB Buenos Aires',NULL,0,0,0,0,0,1,1,'2020-02-06 17:23:07','2023-07-06 00:41:54',NULL),(613,NULL,1,277,NULL,6,NULL,'SIRCREB Capital Federal',NULL,0,0,0,0,0,1,1,'2020-02-06 17:23:07','2023-07-06 00:41:54',NULL),(614,NULL,1,278,NULL,6,NULL,'SIRCREB Catamarca',NULL,0,0,0,0,0,1,1,'2020-02-06 17:23:07','2023-07-06 00:41:54',NULL),(615,NULL,1,279,NULL,6,NULL,'SIRCREB Chaco',NULL,0,0,0,0,0,1,1,'2020-02-06 17:23:07','2023-07-06 00:41:54',NULL),(616,NULL,1,280,NULL,6,NULL,'SIRCREB Chubut',NULL,0,0,0,0,0,1,1,'2020-02-06 17:23:07','2023-07-06 00:41:54',NULL),(617,NULL,1,281,NULL,6,NULL,'SIRCREB Córdoba',NULL,0,0,0,0,0,1,1,'2020-02-06 17:23:07','2023-07-06 00:41:54',NULL),(618,NULL,1,282,NULL,6,NULL,'SIRCREB Corrientes',NULL,0,0,0,0,0,1,1,'2020-02-06 17:23:07','2023-07-06 00:41:54',NULL),(619,NULL,1,283,NULL,6,NULL,'SIRCREB Entre Ríos',NULL,0,0,0,0,0,1,1,'2020-02-06 17:23:07','2023-07-06 00:41:54',NULL),(620,NULL,1,284,NULL,6,NULL,'SIRCREB Formosa',NULL,0,0,0,0,0,1,1,'2020-02-06 17:23:07','2023-07-06 00:41:54',NULL),(621,NULL,1,285,NULL,6,NULL,'SIRCREB Jujuy',NULL,0,0,0,0,0,1,1,'2020-02-06 17:23:07','2023-07-06 00:41:54',NULL),(622,NULL,1,286,NULL,6,NULL,'SIRCREB La Pampa',NULL,0,0,0,0,0,1,1,'2020-02-06 17:23:07','2023-07-06 00:41:54',NULL),(623,NULL,1,287,NULL,6,NULL,'SIRCREB La Rioja',NULL,0,0,0,0,0,1,1,'2020-02-06 17:23:07','2023-07-06 00:41:54',NULL),(624,NULL,1,288,NULL,6,NULL,'SIRCREB Mendoza',NULL,0,0,0,0,0,1,1,'2020-02-06 17:23:07','2023-07-06 00:41:54',NULL),(625,NULL,1,289,NULL,6,NULL,'SIRCREB Misiones',NULL,0,0,0,0,0,1,1,'2020-02-06 17:23:07','2023-07-06 00:41:54',NULL),(626,NULL,1,290,NULL,6,NULL,'SIRCREB Neuquén',NULL,0,0,0,0,0,1,1,'2020-02-06 17:23:07','2023-07-06 00:41:54',NULL),(627,NULL,1,291,NULL,6,NULL,'SIRCREB Pascua Lama',NULL,0,0,0,0,0,1,1,'2020-02-06 17:23:07','2023-07-06 00:41:54',NULL),(628,NULL,1,292,NULL,6,NULL,'SIRCREB Río Negro',NULL,0,0,0,0,0,1,1,'2020-02-06 17:23:07','2023-07-06 00:41:54',NULL),(629,NULL,1,293,NULL,6,NULL,'SIRCREB Salta',NULL,0,0,0,0,0,1,1,'2020-02-06 17:23:07','2023-07-06 00:41:54',NULL),(630,NULL,1,294,NULL,6,NULL,'SIRCREB San Juan',NULL,0,0,0,0,0,1,1,'2020-02-06 17:23:07','2023-07-06 00:41:54',NULL),(631,NULL,1,295,NULL,6,NULL,'SIRCREB San Luis',NULL,0,0,0,0,0,1,1,'2020-02-06 17:23:07','2023-07-06 00:41:54',NULL),(632,NULL,1,296,NULL,6,NULL,'SIRCREB Santa Cruz',NULL,0,0,0,0,0,1,1,'2020-02-06 17:23:07','2023-07-06 00:41:54',NULL),(633,NULL,1,297,NULL,6,NULL,'SIRCREB Santa Fe',NULL,0,0,0,0,0,1,1,'2020-02-06 17:23:07','2023-07-06 00:41:54',NULL),(634,NULL,1,298,NULL,6,NULL,'SIRCREB Santiago del Estero',NULL,0,0,0,0,0,1,1,'2020-02-06 17:23:07','2023-07-06 00:41:54',NULL),(635,NULL,1,299,NULL,6,NULL,'SIRCREB Tierra del Fuego',NULL,0,0,0,0,0,1,1,'2020-02-06 17:23:07','2023-07-06 00:41:54',NULL),(636,NULL,1,300,NULL,6,NULL,'SIRCREB Tucuman',NULL,0,0,0,0,0,1,1,'2020-02-06 17:23:07','2023-07-06 00:41:54',NULL),(637,NULL,1,301,NULL,8,NULL,'IIBB a Favor Buenos Aires',NULL,0,0,0,0,0,1,1,'2020-02-06 17:23:07','2023-07-06 00:41:54',NULL),(638,NULL,1,302,NULL,8,NULL,'IIBB a Favor Capital Federal',NULL,0,0,0,0,0,1,1,'2020-02-06 17:23:07','2023-07-06 00:41:54',NULL),(639,NULL,1,303,NULL,8,NULL,'IIBB a Favor Catamarca',NULL,0,0,0,0,0,1,1,'2020-02-06 17:23:07','2023-07-06 00:41:54',NULL),(640,NULL,1,304,NULL,8,NULL,'IIBB a Favor Chaco',NULL,0,0,0,0,0,1,1,'2020-02-06 17:23:07','2023-07-06 00:41:54',NULL),(641,NULL,1,305,NULL,8,NULL,'IIBB a Favor Chubut',NULL,0,0,0,0,0,1,1,'2020-02-06 17:23:07','2023-07-06 00:41:54',NULL),(642,NULL,1,306,NULL,8,NULL,'IIBB a Favor Córdoba',NULL,0,0,0,0,0,1,1,'2020-02-06 17:23:07','2023-07-06 00:41:54',NULL),(643,NULL,1,307,NULL,8,NULL,'IIBB a Favor Corrientes',NULL,0,0,0,0,0,1,1,'2020-02-06 17:23:07','2023-07-06 00:41:54',NULL);
INSERT INTO `cta_cte_tesoreria_cuentas` VALUES (644,NULL,1,308,NULL,8,NULL,'IIBB a Favor Entre Ríos',NULL,0,0,0,0,0,1,1,'2020-02-06 17:23:07','2023-07-06 00:41:54',NULL),(645,NULL,1,309,NULL,8,NULL,'IIBB a Favor Formosa',NULL,0,0,0,0,0,1,1,'2020-02-06 17:23:07','2023-07-06 00:41:54',NULL),(646,NULL,1,310,NULL,8,NULL,'IIBB a Favor Jujuy',NULL,0,0,0,0,0,1,1,'2020-02-06 17:23:07','2023-07-06 00:41:54',NULL),(647,NULL,1,311,NULL,8,NULL,'IIBB a Favor La Pampa',NULL,0,0,0,0,0,1,1,'2020-02-06 17:23:07','2023-07-06 00:41:54',NULL),(648,NULL,1,312,NULL,8,NULL,'IIBB a Favor La Rioja',NULL,0,0,0,0,0,1,1,'2020-02-06 17:23:07','2023-07-06 00:41:54',NULL),(649,NULL,1,313,NULL,8,NULL,'IIBB a Favor Mendoza',NULL,0,0,0,0,0,1,1,'2020-02-06 17:23:07','2023-07-06 00:41:54',NULL),(650,NULL,1,314,NULL,8,NULL,'IIBB a Favor Misiones',NULL,0,0,0,0,0,1,1,'2020-02-06 17:23:08','2023-07-06 00:41:54',NULL),(651,NULL,1,315,NULL,8,NULL,'IIBB a Favor Neuquén',NULL,0,0,0,0,0,1,1,'2020-02-06 17:23:08','2023-07-06 00:41:54',NULL),(652,NULL,1,316,NULL,8,NULL,'IIBB a Favor Pascua Lama',NULL,0,0,0,0,0,1,1,'2020-02-06 17:23:08','2023-07-06 00:41:54',NULL),(653,NULL,1,317,NULL,8,NULL,'IIBB a Favor Río Negro',NULL,0,0,0,0,0,1,1,'2020-02-06 17:23:08','2023-07-06 00:41:54',NULL),(654,NULL,1,318,NULL,8,NULL,'IIBB a Favor Salta',NULL,0,0,0,0,0,1,1,'2020-02-06 17:23:08','2023-07-06 00:41:54',NULL),(655,NULL,1,319,NULL,8,NULL,'IIBB a Favor San Juan',NULL,0,0,0,0,0,1,1,'2020-02-06 17:23:08','2023-07-06 00:41:55',NULL),(656,NULL,1,320,NULL,8,NULL,'IIBB a Favor San Luis',NULL,0,0,0,0,0,1,1,'2020-02-06 17:23:08','2023-07-06 00:41:55',NULL),(657,NULL,1,321,NULL,8,NULL,'IIBB a Favor Santa Cruz',NULL,0,0,0,0,0,1,1,'2020-02-06 17:23:08','2023-07-06 00:41:55',NULL),(658,NULL,1,322,NULL,8,NULL,'IIBB a Favor Santa Fe',NULL,0,0,0,0,0,1,1,'2020-02-06 17:23:08','2023-07-06 00:41:55',NULL),(659,NULL,1,323,NULL,8,NULL,'IIBB a Favor Santiago del Estero',NULL,0,0,0,0,0,1,1,'2020-02-06 17:23:08','2023-07-06 00:41:55',NULL),(660,NULL,1,324,NULL,8,NULL,'IIBB a Favor Tierra del Fuego',NULL,0,0,0,0,0,1,1,'2020-02-06 17:23:08','2023-07-06 00:41:55',NULL),(661,NULL,1,325,NULL,8,NULL,'IIBB a Favor Tucuman',NULL,0,0,0,0,0,1,1,'2020-02-06 17:23:08','2023-07-06 00:41:55',NULL),(662,NULL,1,326,NULL,8,NULL,'IIBB a Pagar Buenos Aires',NULL,0,0,0,0,0,1,1,'2020-02-06 17:23:08','2023-07-06 00:41:55',NULL),(663,NULL,1,327,NULL,8,NULL,'IIBB a Pagar Capital Federal',NULL,0,0,0,0,0,1,1,'2020-02-06 17:23:08','2023-07-06 00:41:55',NULL),(664,NULL,1,328,NULL,8,NULL,'IIBB a Pagar Catamarca',NULL,0,0,0,0,0,1,1,'2020-02-06 17:23:08','2023-07-06 00:41:55',NULL),(665,NULL,1,329,NULL,8,NULL,'IIBB a Pagar Chaco',NULL,0,0,0,0,0,1,1,'2020-02-06 17:23:08','2023-07-06 00:41:55',NULL),(666,NULL,1,330,NULL,8,NULL,'IIBB a Pagar Chubut',NULL,0,0,0,0,0,1,1,'2020-02-06 17:23:08','2023-07-06 00:41:55',NULL),(667,NULL,1,331,NULL,8,NULL,'IIBB a Pagar Córdoba',NULL,0,0,0,0,0,1,1,'2020-02-06 17:23:08','2023-07-06 00:41:55',NULL),(668,NULL,1,332,NULL,8,NULL,'IIBB a Pagar Corrientes',NULL,0,0,0,0,0,1,1,'2020-02-06 17:23:08','2023-07-06 00:41:55',NULL),(669,NULL,1,333,NULL,8,NULL,'IIBB a Pagar Entre Ríos',NULL,0,0,0,0,0,1,1,'2020-02-06 17:23:08','2023-07-06 00:41:55',NULL),(670,NULL,1,334,NULL,8,NULL,'IIBB a Pagar Formosa',NULL,0,0,0,0,0,1,1,'2020-02-06 17:23:08','2023-07-06 00:41:55',NULL),(671,NULL,1,335,NULL,8,NULL,'IIBB a Pagar Jujuy',NULL,0,0,0,0,0,1,1,'2020-02-06 17:23:08','2023-07-06 00:41:55',NULL),(672,NULL,1,336,NULL,8,NULL,'IIBB a Pagar La Pampa',NULL,0,0,0,0,0,1,1,'2020-02-06 17:23:08','2023-07-06 00:41:55',NULL),(673,NULL,1,337,NULL,8,NULL,'IIBB a Pagar La Rioja',NULL,0,0,0,0,0,1,1,'2020-02-06 17:23:08','2023-07-06 00:41:55',NULL),(674,NULL,1,338,NULL,8,NULL,'IIBB a Pagar Mendoza',NULL,0,0,0,0,0,1,1,'2020-02-06 17:23:08','2023-07-06 00:41:55',NULL),(675,NULL,1,339,NULL,8,NULL,'IIBB a Pagar Misiones',NULL,0,0,0,0,0,1,1,'2020-02-06 17:23:08','2023-07-06 00:41:55',NULL);
INSERT INTO `cta_cte_tesoreria_cuentas` VALUES (676,NULL,1,340,NULL,8,NULL,'IIBB a Pagar Neuquén',NULL,0,0,0,0,0,1,1,'2020-02-06 17:23:08','2023-07-06 00:41:55',NULL),(677,NULL,1,341,NULL,8,NULL,'IIBB a Pagar Pascua Lama',NULL,0,0,0,0,0,1,1,'2020-02-06 17:23:08','2023-07-06 00:41:55',NULL),(678,NULL,1,342,NULL,8,NULL,'IIBB a Pagar Río Negro',NULL,0,0,0,0,0,1,1,'2020-02-06 17:23:08','2023-07-06 00:41:55',NULL),(679,NULL,1,343,NULL,8,NULL,'IIBB a Pagar Salta',NULL,0,0,0,0,0,1,1,'2020-02-06 17:23:08','2023-07-06 00:41:55',NULL),(680,NULL,1,344,NULL,8,NULL,'IIBB a Pagar San Juan',NULL,0,0,0,0,0,1,1,'2020-02-06 17:23:08','2023-07-06 00:41:55',NULL),(681,NULL,1,345,NULL,8,NULL,'IIBB a Pagar San Luis',NULL,0,0,0,0,0,1,1,'2020-02-06 17:23:08','2023-07-06 00:41:55',NULL),(682,NULL,1,346,NULL,8,NULL,'IIBB a Pagar Santa Cruz',NULL,0,0,0,0,0,1,1,'2020-02-06 17:23:08','2023-07-06 00:41:55',NULL),(683,NULL,1,347,NULL,8,NULL,'IIBB a Pagar Santa Fe',NULL,0,0,0,0,0,1,1,'2020-02-06 17:23:08','2023-07-06 00:41:55',NULL),(684,NULL,1,348,NULL,8,NULL,'IIBB a Pagar Santiago del Estero',NULL,0,0,0,0,0,1,1,'2020-02-06 17:23:08','2023-07-06 00:41:55',NULL),(685,NULL,1,349,NULL,8,NULL,'IIBB a Pagar Tierra del Fuego',NULL,0,0,0,0,0,1,1,'2020-02-06 17:23:08','2023-07-06 00:41:55',NULL),(686,NULL,1,350,NULL,8,NULL,'IIBB a Pagar Tucuman',NULL,0,0,0,0,0,1,1,'2020-02-06 17:23:08','2023-07-06 00:41:55',NULL),(687,NULL,1,352,NULL,8,NULL,'Compensacion',NULL,0,0,0,0,0,1,1,'2020-02-06 17:23:08','2023-07-06 00:41:55',NULL),(688,NULL,1,353,NULL,8,NULL,'IVA Saldo Tecnico',NULL,0,0,0,0,0,1,1,'2020-02-06 17:23:08','2023-07-06 00:41:55',NULL),(689,NULL,1,354,NULL,8,NULL,'IVA Saldo Libre Disponibilidad',NULL,0,0,0,0,0,1,1,'2020-02-06 17:23:08','2023-07-06 00:41:55',NULL),(690,NULL,1,361,NULL,8,NULL,'Equipos de Computación',NULL,0,0,0,0,0,1,1,'2020-02-06 17:23:08','2023-07-06 00:41:55',NULL),(691,NULL,1,362,NULL,8,NULL,'Computadoras',NULL,0,0,0,0,0,1,1,'2020-02-06 17:23:08','2023-07-06 00:41:55',NULL),(692,NULL,1,363,NULL,8,NULL,'Muebles y Utiles',NULL,0,0,0,0,0,1,1,'2020-02-06 17:23:08','2023-07-06 00:41:55',NULL),(693,NULL,1,365,NULL,8,NULL,'Provision Honorarios',NULL,0,0,0,0,0,1,1,'2020-02-06 17:23:08','2023-07-06 00:41:55',NULL),(694,NULL,1,366,NULL,8,NULL,'Cta. Cte Directores',NULL,0,0,0,0,0,1,1,'2020-02-06 17:23:08','2023-07-06 00:41:55',NULL),(695,NULL,1,367,NULL,8,NULL,'Provisión Honorarios Directores',NULL,0,0,0,0,0,1,1,'2020-02-06 17:23:08','2023-07-06 00:41:55',NULL),(696,NULL,1,368,NULL,8,NULL,'Cuenta Particular Socio 1',NULL,0,0,0,0,0,1,1,'2020-02-06 17:23:08','2023-07-06 00:41:55',NULL),(697,NULL,1,369,NULL,8,NULL,'Capital',NULL,0,0,0,0,0,1,1,'2020-02-06 17:23:08','2023-07-06 00:41:55',NULL),(698,NULL,1,380,NULL,8,NULL,'Instalaciones',NULL,0,0,0,0,0,1,1,'2020-02-06 17:23:08','2023-07-06 00:41:55',NULL),(699,NULL,1,381,NULL,8,NULL,'Reserva Legal',NULL,0,0,0,0,0,1,1,'2020-02-06 17:23:08','2023-07-06 00:41:55',NULL),(700,NULL,1,382,NULL,8,NULL,'Reserva Legal',NULL,0,0,0,0,0,1,1,'2020-02-06 17:23:08','2023-07-06 00:41:55',NULL),(701,NULL,1,383,NULL,8,NULL,'Resultado no asignado',NULL,0,0,0,0,0,1,1,'2020-02-06 17:23:08','2023-07-06 00:41:55',NULL),(702,NULL,1,386,NULL,8,NULL,'PLAZO FIJO',NULL,0,0,0,0,0,1,1,'2020-02-06 17:23:08','2023-07-06 00:41:55',NULL),(703,NULL,1,388,NULL,8,NULL,'ACCIONES',NULL,0,0,0,0,0,1,1,'2020-02-06 17:23:08','2023-07-06 00:41:55',NULL),(704,NULL,1,389,NULL,8,NULL,'Inmuebles',NULL,0,0,0,0,0,1,1,'2020-02-06 17:23:08','2023-07-06 00:41:55',NULL),(705,NULL,1,390,NULL,8,NULL,'Vehiculos',NULL,0,0,0,0,0,1,1,'2020-02-06 17:23:08','2023-07-06 00:41:55',NULL),(706,NULL,1,391,NULL,8,NULL,'Maquinarias',NULL,0,0,0,0,0,1,1,'2020-02-06 17:23:08','2023-07-06 00:41:55',NULL),(707,NULL,1,392,NULL,8,NULL,'MERCADERIAS',NULL,0,0,0,0,0,1,1,'2020-02-06 17:23:08','2023-07-06 00:41:55',NULL),(708,NULL,1,393,NULL,8,NULL,'OTROS',NULL,0,0,0,0,0,1,1,'2020-02-06 17:23:08','2023-07-06 00:41:55',NULL);
INSERT INTO `cta_cte_tesoreria_cuentas` VALUES (709,NULL,1,395,NULL,8,NULL,'Cuenta Particular Socio 2',NULL,0,0,0,0,0,1,1,'2020-02-06 17:23:08','2023-07-06 00:41:55',NULL),(710,NULL,1,396,NULL,6,NULL,'Comisiones Y gastos Bancarios',NULL,0,0,0,0,0,1,1,'2020-02-06 17:23:08','2023-07-06 00:41:55',NULL),(711,NULL,1,411,NULL,8,NULL,'Provisión Impuesto a las Ganancias',NULL,0,0,0,0,0,1,1,'2020-02-06 17:23:08','2023-07-06 00:41:55',NULL),(712,NULL,1,412,NULL,6,NULL,'Amortización Muebles y Útiles',NULL,0,0,0,0,0,1,1,'2020-02-06 17:23:08','2023-07-06 00:41:55',NULL),(713,NULL,1,413,NULL,6,NULL,'Amortización Equipos',NULL,0,0,0,0,0,1,1,'2020-02-06 17:23:08','2023-07-06 00:41:55',NULL),(714,NULL,1,414,NULL,8,NULL,'Amortizacion Acumulada Equipos',NULL,0,0,0,0,0,1,1,'2020-02-06 17:23:08','2023-07-06 00:41:55',NULL),(715,NULL,1,415,NULL,8,NULL,'Amortización Acumulada Maquinarias',NULL,0,0,0,0,0,1,1,'2020-02-06 17:23:08','2023-07-06 00:41:55',NULL),(716,NULL,1,416,NULL,8,NULL,'Materias Primas',NULL,0,0,0,0,0,1,1,'2020-02-06 17:23:08','2023-07-06 00:41:55',NULL),(717,NULL,1,419,NULL,8,NULL,'Rodados',NULL,0,0,0,0,0,1,1,'2020-02-06 17:23:08','2023-07-06 00:41:55',NULL),(718,NULL,1,420,NULL,8,NULL,'Amortización Acumulada Rodados',NULL,0,0,0,0,0,1,1,'2020-02-06 17:23:08','2023-07-06 00:41:55',NULL),(719,NULL,1,421,NULL,8,NULL,'Amortización Rodados',NULL,0,0,0,0,0,1,1,'2020-02-06 17:23:08','2023-07-06 00:41:55',NULL),(720,NULL,1,422,NULL,8,NULL,'Amortización Maquinarias',NULL,0,0,0,0,0,1,1,'2020-02-06 17:23:08','2023-07-06 00:41:55',NULL),(721,NULL,1,423,NULL,8,NULL,'Accesorios',NULL,0,0,0,0,0,1,1,'2020-02-06 17:23:08','2023-07-06 00:41:55',NULL),(722,NULL,1,424,NULL,8,NULL,'Amortización Acumulada Accesorios',NULL,0,0,0,0,0,1,1,'2020-02-06 17:23:08','2023-07-06 00:41:55',NULL),(723,NULL,1,426,NULL,8,NULL,'Reserva Facultativa',NULL,0,0,0,0,0,1,1,'2020-02-06 17:23:08','2023-07-06 00:41:55',NULL),(724,NULL,1,427,NULL,8,NULL,'Créditos por Impuestos Diferidos',NULL,0,0,0,0,0,1,1,'2020-02-06 17:23:08','2023-07-06 00:41:55',NULL),(725,NULL,1,428,NULL,8,NULL,'Fondo de Comercio',NULL,0,0,0,0,0,1,1,'2020-02-06 17:23:08','2023-07-06 00:41:55',NULL),(726,NULL,1,429,NULL,8,NULL,'Amortizacion Acumulada Fondo de Comercio',NULL,0,0,0,0,0,1,1,'2020-02-06 17:23:08','2023-07-06 00:41:55',NULL),(727,NULL,1,430,NULL,8,NULL,'Intereses a devengar AGIP',NULL,0,0,0,0,0,1,1,'2020-02-06 17:23:08','2023-07-06 00:41:55',NULL),(728,NULL,1,431,NULL,8,NULL,'PFP IIBB',NULL,0,0,0,0,0,1,1,'2020-02-06 17:23:08','2023-07-06 00:41:55',NULL),(729,NULL,1,434,NULL,8,NULL,'Productos',NULL,0,0,0,0,0,1,1,'2020-02-06 17:23:08','2023-07-06 00:41:55',NULL),(730,NULL,1,435,NULL,8,NULL,'Intereses a devengar PFP',NULL,0,0,0,0,0,1,1,'2020-02-06 17:23:08','2023-07-06 00:41:55',NULL),(731,NULL,1,437,NULL,8,NULL,'Imp. Ley 25413 Cred 0.6%',NULL,0,0,0,0,0,1,1,'2020-02-06 17:23:08','2023-07-06 00:41:55',NULL),(732,NULL,1,438,NULL,8,NULL,'Honorarios Directorio a Pagar',NULL,0,0,0,0,0,1,1,'2020-02-06 17:23:08','2023-07-06 00:41:55',NULL),(733,NULL,1,439,NULL,8,NULL,'Reserva para Futuras Inversiones',NULL,0,0,0,0,0,1,1,'2020-02-06 17:23:08','2023-07-06 00:41:55',NULL),(734,NULL,1,440,NULL,8,NULL,'TEAC - Trabajos Ejecutados a Certificar',NULL,0,0,0,0,0,1,1,'2020-02-06 17:23:08','2023-07-06 00:41:55',NULL),(735,NULL,1,444,NULL,8,NULL,'Banco Santander Rio Cta Cte',NULL,0,0,0,0,0,1,1,'2020-02-06 17:23:08','2023-07-06 00:41:55',NULL),(736,NULL,1,449,NULL,8,NULL,'Leasing',NULL,0,0,0,0,0,1,1,'2020-02-06 17:23:08','2023-07-06 00:41:55',NULL),(737,NULL,1,453,NULL,8,NULL,'Inversión Central Caribe',NULL,0,0,0,0,0,1,1,'2020-02-06 17:23:08','2023-07-06 00:41:55',NULL),(738,NULL,1,454,NULL,8,NULL,'Otras Inversiones',NULL,0,0,0,0,0,1,1,'2020-02-06 17:23:08','2023-07-06 00:41:55',NULL),(739,NULL,1,455,NULL,8,NULL,'Otros Créditos',NULL,0,0,0,0,0,1,1,'2020-02-06 17:23:08','2023-07-06 00:41:55',NULL),(740,NULL,1,456,NULL,8,NULL,'Provisión Honorarios Socio Gerente',NULL,0,0,0,0,0,1,1,'2020-02-06 17:23:08','2023-07-06 00:41:55',NULL);
INSERT INTO `cta_cte_tesoreria_cuentas` VALUES (741,NULL,1,459,NULL,8,NULL,'Moratoria SUSS a pagar',NULL,0,0,0,0,0,1,1,'2020-02-06 17:23:08','2023-07-06 00:41:55',NULL),(742,NULL,1,460,NULL,8,NULL,'Impuestos Municipales a Pagar',NULL,0,0,0,0,0,1,1,'2020-02-06 17:23:08','2023-07-06 00:41:55',NULL),(743,NULL,1,461,NULL,6,NULL,'Amortización Instalaciones',NULL,0,0,0,0,0,1,1,'2020-02-06 17:23:08','2023-07-06 00:41:55',NULL),(744,NULL,1,462,NULL,8,NULL,'Amortización Equipos de comput.',NULL,0,0,0,0,0,1,1,'2020-02-06 17:23:08','2023-07-06 00:41:55',NULL),(745,NULL,1,463,NULL,8,NULL,'Cuenta Particular Socio 3',NULL,0,0,0,0,0,1,1,'2020-02-06 17:23:08','2023-07-06 00:41:55',NULL),(746,NULL,1,464,NULL,8,NULL,'Cuenta Particular Socio 4',NULL,0,0,0,0,0,1,1,'2020-02-06 17:23:08','2023-07-06 00:41:55',NULL),(747,NULL,1,465,NULL,8,NULL,'Otras Reservas',NULL,0,0,0,0,0,1,1,'2020-02-06 17:23:08','2023-07-06 00:41:55',NULL),(748,NULL,1,466,NULL,8,NULL,'IGMP (Saldo a Favor)',NULL,0,0,0,0,0,1,1,'2020-02-06 17:23:08','2023-07-06 00:41:55',NULL),(749,NULL,1,468,NULL,8,NULL,'Productos en Proceso',NULL,0,0,0,0,0,1,1,'2020-02-06 17:23:08','2023-07-06 00:41:55',NULL),(750,NULL,1,469,NULL,8,NULL,'Depósitos en Garantía Socio Gerente',NULL,0,0,0,0,0,1,1,'2020-02-06 17:23:08','2023-07-06 00:41:55',NULL),(751,NULL,1,470,NULL,8,NULL,'Fondos Embargados',NULL,0,0,0,0,0,1,1,'2020-02-06 17:23:08','2023-07-06 00:41:55',NULL),(752,NULL,1,471,NULL,8,NULL,'Cuota Solid.',NULL,0,0,0,0,0,1,1,'2020-02-06 17:23:08','2023-07-06 00:41:55',NULL),(753,NULL,1,472,NULL,8,NULL,'Anticipo Honorarios Directores',NULL,0,0,0,0,0,1,1,'2020-02-06 17:23:08','2023-07-06 00:41:55',NULL),(754,NULL,1,473,NULL,8,NULL,'SICORE a Pagar',NULL,0,0,0,0,0,1,1,'2020-02-06 17:23:08','2023-07-06 00:41:55',NULL),(755,NULL,1,476,NULL,6,NULL,'RECPAM',NULL,0,0,0,0,0,1,1,'2020-02-06 17:23:08','2023-07-06 00:41:55',NULL),(756,NULL,1,478,NULL,6,NULL,'CO2 - Imp. Al Carbono',NULL,0,0,0,0,0,1,1,'2020-02-06 17:23:08','2023-07-06 00:41:55',NULL),(757,NULL,1,359,40718,1,NULL,'Caja',NULL,0,0,1,1,1,0,1,'2023-02-28 14:21:22','2023-07-06 00:41:55',NULL),(758,NULL,1,176,40718,3,NULL,'Cheques',NULL,1,1,1,1,1,0,1,'2023-03-01 11:23:19','2023-07-06 00:41:55',NULL),(759,9230,2,6,40815,1,NULL,'WISE ',NULL,0,0,1,1,1,0,1,'2023-07-06 16:40:41','2023-07-06 17:52:23',NULL),(760,9230,2,6,40815,1,NULL,'HSBC USA',NULL,0,0,1,1,1,0,1,'2023-07-06 16:41:29','2023-07-06 17:52:46',NULL),(761,9230,1,163,40815,2,NULL,'HSBC CA $',NULL,0,0,1,1,1,0,1,'2023-07-06 16:56:37','2023-07-06 16:56:37',NULL),(762,9230,1,163,40815,2,NULL,'HSBC CC $',NULL,0,0,1,1,1,0,1,'2023-07-06 17:26:27','2023-07-06 17:26:27',NULL),(763,9230,2,163,40815,2,NULL,'HSBC CA USD',NULL,0,0,1,1,1,0,1,'2023-07-06 17:28:40','2023-07-06 17:30:37',NULL),(764,9230,1,444,40815,2,NULL,'BBVA CA $',NULL,0,0,1,1,1,0,1,'2023-07-06 17:30:23','2023-07-06 17:30:23',NULL),(765,9230,1,444,40815,2,NULL,'BBVA CC $',NULL,0,0,1,1,1,0,1,'2023-07-06 17:33:30','2023-07-06 17:33:30',NULL),(766,9230,2,444,40815,2,NULL,'BBVA CA USD',NULL,0,0,1,1,1,0,1,'2023-07-06 17:35:46','2023-07-06 17:35:46',NULL),(767,9230,1,452,40815,2,NULL,'MACRO CA $',NULL,0,0,1,1,1,0,1,'2023-07-06 17:37:33','2023-07-06 17:37:33',NULL),(768,9230,1,452,40815,2,NULL,'MACRO CC $',NULL,0,0,1,1,1,0,1,'2023-07-06 17:40:45','2023-07-06 17:40:45',NULL),(769,9230,2,452,40815,2,NULL,'MACRO CA USD',NULL,0,0,1,1,1,0,1,'2023-07-06 17:41:53','2023-07-06 17:41:53',NULL),(770,9230,1,410,40815,2,NULL,'ICBC CA $',NULL,0,0,1,1,1,0,1,'2023-07-06 17:44:00','2023-07-06 17:44:00',NULL),(771,9230,1,410,40815,2,NULL,'ICBC CC $',NULL,0,0,1,1,1,0,1,'2023-07-06 17:47:28','2023-07-06 17:47:28',NULL),(772,9230,2,410,40815,2,NULL,'ICBC CA USD',NULL,0,0,1,1,1,0,1,'2023-07-06 17:48:42','2023-07-06 17:48:42',NULL),(773,9230,2,6,40815,1,NULL,'Caja Chica USD',NULL,0,0,1,1,1,0,1,'2023-07-06 17:54:20','2023-07-06 17:54:20',NULL),(774,9230,1,6,40815,1,NULL,'Caja Chica $',NULL,0,0,1,1,1,0,1,'2023-07-06 17:55:19','2023-07-06 17:55:19',NULL);
INSERT INTO `cta_cte_tesoreria_cuentas` VALUES (775,9230,2,5,40815,1,NULL,'Inversion USD ',NULL,0,0,1,1,1,0,1,'2023-07-06 17:57:16','2023-07-06 17:57:16',NULL),(776,9230,1,5,40815,1,NULL,'Inversión $',NULL,0,0,1,1,1,0,1,'2023-07-06 17:58:29','2023-07-06 17:58:29',NULL),(777,9230,1,5,40830,1,NULL,'Caja Chica $',NULL,0,0,1,1,1,0,1,'2023-07-06 19:10:38','2023-07-06 19:10:38',NULL),(778,9230,1,444,40830,2,NULL,'BBVA CA $',NULL,0,0,1,1,1,0,1,'2023-07-06 19:14:03','2023-07-06 19:14:03',NULL),(779,9230,2,444,40830,2,NULL,'BBVA CA USD',NULL,0,0,1,1,1,0,1,'2023-07-06 19:15:12','2023-07-06 19:15:12',NULL);

--
-- Table structure for table `cta_cte_tesoreria_detail`
--

CREATE TABLE `cta_cte_tesoreria_detail` (
  `id` int(10) unsigned NOT NULL AUTO_INCREMENT,
  `user_id` int(10) unsigned DEFAULT NULL,
  `cta_cte_tesoreria_id` int(10) unsigned NOT NULL,
  `cta_cte_tesoreria_cuenta_id` int(10) unsigned NOT NULL,
  `person_id` int(10) unsigned DEFAULT NULL,
  `period_id` int(10) unsigned DEFAULT NULL,
  `saldo_id` int(10) unsigned NOT NULL,
  `monto` decimal(16,2) NOT NULL,
  `is_conciliado` tinyint(1) NOT NULL DEFAULT '0',
  `fecha` date DEFAULT NULL,
  `created_at` timestamp NULL DEFAULT NULL,
  `updated_at` timestamp NULL DEFAULT NULL,
  `deleted_at` timestamp NULL DEFAULT NULL,
  PRIMARY KEY (`id`),
  KEY `cta_cte_tesoreria_detail_cta_cte_tesoreria_id_foreign` (`cta_cte_tesoreria_id`),
  KEY `cta_cte_tesoreria_detail_cta_cte_tesoreria_cuenta_id_foreign` (`cta_cte_tesoreria_cuenta_id`),
  KEY `cta_cte_tesoreria_detail_person_id_foreign` (`person_id`),
  KEY `cta_cte_tesoreria_detail_period_id_foreign` (`period_id`),
  KEY `cta_cte_tesoreria_detail_saldo_id_foreign` (`saldo_id`),
  CONSTRAINT `cta_cte_tesoreria_detail_cta_cte_tesoreria_cuenta_id_foreign` FOREIGN KEY (`cta_cte_tesoreria_cuenta_id`) REFERENCES `cta_cte_tesoreria_cuentas` (`id`),
  CONSTRAINT `cta_cte_tesoreria_detail_cta_cte_tesoreria_id_foreign` FOREIGN KEY (`cta_cte_tesoreria_id`) REFERENCES `cta_cte_tesoreria` (`id`),
  CONSTRAINT `cta_cte_tesoreria_detail_period_id_foreign` FOREIGN KEY (`period_id`) REFERENCES `periods` (`id`),
  CONSTRAINT `cta_cte_tesoreria_detail_person_id_foreign` FOREIGN KEY (`person_id`) REFERENCES `persons` (`id`),
  CONSTRAINT `cta_cte_tesoreria_detail_saldo_id_foreign` FOREIGN KEY (`saldo_id`) REFERENCES `conta_tipo_saldos` (`id`)
) ENGINE=InnoDB AUTO_INCREMENT=117 DEFAULT CHARSET=utf8mb4 COLLATE=utf8mb4_unicode_ci;

--
-- Dumping data for table `cta_cte_tesoreria_detail`
--

INSERT INTO `cta_cte_tesoreria_detail` VALUES (1,8522,1,757,40718,1520,1,155000.00,0,'2023-02-28','2023-02-28 14:21:22','2023-02-28 14:21:22',NULL),(2,8522,2,13,40718,1521,2,10000.00,0,'2023-03-01','2023-03-01 11:25:20','2023-03-01 11:25:20',NULL),(3,8522,2,758,40718,1521,1,10000.00,0,'2023-03-01','2023-03-01 11:25:20','2023-03-01 11:25:20',NULL),(6,9230,4,759,40815,3040,1,0.00,0,'2023-07-06','2023-07-06 16:40:41','2023-07-06 17:52:23',NULL),(7,9230,5,760,40815,3040,1,0.00,0,'2023-07-06','2023-07-06 16:41:29','2023-07-06 17:52:46',NULL),(8,9230,6,761,40815,3040,1,0.00,0,'2023-07-06','2023-07-06 16:56:37','2023-07-06 17:02:45',NULL),(9,9230,7,762,40815,3040,1,0.00,0,'2023-07-06','2023-07-06 17:26:27','2023-07-06 17:26:27',NULL),(10,9230,8,763,40815,3040,1,0.00,0,'2023-07-06','2023-07-06 17:28:40','2023-07-06 17:30:37',NULL),(11,9230,9,764,40815,3040,1,0.00,0,'2023-07-06','2023-07-06 17:30:23','2023-07-06 17:30:23',NULL),(12,9230,10,765,40815,3040,1,0.00,0,'2023-07-06','2023-07-06 17:33:30','2023-07-06 17:33:30',NULL),(13,9230,11,766,40815,3040,1,0.00,0,'2023-07-06','2023-07-06 17:35:46','2023-07-06 17:35:46',NULL),(14,9230,12,767,40815,3040,1,0.00,0,'2023-07-06','2023-07-06 17:37:33','2023-07-06 17:37:33',NULL),(15,9230,13,768,40815,3040,1,0.00,0,'2023-07-06','2023-07-06 17:40:45','2023-07-06 17:40:45',NULL),(16,9230,14,769,40815,3040,1,0.00,0,'2023-07-06','2023-07-06 17:41:54','2023-07-06 17:41:54',NULL),(17,9230,15,770,40815,3040,1,0.00,0,'2023-07-06','2023-07-06 17:44:00','2023-07-06 17:44:00',NULL),(18,9230,16,771,40815,3040,1,0.00,0,'2023-07-06','2023-07-06 17:47:28','2023-07-06 17:47:28',NULL),(19,9230,17,772,40815,3040,1,0.00,0,'2023-07-06','2023-07-06 17:48:42','2023-07-06 17:48:42',NULL),(20,9230,18,773,40815,3040,1,10352.00,0,'2023-07-06','2023-07-06 17:54:20','2023-07-06 17:59:24',NULL),(21,9230,19,774,40815,3040,1,0.00,0,'2023-07-06','2023-07-06 17:55:19','2023-07-06 17:55:19',NULL),(22,9230,20,775,40815,3040,1,20000.00,0,'2023-07-06','2023-07-06 17:57:16','2023-07-06 17:58:51',NULL),(23,9230,21,776,40815,3040,1,300000.00,0,'2023-07-06','2023-07-06 17:58:29','2023-07-06 17:58:29',NULL),(24,9230,22,13,40815,3040,2,23000.00,0,'2023-07-03','2023-07-06 18:34:50','2023-07-06 18:34:50',NULL),(25,9230,22,764,40815,3040,1,23000.00,0,'2023-07-03','2023-07-06 18:34:50','2023-07-06 18:34:50',NULL),(26,9230,23,13,40815,3039,2,23000.00,0,'2023-06-02','2023-07-06 18:39:49','2023-07-06 18:39:49',NULL),(27,9230,23,764,40815,3039,1,23000.00,0,'2023-06-02','2023-07-06 18:39:49','2023-07-06 18:39:49',NULL),(28,9230,24,13,40815,3038,2,23000.00,0,'2023-05-04','2023-07-06 18:41:05','2023-07-06 18:41:05',NULL),(29,9230,24,764,40815,3038,1,23000.00,0,'2023-05-04','2023-07-06 18:41:05','2023-07-06 18:41:05',NULL),(30,9230,25,13,40815,3037,2,23000.00,0,'2023-04-10','2023-07-06 18:41:55','2023-07-06 18:41:55',NULL),(31,9230,25,764,40815,3037,1,23000.00,0,'2023-04-10','2023-07-06 18:41:55','2023-07-06 18:41:55',NULL),(32,9230,26,13,40815,3036,2,17500.00,0,'2023-03-08','2023-07-06 18:43:06','2023-07-06 18:43:06',NULL),(33,9230,26,764,40815,3036,1,17500.00,0,'2023-03-08','2023-07-06 18:43:06','2023-07-06 18:43:06',NULL),(34,9230,27,13,40815,3035,2,17500.00,0,'2023-02-01','2023-07-06 18:44:03','2023-07-06 18:44:03',NULL),(35,9230,27,764,40815,3035,1,17500.00,0,'2023-02-01','2023-07-06 18:44:03','2023-07-06 18:44:03',NULL),(36,9230,28,13,40815,3034,2,17500.00,0,'2023-01-05','2023-07-06 18:44:52','2023-07-06 18:44:52',NULL),(37,9230,28,764,40815,3034,1,17500.00,0,'2023-01-05','2023-07-06 18:44:52','2023-07-06 18:44:52',NULL),(38,9230,29,13,40815,26388,2,17500.00,0,'2022-12-05','2023-07-06 18:46:03','2023-07-06 18:46:03',NULL),(39,9230,29,764,40815,26388,1,17500.00,0,'2022-12-05','2023-07-06 18:46:03','2023-07-06 18:46:03',NULL),(40,9230,30,13,40815,26387,2,17500.00,0,'2022-11-02','2023-07-06 18:52:18','2023-07-06 18:52:18',NULL),(41,9230,30,764,40815,26387,1,17500.00,0,'2022-11-02','2023-07-06 18:52:18','2023-07-06 18:52:18',NULL);
INSERT INTO `cta_cte_tesoreria_detail` VALUES (42,9230,31,13,40815,26386,2,17500.00,0,'2022-10-03','2023-07-06 18:53:07','2023-07-06 18:53:07',NULL),(43,9230,31,764,40815,26386,1,17500.00,0,'2022-10-03','2023-07-06 18:53:07','2023-07-06 18:53:07',NULL),(44,9230,32,13,40815,26385,2,17500.00,0,'2022-09-05','2023-07-06 18:54:26','2023-07-06 18:54:26',NULL),(45,9230,32,764,40815,26385,1,17500.00,0,'2022-09-05','2023-07-06 18:54:26','2023-07-06 18:54:26',NULL),(46,9230,33,13,40815,26384,2,17500.00,0,'2022-08-05','2023-07-06 18:55:57','2023-07-06 18:55:57',NULL),(47,9230,33,764,40815,26384,1,17500.00,0,'2022-08-05','2023-07-06 18:55:57','2023-07-06 18:55:57',NULL),(48,9230,34,13,40815,26383,2,26028.00,0,'2022-07-18','2023-07-06 18:59:43','2023-07-06 18:59:43',NULL),(49,9230,34,764,40815,26383,1,26028.00,0,'2022-07-18','2023-07-06 18:59:43','2023-07-06 18:59:43',NULL),(50,9230,35,777,40830,24613,1,0.00,0,'2023-07-06','2023-07-06 19:10:38','2023-07-06 19:10:38',NULL),(51,9230,36,778,40830,24613,1,0.00,0,'2023-07-07','2023-07-06 19:14:03','2023-07-07 01:00:22',NULL),(52,9230,37,779,40830,24613,1,0.00,0,'2023-07-07','2023-07-06 19:15:12','2023-07-07 01:00:14',NULL),(53,9230,38,13,40830,24598,2,46000.00,0,'2022-07-29','2023-07-06 19:34:28','2023-07-07 16:32:30','2023-07-07 16:32:30'),(54,9230,38,777,40830,24598,1,46000.00,0,'2022-07-29','2023-07-06 19:34:28','2023-07-07 16:32:30','2023-07-07 16:32:30'),(55,9230,39,13,40830,24602,2,160000.00,0,'2022-11-15','2023-07-06 19:36:43','2023-07-07 16:32:35','2023-07-07 16:32:35'),(56,9230,39,777,40830,24602,1,160000.00,0,'2022-11-15','2023-07-06 19:36:43','2023-07-07 16:32:35','2023-07-07 16:32:35'),(57,9230,40,13,40830,24602,2,160000.00,0,'2022-11-22','2023-07-06 19:46:21','2023-07-07 16:32:39','2023-07-07 16:32:39'),(58,9230,40,777,40830,24602,1,160000.00,0,'2022-11-22','2023-07-06 19:46:21','2023-07-07 16:32:39','2023-07-07 16:32:39'),(59,9230,41,13,40830,24603,2,234800.00,0,'2022-12-15','2023-07-06 19:57:02','2023-07-07 16:32:44','2023-07-07 16:32:44'),(60,9230,41,777,40830,24603,1,234800.00,0,'2022-12-15','2023-07-06 19:57:02','2023-07-07 16:32:44','2023-07-07 16:32:44'),(61,9230,42,13,40830,24607,2,448000.00,0,'2023-01-06','2023-07-06 20:02:29','2023-07-07 16:32:49','2023-07-07 16:32:49'),(62,9230,42,777,40830,24607,1,448000.00,0,'2023-01-06','2023-07-06 20:02:29','2023-07-07 16:32:49','2023-07-07 16:32:49'),(63,9230,43,13,40830,24608,2,367000.00,0,'2023-02-01','2023-07-06 20:06:23','2023-07-07 16:32:54','2023-07-07 16:32:54'),(64,9230,43,777,40830,24608,1,367000.00,0,'2023-02-01','2023-07-06 20:06:23','2023-07-07 16:32:54','2023-07-07 16:32:54'),(65,9230,44,13,40830,24609,2,401000.00,0,'2023-03-07','2023-07-06 20:10:11','2023-07-07 16:32:58','2023-07-07 16:32:58'),(66,9230,44,777,40830,24609,1,401000.00,0,'2023-03-07','2023-07-06 20:10:11','2023-07-07 16:32:58','2023-07-07 16:32:58'),(67,9230,45,13,40830,24610,2,106000.00,0,'2023-04-04','2023-07-06 20:12:46','2023-07-07 16:33:02','2023-07-07 16:33:02'),(68,9230,45,777,40830,24610,1,106000.00,0,'2023-04-04','2023-07-06 20:12:46','2023-07-07 16:33:02','2023-07-07 16:33:02'),(69,9230,46,13,40830,24611,2,280000.00,0,'2023-05-05','2023-07-06 20:16:55','2023-07-06 20:21:49','2023-07-06 20:21:49'),(70,9230,46,777,40830,24611,1,280000.00,0,'2023-05-05','2023-07-06 20:16:55','2023-07-06 20:21:49','2023-07-06 20:21:49'),(71,9230,47,13,40830,24610,2,280000.00,0,'2023-04-05','2023-07-06 21:51:52','2023-07-06 21:53:57','2023-07-06 21:53:57'),(72,9230,47,777,40830,24610,1,280000.00,0,'2023-04-05','2023-07-06 21:51:52','2023-07-06 21:53:57','2023-07-06 21:53:57'),(73,9230,48,13,40830,24610,2,280000.00,0,'2023-04-05','2023-07-06 21:56:37','2023-07-06 22:02:57','2023-07-06 22:02:57'),(74,9230,48,777,40830,24610,1,280000.00,0,'2023-04-05','2023-07-06 21:56:37','2023-07-06 22:02:57','2023-07-06 22:02:57'),(75,9230,49,13,40830,24610,2,280000.00,0,'2023-04-05','2023-07-06 22:05:58','2023-07-07 16:33:06','2023-07-07 16:33:06');
INSERT INTO `cta_cte_tesoreria_detail` VALUES (76,9230,49,777,40830,24610,1,280000.00,0,'2023-04-05','2023-07-06 22:05:58','2023-07-07 16:33:06','2023-07-07 16:33:06'),(77,9230,50,13,40830,24611,2,200000.00,0,'2023-04-28','2023-07-06 22:11:00','2023-07-07 16:33:10','2023-07-07 16:33:10'),(78,9230,50,777,40830,24611,1,200000.00,0,'2023-04-28','2023-07-06 22:11:00','2023-07-07 16:33:10','2023-07-07 16:33:10'),(79,9230,51,13,40830,24611,2,174000.00,0,'2023-05-24','2023-07-06 22:13:31','2023-07-06 22:31:19','2023-07-06 22:31:19'),(80,9230,51,777,40830,24611,1,174000.00,0,'2023-05-24','2023-07-06 22:13:31','2023-07-06 22:31:19','2023-07-06 22:31:19'),(81,9230,52,13,40830,24611,2,174000.00,0,'2023-05-24','2023-07-06 22:36:30','2023-07-06 23:20:36','2023-07-06 23:20:36'),(82,9230,52,777,40830,24611,1,174000.00,0,'2023-05-24','2023-07-06 22:36:30','2023-07-06 23:20:36','2023-07-06 23:20:36'),(83,9230,53,13,40830,24612,2,20000.00,0,'2023-07-06','2023-07-06 22:50:56','2023-07-06 22:52:39','2023-07-06 22:52:39'),(84,9230,53,777,40830,24612,1,20000.00,0,'2023-07-06','2023-07-06 22:50:56','2023-07-06 22:52:39','2023-07-06 22:52:39'),(85,9230,54,13,40830,24612,2,392000.00,0,'2023-06-05','2023-07-06 23:11:57','2023-07-06 23:21:15','2023-07-06 23:21:15'),(86,9230,54,777,40830,24612,1,392000.00,0,'2023-06-05','2023-07-06 23:11:57','2023-07-06 23:21:15','2023-07-06 23:21:15'),(87,9230,55,13,40830,24611,2,174000.00,0,'2023-05-24','2023-07-06 23:23:22','2023-07-07 16:33:13','2023-07-07 16:33:13'),(88,9230,55,777,40830,24611,1,174000.00,0,'2023-05-24','2023-07-06 23:23:22','2023-07-07 16:33:13','2023-07-07 16:33:13'),(89,9230,56,13,40830,24612,2,392000.00,0,'2023-06-05','2023-07-06 23:25:08','2023-07-07 16:33:17','2023-07-07 16:33:17'),(90,9230,56,777,40830,24612,1,392000.00,0,'2023-06-05','2023-07-06 23:25:08','2023-07-07 16:33:17','2023-07-07 16:33:17'),(91,9230,57,777,40830,24598,2,46000.00,0,'2022-07-30','2023-07-07 00:03:16','2023-07-07 00:05:37','2023-07-07 00:05:37'),(92,9230,57,778,40830,24598,1,46000.00,0,'2022-07-30','2023-07-07 00:03:16','2023-07-07 00:05:37','2023-07-07 00:05:37'),(93,9230,58,777,40830,24598,2,46000.00,0,'2022-07-29','2023-07-07 00:16:43','2023-07-07 00:45:24','2023-07-07 00:45:24'),(94,9230,58,778,40830,24598,1,46000.00,0,'2022-07-29','2023-07-07 00:16:43','2023-07-07 00:45:24','2023-07-07 00:45:24'),(95,9230,59,777,40830,24602,2,160000.00,0,'2022-11-15','2023-07-07 00:32:00','2023-07-07 00:45:31','2023-07-07 00:45:31'),(96,9230,59,778,40830,24602,1,160000.00,0,'2022-11-15','2023-07-07 00:32:00','2023-07-07 00:45:31','2023-07-07 00:45:31'),(97,9230,60,777,40830,24602,2,160000.00,0,'2022-11-22','2023-07-07 00:42:19','2023-07-07 00:45:38','2023-07-07 00:45:38'),(98,9230,60,778,40830,24602,1,160000.00,0,'2022-11-22','2023-07-07 00:42:19','2023-07-07 00:45:38','2023-07-07 00:45:38'),(99,9230,61,778,40830,24598,1,46000.00,0,'2022-07-29','2023-07-07 00:50:39','2023-07-07 00:53:14','2023-07-07 00:53:14'),(100,9230,61,777,40830,24598,2,46000.00,0,'2022-07-29','2023-07-07 00:50:39','2023-07-07 00:53:14','2023-07-07 00:53:14'),(101,9230,62,777,40830,24598,2,46000.00,0,'2022-07-29','2023-07-07 01:03:45','2023-07-07 16:33:59','2023-07-07 16:33:59'),(102,9230,62,778,40830,24598,1,46000.00,0,'2022-07-29','2023-07-07 01:03:45','2023-07-07 16:33:59','2023-07-07 16:33:59'),(103,9230,63,13,40830,24598,2,11500.00,0,'2022-07-25','2023-07-11 18:21:32','2023-07-11 19:11:41','2023-07-11 19:11:41'),(104,9230,63,777,40830,24598,1,11500.00,0,'2022-07-25','2023-07-11 18:21:32','2023-07-11 19:11:41','2023-07-11 19:11:41'),(105,9230,64,13,40830,24597,2,11500.00,0,'2022-07-26','2023-07-11 19:10:54','2023-07-11 19:11:45','2023-07-11 19:11:45'),(106,9230,64,777,40830,24597,1,11500.00,0,'2022-07-26','2023-07-11 19:10:54','2023-07-11 19:11:45','2023-07-11 19:11:45'),(107,9230,65,13,40830,24598,2,11500.00,0,'2022-07-25','2023-07-11 19:30:25','2023-07-11 19:30:25',NULL),(108,9230,65,777,40830,24598,1,11500.00,0,'2022-07-25','2023-07-11 19:30:25','2023-07-11 19:30:25',NULL);
INSERT INTO `cta_cte_tesoreria_detail` VALUES (109,9230,66,13,40830,24598,2,11500.00,0,'2022-07-26','2023-07-11 19:32:03','2023-07-11 19:32:03',NULL),(110,9230,66,777,40830,24598,1,11500.00,0,'2022-07-26','2023-07-11 19:32:03','2023-07-11 19:32:03',NULL),(111,9230,67,13,40830,24598,2,11500.00,0,'2022-07-28','2023-07-11 19:33:40','2023-07-11 19:33:40',NULL),(112,9230,67,777,40830,24598,1,11500.00,0,'2022-07-28','2023-07-11 19:33:40','2023-07-11 19:33:40',NULL),(113,9230,68,13,40830,24598,2,11500.00,0,'2022-07-28','2023-07-11 19:35:14','2023-07-11 19:35:14',NULL),(114,9230,68,777,40830,24598,1,11500.00,0,'2022-07-28','2023-07-11 19:35:14','2023-07-11 19:35:14',NULL),(115,9230,69,777,40830,24598,2,46000.00,0,'2022-07-29','2023-07-11 19:39:05','2023-07-11 19:39:05',NULL),(116,9230,69,778,40830,24598,1,46000.00,0,'2022-07-29','2023-07-11 19:39:05','2023-07-11 19:39:05',NULL);

--
-- Table structure for table `ctacte_bancos`
--

CREATE TABLE `ctacte_bancos` (
  `id` int(10) unsigned NOT NULL AUTO_INCREMENT,
  `user_id` int(10) unsigned DEFAULT NULL,
  `nombre` varchar(255) COLLATE utf8mb4_unicode_ci DEFAULT NULL,
  `codigoBCRA` int(11) DEFAULT NULL,
  `created_at` timestamp NULL DEFAULT NULL,
  `updated_at` timestamp NULL DEFAULT NULL,
  `deleted_at` timestamp NULL DEFAULT NULL,
  PRIMARY KEY (`id`)
) ENGINE=InnoDB AUTO_INCREMENT=82 DEFAULT CHARSET=utf8mb4 COLLATE=utf8mb4_unicode_ci;

--
-- Dumping data for table `ctacte_bancos`
--

INSERT INTO `ctacte_bancos` VALUES (1,NULL,'BANCO DE GALICIA Y BUENOS AIRES S.A.',7,NULL,NULL,NULL),(2,NULL,'BANCO DE LA NACION ARGENTINA',11,NULL,NULL,NULL),(3,NULL,'BANCO DE LA PROVINCIA DE BUENOS AIRES',14,NULL,NULL,NULL),(4,NULL,'INDUSTRIAL AND COMMERCIAL BANK OF CHINA',15,NULL,NULL,NULL),(5,NULL,'CITIBANK N.A.',16,NULL,NULL,NULL),(6,NULL,'BBVA BANCO FRANCES S.A.',17,NULL,NULL,NULL),(7,NULL,'THE BANK OF TOKYO-MITSUBISHI UFJ, LTD.',18,NULL,NULL,NULL),(8,NULL,'BANCO DE LA PROVINCIA DE CORDOBA S.A.',20,NULL,NULL,NULL),(9,NULL,'BANCO SUPERVIELLE S.A.',27,NULL,NULL,NULL),(10,NULL,'BANCO DE LA CIUDAD DE BUENOS AIRES',29,NULL,NULL,NULL),(11,NULL,'BANCO PATAGONIA S.A.',34,NULL,NULL,NULL),(12,NULL,'BANCO HIPOTECARIO S.A.',44,NULL,NULL,NULL),(13,NULL,'BANCO DE SAN JUAN S.A.',45,NULL,NULL,NULL),(14,NULL,'BANCO DEL TUCUMAN S.A.',60,NULL,NULL,NULL),(15,NULL,'BANCO MUNICIPAL DE ROSARIO',65,NULL,NULL,NULL),(16,NULL,'BANCO SANTANDER RIO S.A.',72,NULL,NULL,NULL),(17,NULL,'BANCO DEL CHUBUT S.A.',83,NULL,NULL,NULL),(18,NULL,'BANCO DE SANTA CRUZ S.A.',86,NULL,NULL,NULL),(19,NULL,'BANCO DE LA PAMPA SOCIEDAD DE ECONOMÍA M',93,NULL,NULL,NULL),(20,NULL,'BANCO DE CORRIENTES S.A.',94,NULL,NULL,NULL),(21,NULL,'BANCO PROVINCIA DEL NEUQUÉN SOCIEDAD ANÓ',97,NULL,NULL,NULL),(22,NULL,'BANCO INTERFINANZAS S.A.',147,NULL,NULL,NULL),(23,NULL,'HSBC BANK ARGENTINA S.A.',150,NULL,NULL,NULL),(24,NULL,'JPMORGAN CHASE BANK, NATIONAL ASSOCIATIO',165,NULL,NULL,NULL),(25,NULL,'BANCO CREDICOOP COOPERATIVO LIMITADO',191,NULL,NULL,NULL),(26,NULL,'BANCO DE VALORES S.A.',198,NULL,NULL,NULL),(27,NULL,'BANCO ROELA S.A.',247,NULL,NULL,NULL),(28,NULL,'BANCO MARIVA S.A.',254,NULL,NULL,NULL),(29,NULL,'BANCO ITAU ARGENTINA S.A.',259,NULL,NULL,NULL),(30,NULL,'BANK OF AMERICA, NATIONAL ASSOCIATION',262,NULL,NULL,NULL),(31,NULL,'BNP PARIBAS',266,NULL,NULL,NULL),(32,NULL,'BANCO PROVINCIA DE TIERRA DEL FUEGO',268,NULL,NULL,NULL),(33,NULL,'BANCO DE LA REPUBLICA ORIENTAL DEL URUGU',269,NULL,NULL,NULL),(34,NULL,'BANCO SAENZ S.A.',277,NULL,NULL,NULL),(35,NULL,'BANCO MERIDIAN S.A.',281,NULL,NULL,NULL),(36,NULL,'BANCO MACRO S.A.',285,NULL,NULL,NULL),(37,NULL,'BANCO COMAFI SOCIEDAD ANONIMA',299,NULL,NULL,NULL),(38,NULL,'BANCO DE INVERSION Y COMERCIO EXTERIOR S',300,NULL,NULL,NULL),(39,NULL,'BANCO PIANO S.A.',301,NULL,NULL,NULL),(40,NULL,'BANCO JULIO SOCIEDAD ANONIMA',305,NULL,NULL,NULL),(41,NULL,'BANCO RIOJA SOCIEDAD ANONIMA UNIPERSONAL',309,NULL,NULL,NULL),(42,NULL,'BANCO DEL SOL S.A.',310,NULL,NULL,NULL),(43,NULL,'NUEVO BANCO DEL CHACO S. A.',311,NULL,NULL,NULL),(44,NULL,'BANCO VOII S.A.',312,NULL,NULL,NULL),(45,NULL,'BANCO DE FORMOSA S.A.',315,NULL,NULL,NULL),(46,NULL,'BANCO CMF S.A.',319,NULL,NULL,NULL),(47,NULL,'BANCO DE SANTIAGO DEL ESTERO S.A.',321,NULL,NULL,NULL),(48,NULL,'BANCO INDUSTRIAL S.A.',322,NULL,NULL,NULL),(49,NULL,'NUEVO BANCO DE SANTA FE SOCIEDAD ANONIMA',330,NULL,NULL,NULL),(50,NULL,'BANCO CETELEM ARGENTINA S.A.',331,NULL,NULL,NULL),(51,NULL,'BANCO DE SERVICIOS FINANCIEROS S.A.',332,NULL,NULL,NULL),(52,NULL,'BANCO BRADESCO ARGENTINA S.A.U.',336,NULL,NULL,NULL),(53,NULL,'BANCO DE SERVICIOS Y TRANSACCIONES S.A.',338,NULL,NULL,NULL),(54,NULL,'RCI BANQUE S.A.',339,NULL,NULL,NULL),(55,NULL,'BACS BANCO DE CREDITO Y SECURITIZACION S',340,NULL,NULL,NULL),(56,NULL,'BANCO MASVENTAS S.A.',341,NULL,NULL,NULL),(57,NULL,'BANCO WANAP S.A.',384,NULL,NULL,NULL),(58,NULL,'NUEVO BANCO DE ENTRE RÍOS S.A.',386,NULL,NULL,NULL),(59,NULL,'BANCO COLUMBIA S.A.',389,NULL,NULL,NULL),(60,NULL,'BANCO BICA S.A.',426,NULL,NULL,NULL),(61,NULL,'BANCO COINAG S.A.',431,NULL,NULL,NULL),(62,NULL,'BANCO DE COMERCIO S.A.',432,NULL,NULL,NULL),(63,NULL,'FORD CREDIT COMPAÑIA FINANCIERA S.A.',44059,NULL,NULL,NULL),(64,NULL,'COMPAÑIA FINANCIERA ARGENTINA S.A.',44077,NULL,NULL,NULL),(65,NULL,'VOLKWAGEN FINANCIAL SERVICES CIA.FIN.S.A',44088,NULL,NULL,NULL),(66,NULL,'CORDIAL COMPAÑÍA FINANCIERA S.A.',44090,NULL,NULL,NULL),(67,NULL,'FCA COMPAÑIA FINANCIERA S.A.',44092,NULL,NULL,NULL);
INSERT INTO `ctacte_bancos` VALUES (68,NULL,'GPAT COMPAÑIA FINANCIERA S.A.',44093,NULL,NULL,NULL),(69,NULL,'MERCEDES-BENZ COMPAÑÍA FINANCIERA ARGENT',44094,NULL,NULL,NULL),(70,NULL,'ROMBO COMPAÑÍA FINANCIERA S.A.',44095,NULL,NULL,NULL),(71,NULL,'JOHN DEERE CREDIT COMPAÑÍA FINANCIERA S.',44096,NULL,NULL,NULL),(72,NULL,'PSA FINANCE ARGENTINA COMPAÑÍA FINANCIER',44098,NULL,NULL,NULL),(73,NULL,'TOYOTA COMPAÑÍA FINANCIERA DE ARGENTINA',44099,NULL,NULL,NULL),(74,NULL,'FINANDINO COMPAÑIA FINANCIERA S.A.',44100,NULL,NULL,NULL),(75,NULL,'MONTEMAR COMPAÑIA FINANCIERA S.A.',45056,NULL,NULL,NULL),(76,NULL,'MULTIFINANZAS COMPAÑIA FINANCIERA S.A.',45072,NULL,NULL,NULL),(77,NULL,'CAJA DE CREDITO \"CUENCA\" COOPERATIVA LIM',65203,NULL,NULL,NULL),(78,NULL,'MERCADO PAGO',NULL,NULL,NULL,NULL),(79,NULL,'UALA',NULL,NULL,NULL,NULL),(80,NULL,'ICBC',NULL,NULL,NULL,NULL),(81,NULL,'BMA SAU',NULL,NULL,NULL,NULL);

--
-- Table structure for table `ctacte_bancos_datos`
--

CREATE TABLE `ctacte_bancos_datos` (
  `id` int(10) unsigned NOT NULL AUTO_INCREMENT,
  `cuenta_conta_id` int(10) unsigned DEFAULT NULL,
  `nombre` varchar(255) COLLATE utf8mb4_unicode_ci DEFAULT NULL,
  `cuit` varchar(255) COLLATE utf8mb4_unicode_ci DEFAULT NULL,
  `titular` varchar(255) COLLATE utf8mb4_unicode_ci DEFAULT NULL,
  `cuenta` varchar(255) COLLATE utf8mb4_unicode_ci DEFAULT NULL,
  `num_cuenta` varchar(255) COLLATE utf8mb4_unicode_ci DEFAULT NULL,
  `cbu` varchar(255) COLLATE utf8mb4_unicode_ci DEFAULT NULL,
  `alias` varchar(255) COLLATE utf8mb4_unicode_ci DEFAULT NULL,
  `status` int(11) NOT NULL DEFAULT '1',
  `created_at` timestamp NULL DEFAULT NULL,
  `updated_at` timestamp NULL DEFAULT NULL,
  PRIMARY KEY (`id`),
  KEY `ctacte_bancos_datos_cuenta_conta_id_foreign` (`cuenta_conta_id`),
  CONSTRAINT `ctacte_bancos_datos_cuenta_conta_id_foreign` FOREIGN KEY (`cuenta_conta_id`) REFERENCES `conta_plan_cuenta` (`id`)
) ENGINE=InnoDB DEFAULT CHARSET=utf8mb4 COLLATE=utf8mb4_unicode_ci;

--
-- Dumping data for table `ctacte_bancos_datos`
--


--
-- Table structure for table `ctacte_cheques`
--

CREATE TABLE `ctacte_cheques` (
  `id` int(10) unsigned NOT NULL AUTO_INCREMENT,
  `user_id` int(10) unsigned DEFAULT NULL,
  `asiento_id` varchar(191) COLLATE utf8mb4_unicode_ci DEFAULT NULL,
  `cuenta_conta_id` int(10) unsigned DEFAULT NULL,
  `cta_cte_tesoreria_cuenta_id` int(10) unsigned DEFAULT NULL,
  `cta_cte_tesoreria_id` int(10) unsigned DEFAULT NULL,
  `cta_cte_tesoreria_detail_id` int(10) unsigned DEFAULT NULL,
  `cta_cte_cliente_id` int(10) unsigned DEFAULT NULL,
  `cta_cte_cliente_id2` int(10) unsigned DEFAULT NULL,
  `cta_cte_cliente_detail_id` int(10) unsigned DEFAULT NULL,
  `nf_cta_cte_id2` int(10) unsigned DEFAULT NULL,
  `nf_cta_cte_id` int(10) unsigned DEFAULT NULL,
  `monto` decimal(16,2) DEFAULT NULL,
  `cheque3ros` tinyint(1) NOT NULL DEFAULT '0',
  `cheque_emitidos` tinyint(1) NOT NULL DEFAULT '0',
  `fecha` date DEFAULT NULL,
  `fecha_cobro` date DEFAULT NULL,
  `banco_id` int(10) unsigned NOT NULL,
  `person_id` int(10) unsigned DEFAULT NULL,
  `cuit` text COLLATE utf8mb4_unicode_ci,
  `titular` varchar(255) COLLATE utf8mb4_unicode_ci DEFAULT NULL,
  `abierto_cruzado` int(11) NOT NULL DEFAULT '1',
  `is_no_a_la_orden` tinyint(1) NOT NULL DEFAULT '0',
  `numero` int(10) unsigned DEFAULT NULL,
  `foto` varchar(255) COLLATE utf8mb4_unicode_ci DEFAULT NULL,
  `comentario` varchar(255) COLLATE utf8mb4_unicode_ci DEFAULT NULL,
  `status` int(11) NOT NULL DEFAULT '1',
  `created_at` timestamp NULL DEFAULT NULL,
  `updated_at` timestamp NULL DEFAULT NULL,
  `deleted_at` timestamp NULL DEFAULT NULL,
  PRIMARY KEY (`id`),
  KEY `ctacte_cheques_asiento_id_foreign` (`asiento_id`),
  KEY `ctacte_cheques_cuenta_conta_id_foreign` (`cuenta_conta_id`),
  KEY `ctacte_cheques_banco_id_foreign` (`banco_id`),
  KEY `ctacte_cheques_person_id_foreign` (`person_id`),
  KEY `ctacte_cheques_cta_cte_cliente_id2_foreign` (`cta_cte_cliente_id2`),
  KEY `ctacte_cheques_cta_cte_cliente_id_foreign` (`cta_cte_cliente_id`),
  KEY `cta_cte_tesorer_id` (`cta_cte_tesoreria_id`),
  KEY `ctacte_cheques_nf_cta_cte_id_foreign` (`nf_cta_cte_id`),
  KEY `ctacte_cheques_nf_cta_cte_id2_foreign` (`nf_cta_cte_id2`),
  KEY `ctacte_cheques_cta_cte_tesoreria_cuenta_id_foreign` (`cta_cte_tesoreria_cuenta_id`),
  KEY `ctacte_cheques_cta_cte_cliente_detail_id_foreign` (`cta_cte_cliente_detail_id`),
  KEY `ctacte_cheques_cta_cte_tesoreria_detail_id_foreign` (`cta_cte_tesoreria_detail_id`),
  CONSTRAINT `cta_cte_tesorer_id` FOREIGN KEY (`cta_cte_tesoreria_id`) REFERENCES `cta_cte_tesoreria` (`id`),
  CONSTRAINT `ctacte_cheques_banco_id_foreign` FOREIGN KEY (`banco_id`) REFERENCES `ctacte_bancos` (`id`),
  CONSTRAINT `ctacte_cheques_cta_cte_cliente_detail_id_foreign` FOREIGN KEY (`cta_cte_cliente_detail_id`) REFERENCES `cta_cte_cliente_details` (`id`),
  CONSTRAINT `ctacte_cheques_cta_cte_cliente_id2_foreign` FOREIGN KEY (`cta_cte_cliente_id2`) REFERENCES `cta_cte_cliente` (`id`),
  CONSTRAINT `ctacte_cheques_cta_cte_cliente_id_foreign` FOREIGN KEY (`cta_cte_cliente_id`) REFERENCES `cta_cte_cliente` (`id`),
  CONSTRAINT `ctacte_cheques_cta_cte_tesoreria_cuenta_id_foreign` FOREIGN KEY (`cta_cte_tesoreria_cuenta_id`) REFERENCES `cta_cte_tesoreria_cuentas` (`id`),
  CONSTRAINT `ctacte_cheques_cta_cte_tesoreria_detail_id_foreign` FOREIGN KEY (`cta_cte_tesoreria_detail_id`) REFERENCES `cta_cte_tesoreria_detail` (`id`),
  CONSTRAINT `ctacte_cheques_cuenta_conta_id_foreign` FOREIGN KEY (`cuenta_conta_id`) REFERENCES `conta_plan_cuenta` (`id`),
  CONSTRAINT `ctacte_cheques_nf_cta_cte_id2_foreign` FOREIGN KEY (`nf_cta_cte_id2`) REFERENCES `nf_cta_cte` (`id`),
  CONSTRAINT `ctacte_cheques_nf_cta_cte_id_foreign` FOREIGN KEY (`nf_cta_cte_id`) REFERENCES `nf_cta_cte` (`id`),
  CONSTRAINT `ctacte_cheques_person_id_foreign` FOREIGN KEY (`person_id`) REFERENCES `persons` (`id`)
) ENGINE=InnoDB AUTO_INCREMENT=2 DEFAULT CHARSET=utf8mb4 COLLATE=utf8mb4_unicode_ci;

--
-- Dumping data for table `ctacte_cheques`
--

INSERT INTO `ctacte_cheques` VALUES (1,8522,NULL,NULL,NULL,NULL,NULL,1252,NULL,NULL,NULL,NULL,10000.00,1,1,'2023-03-01','2023-03-01',1,40718,NULL,'Prueba #',1,0,11111,NULL,'',1,'2023-03-01 11:25:20','2023-03-01 11:25:20',NULL);

--
-- Table structure for table `ctactegastos_centrocosto`
--

CREATE TABLE `ctactegastos_centrocosto` (
  `id` int(10) unsigned NOT NULL AUTO_INCREMENT,
  `user_id` int(10) unsigned DEFAULT NULL,
  `nombre` varchar(255) COLLATE utf8mb4_unicode_ci NOT NULL,
  `created_at` timestamp NULL DEFAULT NULL,
  `updated_at` timestamp NULL DEFAULT NULL,
  `deleted_at` timestamp NULL DEFAULT NULL,
  PRIMARY KEY (`id`)
) ENGINE=InnoDB AUTO_INCREMENT=9 DEFAULT CHARSET=utf8mb4 COLLATE=utf8mb4_unicode_ci;

--
-- Dumping data for table `ctactegastos_centrocosto`
--

INSERT INTO `ctactegastos_centrocosto` VALUES (1,NULL,'OFICINA',NULL,NULL,NULL),(2,NULL,'FIJO',NULL,NULL,NULL),(3,NULL,'VARIABLE',NULL,NULL,NULL),(4,NULL,'GISELA',NULL,NULL,NULL),(5,NULL,'LIA',NULL,NULL,NULL),(6,NULL,'PADRES',NULL,NULL,NULL),(7,NULL,'CASA',NULL,NULL,NULL),(8,NULL,'VANESA',NULL,NULL,NULL);

--
-- Table structure for table `ctactegastos_cuenta_tipo`
--

CREATE TABLE `ctactegastos_cuenta_tipo` (
  `idCuentaTipo` int(10) unsigned NOT NULL AUTO_INCREMENT,
  `user_id` int(10) unsigned DEFAULT NULL,
  `cta_cte_tesoreria_cuenta_id` int(10) unsigned DEFAULT NULL,
  `idTipo` int(10) unsigned NOT NULL,
  `created_at` timestamp NULL DEFAULT NULL,
  `updated_at` timestamp NULL DEFAULT NULL,
  `deleted_at` timestamp NULL DEFAULT NULL,
  PRIMARY KEY (`idCuentaTipo`),
  KEY `ctactegastos_cuenta_tipo_idtipo_foreign` (`idTipo`),
  KEY `ctactegastos_cuenta_tipo_cta_cte_tesoreria_cuenta_id_foreign` (`cta_cte_tesoreria_cuenta_id`),
  CONSTRAINT `ctactegastos_cuenta_tipo_cta_cte_tesoreria_cuenta_id_foreign` FOREIGN KEY (`cta_cte_tesoreria_cuenta_id`) REFERENCES `cta_cte_tesoreria_cuentas` (`id`),
  CONSTRAINT `ctactegastos_cuenta_tipo_idtipo_foreign` FOREIGN KEY (`idTipo`) REFERENCES `ctactegastos_tiposdegastos` (`id`)
) ENGINE=InnoDB AUTO_INCREMENT=18 DEFAULT CHARSET=utf8mb4 COLLATE=utf8mb4_unicode_ci;

--
-- Dumping data for table `ctactegastos_cuenta_tipo`
--

INSERT INTO `ctactegastos_cuenta_tipo` VALUES (1,NULL,NULL,3,NULL,NULL,NULL),(2,NULL,NULL,6,NULL,NULL,NULL),(3,NULL,NULL,3,NULL,NULL,NULL),(4,NULL,NULL,4,NULL,NULL,NULL),(5,NULL,NULL,5,NULL,NULL,NULL),(6,NULL,NULL,3,NULL,NULL,NULL),(7,NULL,NULL,4,NULL,NULL,NULL),(8,NULL,NULL,3,NULL,NULL,NULL),(9,NULL,NULL,4,NULL,NULL,NULL),(10,NULL,NULL,7,NULL,NULL,NULL),(11,NULL,NULL,8,NULL,NULL,NULL),(12,NULL,NULL,3,NULL,NULL,NULL),(13,NULL,NULL,3,NULL,NULL,NULL),(14,NULL,NULL,4,NULL,NULL,NULL),(15,NULL,NULL,1,NULL,NULL,NULL),(16,NULL,NULL,2,NULL,NULL,NULL),(17,NULL,NULL,5,NULL,NULL,NULL);

--
-- Table structure for table `ctactegastos_mensuales`
--

CREATE TABLE `ctactegastos_mensuales` (
  `id` int(10) unsigned NOT NULL AUTO_INCREMENT,
  `user_id` int(10) unsigned DEFAULT NULL,
  `CuentaTipo_id` int(10) unsigned NOT NULL,
  `cta_cte_tesoreria_cuenta_id` int(10) unsigned NOT NULL DEFAULT '13',
  `TipoDeGasto_id` int(10) unsigned NOT NULL,
  `CentroCosto_id` int(10) unsigned NOT NULL,
  `gasto_cta_cte_tesoreria_cuenta_id` int(10) unsigned NOT NULL DEFAULT '13',
  `monto` decimal(16,2) DEFAULT NULL,
  `comentario` varchar(255) COLLATE utf8mb4_unicode_ci DEFAULT NULL,
  `status` int(11) NOT NULL DEFAULT '1',
  `created_at` timestamp NULL DEFAULT NULL,
  `updated_at` timestamp NULL DEFAULT NULL,
  `deleted_at` timestamp NULL DEFAULT NULL,
  PRIMARY KEY (`id`),
  KEY `ctactegastos_mensuales_cuentatipo_id_foreign` (`CuentaTipo_id`),
  KEY `ctactegastos_mensuales_tipodegasto_id_foreign` (`TipoDeGasto_id`),
  KEY `ctactegastos_mensuales_centrocosto_id_foreign` (`CentroCosto_id`),
  KEY `ctactegastos_mensuales_cta_cte_tesoreria_cuenta_id_foreign` (`cta_cte_tesoreria_cuenta_id`),
  KEY `ctactegastos_mensuales_gasto_cta_cte_tesoreria_cuenta_id_foreign` (`gasto_cta_cte_tesoreria_cuenta_id`),
  CONSTRAINT `ctactegastos_mensuales_centrocosto_id_foreign` FOREIGN KEY (`CentroCosto_id`) REFERENCES `ctactegastos_centrocosto` (`id`),
  CONSTRAINT `ctactegastos_mensuales_cta_cte_tesoreria_cuenta_id_foreign` FOREIGN KEY (`cta_cte_tesoreria_cuenta_id`) REFERENCES `cta_cte_tesoreria_cuentas` (`id`),
  CONSTRAINT `ctactegastos_mensuales_cuentatipo_id_foreign` FOREIGN KEY (`CuentaTipo_id`) REFERENCES `ctactegastos_cuenta_tipo` (`idCuentaTipo`),
  CONSTRAINT `ctactegastos_mensuales_gasto_cta_cte_tesoreria_cuenta_id_foreign` FOREIGN KEY (`gasto_cta_cte_tesoreria_cuenta_id`) REFERENCES `cta_cte_tesoreria_cuentas` (`id`),
  CONSTRAINT `ctactegastos_mensuales_tipodegasto_id_foreign` FOREIGN KEY (`TipoDeGasto_id`) REFERENCES `ctactegastos_tiposdegastos` (`id`)
) ENGINE=InnoDB DEFAULT CHARSET=utf8mb4 COLLATE=utf8mb4_unicode_ci;

--
-- Dumping data for table `ctactegastos_mensuales`
--


--
-- Table structure for table `ctactegastos_tiposdegastos`
--

CREATE TABLE `ctactegastos_tiposdegastos` (
  `id` int(10) unsigned NOT NULL AUTO_INCREMENT,
  `user_id` int(10) unsigned DEFAULT NULL,
  `nombre` varchar(255) COLLATE utf8mb4_unicode_ci DEFAULT NULL,
  `created_at` timestamp NULL DEFAULT NULL,
  `updated_at` timestamp NULL DEFAULT NULL,
  `deleted_at` timestamp NULL DEFAULT NULL,
  PRIMARY KEY (`id`)
) ENGINE=InnoDB AUTO_INCREMENT=11 DEFAULT CHARSET=utf8mb4 COLLATE=utf8mb4_unicode_ci;

--
-- Dumping data for table `ctactegastos_tiposdegastos`
--

INSERT INTO `ctactegastos_tiposdegastos` VALUES (1,NULL,'Oficina',NULL,NULL,NULL),(2,NULL,'Personales',NULL,NULL,NULL),(3,NULL,'Tarjeta VISA',NULL,NULL,NULL),(4,NULL,'Tarjeta Mastercard',NULL,NULL,NULL),(5,NULL,'Debito Automatico',NULL,NULL,NULL),(6,NULL,'American Express',NULL,NULL,NULL),(7,NULL,'Tarjeta Shopping',NULL,NULL,NULL),(8,NULL,'Tarjeta Cencosud',NULL,NULL,NULL),(9,NULL,'Tarjeta Coto',NULL,NULL,NULL),(10,NULL,'Tarjeta Nativa',NULL,NULL,NULL);

--
-- Table structure for table `cursos`
--

CREATE TABLE `cursos` (
  `id` int(10) unsigned NOT NULL AUTO_INCREMENT,
  `nombre` varchar(191) COLLATE utf8mb4_unicode_ci NOT NULL,
  `descripcion` longtext COLLATE utf8mb4_unicode_ci NOT NULL,
  `fecha` date DEFAULT NULL,
  `hora` varchar(191) COLLATE utf8mb4_unicode_ci DEFAULT NULL,
  `profesor` varchar(191) COLLATE utf8mb4_unicode_ci DEFAULT NULL,
  `cant_clases` varchar(191) COLLATE utf8mb4_unicode_ci DEFAULT NULL,
  `duracion` varchar(191) COLLATE utf8mb4_unicode_ci DEFAULT NULL,
  `adjuntos` varchar(191) COLLATE utf8mb4_unicode_ci DEFAULT NULL,
  `link_zoom` longtext COLLATE utf8mb4_unicode_ci,
  `cod_zoom` varchar(191) COLLATE utf8mb4_unicode_ci DEFAULT NULL,
  `contraseña_zoom` varchar(191) COLLATE utf8mb4_unicode_ci DEFAULT NULL,
  `link_youtube` varchar(191) COLLATE utf8mb4_unicode_ci DEFAULT NULL,
  `materiales` varchar(191) COLLATE utf8mb4_unicode_ci DEFAULT NULL,
  `habilitado` tinyint(1) NOT NULL DEFAULT '1',
  `created_at` timestamp NULL DEFAULT NULL,
  `updated_at` timestamp NULL DEFAULT NULL,
  `deleted_at` timestamp NULL DEFAULT NULL,
  PRIMARY KEY (`id`)
) ENGINE=InnoDB DEFAULT CHARSET=utf8mb4 COLLATE=utf8mb4_unicode_ci;

--
-- Dumping data for table `cursos`
--


--
-- Table structure for table `cursos_detail`
--

CREATE TABLE `cursos_detail` (
  `id` int(10) unsigned NOT NULL AUTO_INCREMENT,
  `curso_id` int(10) unsigned NOT NULL,
  `field_name1` varchar(191) COLLATE utf8mb4_unicode_ci NOT NULL,
  `email` varchar(191) COLLATE utf8mb4_unicode_ci NOT NULL,
  `celular` int(11) NOT NULL,
  `created_at` timestamp NULL DEFAULT NULL,
  `updated_at` timestamp NULL DEFAULT NULL,
  `deleted_at` timestamp NULL DEFAULT NULL,
  PRIMARY KEY (`id`),
  KEY `cursos_detail_curso_id_foreign` (`curso_id`),
  CONSTRAINT `cursos_detail_curso_id_foreign` FOREIGN KEY (`curso_id`) REFERENCES `cursos` (`id`)
) ENGINE=InnoDB DEFAULT CHARSET=utf8mb4 COLLATE=utf8mb4_unicode_ci;

--
-- Dumping data for table `cursos_detail`
--


--
-- Table structure for table `data_types`
--

CREATE TABLE `data_types` (
  `id` int(10) unsigned NOT NULL AUTO_INCREMENT,
  `description` varchar(180) COLLATE utf8mb4_unicode_ci NOT NULL,
  `class` int(10) unsigned NOT NULL,
  `class_description` varchar(180) COLLATE utf8mb4_unicode_ci NOT NULL,
  `data_type` varchar(100) COLLATE utf8mb4_unicode_ci NOT NULL,
  `path` varchar(255) COLLATE utf8mb4_unicode_ci DEFAULT NULL,
  `created_at` timestamp NULL DEFAULT NULL,
  `updated_at` timestamp NULL DEFAULT NULL,
  PRIMARY KEY (`id`),
  UNIQUE KEY `data_types_description_unique` (`description`)
) ENGINE=InnoDB AUTO_INCREMENT=9 DEFAULT CHARSET=utf8mb4 COLLATE=utf8mb4_unicode_ci;

--
-- Dumping data for table `data_types`
--

INSERT INTO `data_types` VALUES (1,'Comprobantes XLS',1,'Importación','XLS','data/imports/receipts/xls',NULL,NULL),(2,'CITI-Ventas',1,'Importación','TXT','data/imports/receipts/CitiVentas',NULL,NULL),(3,'CITI Compras',2,'Exportación','TXT','data/exports/receipts/citi',NULL,NULL),(4,'CITI Ventas',2,'Exportación','TXT','data/exports/receipts/CitiVentasExport',NULL,NULL),(5,'Convenio Multilateral',2,'Exportación','TXT','data/exports/receipts/convenio',NULL,NULL),(6,'Libro IVA Digital',2,'Exportación','TXT','data/exports/receipts/libro_iva_digital',NULL,'2019-11-20 21:43:44'),(7,'Mis Comprobantes',1,'Importacion','','data/imports/receipts/mis_comprobantes',NULL,NULL),(8,'Consulta AFIP',3,'AFIP','','data/afip/index','2019-12-06 14:49:55','2019-12-06 14:49:55');

--
-- Table structure for table `dc_estados`
--

CREATE TABLE `dc_estados` (
  `id` bigint(20) unsigned NOT NULL AUTO_INCREMENT,
  `user_id` int(10) unsigned DEFAULT NULL,
  `descripcion` text COLLATE utf8mb4_unicode_ci NOT NULL,
  `habilitado` tinyint(1) NOT NULL DEFAULT '1',
  `created_at` timestamp NULL DEFAULT NULL,
  `updated_at` timestamp NULL DEFAULT NULL,
  `deleted_at` timestamp NULL DEFAULT NULL,
  PRIMARY KEY (`id`)
) ENGINE=InnoDB AUTO_INCREMENT=6 DEFAULT CHARSET=utf8mb4 COLLATE=utf8mb4_unicode_ci;

--
-- Dumping data for table `dc_estados`
--

INSERT INTO `dc_estados` VALUES (1,NULL,'BORRADOR',1,NULL,'2023-08-07 00:04:40',NULL),(2,NULL,'TERMINADO',1,NULL,'2023-08-07 00:04:40',NULL),(3,NULL,'ELIMINADO',1,NULL,'2023-08-13 09:20:32',NULL),(4,NULL,'PAGADO',1,NULL,'2023-08-07 00:04:40','2023-08-07 00:04:40'),(5,NULL,'CONCILIADO',1,NULL,'2023-08-07 00:04:40','2023-08-07 00:04:40');

--
-- Table structure for table `dc_firmas`
--

CREATE TABLE `dc_firmas` (
  `id` bigint(20) unsigned NOT NULL AUTO_INCREMENT,
  `user_id` int(10) unsigned DEFAULT NULL,
  `descripcion` text COLLATE utf8mb4_unicode_ci NOT NULL,
  `show_firmante_dc` tinyint(1) NOT NULL DEFAULT '0',
  `show_create_dc` tinyint(1) NOT NULL DEFAULT '0',
  `faltan_firmas` tinyint(1) NOT NULL DEFAULT '0',
  `habilitado` tinyint(1) NOT NULL DEFAULT '1',
  `created_at` timestamp NULL DEFAULT NULL,
  `updated_at` timestamp NULL DEFAULT NULL,
  `deleted_at` timestamp NULL DEFAULT NULL,
  PRIMARY KEY (`id`)
) ENGINE=InnoDB AUTO_INCREMENT=6 DEFAULT CHARSET=utf8mb4 COLLATE=utf8mb4_unicode_ci;

--
-- Dumping data for table `dc_firmas`
--

INSERT INTO `dc_firmas` VALUES (1,NULL,'NO',1,1,0,1,NULL,'2023-08-07 00:04:41',NULL),(2,NULL,'RECHAZADO',1,1,0,1,NULL,'2023-08-07 00:04:41',NULL),(3,NULL,'ACEPTADO',1,0,0,1,NULL,'2023-08-07 00:04:41',NULL),(4,NULL,'FALTAN FIRMAS',0,0,1,1,'2023-08-07 00:04:41','2023-08-07 00:04:41',NULL),(5,NULL,'EMITIDO',1,0,0,1,'2023-10-12 08:12:21','2023-10-12 08:12:21',NULL);

--
-- Table structure for table `dc_firmas_ordenes`
--

CREATE TABLE `dc_firmas_ordenes` (
  `id` bigint(20) unsigned NOT NULL AUTO_INCREMENT,
  `user_id` int(10) unsigned DEFAULT NULL,
  `person_id` int(10) unsigned NOT NULL,
  `dc_orden_id` bigint(20) unsigned NOT NULL,
  `user_id_que_firma` int(10) unsigned NOT NULL,
  `dc_firma_id` bigint(20) unsigned NOT NULL,
  `created_at` timestamp NULL DEFAULT NULL,
  `updated_at` timestamp NULL DEFAULT NULL,
  `deleted_at` timestamp NULL DEFAULT NULL,
  PRIMARY KEY (`id`),
  KEY `dc_firmas_ordenes_person_id_foreign` (`person_id`),
  KEY `dc_firmas_ordenes_dc_orden_id_foreign` (`dc_orden_id`),
  KEY `dc_firmas_ordenes_dc_firma_id_foreign` (`dc_firma_id`),
  CONSTRAINT `dc_firmas_ordenes_dc_firma_id_foreign` FOREIGN KEY (`dc_firma_id`) REFERENCES `dc_firmas` (`id`),
  CONSTRAINT `dc_firmas_ordenes_dc_orden_id_foreign` FOREIGN KEY (`dc_orden_id`) REFERENCES `dc_ordenes` (`id`),
  CONSTRAINT `dc_firmas_ordenes_person_id_foreign` FOREIGN KEY (`person_id`) REFERENCES `persons` (`id`)
) ENGINE=InnoDB DEFAULT CHARSET=utf8mb4 COLLATE=utf8mb4_unicode_ci;

--
-- Dumping data for table `dc_firmas_ordenes`
--


--
-- Table structure for table `dc_firmas_reglas`
--

CREATE TABLE `dc_firmas_reglas` (
  `id` bigint(20) unsigned NOT NULL AUTO_INCREMENT,
  `user_id` int(10) unsigned DEFAULT NULL,
  `person_id` int(10) unsigned NOT NULL,
  `dc_orden_id` bigint(20) unsigned NOT NULL,
  `importe` decimal(16,2) NOT NULL,
  `grupos_users_ids` longtext COLLATE utf8mb4_unicode_ci,
  `created_at` timestamp NULL DEFAULT NULL,
  `updated_at` timestamp NULL DEFAULT NULL,
  `deleted_at` timestamp NULL DEFAULT NULL,
  PRIMARY KEY (`id`),
  KEY `dc_firmas_reglas_person_id_foreign` (`person_id`),
  KEY `dc_firmas_reglas_dc_orden_id_foreign` (`dc_orden_id`),
  CONSTRAINT `dc_firmas_reglas_dc_orden_id_foreign` FOREIGN KEY (`dc_orden_id`) REFERENCES `dc_ordenes` (`id`),
  CONSTRAINT `dc_firmas_reglas_person_id_foreign` FOREIGN KEY (`person_id`) REFERENCES `persons` (`id`)
) ENGINE=InnoDB DEFAULT CHARSET=utf8mb4 COLLATE=utf8mb4_unicode_ci;

--
-- Dumping data for table `dc_firmas_reglas`
--


--
-- Table structure for table `dc_orden_de_pago`
--

CREATE TABLE `dc_orden_de_pago` (
  `id` bigint(20) unsigned NOT NULL AUTO_INCREMENT,
  `user_id` int(10) unsigned DEFAULT NULL,
  `fecha` datetime NOT NULL DEFAULT '2023-09-28 16:34:36',
  `dc_orden_id` bigint(20) unsigned NOT NULL DEFAULT '10',
  `person_id` int(10) unsigned NOT NULL,
  `person_id_relationed` int(10) unsigned NOT NULL,
  `request` longtext COLLATE utf8mb4_unicode_ci NOT NULL,
  `dc_estado_id` bigint(20) unsigned NOT NULL DEFAULT '1',
  `dc_firma_id` bigint(20) unsigned NOT NULL DEFAULT '1',
  `created_at` timestamp NULL DEFAULT NULL,
  `updated_at` timestamp NULL DEFAULT NULL,
  `deleted_at` timestamp NULL DEFAULT NULL,
  PRIMARY KEY (`id`),
  KEY `dc_orden_de_pago_person_id_foreign` (`person_id`),
  KEY `dc_orden_de_pago_person_id_relationed_foreign` (`person_id_relationed`),
  KEY `dc_orden_de_pago_dc_orden_id_foreign` (`dc_orden_id`),
  KEY `dc_orden_de_pago_dc_firma_id_foreign` (`dc_firma_id`),
  KEY `dc_orden_de_pago_dc_estado_id_foreign` (`dc_estado_id`),
  CONSTRAINT `dc_orden_de_pago_dc_estado_id_foreign` FOREIGN KEY (`dc_estado_id`) REFERENCES `dc_estados` (`id`),
  CONSTRAINT `dc_orden_de_pago_dc_firma_id_foreign` FOREIGN KEY (`dc_firma_id`) REFERENCES `dc_firmas` (`id`),
  CONSTRAINT `dc_orden_de_pago_dc_orden_id_foreign` FOREIGN KEY (`dc_orden_id`) REFERENCES `dc_ordenes` (`id`),
  CONSTRAINT `dc_orden_de_pago_person_id_foreign` FOREIGN KEY (`person_id`) REFERENCES `persons` (`id`),
  CONSTRAINT `dc_orden_de_pago_person_id_relationed_foreign` FOREIGN KEY (`person_id_relationed`) REFERENCES `persons` (`id`)
) ENGINE=InnoDB DEFAULT CHARSET=utf8mb4 COLLATE=utf8mb4_unicode_ci;

--
-- Dumping data for table `dc_orden_de_pago`
--


--
-- Table structure for table `dc_orden_de_pago_cheques`
--

CREATE TABLE `dc_orden_de_pago_cheques` (
  `id` bigint(20) unsigned NOT NULL AUTO_INCREMENT,
  `user_id` int(10) unsigned DEFAULT NULL,
  `dc_orden_de_pago_id` bigint(20) unsigned NOT NULL,
  `ctacte_cheque_id` int(10) unsigned NOT NULL,
  `created_at` timestamp NULL DEFAULT NULL,
  `updated_at` timestamp NULL DEFAULT NULL,
  `deleted_at` timestamp NULL DEFAULT NULL,
  PRIMARY KEY (`id`),
  KEY `dc_orden_de_pago_cheques_dc_orden_de_pago_id_foreign` (`dc_orden_de_pago_id`),
  KEY `dc_orden_de_pago_cheques_ctacte_cheque_id_foreign` (`ctacte_cheque_id`),
  CONSTRAINT `dc_orden_de_pago_cheques_ctacte_cheque_id_foreign` FOREIGN KEY (`ctacte_cheque_id`) REFERENCES `ctacte_cheques` (`id`),
  CONSTRAINT `dc_orden_de_pago_cheques_dc_orden_de_pago_id_foreign` FOREIGN KEY (`dc_orden_de_pago_id`) REFERENCES `dc_orden_de_pago` (`id`)
) ENGINE=InnoDB DEFAULT CHARSET=utf8mb4 COLLATE=utf8mb4_unicode_ci;

--
-- Dumping data for table `dc_orden_de_pago_cheques`
--


--
-- Table structure for table `dc_orden_de_pago_receipts`
--

CREATE TABLE `dc_orden_de_pago_receipts` (
  `id` bigint(20) unsigned NOT NULL AUTO_INCREMENT,
  `user_id` int(10) unsigned DEFAULT NULL,
  `dc_orden_de_pago_id` bigint(20) unsigned NOT NULL,
  `receipt_id` int(10) unsigned DEFAULT NULL,
  `importe` decimal(16,2) NOT NULL,
  `created_at` timestamp NULL DEFAULT NULL,
  `updated_at` timestamp NULL DEFAULT NULL,
  `deleted_at` timestamp NULL DEFAULT NULL,
  PRIMARY KEY (`id`),
  KEY `dc_orden_de_pago_receipts_dc_orden_de_pago_id_foreign` (`dc_orden_de_pago_id`),
  KEY `dc_orden_de_pago_receipts_receipt_id_foreign` (`receipt_id`),
  CONSTRAINT `dc_orden_de_pago_receipts_dc_orden_de_pago_id_foreign` FOREIGN KEY (`dc_orden_de_pago_id`) REFERENCES `dc_orden_de_pago` (`id`),
  CONSTRAINT `dc_orden_de_pago_receipts_receipt_id_foreign` FOREIGN KEY (`receipt_id`) REFERENCES `receipts` (`id`)
) ENGINE=InnoDB DEFAULT CHARSET=utf8mb4 COLLATE=utf8mb4_unicode_ci;

--
-- Dumping data for table `dc_orden_de_pago_receipts`
--


--
-- Table structure for table `dc_orden_files`
--

CREATE TABLE `dc_orden_files` (
  `id` bigint(20) unsigned NOT NULL AUTO_INCREMENT,
  `user_id` int(10) unsigned DEFAULT NULL,
  `dc_orden_id` bigint(20) unsigned NOT NULL,
  `file` text COLLATE utf8mb4_unicode_ci NOT NULL,
  `original_name` text COLLATE utf8mb4_unicode_ci,
  `created_at` timestamp NULL DEFAULT NULL,
  `updated_at` timestamp NULL DEFAULT NULL,
  `deleted_at` timestamp NULL DEFAULT NULL,
  PRIMARY KEY (`id`),
  KEY `dc_orden_files_dc_orden_id_foreign` (`dc_orden_id`),
  CONSTRAINT `dc_orden_files_dc_orden_id_foreign` FOREIGN KEY (`dc_orden_id`) REFERENCES `dc_ordenes` (`id`)
) ENGINE=InnoDB DEFAULT CHARSET=utf8mb4 COLLATE=utf8mb4_unicode_ci;

--
-- Dumping data for table `dc_orden_files`
--


--
-- Table structure for table `dc_ordenes`
--

CREATE TABLE `dc_ordenes` (
  `id` bigint(20) unsigned NOT NULL AUTO_INCREMENT,
  `user_id` int(10) unsigned DEFAULT NULL,
  `dc_orden_tipo_id` bigint(20) unsigned NOT NULL,
  `person_id` int(10) unsigned NOT NULL,
  `person_id_relationed` int(10) unsigned DEFAULT NULL,
  `titulo` text COLLATE utf8mb4_unicode_ci,
  `sucursal` int(11) NOT NULL DEFAULT '1',
  `numero` int(11) NOT NULL,
  `sector` varchar(191) COLLATE utf8mb4_unicode_ci DEFAULT NULL,
  `solicitante` varchar(191) COLLATE utf8mb4_unicode_ci DEFAULT NULL,
  `syj_empleado_id` int(10) unsigned DEFAULT NULL,
  `fecha` date NOT NULL,
  `fecha_entrega` date DEFAULT NULL,
  `fecha_asignacion` datetime DEFAULT NULL,
  `fecha_cumplido` datetime DEFAULT NULL,
  `condicion_venta_id` int(10) unsigned DEFAULT NULL,
  `is_pago_adelantado` tinyint(1) DEFAULT NULL,
  `forma_de_entrega_id` int(10) unsigned DEFAULT NULL,
  `plazo_de_pago_id` int(10) unsigned DEFAULT NULL,
  `cantidades` decimal(16,2) NOT NULL,
  `moneda_id` int(10) unsigned NOT NULL DEFAULT '1',
  `cotizacion` decimal(16,2) NOT NULL DEFAULT '1.00',
  `neto` decimal(16,2) NOT NULL,
  `iva` decimal(16,2) NOT NULL,
  `total` decimal(16,2) NOT NULL,
  `facturada` decimal(16,2) NOT NULL DEFAULT '0.00',
  `comentario` longtext COLLATE utf8mb4_unicode_ci NOT NULL,
  `dc_estado_id` bigint(20) unsigned NOT NULL,
  `inv_orden_trabajo_id` bigint(20) unsigned DEFAULT NULL,
  `conta_cc_id` bigint(20) unsigned DEFAULT NULL,
  `origendestinoable_type` text COLLATE utf8mb4_unicode_ci,
  `origendestinoable_id` int(10) unsigned DEFAULT NULL,
  `is_multiples_ot` tinyint(1) unsigned NOT NULL DEFAULT '0',
  `dc_orden_origen_destino_id` bigint(20) unsigned DEFAULT NULL,
  `is_completado` tinyint(1) NOT NULL DEFAULT '0',
  `dc_firma_id` bigint(20) unsigned NOT NULL DEFAULT '1',
  `created_at` timestamp NULL DEFAULT NULL,
  `updated_at` timestamp NULL DEFAULT NULL,
  `deleted_at` timestamp NULL DEFAULT NULL,
  PRIMARY KEY (`id`),
  KEY `dc_ordenes_dc_orden_tipo_id_foreign` (`dc_orden_tipo_id`),
  KEY `dc_ordenes_person_id_foreign` (`person_id`),
  KEY `dc_ordenes_person_id_relationed_foreign` (`person_id_relationed`),
  KEY `dc_ordenes_dc_estado_id_foreign` (`dc_estado_id`),
  KEY `dc_ordenes_conta_cc_id_foreign` (`conta_cc_id`),
  KEY `dc_ordenes_inv_orden_trabajo_id_foreign` (`inv_orden_trabajo_id`),
  KEY `dc_ordenes_dc_orden_origen_destino_id_foreign` (`dc_orden_origen_destino_id`),
  KEY `dc_ordenes_moneda_id_foreign` (`moneda_id`),
  KEY `dc_ordenes_dc_firma_id_foreign` (`dc_firma_id`),
  KEY `dc_ordenes_syj_empleado_id_foreign` (`syj_empleado_id`),
  CONSTRAINT `dc_ordenes_conta_cc_id_foreign` FOREIGN KEY (`conta_cc_id`) REFERENCES `conta_centro_costos` (`id`),
  CONSTRAINT `dc_ordenes_dc_estado_id_foreign` FOREIGN KEY (`dc_estado_id`) REFERENCES `dc_estados` (`id`),
  CONSTRAINT `dc_ordenes_dc_firma_id_foreign` FOREIGN KEY (`dc_firma_id`) REFERENCES `dc_firmas` (`id`),
  CONSTRAINT `dc_ordenes_dc_orden_origen_destino_id_foreign` FOREIGN KEY (`dc_orden_origen_destino_id`) REFERENCES `dc_ordenes_origen_destino` (`id`),
  CONSTRAINT `dc_ordenes_dc_orden_tipo_id_foreign` FOREIGN KEY (`dc_orden_tipo_id`) REFERENCES `dc_ordenes_tipos` (`id`),
  CONSTRAINT `dc_ordenes_inv_orden_trabajo_id_foreign` FOREIGN KEY (`inv_orden_trabajo_id`) REFERENCES `inv_orden_trabajos` (`id`),
  CONSTRAINT `dc_ordenes_moneda_id_foreign` FOREIGN KEY (`moneda_id`) REFERENCES `monedas` (`id`),
  CONSTRAINT `dc_ordenes_person_id_foreign` FOREIGN KEY (`person_id`) REFERENCES `persons` (`id`),
  CONSTRAINT `dc_ordenes_person_id_relationed_foreign` FOREIGN KEY (`person_id_relationed`) REFERENCES `persons` (`id`),
  CONSTRAINT `dc_ordenes_syj_empleado_id_foreign` FOREIGN KEY (`syj_empleado_id`) REFERENCES `syj_empleados` (`id`)
) ENGINE=InnoDB DEFAULT CHARSET=utf8mb4 COLLATE=utf8mb4_unicode_ci;

--
