-- Table structure for table `syj_operaciones_importe`
--

CREATE TABLE `syj_operaciones_importe` (
  `id` int(10) unsigned NOT NULL AUTO_INCREMENT,
  `user_id` int(10) unsigned DEFAULT NULL,
  `descripcion` varchar(191) COLLATE utf8mb4_unicode_ci NOT NULL,
  `sistema` int(11) NOT NULL,
  `observaciones` text COLLATE utf8mb4_unicode_ci NOT NULL,
  `funcion` text COLLATE utf8mb4_unicode_ci NOT NULL,
  `habilitado` tinyint(1) NOT NULL DEFAULT '1',
  `created_at` timestamp NULL DEFAULT NULL,
  `updated_at` timestamp NULL DEFAULT NULL,
  `deleted_at` timestamp NULL DEFAULT NULL,
  PRIMARY KEY (`id`)
) ENGINE=InnoDB AUTO_INCREMENT=12 DEFAULT CHARSET=utf8mb4 COLLATE=utf8mb4_unicode_ci;

--
-- Dumping data for table `syj_operaciones_importe`
--

INSERT INTO `syj_operaciones_importe` VALUES (1,NULL,'Ninguna',0,'','nada',1,'2020-05-28 20:55:26','2021-09-10 14:10:17',NULL),(2,NULL,'Cantidad * Valor Unitario',0,'','cantidad_por_valor',1,'2020-05-28 20:55:26','2020-05-28 20:55:26',NULL),(3,NULL,'Cantidad * Valor Unitario / 100',0,'','cantidad_por_valor_div_100',1,'2020-05-28 20:55:26','2020-05-28 20:55:26',NULL),(4,NULL,'Cantidad * Importe',0,'','cantidad_por_importe',1,'2020-05-28 20:55:26','2020-05-28 20:55:26',NULL),(5,NULL,'Cantidad * Importe / 100',0,'','cantidad_por_importe_div_100',1,'2020-05-28 20:55:26','2020-05-28 20:55:26',NULL),(6,NULL,'Cantidad * Valor Unitario * Importe',0,'','cantidad_por_valor_por_importe',1,'2020-05-28 20:55:26','2020-05-28 20:55:26',NULL),(7,NULL,'Cantidad * Valor Unitario /100 * Importe',0,'','cantidad_por_valor_div_100_por_importe',1,'2020-05-28 20:55:26','2020-05-28 20:55:26',NULL),(8,NULL,'Cantidad',0,'','cantidad',1,NULL,NULL,NULL),(9,NULL,'Valor',0,'','valor',1,NULL,NULL,NULL),(10,NULL,'Cantidad + Valor Unitario',0,'','cantidad_mas_valor',1,NULL,NULL,NULL),(11,NULL,'Cantidad / Valor Unitario',0,'','cantidad_dividido_valor',1,NULL,NULL,NULL);

--
-- Table structure for table `syj_periods_status`
--

CREATE TABLE `syj_periods_status` (
  `id` int(10) unsigned NOT NULL AUTO_INCREMENT,
  `user_id` int(10) unsigned DEFAULT NULL,
  `descripcion` varchar(191) COLLATE utf8mb4_unicode_ci NOT NULL,
  `habilitado` tinyint(1) NOT NULL DEFAULT '1',
  `created_at` timestamp NULL DEFAULT NULL,
  `updated_at` timestamp NULL DEFAULT NULL,
  `deleted_at` timestamp NULL DEFAULT NULL,
  PRIMARY KEY (`id`),
  UNIQUE KEY `syj_periods_status_descripcion_unique` (`descripcion`)
) ENGINE=InnoDB AUTO_INCREMENT=4 DEFAULT CHARSET=utf8mb4 COLLATE=utf8mb4_unicode_ci;

--
-- Dumping data for table `syj_periods_status`
--

INSERT INTO `syj_periods_status` VALUES (1,NULL,'Sin Usar',1,NULL,NULL,NULL),(2,NULL,'Abierto',1,NULL,NULL,NULL),(3,NULL,'Cerrado',1,NULL,NULL,NULL);

--
-- Table structure for table `syj_recibos_modelos`
--

CREATE TABLE `syj_recibos_modelos` (
  `id` int(10) unsigned NOT NULL AUTO_INCREMENT,
  `user_id` int(10) unsigned DEFAULT NULL,
  `descripcion` varchar(191) COLLATE utf8mb4_unicode_ci NOT NULL,
  `habilitado` tinyint(1) NOT NULL DEFAULT '1',
  `created_at` timestamp NULL DEFAULT NULL,
  `updated_at` timestamp NULL DEFAULT NULL,
  `deleted_at` timestamp NULL DEFAULT NULL,
  PRIMARY KEY (`id`)
) ENGINE=InnoDB AUTO_INCREMENT=8 DEFAULT CHARSET=utf8mb4 COLLATE=utf8mb4_unicode_ci;

--
-- Dumping data for table `syj_recibos_modelos`
--

INSERT INTO `syj_recibos_modelos` VALUES (1,NULL,'Claro',1,NULL,NULL,NULL),(2,NULL,'Oscuro',1,NULL,NULL,NULL),(3,NULL,'Sin Columna Cantidad',1,NULL,'2021-09-10 14:10:17',NULL),(4,NULL,'Sin Columna V.Unitario',1,NULL,NULL,NULL),(5,NULL,'Claro Con logo',1,'2021-09-10 14:10:17','2021-09-10 14:10:17',NULL),(6,NULL,'Oscuro Con logo',1,'2021-09-10 14:10:17','2021-09-10 14:10:17',NULL),(7,NULL,'Sin Columna V.Unitario Con logo',1,'2021-09-10 14:10:20','2021-09-10 14:10:20',NULL);

--
-- Table structure for table `syj_regimen`
--

CREATE TABLE `syj_regimen` (
  `id` int(10) unsigned NOT NULL AUTO_INCREMENT,
  `user_id` int(10) unsigned DEFAULT NULL,
  `codigo_afip` varchar(191) COLLATE utf8mb4_unicode_ci NOT NULL,
  `descripcion` varchar(191) COLLATE utf8mb4_unicode_ci NOT NULL,
  `habilitado` tinyint(1) NOT NULL DEFAULT '1',
  `created_at` timestamp NULL DEFAULT NULL,
  `updated_at` timestamp NULL DEFAULT NULL,
  `deleted_at` timestamp NULL DEFAULT NULL,
  PRIMARY KEY (`id`),
  UNIQUE KEY `syj_regimen_codigo_afip_unique` (`codigo_afip`)
) ENGINE=InnoDB AUTO_INCREMENT=2 DEFAULT CHARSET=utf8mb4 COLLATE=utf8mb4_unicode_ci;

--
-- Dumping data for table `syj_regimen`
--

INSERT INTO `syj_regimen` VALUES (1,NULL,'1','Sistema Previsional Argentino',1,'2020-05-28 20:55:24','2020-05-28 20:55:24',NULL);

--
-- Table structure for table `syj_reportes`
--

CREATE TABLE `syj_reportes` (
  `id` int(10) unsigned NOT NULL AUTO_INCREMENT,
  `user_id` int(10) unsigned DEFAULT NULL,
  `descripcion` varchar(191) COLLATE utf8mb4_unicode_ci DEFAULT NULL,
  `habilitado` tinyint(1) NOT NULL DEFAULT '1',
  `created_at` timestamp NULL DEFAULT NULL,
  `updated_at` timestamp NULL DEFAULT NULL,
  `deleted_at` timestamp NULL DEFAULT NULL,
  PRIMARY KEY (`id`)
) ENGINE=InnoDB AUTO_INCREMENT=6 DEFAULT CHARSET=utf8mb4 COLLATE=utf8mb4_unicode_ci;

--
-- Dumping data for table `syj_reportes`
--

INSERT INTO `syj_reportes` VALUES (1,NULL,'Liquidaciones y Conceptos',1,NULL,NULL,NULL),(2,NULL,'Liquidaciones',0,NULL,'2021-12-14 23:32:42',NULL),(3,NULL,'Conceptos',0,NULL,'2021-12-14 23:32:42',NULL),(4,NULL,'Netos a Acreditar',1,NULL,NULL,NULL),(5,NULL,'Aportes y Contribuciones',1,'2021-12-14 23:32:42','2021-12-14 23:32:42',NULL);

--
-- Table structure for table `syj_secciones`
--

CREATE TABLE `syj_secciones` (
  `id` int(10) unsigned NOT NULL AUTO_INCREMENT,
  `user_id` int(10) unsigned DEFAULT NULL,
  `person_id` int(10) unsigned NOT NULL,
  `descripcion` varchar(191) COLLATE utf8mb4_unicode_ci DEFAULT NULL,
  `habilitado` tinyint(1) NOT NULL DEFAULT '1',
  `created_at` timestamp NULL DEFAULT NULL,
  `updated_at` timestamp NULL DEFAULT NULL,
  `deleted_at` timestamp NULL DEFAULT NULL,
  PRIMARY KEY (`id`),
  KEY `syj_secciones_person_id_foreign` (`person_id`),
  CONSTRAINT `syj_secciones_person_id_foreign` FOREIGN KEY (`person_id`) REFERENCES `persons` (`id`)
) ENGINE=InnoDB DEFAULT CHARSET=utf8mb4 COLLATE=utf8mb4_unicode_ci;

--
-- Dumping data for table `syj_secciones`
--


--
-- Table structure for table `syj_sindicatos`
--

CREATE TABLE `syj_sindicatos` (
  `id` int(10) unsigned NOT NULL AUTO_INCREMENT,
  `user_id` int(10) unsigned DEFAULT NULL,
  `person_id` int(10) unsigned DEFAULT NULL,
  `period_id` int(10) unsigned DEFAULT NULL,
  `aportes` decimal(16,2) NOT NULL DEFAULT '0.00',
  `contribuciones` decimal(16,2) NOT NULL DEFAULT '0.00',
  `total` decimal(16,2) NOT NULL DEFAULT '0.00',
  `comentario` longtext COLLATE utf8mb4_unicode_ci,
  `created_at` timestamp NULL DEFAULT NULL,
  `updated_at` timestamp NULL DEFAULT NULL,
  `deleted_at` timestamp NULL DEFAULT NULL,
  PRIMARY KEY (`id`),
  KEY `syj_sindicatos_person_id_foreign` (`person_id`),
  KEY `syj_sindicatos_period_id_foreign` (`period_id`),
  CONSTRAINT `syj_sindicatos_period_id_foreign` FOREIGN KEY (`period_id`) REFERENCES `periods` (`id`),
  CONSTRAINT `syj_sindicatos_person_id_foreign` FOREIGN KEY (`person_id`) REFERENCES `persons` (`id`)
) ENGINE=InnoDB DEFAULT CHARSET=utf8mb4 COLLATE=utf8mb4_unicode_ci;

--
-- Dumping data for table `syj_sindicatos`
--


--
-- Table structure for table `syj_suss`
--

CREATE TABLE `syj_suss` (
  `id` int(10) unsigned NOT NULL AUTO_INCREMENT,
  `user_id` int(10) unsigned DEFAULT NULL,
  `person_id` int(10) unsigned DEFAULT NULL,
  `period_id` int(10) unsigned DEFAULT NULL,
  `retenciones` decimal(16,2) NOT NULL DEFAULT '0.00',
  `ccss` decimal(16,2) NOT NULL DEFAULT '0.00',
  `aass` decimal(16,2) NOT NULL DEFAULT '0.00',
  `cc_renatre` decimal(16,2) NOT NULL DEFAULT '0.00',
  `ccoo` decimal(16,2) NOT NULL DEFAULT '0.00',
  `seg_sepelio_uatre` decimal(16,2) NOT NULL DEFAULT '0.00',
  `aaoo` decimal(16,2) NOT NULL DEFAULT '0.00',
  `vales_alimentarios` decimal(16,2) NOT NULL DEFAULT '0.00',
  `lrt` decimal(16,2) NOT NULL DEFAULT '0.00',
  `scvo` decimal(16,2) NOT NULL DEFAULT '0.00',
  `total` decimal(16,2) NOT NULL DEFAULT '0.00',
  `comentario` longtext COLLATE utf8mb4_unicode_ci,
  `created_at` timestamp NULL DEFAULT NULL,
  `updated_at` timestamp NULL DEFAULT NULL,
  `deleted_at` timestamp NULL DEFAULT NULL,
  PRIMARY KEY (`id`),
  KEY `syj_suss_person_id_foreign` (`person_id`),
  KEY `syj_suss_period_id_foreign` (`period_id`),
  CONSTRAINT `syj_suss_period_id_foreign` FOREIGN KEY (`period_id`) REFERENCES `periods` (`id`),
  CONSTRAINT `syj_suss_person_id_foreign` FOREIGN KEY (`person_id`) REFERENCES `persons` (`id`)
) ENGINE=InnoDB DEFAULT CHARSET=utf8mb4 COLLATE=utf8mb4_unicode_ci;

--
-- Dumping data for table `syj_suss`
--


--
-- Table structure for table `syj_suss_reporte`
--

CREATE TABLE `syj_suss_reporte` (
  `id` int(10) unsigned NOT NULL AUTO_INCREMENT,
  `user_id` int(10) unsigned DEFAULT NULL,
  `codigo` text COLLATE utf8mb4_unicode_ci,
  `descripcion` text COLLATE utf8mb4_unicode_ci NOT NULL,
  `created_at` timestamp NULL DEFAULT NULL,
  `updated_at` timestamp NULL DEFAULT NULL,
  `deleted_at` timestamp NULL DEFAULT NULL,
  PRIMARY KEY (`id`)
) ENGINE=InnoDB AUTO_INCREMENT=8 DEFAULT CHARSET=utf8mb4 COLLATE=utf8mb4_unicode_ci;

--
-- Dumping data for table `syj_suss_reporte`
--

INSERT INTO `syj_suss_reporte` VALUES (1,NULL,'301','Aporte a la Seguridad Social',NULL,NULL,NULL),(2,NULL,'351','Contribución a la Seguridad Social',NULL,NULL,NULL),(3,NULL,'302','Aporte a la Obra Social',NULL,NULL,NULL),(4,NULL,'352','Contribución a la Obra Social',NULL,NULL,NULL),(5,NULL,'312','LRT',NULL,NULL,NULL),(6,NULL,'028','Seguro de Vida',NULL,NULL,NULL),(7,NULL,NULL,'SUSS A PAGAR',NULL,NULL,NULL);

--
-- Table structure for table `syj_tablas_del_sistema`
--

CREATE TABLE `syj_tablas_del_sistema` (
  `id` int(10) unsigned NOT NULL AUTO_INCREMENT,
  `user_id` int(10) unsigned DEFAULT NULL,
  `descripcion` varchar(191) COLLATE utf8mb4_unicode_ci DEFAULT NULL,
  `tabla` varchar(191) COLLATE utf8mb4_unicode_ci DEFAULT NULL,
  `created_at` timestamp NULL DEFAULT NULL,
  `updated_at` timestamp NULL DEFAULT NULL,
  `deleted_at` timestamp NULL DEFAULT NULL,
  PRIMARY KEY (`id`)
) ENGINE=InnoDB AUTO_INCREMENT=5 DEFAULT CHARSET=utf8mb4 COLLATE=utf8mb4_unicode_ci;

--
-- Dumping data for table `syj_tablas_del_sistema`
--

INSERT INTO `syj_tablas_del_sistema` VALUES (1,NULL,'Tabla de Referencias','syj_concepto_referencias',NULL,NULL,NULL),(2,NULL,'Funciones de Cantidad','syj_funciones_cantidad',NULL,NULL,NULL),(3,NULL,'Funciones de Valor','syj_funciones_valor',NULL,NULL,NULL),(4,NULL,'Funciones de Importe','syj_funciones_importe',NULL,NULL,NULL);

--
-- Table structure for table `syj_tipo_empleador`
--

CREATE TABLE `syj_tipo_empleador` (
  `id` int(10) unsigned NOT NULL AUTO_INCREMENT,
  `user_id` int(10) unsigned DEFAULT NULL,
  `codigo_afip` int(10) unsigned NOT NULL,
  `descripcion` varchar(191) COLLATE utf8mb4_unicode_ci NOT NULL,
  `habilitado` tinyint(1) NOT NULL DEFAULT '1',
  `created_at` timestamp NULL DEFAULT NULL,
  `updated_at` timestamp NULL DEFAULT NULL,
  `deleted_at` timestamp NULL DEFAULT NULL,
  PRIMARY KEY (`id`),
  UNIQUE KEY `syj_tipo_empleador_codigo_afip_unique` (`codigo_afip`),
  UNIQUE KEY `syj_tipo_empleador_descripcion_unique` (`descripcion`)
) ENGINE=InnoDB AUTO_INCREMENT=10 DEFAULT CHARSET=utf8mb4 COLLATE=utf8mb4_unicode_ci;

--
-- Dumping data for table `syj_tipo_empleador`
--

INSERT INTO `syj_tipo_empleador` VALUES (1,NULL,0,'Administracion Publica',1,'2020-05-28 20:55:21','2020-05-28 20:55:21',NULL),(2,NULL,1,'Decreto 814/01, art 2, inc. B',1,'2020-05-28 20:55:21','2020-05-28 20:55:21',NULL),(3,NULL,2,'Servicios Eventuales art. 2, inc. B',1,'2020-05-28 20:55:21','2020-05-28 20:55:21',NULL),(4,NULL,3,'Provincias u otros',1,'2020-05-28 20:55:21','2020-05-28 20:55:21',NULL),(5,NULL,4,'Decreto 814/01 art 2, inc. A',1,'2020-05-28 20:55:21','2020-05-28 20:55:21',NULL),(6,NULL,5,'Servicios Eventuales art 2, inc. A',1,'2020-05-28 20:55:21','2020-05-28 20:55:21',NULL),(7,NULL,7,'Enseñanza Privada',1,'2020-05-28 20:55:21','2020-05-28 20:55:21',NULL),(8,NULL,8,'Decreto Nº 1212/03 AFA CLUBES',1,'2020-05-28 20:55:21','2020-05-28 20:55:21',NULL),(9,NULL,9,'Contribuyente no SIPA',1,'2020-05-28 20:55:21','2020-05-28 20:55:21',NULL);

--
-- Table structure for table `syj_tipo_liquidacion`
--

CREATE TABLE `syj_tipo_liquidacion` (
  `id` int(10) unsigned NOT NULL AUTO_INCREMENT,
  `user_id` int(10) unsigned DEFAULT NULL,
  `syj_clase_tipo_liquidacion_id` int(10) unsigned DEFAULT NULL,
  `syj_emp_afecta_id` int(10) unsigned DEFAULT NULL,
  `descripcion` varchar(191) COLLATE utf8mb4_unicode_ci NOT NULL,
  `check_tope_min` tinyint(1) NOT NULL DEFAULT '1',
  `prorratg4` tinyint(1) NOT NULL DEFAULT '1',
  `habilitado` tinyint(1) NOT NULL DEFAULT '1',
  `del_sistema` varchar(191) COLLATE utf8mb4_unicode_ci NOT NULL DEFAULT '0',
  `created_at` timestamp NULL DEFAULT NULL,
  `updated_at` timestamp NULL DEFAULT NULL,
  `deleted_at` timestamp NULL DEFAULT NULL,
  PRIMARY KEY (`id`),
  UNIQUE KEY `syj_tipo_liquidacion_descripcion_unique` (`descripcion`),
  KEY `syj_tipo_liquidacion_syj_clase_tipo_liquidacion_id_foreign` (`syj_clase_tipo_liquidacion_id`),
  KEY `syj_tipo_liquidacion_syj_emp_afecta_id_foreign` (`syj_emp_afecta_id`),
  CONSTRAINT `syj_tipo_liquidacion_syj_clase_tipo_liquidacion_id_foreign` FOREIGN KEY (`syj_clase_tipo_liquidacion_id`) REFERENCES `syj_clase_tipo_liquidacion` (`id`),
  CONSTRAINT `syj_tipo_liquidacion_syj_emp_afecta_id_foreign` FOREIGN KEY (`syj_emp_afecta_id`) REFERENCES `syj_emp_afecta` (`id`)
) ENGINE=InnoDB AUTO_INCREMENT=13 DEFAULT CHARSET=utf8mb4 COLLATE=utf8mb4_unicode_ci;

--
-- Dumping data for table `syj_tipo_liquidacion`
--

INSERT INTO `syj_tipo_liquidacion` VALUES (1,NULL,1,2,'Haberes normales',1,1,1,'1','2020-05-28 20:55:23','2021-09-10 14:10:19',NULL),(2,NULL,2,3,'1ª Quincena',1,1,1,'1','2020-05-28 20:55:23','2021-09-10 14:10:19',NULL),(3,NULL,2,3,'2ª Quincena',1,1,1,'1','2020-05-28 20:55:23','2021-09-10 14:10:19',NULL),(4,NULL,3,1,'Vacaciones',1,1,1,'1','2020-05-28 20:55:23','2021-09-10 14:10:19',NULL),(5,NULL,4,1,'1º SAC',1,1,1,'1','2020-05-28 20:55:23','2021-09-10 14:10:19',NULL),(6,NULL,4,1,'2º SAC',1,1,1,'1','2020-05-28 20:55:23','2021-09-10 14:10:19',NULL),(7,NULL,5,1,'Final por Despido',1,1,1,'1','2020-05-28 20:55:23','2021-09-10 14:10:19',NULL),(8,NULL,5,1,'Final por Renuncia o Mutuo Acuerdo',1,1,1,'1','2020-05-28 20:55:23','2021-09-10 14:10:19',NULL),(9,NULL,2,3,'1ra quin jornada reducida',1,1,1,'1','2020-05-28 20:55:23','2021-09-10 14:10:19',NULL),(10,NULL,2,3,'2da quin jornada reducida',1,1,1,'1','2020-05-28 20:55:23','2021-09-10 14:10:19',NULL),(11,NULL,1,1,'Gratificacion Especial',1,1,1,'1','2020-05-28 20:55:23','2021-09-10 14:10:19',NULL),(12,NULL,1,1,'Adicional bono',1,1,1,'1','2020-05-28 20:55:23','2021-09-10 14:10:19',NULL);

--
-- Table structure for table `syj_tituloley20744`
--

CREATE TABLE `syj_tituloley20744` (
  `id` int(10) unsigned NOT NULL AUTO_INCREMENT,
  `user_id` int(10) unsigned DEFAULT NULL,
  `descripcion` varchar(191) COLLATE utf8mb4_unicode_ci NOT NULL,
  `habilitado` tinyint(1) NOT NULL DEFAULT '1',
  `created_at` timestamp NULL DEFAULT NULL,
  `updated_at` timestamp NULL DEFAULT NULL,
  `deleted_at` timestamp NULL DEFAULT NULL,
  PRIMARY KEY (`id`),
  UNIQUE KEY `syj_tituloley20744_descripcion_unique` (`descripcion`)
) ENGINE=InnoDB AUTO_INCREMENT=5 DEFAULT CHARSET=utf8mb4 COLLATE=utf8mb4_unicode_ci;

--
-- Dumping data for table `syj_tituloley20744`
--

INSERT INTO `syj_tituloley20744` VALUES (1,NULL,'Hojas móviles en reemplazo del libro especial ley 20744 T.O. (art. 52)',1,'2020-05-28 20:55:22','2020-05-28 20:55:22',NULL),(2,NULL,'Hojas móviles en reemplazo del libro especial ley 20744 T.O. (art. 52) y ley 22248 T.O. (art. 122 y 123)',1,'2020-05-28 20:55:22','2020-05-28 20:55:22',NULL),(3,NULL,'Registro único de personal (Ley 24467)',1,'2020-05-28 20:55:22','2020-05-28 20:55:22',NULL),(4,NULL,'Libro Sueldo - Ley 20.744',1,'2020-05-28 20:55:22','2020-05-28 20:55:22',NULL);

--
-- Table structure for table `syj_usarlo_como`
--

CREATE TABLE `syj_usarlo_como` (
  `id` int(10) unsigned NOT NULL AUTO_INCREMENT,
  `user_id` int(10) unsigned DEFAULT NULL,
  `descripcion` varchar(191) COLLATE utf8mb4_unicode_ci NOT NULL,
  `habilitado` tinyint(1) NOT NULL DEFAULT '1',
  `created_at` timestamp NULL DEFAULT NULL,
  `updated_at` timestamp NULL DEFAULT NULL,
  `deleted_at` timestamp NULL DEFAULT NULL,
  PRIMARY KEY (`id`)
) ENGINE=InnoDB AUTO_INCREMENT=3 DEFAULT CHARSET=utf8mb4 COLLATE=utf8mb4_unicode_ci;

--
-- Dumping data for table `syj_usarlo_como`
--

INSERT INTO `syj_usarlo_como` VALUES (1,NULL,'Concepto',1,'2022-06-06 23:48:34','2022-06-06 23:48:34',NULL),(2,NULL,'Basico',1,'2022-06-06 23:48:34','2022-06-06 23:48:34',NULL);

--
-- Table structure for table `syj_zonageografica`
--

CREATE TABLE `syj_zonageografica` (
  `id` int(10) unsigned NOT NULL AUTO_INCREMENT,
  `user_id` int(10) unsigned DEFAULT NULL,
  `codigo_afip` varchar(191) COLLATE utf8mb4_unicode_ci NOT NULL,
  `descripcion` varchar(191) COLLATE utf8mb4_unicode_ci NOT NULL,
  `porcreduc` decimal(20,6) NOT NULL DEFAULT '0.000000',
  `habilitado` tinyint(1) NOT NULL DEFAULT '1',
  `created_at` timestamp NULL DEFAULT NULL,
  `updated_at` timestamp NULL DEFAULT NULL,
  `deleted_at` timestamp NULL DEFAULT NULL,
  PRIMARY KEY (`id`),
  UNIQUE KEY `syj_zonageografica_codigo_afip_unique` (`codigo_afip`)
) ENGINE=InnoDB AUTO_INCREMENT=101 DEFAULT CHARSET=utf8mb4 COLLATE=utf8mb4_unicode_ci;

--
-- Dumping data for table `syj_zonageografica`
--

INSERT INTO `syj_zonageografica` VALUES (1,NULL,'01','Capital Federal',30.000000,1,'2020-05-28 20:55:22','2020-05-28 20:55:22',NULL),(2,NULL,'02','Buenos Aires',30.000000,1,'2020-05-28 20:55:22','2020-05-28 20:55:22',NULL),(3,NULL,'03','Buenos Aires',35.000000,1,'2020-05-28 20:55:22','2020-05-28 20:55:22',NULL),(4,NULL,'04','Buenos Aires',50.000000,1,'2020-05-28 20:55:22','2020-05-28 20:55:22',NULL),(5,NULL,'05','Buenos Aires',45.000000,1,'2020-05-28 20:55:22','2020-05-28 20:55:22',NULL),(6,NULL,'06','Buenos Aires',45.000000,1,'2020-05-28 20:55:22','2020-05-28 20:55:22',NULL),(7,NULL,'07','Buenos Aires',40.000000,1,'2020-05-28 20:55:22','2020-05-28 20:55:22',NULL),(8,NULL,'08','Catamarca',60.000000,1,'2020-05-28 20:55:22','2020-05-28 20:55:22',NULL),(9,NULL,'09','Catamarca',65.000000,1,'2020-05-28 20:55:22','2020-05-28 20:55:22',NULL),(10,NULL,'10','Cordoba',60.000000,1,'2020-05-28 20:55:22','2020-05-28 20:55:22',NULL),(11,NULL,'11','Cordoba',60.000000,1,'2020-05-28 20:55:22','2020-05-28 20:55:22',NULL),(12,NULL,'12','Cordoba',60.000000,1,'2020-05-28 20:55:22','2020-05-28 20:55:22',NULL),(13,NULL,'13','Cordoba',55.000000,1,'2020-05-28 20:55:22','2020-05-28 20:55:22',NULL),(14,NULL,'14','Cordoba',55.000000,1,'2020-05-28 20:55:22','2020-05-28 20:55:22',NULL),(15,NULL,'15','Cordoba',55.000000,1,'2020-05-28 20:55:22','2020-05-28 20:55:22',NULL),(16,NULL,'16','Cordoba',55.000000,1,'2020-05-28 20:55:22','2020-05-28 20:55:22',NULL),(17,NULL,'17','Cordoba',55.000000,1,'2020-05-28 20:55:22','2020-05-28 20:55:22',NULL),(18,NULL,'18','Cordoba',40.000000,1,'2020-05-28 20:55:22','2020-05-28 20:55:22',NULL),(19,NULL,'19','Cordoba',45.000000,1,'2020-05-28 20:55:22','2020-05-28 20:55:22',NULL),(20,NULL,'20','Corrientes',60.000000,1,'2020-05-28 20:55:22','2020-05-28 20:55:22',NULL),(21,NULL,'21','Corrientes',60.000000,1,'2020-05-28 20:55:22','2020-05-28 20:55:22',NULL),(22,NULL,'22','Corrientes',60.000000,1,'2020-05-28 20:55:22','2020-05-28 20:55:22',NULL),(23,NULL,'23','Corrientes',60.000000,1,'2020-05-28 20:55:22','2020-05-28 20:55:22',NULL),(24,NULL,'24','Corrientes',70.000000,1,'2020-05-28 20:55:22','2020-05-28 20:55:22',NULL),(25,NULL,'25','Corrientes',70.000000,1,'2020-05-28 20:55:22','2020-05-28 20:55:22',NULL),(26,NULL,'26','Chaco',70.000000,1,'2020-05-28 20:55:22','2020-05-28 20:55:22',NULL),(27,NULL,'27','Chaco',80.000000,1,'2020-05-28 20:55:22','2020-05-28 20:55:22',NULL),(28,NULL,'28','Chubut',60.000000,1,'2020-05-28 20:55:22','2020-05-28 20:55:22',NULL),(29,NULL,'29','Chubut',65.000000,1,'2020-05-28 20:55:22','2020-05-28 20:55:22',NULL),(30,NULL,'30','Entre Rios',60.000000,1,'2020-05-28 20:55:22','2020-05-28 20:55:22',NULL),(31,NULL,'31','Entre Rios',60.000000,1,'2020-05-28 20:55:22','2020-05-28 20:55:22',NULL),(32,NULL,'32','Entre Rios',45.000000,1,'2020-05-28 20:55:22','2020-05-28 20:55:22',NULL),(33,NULL,'33','Entre Rios',50.000000,1,'2020-05-28 20:55:22','2020-05-28 20:55:22',NULL),(34,NULL,'34','Formosa',75.000000,1,'2020-05-28 20:55:22','2020-05-28 20:55:22',NULL),(35,NULL,'35','Formosa',80.000000,1,'2020-05-28 20:55:22','2020-05-28 20:55:22',NULL),(36,NULL,'36','Jujuy',70.000000,1,'2020-05-28 20:55:22','2020-05-28 20:55:22',NULL),(37,NULL,'37','Jujuy',75.000000,1,'2020-05-28 20:55:22','2020-05-28 20:55:22',NULL),(38,NULL,'38','La Pampa',55.000000,1,'2020-05-28 20:55:22','2020-05-28 20:55:22',NULL),(39,NULL,'39','La Pampa',55.000000,1,'2020-05-28 20:55:22','2020-05-28 20:55:22',NULL),(40,NULL,'40','La Pampa',55.000000,1,'2020-05-28 20:55:22','2020-05-28 20:55:22',NULL),(41,NULL,'41','La Pampa',55.000000,1,'2020-05-28 20:55:22','2020-05-28 20:55:22',NULL),(42,NULL,'42','La Pampa',55.000000,1,'2020-05-28 20:55:22','2020-05-28 20:55:22',NULL),(43,NULL,'43','La Pampa',55.000000,1,'2020-05-28 20:55:22','2020-05-28 20:55:22',NULL),(44,NULL,'44','La Pampa',45.000000,1,'2020-05-28 20:55:22','2020-05-28 20:55:22',NULL),(45,NULL,'45','La Pampa',50.000000,1,'2020-05-28 20:55:22','2020-05-28 20:55:22',NULL);
INSERT INTO `syj_zonageografica` VALUES (46,NULL,'46','La Rioja',60.000000,1,'2020-05-28 20:55:22','2020-05-28 20:55:22',NULL),(47,NULL,'47','La Rioja',65.000000,1,'2020-05-28 20:55:22','2020-05-28 20:55:22',NULL),(48,NULL,'48','Mendoza',50.000000,1,'2020-05-28 20:55:22','2020-05-28 20:55:22',NULL),(49,NULL,'49','Mendoza',55.000000,1,'2020-05-28 20:55:22','2020-05-28 20:55:22',NULL),(50,NULL,'50','Misiones',70.000000,1,'2020-05-28 20:55:22','2020-05-28 20:55:22',NULL),(51,NULL,'51','Misiones',75.000000,1,'2020-05-28 20:55:22','2020-05-28 20:55:22',NULL),(52,NULL,'52','Neuquen',50.000000,1,'2020-05-28 20:55:22','2020-05-28 20:55:22',NULL),(53,NULL,'53','Neuquen',50.000000,1,'2020-05-28 20:55:22','2020-05-28 20:55:22',NULL),(54,NULL,'54','Neuquen',65.000000,1,'2020-05-28 20:55:22','2020-05-28 20:55:22',NULL),(55,NULL,'55','Neuquen',65.000000,1,'2020-05-28 20:55:22','2020-05-28 20:55:22',NULL),(56,NULL,'56','Neuquen',55.000000,1,'2020-05-28 20:55:22','2020-05-28 20:55:22',NULL),(57,NULL,'57','Rio Negro',65.000000,1,'2020-05-28 20:55:22','2020-05-28 20:55:22',NULL),(58,NULL,'58','Rio Negro',50.000000,1,'2020-05-28 20:55:22','2020-05-28 20:55:22',NULL),(59,NULL,'59','Rio Negro',50.000000,1,'2020-05-28 20:55:22','2020-05-28 20:55:22',NULL),(60,NULL,'60','Rio Negro',55.000000,1,'2020-05-28 20:55:22','2020-05-28 20:55:22',NULL),(61,NULL,'61','Salta',70.000000,1,'2020-05-28 20:55:22','2020-05-28 20:55:22',NULL),(62,NULL,'62','Salta',75.000000,1,'2020-05-28 20:55:22','2020-05-28 20:55:22',NULL),(63,NULL,'63','San Juan',55.000000,1,'2020-05-28 20:55:22','2020-05-28 20:55:22',NULL),(64,NULL,'64','San Juan',60.000000,1,'2020-05-28 20:55:22','2020-05-28 20:55:22',NULL),(65,NULL,'65','San Luis',50.000000,1,'2020-05-28 20:55:22','2020-05-28 20:55:22',NULL),(66,NULL,'66','San Luis',55.000000,1,'2020-05-28 20:55:22','2020-05-28 20:55:22',NULL),(67,NULL,'67','Santa Cruz',65.000000,1,'2020-05-28 20:55:22','2020-05-28 20:55:22',NULL),(68,NULL,'68','Santa Cruz',65.000000,1,'2020-05-28 20:55:22','2020-05-28 20:55:22',NULL),(69,NULL,'69','Santa Cruz',70.000000,1,'2020-05-28 20:55:22','2020-05-28 20:55:22',NULL),(70,NULL,'70','Santa Fe',60.000000,1,'2020-05-28 20:55:22','2020-05-28 20:55:22',NULL),(71,NULL,'71','Santa Fe',60.000000,1,'2020-05-28 20:55:22','2020-05-28 20:55:22',NULL),(72,NULL,'72','Santa Fe',45.000000,1,'2020-05-28 20:55:22','2020-05-28 20:55:22',NULL),(73,NULL,'73','Santa Fe',60.000000,1,'2020-05-28 20:55:22','2020-05-28 20:55:22',NULL),(74,NULL,'74','Santa Fe',60.000000,1,'2020-05-28 20:55:22','2020-05-28 20:55:22',NULL),(75,NULL,'75','Santa Fe',45.000000,1,'2020-05-28 20:55:22','2020-05-28 20:55:22',NULL),(76,NULL,'76','Santiago del Estero',75.000000,1,'2020-05-28 20:55:22','2020-05-28 20:55:22',NULL),(77,NULL,'77','Santiago del Estero',60.000000,1,'2020-05-28 20:55:22','2020-05-28 20:55:22',NULL),(78,NULL,'78','Santiago del Estero',60.000000,1,'2020-05-28 20:55:22','2020-05-28 20:55:22',NULL),(79,NULL,'79','Santiago del Estero',60.000000,1,'2020-05-28 20:55:22','2020-05-28 20:55:22',NULL),(80,NULL,'80','Santiago del Estero',80.000000,1,'2020-05-28 20:55:22','2020-05-28 20:55:22',NULL),(81,NULL,'81','Tierra del Fuego',65.000000,1,'2020-05-28 20:55:22','2020-05-28 20:55:22',NULL),(82,NULL,'82','Tierra del Fuego',65.000000,1,'2020-05-28 20:55:22','2020-05-28 20:55:22',NULL),(83,NULL,'83','Tierra del Fuego',70.000000,1,'2020-05-28 20:55:22','2020-05-28 20:55:22',NULL),(84,NULL,'84','Tucuman',60.000000,1,'2020-05-28 20:55:22','2020-05-28 20:55:22',NULL),(85,NULL,'85','Tucuman',65.000000,1,'2020-05-28 20:55:22','2020-05-28 20:55:22',NULL),(86,NULL,'87','Formosa',80.000000,1,'2020-05-28 20:55:22','2020-05-28 20:55:22',NULL),(87,NULL,'88','Formosa',80.000000,1,'2020-05-28 20:55:22','2020-05-28 20:55:22',NULL),(88,NULL,'89','Formosa',80.000000,1,'2020-05-28 20:55:22','2020-05-28 20:55:22',NULL),(89,NULL,'90','Mendoza',55.000000,1,'2020-05-28 20:55:22','2020-05-28 20:55:22',NULL),(90,NULL,'91','Mendoza',55.000000,1,'2020-05-28 20:55:22','2020-05-28 20:55:22',NULL);
INSERT INTO `syj_zonageografica` VALUES (91,NULL,'92','Mendoza',55.000000,1,'2020-05-28 20:55:22','2020-05-28 20:55:22',NULL),(92,NULL,'93','Mendoza',55.000000,1,'2020-05-28 20:55:22','2020-05-28 20:55:22',NULL),(93,NULL,'94','Mendoza',55.000000,1,'2020-05-28 20:55:22','2020-05-28 20:55:22',NULL),(94,NULL,'95','Mendoza',55.000000,1,'2020-05-28 20:55:22','2020-05-28 20:55:22',NULL),(95,NULL,'96','Mendoza',55.000000,1,'2020-05-28 20:55:22','2020-05-28 20:55:22',NULL),(96,NULL,'97','Mendoza',55.000000,1,'2020-05-28 20:55:22','2020-05-28 20:55:22',NULL),(97,NULL,'98','Mendoza',55.000000,1,'2020-05-28 20:55:22','2020-05-28 20:55:22',NULL),(98,NULL,'99','Mendoza',55.000000,1,'2020-05-28 20:55:22','2020-05-28 20:55:22',NULL),(99,NULL,'A0','Mendoza',55.000000,1,'2020-05-28 20:55:22','2020-05-28 20:55:22',NULL),(100,NULL,'A1','Mendoza',55.000000,1,'2020-05-28 20:55:22','2020-05-28 20:55:22',NULL);

--
-- Table structure for table `system_taxes`
--

CREATE TABLE `system_taxes` (
  `id` int(10) unsigned NOT NULL AUTO_INCREMENT,
  `created_at` timestamp NULL DEFAULT NULL,
  `updated_at` timestamp NULL DEFAULT NULL,
  `name` varchar(255) COLLATE utf8mb4_unicode_ci NOT NULL,
  `apply_to` varchar(255) COLLATE utf8mb4_unicode_ci NOT NULL,
  `ammount_permited` int(11) NOT NULL DEFAULT '1',
  `percent_iva` decimal(16,2) NOT NULL DEFAULT '0.00',
  `taxable_iibb` int(11) NOT NULL DEFAULT '1',
  `taxable_iva` int(11) NOT NULL DEFAULT '1',
  `code` int(11) NOT NULL,
  `status` int(11) NOT NULL,
  `afip_alicuota_id` int(11) DEFAULT NULL,
  `plan_cuenta_id` int(10) unsigned NOT NULL DEFAULT '1',
  `code_citi_alic_iva` int(11) NOT NULL,
  PRIMARY KEY (`id`),
  KEY `system_taxes_plan_cuenta_id_foreign` (`plan_cuenta_id`),
  CONSTRAINT `system_taxes_plan_cuenta_id_foreign` FOREIGN KEY (`plan_cuenta_id`) REFERENCES `conta_plan_cuenta` (`id`)
) ENGINE=InnoDB AUTO_INCREMENT=9 DEFAULT CHARSET=utf8mb4 COLLATE=utf8mb4_unicode_ci;

--
-- Dumping data for table `system_taxes`
--

INSERT INTO `system_taxes` VALUES (1,NULL,'2020-04-16 10:33:23','gravado al 10,5%','iva',1,10.50,1,1,4,1,4,96,4),(2,NULL,'2020-04-16 10:33:23','gravado al 21%','iva',1,21.00,1,1,5,1,5,96,5),(3,NULL,'2020-04-16 10:33:23','gravado al 27%','iva',1,27.00,1,1,6,1,6,96,6),(4,NULL,'2020-04-16 10:33:23','gravado al 2,5%','iva',1,2.50,1,1,9,1,9,96,9),(5,NULL,'2020-04-16 10:33:23','gravado al 5%','iva',1,5.00,1,1,8,1,8,96,8),(6,NULL,'2020-04-16 10:33:23','gravado al 0%','iva',1,0.00,1,1,3,1,3,218,3),(7,NULL,'2020-04-16 10:33:23','no gravado','iva',1,0.00,1,1,1,1,1,218,3),(8,NULL,'2020-04-16 10:33:23','Exento','iva',1,0.00,1,1,2,1,2,218,3);

--
-- Table structure for table `tarjeta_txt_01`
--

CREATE TABLE `tarjeta_txt_01` (
  `id` int(10) unsigned NOT NULL AUTO_INCREMENT,
  `user_id` int(10) unsigned DEFAULT NULL,
  `descripcion` varchar(191) COLLATE utf8mb4_unicode_ci NOT NULL,
  `longitud` int(11) NOT NULL,
  `str_pad_to` tinyint(1) NOT NULL DEFAULT '0',
  `completar_con` varchar(191) COLLATE utf8mb4_unicode_ci DEFAULT NULL,
  `created_at` timestamp NULL DEFAULT NULL,
  `updated_at` timestamp NULL DEFAULT NULL,
  `deleted_at` timestamp NULL DEFAULT NULL,
  PRIMARY KEY (`id`)
) ENGINE=InnoDB DEFAULT CHARSET=utf8mb4 COLLATE=utf8mb4_unicode_ci;

--
-- Dumping data for table `tarjeta_txt_01`
--


--
-- Table structure for table `tarjeta_txt_02`
--

CREATE TABLE `tarjeta_txt_02` (
  `id` int(10) unsigned NOT NULL AUTO_INCREMENT,
  `user_id` int(10) unsigned DEFAULT NULL,
  `descripcion` varchar(191) COLLATE utf8mb4_unicode_ci NOT NULL,
  `longitud` int(11) NOT NULL,
  `str_pad_to` tinyint(1) NOT NULL DEFAULT '0',
  `completar_con` varchar(191) COLLATE utf8mb4_unicode_ci DEFAULT NULL,
  `created_at` timestamp NULL DEFAULT NULL,
  `updated_at` timestamp NULL DEFAULT NULL,
  `deleted_at` timestamp NULL DEFAULT NULL,
  PRIMARY KEY (`id`)
) ENGINE=InnoDB DEFAULT CHARSET=utf8mb4 COLLATE=utf8mb4_unicode_ci;

--
-- Dumping data for table `tarjeta_txt_02`
--


--
-- Table structure for table `tarjeta_txt_03`
--

CREATE TABLE `tarjeta_txt_03` (
  `id` int(10) unsigned NOT NULL AUTO_INCREMENT,
  `user_id` int(10) unsigned DEFAULT NULL,
  `descripcion` varchar(191) COLLATE utf8mb4_unicode_ci NOT NULL,
  `longitud` int(11) NOT NULL,
  `str_pad_to` tinyint(1) NOT NULL DEFAULT '0',
  `completar_con` varchar(191) COLLATE utf8mb4_unicode_ci DEFAULT NULL,
  `created_at` timestamp NULL DEFAULT NULL,
  `updated_at` timestamp NULL DEFAULT NULL,
  `deleted_at` timestamp NULL DEFAULT NULL,
  PRIMARY KEY (`id`)
) ENGINE=InnoDB DEFAULT CHARSET=utf8mb4 COLLATE=utf8mb4_unicode_ci;

--
-- Dumping data for table `tarjeta_txt_03`
--


--
-- Table structure for table `tarjetas_taxes`
--

CREATE TABLE `tarjetas_taxes` (
  `id` int(10) unsigned NOT NULL AUTO_INCREMENT,
  `descripcion` varchar(191) COLLATE utf8mb4_unicode_ci NOT NULL,
  `codigo` varchar(191) COLLATE utf8mb4_unicode_ci NOT NULL,
  `name_file` varchar(191) COLLATE utf8mb4_unicode_ci DEFAULT NULL,
  `num_convenio` varchar(191) COLLATE utf8mb4_unicode_ci DEFAULT NULL,
  `habilitado` tinyint(1) NOT NULL DEFAULT '1',
  `created_at` timestamp NULL DEFAULT NULL,
  `updated_at` timestamp NULL DEFAULT NULL,
  `deleted_at` timestamp NULL DEFAULT NULL,
  PRIMARY KEY (`id`)
) ENGINE=InnoDB DEFAULT CHARSET=utf8mb4 COLLATE=utf8mb4_unicode_ci;

--
-- Dumping data for table `tarjetas_taxes`
--


--
-- Table structure for table `tax_accounts`
--

CREATE TABLE `tax_accounts` (
  `id` int(10) unsigned NOT NULL AUTO_INCREMENT,
  `name` varchar(255) COLLATE utf8mb4_unicode_ci NOT NULL,
  `code` varchar(255) COLLATE utf8mb4_unicode_ci DEFAULT NULL,
  `description` text COLLATE utf8mb4_unicode_ci NOT NULL,
  `extra_description` text COLLATE utf8mb4_unicode_ci NOT NULL,
  `iibb_aliquot` decimal(16,2) NOT NULL DEFAULT '0.00',
  `created_at` timestamp NULL DEFAULT NULL,
  `updated_at` timestamp NULL DEFAULT NULL,
  PRIMARY KEY (`id`)
) ENGINE=InnoDB DEFAULT CHARSET=utf8mb4 COLLATE=utf8mb4_unicode_ci;

--
-- Dumping data for table `tax_accounts`
--


--
-- Table structure for table `taxes_adm_notif`
--

CREATE TABLE `taxes_adm_notif` (
  `id` int(10) unsigned NOT NULL AUTO_INCREMENT,
  `user_id` int(11) DEFAULT NULL,
  `taxes_adm_notif_tipo_id` int(10) unsigned NOT NULL,
  `fecha` date DEFAULT NULL,
  `titulo` varchar(191) COLLATE utf8mb4_unicode_ci DEFAULT NULL,
  `descripcion` longtext COLLATE utf8mb4_unicode_ci,
  `habilitado` tinyint(1) NOT NULL DEFAULT '1',
  `file` varchar(191) COLLATE utf8mb4_unicode_ci DEFAULT NULL,
  `file_original_name` varchar(191) COLLATE utf8mb4_unicode_ci DEFAULT NULL,
  `created_at` timestamp NULL DEFAULT NULL,
  `updated_at` timestamp NULL DEFAULT NULL,
  `deleted_at` timestamp NULL DEFAULT NULL,
  PRIMARY KEY (`id`),
  KEY `taxes_adm_notif_taxes_adm_notif_tipo_id_foreign` (`taxes_adm_notif_tipo_id`),
  CONSTRAINT `taxes_adm_notif_taxes_adm_notif_tipo_id_foreign` FOREIGN KEY (`taxes_adm_notif_tipo_id`) REFERENCES `taxes_adm_notif_tipos` (`id`)
) ENGINE=InnoDB DEFAULT CHARSET=utf8mb4 COLLATE=utf8mb4_unicode_ci;

--
-- Dumping data for table `taxes_adm_notif`
--


--
-- Table structure for table `taxes_adm_notif_tipos`
--

CREATE TABLE `taxes_adm_notif_tipos` (
  `id` int(10) unsigned NOT NULL AUTO_INCREMENT,
  `user_id` int(11) DEFAULT NULL,
  `descripcion` longtext COLLATE utf8mb4_unicode_ci,
  `habilitado` tinyint(1) NOT NULL DEFAULT '1',
  `created_at` timestamp NULL DEFAULT NULL,
  `updated_at` timestamp NULL DEFAULT NULL,
  `deleted_at` timestamp NULL DEFAULT NULL,
  PRIMARY KEY (`id`)
) ENGINE=InnoDB DEFAULT CHARSET=utf8mb4 COLLATE=utf8mb4_unicode_ci;

--
-- Dumping data for table `taxes_adm_notif_tipos`
--


--
-- Table structure for table `taxes_adm_notif_users`
--

CREATE TABLE `taxes_adm_notif_users` (
  `id` int(10) unsigned NOT NULL AUTO_INCREMENT,
  `taxes_adm_notif_id` int(10) unsigned NOT NULL,
  `user_id` int(10) unsigned NOT NULL,
  `show` tinyint(1) NOT NULL DEFAULT '1',
  `created_at` timestamp NULL DEFAULT NULL,
  `updated_at` timestamp NULL DEFAULT NULL,
  `deleted_at` timestamp NULL DEFAULT NULL,
  PRIMARY KEY (`id`),
  KEY `taxes_adm_notif_users_taxes_adm_notif_id_foreign` (`taxes_adm_notif_id`),
  KEY `taxes_adm_notif_users_user_id_foreign` (`user_id`),
  CONSTRAINT `taxes_adm_notif_users_taxes_adm_notif_id_foreign` FOREIGN KEY (`taxes_adm_notif_id`) REFERENCES `taxes_adm_notif` (`id`),
  CONSTRAINT `taxes_adm_notif_users_user_id_foreign` FOREIGN KEY (`user_id`) REFERENCES `tusers` (`idUser`)
) ENGINE=InnoDB DEFAULT CHARSET=utf8mb4 COLLATE=utf8mb4_unicode_ci;

--
-- Dumping data for table `taxes_adm_notif_users`
--


--
-- Table structure for table `taxes_servicios`
--

CREATE TABLE `taxes_servicios` (
  `id` int(10) unsigned NOT NULL AUTO_INCREMENT,
  `descripcion` varchar(191) COLLATE utf8mb4_unicode_ci DEFAULT NULL,
  `importe` decimal(16,2) NOT NULL DEFAULT '0.00',
  `dias_de_prueba` int(11) NOT NULL DEFAULT '0',
  `habilitado` tinyint(1) NOT NULL DEFAULT '1',
  `created_at` timestamp NULL DEFAULT NULL,
  `updated_at` timestamp NULL DEFAULT NULL,
  `deleted_at` timestamp NULL DEFAULT NULL,
  PRIMARY KEY (`id`)
) ENGINE=InnoDB DEFAULT CHARSET=utf8mb4 COLLATE=utf8mb4_unicode_ci;

--
-- Dumping data for table `taxes_servicios`
--


--
-- Table structure for table `taxes_servicios_details`
--

CREATE TABLE `taxes_servicios_details` (
  `id` int(10) unsigned NOT NULL AUTO_INCREMENT,
  `user_id` int(10) unsigned DEFAULT NULL,
  `taxes_servicio_id` int(10) unsigned NOT NULL,
  `person_id` int(10) unsigned NOT NULL,
  `person_id_relationed` int(10) unsigned NOT NULL,
  `comentario` text COLLATE utf8mb4_unicode_ci,
  `habilitado` tinyint(1) NOT NULL DEFAULT '1',
  `importe` decimal(16,2) NOT NULL DEFAULT '0.00',
  `created_at` timestamp NULL DEFAULT NULL,
  `updated_at` timestamp NULL DEFAULT NULL,
  `deleted_at` timestamp NULL DEFAULT NULL,
  PRIMARY KEY (`id`),
  KEY `taxes_servicios_details_user_id_foreign` (`user_id`),
  KEY `taxes_servicios_details_taxes_servicio_id_foreign` (`taxes_servicio_id`),
  KEY `taxes_servicios_details_person_id_foreign` (`person_id`),
  KEY `taxes_servicios_details_person_id_relationed_foreign` (`person_id_relationed`),
  CONSTRAINT `taxes_servicios_details_person_id_foreign` FOREIGN KEY (`person_id`) REFERENCES `persons` (`id`),
  CONSTRAINT `taxes_servicios_details_person_id_relationed_foreign` FOREIGN KEY (`person_id_relationed`) REFERENCES `persons` (`id`),
  CONSTRAINT `taxes_servicios_details_taxes_servicio_id_foreign` FOREIGN KEY (`taxes_servicio_id`) REFERENCES `taxes_servicios` (`id`),
  CONSTRAINT `taxes_servicios_details_user_id_foreign` FOREIGN KEY (`user_id`) REFERENCES `tusers` (`idUser`)
) ENGINE=InnoDB DEFAULT CHARSET=utf8mb4 COLLATE=utf8mb4_unicode_ci;

--
-- Dumping data for table `taxes_servicios_details`
--


--
-- Table structure for table `tcountrys`
--

CREATE TABLE `tcountrys` (
  `idCountry` int(10) unsigned NOT NULL AUTO_INCREMENT,
  `countryName` varchar(180) COLLATE utf8mb4_unicode_ci NOT NULL,
  `created_at` timestamp NULL DEFAULT NULL,
  `updated_at` timestamp NULL DEFAULT NULL,
  PRIMARY KEY (`idCountry`),
  UNIQUE KEY `tcountrys_countryname_unique` (`countryName`)
) ENGINE=InnoDB AUTO_INCREMENT=247 DEFAULT CHARSET=utf8mb4 COLLATE=utf8mb4_unicode_ci;

--
-- Dumping data for table `tcountrys`
--

INSERT INTO `tcountrys` VALUES (1,'Australia',NULL,NULL),(2,'Austria',NULL,NULL),(3,'Azerbaiyán',NULL,NULL),(4,'Anguilla',NULL,NULL),(5,'Argentina',NULL,NULL),(6,'Armenia',NULL,NULL),(7,'Bielorrusia',NULL,NULL),(8,'Belice',NULL,NULL),(9,'Bélgica',NULL,NULL),(10,'Bermudas',NULL,NULL),(11,'Bulgaria',NULL,NULL),(12,'Brasil',NULL,NULL),(13,'Reino Unido',NULL,NULL),(14,'Hungría',NULL,NULL),(15,'Vietnam',NULL,NULL),(16,'Haiti',NULL,NULL),(17,'Guadalupe',NULL,NULL),(18,'Alemania',NULL,NULL),(19,'Países Bajos - Holanda',NULL,NULL),(20,'Grecia',NULL,NULL),(21,'Georgia',NULL,NULL),(22,'Dinamarca',NULL,NULL),(23,'Egipto',NULL,NULL),(24,'Israel',NULL,NULL),(25,'India',NULL,NULL),(26,'Irán',NULL,NULL),(27,'Irlanda',NULL,NULL),(28,'España',NULL,NULL),(29,'Italia',NULL,NULL),(30,'Kazajstán',NULL,NULL),(31,'Camerún',NULL,NULL),(32,'Canadá',NULL,NULL),(33,'Chipre',NULL,NULL),(34,'Kirguistán',NULL,NULL),(35,'China',NULL,NULL),(36,'Costa Rica',NULL,NULL),(37,'Kuwait',NULL,NULL),(38,'Letonia',NULL,NULL),(39,'Libia',NULL,NULL),(40,'Lituania',NULL,NULL),(41,'Luxemburgo',NULL,NULL),(42,'México',NULL,NULL),(43,'Moldavia',NULL,NULL),(44,'Mónaco',NULL,NULL),(45,'Nueva Zelanda',NULL,NULL),(46,'Noruega',NULL,NULL),(47,'Polonia',NULL,NULL),(48,'Portugal',NULL,NULL),(49,'Reunión',NULL,NULL),(50,'Rusia',NULL,NULL),(51,'El Salvador',NULL,NULL),(52,'Eslovaquia',NULL,NULL),(53,'Eslovenia',NULL,NULL),(54,'Surinam',NULL,NULL),(55,'Estados Unidos',NULL,NULL),(56,'Tadjikistan',NULL,NULL),(57,'Turkmenistan',NULL,NULL),(58,'Islas Turcas y Caicos',NULL,NULL),(59,'Turquía',NULL,NULL),(60,'Uganda',NULL,NULL),(61,'Uzbekistán',NULL,NULL),(62,'Ucrania',NULL,NULL),(63,'Finlandia',NULL,NULL),(64,'Francia',NULL,NULL),(65,'República Checa',NULL,NULL),(66,'Suiza',NULL,NULL),(67,'Suecia',NULL,NULL),(68,'Estonia',NULL,NULL),(69,'Corea del Sur',NULL,NULL),(70,'Japón',NULL,NULL),(71,'Croacia',NULL,NULL),(72,'Rumanía',NULL,NULL),(73,'Hong Kong',NULL,NULL),(74,'Indonesia',NULL,NULL),(75,'Jordania',NULL,NULL),(76,'Malasia',NULL,NULL),(77,'Singapur',NULL,NULL),(78,'Taiwan',NULL,NULL),(79,'Bosnia y Herzegovina',NULL,NULL),(80,'Bahamas',NULL,NULL),(81,'Chile',NULL,NULL),(82,'Colombia',NULL,NULL),(83,'Islandia',NULL,NULL),(84,'Corea del Norte',NULL,NULL),(85,'Macedonia',NULL,NULL),(86,'Malta',NULL,NULL),(87,'Pakistán',NULL,NULL),(88,'Papúa-Nueva Guinea',NULL,NULL),(89,'Perú',NULL,NULL),(90,'Filipinas',NULL,NULL),(91,'Arabia Saudita',NULL,NULL),(92,'Tailandia',NULL,NULL),(93,'Emiratos árabes Unidos',NULL,NULL),(94,'Groenlandia',NULL,NULL),(95,'Venezuela',NULL,NULL),(96,'Zimbabwe',NULL,NULL),(97,'Kenia',NULL,NULL),(98,'Algeria',NULL,NULL),(99,'Líbano',NULL,NULL),(100,'Botsuana',NULL,NULL),(101,'Tanzania',NULL,NULL),(102,'Namibia',NULL,NULL),(103,'Ecuador',NULL,NULL),(104,'Marruecos',NULL,NULL),(105,'Ghana',NULL,NULL),(106,'Siria',NULL,NULL),(107,'Nepal',NULL,NULL),(108,'Mauritania',NULL,NULL),(109,'Seychelles',NULL,NULL),(110,'Paraguay',NULL,NULL),(111,'Uruguay',NULL,NULL),(112,'Congo (Brazzaville)',NULL,NULL),(113,'Cuba',NULL,NULL),(114,'Albania',NULL,NULL),(115,'Nigeria',NULL,NULL),(116,'Zambia',NULL,NULL),(117,'Mozambique',NULL,NULL),(119,'Angola',NULL,NULL),(120,'Sri Lanka',NULL,NULL),(121,'Etiopía',NULL,NULL),(122,'Túnez',NULL,NULL),(123,'Bolivia',NULL,NULL),(124,'Panamá',NULL,NULL),(125,'Malawi',NULL,NULL),(126,'Liechtenstein',NULL,NULL),(127,'Bahrein',NULL,NULL),(128,'Barbados',NULL,NULL),(130,'Chad',NULL,NULL),(131,'Man, Isla de',NULL,NULL),(132,'Jamaica',NULL,NULL),(133,'Malí',NULL,NULL),(134,'Madagascar',NULL,NULL),(135,'Senegal',NULL,NULL),(136,'Togo',NULL,NULL),(137,'Honduras',NULL,NULL),(138,'República Dominicana',NULL,NULL),(139,'Mongolia',NULL,NULL),(140,'Irak',NULL,NULL),(141,'Sudáfrica',NULL,NULL),(142,'Aruba',NULL,NULL),(143,'Gibraltar',NULL,NULL),(144,'Afganistán',NULL,NULL),(145,'Andorra',NULL,NULL),(147,'Antigua y Barbuda',NULL,NULL),(149,'Bangladesh',NULL,NULL);
INSERT INTO `tcountrys` VALUES (151,'Benín',NULL,NULL),(152,'Bután',NULL,NULL),(154,'Islas Virgenes Británicas',NULL,NULL),(155,'Brunéi',NULL,NULL),(156,'Burkina Faso',NULL,NULL),(157,'Burundi',NULL,NULL),(158,'Camboya',NULL,NULL),(159,'Cabo Verde',NULL,NULL),(164,'Comores',NULL,NULL),(165,'Congo (Kinshasa)',NULL,NULL),(166,'Cook, Islas',NULL,NULL),(168,'Costa de Marfil',NULL,NULL),(169,'Djibouti, Yibuti',NULL,NULL),(171,'Timor Oriental',NULL,NULL),(172,'Guinea Ecuatorial',NULL,NULL),(173,'Eritrea',NULL,NULL),(175,'Feroe, Islas',NULL,NULL),(176,'Fiyi',NULL,NULL),(178,'Polinesia Francesa',NULL,NULL),(180,'Gabón',NULL,NULL),(181,'Gambia',NULL,NULL),(184,'Granada',NULL,NULL),(185,'Guatemala',NULL,NULL),(186,'Guernsey',NULL,NULL),(187,'Guinea',NULL,NULL),(188,'Guinea-Bissau',NULL,NULL),(189,'Guyana',NULL,NULL),(193,'Jersey',NULL,NULL),(195,'Kiribati',NULL,NULL),(196,'Laos',NULL,NULL),(197,'Lesotho',NULL,NULL),(198,'Liberia',NULL,NULL),(200,'Maldivas',NULL,NULL),(201,'Martinica',NULL,NULL),(202,'Mauricio',NULL,NULL),(205,'Myanmar',NULL,NULL),(206,'Nauru',NULL,NULL),(207,'Antillas Holandesas',NULL,NULL),(208,'Nueva Caledonia',NULL,NULL),(209,'Nicaragua',NULL,NULL),(210,'Níger',NULL,NULL),(212,'Norfolk Island',NULL,NULL),(213,'Omán',NULL,NULL),(215,'Isla Pitcairn',NULL,NULL),(216,'Qatar',NULL,NULL),(217,'Ruanda',NULL,NULL),(218,'Santa Elena',NULL,NULL),(219,'San Cristobal y Nevis',NULL,NULL),(220,'Santa Lucía',NULL,NULL),(221,'San Pedro y Miquelón',NULL,NULL),(222,'San Vincente y Granadinas',NULL,NULL),(223,'Samoa',NULL,NULL),(224,'San Marino',NULL,NULL),(225,'San Tomé y Príncipe',NULL,NULL),(226,'Serbia y Montenegro',NULL,NULL),(227,'Sierra Leona',NULL,NULL),(228,'Islas Salomón',NULL,NULL),(229,'Somalia',NULL,NULL),(232,'Sudán',NULL,NULL),(234,'Swazilandia',NULL,NULL),(235,'Tokelau',NULL,NULL),(236,'Tonga',NULL,NULL),(237,'Trinidad y Tobago',NULL,NULL),(239,'Tuvalu',NULL,NULL),(240,'Vanuatu',NULL,NULL),(241,'Wallis y Futuna',NULL,NULL),(242,'Sáhara Occidental',NULL,NULL),(243,'Yemen',NULL,NULL),(246,'Puerto Rico',NULL,NULL);

--
-- Table structure for table `tdbabuelas`
--

CREATE TABLE `tdbabuelas` (
  `id` int(10) unsigned NOT NULL AUTO_INCREMENT,
  `person_id` int(10) unsigned DEFAULT NULL,
  `user_id` int(10) unsigned DEFAULT NULL,
  `nombreFantasia` varchar(255) COLLATE utf8mb4_unicode_ci DEFAULT NULL,
  `zone_id` int(10) unsigned DEFAULT NULL,
  `direccion` varchar(255) COLLATE utf8mb4_unicode_ci DEFAULT NULL,
  `telefonoFijo` varchar(255) COLLATE utf8mb4_unicode_ci DEFAULT NULL,
  `celular` varchar(255) COLLATE utf8mb4_unicode_ci DEFAULT NULL,
  `inscripcionAfip` varchar(255) COLLATE utf8mb4_unicode_ci DEFAULT NULL,
  `inscripcionIIBB` varchar(255) COLLATE utf8mb4_unicode_ci DEFAULT NULL,
  `inicioActividades` date DEFAULT NULL,
  `logo` varchar(255) COLLATE utf8mb4_unicode_ci DEFAULT NULL,
  `cuit_facturacion` varchar(191) COLLATE utf8mb4_unicode_ci DEFAULT NULL,
  `tarjeta_adhesion` tinyint(1) NOT NULL DEFAULT '0',
  `tarjeta_taxes_id` int(10) unsigned DEFAULT NULL,
  `tarjeta_num` varchar(191) COLLATE utf8mb4_unicode_ci DEFAULT NULL,
  `tarjeta_titular` varchar(191) COLLATE utf8mb4_unicode_ci DEFAULT NULL,
  `abono` decimal(16,2) NOT NULL,
  `metodo_pago_id` int(10) unsigned DEFAULT NULL,
  `inicioPruebaGratis` date DEFAULT NULL,
  `FinPruebaGratis` date DEFAULT NULL,
  `comentario` varchar(255) COLLATE utf8mb4_unicode_ci DEFAULT NULL,
  `status` int(11) NOT NULL DEFAULT '1',
  `created_at` timestamp NULL DEFAULT NULL,
  `updated_at` timestamp NULL DEFAULT NULL,
  `deleted_at` timestamp NULL DEFAULT NULL,
  PRIMARY KEY (`id`),
  KEY `tdbabuelas_person_id_foreign` (`person_id`),
  KEY `tdbabuelas_user_id_foreign` (`user_id`),
  KEY `tdbabuelas_tarjeta_taxes_id_foreign` (`tarjeta_taxes_id`),
  KEY `tdbabuelas_metodo_pago_id_foreign` (`metodo_pago_id`),
  CONSTRAINT `tdbabuelas_metodo_pago_id_foreign` FOREIGN KEY (`metodo_pago_id`) REFERENCES `cta_cte_tesoreria_cuentas` (`id`),
  CONSTRAINT `tdbabuelas_person_id_foreign` FOREIGN KEY (`person_id`) REFERENCES `persons` (`id`),
  CONSTRAINT `tdbabuelas_tarjeta_taxes_id_foreign` FOREIGN KEY (`tarjeta_taxes_id`) REFERENCES `tarjetas_taxes` (`id`),
  CONSTRAINT `tdbabuelas_user_id_foreign` FOREIGN KEY (`user_id`) REFERENCES `tusers` (`idUser`)
) ENGINE=InnoDB DEFAULT CHARSET=utf8mb4 COLLATE=utf8mb4_unicode_ci;

--
-- Dumping data for table `tdbabuelas`
--


--
-- Table structure for table `tickets`
--

CREATE TABLE `tickets` (
  `id` bigint(20) unsigned NOT NULL AUTO_INCREMENT,
  `user_id` int(10) unsigned DEFAULT NULL,
  `person_id` int(10) unsigned NOT NULL,
  `tickets_registradora_id` bigint(20) unsigned NOT NULL,
  `cae` varchar(191) COLLATE utf8mb4_unicode_ci DEFAULT NULL,
  `cae_vencimiento` date DEFAULT NULL,
  `nro_comprobante_afip` bigint(20) NOT NULL,
  `fecha` datetime NOT NULL,
  `total` decimal(16,2) NOT NULL DEFAULT '0.00',
  `created_at` timestamp NULL DEFAULT NULL,
  `updated_at` timestamp NULL DEFAULT NULL,
  `deleted_at` timestamp NULL DEFAULT NULL,
  PRIMARY KEY (`id`),
  KEY `tickets_person_id_foreign` (`person_id`),
  KEY `tickets_tickets_registradora_id_foreign` (`tickets_registradora_id`),
  CONSTRAINT `tickets_person_id_foreign` FOREIGN KEY (`person_id`) REFERENCES `persons` (`id`),
  CONSTRAINT `tickets_tickets_registradora_id_foreign` FOREIGN KEY (`tickets_registradora_id`) REFERENCES `tickets_registradora` (`id`)
) ENGINE=InnoDB DEFAULT CHARSET=utf8mb4 COLLATE=utf8mb4_unicode_ci;

--
-- Dumping data for table `tickets`
--


--
-- Table structure for table `tickets_deptos`
--

CREATE TABLE `tickets_deptos` (
  `id` bigint(20) unsigned NOT NULL AUTO_INCREMENT,
  `user_id` int(10) unsigned DEFAULT NULL,
  `person_id` int(10) unsigned NOT NULL,
  `tickets_registradora_id` bigint(20) unsigned NOT NULL,
  `descripcion` text COLLATE utf8mb4_unicode_ci NOT NULL,
  `codigo` text COLLATE utf8mb4_unicode_ci,
  `habilitado` tinyint(1) NOT NULL DEFAULT '1',
  `created_at` timestamp NULL DEFAULT NULL,
  `updated_at` timestamp NULL DEFAULT NULL,
  `deleted_at` timestamp NULL DEFAULT NULL,
  PRIMARY KEY (`id`),
  KEY `tickets_deptos_person_id_foreign` (`person_id`),
  KEY `tickets_deptos_tickets_registradora_id_foreign` (`tickets_registradora_id`),
  CONSTRAINT `tickets_deptos_person_id_foreign` FOREIGN KEY (`person_id`) REFERENCES `persons` (`id`),
  CONSTRAINT `tickets_deptos_tickets_registradora_id_foreign` FOREIGN KEY (`tickets_registradora_id`) REFERENCES `tickets_registradora` (`id`)
) ENGINE=InnoDB DEFAULT CHARSET=utf8mb4 COLLATE=utf8mb4_unicode_ci;

--
-- Dumping data for table `tickets_deptos`
--


--
-- Table structure for table `tickets_details`
--

CREATE TABLE `tickets_details` (
  `id` bigint(20) unsigned NOT NULL AUTO_INCREMENT,
  `user_id` int(10) unsigned DEFAULT NULL,
  `tickets_id` bigint(20) unsigned NOT NULL,
  `ticketable_id` int(10) unsigned NOT NULL,
  `ticketable_type` varchar(191) COLLATE utf8mb4_unicode_ci NOT NULL,
  `importe` decimal(16,2) NOT NULL DEFAULT '0.00',
  `cantidad` int(10) unsigned NOT NULL DEFAULT '1',
  `created_at` timestamp NULL DEFAULT NULL,
  `updated_at` timestamp NULL DEFAULT NULL,
  `deleted_at` timestamp NULL DEFAULT NULL,
  PRIMARY KEY (`id`),
  KEY `tickets_details_tickets_id_foreign` (`tickets_id`),
  CONSTRAINT `tickets_details_tickets_id_foreign` FOREIGN KEY (`tickets_id`) REFERENCES `tickets` (`id`)
) ENGINE=InnoDB DEFAULT CHARSET=utf8mb4 COLLATE=utf8mb4_unicode_ci;

--
-- Dumping data for table `tickets_details`
--


--
-- Table structure for table `tickets_registradora`
--

CREATE TABLE `tickets_registradora` (
  `id` bigint(20) unsigned NOT NULL AUTO_INCREMENT,
  `user_id` int(10) unsigned DEFAULT NULL,
  `descripcion` text COLLATE utf8mb4_unicode_ci NOT NULL,
  `person_id` int(10) unsigned NOT NULL,
  `cliente_id` int(10) unsigned NOT NULL,
  `taxable_iibb` int(11) NOT NULL DEFAULT '2',
  `type_receipt_id` int(10) unsigned NOT NULL,
  `cond_frente_iva` int(10) unsigned NOT NULL,
  `cond_venta` int(10) unsigned NOT NULL,
  `zone_id` int(10) unsigned NOT NULL,
  `activity_id` int(10) unsigned NOT NULL,
  `punto_venta_id` int(10) unsigned NOT NULL,
  `concepto_id` int(10) unsigned NOT NULL,
  `system_tax_id` int(10) unsigned NOT NULL,
  `logo` varchar(191) COLLATE utf8mb4_unicode_ci DEFAULT NULL,
  `is_fiscal` tinyint(1) NOT NULL DEFAULT '1',
  `usa_productos` tinyint(1) NOT NULL DEFAULT '0',
  `habilitado` tinyint(1) NOT NULL DEFAULT '1',
  `created_at` timestamp NULL DEFAULT NULL,
  `updated_at` timestamp NULL DEFAULT NULL,
  `deleted_at` timestamp NULL DEFAULT NULL,
  PRIMARY KEY (`id`),
  KEY `tickets_registradora_person_id_foreign` (`person_id`),
  KEY `tickets_registradora_cliente_id_foreign` (`cliente_id`),
  KEY `tickets_registradora_type_receipt_id_foreign` (`type_receipt_id`),
  KEY `tickets_registradora_cond_frente_iva_foreign` (`cond_frente_iva`),
  KEY `tickets_registradora_cond_venta_foreign` (`cond_venta`),
  KEY `tickets_registradora_zone_id_foreign` (`zone_id`),
  KEY `tickets_registradora_activity_id_foreign` (`activity_id`),
  KEY `tickets_registradora_punto_venta_id_foreign` (`punto_venta_id`),
  KEY `tickets_registradora_concepto_id_foreign` (`concepto_id`),
  KEY `tickets_registradora_system_tax_id_foreign` (`system_tax_id`),
  CONSTRAINT `tickets_registradora_activity_id_foreign` FOREIGN KEY (`activity_id`) REFERENCES `activities` (`id`),
  CONSTRAINT `tickets_registradora_cliente_id_foreign` FOREIGN KEY (`cliente_id`) REFERENCES `persons` (`id`),
  CONSTRAINT `tickets_registradora_concepto_id_foreign` FOREIGN KEY (`concepto_id`) REFERENCES `fact_elec_conceptos_afip` (`id`),
  CONSTRAINT `tickets_registradora_cond_frente_iva_foreign` FOREIGN KEY (`cond_frente_iva`) REFERENCES `condicion_frente_al_iva` (`id`),
  CONSTRAINT `tickets_registradora_cond_venta_foreign` FOREIGN KEY (`cond_venta`) REFERENCES `condiciones_venta` (`id`),
  CONSTRAINT `tickets_registradora_person_id_foreign` FOREIGN KEY (`person_id`) REFERENCES `persons` (`id`),
  CONSTRAINT `tickets_registradora_punto_venta_id_foreign` FOREIGN KEY (`punto_venta_id`) REFERENCES `fact_elec_puntos_venta` (`id`),
  CONSTRAINT `tickets_registradora_system_tax_id_foreign` FOREIGN KEY (`system_tax_id`) REFERENCES `system_taxes` (`id`),
  CONSTRAINT `tickets_registradora_type_receipt_id_foreign` FOREIGN KEY (`type_receipt_id`) REFERENCES `receipt_types` (`id`),
  CONSTRAINT `tickets_registradora_zone_id_foreign` FOREIGN KEY (`zone_id`) REFERENCES `zones` (`id`)
) ENGINE=InnoDB DEFAULT CHARSET=utf8mb4 COLLATE=utf8mb4_unicode_ci;

--
-- Dumping data for table `tickets_registradora`
--


--
-- Table structure for table `tipo_documento`
--

CREATE TABLE `tipo_documento` (
  `id` int(10) unsigned NOT NULL AUTO_INCREMENT,
  `user_id` int(10) unsigned DEFAULT NULL,
  `descripcion` varchar(191) COLLATE utf8mb4_unicode_ci NOT NULL,
  `codigo` varchar(191) COLLATE utf8mb4_unicode_ci NOT NULL,
  `habilitado` tinyint(1) NOT NULL DEFAULT '1',
  `created_at` timestamp NULL DEFAULT NULL,
  `updated_at` timestamp NULL DEFAULT NULL,
  `deleted_at` timestamp NULL DEFAULT NULL,
  PRIMARY KEY (`id`),
  UNIQUE KEY `tipo_documento_descripcion_unique` (`descripcion`),
  UNIQUE KEY `tipo_documento_codigo_unique` (`codigo`)
) ENGINE=InnoDB AUTO_INCREMENT=9 DEFAULT CHARSET=utf8mb4 COLLATE=utf8mb4_unicode_ci;

--
-- Dumping data for table `tipo_documento`
--

INSERT INTO `tipo_documento` VALUES (1,NULL,'CUIT','80',1,'2020-05-28 20:55:23','2020-05-28 20:55:23',NULL),(2,NULL,'CUIL','86',1,'2020-05-28 20:55:23','2020-05-28 20:55:23',NULL),(3,NULL,'CDI','87',1,'2020-05-28 20:55:23','2020-05-28 20:55:23',NULL),(4,NULL,'LE','89',1,'2020-05-28 20:55:23','2020-05-28 20:55:23',NULL),(5,NULL,'LC','90',1,'2020-05-28 20:55:23','2020-05-28 20:55:23',NULL),(6,NULL,'DNI','96',1,'2020-05-28 20:55:23','2020-05-28 20:55:23',NULL),(7,NULL,'Pasaporte','94',1,'2020-05-28 20:55:23','2020-05-28 20:55:23',NULL),(8,NULL,'Ventas Globales','99',1,'2020-05-28 20:55:23','2020-05-28 20:55:23',NULL);

--
-- Table structure for table `tmodules`
--

CREATE TABLE `tmodules` (
  `idModule` int(10) unsigned NOT NULL AUTO_INCREMENT,
  `nameModule` varchar(255) COLLATE utf8mb4_unicode_ci NOT NULL,
  `pathModule` varchar(255) COLLATE utf8mb4_unicode_ci NOT NULL,
  `idParent` int(11) NOT NULL,
  `created_at` timestamp NULL DEFAULT NULL,
  `updated_at` timestamp NULL DEFAULT NULL,
  `classIcon` varchar(255) COLLATE utf8mb4_unicode_ci NOT NULL,
  `show_user_admin` tinyint(1) NOT NULL DEFAULT '0',
  `show_user_empresas` tinyint(1) NOT NULL DEFAULT '0',
  `show_user_liquidador` tinyint(1) NOT NULL DEFAULT '0',
  PRIMARY KEY (`idModule`)
) ENGINE=InnoDB DEFAULT CHARSET=utf8mb4 COLLATE=utf8mb4_unicode_ci;

--
-- Dumping data for table `tmodules`
--


--
-- Table structure for table `tstates`
--

CREATE TABLE `tstates` (
  `idState` int(10) unsigned NOT NULL AUTO_INCREMENT,
  `idCountry` int(10) unsigned NOT NULL,
  `stateName` varchar(180) COLLATE utf8mb4_unicode_ci NOT NULL,
  `created_at` timestamp NULL DEFAULT NULL,
  `updated_at` timestamp NULL DEFAULT NULL,
  PRIMARY KEY (`idState`),
  KEY `tstates_idcountry_foreign` (`idCountry`),
  CONSTRAINT `tstates_idcountry_foreign` FOREIGN KEY (`idCountry`) REFERENCES `tcountrys` (`idCountry`)
) ENGINE=InnoDB AUTO_INCREMENT=2202 DEFAULT CHARSET=utf8mb4 COLLATE=utf8mb4_unicode_ci;

--
-- Dumping data for table `tstates`
--

INSERT INTO `tstates` VALUES (1,3,'Azerbaijan',NULL,NULL),(2,3,'Nargorni Karabakh',NULL,NULL),(3,3,'Nakhichevanskaya Region',NULL,NULL),(4,4,'Anguilla',NULL,NULL),(5,7,'Brestskaya obl.',NULL,NULL),(6,7,'Vitebskaya obl.',NULL,NULL),(7,7,'Gomelskaya obl.',NULL,NULL),(8,7,'Grodnenskaya obl.',NULL,NULL),(9,7,'Minskaya obl.',NULL,NULL),(10,7,'Mogilevskaya obl.',NULL,NULL),(11,8,'Belize',NULL,NULL),(12,10,'Hamilton',NULL,NULL),(13,15,'Dong Bang Song Cuu Long',NULL,NULL),(14,15,'Dong Bang Song Hong',NULL,NULL),(15,15,'Dong Nam Bo',NULL,NULL),(16,15,'Duyen Hai Mien Trung',NULL,NULL),(17,15,'Khu Bon Cu',NULL,NULL),(18,15,'Mien Nui Va Trung Du',NULL,NULL),(19,15,'Thai Nguyen',NULL,NULL),(20,16,'Artibonite',NULL,NULL),(21,16,'Grand&#039;Anse',NULL,NULL),(22,16,'North West',NULL,NULL),(23,16,'West',NULL,NULL),(24,16,'South',NULL,NULL),(25,16,'South  East',NULL,NULL),(26,17,'Grande-Terre',NULL,NULL),(27,17,'Basse-Terre',NULL,NULL),(28,21,'Abkhazia',NULL,NULL),(29,21,'Ajaria',NULL,NULL),(30,21,'Georgia',NULL,NULL),(31,21,'South Ossetia',NULL,NULL),(32,23,'Al QÄhira',NULL,NULL),(33,23,'Aswan',NULL,NULL),(34,23,'Asyut',NULL,NULL),(35,23,'Beni Suef',NULL,NULL),(36,23,'Gharbia',NULL,NULL),(37,23,'Damietta',NULL,NULL),(38,24,'Southern District',NULL,NULL),(39,24,'Central District',NULL,NULL),(40,24,'Northern District',NULL,NULL),(41,24,'Haifa',NULL,NULL),(42,24,'Tel Aviv',NULL,NULL),(43,24,'Jerusalem',NULL,NULL),(44,25,'Bangala',NULL,NULL),(45,25,'Chhattisgarh',NULL,NULL),(46,25,'Karnataka',NULL,NULL),(47,25,'Uttaranchal',NULL,NULL),(48,25,'Andhara Pradesh',NULL,NULL),(49,25,'Assam',NULL,NULL),(50,25,'Bihar',NULL,NULL),(51,25,'Gujarat',NULL,NULL),(52,25,'Jammu and Kashmir',NULL,NULL),(53,25,'Kerala',NULL,NULL),(54,25,'Madhya Pradesh',NULL,NULL),(55,25,'Manipur',NULL,NULL),(56,25,'Maharashtra',NULL,NULL),(57,25,'Megahalaya',NULL,NULL),(58,25,'Orissa',NULL,NULL),(59,25,'Punjab',NULL,NULL),(60,25,'Pondisheri',NULL,NULL),(61,25,'Rajasthan',NULL,NULL),(62,25,'Tamil Nadu',NULL,NULL),(63,25,'Tripura',NULL,NULL),(64,25,'Uttar Pradesh',NULL,NULL),(65,25,'Haryana',NULL,NULL),(66,25,'Chandigarh',NULL,NULL),(67,26,'Azarbayjan-e Khavari',NULL,NULL),(68,26,'Esfahan',NULL,NULL),(69,26,'Hamadan',NULL,NULL),(70,26,'Kordestan',NULL,NULL),(71,26,'Markazi',NULL,NULL),(72,26,'Sistan-e Baluches',NULL,NULL),(73,26,'Yazd',NULL,NULL),(74,26,'Kerman',NULL,NULL),(75,26,'Kermanshakhan',NULL,NULL),(76,26,'Mazenderan',NULL,NULL),(77,26,'Tehran',NULL,NULL),(78,26,'Fars',NULL,NULL),(79,26,'Horasan',NULL,NULL),(80,26,'Husistan',NULL,NULL),(81,30,'Aktyubinskaya obl.',NULL,NULL),(82,30,'Alma-Atinskaya obl.',NULL,NULL),(83,30,'Vostochno-Kazahstanskaya obl.',NULL,NULL),(84,30,'Gurevskaya obl.',NULL,NULL),(85,30,'Zhambylskaya obl. (Dzhambulskaya obl.)',NULL,NULL),(86,30,'Dzhezkazganskaya obl.',NULL,NULL),(87,30,'Karagandinskaya obl.',NULL,NULL),(88,30,'Kzyl-Ordinskaya obl.',NULL,NULL),(89,30,'Kokchetavskaya obl.',NULL,NULL),(90,30,'Kustanaiskaya obl.',NULL,NULL),(91,30,'Mangystauskaya (Mangyshlakskaya obl.)',NULL,NULL),(92,30,'Pavlodarskaya obl.',NULL,NULL),(93,30,'Severo-Kazahstanskaya obl.',NULL,NULL),(94,30,'Taldy-Kurganskaya obl.',NULL,NULL),(95,30,'Turgaiskaya obl.',NULL,NULL),(96,30,'Akmolinskaya obl. (Tselinogradskaya obl.)',NULL,NULL),(97,30,'Chimkentskaya obl.',NULL,NULL),(98,31,'Littoral',NULL,NULL),(99,31,'Southwest Region',NULL,NULL),(100,31,'North',NULL,NULL),(101,31,'Central',NULL,NULL),(102,33,'Government controlled area',NULL,NULL),(103,33,'Turkish controlled area',NULL,NULL),(104,34,'Issik Kulskaya Region',NULL,NULL),(105,34,'Kyrgyzstan',NULL,NULL),(106,34,'Narinskaya Region',NULL,NULL),(107,34,'Oshskaya Region',NULL,NULL),(108,34,'Tallaskaya Region',NULL,NULL),(109,37,'al-Jahra',NULL,NULL),(110,37,'al-Kuwait',NULL,NULL),(111,38,'Latviya',NULL,NULL),(112,39,'Tarabulus',NULL,NULL),(113,39,'Bengasi',NULL,NULL),(114,40,'Litva',NULL,NULL),(115,43,'Moldova',NULL,NULL),(116,45,'Auckland',NULL,NULL),(117,45,'Bay of Plenty',NULL,NULL);
INSERT INTO `tstates` VALUES (118,45,'Canterbury',NULL,NULL),(119,45,'Gisborne',NULL,NULL),(120,45,'Hawke&#039;s Bay',NULL,NULL),(121,45,'Manawatu-Wanganui',NULL,NULL),(122,45,'Marlborough',NULL,NULL),(123,45,'Nelson',NULL,NULL),(124,45,'Northland',NULL,NULL),(125,45,'Otago',NULL,NULL),(126,45,'Southland',NULL,NULL),(127,45,'Taranaki',NULL,NULL),(128,45,'Tasman',NULL,NULL),(129,45,'Waikato',NULL,NULL),(130,45,'Wellington',NULL,NULL),(131,45,'West Coast',NULL,NULL),(132,49,'Saint-Denis',NULL,NULL),(133,50,'Altaiskii krai',NULL,NULL),(134,50,'Amurskaya obl.',NULL,NULL),(135,50,'Arhangelskaya obl.',NULL,NULL),(136,50,'Astrahanskaya obl.',NULL,NULL),(137,50,'Bashkiriya obl.',NULL,NULL),(138,50,'Belgorodskaya obl.',NULL,NULL),(139,50,'Bryanskaya obl.',NULL,NULL),(140,50,'Buryatiya',NULL,NULL),(141,50,'Vladimirskaya obl.',NULL,NULL),(142,50,'Volgogradskaya obl.',NULL,NULL),(143,50,'Vologodskaya obl.',NULL,NULL),(144,50,'Voronezhskaya obl.',NULL,NULL),(145,50,'Nizhegorodskaya obl.',NULL,NULL),(146,50,'Dagestan',NULL,NULL),(147,50,'Evreiskaya obl.',NULL,NULL),(148,50,'Ivanovskaya obl.',NULL,NULL),(149,50,'Irkutskaya obl.',NULL,NULL),(150,50,'Kabardino-Balkariya',NULL,NULL),(151,50,'Kaliningradskaya obl.',NULL,NULL),(152,50,'Tverskaya obl.',NULL,NULL),(153,50,'Kalmykiya',NULL,NULL),(154,50,'Kaluzhskaya obl.',NULL,NULL),(155,50,'Kamchatskaya obl.',NULL,NULL),(156,50,'Kareliya',NULL,NULL),(157,50,'Kemerovskaya obl.',NULL,NULL),(158,50,'Kirovskaya obl.',NULL,NULL),(159,50,'Komi',NULL,NULL),(160,50,'Kostromskaya obl.',NULL,NULL),(161,50,'Krasnodarskii krai',NULL,NULL),(162,50,'Krasnoyarskii krai',NULL,NULL),(163,50,'Kurganskaya obl.',NULL,NULL),(164,50,'Kurskaya obl.',NULL,NULL),(165,50,'Lipetskaya obl.',NULL,NULL),(166,50,'Magadanskaya obl.',NULL,NULL),(167,50,'Marii El',NULL,NULL),(168,50,'Mordoviya',NULL,NULL),(169,50,'Moscow &amp; Moscow Region',NULL,NULL),(170,50,'Murmanskaya obl.',NULL,NULL),(171,50,'Novgorodskaya obl.',NULL,NULL),(172,50,'Novosibirskaya obl.',NULL,NULL),(173,50,'Omskaya obl.',NULL,NULL),(174,50,'Orenburgskaya obl.',NULL,NULL),(175,50,'Orlovskaya obl.',NULL,NULL),(176,50,'Penzenskaya obl.',NULL,NULL),(177,50,'Permskiy krai',NULL,NULL),(178,50,'Primorskii krai',NULL,NULL),(179,50,'Pskovskaya obl.',NULL,NULL),(180,50,'Rostovskaya obl.',NULL,NULL),(181,50,'Ryazanskaya obl.',NULL,NULL),(182,50,'Samarskaya obl.',NULL,NULL),(183,50,'Saint-Petersburg and Region',NULL,NULL),(184,50,'Saratovskaya obl.',NULL,NULL),(185,50,'Saha (Yakutiya)',NULL,NULL),(186,50,'Sahalin',NULL,NULL),(187,50,'Sverdlovskaya obl.',NULL,NULL),(188,50,'Severnaya Osetiya',NULL,NULL),(189,50,'Smolenskaya obl.',NULL,NULL),(190,50,'Stavropolskii krai',NULL,NULL),(191,50,'Tambovskaya obl.',NULL,NULL),(192,50,'Tatarstan',NULL,NULL),(193,50,'Tomskaya obl.',NULL,NULL),(195,50,'Tulskaya obl.',NULL,NULL),(196,50,'Tyumenskaya obl. i Hanty-Mansiiskii AO',NULL,NULL),(197,50,'Udmurtiya',NULL,NULL),(198,50,'Ulyanovskaya obl.',NULL,NULL),(199,50,'Uralskaya obl.',NULL,NULL),(200,50,'Habarovskii krai',NULL,NULL),(201,50,'Chelyabinskaya obl.',NULL,NULL),(202,50,'Checheno-Ingushetiya',NULL,NULL),(203,50,'Chitinskaya obl.',NULL,NULL),(204,50,'Chuvashiya',NULL,NULL),(205,50,'Yaroslavskaya obl.',NULL,NULL),(206,51,'Ahuachapán',NULL,NULL),(207,51,'Cuscatlán',NULL,NULL),(208,51,'La Libertad',NULL,NULL),(209,51,'La Paz',NULL,NULL),(210,51,'La Unión',NULL,NULL),(211,51,'San Miguel',NULL,NULL),(212,51,'San Salvador',NULL,NULL),(213,51,'Santa Ana',NULL,NULL),(214,51,'Sonsonate',NULL,NULL),(215,54,'Paramaribo',NULL,NULL),(216,56,'Gorno-Badakhshan Region',NULL,NULL),(217,56,'Kuljabsk Region',NULL,NULL),(218,56,'Kurgan-Tjube Region',NULL,NULL),(219,56,'Sughd Region',NULL,NULL),(220,56,'Tajikistan',NULL,NULL),(221,57,'Ashgabat Region',NULL,NULL),(222,57,'Krasnovodsk Region',NULL,NULL),(223,57,'Mary Region',NULL,NULL),(224,57,'Tashauz Region',NULL,NULL),(225,57,'Chardzhou Region',NULL,NULL),(226,58,'Grand Turk',NULL,NULL),(227,59,'Bartin',NULL,NULL);
INSERT INTO `tstates` VALUES (228,59,'Bayburt',NULL,NULL),(229,59,'Karabuk',NULL,NULL),(230,59,'Adana',NULL,NULL),(231,59,'Aydin',NULL,NULL),(232,59,'Amasya',NULL,NULL),(233,59,'Ankara',NULL,NULL),(234,59,'Antalya',NULL,NULL),(235,59,'Artvin',NULL,NULL),(236,59,'Afion',NULL,NULL),(237,59,'Balikesir',NULL,NULL),(238,59,'Bilecik',NULL,NULL),(239,59,'Bursa',NULL,NULL),(240,59,'Gaziantep',NULL,NULL),(241,59,'Denizli',NULL,NULL),(242,59,'Izmir',NULL,NULL),(243,59,'Isparta',NULL,NULL),(244,59,'Icel',NULL,NULL),(245,59,'Kayseri',NULL,NULL),(246,59,'Kars',NULL,NULL),(247,59,'Kodjaeli',NULL,NULL),(248,59,'Konya',NULL,NULL),(249,59,'Kirklareli',NULL,NULL),(250,59,'Kutahya',NULL,NULL),(251,59,'Malatya',NULL,NULL),(252,59,'Manisa',NULL,NULL),(253,59,'Sakarya',NULL,NULL),(254,59,'Samsun',NULL,NULL),(255,59,'Sivas',NULL,NULL),(256,59,'Istanbul',NULL,NULL),(257,59,'Trabzon',NULL,NULL),(258,59,'Corum',NULL,NULL),(259,59,'Edirne',NULL,NULL),(260,59,'Elazig',NULL,NULL),(261,59,'Erzincan',NULL,NULL),(262,59,'Erzurum',NULL,NULL),(263,59,'Eskisehir',NULL,NULL),(264,60,'Jinja',NULL,NULL),(265,60,'Kampala',NULL,NULL),(266,61,'Andijon Region',NULL,NULL),(267,61,'Buxoro Region',NULL,NULL),(268,61,'Jizzac Region',NULL,NULL),(269,61,'Qaraqalpaqstan',NULL,NULL),(270,61,'Qashqadaryo Region',NULL,NULL),(271,61,'Navoiy Region',NULL,NULL),(272,61,'Namangan Region',NULL,NULL),(273,61,'Samarqand Region',NULL,NULL),(274,61,'Surxondaryo Region',NULL,NULL),(275,61,'Sirdaryo Region',NULL,NULL),(276,61,'Tashkent Region',NULL,NULL),(277,61,'Fergana Region',NULL,NULL),(278,61,'Xorazm Region',NULL,NULL),(279,62,'Vinnitskaya obl.',NULL,NULL),(280,62,'Volynskaya obl.',NULL,NULL),(281,62,'Dnepropetrovskaya obl.',NULL,NULL),(282,62,'Donetskaya obl.',NULL,NULL),(283,62,'Zhitomirskaya obl.',NULL,NULL),(284,62,'Zakarpatskaya obl.',NULL,NULL),(285,62,'Zaporozhskaya obl.',NULL,NULL),(286,62,'Ivano-Frankovskaya obl.',NULL,NULL),(287,62,'Kievskaya obl.',NULL,NULL),(288,62,'Kirovogradskaya obl.',NULL,NULL),(289,62,'Krymskaya obl.',NULL,NULL),(290,62,'Luganskaya obl.',NULL,NULL),(291,62,'Lvovskaya obl.',NULL,NULL),(292,62,'Nikolaevskaya obl.',NULL,NULL),(293,62,'Odesskaya obl.',NULL,NULL),(294,62,'Poltavskaya obl.',NULL,NULL),(295,62,'Rovenskaya obl.',NULL,NULL),(296,62,'Sumskaya obl.',NULL,NULL),(297,62,'Ternopolskaya obl.',NULL,NULL),(298,62,'Harkovskaya obl.',NULL,NULL),(299,62,'Hersonskaya obl.',NULL,NULL),(300,62,'Hmelnitskaya obl.',NULL,NULL),(301,62,'Cherkasskaya obl.',NULL,NULL),(302,62,'Chernigovskaya obl.',NULL,NULL),(303,62,'Chernovitskaya obl.',NULL,NULL),(304,68,'Estoniya',NULL,NULL),(305,69,'Cheju',NULL,NULL),(306,69,'Chollabuk',NULL,NULL),(307,69,'Chollanam',NULL,NULL),(308,69,'Chungcheongbuk',NULL,NULL),(309,69,'Chungcheongnam',NULL,NULL),(310,69,'Incheon',NULL,NULL),(311,69,'Kangweon',NULL,NULL),(312,69,'Kwangju',NULL,NULL),(313,69,'Kyeonggi',NULL,NULL),(314,69,'Kyeongsangbuk',NULL,NULL),(315,69,'Kyeongsangnam',NULL,NULL),(316,69,'Pusan',NULL,NULL),(317,69,'Seoul',NULL,NULL),(318,69,'Taegu',NULL,NULL),(319,69,'Taejeon',NULL,NULL),(320,69,'Ulsan',NULL,NULL),(321,70,'Aichi',NULL,NULL),(322,70,'Akita',NULL,NULL),(323,70,'Aomori',NULL,NULL),(324,70,'Wakayama',NULL,NULL),(325,70,'Gifu',NULL,NULL),(326,70,'Gunma',NULL,NULL),(327,70,'Ibaraki',NULL,NULL),(328,70,'Iwate',NULL,NULL),(329,70,'Ishikawa',NULL,NULL),(330,70,'Kagawa',NULL,NULL),(331,70,'Kagoshima',NULL,NULL),(332,70,'Kanagawa',NULL,NULL),(333,70,'Kyoto',NULL,NULL),(334,70,'Kochi',NULL,NULL),(335,70,'Kumamoto',NULL,NULL),(336,70,'Mie',NULL,NULL),(337,70,'Miyagi',NULL,NULL),(338,70,'Miyazaki',NULL,NULL),(339,70,'Nagano',NULL,NULL),(340,70,'Nagasaki',NULL,NULL),(341,70,'Nara',NULL,NULL),(342,70,'Niigata',NULL,NULL),(343,70,'Okayama',NULL,NULL),(344,70,'Okinawa',NULL,NULL),(345,70,'Osaka',NULL,NULL),(346,70,'Saga',NULL,NULL),(347,70,'Saitama',NULL,NULL),(348,70,'Shiga',NULL,NULL),(349,70,'Shizuoka',NULL,NULL),(350,70,'Shimane',NULL,NULL),(351,70,'Tiba',NULL,NULL);
INSERT INTO `tstates` VALUES (352,70,'Tokyo',NULL,NULL),(353,70,'Tokushima',NULL,NULL),(354,70,'Tochigi',NULL,NULL),(355,70,'Tottori',NULL,NULL),(356,70,'Toyama',NULL,NULL),(357,70,'Fukui',NULL,NULL),(358,70,'Fukuoka',NULL,NULL),(359,70,'Fukushima',NULL,NULL),(360,70,'Hiroshima',NULL,NULL),(361,70,'Hokkaido',NULL,NULL),(362,70,'Hyogo',NULL,NULL),(363,70,'Yoshimi',NULL,NULL),(364,70,'Yamagata',NULL,NULL),(365,70,'Yamaguchi',NULL,NULL),(366,70,'Yamanashi',NULL,NULL),(368,73,'Hong Kong',NULL,NULL),(369,74,'Indonesia',NULL,NULL),(370,75,'Jordan',NULL,NULL),(371,76,'Malaysia',NULL,NULL),(372,77,'Singapore',NULL,NULL),(373,78,'Taiwan',NULL,NULL),(374,30,'Kazahstan',NULL,NULL),(375,62,'Ukraina',NULL,NULL),(376,25,'India',NULL,NULL),(377,23,'Egypt',NULL,NULL),(378,106,'Damascus',NULL,NULL),(379,131,'Isle of Man',NULL,NULL),(380,30,'Zapadno-Kazahstanskaya obl.',NULL,NULL),(381,50,'Adygeya',NULL,NULL),(382,50,'Hakasiya',NULL,NULL),(383,93,'Dubai',NULL,NULL),(384,50,'Chukotskii AO',NULL,NULL),(385,99,'Beirut',NULL,NULL),(386,137,'Tegucigalpa',NULL,NULL),(387,138,'Santo Domingo',NULL,NULL),(388,139,'Ulan Bator',NULL,NULL),(389,23,'Sinai',NULL,NULL),(390,140,'Baghdad',NULL,NULL),(391,140,'Basra',NULL,NULL),(392,140,'Mosul',NULL,NULL),(393,141,'Johannesburg',NULL,NULL),(394,104,'Morocco',NULL,NULL),(395,104,'Tangier',NULL,NULL),(396,50,'Yamalo-Nenetskii AO',NULL,NULL),(397,122,'Tunisia',NULL,NULL),(398,92,'Thailand',NULL,NULL),(399,117,'Mozambique',NULL,NULL),(400,84,'Korea',NULL,NULL),(401,87,'Pakistan',NULL,NULL),(402,142,'Aruba',NULL,NULL),(403,80,'Bahamas',NULL,NULL),(404,69,'South Korea',NULL,NULL),(405,132,'Jamaica',NULL,NULL),(406,93,'Sharjah',NULL,NULL),(407,93,'Abu Dhabi',NULL,NULL),(409,24,'Ramat Hagolan',NULL,NULL),(410,115,'Nigeria',NULL,NULL),(411,64,'Ain',NULL,NULL),(412,64,'Haute-Savoie',NULL,NULL),(413,64,'Aisne',NULL,NULL),(414,64,'Allier',NULL,NULL),(415,64,'Alpes-de-Haute-Provence',NULL,NULL),(416,64,'Hautes-Alpes',NULL,NULL),(417,64,'Alpes-Maritimes',NULL,NULL),(418,64,'Ard&egrave;che',NULL,NULL),(419,64,'Ardennes',NULL,NULL),(420,64,'Ari&egrave;ge',NULL,NULL),(421,64,'Aube',NULL,NULL),(422,64,'Aude',NULL,NULL),(423,64,'Aveyron',NULL,NULL),(424,64,'Bouches-du-Rh&ocirc;ne',NULL,NULL),(425,64,'Calvados',NULL,NULL),(426,64,'Cantal',NULL,NULL),(427,64,'Charente',NULL,NULL),(428,64,'Charente Maritime',NULL,NULL),(429,64,'Cher',NULL,NULL),(430,64,'Corr&egrave;ze',NULL,NULL),(431,64,'Dordogne',NULL,NULL),(432,64,'Corse',NULL,NULL),(433,64,'C&ocirc;te d&#039;Or',NULL,NULL),(434,64,'Sa&ocirc;ne et Loire',NULL,NULL),(435,64,'C&ocirc;tes d&#039;Armor',NULL,NULL),(436,64,'Creuse',NULL,NULL),(437,64,'Doubs',NULL,NULL),(438,64,'Dr&ocirc;me',NULL,NULL),(439,64,'Eure',NULL,NULL),(440,64,'Eure-et-Loire',NULL,NULL),(441,64,'Finist&egrave;re',NULL,NULL),(442,64,'Gard',NULL,NULL),(443,64,'Haute-Garonne',NULL,NULL),(444,64,'Gers',NULL,NULL),(445,64,'Gironde',NULL,NULL),(446,64,'Hérault',NULL,NULL),(447,64,'Ille et Vilaine',NULL,NULL),(448,64,'Indre',NULL,NULL),(449,64,'Indre-et-Loire',NULL,NULL),(450,64,'Isère',NULL,NULL),(451,64,'Jura',NULL,NULL),(452,64,'Landes',NULL,NULL),(453,64,'Loir-et-Cher',NULL,NULL),(454,64,'Loire',NULL,NULL),(455,64,'Rh&ocirc;ne',NULL,NULL),(456,64,'Haute-Loire',NULL,NULL),(457,64,'Loire Atlantique',NULL,NULL),(458,64,'Loiret',NULL,NULL),(459,64,'Lot',NULL,NULL),(460,64,'Lot-et-Garonne',NULL,NULL),(461,64,'Loz&egrave;re',NULL,NULL),(462,64,'Maine et Loire',NULL,NULL),(463,64,'Manche',NULL,NULL),(464,64,'Marne',NULL,NULL),(465,64,'Haute-Marne',NULL,NULL),(466,64,'Mayenne',NULL,NULL),(467,64,'Meurthe-et-Moselle',NULL,NULL),(468,64,'Meuse',NULL,NULL),(469,64,'Morbihan',NULL,NULL),(470,64,'Moselle',NULL,NULL),(471,64,'Ni&egrave;vre',NULL,NULL),(472,64,'Nord',NULL,NULL),(473,64,'Oise',NULL,NULL),(474,64,'Orne',NULL,NULL),(475,64,'Pas-de-Calais',NULL,NULL),(476,64,'Puy-de-D&ocirc;me',NULL,NULL),(477,64,'Pyrénées-Atlantiques',NULL,NULL),(478,64,'Hautes-Pyrénées',NULL,NULL);
INSERT INTO `tstates` VALUES (479,64,'Pyrénées-Orientales',NULL,NULL),(480,64,'Bas Rhin',NULL,NULL),(481,64,'Haut Rhin',NULL,NULL),(482,64,'Haute-Sa&ocirc;ne',NULL,NULL),(483,64,'Sarthe',NULL,NULL),(484,64,'Savoie',NULL,NULL),(485,64,'Paris',NULL,NULL),(486,64,'Seine-Maritime',NULL,NULL),(487,64,'Seine-et-Marne',NULL,NULL),(488,64,'Yvelines',NULL,NULL),(489,64,'Deux-S&egrave;vres',NULL,NULL),(490,64,'Somme',NULL,NULL),(491,64,'Tarn',NULL,NULL),(492,64,'Tarn-et-Garonne',NULL,NULL),(493,64,'Var',NULL,NULL),(494,64,'Vaucluse',NULL,NULL),(495,64,'Vendée',NULL,NULL),(496,64,'Vienne',NULL,NULL),(497,64,'Haute-Vienne',NULL,NULL),(498,64,'Vosges',NULL,NULL),(499,64,'Yonne',NULL,NULL),(500,64,'Territoire de Belfort',NULL,NULL),(501,64,'Essonne',NULL,NULL),(502,64,'Hauts-de-Seine',NULL,NULL),(503,64,'Seine-Saint-Denis',NULL,NULL),(504,64,'Val-de-Marne',NULL,NULL),(505,64,'Val-d&#039;Oise',NULL,NULL),(506,29,'Piemonte - Torino',NULL,NULL),(507,29,'Piemonte - Alessandria',NULL,NULL),(508,29,'Piemonte - Asti',NULL,NULL),(509,29,'Piemonte - Biella',NULL,NULL),(510,29,'Piemonte - Cuneo',NULL,NULL),(511,29,'Piemonte - Novara',NULL,NULL),(512,29,'Piemonte - Verbania',NULL,NULL),(513,29,'Piemonte - Vercelli',NULL,NULL),(514,29,'Valle d&#039;Aosta - Aosta',NULL,NULL),(515,29,'Lombardia - Milano',NULL,NULL),(516,29,'Lombardia - Bergamo',NULL,NULL),(517,29,'Lombardia - Brescia',NULL,NULL),(518,29,'Lombardia - Como',NULL,NULL),(519,29,'Lombardia - Cremona',NULL,NULL),(520,29,'Lombardia - Lecco',NULL,NULL),(521,29,'Lombardia - Lodi',NULL,NULL),(522,29,'Lombardia - Mantova',NULL,NULL),(523,29,'Lombardia - Pavia',NULL,NULL),(524,29,'Lombardia - Sondrio',NULL,NULL),(525,29,'Lombardia - Varese',NULL,NULL),(526,29,'Trentino Alto Adige - Trento',NULL,NULL),(527,29,'Trentino Alto Adige - Bolzano',NULL,NULL),(528,29,'Veneto - Venezia',NULL,NULL),(529,29,'Veneto - Belluno',NULL,NULL),(530,29,'Veneto - Padova',NULL,NULL),(531,29,'Veneto - Rovigo',NULL,NULL),(532,29,'Veneto - Treviso',NULL,NULL),(533,29,'Veneto - Verona',NULL,NULL),(534,29,'Veneto - Vicenza',NULL,NULL),(535,29,'Friuli Venezia Giulia - Trieste',NULL,NULL),(536,29,'Friuli Venezia Giulia - Gorizia',NULL,NULL),(537,29,'Friuli Venezia Giulia - Pordenone',NULL,NULL),(538,29,'Friuli Venezia Giulia - Udine',NULL,NULL),(539,29,'Liguria - Genova',NULL,NULL),(540,29,'Liguria - Imperia',NULL,NULL),(541,29,'Liguria - La Spezia',NULL,NULL),(542,29,'Liguria - Savona',NULL,NULL),(543,29,'Emilia Romagna - Bologna',NULL,NULL),(544,29,'Emilia Romagna - Ferrara',NULL,NULL),(545,29,'Emilia Romagna - Forlì-Cesena',NULL,NULL),(546,29,'Emilia Romagna - Modena',NULL,NULL),(547,29,'Emilia Romagna - Parma',NULL,NULL),(548,29,'Emilia Romagna - Piacenza',NULL,NULL),(549,29,'Emilia Romagna - Ravenna',NULL,NULL),(550,29,'Emilia Romagna - Reggio Emilia',NULL,NULL),(551,29,'Emilia Romagna - Rimini',NULL,NULL),(552,29,'Toscana - Firenze',NULL,NULL),(553,29,'Toscana - Arezzo',NULL,NULL),(554,29,'Toscana - Grosseto',NULL,NULL),(555,29,'Toscana - Livorno',NULL,NULL),(556,29,'Toscana - Lucca',NULL,NULL),(557,29,'Toscana - Massa Carrara',NULL,NULL),(558,29,'Toscana - Pisa',NULL,NULL),(559,29,'Toscana - Pistoia',NULL,NULL),(560,29,'Toscana - Prato',NULL,NULL),(561,29,'Toscana - Siena',NULL,NULL),(562,29,'Umbria - Perugia',NULL,NULL),(563,29,'Umbria - Terni',NULL,NULL),(564,29,'Marche - Ancona',NULL,NULL),(565,29,'Marche - Ascoli Piceno',NULL,NULL),(566,29,'Marche - Macerata',NULL,NULL),(567,29,'Marche - Pesaro - Urbino',NULL,NULL),(568,29,'Lazio - Roma',NULL,NULL),(569,29,'Lazio - Frosinone',NULL,NULL),(570,29,'Lazio - Latina',NULL,NULL),(571,29,'Lazio - Rieti',NULL,NULL),(572,29,'Lazio - Viterbo',NULL,NULL),(573,29,'Abruzzo - L´Aquila',NULL,NULL),(574,29,'Abruzzo - Chieti',NULL,NULL),(575,29,'Abruzzo - Pescara',NULL,NULL),(576,29,'Abruzzo - Teramo',NULL,NULL),(577,29,'Molise - Campobasso',NULL,NULL),(578,29,'Molise - Isernia',NULL,NULL),(579,29,'Campania - Napoli',NULL,NULL),(580,29,'Campania - Avellino',NULL,NULL);
INSERT INTO `tstates` VALUES (581,29,'Campania - Benevento',NULL,NULL),(582,29,'Campania - Caserta',NULL,NULL),(583,29,'Campania - Salerno',NULL,NULL),(584,29,'Puglia - Bari',NULL,NULL),(585,29,'Puglia - Brindisi',NULL,NULL),(586,29,'Puglia - Foggia',NULL,NULL),(587,29,'Puglia - Lecce',NULL,NULL),(588,29,'Puglia - Taranto',NULL,NULL),(589,29,'Basilicata - Potenza',NULL,NULL),(590,29,'Basilicata - Matera',NULL,NULL),(591,29,'Calabria - Catanzaro',NULL,NULL),(592,29,'Calabria - Cosenza',NULL,NULL),(593,29,'Calabria - Crotone',NULL,NULL),(594,29,'Calabria - Reggio Calabria',NULL,NULL),(595,29,'Calabria - Vibo Valentia',NULL,NULL),(596,29,'Sicilia - Palermo',NULL,NULL),(597,29,'Sicilia - Agrigento',NULL,NULL),(598,29,'Sicilia - Caltanissetta',NULL,NULL),(599,29,'Sicilia - Catania',NULL,NULL),(600,29,'Sicilia - Enna',NULL,NULL),(601,29,'Sicilia - Messina',NULL,NULL),(602,29,'Sicilia - Ragusa',NULL,NULL),(603,29,'Sicilia - Siracusa',NULL,NULL),(604,29,'Sicilia - Trapani',NULL,NULL),(605,29,'Sardegna - Cagliari',NULL,NULL),(606,29,'Sardegna - Nuoro',NULL,NULL),(607,29,'Sardegna - Oristano',NULL,NULL),(608,29,'Sardegna - Sassari',NULL,NULL),(609,28,'Las Palmas',NULL,NULL),(610,28,'Soria',NULL,NULL),(611,28,'Palencia',NULL,NULL),(612,28,'Zamora',NULL,NULL),(613,28,'Cádiz',NULL,NULL),(614,28,'Navarra',NULL,NULL),(615,28,'Ourense',NULL,NULL),(616,28,'Segovia',NULL,NULL),(617,28,'Guip&uacute;zcoa',NULL,NULL),(618,28,'Ciudad Real',NULL,NULL),(619,28,'Vizcaya',NULL,NULL),(620,28,'álava',NULL,NULL),(621,28,'A Coruña',NULL,NULL),(622,28,'Cantabria',NULL,NULL),(623,28,'Almería',NULL,NULL),(624,28,'Zaragoza',NULL,NULL),(625,28,'Santa Cruz de Tenerife',NULL,NULL),(626,28,'Cáceres',NULL,NULL),(627,28,'Guadalajara',NULL,NULL),(628,28,'ávila',NULL,NULL),(629,28,'Toledo',NULL,NULL),(630,28,'Castellón',NULL,NULL),(631,28,'Tarragona',NULL,NULL),(632,28,'Lugo',NULL,NULL),(633,28,'La Rioja',NULL,NULL),(634,28,'Ceuta',NULL,NULL),(635,28,'Murcia',NULL,NULL),(636,28,'Salamanca',NULL,NULL),(637,28,'Valladolid',NULL,NULL),(638,28,'Jaén',NULL,NULL),(639,28,'Girona',NULL,NULL),(640,28,'Granada',NULL,NULL),(641,28,'Alacant',NULL,NULL),(642,28,'Córdoba',NULL,NULL),(643,28,'Albacete',NULL,NULL),(644,28,'Cuenca',NULL,NULL),(645,28,'Pontevedra',NULL,NULL),(646,28,'Teruel',NULL,NULL),(647,28,'Melilla',NULL,NULL),(648,28,'Barcelona',NULL,NULL),(649,28,'Badajoz',NULL,NULL),(650,28,'Madrid',NULL,NULL),(651,28,'Sevilla',NULL,NULL),(652,28,'Val&egrave;ncia',NULL,NULL),(653,28,'Huelva',NULL,NULL),(654,28,'Lleida',NULL,NULL),(655,28,'León',NULL,NULL),(656,28,'Illes Balears',NULL,NULL),(657,28,'Burgos',NULL,NULL),(658,28,'Huesca',NULL,NULL),(659,28,'Asturias',NULL,NULL),(660,28,'Málaga',NULL,NULL),(661,144,'Afghanistan',NULL,NULL),(662,210,'Niger',NULL,NULL),(663,133,'Mali',NULL,NULL),(664,156,'Burkina Faso',NULL,NULL),(665,136,'Togo',NULL,NULL),(666,151,'Benin',NULL,NULL),(667,119,'Angola',NULL,NULL),(668,102,'Namibia',NULL,NULL),(669,100,'Botswana',NULL,NULL),(670,134,'Madagascar',NULL,NULL),(671,202,'Mauritius',NULL,NULL),(672,196,'Laos',NULL,NULL),(673,158,'Cambodia',NULL,NULL),(674,90,'Philippines',NULL,NULL),(675,88,'Papua New Guinea',NULL,NULL),(676,228,'Solomon Islands',NULL,NULL),(677,240,'Vanuatu',NULL,NULL),(678,176,'Fiji',NULL,NULL),(679,223,'Samoa',NULL,NULL),(680,206,'Nauru',NULL,NULL),(681,168,'Cote D&#039;Ivoire',NULL,NULL),(682,198,'Liberia',NULL,NULL),(683,187,'Guinea',NULL,NULL),(684,189,'Guyana',NULL,NULL),(685,98,'Algeria',NULL,NULL),(686,147,'Antigua and Barbuda',NULL,NULL),(687,127,'Bahrain',NULL,NULL),(688,149,'Bangladesh',NULL,NULL),(689,128,'Barbados',NULL,NULL),(690,152,'Bhutan',NULL,NULL),(691,155,'Brunei',NULL,NULL),(692,157,'Burundi',NULL,NULL),(693,159,'Cape Verde',NULL,NULL),(694,130,'Chad',NULL,NULL),(695,164,'Comoros',NULL,NULL),(696,112,'Congo (Brazzaville)',NULL,NULL),(697,169,'Djibouti',NULL,NULL),(698,171,'East Timor',NULL,NULL),(699,173,'Eritrea',NULL,NULL),(700,121,'Ethiopia',NULL,NULL);
INSERT INTO `tstates` VALUES (701,180,'Gabon',NULL,NULL),(702,181,'Gambia',NULL,NULL),(703,105,'Ghana',NULL,NULL),(704,197,'Lesotho',NULL,NULL),(705,125,'Malawi',NULL,NULL),(706,200,'Maldives',NULL,NULL),(707,205,'Myanmar (Burma)',NULL,NULL),(708,107,'Nepal',NULL,NULL),(709,213,'Oman',NULL,NULL),(710,217,'Rwanda',NULL,NULL),(711,91,'Saudi Arabia',NULL,NULL),(712,120,'Sri Lanka',NULL,NULL),(713,232,'Sudan',NULL,NULL),(714,234,'Swaziland',NULL,NULL),(715,101,'Tanzania',NULL,NULL),(716,236,'Tonga',NULL,NULL),(717,239,'Tuvalu',NULL,NULL),(718,242,'Western Sahara',NULL,NULL),(719,243,'Yemen',NULL,NULL),(720,116,'Zambia',NULL,NULL),(721,96,'Zimbabwe',NULL,NULL),(722,66,'Aargau',NULL,NULL),(723,66,'Appenzell Innerrhoden',NULL,NULL),(724,66,'Appenzell Ausserrhoden',NULL,NULL),(725,66,'Bern',NULL,NULL),(726,66,'Basel-Landschaft',NULL,NULL),(727,66,'Basel-Stadt',NULL,NULL),(728,66,'Fribourg',NULL,NULL),(729,66,'Gen&egrave;ve',NULL,NULL),(730,66,'Glarus',NULL,NULL),(731,66,'Graubünden',NULL,NULL),(732,66,'Jura',NULL,NULL),(733,66,'Luzern',NULL,NULL),(734,66,'Neuch&acirc;tel',NULL,NULL),(735,66,'Nidwalden',NULL,NULL),(736,66,'Obwalden',NULL,NULL),(737,66,'Sankt Gallen',NULL,NULL),(738,66,'Schaffhausen',NULL,NULL),(739,66,'Solothurn',NULL,NULL),(740,66,'Schwyz',NULL,NULL),(741,66,'Thurgau',NULL,NULL),(742,66,'Ticino',NULL,NULL),(743,66,'Uri',NULL,NULL),(744,66,'Vaud',NULL,NULL),(745,66,'Valais',NULL,NULL),(746,66,'Zug',NULL,NULL),(747,66,'Zürich',NULL,NULL),(749,48,'Aveiro',NULL,NULL),(750,48,'Beja',NULL,NULL),(751,48,'Braga',NULL,NULL),(752,48,'Braganca',NULL,NULL),(753,48,'Castelo Branco',NULL,NULL),(754,48,'Coimbra',NULL,NULL),(755,48,'Evora',NULL,NULL),(756,48,'Faro',NULL,NULL),(757,48,'Madeira',NULL,NULL),(758,48,'Guarda',NULL,NULL),(759,48,'Leiria',NULL,NULL),(760,48,'Lisboa',NULL,NULL),(761,48,'Portalegre',NULL,NULL),(762,48,'Porto',NULL,NULL),(763,48,'Santarem',NULL,NULL),(764,48,'Setubal',NULL,NULL),(765,48,'Viana do Castelo',NULL,NULL),(766,48,'Vila Real',NULL,NULL),(767,48,'Viseu',NULL,NULL),(768,48,'Azores',NULL,NULL),(769,55,'Armed Forces Americas',NULL,NULL),(770,55,'Armed Forces Europe',NULL,NULL),(771,55,'Alaska',NULL,NULL),(772,55,'Alabama',NULL,NULL),(773,55,'Armed Forces Pacific',NULL,NULL),(774,55,'Arkansas',NULL,NULL),(775,55,'American Samoa',NULL,NULL),(776,55,'Arizona',NULL,NULL),(777,55,'California',NULL,NULL),(778,55,'Colorado',NULL,NULL),(779,55,'Connecticut',NULL,NULL),(780,55,'District of Columbia',NULL,NULL),(781,55,'Delaware',NULL,NULL),(782,55,'Florida',NULL,NULL),(783,55,'Federated States of Micronesia',NULL,NULL),(784,55,'Georgia',NULL,NULL),(786,55,'Hawaii',NULL,NULL),(787,55,'Iowa',NULL,NULL),(788,55,'Idaho',NULL,NULL),(789,55,'Illinois',NULL,NULL),(790,55,'Indiana',NULL,NULL),(791,55,'Kansas',NULL,NULL),(792,55,'Kentucky',NULL,NULL),(793,55,'Louisiana',NULL,NULL),(794,55,'Massachusetts',NULL,NULL),(795,55,'Maryland',NULL,NULL),(796,55,'Maine',NULL,NULL),(797,55,'Marshall Islands',NULL,NULL),(798,55,'Michigan',NULL,NULL),(799,55,'Minnesota',NULL,NULL),(800,55,'Missouri',NULL,NULL),(801,55,'Northern Mariana Islands',NULL,NULL),(802,55,'Mississippi',NULL,NULL),(803,55,'Montana',NULL,NULL),(804,55,'North Carolina',NULL,NULL),(805,55,'North Dakota',NULL,NULL),(806,55,'Nebraska',NULL,NULL),(807,55,'New Hampshire',NULL,NULL),(808,55,'New Jersey',NULL,NULL),(809,55,'New Mexico',NULL,NULL),(810,55,'Nevada',NULL,NULL),(811,55,'New York',NULL,NULL),(812,55,'Ohio',NULL,NULL),(813,55,'Oklahoma',NULL,NULL),(814,55,'Oregon',NULL,NULL),(815,55,'Pennsylvania',NULL,NULL),(816,246,'Puerto Rico',NULL,NULL),(817,55,'Palau',NULL,NULL),(818,55,'Rhode Island',NULL,NULL),(819,55,'South Carolina',NULL,NULL),(820,55,'South Dakota',NULL,NULL),(821,55,'Tennessee',NULL,NULL),(822,55,'Texas',NULL,NULL),(823,55,'Utah',NULL,NULL),(824,55,'Virginia',NULL,NULL),(825,55,'Virgin Islands',NULL,NULL),(826,55,'Vermont',NULL,NULL),(827,55,'Washington',NULL,NULL),(828,55,'West Virginia',NULL,NULL);
INSERT INTO `tstates` VALUES (829,55,'Wisconsin',NULL,NULL),(830,55,'Wyoming',NULL,NULL),(831,94,'Greenland',NULL,NULL),(832,18,'Brandenburg',NULL,NULL),(833,18,'Baden-Württemberg',NULL,NULL),(834,18,'Bayern',NULL,NULL),(835,18,'Hessen',NULL,NULL),(836,18,'Hamburg',NULL,NULL),(837,18,'Mecklenburg-Vorpommern',NULL,NULL),(838,18,'Niedersachsen',NULL,NULL),(839,18,'Nordrhein-Westfalen',NULL,NULL),(840,18,'Rheinland-Pfalz',NULL,NULL),(841,18,'Schleswig-Holstein',NULL,NULL),(842,18,'Sachsen',NULL,NULL),(843,18,'Sachsen-Anhalt',NULL,NULL),(844,18,'Thüringen',NULL,NULL),(845,18,'Berlin',NULL,NULL),(846,18,'Bremen',NULL,NULL),(847,18,'Saarland',NULL,NULL),(848,13,'Scotland North',NULL,NULL),(849,13,'England - East',NULL,NULL),(850,13,'England - West Midlands',NULL,NULL),(851,13,'England - South West',NULL,NULL),(852,13,'England - North West',NULL,NULL),(853,13,'England - Yorks &amp; Humber',NULL,NULL),(854,13,'England - South East',NULL,NULL),(855,13,'England - London',NULL,NULL),(856,13,'Northern Ireland',NULL,NULL),(857,13,'England - North East',NULL,NULL),(858,13,'Wales South',NULL,NULL),(859,13,'Wales North',NULL,NULL),(860,13,'England - East Midlands',NULL,NULL),(861,13,'Scotland Central',NULL,NULL),(862,13,'Scotland South',NULL,NULL),(863,13,'Channel Islands',NULL,NULL),(864,13,'Isle of Man',NULL,NULL),(865,2,'Burgenland',NULL,NULL),(866,2,'Kärnten',NULL,NULL),(867,2,'Niederösterreich',NULL,NULL),(868,2,'Oberösterreich',NULL,NULL),(869,2,'Salzburg',NULL,NULL),(870,2,'Steiermark',NULL,NULL),(871,2,'Tirol',NULL,NULL),(872,2,'Vorarlberg',NULL,NULL),(873,2,'Wien',NULL,NULL),(874,9,'Bruxelles',NULL,NULL),(875,9,'West-Vlaanderen',NULL,NULL),(876,9,'Oost-Vlaanderen',NULL,NULL),(877,9,'Limburg',NULL,NULL),(878,9,'Vlaams Brabant',NULL,NULL),(879,9,'Antwerpen',NULL,NULL),(880,9,'LiÄge',NULL,NULL),(881,9,'Namur',NULL,NULL),(882,9,'Hainaut',NULL,NULL),(883,9,'Luxembourg',NULL,NULL),(884,9,'Brabant Wallon',NULL,NULL),(887,67,'Blekinge Lan',NULL,NULL),(888,67,'Gavleborgs Lan',NULL,NULL),(890,67,'Gotlands Lan',NULL,NULL),(891,67,'Hallands Lan',NULL,NULL),(892,67,'Jamtlands Lan',NULL,NULL),(893,67,'Jonkopings Lan',NULL,NULL),(894,67,'Kalmar Lan',NULL,NULL),(895,67,'Dalarnas Lan',NULL,NULL),(897,67,'Kronobergs Lan',NULL,NULL),(899,67,'Norrbottens Lan',NULL,NULL),(900,67,'Orebro Lan',NULL,NULL),(901,67,'Ostergotlands Lan',NULL,NULL),(903,67,'Sodermanlands Lan',NULL,NULL),(904,67,'Uppsala Lan',NULL,NULL),(905,67,'Varmlands Lan',NULL,NULL),(906,67,'Vasterbottens Lan',NULL,NULL),(907,67,'Vasternorrlands Lan',NULL,NULL),(908,67,'Vastmanlands Lan',NULL,NULL),(909,67,'Stockholms Lan',NULL,NULL),(910,67,'Skane Lan',NULL,NULL),(911,67,'Vastra Gotaland',NULL,NULL),(913,46,'Akershus',NULL,NULL),(914,46,'Aust-Agder',NULL,NULL),(915,46,'Buskerud',NULL,NULL),(916,46,'Finnmark',NULL,NULL),(917,46,'Hedmark',NULL,NULL),(918,46,'Hordaland',NULL,NULL),(919,46,'More og Romsdal',NULL,NULL),(920,46,'Nordland',NULL,NULL),(921,46,'Nord-Trondelag',NULL,NULL),(922,46,'Oppland',NULL,NULL),(923,46,'Oslo',NULL,NULL),(924,46,'Ostfold',NULL,NULL),(925,46,'Rogaland',NULL,NULL),(926,46,'Sogn og Fjordane',NULL,NULL),(927,46,'Sor-Trondelag',NULL,NULL),(928,46,'Telemark',NULL,NULL),(929,46,'Troms',NULL,NULL),(930,46,'Vest-Agder',NULL,NULL),(931,46,'Vestfold',NULL,NULL),(933,63,'&ETH;&bull;land',NULL,NULL),(934,63,'Lapland',NULL,NULL),(935,63,'Oulu',NULL,NULL),(936,63,'Southern Finland',NULL,NULL),(937,63,'Eastern Finland',NULL,NULL),(938,63,'Western Finland',NULL,NULL),(940,22,'Arhus',NULL,NULL),(941,22,'Bornholm',NULL,NULL),(942,22,'Frederiksborg',NULL,NULL),(943,22,'Fyn',NULL,NULL),(944,22,'Kobenhavn',NULL,NULL),(945,22,'Staden Kobenhavn',NULL,NULL),(946,22,'Nordjylland',NULL,NULL),(947,22,'Ribe',NULL,NULL),(948,22,'Ringkobing',NULL,NULL),(949,22,'Roskilde',NULL,NULL),(950,22,'Sonderjylland',NULL,NULL),(951,22,'Storstrom',NULL,NULL),(952,22,'Vejle',NULL,NULL),(953,22,'Vestsjalland',NULL,NULL),(954,22,'Viborg',NULL,NULL);
INSERT INTO `tstates` VALUES (956,65,'Hlavni Mesto Praha',NULL,NULL),(957,65,'Jihomoravsky Kraj',NULL,NULL),(958,65,'Jihocesky Kraj',NULL,NULL),(959,65,'Vysocina',NULL,NULL),(960,65,'Karlovarsky Kraj',NULL,NULL),(961,65,'Kralovehradecky Kraj',NULL,NULL),(962,65,'Liberecky Kraj',NULL,NULL),(963,65,'Olomoucky Kraj',NULL,NULL),(964,65,'Moravskoslezsky Kraj',NULL,NULL),(965,65,'Pardubicky Kraj',NULL,NULL),(966,65,'Plzensky Kraj',NULL,NULL),(967,65,'Stredocesky Kraj',NULL,NULL),(968,65,'Ustecky Kraj',NULL,NULL),(969,65,'Zlinsky Kraj',NULL,NULL),(971,114,'Berat',NULL,NULL),(972,114,'Diber',NULL,NULL),(973,114,'Durres',NULL,NULL),(974,114,'Elbasan',NULL,NULL),(975,114,'Fier',NULL,NULL),(976,114,'Gjirokaster',NULL,NULL),(977,114,'Korce',NULL,NULL),(978,114,'Kukes',NULL,NULL),(979,114,'Lezhe',NULL,NULL),(980,114,'Shkoder',NULL,NULL),(981,114,'Tirane',NULL,NULL),(982,114,'Vlore',NULL,NULL),(984,145,'Canillo',NULL,NULL),(985,145,'Encamp',NULL,NULL),(986,145,'La Massana',NULL,NULL),(987,145,'Ordino',NULL,NULL),(988,145,'Sant Julia de Loria',NULL,NULL),(989,145,'Andorra la Vella',NULL,NULL),(990,145,'Escaldes-Engordany',NULL,NULL),(992,6,'Aragatsotn',NULL,NULL),(993,6,'Ararat',NULL,NULL),(994,6,'Armavir',NULL,NULL),(995,6,'Geghark&#039;unik&#039;',NULL,NULL),(996,6,'Kotayk&#039;',NULL,NULL),(997,6,'Lorri',NULL,NULL),(998,6,'Shirak',NULL,NULL),(999,6,'Syunik&#039;',NULL,NULL),(1000,6,'Tavush',NULL,NULL),(1001,6,'Vayots&#039; Dzor',NULL,NULL),(1002,6,'Yerevan',NULL,NULL),(1004,79,'Federation of Bosnia and Herzegovina',NULL,NULL),(1005,79,'Republika Srpska',NULL,NULL),(1007,11,'Mikhaylovgrad',NULL,NULL),(1008,11,'Blagoevgrad',NULL,NULL),(1009,11,'Burgas',NULL,NULL),(1010,11,'Dobrich',NULL,NULL),(1011,11,'Gabrovo',NULL,NULL),(1012,11,'Grad Sofiya',NULL,NULL),(1013,11,'Khaskovo',NULL,NULL),(1014,11,'Kurdzhali',NULL,NULL),(1015,11,'Kyustendil',NULL,NULL),(1016,11,'Lovech',NULL,NULL),(1017,11,'Montana',NULL,NULL),(1018,11,'Pazardzhik',NULL,NULL),(1019,11,'Pernik',NULL,NULL),(1020,11,'Pleven',NULL,NULL),(1021,11,'Plovdiv',NULL,NULL),(1022,11,'Razgrad',NULL,NULL),(1023,11,'Ruse',NULL,NULL),(1024,11,'Shumen',NULL,NULL),(1025,11,'Silistra',NULL,NULL),(1026,11,'Sliven',NULL,NULL),(1027,11,'Smolyan',NULL,NULL),(1028,11,'Sofiya',NULL,NULL),(1029,11,'Stara Zagora',NULL,NULL),(1030,11,'Turgovishte',NULL,NULL),(1031,11,'Varna',NULL,NULL),(1032,11,'Veliko Turnovo',NULL,NULL),(1033,11,'Vidin',NULL,NULL),(1034,11,'Vratsa',NULL,NULL),(1035,11,'Yambol',NULL,NULL),(1037,71,'Bjelovarsko-Bilogorska',NULL,NULL),(1038,71,'Brodsko-Posavska',NULL,NULL),(1039,71,'Dubrovacko-Neretvanska',NULL,NULL),(1040,71,'Istarska',NULL,NULL),(1041,71,'Karlovacka',NULL,NULL),(1042,71,'Koprivnicko-Krizevacka',NULL,NULL),(1043,71,'Krapinsko-Zagorska',NULL,NULL),(1044,71,'Licko-Senjska',NULL,NULL),(1045,71,'Medimurska',NULL,NULL),(1046,71,'Osjecko-Baranjska',NULL,NULL),(1047,71,'Pozesko-Slavonska',NULL,NULL),(1048,71,'Primorsko-Goranska',NULL,NULL),(1049,71,'Sibensko-Kninska',NULL,NULL),(1050,71,'Sisacko-Moslavacka',NULL,NULL),(1051,71,'Splitsko-Dalmatinska',NULL,NULL),(1052,71,'Varazdinska',NULL,NULL),(1053,71,'Viroviticko-Podravska',NULL,NULL),(1054,71,'Vukovarsko-Srijemska',NULL,NULL),(1055,71,'Zadarska',NULL,NULL),(1056,71,'Zagrebacka',NULL,NULL),(1057,71,'Grad Zagreb',NULL,NULL),(1059,143,'Gibraltar',NULL,NULL),(1060,20,'Evros',NULL,NULL),(1061,20,'Rodhopi',NULL,NULL),(1062,20,'Xanthi',NULL,NULL),(1063,20,'Drama',NULL,NULL),(1064,20,'Serrai',NULL,NULL),(1065,20,'Kilkis',NULL,NULL),(1066,20,'Pella',NULL,NULL),(1067,20,'Florina',NULL,NULL),(1068,20,'Kastoria',NULL,NULL),(1069,20,'Grevena',NULL,NULL),(1070,20,'Kozani',NULL,NULL),(1071,20,'Imathia',NULL,NULL),(1072,20,'Thessaloniki',NULL,NULL),(1073,20,'Kavala',NULL,NULL),(1074,20,'Khalkidhiki',NULL,NULL),(1075,20,'Pieria',NULL,NULL),(1076,20,'Ioannina',NULL,NULL),(1077,20,'Thesprotia',NULL,NULL),(1078,20,'Preveza',NULL,NULL),(1079,20,'Arta',NULL,NULL),(1080,20,'Larisa',NULL,NULL);
INSERT INTO `tstates` VALUES (1081,20,'Trikala',NULL,NULL),(1082,20,'Kardhitsa',NULL,NULL),(1083,20,'Magnisia',NULL,NULL),(1084,20,'Kerkira',NULL,NULL),(1085,20,'Levkas',NULL,NULL),(1086,20,'Kefallinia',NULL,NULL),(1087,20,'Zakinthos',NULL,NULL),(1088,20,'Fthiotis',NULL,NULL),(1089,20,'Evritania',NULL,NULL),(1090,20,'Aitolia kai Akarnania',NULL,NULL),(1091,20,'Fokis',NULL,NULL),(1092,20,'Voiotia',NULL,NULL),(1093,20,'Evvoia',NULL,NULL),(1094,20,'Attiki',NULL,NULL),(1095,20,'Argolis',NULL,NULL),(1096,20,'Korinthia',NULL,NULL),(1097,20,'Akhaia',NULL,NULL),(1098,20,'Ilia',NULL,NULL),(1099,20,'Messinia',NULL,NULL),(1100,20,'Arkadhia',NULL,NULL),(1101,20,'Lakonia',NULL,NULL),(1102,20,'Khania',NULL,NULL),(1103,20,'Rethimni',NULL,NULL),(1104,20,'Iraklion',NULL,NULL),(1105,20,'Lasithi',NULL,NULL),(1106,20,'Dhodhekanisos',NULL,NULL),(1107,20,'Samos',NULL,NULL),(1108,20,'Kikladhes',NULL,NULL),(1109,20,'Khios',NULL,NULL),(1110,20,'Lesvos',NULL,NULL),(1112,14,'Bacs-Kiskun',NULL,NULL),(1113,14,'Baranya',NULL,NULL),(1114,14,'Bekes',NULL,NULL),(1115,14,'Borsod-Abauj-Zemplen',NULL,NULL),(1116,14,'Budapest',NULL,NULL),(1117,14,'Csongrad',NULL,NULL),(1118,14,'Debrecen',NULL,NULL),(1119,14,'Fejer',NULL,NULL),(1120,14,'Gyor-Moson-Sopron',NULL,NULL),(1121,14,'Hajdu-Bihar',NULL,NULL),(1122,14,'Heves',NULL,NULL),(1123,14,'Komarom-Esztergom',NULL,NULL),(1124,14,'Miskolc',NULL,NULL),(1125,14,'Nograd',NULL,NULL),(1126,14,'Pecs',NULL,NULL),(1127,14,'Pest',NULL,NULL),(1128,14,'Somogy',NULL,NULL),(1129,14,'Szabolcs-Szatmar-Bereg',NULL,NULL),(1130,14,'Szeged',NULL,NULL),(1131,14,'Jasz-Nagykun-Szolnok',NULL,NULL),(1132,14,'Tolna',NULL,NULL),(1133,14,'Vas',NULL,NULL),(1134,14,'Veszprem',NULL,NULL),(1135,14,'Zala',NULL,NULL),(1136,14,'Gyor',NULL,NULL),(1150,14,'Veszprem',NULL,NULL),(1152,126,'Balzers',NULL,NULL),(1153,126,'Eschen',NULL,NULL),(1154,126,'Gamprin',NULL,NULL),(1155,126,'Mauren',NULL,NULL),(1156,126,'Planken',NULL,NULL),(1157,126,'Ruggell',NULL,NULL),(1158,126,'Schaan',NULL,NULL),(1159,126,'Schellenberg',NULL,NULL),(1160,126,'Triesen',NULL,NULL),(1161,126,'Triesenberg',NULL,NULL),(1162,126,'Vaduz',NULL,NULL),(1163,41,'Diekirch',NULL,NULL),(1164,41,'Grevenmacher',NULL,NULL),(1165,41,'Luxembourg',NULL,NULL),(1167,85,'Aracinovo',NULL,NULL),(1168,85,'Bac',NULL,NULL),(1169,85,'Belcista',NULL,NULL),(1170,85,'Berovo',NULL,NULL),(1171,85,'Bistrica',NULL,NULL),(1172,85,'Bitola',NULL,NULL),(1173,85,'Blatec',NULL,NULL),(1174,85,'Bogdanci',NULL,NULL),(1175,85,'Bogomila',NULL,NULL),(1176,85,'Bogovinje',NULL,NULL),(1177,85,'Bosilovo',NULL,NULL),(1179,85,'Cair',NULL,NULL),(1180,85,'Capari',NULL,NULL),(1181,85,'Caska',NULL,NULL),(1182,85,'Cegrane',NULL,NULL),(1184,85,'Centar Zupa',NULL,NULL),(1187,85,'Debar',NULL,NULL),(1188,85,'Delcevo',NULL,NULL),(1190,85,'Demir Hisar',NULL,NULL),(1191,85,'Demir Kapija',NULL,NULL),(1195,85,'Dorce Petrov',NULL,NULL),(1198,85,'Gazi Baba',NULL,NULL),(1199,85,'Gevgelija',NULL,NULL),(1200,85,'Gostivar',NULL,NULL),(1201,85,'Gradsko',NULL,NULL),(1204,85,'Jegunovce',NULL,NULL),(1205,85,'Kamenjane',NULL,NULL),(1207,85,'Karpos',NULL,NULL),(1208,85,'Kavadarci',NULL,NULL),(1209,85,'Kicevo',NULL,NULL),(1210,85,'Kisela Voda',NULL,NULL),(1211,85,'Klecevce',NULL,NULL),(1212,85,'Kocani',NULL,NULL),(1214,85,'Kondovo',NULL,NULL),(1217,85,'Kratovo',NULL,NULL),(1219,85,'Krivogastani',NULL,NULL),(1220,85,'Krusevo',NULL,NULL),(1223,85,'Kumanovo',NULL,NULL),(1224,85,'Labunista',NULL,NULL),(1225,85,'Lipkovo',NULL,NULL),(1228,85,'Makedonska Kamenica',NULL,NULL),(1229,85,'Makedonski Brod',NULL,NULL),(1234,85,'Murtino',NULL,NULL),(1235,85,'Negotino',NULL,NULL),(1238,85,'Novo Selo',NULL,NULL),(1240,85,'Ohrid',NULL,NULL),(1242,85,'Orizari',NULL,NULL),(1245,85,'Petrovec',NULL,NULL),(1248,85,'Prilep',NULL,NULL),(1249,85,'Probistip',NULL,NULL),(1250,85,'Radovis',NULL,NULL),(1252,85,'Resen',NULL,NULL),(1253,85,'Rosoman',NULL,NULL),(1256,85,'Saraj',NULL,NULL),(1260,85,'Srbinovo',NULL,NULL),(1262,85,'Star Dojran',NULL,NULL);
INSERT INTO `tstates` VALUES (1264,85,'Stip',NULL,NULL),(1265,85,'Struga',NULL,NULL),(1266,85,'Strumica',NULL,NULL),(1267,85,'Studenicani',NULL,NULL),(1268,85,'Suto Orizari',NULL,NULL),(1269,85,'Sveti Nikole',NULL,NULL),(1270,85,'Tearce',NULL,NULL),(1271,85,'Tetovo',NULL,NULL),(1273,85,'Valandovo',NULL,NULL),(1275,85,'Veles',NULL,NULL),(1277,85,'Vevcani',NULL,NULL),(1278,85,'Vinica',NULL,NULL),(1281,85,'Vrapciste',NULL,NULL),(1286,85,'Zelino',NULL,NULL),(1289,85,'Zrnovci',NULL,NULL),(1291,86,'Malta',NULL,NULL),(1292,44,'La Condamine',NULL,NULL),(1293,44,'Monaco',NULL,NULL),(1294,44,'Monte-Carlo',NULL,NULL),(1295,47,'Biala Podlaska',NULL,NULL),(1296,47,'Bialystok',NULL,NULL),(1297,47,'Bielsko',NULL,NULL),(1298,47,'Bydgoszcz',NULL,NULL),(1299,47,'Chelm',NULL,NULL),(1300,47,'Ciechanow',NULL,NULL),(1301,47,'Czestochowa',NULL,NULL),(1302,47,'Elblag',NULL,NULL),(1303,47,'Gdansk',NULL,NULL),(1304,47,'Gorzow',NULL,NULL),(1305,47,'Jelenia Gora',NULL,NULL),(1306,47,'Kalisz',NULL,NULL),(1307,47,'Katowice',NULL,NULL),(1308,47,'Kielce',NULL,NULL),(1309,47,'Konin',NULL,NULL),(1310,47,'Koszalin',NULL,NULL),(1311,47,'Krakow',NULL,NULL),(1312,47,'Krosno',NULL,NULL),(1313,47,'Legnica',NULL,NULL),(1314,47,'Leszno',NULL,NULL),(1315,47,'Lodz',NULL,NULL),(1316,47,'Lomza',NULL,NULL),(1317,47,'Lublin',NULL,NULL),(1318,47,'Nowy Sacz',NULL,NULL),(1319,47,'Olsztyn',NULL,NULL),(1320,47,'Opole',NULL,NULL),(1321,47,'Ostroleka',NULL,NULL),(1322,47,'Pila',NULL,NULL),(1323,47,'Piotrkow',NULL,NULL),(1324,47,'Plock',NULL,NULL),(1325,47,'Poznan',NULL,NULL),(1326,47,'Przemysl',NULL,NULL),(1327,47,'Radom',NULL,NULL),(1328,47,'Rzeszow',NULL,NULL),(1329,47,'Siedlce',NULL,NULL),(1330,47,'Sieradz',NULL,NULL),(1331,47,'Skierniewice',NULL,NULL),(1332,47,'Slupsk',NULL,NULL),(1333,47,'Suwalki',NULL,NULL),(1335,47,'Tarnobrzeg',NULL,NULL),(1336,47,'Tarnow',NULL,NULL),(1337,47,'Torun',NULL,NULL),(1338,47,'Walbrzych',NULL,NULL),(1339,47,'Warszawa',NULL,NULL),(1340,47,'Wloclawek',NULL,NULL),(1341,47,'Wroclaw',NULL,NULL),(1342,47,'Zamosc',NULL,NULL),(1343,47,'Zielona Gora',NULL,NULL),(1344,47,'Dolnoslaskie',NULL,NULL),(1345,47,'Kujawsko-Pomorskie',NULL,NULL),(1346,47,'Lodzkie',NULL,NULL),(1347,47,'Lubelskie',NULL,NULL),(1348,47,'Lubuskie',NULL,NULL),(1349,47,'Malopolskie',NULL,NULL),(1350,47,'Mazowieckie',NULL,NULL),(1351,47,'Opolskie',NULL,NULL),(1352,47,'Podkarpackie',NULL,NULL),(1353,47,'Podlaskie',NULL,NULL),(1354,47,'Pomorskie',NULL,NULL),(1355,47,'Slaskie',NULL,NULL),(1356,47,'Swietokrzyskie',NULL,NULL),(1357,47,'Warminsko-Mazurskie',NULL,NULL),(1358,47,'Wielkopolskie',NULL,NULL),(1359,47,'Zachodniopomorskie',NULL,NULL),(1361,72,'Alba',NULL,NULL),(1362,72,'Arad',NULL,NULL),(1363,72,'Arges',NULL,NULL),(1364,72,'Bacau',NULL,NULL),(1365,72,'Bihor',NULL,NULL),(1366,72,'Bistrita-Nasaud',NULL,NULL),(1367,72,'Botosani',NULL,NULL),(1368,72,'Braila',NULL,NULL),(1369,72,'Brasov',NULL,NULL),(1370,72,'Bucuresti',NULL,NULL),(1371,72,'Buzau',NULL,NULL),(1372,72,'Caras-Severin',NULL,NULL),(1373,72,'Cluj',NULL,NULL),(1374,72,'Constanta',NULL,NULL),(1375,72,'Covasna',NULL,NULL),(1376,72,'Dambovita',NULL,NULL),(1377,72,'Dolj',NULL,NULL),(1378,72,'Galati',NULL,NULL),(1379,72,'Gorj',NULL,NULL),(1380,72,'Harghita',NULL,NULL),(1381,72,'Hunedoara',NULL,NULL),(1382,72,'Ialomita',NULL,NULL),(1383,72,'Iasi',NULL,NULL),(1384,72,'Maramures',NULL,NULL),(1385,72,'Mehedinti',NULL,NULL),(1386,72,'Mures',NULL,NULL),(1387,72,'Neamt',NULL,NULL),(1388,72,'Olt',NULL,NULL),(1389,72,'Prahova',NULL,NULL),(1390,72,'Salaj',NULL,NULL),(1391,72,'Satu Mare',NULL,NULL),(1392,72,'Sibiu',NULL,NULL),(1393,72,'Suceava',NULL,NULL),(1394,72,'Teleorman',NULL,NULL),(1395,72,'Timis',NULL,NULL),(1396,72,'Tulcea',NULL,NULL),(1397,72,'Vaslui',NULL,NULL),(1398,72,'Valcea',NULL,NULL),(1399,72,'Vrancea',NULL,NULL),(1400,72,'Calarasi',NULL,NULL),(1401,72,'Giurgiu',NULL,NULL),(1404,224,'Acquaviva',NULL,NULL),(1405,224,'Chiesanuova',NULL,NULL),(1406,224,'Domagnano',NULL,NULL);
INSERT INTO `tstates` VALUES (1407,224,'Faetano',NULL,NULL),(1408,224,'Fiorentino',NULL,NULL),(1409,224,'Borgo Maggiore',NULL,NULL),(1410,224,'San Marino',NULL,NULL),(1411,224,'Monte Giardino',NULL,NULL),(1412,224,'Serravalle',NULL,NULL),(1413,52,'Banska Bystrica',NULL,NULL),(1414,52,'Bratislava',NULL,NULL),(1415,52,'Kosice',NULL,NULL),(1416,52,'Nitra',NULL,NULL),(1417,52,'Presov',NULL,NULL),(1418,52,'Trencin',NULL,NULL),(1419,52,'Trnava',NULL,NULL),(1420,52,'Zilina',NULL,NULL),(1423,53,'Beltinci',NULL,NULL),(1425,53,'Bohinj',NULL,NULL),(1426,53,'Borovnica',NULL,NULL),(1427,53,'Bovec',NULL,NULL),(1428,53,'Brda',NULL,NULL),(1429,53,'Brezice',NULL,NULL),(1430,53,'Brezovica',NULL,NULL),(1432,53,'Cerklje na Gorenjskem',NULL,NULL),(1434,53,'Cerkno',NULL,NULL),(1436,53,'Crna na Koroskem',NULL,NULL),(1437,53,'Crnomelj',NULL,NULL),(1438,53,'Divaca',NULL,NULL),(1439,53,'Dobrepolje',NULL,NULL),(1440,53,'Dol pri Ljubljani',NULL,NULL),(1443,53,'Duplek',NULL,NULL),(1447,53,'Gornji Grad',NULL,NULL),(1450,53,'Hrastnik',NULL,NULL),(1451,53,'Hrpelje-Kozina',NULL,NULL),(1452,53,'Idrija',NULL,NULL),(1453,53,'Ig',NULL,NULL),(1454,53,'Ilirska Bistrica',NULL,NULL),(1455,53,'Ivancna Gorica',NULL,NULL),(1462,53,'Komen',NULL,NULL),(1463,53,'Koper-Capodistria',NULL,NULL),(1464,53,'Kozje',NULL,NULL),(1465,53,'Kranj',NULL,NULL),(1466,53,'Kranjska Gora',NULL,NULL),(1467,53,'Krsko',NULL,NULL),(1469,53,'Lasko',NULL,NULL),(1470,53,'Ljubljana',NULL,NULL),(1471,53,'Ljubno',NULL,NULL),(1472,53,'Logatec',NULL,NULL),(1475,53,'Medvode',NULL,NULL),(1476,53,'Menges',NULL,NULL),(1478,53,'Mezica',NULL,NULL),(1480,53,'Moravce',NULL,NULL),(1482,53,'Mozirje',NULL,NULL),(1483,53,'Murska Sobota',NULL,NULL),(1487,53,'Nova Gorica',NULL,NULL),(1489,53,'Ormoz',NULL,NULL),(1491,53,'Pesnica',NULL,NULL),(1494,53,'Postojna',NULL,NULL),(1497,53,'Radece',NULL,NULL),(1498,53,'Radenci',NULL,NULL),(1500,53,'Radovljica',NULL,NULL),(1502,53,'Rogaska Slatina',NULL,NULL),(1505,53,'Sencur',NULL,NULL),(1506,53,'Sentilj',NULL,NULL),(1508,53,'Sevnica',NULL,NULL),(1509,53,'Sezana',NULL,NULL),(1511,53,'Skofja Loka',NULL,NULL),(1513,53,'Slovenj Gradec',NULL,NULL),(1514,53,'Slovenske Konjice',NULL,NULL),(1515,53,'Smarje pri Jelsah',NULL,NULL),(1521,53,'Tolmin',NULL,NULL),(1522,53,'Trbovlje',NULL,NULL),(1524,53,'Trzic',NULL,NULL),(1526,53,'Velenje',NULL,NULL),(1528,53,'Vipava',NULL,NULL),(1531,53,'Vrhnika',NULL,NULL),(1532,53,'Vuzenica',NULL,NULL),(1533,53,'Zagorje ob Savi',NULL,NULL),(1535,53,'Zelezniki',NULL,NULL),(1536,53,'Ziri',NULL,NULL),(1537,53,'Zrece',NULL,NULL),(1539,53,'Domzale',NULL,NULL),(1540,53,'Jesenice',NULL,NULL),(1541,53,'Kamnik',NULL,NULL),(1542,53,'Kocevje',NULL,NULL),(1544,53,'Lenart',NULL,NULL),(1545,53,'Litija',NULL,NULL),(1546,53,'Ljutomer',NULL,NULL),(1550,53,'Maribor',NULL,NULL),(1552,53,'Novo Mesto',NULL,NULL),(1553,53,'Piran',NULL,NULL),(1554,53,'Preddvor',NULL,NULL),(1555,53,'Ptuj',NULL,NULL),(1556,53,'Ribnica',NULL,NULL),(1558,53,'Sentjur pri Celju',NULL,NULL),(1559,53,'Slovenska Bistrica',NULL,NULL),(1560,53,'Videm',NULL,NULL),(1562,53,'Zalec',NULL,NULL),(1564,109,'Seychelles',NULL,NULL),(1565,108,'Mauritania',NULL,NULL),(1566,135,'Senegal',NULL,NULL),(1567,154,'Road Town',NULL,NULL),(1568,165,'Congo',NULL,NULL),(1569,166,'Avarua',NULL,NULL),(1570,172,'Malabo',NULL,NULL),(1571,175,'Torshavn',NULL,NULL),(1572,178,'Papeete',NULL,NULL),(1573,184,'St George&#039;s',NULL,NULL),(1574,186,'St Peter Port',NULL,NULL),(1575,188,'Bissau',NULL,NULL),(1576,193,'Saint Helier',NULL,NULL),(1577,201,'Fort-de-France',NULL,NULL),(1578,207,'Willemstad',NULL,NULL),(1579,208,'Noumea',NULL,NULL),(1580,212,'Kingston',NULL,NULL),(1581,215,'Adamstown',NULL,NULL),(1582,216,'Doha',NULL,NULL),(1583,218,'Jamestown',NULL,NULL),(1584,219,'Basseterre',NULL,NULL),(1585,220,'Castries',NULL,NULL),(1586,221,'Saint Pierre',NULL,NULL),(1587,222,'Kingstown',NULL,NULL),(1588,225,'San Tome',NULL,NULL),(1589,226,'Belgrade',NULL,NULL),(1590,227,'Freetown',NULL,NULL);
INSERT INTO `tstates` VALUES (1591,229,'Mogadishu',NULL,NULL),(1592,235,'Fakaofo',NULL,NULL),(1593,237,'Port of Spain',NULL,NULL),(1594,241,'Mata-Utu',NULL,NULL),(1596,89,'Amazonas',NULL,NULL),(1597,89,'Ancash',NULL,NULL),(1598,89,'Apurímac',NULL,NULL),(1599,89,'Arequipa',NULL,NULL),(1600,89,'Ayacucho',NULL,NULL),(1601,89,'Cajamarca',NULL,NULL),(1602,89,'Callao',NULL,NULL),(1603,89,'Cusco',NULL,NULL),(1604,89,'Huancavelica',NULL,NULL),(1605,89,'Huánuco',NULL,NULL),(1606,89,'Ica',NULL,NULL),(1607,89,'Junín',NULL,NULL),(1608,89,'La Libertad',NULL,NULL),(1609,89,'Lambayeque',NULL,NULL),(1610,89,'Lima',NULL,NULL),(1611,89,'Loreto',NULL,NULL),(1612,89,'Madre de Dios',NULL,NULL),(1613,89,'Moquegua',NULL,NULL),(1614,89,'Pasco',NULL,NULL),(1615,89,'Piura',NULL,NULL),(1616,89,'Puno',NULL,NULL),(1617,89,'San Martín',NULL,NULL),(1618,89,'Tacna',NULL,NULL),(1619,89,'Tumbes',NULL,NULL),(1620,89,'Ucayali',NULL,NULL),(1622,110,'Alto Paraná',NULL,NULL),(1623,110,'Amambay',NULL,NULL),(1624,110,'Boquerón',NULL,NULL),(1625,110,'Caaguaz&uacute;',NULL,NULL),(1626,110,'Caazapá',NULL,NULL),(1627,110,'Central',NULL,NULL),(1628,110,'Concepción',NULL,NULL),(1629,110,'Cordillera',NULL,NULL),(1630,110,'Guairá',NULL,NULL),(1631,110,'Itap&uacute;a',NULL,NULL),(1632,110,'Misiones',NULL,NULL),(1633,110,'Neembuc&uacute;',NULL,NULL),(1634,110,'Paraguarí',NULL,NULL),(1635,110,'Presidente Hayes',NULL,NULL),(1636,110,'San Pedro',NULL,NULL),(1637,110,'Alto Paraguay',NULL,NULL),(1638,110,'Canindey&uacute;',NULL,NULL),(1639,110,'Chaco',NULL,NULL),(1642,111,'Artigas',NULL,NULL),(1643,111,'Canelones',NULL,NULL),(1644,111,'Cerro Largo',NULL,NULL),(1645,111,'Colonia',NULL,NULL),(1646,111,'Durazno',NULL,NULL),(1647,111,'Flores',NULL,NULL),(1648,111,'Florida',NULL,NULL),(1649,111,'Lavalleja',NULL,NULL),(1650,111,'Maldonado',NULL,NULL),(1651,111,'Montevideo',NULL,NULL),(1652,111,'Paysand&uacute;',NULL,NULL),(1653,111,'Río Negro',NULL,NULL),(1654,111,'Rivera',NULL,NULL),(1655,111,'Rocha',NULL,NULL),(1656,111,'Salto',NULL,NULL),(1657,111,'San José',NULL,NULL),(1658,111,'Soriano',NULL,NULL),(1659,111,'Tacuarembó',NULL,NULL),(1660,111,'Treinta y Tres',NULL,NULL),(1662,81,'Valparaíso',NULL,NULL),(1663,81,'Aisén del General Carlos Ibánez del Campo',NULL,NULL),(1664,81,'Antofagasta',NULL,NULL),(1665,81,'Araucanía',NULL,NULL),(1666,81,'Atacama',NULL,NULL),(1667,81,'Bío-Bío',NULL,NULL),(1668,81,'Coquimbo',NULL,NULL),(1669,81,'Libertador General Bernardo O&#039;Higgins',NULL,NULL),(1670,81,'Los Lagos',NULL,NULL),(1671,81,'Magallanes y de la Antártica Chilena',NULL,NULL),(1672,81,'Maule',NULL,NULL),(1673,81,'Region Metropolitana',NULL,NULL),(1674,81,'Tarapacá',NULL,NULL),(1676,185,'Alta Verapaz',NULL,NULL),(1677,185,'Baja Verapaz',NULL,NULL),(1678,185,'Chimaltenango',NULL,NULL),(1679,185,'Chiquimula',NULL,NULL),(1680,185,'El Progreso',NULL,NULL),(1681,185,'Escuintla',NULL,NULL),(1682,185,'Guatemala',NULL,NULL),(1683,185,'Huehuetenango',NULL,NULL),(1684,185,'Izabal',NULL,NULL),(1685,185,'Jalapa',NULL,NULL),(1686,185,'Jutiapa',NULL,NULL),(1687,185,'Petén',NULL,NULL),(1688,185,'Quetzaltenango',NULL,NULL),(1689,185,'Quiché',NULL,NULL),(1690,185,'Retalhuleu',NULL,NULL),(1691,185,'Sacatepéquez',NULL,NULL),(1692,185,'San Marcos',NULL,NULL),(1693,185,'Santa Rosa',NULL,NULL),(1694,185,'Sololá',NULL,NULL),(1695,185,'Suchitepequez',NULL,NULL),(1696,185,'Totonicapán',NULL,NULL),(1697,185,'Zacapa',NULL,NULL),(1699,82,'Amazonas',NULL,NULL),(1700,82,'Antioquia',NULL,NULL),(1701,82,'Arauca',NULL,NULL),(1702,82,'Atlántico',NULL,NULL),(1703,82,'Caquetá',NULL,NULL),(1704,82,'Cauca',NULL,NULL),(1705,82,'César',NULL,NULL),(1706,82,'Chocó',NULL,NULL),(1707,82,'Córdoba',NULL,NULL),(1708,82,'Guaviare',NULL,NULL),(1709,82,'Guainía',NULL,NULL),(1710,82,'Huila',NULL,NULL),(1711,82,'La Guajira',NULL,NULL),(1712,82,'Meta',NULL,NULL),(1713,82,'Narino',NULL,NULL),(1714,82,'Norte de Santander',NULL,NULL),(1715,82,'Putumayo',NULL,NULL);
INSERT INTO `tstates` VALUES (1716,82,'Quindío',NULL,NULL),(1717,82,'Risaralda',NULL,NULL),(1718,82,'San Andrés y Providencia',NULL,NULL),(1719,82,'Santander',NULL,NULL),(1720,82,'Sucre',NULL,NULL),(1721,82,'Tolima',NULL,NULL),(1722,82,'Valle del Cauca',NULL,NULL),(1723,82,'Vaupés',NULL,NULL),(1724,82,'Vichada',NULL,NULL),(1725,82,'Casanare',NULL,NULL),(1726,82,'Cundinamarca',NULL,NULL),(1727,82,'Distrito Especial',NULL,NULL),(1730,82,'Caldas',NULL,NULL),(1731,82,'Magdalena',NULL,NULL),(1733,42,'Aguascalientes',NULL,NULL),(1734,42,'Baja California',NULL,NULL),(1735,42,'Baja California Sur',NULL,NULL),(1736,42,'Campeche',NULL,NULL),(1737,42,'Chiapas',NULL,NULL),(1738,42,'Chihuahua',NULL,NULL),(1739,42,'Coahuila de Zaragoza',NULL,NULL),(1740,42,'Colima',NULL,NULL),(1741,42,'Distrito Federal',NULL,NULL),(1742,42,'Durango',NULL,NULL),(1743,42,'Guanajuato',NULL,NULL),(1744,42,'Guerrero',NULL,NULL),(1745,42,'Hidalgo',NULL,NULL),(1746,42,'Jalisco',NULL,NULL),(1747,42,'México',NULL,NULL),(1748,42,'Michoacán de Ocampo',NULL,NULL),(1749,42,'Morelos',NULL,NULL),(1750,42,'Nayarit',NULL,NULL),(1751,42,'Nuevo León',NULL,NULL),(1752,42,'Oaxaca',NULL,NULL),(1753,42,'Puebla',NULL,NULL),(1754,42,'Querétaro de Arteaga',NULL,NULL),(1755,42,'Quintana Roo',NULL,NULL),(1756,42,'San Luis Potosí',NULL,NULL),(1757,42,'Sinaloa',NULL,NULL),(1758,42,'Sonora',NULL,NULL),(1759,42,'Tabasco',NULL,NULL),(1760,42,'Tamaulipas',NULL,NULL),(1761,42,'Tlaxcala',NULL,NULL),(1762,42,'Veracruz-Llave',NULL,NULL),(1763,42,'Yucatán',NULL,NULL),(1764,42,'Zacatecas',NULL,NULL),(1766,124,'Bocas del Toro',NULL,NULL),(1767,124,'Chiriquí',NULL,NULL),(1768,124,'Coclé',NULL,NULL),(1769,124,'Colón',NULL,NULL),(1770,124,'Darién',NULL,NULL),(1771,124,'Herrera',NULL,NULL),(1772,124,'Los Santos',NULL,NULL),(1773,124,'Panamá',NULL,NULL),(1774,124,'San Blas',NULL,NULL),(1775,124,'Veraguas',NULL,NULL),(1777,123,'Chuquisaca',NULL,NULL),(1778,123,'Cochabamba',NULL,NULL),(1779,123,'El Beni',NULL,NULL),(1780,123,'La Paz',NULL,NULL),(1781,123,'Oruro',NULL,NULL),(1782,123,'Pando',NULL,NULL),(1783,123,'Potosí',NULL,NULL),(1784,123,'Santa Cruz',NULL,NULL),(1785,123,'Tarija',NULL,NULL),(1787,36,'Alajuela',NULL,NULL),(1788,36,'Cartago',NULL,NULL),(1789,36,'Guanacaste',NULL,NULL),(1790,36,'Heredia',NULL,NULL),(1791,36,'Limón',NULL,NULL),(1792,36,'Puntarenas',NULL,NULL),(1793,36,'San José',NULL,NULL),(1795,103,'Galápagos',NULL,NULL),(1796,103,'Azuay',NULL,NULL),(1797,103,'Bolívar',NULL,NULL),(1798,103,'Canar',NULL,NULL),(1799,103,'Carchi',NULL,NULL),(1800,103,'Chimborazo',NULL,NULL),(1801,103,'Cotopaxi',NULL,NULL),(1802,103,'El Oro',NULL,NULL),(1803,103,'Esmeraldas',NULL,NULL),(1804,103,'Guayas',NULL,NULL),(1805,103,'Imbabura',NULL,NULL),(1806,103,'Loja',NULL,NULL),(1807,103,'Los Ríos',NULL,NULL),(1808,103,'Manabí',NULL,NULL),(1809,103,'Morona-Santiago',NULL,NULL),(1810,103,'Pastaza',NULL,NULL),(1811,103,'Pichincha',NULL,NULL),(1812,103,'Tungurahua',NULL,NULL),(1813,103,'Zamora-Chinchipe',NULL,NULL),(1814,103,'Sucumbíos',NULL,NULL),(1815,103,'Napo',NULL,NULL),(1816,103,'Orellana',NULL,NULL),(1818,5,'Buenos Aires',NULL,NULL),(1819,5,'Catamarca',NULL,NULL),(1820,5,'Chaco',NULL,NULL),(1821,5,'Chubut',NULL,NULL),(1822,5,'Córdoba',NULL,NULL),(1823,5,'Corrientes',NULL,NULL),(1824,5,'Distrito Federal',NULL,NULL),(1825,5,'Entre Ríos',NULL,NULL),(1826,5,'Formosa',NULL,NULL),(1827,5,'Jujuy',NULL,NULL),(1828,5,'La Pampa',NULL,NULL),(1829,5,'La Rioja',NULL,NULL),(1830,5,'Mendoza',NULL,NULL),(1831,5,'Misiones',NULL,NULL),(1832,5,'Neuquén',NULL,NULL),(1833,5,'Río Negro',NULL,NULL),(1834,5,'Salta',NULL,NULL),(1835,5,'San Juan',NULL,NULL),(1836,5,'San Luis',NULL,NULL),(1837,5,'Santa Cruz',NULL,NULL),(1838,5,'Santa Fe',NULL,NULL),(1839,5,'Santiago del Estero',NULL,NULL),(1840,5,'Tierra del Fuego',NULL,NULL),(1841,5,'Tucumán',NULL,NULL),(1843,95,'Amazonas',NULL,NULL),(1844,95,'Anzoategui',NULL,NULL),(1845,95,'Apure',NULL,NULL),(1846,95,'Aragua',NULL,NULL);
INSERT INTO `tstates` VALUES (1847,95,'Barinas',NULL,NULL),(1848,95,'Bolívar',NULL,NULL),(1849,95,'Carabobo',NULL,NULL),(1850,95,'Cojedes',NULL,NULL),(1851,95,'Delta Amacuro',NULL,NULL),(1852,95,'Falcón',NULL,NULL),(1853,95,'Guárico',NULL,NULL),(1854,95,'Lara',NULL,NULL),(1855,95,'Mérida',NULL,NULL),(1856,95,'Miranda',NULL,NULL),(1857,95,'Monagas',NULL,NULL),(1858,95,'Nueva Esparta',NULL,NULL),(1859,95,'Portuguesa',NULL,NULL),(1860,95,'Sucre',NULL,NULL),(1861,95,'Táchira',NULL,NULL),(1862,95,'Trujillo',NULL,NULL),(1863,95,'Yaracuy',NULL,NULL),(1864,95,'Zulia',NULL,NULL),(1865,95,'Dependencias Federales',NULL,NULL),(1866,95,'Distrito Capital',NULL,NULL),(1867,95,'Vargas',NULL,NULL),(1869,209,'Boaco',NULL,NULL),(1870,209,'Carazo',NULL,NULL),(1871,209,'Chinandega',NULL,NULL),(1872,209,'Chontales',NULL,NULL),(1873,209,'Estelí',NULL,NULL),(1874,209,'Granada',NULL,NULL),(1875,209,'Jinotega',NULL,NULL),(1876,209,'León',NULL,NULL),(1877,209,'Madriz',NULL,NULL),(1878,209,'Managua',NULL,NULL),(1879,209,'Masaya',NULL,NULL),(1880,209,'Matagalpa',NULL,NULL),(1881,209,'Nueva Segovia',NULL,NULL),(1882,209,'Rio San Juan',NULL,NULL),(1883,209,'Rivas',NULL,NULL),(1884,209,'Zelaya',NULL,NULL),(1886,113,'Pinar del Rio',NULL,NULL),(1887,113,'Ciudad de la Habana',NULL,NULL),(1888,113,'Matanzas',NULL,NULL),(1889,113,'Isla de la Juventud',NULL,NULL),(1890,113,'Camaguey',NULL,NULL),(1891,113,'Ciego de Avila',NULL,NULL),(1892,113,'Cienfuegos',NULL,NULL),(1893,113,'Granma',NULL,NULL),(1894,113,'Guantanamo',NULL,NULL),(1895,113,'La Habana',NULL,NULL),(1896,113,'Holguin',NULL,NULL),(1897,113,'Las Tunas',NULL,NULL),(1898,113,'Sancti Spiritus',NULL,NULL),(1899,113,'Santiago de Cuba',NULL,NULL),(1900,113,'Villa Clara',NULL,NULL),(1901,12,'Acre',NULL,NULL),(1902,12,'Alagoas',NULL,NULL),(1903,12,'Amapa',NULL,NULL),(1904,12,'Amazonas',NULL,NULL),(1905,12,'Bahia',NULL,NULL),(1906,12,'Ceara',NULL,NULL),(1907,12,'Distrito Federal',NULL,NULL),(1908,12,'Espirito Santo',NULL,NULL),(1909,12,'Mato Grosso do Sul',NULL,NULL),(1910,12,'Maranhao',NULL,NULL),(1911,12,'Mato Grosso',NULL,NULL),(1912,12,'Minas Gerais',NULL,NULL),(1913,12,'Para',NULL,NULL),(1914,12,'Paraiba',NULL,NULL),(1915,12,'Parana',NULL,NULL),(1916,12,'Piaui',NULL,NULL),(1917,12,'Rio de Janeiro',NULL,NULL),(1918,12,'Rio Grande do Norte',NULL,NULL),(1919,12,'Rio Grande do Sul',NULL,NULL),(1920,12,'Rondonia',NULL,NULL),(1921,12,'Roraima',NULL,NULL),(1922,12,'Santa Catarina',NULL,NULL),(1923,12,'Sao Paulo',NULL,NULL),(1924,12,'Sergipe',NULL,NULL),(1925,12,'Goias',NULL,NULL),(1926,12,'Pernambuco',NULL,NULL),(1927,12,'Tocantins',NULL,NULL),(1930,83,'Akureyri',NULL,NULL),(1931,83,'Arnessysla',NULL,NULL),(1932,83,'Austur-Bardastrandarsysla',NULL,NULL),(1933,83,'Austur-Hunavatnssysla',NULL,NULL),(1934,83,'Austur-Skaftafellssysla',NULL,NULL),(1935,83,'Borgarfjardarsysla',NULL,NULL),(1936,83,'Dalasysla',NULL,NULL),(1937,83,'Eyjafjardarsysla',NULL,NULL),(1938,83,'Gullbringusysla',NULL,NULL),(1939,83,'Hafnarfjordur',NULL,NULL),(1943,83,'Kjosarsysla',NULL,NULL),(1944,83,'Kopavogur',NULL,NULL),(1945,83,'Myrasysla',NULL,NULL),(1946,83,'Neskaupstadur',NULL,NULL),(1947,83,'Nordur-Isafjardarsysla',NULL,NULL),(1948,83,'Nordur-Mulasysla',NULL,NULL),(1949,83,'Nordur-Tingeyjarsysla',NULL,NULL),(1950,83,'Olafsfjordur',NULL,NULL),(1951,83,'Rangarvallasysla',NULL,NULL),(1952,83,'Reykjavik',NULL,NULL),(1953,83,'Saudarkrokur',NULL,NULL),(1954,83,'Seydisfjordur',NULL,NULL),(1956,83,'Skagafjardarsysla',NULL,NULL),(1957,83,'Snafellsnes- og Hnappadalssysla',NULL,NULL),(1958,83,'Strandasysla',NULL,NULL),(1959,83,'Sudur-Mulasysla',NULL,NULL),(1960,83,'Sudur-Tingeyjarsysla',NULL,NULL),(1961,83,'Vestmannaeyjar',NULL,NULL),(1962,83,'Vestur-Bardastrandarsysla',NULL,NULL),(1964,83,'Vestur-Isafjardarsysla',NULL,NULL),(1965,83,'Vestur-Skaftafellssysla',NULL,NULL),(1966,35,'Anhui',NULL,NULL),(1967,35,'Zhejiang',NULL,NULL),(1968,35,'Jiangxi',NULL,NULL),(1969,35,'Jiangsu',NULL,NULL),(1970,35,'Jilin',NULL,NULL);
INSERT INTO `tstates` VALUES (1971,35,'Qinghai',NULL,NULL),(1972,35,'Fujian',NULL,NULL),(1973,35,'Heilongjiang',NULL,NULL),(1974,35,'Henan',NULL,NULL),(1975,35,'Hebei',NULL,NULL),(1976,35,'Hunan',NULL,NULL),(1977,35,'Hubei',NULL,NULL),(1978,35,'Xinjiang',NULL,NULL),(1979,35,'Xizang',NULL,NULL),(1980,35,'Gansu',NULL,NULL),(1981,35,'Guangxi',NULL,NULL),(1982,35,'Guizhou',NULL,NULL),(1983,35,'Liaoning',NULL,NULL),(1984,35,'Nei Mongol',NULL,NULL),(1985,35,'Ningxia',NULL,NULL),(1986,35,'Beijing',NULL,NULL),(1987,35,'Shanghai',NULL,NULL),(1988,35,'Shanxi',NULL,NULL),(1989,35,'Shandong',NULL,NULL),(1990,35,'Shaanxi',NULL,NULL),(1991,35,'Sichuan',NULL,NULL),(1992,35,'Tianjin',NULL,NULL),(1993,35,'Yunnan',NULL,NULL),(1994,35,'Guangdong',NULL,NULL),(1995,35,'Hainan',NULL,NULL),(1996,35,'Chongqing',NULL,NULL),(1997,97,'Central',NULL,NULL),(1998,97,'Coast',NULL,NULL),(1999,97,'Eastern',NULL,NULL),(2000,97,'Nairobi Area',NULL,NULL),(2001,97,'North-Eastern',NULL,NULL),(2002,97,'Nyanza',NULL,NULL),(2003,97,'Rift Valley',NULL,NULL),(2004,97,'Western',NULL,NULL),(2006,195,'Gilbert Islands',NULL,NULL),(2007,195,'Line Islands',NULL,NULL),(2008,195,'Phoenix Islands',NULL,NULL),(2010,1,'Australian Capital Territory',NULL,NULL),(2011,1,'New South Wales',NULL,NULL),(2012,1,'Northern Territory',NULL,NULL),(2013,1,'Queensland',NULL,NULL),(2014,1,'South Australia',NULL,NULL),(2015,1,'Tasmania',NULL,NULL),(2016,1,'Victoria',NULL,NULL),(2017,1,'Western Australia',NULL,NULL),(2018,27,'Dublin',NULL,NULL),(2019,27,'Galway',NULL,NULL),(2020,27,'Kildare',NULL,NULL),(2021,27,'Leitrim',NULL,NULL),(2022,27,'Limerick',NULL,NULL),(2023,27,'Mayo',NULL,NULL),(2024,27,'Meath',NULL,NULL),(2025,27,'Carlow',NULL,NULL),(2026,27,'Kilkenny',NULL,NULL),(2027,27,'Laois',NULL,NULL),(2028,27,'Longford',NULL,NULL),(2029,27,'Louth',NULL,NULL),(2030,27,'Offaly',NULL,NULL),(2031,27,'Westmeath',NULL,NULL),(2032,27,'Wexford',NULL,NULL),(2033,27,'Wicklow',NULL,NULL),(2034,27,'Roscommon',NULL,NULL),(2035,27,'Sligo',NULL,NULL),(2036,27,'Clare',NULL,NULL),(2037,27,'Cork',NULL,NULL),(2038,27,'Kerry',NULL,NULL),(2039,27,'Tipperary',NULL,NULL),(2040,27,'Waterford',NULL,NULL),(2041,27,'Cavan',NULL,NULL),(2042,27,'Donegal',NULL,NULL),(2043,27,'Monaghan',NULL,NULL),(2044,50,'Karachaeva-Cherkesskaya Respublica',NULL,NULL),(2045,50,'Raimirskii (Dolgano-Nenetskii) AO',NULL,NULL),(2046,50,'Respublica Tiva',NULL,NULL),(2047,32,'Newfoundland',NULL,NULL),(2048,32,'Nova Scotia',NULL,NULL),(2049,32,'Prince Edward Island',NULL,NULL),(2050,32,'New Brunswick',NULL,NULL),(2051,32,'Quebec',NULL,NULL),(2052,32,'Ontario',NULL,NULL),(2053,32,'Manitoba',NULL,NULL),(2054,32,'Saskatchewan',NULL,NULL),(2055,32,'Alberta',NULL,NULL),(2056,32,'British Columbia',NULL,NULL),(2057,32,'Nunavut',NULL,NULL),(2058,32,'Northwest Territories',NULL,NULL),(2059,32,'Yukon Territory',NULL,NULL),(2060,19,'Drenthe',NULL,NULL),(2061,19,'Friesland',NULL,NULL),(2062,19,'Gelderland',NULL,NULL),(2063,19,'Groningen',NULL,NULL),(2064,19,'Limburg',NULL,NULL),(2065,19,'Noord-Brabant',NULL,NULL),(2066,19,'Noord-Holland',NULL,NULL),(2067,19,'Utrecht',NULL,NULL),(2068,19,'Zeeland',NULL,NULL),(2069,19,'Zuid-Holland',NULL,NULL),(2071,19,'Overijssel',NULL,NULL),(2072,19,'Flevoland',NULL,NULL),(2073,138,'Duarte',NULL,NULL),(2074,138,'Puerto Plata',NULL,NULL),(2075,138,'Valverde',NULL,NULL),(2076,138,'María Trinidad Sánchez',NULL,NULL),(2077,138,'Azua',NULL,NULL),(2078,138,'Santiago',NULL,NULL),(2079,138,'San Cristóbal',NULL,NULL),(2080,138,'Peravia',NULL,NULL),(2081,138,'Elías Piña',NULL,NULL),(2082,138,'Barahona',NULL,NULL),(2083,138,'Monte Plata',NULL,NULL),(2084,138,'Salcedo',NULL,NULL),(2085,138,'La Altagracia',NULL,NULL),(2086,138,'San Juan',NULL,NULL),(2087,138,'Monseñor Nouel',NULL,NULL),(2088,138,'Monte Cristi',NULL,NULL),(2089,138,'Espaillat',NULL,NULL),(2090,138,'Sánchez Ramírez',NULL,NULL),(2091,138,'La Vega',NULL,NULL),(2092,138,'San Pedro de Macorís',NULL,NULL);
INSERT INTO `tstates` VALUES (2093,138,'Independencia',NULL,NULL),(2094,138,'Dajabón',NULL,NULL),(2095,138,'Baoruco',NULL,NULL),(2096,138,'El Seibo',NULL,NULL),(2097,138,'Hato Mayor',NULL,NULL),(2098,138,'La Romana',NULL,NULL),(2099,138,'Pedernales',NULL,NULL),(2100,138,'Samaná',NULL,NULL),(2101,138,'Santiago Rodríguez',NULL,NULL),(2102,138,'San José de Ocoa',NULL,NULL),(2103,70,'Chiba',NULL,NULL),(2104,70,'Ehime',NULL,NULL),(2105,70,'Oita',NULL,NULL),(2106,85,'Skopje',NULL,NULL),(2108,35,'Schanghai',NULL,NULL),(2109,35,'Hongkong',NULL,NULL),(2110,35,'Neimenggu',NULL,NULL),(2111,35,'Aomen',NULL,NULL),(2112,92,'Amnat Charoen',NULL,NULL),(2113,92,'Ang Thong',NULL,NULL),(2114,92,'Bangkok',NULL,NULL),(2115,92,'Buri Ram',NULL,NULL),(2116,92,'Chachoengsao',NULL,NULL),(2117,92,'Chai Nat',NULL,NULL),(2118,92,'Chaiyaphum',NULL,NULL),(2119,92,'Chanthaburi',NULL,NULL),(2120,92,'Chiang Mai',NULL,NULL),(2121,92,'Chiang Rai',NULL,NULL),(2122,92,'Chon Buri',NULL,NULL),(2124,92,'Kalasin',NULL,NULL),(2126,92,'Kanchanaburi',NULL,NULL),(2127,92,'Khon Kaen',NULL,NULL),(2128,92,'Krabi',NULL,NULL),(2129,92,'Lampang',NULL,NULL),(2131,92,'Loei',NULL,NULL),(2132,92,'Lop Buri',NULL,NULL),(2133,92,'Mae Hong Son',NULL,NULL),(2134,92,'Maha Sarakham',NULL,NULL),(2137,92,'Nakhon Pathom',NULL,NULL),(2139,92,'Nakhon Ratchasima',NULL,NULL),(2140,92,'Nakhon Sawan',NULL,NULL),(2141,92,'Nakhon Si Thammarat',NULL,NULL),(2143,92,'Narathiwat',NULL,NULL),(2144,92,'Nong Bua Lam Phu',NULL,NULL),(2145,92,'Nong Khai',NULL,NULL),(2146,92,'Nonthaburi',NULL,NULL),(2147,92,'Pathum Thani',NULL,NULL),(2148,92,'Pattani',NULL,NULL),(2149,92,'Phangnga',NULL,NULL),(2150,92,'Phatthalung',NULL,NULL),(2154,92,'Phichit',NULL,NULL),(2155,92,'Phitsanulok',NULL,NULL),(2156,92,'Phra Nakhon Si Ayutthaya',NULL,NULL),(2157,92,'Phrae',NULL,NULL),(2158,92,'Phuket',NULL,NULL),(2159,92,'Prachin Buri',NULL,NULL),(2160,92,'Prachuap Khiri Khan',NULL,NULL),(2162,92,'Ratchaburi',NULL,NULL),(2163,92,'Rayong',NULL,NULL),(2164,92,'Roi Et',NULL,NULL),(2165,92,'Sa Kaeo',NULL,NULL),(2166,92,'Sakon Nakhon',NULL,NULL),(2167,92,'Samut Prakan',NULL,NULL),(2168,92,'Samut Sakhon',NULL,NULL),(2169,92,'Samut Songkhran',NULL,NULL),(2170,92,'Saraburi',NULL,NULL),(2172,92,'Si Sa Ket',NULL,NULL),(2173,92,'Sing Buri',NULL,NULL),(2174,92,'Songkhla',NULL,NULL),(2175,92,'Sukhothai',NULL,NULL),(2176,92,'Suphan Buri',NULL,NULL),(2177,92,'Surat Thani',NULL,NULL),(2178,92,'Surin',NULL,NULL),(2180,92,'Trang',NULL,NULL),(2182,92,'Ubon Ratchathani',NULL,NULL),(2183,92,'Udon Thani',NULL,NULL),(2184,92,'Uthai Thani',NULL,NULL),(2185,92,'Uttaradit',NULL,NULL),(2186,92,'Yala',NULL,NULL),(2187,92,'Yasothon',NULL,NULL),(2188,69,'Busan',NULL,NULL),(2189,69,'Daegu',NULL,NULL),(2191,69,'Gangwon',NULL,NULL),(2192,69,'Gwangju',NULL,NULL),(2193,69,'Gyeonggi',NULL,NULL),(2194,69,'Gyeongsangbuk',NULL,NULL),(2195,69,'Gyeongsangnam',NULL,NULL),(2196,69,'Jeju',NULL,NULL),(2201,25,'Delhi',NULL,NULL);

--
-- Table structure for table `tuser_servicio`
--

CREATE TABLE `tuser_servicio` (
  `id` int(10) unsigned NOT NULL AUTO_INCREMENT,
  `user_id` int(10) unsigned NOT NULL,
  `taxes_servicio_id` int(10) unsigned NOT NULL,
  `created_at` timestamp NULL DEFAULT NULL,
  `updated_at` timestamp NULL DEFAULT NULL,
  `deleted_at` timestamp NULL DEFAULT NULL,
  PRIMARY KEY (`id`),
  KEY `tuser_servicio_user_id_foreign` (`user_id`),
  KEY `tuser_servicio_taxes_servicio_id_foreign` (`taxes_servicio_id`),
  CONSTRAINT `tuser_servicio_taxes_servicio_id_foreign` FOREIGN KEY (`taxes_servicio_id`) REFERENCES `taxes_servicios` (`id`),
  CONSTRAINT `tuser_servicio_user_id_foreign` FOREIGN KEY (`user_id`) REFERENCES `tusers` (`idUser`)
) ENGINE=InnoDB DEFAULT CHARSET=utf8mb4 COLLATE=utf8mb4_unicode_ci;

--
-- Dumping data for table `tuser_servicio`
--


--
-- Table structure for table `tusermodules`
--

CREATE TABLE `tusermodules` (
  `idUserModule` int(10) unsigned NOT NULL AUTO_INCREMENT,
  `idUser` int(10) unsigned NOT NULL,
  `idModule` int(10) unsigned NOT NULL,
  `created_at` timestamp NULL DEFAULT NULL,
  `updated_at` timestamp NULL DEFAULT NULL,
  PRIMARY KEY (`idUserModule`),
  KEY `tusermodules_iduser_foreign` (`idUser`),
  KEY `tusermodules_idmodule_foreign` (`idModule`),
  CONSTRAINT `tusermodules_idmodule_foreign` FOREIGN KEY (`idModule`) REFERENCES `tmodules` (`idModule`),
  CONSTRAINT `tusermodules_iduser_foreign` FOREIGN KEY (`idUser`) REFERENCES `tusers` (`idUser`)
) ENGINE=InnoDB DEFAULT CHARSET=utf8mb4 COLLATE=utf8mb4_unicode_ci;

--
-- Dumping data for table `tusermodules`
--


--
-- Table structure for table `tusers`
--

CREATE TABLE `tusers` (
  `idUser` int(10) unsigned NOT NULL AUTO_INCREMENT,
  `loginUser` varchar(180) COLLATE utf8mb4_unicode_ci NOT NULL,
  `emailUser` varchar(180) COLLATE utf8mb4_unicode_ci NOT NULL,
  `claveUser` varchar(180) COLLATE utf8mb4_unicode_ci NOT NULL,
  `firma` varchar(191) COLLATE utf8mb4_unicode_ci DEFAULT NULL,
  `statusUser` int(11) NOT NULL DEFAULT '1',
  `remember_token` varchar(100) COLLATE utf8mb4_unicode_ci DEFAULT NULL,
  `created_at` timestamp NULL DEFAULT NULL,
  `updated_at` timestamp NULL DEFAULT NULL,
  `user_type_id` int(10) unsigned DEFAULT NULL,
  `es_empresa_externa` tinyint(1) NOT NULL DEFAULT '0',
  `suscrip_plan_id` int(10) unsigned DEFAULT NULL,
  `importe` decimal(16,2) NOT NULL DEFAULT '0.00',
  PRIMARY KEY (`idUser`),
  UNIQUE KEY `tusers_loginuser_unique` (`loginUser`),
  UNIQUE KEY `tusers_emailuser_unique` (`emailUser`),
  KEY `tusers_suscrip_plan_id_foreign` (`suscrip_plan_id`),
  CONSTRAINT `tusers_suscrip_plan_id_foreign` FOREIGN KEY (`suscrip_plan_id`) REFERENCES `suscrip_planes` (`id`)
) ENGINE=InnoDB DEFAULT CHARSET=utf8mb4 COLLATE=utf8mb4_unicode_ci;

--
-- Dumping data for table `tusers`
--


--
-- Table structure for table `tusers_cta_cte`
--

CREATE TABLE `tusers_cta_cte` (
  `id` int(10) unsigned NOT NULL AUTO_INCREMENT,
  `user_id` int(10) unsigned NOT NULL,
  `debe_cta_cte_tesoreria_cuenta_id` int(10) unsigned NOT NULL,
  `haber_cta_cte_tesoreria_cuenta_id` int(10) unsigned NOT NULL,
  `ing_egr` int(11) DEFAULT NULL,
  `fecha` date NOT NULL DEFAULT '2021-09-10',
  `importe` decimal(16,2) NOT NULL DEFAULT '0.00',
  `comentario` longtext COLLATE utf8mb4_unicode_ci,
  `file` varchar(191) COLLATE utf8mb4_unicode_ci DEFAULT NULL,
  `created_at` timestamp NULL DEFAULT NULL,
  `updated_at` timestamp NULL DEFAULT NULL,
  `deleted_at` timestamp NULL DEFAULT NULL,
  PRIMARY KEY (`id`),
  KEY `tusers_cta_cte_user_id_foreign` (`user_id`),
  KEY `tusers_cta_cte_debe_cta_cte_tesoreria_cuenta_id_foreign` (`debe_cta_cte_tesoreria_cuenta_id`),
  KEY `tusers_cta_cte_haber_cta_cte_tesoreria_cuenta_id_foreign` (`haber_cta_cte_tesoreria_cuenta_id`),
  CONSTRAINT `tusers_cta_cte_debe_cta_cte_tesoreria_cuenta_id_foreign` FOREIGN KEY (`debe_cta_cte_tesoreria_cuenta_id`) REFERENCES `cta_cte_tesoreria_cuentas` (`id`),
  CONSTRAINT `tusers_cta_cte_haber_cta_cte_tesoreria_cuenta_id_foreign` FOREIGN KEY (`haber_cta_cte_tesoreria_cuenta_id`) REFERENCES `cta_cte_tesoreria_cuentas` (`id`),
  CONSTRAINT `tusers_cta_cte_user_id_foreign` FOREIGN KEY (`user_id`) REFERENCES `tusers` (`idUser`)
) ENGINE=InnoDB DEFAULT CHARSET=utf8mb4 COLLATE=utf8mb4_unicode_ci;

--
-- Dumping data for table `tusers_cta_cte`
--


--
-- Table structure for table `tusers_logged`
--

CREATE TABLE `tusers_logged` (
  `id` int(10) unsigned NOT NULL AUTO_INCREMENT,
  `user_id` int(10) unsigned NOT NULL,
  `created_at` timestamp NULL DEFAULT NULL,
  `updated_at` timestamp NULL DEFAULT NULL,
  `deleted_at` timestamp NULL DEFAULT NULL,
  PRIMARY KEY (`id`),
  KEY `tusers_logged_user_id_foreign` (`user_id`),
  CONSTRAINT `tusers_logged_user_id_foreign` FOREIGN KEY (`user_id`) REFERENCES `tusers` (`idUser`)
) ENGINE=InnoDB DEFAULT CHARSET=utf8mb4 COLLATE=utf8mb4_unicode_ci;

--
-- Dumping data for table `tusers_logged`
--


--
-- Table structure for table `types`
--

CREATE TABLE `types` (
  `id` int(10) unsigned NOT NULL AUTO_INCREMENT,
  `created_at` timestamp NULL DEFAULT NULL,
  `updated_at` timestamp NULL DEFAULT NULL,
  `name` varchar(255) COLLATE utf8mb4_unicode_ci NOT NULL,
  `apply_to` varchar(255) COLLATE utf8mb4_unicode_ci NOT NULL,
  PRIMARY KEY (`id`)
) ENGINE=InnoDB AUTO_INCREMENT=10 DEFAULT CHARSET=utf8mb4 COLLATE=utf8mb4_unicode_ci;

--
-- Dumping data for table `types`
--

INSERT INTO `types` VALUES (1,NULL,NULL,'Venta','iibb'),(2,NULL,NULL,'Compra','iibb'),(3,NULL,NULL,'Retencion','iibb'),(4,NULL,NULL,'SIRCREB','iibb'),(5,NULL,NULL,'Compensacion','iibb'),(6,NULL,NULL,'Anticipos de Ganancias','iibb'),(7,NULL,NULL,'Eliminacion Masiva','iibb'),(8,NULL,NULL,'Asientos Sueldos','iibb'),(9,NULL,NULL,'Exportar','iibb');

--
-- Table structure for table `user_persons`
--

CREATE TABLE `user_persons` (
  `id` int(10) unsigned NOT NULL AUTO_INCREMENT,
  `user_id` int(10) unsigned NOT NULL,
  `person_id` int(10) unsigned NOT NULL,
  `parent_person_id` int(10) unsigned DEFAULT NULL,
  `created_at` timestamp NULL DEFAULT NULL,
  `updated_at` timestamp NULL DEFAULT NULL,
  PRIMARY KEY (`id`),
  KEY `user_persons_user_id_foreign` (`user_id`),
  KEY `user_persons_person_id_foreign` (`person_id`),
  KEY `user_persons_parent_person_id_foreign` (`parent_person_id`),
  CONSTRAINT `user_persons_parent_person_id_foreign` FOREIGN KEY (`parent_person_id`) REFERENCES `persons` (`id`),
  CONSTRAINT `user_persons_person_id_foreign` FOREIGN KEY (`person_id`) REFERENCES `persons` (`id`),
  CONSTRAINT `user_persons_user_id_foreign` FOREIGN KEY (`user_id`) REFERENCES `tusers` (`idUser`)
) ENGINE=InnoDB DEFAULT CHARSET=utf8mb4 COLLATE=utf8mb4_unicode_ci;

--
-- Dumping data for table `user_persons`
--


--
-- Table structure for table `user_persons_block`
--

CREATE TABLE `user_persons_block` (
  `id` int(10) unsigned NOT NULL AUTO_INCREMENT,
  `user_id` int(10) unsigned NOT NULL,
  `person_id` int(10) unsigned NOT NULL,
  `created_at` timestamp NULL DEFAULT NULL,
  `updated_at` timestamp NULL DEFAULT NULL,
  `deleted_at` timestamp NULL DEFAULT NULL,
  PRIMARY KEY (`id`),
  KEY `user_persons_block_person_id_foreign` (`person_id`),
  KEY `user_persons_block_user_id_foreign` (`user_id`),
  CONSTRAINT `user_persons_block_person_id_foreign` FOREIGN KEY (`person_id`) REFERENCES `persons` (`id`),
  CONSTRAINT `user_persons_block_user_id_foreign` FOREIGN KEY (`user_id`) REFERENCES `tusers` (`idUser`)
) ENGINE=InnoDB DEFAULT CHARSET=utf8mb4 COLLATE=utf8mb4_unicode_ci;

--
-- Dumping data for table `user_persons_block`
--


--
-- Table structure for table `user_types`
--

CREATE TABLE `user_types` (
  `id` int(10) unsigned NOT NULL AUTO_INCREMENT,
  `description` varchar(180) COLLATE utf8mb4_unicode_ci NOT NULL,
  `cas_view_business` int(10) unsigned NOT NULL DEFAULT '0',
  `admin` int(10) unsigned NOT NULL DEFAULT '0',
  `created_at` timestamp NULL DEFAULT NULL,
  `updated_at` timestamp NULL DEFAULT NULL,
  PRIMARY KEY (`id`),
  UNIQUE KEY `user_types_description_unique` (`description`)
) ENGINE=InnoDB AUTO_INCREMENT=4 DEFAULT CHARSET=utf8mb4 COLLATE=utf8mb4_unicode_ci;

--
-- Dumping data for table `user_types`
--

INSERT INTO `user_types` VALUES (1,'Administrador',1,1,NULL,NULL),(2,'Empresas',0,0,NULL,NULL),(3,'Operador',0,0,NULL,NULL);

--
-- Temporary table structure for view `v_business`
--

/*!50001 DROP VIEW IF EXISTS `v_business`*/;
/*!50001 CREATE TABLE `v_business` (
  `Status` tinyint NOT NULL,
  `id` tinyint NOT NULL,
  `field_name1` tinyint NOT NULL,
  `field_name2` tinyint NOT NULL,
  `document_type` tinyint NOT NULL,
  `document` tinyint NOT NULL,
  `id_administrador` tinyint NOT NULL,
  `administrador` tinyint NOT NULL,
  `cuit_administrador` tinyint NOT NULL,
  `id_titular` tinyint NOT NULL,
  `titular` tinyint NOT NULL,
  `cuit_titular` tinyint NOT NULL,
  `country_id` tinyint NOT NULL,
  `state_id` tinyint NOT NULL,
  `zone_id` tinyint NOT NULL,
  `created_at` tinyint NOT NULL,
  `updated_at` tinyint NOT NULL,
  `activity_id` tinyint NOT NULL,
  `address` tinyint NOT NULL,
  `person_type_id` tinyint NOT NULL,
  `person_configuration_id` tinyint NOT NULL,
  `settle_calc_by_coef` tinyint NOT NULL,
  `active` tinyint NOT NULL,
  `month_close` tinyint NOT NULL,
  `iva_condition_id` tinyint NOT NULL,
  `obligation_buy` tinyint NOT NULL,
  `obligation_electronic_receipt` tinyint NOT NULL,
  `obligation_iibb` tinyint NOT NULL,
  `obligation_iva` tinyint NOT NULL,
  `obligation_other_taxes` tinyint NOT NULL,
  `obligation_salaries` tinyint NOT NULL,
  `obligation_sell` tinyint NOT NULL,
  `liquidation_start_period` tinyint NOT NULL
) ENGINE=MyISAM */;

--
-- Temporary table structure for view `v_consultacomprobantes`
--

/*!50001 DROP VIEW IF EXISTS `v_consultacomprobantes`*/;
/*!50001 CREATE TABLE `v_consultacomprobantes` (
  `IdComprobante` tinyint NOT NULL,
  `IdTipoComprobante` tinyint NOT NULL,
  `IdProveedorCliente` tinyint NOT NULL,
  `IdEmpresa` tinyint NOT NULL,
  `DocumentoEmpresa` tinyint NOT NULL,
  `NombreEmpresa` tinyint NOT NULL,
  `IdPeriodo` tinyint NOT NULL,
  `Desde` tinyint NOT NULL,
  `Hasta` tinyint NOT NULL,
  `Periodo` tinyint NOT NULL,
  `anioPeriodo` tinyint NOT NULL,
  `mesPeriodo` tinyint NOT NULL,
  `IdOperacion` tinyint NOT NULL,
  `Operacion` tinyint NOT NULL,
  `Proveedor` tinyint NOT NULL,
  `TipoDocumento` tinyint NOT NULL,
  `Documento` tinyint NOT NULL,
  `Zona` tinyint NOT NULL,
  `Estado` tinyint NOT NULL,
  `Actividad` tinyint NOT NULL,
  `FechaComprobante` tinyint NOT NULL,
  `Referencia` tinyint NOT NULL,
  `TipoDeRetencion` tinyint NOT NULL,
  `TipoComprobante` tinyint NOT NULL,
  `Suc` tinyint NOT NULL,
  `Numero` tinyint NOT NULL,
  `Total` tinyint NOT NULL,
  `gravado_27` tinyint NOT NULL,
  `IVA_27` tinyint NOT NULL,
  `gravado_21` tinyint NOT NULL,
  `IVA_21` tinyint NOT NULL,
  `gravado_105` tinyint NOT NULL,
  `IVA_105` tinyint NOT NULL,
  `gravado_5` tinyint NOT NULL,
  `IVA_5` tinyint NOT NULL,
  `gravado_0` tinyint NOT NULL,
  `IVA_0` tinyint NOT NULL,
  `gravado_2_5` tinyint NOT NULL,
  `IVA_2_5` tinyint NOT NULL,
  `no_gravado` tinyint NOT NULL,
  `percepIva` tinyint NOT NULL,
  `Imps_Internos` tinyint NOT NULL,
  `Imp_Gasoil` tinyint NOT NULL,
  `Imp_Hidricos` tinyint NOT NULL,
  `ITC` tinyint NOT NULL,
  `Perc_IIBB_Buenos_Aires` tinyint NOT NULL,
  `Perc_IIBB_Capital_Federal` tinyint NOT NULL,
  `Perc_IIBB_Catamarca` tinyint NOT NULL,
  `Perc_IIBB_Chaco` tinyint NOT NULL,
  `Perc_IIBB_Chubut` tinyint NOT NULL,
  `Perc_IIBB_Cordoba` tinyint NOT NULL,
  `Perc_IIBB_Corrientes` tinyint NOT NULL,
  `Perc_IIBB_Entre_Rios` tinyint NOT NULL,
  `Perc_IIBB_Formosa` tinyint NOT NULL,
  `Perc_IIBB_Jujuy` tinyint NOT NULL,
  `Perc_IIBB_La_Pampa` tinyint NOT NULL,
  `Perc_IIBB_La_Rioja` tinyint NOT NULL,
  `Perc_IIBB_Mendoza` tinyint NOT NULL,
  `Perc_IIBB_Misiones` tinyint NOT NULL,
  `Perc_IIBB_Neuquen` tinyint NOT NULL,
  `Perc_IIBB_Pascua_Lama` tinyint NOT NULL,
  `Perc_IIBB_Rio_Negro` tinyint NOT NULL,
  `Perc_IIBB_Salta` tinyint NOT NULL,
  `Perc_IIBB_San_Juan` tinyint NOT NULL,
  `Perc_IIBB_San_Luis` tinyint NOT NULL,
  `Perc_IIBB_Santa_Cruz` tinyint NOT NULL,
  `Perc_IIBB_Santa_Fe` tinyint NOT NULL,
  `Perc_IIBB_Santiago_del_Estero` tinyint NOT NULL,
  `Perc_IIBB_Tierra_del_Fuego` tinyint NOT NULL,
  `Perc_IIBB_Tucuman` tinyint NOT NULL
) ENGINE=MyISAM */;

--
-- Temporary table structure for view `v_consultaproyeccionganancias`
--

/*!50001 DROP VIEW IF EXISTS `v_consultaproyeccionganancias`*/;
/*!50001 CREATE TABLE `v_consultaproyeccionganancias` (
  `IdOperacion` tinyint NOT NULL,
  `Operacion` tinyint NOT NULL,
  `IdEmpresa` tinyint NOT NULL,
  `DocumentoEmpresa` tinyint NOT NULL,
  `NombreEmpresa` tinyint NOT NULL,
  `anioPeriodo` tinyint NOT NULL,
  `UNO` tinyint NOT NULL,
  `DOS` tinyint NOT NULL,
  `TRES` tinyint NOT NULL,
  `CUATRO` tinyint NOT NULL,
  `CINCO` tinyint NOT NULL,
  `SEIS` tinyint NOT NULL,
  `SIETE` tinyint NOT NULL,
  `OCHO` tinyint NOT NULL,
  `NUEVE` tinyint NOT NULL,
  `DIEZ` tinyint NOT NULL,
  `ONCE` tinyint NOT NULL,
  `DOCE` tinyint NOT NULL
) ENGINE=MyISAM */;

--
-- Temporary table structure for view `v_cta_cte_cheques`
--

/*!50001 DROP VIEW IF EXISTS `v_cta_cte_cheques`*/;
/*!50001 CREATE TABLE `v_cta_cte_cheques` (
  `conta_asiento_id` tinyint NOT NULL,
  `fecha` tinyint NOT NULL,
  `conta_asiento_detail_id` tinyint NOT NULL,
  `tipo_asiento_id` tinyint NOT NULL,
  `registrado_en` tinyint NOT NULL,
  `plan_cuenta_id` tinyint NOT NULL,
  `SALDO` tinyint NOT NULL,
  `saldo_id` tinyint NOT NULL,
  `comentario` tinyint NOT NULL,
  `person_id` tinyint NOT NULL,
  `asiento` tinyint NOT NULL,
  `destino` tinyint NOT NULL,
  `cuenta` tinyint NOT NULL,
  `empresa` tinyint NOT NULL,
  `titular` tinyint NOT NULL,
  `numero` tinyint NOT NULL,
  `comentarioCheque` tinyint NOT NULL,
  `fecha_cobro` tinyint NOT NULL,
  `status` tinyint NOT NULL,
  `banco` tinyint NOT NULL,
  `abierto_cruzado` tinyint NOT NULL,
  `DEBE` tinyint NOT NULL,
  `HABER` tinyint NOT NULL
) ENGINE=MyISAM */;

--
-- Temporary table structure for view `v_cta_cte_clientes`
--

/*!50001 DROP VIEW IF EXISTS `v_cta_cte_clientes`*/;
/*!50001 CREATE TABLE `v_cta_cte_clientes` (
  `conta_asiento_id` tinyint NOT NULL,
  `fecha` tinyint NOT NULL,
  `conta_asiento_detail_id` tinyint NOT NULL,
  `tipo_asiento_id` tinyint NOT NULL,
  `registrado_en` tinyint NOT NULL,
  `cta_cte_tesoreria_cuenta_id` tinyint NOT NULL,
  `SALDO` tinyint NOT NULL,
  `saldo_id` tinyint NOT NULL,
  `comentario` tinyint NOT NULL,
  `person_id` tinyint NOT NULL,
  `asiento` tinyint NOT NULL,
  `cuenta` tinyint NOT NULL,
  `empresa` tinyint NOT NULL,
  `DEBE` tinyint NOT NULL,
  `HABER` tinyint NOT NULL
) ENGINE=MyISAM */;

--
-- Temporary table structure for view `v_iibb_reg_simpl`
--

/*!50001 DROP VIEW IF EXISTS `v_iibb_reg_simpl`*/;
/*!50001 CREATE TABLE `v_iibb_reg_simpl` (
  `IdOperacion` tinyint NOT NULL,
  `Operacion` tinyint NOT NULL,
  `person_id` tinyint NOT NULL,
  `cuit` tinyint NOT NULL,
  `empresa` tinyint NOT NULL,
  `anioPeriodo` tinyint NOT NULL,
  `impuesto_id` tinyint NOT NULL,
  `importe` tinyint NOT NULL,
  `categoria` tinyint NOT NULL,
  `facAnual` tinyint NOT NULL,
  `TOTAL` tinyint NOT NULL,
  `Q1` tinyint NOT NULL,
  `Q2` tinyint NOT NULL,
  `Q3` tinyint NOT NULL,
  `UNO` tinyint NOT NULL,
  `DOS` tinyint NOT NULL,
  `TRES` tinyint NOT NULL,
  `CUATRO` tinyint NOT NULL,
  `CINCO` tinyint NOT NULL,
  `SEIS` tinyint NOT NULL,
  `SIETE` tinyint NOT NULL,
  `OCHO` tinyint NOT NULL,
  `NUEVE` tinyint NOT NULL,
  `DIEZ` tinyint NOT NULL,
  `ONCE` tinyint NOT NULL,
  `DOCE` tinyint NOT NULL
) ENGINE=MyISAM */;

--
-- Temporary table structure for view `v_ingresos_brutos_gasto`
--

/*!50001 DROP VIEW IF EXISTS `v_ingresos_brutos_gasto`*/;
/*!50001 CREATE TABLE `v_ingresos_brutos_gasto` (
  `anio` tinyint NOT NULL,
  `IdEmpresa` tinyint NOT NULL,
  `NombreEmpresa` tinyint NOT NULL,
  `UNO` tinyint NOT NULL,
  `DOS` tinyint NOT NULL,
  `TRES` tinyint NOT NULL,
  `CUATRO` tinyint NOT NULL,
  `CINCO` tinyint NOT NULL,
  `SEIS` tinyint NOT NULL,
  `SIETE` tinyint NOT NULL,
  `OCHO` tinyint NOT NULL,
  `NUEVE` tinyint NOT NULL,
  `DIEZ` tinyint NOT NULL,
  `ONCE` tinyint NOT NULL,
  `DOCE` tinyint NOT NULL
) ENGINE=MyISAM */;

--
-- Temporary table structure for view `v_liquidaciones`
--

/*!50001 DROP VIEW IF EXISTS `v_liquidaciones`*/;
/*!50001 CREATE TABLE `v_liquidaciones` (
  `Idperiod_liquidations` tinyint NOT NULL,
  `apply_to` tinyint NOT NULL,
  `Status` tinyint NOT NULL,
  `IdPeriodo` tinyint NOT NULL,
  `IdEmpresa` tinyint NOT NULL,
  `DocumentoEmpresa` tinyint NOT NULL,
  `NombreEmpresa` tinyint NOT NULL,
  `Desde` tinyint NOT NULL,
  `Hasta` tinyint NOT NULL,
  `Periodo` tinyint NOT NULL
) ENGINE=MyISAM */;

--
-- Temporary table structure for view `v_liquidaciones_iibb`
--

/*!50001 DROP VIEW IF EXISTS `v_liquidaciones_iibb`*/;
/*!50001 CREATE TABLE `v_liquidaciones_iibb` (
  `Status` tinyint NOT NULL,
  `IdLiquidacionIIBB` tinyint NOT NULL,
  `period_liquidation_id` tinyint NOT NULL,
  `liquidador` tinyint NOT NULL,
  `IdPeriodo` tinyint NOT NULL,
  `IdEmpresa` tinyint NOT NULL,
  `DocumentoEmpresa` tinyint NOT NULL,
  `NombreEmpresa` tinyint NOT NULL,
  `anio` tinyint NOT NULL,
  `mes` tinyint NOT NULL,
  `Desde` tinyint NOT NULL,
  `Hasta` tinyint NOT NULL,
  `Periodo` tinyint NOT NULL,
  `Zona` tinyint NOT NULL,
  `coeficiente` tinyint NOT NULL,
  `alicuota` tinyint NOT NULL,
  `baseImponible` tinyint NOT NULL,
  `impuesto` tinyint NOT NULL,
  `saldoAnterior` tinyint NOT NULL,
  `sircreb` tinyint NOT NULL,
  `percepciones` tinyint NOT NULL,
  `retenciones` tinyint NOT NULL,
  `A_PAGAR_ANTERIOR` tinyint NOT NULL,
  `A_Pagar` tinyint NOT NULL,
  `A_Favor` tinyint NOT NULL
) ENGINE=MyISAM */;

--
-- Temporary table structure for view `v_liquidaciones_iva`
--

/*!50001 DROP VIEW IF EXISTS `v_liquidaciones_iva`*/;
/*!50001 CREATE TABLE `v_liquidaciones_iva` (
  `Status` tinyint NOT NULL,
  `IdLiquidacionIVA` tinyint NOT NULL,
  `period_liquidation_id` tinyint NOT NULL,
  `liquidador` tinyint NOT NULL,
  `IdPeriodo` tinyint NOT NULL,
  `IdEmpresa` tinyint NOT NULL,
  `DocumentoEmpresa` tinyint NOT NULL,
  `NombreEmpresa` tinyint NOT NULL,
  `Desde` tinyint NOT NULL,
  `Hasta` tinyint NOT NULL,
  `Periodo` tinyint NOT NULL,
  `total_debit` tinyint NOT NULL,
  `total_credit` tinyint NOT NULL,
  `previous_technical` tinyint NOT NULL,
  `previous_free_availability` tinyint NOT NULL,
  `retention_amount` tinyint NOT NULL,
  `perception_amount` tinyint NOT NULL,
  `compensation_amount` tinyint NOT NULL,
  `total_perceptions_retentions` tinyint NOT NULL,
  `free_availability_balance` tinyint NOT NULL,
  `A_PAGAR_ANTERIOR` tinyint NOT NULL,
  `A_PAGAR` tinyint NOT NULL,
  `SaldoTecnicoAFavor` tinyint NOT NULL,
  `SaldoLibreDisponibilidadAFavor` tinyint NOT NULL
) ENGINE=MyISAM */;

--
-- Temporary table structure for view `v_pdf_consultacomprobantes`
--

/*!50001 DROP VIEW IF EXISTS `v_pdf_consultacomprobantes`*/;
/*!50001 CREATE TABLE `v_pdf_consultacomprobantes` (
  `IdComprobante` tinyint NOT NULL,
  `IdTipoComprobante` tinyint NOT NULL,
  `IdProveedorCliente` tinyint NOT NULL,
  `IdEmpresa` tinyint NOT NULL,
  `DocumentoEmpresa` tinyint NOT NULL,
  `NombreEmpresa` tinyint NOT NULL,
  `IdPeriodo` tinyint NOT NULL,
  `Desde` tinyint NOT NULL,
  `Hasta` tinyint NOT NULL,
  `Periodo` tinyint NOT NULL,
  `anioPeriodo` tinyint NOT NULL,
  `mesPeriodo` tinyint NOT NULL,
  `IdOperacion` tinyint NOT NULL,
  `Operacion` tinyint NOT NULL,
  `Proveedor` tinyint NOT NULL,
  `TipoDocumento` tinyint NOT NULL,
  `Documento` tinyint NOT NULL,
  `Zona` tinyint NOT NULL,
  `Estado` tinyint NOT NULL,
  `Actividad` tinyint NOT NULL,
  `FechaComprobante` tinyint NOT NULL,
  `Referencia` tinyint NOT NULL,
  `TipoDeRetencion` tinyint NOT NULL,
  `TipoComprobante` tinyint NOT NULL,
  `Suc` tinyint NOT NULL,
  `Numero` tinyint NOT NULL,
  `Total` tinyint NOT NULL,
  `gravado_27` tinyint NOT NULL,
  `IVA_27` tinyint NOT NULL,
  `gravado_21` tinyint NOT NULL,
  `IVA_21` tinyint NOT NULL,
  `gravado_105` tinyint NOT NULL,
  `IVA_105` tinyint NOT NULL,
  `gravado_5` tinyint NOT NULL,
  `IVA_5` tinyint NOT NULL,
  `gravado_0` tinyint NOT NULL,
  `IVA_0` tinyint NOT NULL,
  `gravado_2_5` tinyint NOT NULL,
  `IVA_2_5` tinyint NOT NULL,
  `no_gravado` tinyint NOT NULL,
  `percepIva` tinyint NOT NULL,
  `Imps_Internos` tinyint NOT NULL,
  `Perc_IIBB` tinyint NOT NULL
) ENGINE=MyISAM */;

--
-- Temporary table structure for view `v_retenciones_ganancias`
--

/*!50001 DROP VIEW IF EXISTS `v_retenciones_ganancias`*/;
/*!50001 CREATE TABLE `v_retenciones_ganancias` (
  `IdOperacion` tinyint NOT NULL,
  `Operacion` tinyint NOT NULL,
  `IdEmpresa` tinyint NOT NULL,
  `DocumentoEmpresa` tinyint NOT NULL,
  `NombreEmpresa` tinyint NOT NULL,
  `anioPeriodo` tinyint NOT NULL,
  `UNO` tinyint NOT NULL,
  `DOS` tinyint NOT NULL,
  `TRES` tinyint NOT NULL,
  `CUATRO` tinyint NOT NULL,
  `CINCO` tinyint NOT NULL,
  `SEIS` tinyint NOT NULL,
  `SIETE` tinyint NOT NULL,
  `OCHO` tinyint NOT NULL,
  `NUEVE` tinyint NOT NULL,
  `DIEZ` tinyint NOT NULL,
  `ONCE` tinyint NOT NULL,
  `DOCE` tinyint NOT NULL
) ENGINE=MyISAM */;

--
-- Temporary table structure for view `v_sircreb_comp_anticipos_ganan`
--

/*!50001 DROP VIEW IF EXISTS `v_sircreb_comp_anticipos_ganan`*/;
/*!50001 CREATE TABLE `v_sircreb_comp_anticipos_ganan` (
  `IdOperacion` tinyint NOT NULL,
  `Operacion` tinyint NOT NULL,
  `IdEmpresa` tinyint NOT NULL,
  `DocumentoEmpresa` tinyint NOT NULL,
  `NombreEmpresa` tinyint NOT NULL,
  `anioPeriodo` tinyint NOT NULL,
  `UNO` tinyint NOT NULL,
  `DOS` tinyint NOT NULL,
  `TRES` tinyint NOT NULL,
  `CUATRO` tinyint NOT NULL,
  `CINCO` tinyint NOT NULL,
  `SEIS` tinyint NOT NULL,
  `SIETE` tinyint NOT NULL,
  `OCHO` tinyint NOT NULL,
  `NUEVE` tinyint NOT NULL,
  `DIEZ` tinyint NOT NULL,
  `ONCE` tinyint NOT NULL,
  `DOCE` tinyint NOT NULL
) ENGINE=MyISAM */;

--
-- Temporary table structure for view `v_vencimiento_impuestos`
--

/*!50001 DROP VIEW IF EXISTS `v_vencimiento_impuestos`*/;
/*!50001 CREATE TABLE `v_vencimiento_impuestos` (
  `idPersonVto` tinyint NOT NULL,
  `person_id` tinyint NOT NULL,
  `liquidador` tinyint NOT NULL,
  `empresa` tinyint NOT NULL,
  `cuit` tinyint NOT NULL,
  `impuesto` tinyint NOT NULL,
  `categoria` tinyint NOT NULL,
  `impuesto_id` tinyint NOT NULL,
  `categoria_imp_id` tinyint NOT NULL,
  `vencimiento` tinyint NOT NULL,
  `vto_id` tinyint NOT NULL,
  `anticipo` tinyint NOT NULL,
  `importe` tinyint NOT NULL,
  `comentario` tinyint NOT NULL,
  `mes` tinyint NOT NULL,
  `NumMes` tinyint NOT NULL
) ENGINE=MyISAM */;

--
-- Temporary table structure for view `v_vencimientosanuales`
--

/*!50001 DROP VIEW IF EXISTS `v_vencimientosanuales`*/;
/*!50001 CREATE TABLE `v_vencimientosanuales` (
  `impuesto_id` tinyint NOT NULL,
  `impuesto` tinyint NOT NULL,
  `anio` tinyint NOT NULL,
  `mes` tinyint NOT NULL,
  `dia` tinyint NOT NULL,
  `anticipo` tinyint NOT NULL,
  `status` tinyint NOT NULL,
  `grupo` tinyint NOT NULL,
  `IdFinCuit` tinyint NOT NULL
) ENGINE=MyISAM */;

--
-- Table structure for table `ventanilla_elec`
--

CREATE TABLE `ventanilla_elec` (
  `id` int(10) unsigned NOT NULL AUTO_INCREMENT,
  `user_id` int(10) unsigned NOT NULL,
  `person_id` int(10) unsigned NOT NULL,
  `idComunicacion` int(10) unsigned NOT NULL,
  `cuitDestinatario` int(10) unsigned NOT NULL,
  `fechaPublicacion` datetime DEFAULT NULL,
  `fechaVencimiento` datetime DEFAULT NULL,
  `sistemaPublicador` int(10) unsigned DEFAULT NULL,
  `sistemaPublicadorDesc` varchar(191) COLLATE utf8mb4_unicode_ci DEFAULT NULL,
  `estado` int(10) unsigned DEFAULT NULL,
  `estadoDesc` varchar(191) COLLATE utf8mb4_unicode_ci DEFAULT NULL,
  `asunto` varchar(191) COLLATE utf8mb4_unicode_ci DEFAULT NULL,
  `prioridad` int(11) DEFAULT NULL,
  `tieneAdjunto` tinyint(1) DEFAULT NULL,
  `referencia1` varchar(191) COLLATE utf8mb4_unicode_ci DEFAULT NULL,
  `referencia2` varchar(191) COLLATE utf8mb4_unicode_ci DEFAULT NULL,
  `leida` tinyint(1) NOT NULL DEFAULT '0',
  `comentario` varchar(191) COLLATE utf8mb4_unicode_ci DEFAULT NULL,
  `created_at` timestamp NULL DEFAULT NULL,
  `updated_at` timestamp NULL DEFAULT NULL,
  `deleted_at` timestamp NULL DEFAULT NULL,
  PRIMARY KEY (`id`),
  KEY `ventanilla_elec_person_id_foreign` (`person_id`),
  KEY `ventanilla_elec_sistemapublicador_foreign` (`sistemaPublicador`),
  KEY `ventanilla_elec_estado_foreign` (`estado`),
  CONSTRAINT `ventanilla_elec_estado_foreign` FOREIGN KEY (`estado`) REFERENCES `ventanilla_elec_estados` (`id`),
  CONSTRAINT `ventanilla_elec_person_id_foreign` FOREIGN KEY (`person_id`) REFERENCES `persons` (`id`),
  CONSTRAINT `ventanilla_elec_sistemapublicador_foreign` FOREIGN KEY (`sistemaPublicador`) REFERENCES `ventanilla_elec_sistemas` (`id`)
) ENGINE=InnoDB DEFAULT CHARSET=utf8mb4 COLLATE=utf8mb4_unicode_ci;

--
-- Dumping data for table `ventanilla_elec`
--


--
-- Table structure for table `ventanilla_elec_estados`
--

CREATE TABLE `ventanilla_elec_estados` (
  `id` int(10) unsigned NOT NULL AUTO_INCREMENT,
  `descripcion` varchar(191) COLLATE utf8mb4_unicode_ci DEFAULT NULL,
  `created_at` timestamp NULL DEFAULT NULL,
  `updated_at` timestamp NULL DEFAULT NULL,
  `deleted_at` timestamp NULL DEFAULT NULL,
  PRIMARY KEY (`id`)
) ENGINE=InnoDB AUTO_INCREMENT=4 DEFAULT CHARSET=utf8mb4 COLLATE=utf8mb4_unicode_ci;

--
-- Dumping data for table `ventanilla_elec_estados`
--

INSERT INTO `ventanilla_elec_estados` VALUES (1,'Comunicacion sin procesar - No disponible','2020-03-09 02:09:50','2020-03-09 02:09:50',NULL),(2,'Comunicacion No Leida','2020-03-09 02:09:50','2020-03-09 02:09:50',NULL),(3,'Comunicacion Leida','2020-03-09 02:09:50','2020-03-09 02:09:50',NULL);

--
-- Table structure for table `ventanilla_elec_sistemas`
--

CREATE TABLE `ventanilla_elec_sistemas` (
  `id` int(10) unsigned NOT NULL AUTO_INCREMENT,
  `descripcion` varchar(191) COLLATE utf8mb4_unicode_ci DEFAULT NULL,
  `created_at` timestamp NULL DEFAULT NULL,
  `updated_at` timestamp NULL DEFAULT NULL,
  `deleted_at` timestamp NULL DEFAULT NULL,
  PRIMARY KEY (`id`)
) ENGINE=InnoDB AUTO_INCREMENT=10000 DEFAULT CHARSET=utf8mb4 COLLATE=utf8mb4_unicode_ci;

--
-- Dumping data for table `ventanilla_elec_sistemas`
--

INSERT INTO `ventanilla_elec_sistemas` VALUES (1,'Sistema Ventanilla Electrónica','2020-03-09 02:09:50','2020-03-09 02:09:50',NULL),(2,'Recaudacion Seguridad Social','2020-03-09 02:09:50','2020-03-09 02:09:50',NULL),(3,'Devolución Iva Operaciones con Tarjetas de Crédito','2020-03-09 02:09:50','2020-03-09 02:09:50',NULL),(4,'Sistema Informático Malvina','2020-03-09 02:09:50','2020-03-09 02:09:50',NULL),(5,'Devolución Iva Operaciones con Tarjetas de débito','2020-03-09 02:09:50','2020-03-09 02:09:50',NULL),(6,'Registración de Manifiesto','2020-03-09 02:09:50','2020-03-09 02:09:50',NULL),(7,'Inducción Bienes Personales y Ganancias','2020-03-09 02:09:50','2020-03-09 02:09:50',NULL),(8,'Resultado de Transmisión de Manifiesto','2020-03-09 02:09:50','2020-03-09 02:09:50',NULL),(9,'Concursos y Quiebras - Corte de Información','2020-03-09 02:09:50','2020-03-09 02:09:50',NULL),(10,'Requerimiento de Información según punto 7 - Apartado A - Anexo III - R.G. 1361 - REAR','2020-03-09 02:09:50','2020-03-09 02:09:50',NULL),(11,'Resultado de la solicitud de autorización de emisión de comprobantes electrónico','2020-03-09 02:09:50','2020-03-09 02:09:50',NULL),(17,'Osiris - MovBan Acreditación de Fondos Banco Recaudador','2020-03-09 02:09:50','2020-03-09 02:09:50',NULL),(18,'Osiris - MovBan Acreditación de Fondos Banco Administrador','2020-03-09 02:09:50','2020-03-09 02:09:50',NULL),(19,'Osiris - MovBan Respuesta de Proceso del Cierre de Concentrador','2020-03-09 02:09:50','2020-03-09 02:09:50',NULL),(22,'Osiris - MovBan Acreditación de Fondos Organismo Recaudador','2020-03-09 02:09:50','2020-03-09 02:09:50',NULL),(24,'Ley 25922 - Promoción de Software','2020-03-09 02:09:50','2020-03-09 02:09:50',NULL),(25,'Mi Simplificación','2020-03-09 02:09:50','2020-03-09 02:09:50',NULL),(26,'Consulta de Validez de Comprobantes emitidos Electrónicamente','2020-03-09 02:09:50','2020-03-09 02:09:50',NULL),(27,'SCF-Publicación de Extractos','2020-03-09 02:09:50','2020-03-09 02:09:50',NULL),(28,'Solicitud y consulta de CUIT de Sociedades','2020-03-09 02:09:50','2020-03-09 02:09:50',NULL),(29,'Mis Facilidades','2020-03-09 02:09:50','2020-03-09 02:09:50',NULL),(30,'Consulta de Validez de CAI','2020-03-09 02:09:50','2020-03-09 02:09:50',NULL),(31,'SOJ Provincias','2020-03-09 02:09:50','2020-03-09 02:09:50',NULL),(32,'Mi Simplificación - Organismos','2020-03-09 02:09:50','2020-03-09 02:09:50',NULL),(33,'Transferencias','2020-03-09 02:09:50','2020-03-09 02:09:50',NULL),(34,'Nómina','2020-03-09 02:09:50','2020-03-09 02:09:50',NULL),(35,'Procesos de padrón de aportantes','2020-03-09 02:09:50','2020-03-09 02:09:50',NULL),(36,'Procesos de corrección de datos','2020-03-09 02:09:50','2020-03-09 02:09:50',NULL),(37,'Procesos de Información de padrón','2020-03-09 02:09:50','2020-03-09 02:09:50',NULL),(38,'Procesos de actualización de opciones de obra social','2020-03-09 02:09:50','2020-03-09 02:09:50',NULL),(39,'Procesos de liquidaciones especiales','2020-03-09 02:09:50','2020-03-09 02:09:50',NULL),(40,'Información no periódica','2020-03-09 02:09:50','2020-03-09 02:09:50',NULL),(42,'Tribunal Fiscal de la Nación - Tasa de Justicia','2020-03-09 02:09:50','2020-03-09 02:09:50',NULL),(43,'ARFE - Administrador de Relaciones Factura Electrónica','2020-03-09 02:09:50','2020-03-09 02:09:50',NULL),(44,'Información Tributaria','2020-03-09 02:09:50','2020-03-09 02:09:50',NULL),(45,'Información Aduanera','2020-03-09 02:09:50','2020-03-09 02:09:50',NULL),(47,'Monotributo para Provincias','2020-03-09 02:09:50','2020-03-09 02:09:50',NULL),(48,'e-Compras AFIP','2020-03-09 02:09:50','2020-03-09 02:09:50',NULL),(49,'Inscripción de Sociedades','2020-03-09 02:09:50','2020-03-09 02:09:50',NULL),(50,'Facturables - Monotributo','2020-03-09 02:09:50','2020-03-09 02:09:50',NULL),(51,'Facturables - Autonómos','2020-03-09 02:09:50','2020-03-09 02:09:50',NULL),(52,'Facturables - Mis Facilidades','2020-03-09 02:09:50','2020-03-09 02:09:50',NULL);
INSERT INTO `ventanilla_elec_sistemas` VALUES (53,'Facturables - Anticipo Ganancias','2020-03-09 02:09:50','2020-03-09 02:09:50',NULL),(54,'Facturables - Anticipo Bienes Personales','2020-03-09 02:09:50','2020-03-09 02:09:50',NULL),(55,'Fiscalización - Cartas de porte','2020-03-09 02:09:50','2020-03-09 02:09:50',NULL),(56,'Determinativa','2020-03-09 02:09:50','2020-03-09 02:09:50',NULL),(57,'Información Tributaria - ONCCA','2020-03-09 02:09:50','2020-03-09 02:09:50',NULL),(58,'Fiscalización - Cuota Hilton','2020-03-09 02:09:50','2020-03-09 02:09:50',NULL),(59,'Factuweb','2020-03-09 02:09:50','2020-03-09 02:09:50',NULL),(60,'RCEL-Régimen de comprobantes de emisión electrónica','2020-03-09 02:09:50','2020-03-09 02:09:50',NULL),(61,'Estadísticos / Extraciones de datos Seg.Soc.','2020-03-09 02:09:50','2020-03-09 02:09:50',NULL),(62,'Información SICAM','2020-03-09 02:09:50','2020-03-09 02:09:50',NULL),(63,'Entrega de Pin Inicial por Solicitud HW Token','2020-03-09 02:09:50','2020-03-09 02:09:50',NULL),(64,'REEG Resoluciones DI SERE','2020-03-09 02:09:50','2020-03-09 02:09:50',NULL),(65,'REEG Requerimientos','2020-03-09 02:09:50','2020-03-09 02:09:50',NULL),(66,'REEG Información de garantías','2020-03-09 02:09:50','2020-03-09 02:09:50',NULL),(67,'REEG Comunicaciones Varias','2020-03-09 02:09:50','2020-03-09 02:09:50',NULL),(68,'Sistema OSIRIS','2020-03-09 02:09:50','2020-03-09 02:09:50',NULL),(69,'Declaración de CBU para cobros de origen tributario, aduanero y de la seguridad social','2020-03-09 02:09:50','2020-03-09 02:09:50',NULL),(70,'Transferencias no SIPA','2020-03-09 02:09:50','2020-03-09 02:09:50',NULL),(71,'SIM - Servicios Extraordinarios','2020-03-09 02:09:50','2020-03-09 02:09:50',NULL),(72,'SIM - SEPAIMPO','2020-03-09 02:09:50','2020-03-09 02:09:50',NULL),(73,'SIM - SECOEXPO','2020-03-09 02:09:50','2020-03-09 02:09:50',NULL),(74,'SIM - PSAD','2020-03-09 02:09:50','2020-03-09 02:09:50',NULL),(75,'SIM - CNRT','2020-03-09 02:09:50','2020-03-09 02:09:50',NULL),(76,'SIM - Depositario Fiel','2020-03-09 02:09:50','2020-03-09 02:09:50',NULL),(77,'SIM - Fraude Marcario','2020-03-09 02:09:50','2020-03-09 02:09:50',NULL),(78,'SIM - Administración','2020-03-09 02:09:50','2020-03-09 02:09:50',NULL),(79,'ONCCA ROE BLANCO','2020-03-09 02:09:50','2020-03-09 02:09:50',NULL),(80,'ONCCA ROE ROJO','2020-03-09 02:09:50','2020-03-09 02:09:50',NULL),(81,'Intercambio de Información de Fiscalización con Otros Organismos Públicos','2020-03-09 02:09:50','2020-03-09 02:09:50',NULL),(82,'SIDEINCO','2020-03-09 02:09:50','2020-03-09 02:09:50',NULL),(83,'DbWebBrowser','2020-03-09 02:09:50','2020-03-09 02:09:50',NULL),(84,'Archivo Generador VEPs - Efectores Agropecuarios','2020-03-09 02:09:50','2020-03-09 02:09:50',NULL),(85,'SIM -  Garantías','2020-03-09 02:09:50','2020-03-09 02:09:50',NULL),(86,'OFICIOS - DE SEIN','2020-03-09 02:09:50','2020-03-09 02:09:50',NULL),(87,'Osiris MulAT','2020-03-09 02:09:50','2020-03-09 02:09:50',NULL),(88,'MDQ (Multiple Database Query)','2020-03-09 02:09:50','2020-03-09 02:09:50',NULL),(89,'Verificación de Efectores','2020-03-09 02:09:50','2020-03-09 02:09:50',NULL),(90,'CGR','2020-03-09 02:09:50','2020-03-09 02:09:50',NULL),(91,'Información Dir.Aduana de Buenos Aires SDG OAM','2020-03-09 02:09:50','2020-03-09 02:09:50',NULL),(92,'Sarha Transferencia','2020-03-09 02:09:50','2020-03-09 02:09:50',NULL),(93,'Constatación  de comprobantes CAE/CAI/CAEA','2020-03-09 02:09:50','2020-03-09 02:09:50',NULL),(94,'Subsidios','2020-03-09 02:09:50','2020-03-09 02:09:50',NULL),(95,'Dpto.Informática de Administración','2020-03-09 02:09:50','2020-03-09 02:09:50',NULL),(96,'Dpto.Informática de Administración - Comunicaciones externas','2020-03-09 02:09:50','2020-03-09 02:09:50',NULL),(97,'Información Estadística Tributaria','2020-03-09 02:09:50','2020-03-09 02:09:50',NULL),(98,'Depuradores','2020-03-09 02:09:50','2020-03-09 02:09:50',NULL),(99,'Campaña de inducción Fideicomisos','2020-03-09 02:09:50','2020-03-09 02:09:50',NULL);
INSERT INTO `ventanilla_elec_sistemas` VALUES (100,'SICNEA','2020-03-09 02:09:50','2020-03-09 02:09:50',NULL),(101,'UCESCI','2020-03-09 02:09:50','2020-03-09 02:09:50',NULL),(102,'Descarga de archivos para el MTEySS','2020-03-09 02:09:50','2020-03-09 02:09:50',NULL),(103,'RSI - Registro de subsidios e incentivos','2020-03-09 02:09:50','2020-03-09 02:09:50',NULL),(104,'R.G. 3580 - Reg. De Información de Operaciones Comerciales Minoristas','2020-03-09 02:09:50','2020-03-09 02:09:50',NULL),(105,'Adhesión Domicilio Fiscal Electrónico','2020-03-09 02:09:50','2020-03-09 02:09:50',NULL),(106,'WSJAZA','2020-03-09 02:09:50','2020-03-09 02:09:50',NULL),(107,'SIRE - Retenciones Electrónicas','2020-03-09 02:09:50','2020-03-09 02:09:50',NULL),(108,'Domicilio Fiscal Electrónico','2020-03-09 02:09:50','2020-03-09 02:09:50',NULL),(109,'Libro de sueldos digital - Aviso de emisiÃ³n','2020-03-09 02:09:50','2020-03-09 02:09:50',NULL),(110,'Sistema Registral','2020-03-09 02:09:50','2020-03-09 02:09:50',NULL),(111,'Comunicaciones','2020-03-09 02:09:50','2020-03-09 02:09:50',NULL),(112,'Sistema de Fiscalizaciones Aduaneras','2020-03-09 02:09:50','2020-03-09 02:09:50',NULL),(113,'ROSi Consultas','2020-03-09 02:09:50','2020-03-09 02:09:50',NULL),(114,'Registro Fiscal de Operadores de Granos','2020-03-09 02:09:50','2020-03-09 02:09:50',NULL),(115,'ROSi Consultas Clave Fiscal','2020-03-09 02:09:50','2020-03-09 02:09:50',NULL),(116,'Departamento Tesorería General AFIP','2020-03-09 02:09:50','2020-03-09 02:09:50',NULL),(117,'SIRADIG','2020-03-09 02:09:50','2020-03-09 02:09:50',NULL),(118,'Registros Cárnicos','2020-03-09 02:09:50','2020-03-09 02:09:50',NULL),(119,'ITI - Impuesto a la Transferencia de Inmueble','2020-03-09 02:09:50','2020-03-09 02:09:50',NULL),(120,'Opción de Anticipos','2020-03-09 02:09:50','2020-03-09 02:09:50',NULL),(121,'SIPER','2020-03-09 02:09:50','2020-03-09 02:09:50',NULL),(122,'SIR - Sistema Integral de Recuperos','2020-03-09 02:09:50','2020-03-09 02:09:50',NULL),(123,'ICDB','2020-03-09 02:09:50','2020-03-09 02:09:50',NULL),(124,'Sistema de Cuentas Tributarias','2020-03-09 02:09:50','2020-03-09 02:09:50',NULL),(125,'Fútbol Profesional','2020-03-09 02:09:50','2020-03-09 02:09:50',NULL),(126,'CCMA','2020-03-09 02:09:50','2020-03-09 02:09:50',NULL),(127,'RETRA','2020-03-09 02:09:50','2020-03-09 02:09:50',NULL),(128,'Sinceramiento Fiscal','2020-03-09 02:09:50','2020-03-09 02:09:50',NULL),(129,'Devolución RG-3420','2020-03-09 02:09:50','2020-03-09 02:09:50',NULL),(130,'Requerimientos de Verificación Agencia','2020-03-09 02:09:50','2020-03-09 02:09:50',NULL),(131,'Información de Sinceramiento - Comunicaciones Internas','2020-03-09 02:09:50','2020-03-09 02:09:50',NULL),(132,'CTG','2020-03-09 02:09:50','2020-03-09 02:09:50',NULL),(133,'IDR - Irregularidades Detectadas en Relevamientos de Personal','2020-03-09 02:09:50','2020-03-09 02:09:50',NULL),(134,'Presentación Única de Balances (PUB)','2020-03-09 02:09:50','2020-03-09 02:09:50',NULL),(135,'Plan Nacional de Regularización del Trabajo','2020-03-09 02:09:50','2020-03-09 02:09:50',NULL),(136,'Comunicación vía Web Requerimiento electrónico','2020-03-09 02:09:50','2020-03-09 02:09:50',NULL),(137,'SITA - Retiro de Mercadería bajo régimen de garantía art.453 inc. h C.A.','2020-03-09 02:09:50','2020-03-09 02:09:50',NULL),(138,'Información Tributaria para Ventanilla Interna','2020-03-09 02:09:50','2020-03-09 02:09:50',NULL),(139,'Régimen de información financiera de sujetos no residentes','2020-03-09 02:09:50','2020-03-09 02:09:50',NULL),(140,'Mensaje de bienvenida','2020-03-09 02:09:50','2020-03-09 02:09:50',NULL),(141,'Novedades','2020-03-09 02:09:50','2020-03-09 02:09:50',NULL),(142,'ECSI  Exporta Simple  R.G.C. NÂ° 4049 E (Min. Producción - AFIP) - Recepción de alertas','2020-03-09 02:09:50','2020-03-09 02:09:50',NULL),(144,'Información de Armonización (RG 4113)','2020-03-09 02:09:50','2020-03-09 02:09:50',NULL),(145,'Puerta a Puerta. Turnos Correo','2020-03-09 02:09:50','2020-03-09 02:09:50',NULL);
INSERT INTO `ventanilla_elec_sistemas` VALUES (146,'Mis Comprobantes - Nuestra Parte','2020-03-09 02:09:50','2020-03-09 02:09:50',NULL),(147,'Sujetos no confiables','2020-03-09 02:09:50','2020-03-09 02:09:50',NULL),(148,'Revocación Domicilio Fiscal Electrónico','2020-03-09 02:09:50','2020-03-09 02:09:50',NULL),(149,'Pymes - Régimen de Fomento de Inversiones','2020-03-09 02:09:50','2020-03-09 02:09:50',NULL),(150,'Sector granos','2020-03-09 02:09:50','2020-03-09 02:09:50',NULL),(151,'Sector cárnico','2020-03-09 02:09:50','2020-03-09 02:09:50',NULL),(152,'Sector lácteo','2020-03-09 02:09:50','2020-03-09 02:09:50',NULL),(153,'Tus datos del Sinceramiento','2020-03-09 02:09:50','2020-03-09 02:09:50',NULL),(154,'RUS - Registro Único Simplificado','2020-03-09 02:09:50','2020-03-09 02:09:50',NULL),(157,'Sistema de Pagos sin DDJJ de Empleadores','2020-03-09 02:09:50','2020-03-09 02:09:50',NULL),(158,'CNE - Cámara Nacional Electoral','2020-03-09 02:09:50','2020-03-09 02:09:50',NULL),(159,'Procesos Automáticos - Sistema IVR','2020-03-09 02:09:50','2020-03-09 02:09:50',NULL),(160,'Rechazo de plan de facilidades de pago','2020-03-09 02:09:50','2020-03-09 02:09:50',NULL),(161,'ARBA - Padrón de empleadores','2020-03-09 02:09:50','2020-03-09 02:09:50',NULL),(162,'Requerimientos y citaciones','2020-03-09 02:09:50','2020-03-09 02:09:50',NULL),(163,'Aprobación/Rechazo de DDJJ','2020-03-09 02:09:50','2020-03-09 02:09:50',NULL),(165,'Carga de Titulares de Inmuebles','2020-03-09 02:09:50','2020-03-09 02:09:50',NULL),(166,'Finalización de fiscalización','2020-03-09 02:09:50','2020-03-09 02:09:50',NULL),(167,'Sector granos MT','2020-03-09 02:09:50','2020-03-09 02:09:50',NULL),(168,'Deuda en cuenta corriente','2020-03-09 02:09:50','2020-03-09 02:09:50',NULL),(169,'Registro de CBU','2020-03-09 02:09:50','2020-03-09 02:09:50',NULL),(170,'Rechazo bancario','2020-03-09 02:09:51','2020-03-09 02:09:51',NULL),(171,'Transferencias procesadas','2020-03-09 02:09:51','2020-03-09 02:09:51',NULL),(172,'Transferencias informadas','2020-03-09 02:09:51','2020-03-09 02:09:51',NULL),(173,'Falta de presentación de declaraciones juradas','2020-03-09 02:09:51','2020-03-09 02:09:51',NULL),(174,'Habilitación a emitir comprobantes M','2020-03-09 02:09:51','2020-03-09 02:09:51',NULL),(175,'Resultados de Disconformidades','2020-03-09 02:09:51','2020-03-09 02:09:51',NULL),(176,'MOREO','2020-03-09 02:09:51','2020-03-09 02:09:51',NULL),(177,'MOPLED','2020-03-09 02:09:51','2020-03-09 02:09:51',NULL),(178,'Expedientes pagados por hospitales de autogestión','2020-03-09 02:09:51','2020-03-09 02:09:51',NULL),(179,'Expedientes pagados por cancelación de deuda','2020-03-09 02:09:51','2020-03-09 02:09:51',NULL),(180,'Evolución de la recaudación de DGI al día','2020-03-09 02:09:51','2020-03-09 02:09:51',NULL),(181,'Evolución de la recaudación de DGA al día','2020-03-09 02:09:51','2020-03-09 02:09:51',NULL),(182,'Evolución de la recaudación de DGA con destino ANSES al día','2020-03-09 02:09:51','2020-03-09 02:09:51',NULL),(183,'Evolución de la recaudación de DGI con destino ANSES al día','2020-03-09 02:09:51','2020-03-09 02:09:51',NULL),(184,'Distribución IIBB por todas las jurisdicciones del día','2020-03-09 02:09:51','2020-03-09 02:09:51',NULL),(185,'Distribución IIBB por todas las jurisdicciones','2020-03-09 02:09:51','2020-03-09 02:09:51',NULL),(186,'Distribución IIBB Santa Cruz del día','2020-03-09 02:09:51','2020-03-09 02:09:51',NULL),(187,'Distribución IIBB San Juan del día','2020-03-09 02:09:51','2020-03-09 02:09:51',NULL),(188,'Distribución IIBB Tucumán del día','2020-03-09 02:09:51','2020-03-09 02:09:51',NULL),(189,'Distribución IIBB Tierra del Fuego del día','2020-03-09 02:09:51','2020-03-09 02:09:51',NULL),(190,'Distribución IIBB La Rioja del día','2020-03-09 02:09:51','2020-03-09 02:09:51',NULL),(191,'Distribución IIBB La Pampa del día','2020-03-09 02:09:51','2020-03-09 02:09:51',NULL);
INSERT INTO `ventanilla_elec_sistemas` VALUES (192,'Distribución IIBB Ciudad de Buenos Aires del día','2020-03-09 02:09:51','2020-03-09 02:09:51',NULL),(193,'Distribución IIBB Pcía. de Buenos Aires del día','2020-03-09 02:09:51','2020-03-09 02:09:51',NULL),(194,'Distribución IIBB Entre Ríos del día','2020-03-09 02:09:51','2020-03-09 02:09:51',NULL),(195,'Distribución IIBB Chaco del día','2020-03-09 02:09:51','2020-03-09 02:09:51',NULL),(196,'Distribución IIBB Formosa del día','2020-03-09 02:09:51','2020-03-09 02:09:51',NULL),(197,'Distribución IIBB Santiago del Estero del día','2020-03-09 02:09:51','2020-03-09 02:09:51',NULL),(198,'Distribución IIBB Santa Fe del día','2020-03-09 02:09:51','2020-03-09 02:09:51',NULL),(199,'Distribución IIBB San Luis del día','2020-03-09 02:09:51','2020-03-09 02:09:51',NULL),(200,'Distribución IIBB Salta del día','2020-03-09 02:09:51','2020-03-09 02:09:51',NULL),(201,'Distribución IIBB Rio Negro del día','2020-03-09 02:09:51','2020-03-09 02:09:51',NULL),(202,'Distribución IIBB Neuquén del día','2020-03-09 02:09:51','2020-03-09 02:09:51',NULL),(203,'Distribución IIBB Misiones del día','2020-03-09 02:09:51','2020-03-09 02:09:51',NULL),(204,'Distribución IIBB Mendoza del día','2020-03-09 02:09:51','2020-03-09 02:09:51',NULL),(205,'Distribución IIBB Jujuy del día','2020-03-09 02:09:51','2020-03-09 02:09:51',NULL),(206,'Distribución IIBB Chubut del día','2020-03-09 02:09:51','2020-03-09 02:09:51',NULL),(207,'Distribución IIBB Catamarca del día','2020-03-09 02:09:51','2020-03-09 02:09:51',NULL),(208,'Distribución IIBB Corrientes del día','2020-03-09 02:09:51','2020-03-09 02:09:51',NULL),(209,'Distribución IIBB Córdoba del día','2020-03-09 02:09:51','2020-03-09 02:09:51',NULL),(210,'Transferencias desde cuentas AFIP al organismo del día','2020-03-09 02:09:51','2020-03-09 02:09:51',NULL),(211,'Recaudación y Transferencias desde Cuentas AFIP al Organismo del día','2020-03-09 02:09:51','2020-03-09 02:09:51',NULL),(212,'Subsidio a obras sociales Decreto 904/2016','2020-03-09 02:09:51','2020-03-09 02:09:51',NULL),(213,'Indicador mínimo de trabajadores','2020-03-09 02:09:51','2020-03-09 02:09:51',NULL),(214,'Novedades Pymes - Régimen de Fomento de Inversiones','2020-03-09 02:09:51','2020-03-09 02:09:51',NULL),(215,'Denuncias 960','2020-03-09 02:09:51','2020-03-09 02:09:51',NULL),(216,'Gestión de incumplimientos','2020-03-09 02:09:51','2020-03-09 02:09:51',NULL),(217,'Falta de pago','2020-03-09 02:09:51','2020-03-09 02:09:51',NULL),(218,'Reporte de Facturación Electrónica','2020-03-09 02:09:51','2020-03-09 02:09:51',NULL),(219,'Adhesión al débito automático','2020-03-09 02:09:51','2020-03-09 02:09:51',NULL),(220,'Empadronamiento SISA','2020-03-09 02:09:51','2020-03-09 02:09:51',NULL),(221,'Novedades SISA','2020-03-09 02:09:51','2020-03-09 02:09:51',NULL),(222,'Respuesta de SENASA-SISA','2020-03-09 02:09:51','2020-03-09 02:09:51',NULL),(223,'Agentes de retención','2020-03-09 02:09:51','2020-03-09 02:09:51',NULL),(224,'Trámites, certificados y registros fiscales - aceptación','2020-03-09 02:09:51','2020-03-09 02:09:51',NULL),(225,'Trámites, certificados y registros fiscales - rechazo','2020-03-09 02:09:51','2020-03-09 02:09:51',NULL),(226,'Trámites, certificados y registros fiscales - resolución disconformidad','2020-03-09 02:09:51','2020-03-09 02:09:51',NULL),(227,'Trámites, certificados y registros fiscales - otras comunicaciones','2020-03-09 02:09:51','2020-03-09 02:09:51',NULL),(228,'Instrucción','2020-03-09 02:09:51','2020-03-09 02:09:51',NULL),(229,'Prórroga de plazo','2020-03-09 02:09:51','2020-03-09 02:09:51',NULL),(230,'Medidas para mejor proveer','2020-03-09 02:09:51','2020-03-09 02:09:51',NULL),(231,'Aperturas a prueba','2020-03-09 02:09:51','2020-03-09 02:09:51',NULL),(232,'Resoluciones','2020-03-09 02:09:51','2020-03-09 02:09:51',NULL),(233,'Recursos Art. 74 DR - resolución','2020-03-09 02:09:51','2020-03-09 02:09:51',NULL);
INSERT INTO `ventanilla_elec_sistemas` VALUES (234,'Recursos Art. 74 DR- medidas para mejor proveer','2020-03-09 02:09:51','2020-03-09 02:09:51',NULL),(235,'Recursos Art. 74 DR- apertura a prueba','2020-03-09 02:09:51','2020-03-09 02:09:51',NULL),(236,'Recursos Art. 74 DR - otras comunicaciones','2020-03-09 02:09:51','2020-03-09 02:09:51',NULL),(237,'Recursos Art. 76 Ley 11683 - resoluciones','2020-03-09 02:09:51','2020-03-09 02:09:51',NULL),(238,'Recursos Art. 76 Ley 11683 - medidas para mejor proveer','2020-03-09 02:09:51','2020-03-09 02:09:51',NULL),(239,'Recursos Art. 76 Ley 11683 - apertura a prueba','2020-03-09 02:09:51','2020-03-09 02:09:51',NULL),(240,'Recursos Art. 76 Ley 11683 - otras comunicaciones','2020-03-09 02:09:51','2020-03-09 02:09:51',NULL),(241,'Recursos Clausuras - resolución','2020-03-09 02:09:51','2020-03-09 02:09:51',NULL),(242,'Recursos Clausuras- medidas para mejor proveer','2020-03-09 02:09:51','2020-03-09 02:09:51',NULL),(243,'Recursos Clausuras - apertura a prueba','2020-03-09 02:09:51','2020-03-09 02:09:51',NULL),(244,'Recursos Clausuras - otras comunicaciones','2020-03-09 02:09:51','2020-03-09 02:09:51',NULL),(245,'Reclamos de repetición - resolución','2020-03-09 02:09:51','2020-03-09 02:09:51',NULL),(246,'Reclamos de repetición - medidas para mejor proveer','2020-03-09 02:09:51','2020-03-09 02:09:51',NULL),(247,'Reclamos de repetición - otras comunicaciones','2020-03-09 02:09:51','2020-03-09 02:09:51',NULL),(248,'Apertura Orden de Intervención','2020-03-09 02:09:51','2020-03-09 02:09:51',NULL),(249,'Finalización de Orden de Intervención','2020-03-09 02:09:51','2020-03-09 02:09:51',NULL),(250,'Declaración jurada informe país por país','2020-03-09 02:09:51','2020-03-09 02:09:51',NULL),(251,'Requerimiento','2020-03-09 02:09:51','2020-03-09 02:09:51',NULL),(252,'Autónomos','2020-03-09 02:09:51','2020-03-09 02:09:51',NULL),(253,'Novedades','2020-03-09 02:09:51','2020-03-09 02:09:51',NULL),(254,'Emisión de factura','2020-03-09 02:09:51','2020-03-09 02:09:51',NULL),(255,'Puesta a disposición a la CNV','2020-03-09 02:09:51','2020-03-09 02:09:51',NULL),(256,'Alta como empresa grande','2020-03-09 02:09:51','2020-03-09 02:09:51',NULL),(257,'Alta voluntaria como empresa grande','2020-03-09 02:09:51','2020-03-09 02:09:51',NULL),(258,'Información Convenio 6249/2019','2020-03-09 02:09:51','2020-03-09 02:09:51',NULL),(259,'Padrón de importadores/exportadores','2020-03-09 02:09:51','2020-03-09 02:09:51',NULL),(260,'Derechos de exportación de servicios','2020-03-09 02:09:51','2020-03-09 02:09:51',NULL),(261,'FCE rechazada pendiente de asociación','2020-03-09 02:09:51','2020-03-09 02:09:51',NULL),(262,'Comunicación sobre tu presentación digital','2020-03-09 02:09:51','2020-03-09 02:09:51',NULL),(266,'Bloqueo de constancia','2020-03-09 02:09:51','2020-03-09 02:09:51',NULL),(267,'SICNEA - Denuncia de Declaración Detallada','2020-03-09 02:09:51','2020-03-09 02:09:51',NULL),(268,'SITA - Solicitud de pago voluntario de declaraciones inexactas','2020-03-09 02:09:51','2020-03-09 02:09:51',NULL),(269,'SITA - Registro Infracción Aduanera - Declaración inexacta y otras diferencias injustificadas.','2020-03-09 02:09:51','2020-03-09 02:09:51',NULL),(270,'Inducción','2020-03-09 02:09:51','2020-03-09 02:09:51',NULL),(271,'Fiscalización en curso - Modificación de impuesto o período','2020-03-09 02:09:51','2020-03-09 02:09:51',NULL),(272,'Actas de inspección impositivas o previsionales','2020-03-09 02:09:51','2020-03-09 02:09:51',NULL),(273,'Determinación de oficio - Vista','2020-03-09 02:09:51','2020-03-09 02:09:51',NULL),(274,'Determinación de oficio - Medidas para mejor proveer','2020-03-09 02:09:51','2020-03-09 02:09:51',NULL),(275,'Determinación de oficio - Apertura a prueba','2020-03-09 02:09:51','2020-03-09 02:09:51',NULL),(276,'Determinación de oficio - Prórrogas de plazo','2020-03-09 02:09:51','2020-03-09 02:09:51',NULL),(277,'Determinación de oficio - Resolución','2020-03-09 02:09:51','2020-03-09 02:09:51',NULL);
INSERT INTO `ventanilla_elec_sistemas` VALUES (278,'Ejecución Fiscal - Sentencia','2020-03-09 02:09:51','2020-03-09 02:09:51',NULL),(279,'Ejecución Fiscal - Liquidación de Deuda','2020-03-09 02:09:51','2020-03-09 02:09:51',NULL),(280,'Ejecución Fiscal - Honorarios','2020-03-09 02:09:51','2020-03-09 02:09:51',NULL),(281,'Ejecución Fiscal - Otras comunicaciones','2020-03-09 02:09:51','2020-03-09 02:09:51',NULL),(282,'Devolución o trámite similar - Aceptación','2020-03-09 02:09:51','2020-03-09 02:09:51',NULL),(283,'Devolución o trámite similar - Rechazo','2020-03-09 02:09:51','2020-03-09 02:09:51',NULL),(284,'Devolución o trámite similar - Otras comunicaciones','2020-03-09 02:09:51','2020-03-09 02:09:51',NULL),(285,'Intimación o liquidación','2020-03-09 02:09:51','2020-03-09 02:09:51',NULL),(286,'Resolución o disposición','2020-03-09 02:09:51','2020-03-09 02:09:51',NULL),(287,'Otras comunicaciones','2020-03-09 02:09:51','2020-03-09 02:09:51',NULL),(288,'Libro de sueldos digital - Novedades','2020-03-09 02:09:51','2020-03-09 02:09:51',NULL),(289,'SITA - Infracción Artículo 994 del C. A.','2020-03-09 02:09:51','2020-03-09 02:09:51',NULL),(290,'SITA - Infracción Artículo 995 del C. A.','2020-03-09 02:09:51','2020-03-09 02:09:51',NULL),(291,'SECTOR CÁRNICO ARBA','2020-03-09 02:09:51','2020-03-09 02:09:51',NULL),(292,'Sector Molinería','2020-03-09 02:09:51','2020-03-09 02:09:51',NULL),(293,'SIRAEF-CONSEF','2020-03-09 02:09:51','2020-03-09 02:09:51',NULL),(294,'Denegatoria-disconformidad CEF','2020-03-09 02:09:51','2020-03-09 02:09:51',NULL),(295,'Impositiva','2020-03-09 02:09:51','2020-03-09 02:09:51',NULL),(296,'Aduanera','2020-03-09 02:09:51','2020-03-09 02:09:51',NULL),(297,'Previsional','2020-03-09 02:09:51','2020-03-09 02:09:51',NULL),(298,'Monotributo','2020-03-09 02:09:51','2020-03-09 02:09:51',NULL),(301,'Sector granos ARBA','2020-03-09 02:09:51','2020-03-09 02:09:51',NULL),(302,'REMITO ELECTRÓNICO LÁCTEO ARBA','2020-03-09 02:09:51','2020-03-09 02:09:51',NULL),(303,'Acta de inspección en línea','2020-03-09 02:09:51','2020-03-09 02:09:51',NULL),(304,'Comisión Arbitral','2020-03-09 02:09:51','2020-03-09 02:09:51',NULL),(315,'REMITO ELECTRÓNICO LÁCTEO AGROINDUSTRIA','2020-03-09 02:09:51','2020-03-09 02:09:51',NULL),(317,'FCE transferida próxima a vencer','2020-03-09 02:09:51','2020-03-09 02:09:51',NULL),(9999,'Borrados sistema 33 5 y 6 de mayo 2014','2020-03-09 02:09:51','2020-03-09 02:09:51',NULL);

--
-- Table structure for table `ventanilla_elec_sistemas_sub_serv`
--

CREATE TABLE `ventanilla_elec_sistemas_sub_serv` (
  `id` int(10) unsigned NOT NULL AUTO_INCREMENT,
  `ventanilla_elec_sistema_id` int(10) unsigned NOT NULL,
  `nombre` varchar(191) COLLATE utf8mb4_unicode_ci DEFAULT NULL,
  `descripcion` varchar(191) COLLATE utf8mb4_unicode_ci DEFAULT NULL,
  `created_at` timestamp NULL DEFAULT NULL,
  `updated_at` timestamp NULL DEFAULT NULL,
  `deleted_at` timestamp NULL DEFAULT NULL,
  PRIMARY KEY (`id`),
  KEY `venta_el_sis_foreign` (`ventanilla_elec_sistema_id`),
  CONSTRAINT `venta_el_sis_foreign` FOREIGN KEY (`ventanilla_elec_sistema_id`) REFERENCES `ventanilla_elec_sistemas` (`id`)
) ENGINE=InnoDB AUTO_INCREMENT=438 DEFAULT CHARSET=utf8mb4 COLLATE=utf8mb4_unicode_ci;

--
-- Dumping data for table `ventanilla_elec_sistemas_sub_serv`
--

INSERT INTO `ventanilla_elec_sistemas_sub_serv` VALUES (1,1,'commsender','commsender','2020-03-09 02:09:51','2020-03-09 02:09:51',NULL),(2,1,'e-ventanilla','e-ventanilla','2020-03-09 02:09:51','2020-03-09 02:09:51',NULL),(3,1,'e-ventanilla-int-2','e-ventanilla usuarios internos','2020-03-09 02:09:51','2020-03-09 02:09:51',NULL),(4,1,'e-ventanilla-mobile','eVentanilla Mobile','2020-03-09 02:09:51','2020-03-09 02:09:51',NULL),(5,1,'era_ventanilla','era_ventanilla','2020-03-09 02:09:51','2020-03-09 02:09:51',NULL),(6,1,'eventanilla-movban22','eventanilla-movban22','2020-03-09 02:09:51','2020-03-09 02:09:51',NULL),(7,1,'eventanilla_fe','eventanilla_fe','2020-03-09 02:09:51','2020-03-09 02:09:51',NULL),(8,1,'eventanilla_igj','eventanilla_igj','2020-03-09 02:09:51','2020-03-09 02:09:51',NULL),(9,2,'e-ventanilla','e-ventanilla','2020-03-09 02:09:51','2020-03-09 02:09:51',NULL),(10,2,'e-ventanilla-mobile','eVentanilla Mobile','2020-03-09 02:09:51','2020-03-09 02:09:51',NULL),(11,3,'e-ventanilla','e-ventanilla','2020-03-09 02:09:51','2020-03-09 02:09:51',NULL),(12,3,'e-ventanilla-mobile','eVentanilla Mobile','2020-03-09 02:09:51','2020-03-09 02:09:51',NULL),(13,4,'e-ventanilla','e-ventanilla','2020-03-09 02:09:51','2020-03-09 02:09:51',NULL),(14,4,'e-ventanilla-mobile','eVentanilla Mobile','2020-03-09 02:09:51','2020-03-09 02:09:51',NULL),(15,5,'e-ventanilla','e-ventanilla','2020-03-09 02:09:51','2020-03-09 02:09:51',NULL),(16,5,'e-ventanilla-mobile','eVentanilla Mobile','2020-03-09 02:09:51','2020-03-09 02:09:51',NULL),(17,6,'e-ventanilla','e-ventanilla','2020-03-09 02:09:51','2020-03-09 02:09:51',NULL),(18,6,'e-ventanilla-mobile','eVentanilla Mobile','2020-03-09 02:09:51','2020-03-09 02:09:51',NULL),(19,7,'e-ventanilla','e-ventanilla','2020-03-09 02:09:51','2020-03-09 02:09:51',NULL),(20,7,'e-ventanilla-mobile','eVentanilla Mobile','2020-03-09 02:09:51','2020-03-09 02:09:51',NULL),(21,8,'e-ventanilla','e-ventanilla','2020-03-09 02:09:51','2020-03-09 02:09:51',NULL),(22,8,'e-ventanilla-mobile','eVentanilla Mobile','2020-03-09 02:09:51','2020-03-09 02:09:51',NULL),(23,9,'e-ventanilla','e-ventanilla','2020-03-09 02:09:51','2020-03-09 02:09:51',NULL),(24,9,'e-ventanilla-mobile','eVentanilla Mobile','2020-03-09 02:09:51','2020-03-09 02:09:51',NULL),(25,10,'e-ventanilla','e-ventanilla','2020-03-09 02:09:51','2020-03-09 02:09:51',NULL),(26,10,'e-ventanilla-mobile','eVentanilla Mobile','2020-03-09 02:09:51','2020-03-09 02:09:51',NULL),(27,11,'e-ventanilla','e-ventanilla','2020-03-09 02:09:51','2020-03-09 02:09:51',NULL),(28,11,'e-ventanilla-mobile','eVentanilla Mobile','2020-03-09 02:09:51','2020-03-09 02:09:51',NULL),(29,11,'eventanilla_fe','eventanilla_fe','2020-03-09 02:09:51','2020-03-09 02:09:51',NULL),(30,17,'e-ventanilla','e-ventanilla','2020-03-09 02:09:51','2020-03-09 02:09:51',NULL),(31,17,'e-ventanilla-mobile','eVentanilla Mobile','2020-03-09 02:09:51','2020-03-09 02:09:51',NULL),(32,17,'eventanilla-movban17','eventanilla-movban17','2020-03-09 02:09:51','2020-03-09 02:09:51',NULL),(33,18,'e-ventanilla','e-ventanilla','2020-03-09 02:09:51','2020-03-09 02:09:51',NULL),(34,18,'e-ventanilla-mobile','eVentanilla Mobile','2020-03-09 02:09:51','2020-03-09 02:09:51',NULL),(35,18,'eventanilla-movban18','eventanilla-movban18','2020-03-09 02:09:51','2020-03-09 02:09:51',NULL),(36,19,'e-ventanilla','e-ventanilla','2020-03-09 02:09:51','2020-03-09 02:09:51',NULL),(37,19,'e-ventanilla-mobile','eVentanilla Mobile','2020-03-09 02:09:51','2020-03-09 02:09:51',NULL),(38,19,'eventanilla-movban19','eventanilla-movban19','2020-03-09 02:09:51','2020-03-09 02:09:51',NULL),(39,22,'e-ventanilla','e-ventanilla','2020-03-09 02:09:51','2020-03-09 02:09:51',NULL),(40,22,'e-ventanilla-mobile','eVentanilla Mobile','2020-03-09 02:09:51','2020-03-09 02:09:51',NULL),(41,22,'eventanilla-movban22','eventanilla-movban22','2020-03-09 02:09:51','2020-03-09 02:09:51',NULL),(42,24,'e-ventanilla','e-ventanilla','2020-03-09 02:09:51','2020-03-09 02:09:51',NULL);
INSERT INTO `ventanilla_elec_sistemas_sub_serv` VALUES (43,24,'e-ventanilla-ley-soft','e-Ventanilla - Ley de Software','2020-03-09 02:09:51','2020-03-09 02:09:51',NULL),(44,24,'e-ventanilla-mobile','eVentanilla Mobile','2020-03-09 02:09:51','2020-03-09 02:09:51',NULL),(45,25,'e-ventanilla','e-ventanilla','2020-03-09 02:09:51','2020-03-09 02:09:51',NULL),(46,25,'e-ventanilla-mobile','eVentanilla Mobile','2020-03-09 02:09:51','2020-03-09 02:09:51',NULL),(47,26,'e-ventanilla','e-ventanilla','2020-03-09 02:09:51','2020-03-09 02:09:51',NULL),(48,27,'e-ventanilla','e-ventanilla','2020-03-09 02:09:51','2020-03-09 02:09:51',NULL),(49,27,'e-ventanilla-mobile','eVentanilla Mobile','2020-03-09 02:09:51','2020-03-09 02:09:51',NULL),(50,27,'ve-organismos','Ventanilla Electrónica Organismos','2020-03-09 02:09:51','2020-03-09 02:09:51',NULL),(51,28,'commsender','commsender','2020-03-09 02:09:51','2020-03-09 02:09:51',NULL),(52,28,'eventanilla_igj','eventanilla_igj','2020-03-09 02:09:51','2020-03-09 02:09:51',NULL),(53,29,'e-ventanilla','e-ventanilla','2020-03-09 02:09:51','2020-03-09 02:09:51',NULL),(54,29,'e-ventanilla-mobile','eVentanilla Mobile','2020-03-09 02:09:51','2020-03-09 02:09:51',NULL),(55,30,'e-ventanilla','e-ventanilla','2020-03-09 02:09:51','2020-03-09 02:09:51',NULL),(56,31,'e-ventanilla-mobile','eVentanilla Mobile','2020-03-09 02:09:51','2020-03-09 02:09:51',NULL),(57,31,'era_ventanilla','era_ventanilla','2020-03-09 02:09:51','2020-03-09 02:09:51',NULL),(58,31,'soj','E-Ventanilla SOJ - Organismos Externos','2020-03-09 02:09:51','2020-03-09 02:09:51',NULL),(59,32,'e-ventanilla','e-ventanilla','2020-03-09 02:09:51','2020-03-09 02:09:51',NULL),(60,32,'e-ventanilla-mobile','eVentanilla Mobile','2020-03-09 02:09:51','2020-03-09 02:09:51',NULL),(61,32,'ve-organismos','Ventanilla Electrónica Organismos','2020-03-09 02:09:51','2020-03-09 02:09:51',NULL),(62,33,'e-ventanilla','e-ventanilla','2020-03-09 02:09:51','2020-03-09 02:09:51',NULL),(63,33,'e-ventanilla-mobile','eVentanilla Mobile','2020-03-09 02:09:51','2020-03-09 02:09:51',NULL),(64,33,'ve-organismos','Ventanilla Electrónica Organismos','2020-03-09 02:09:51','2020-03-09 02:09:51',NULL),(65,34,'e-ventanilla','e-ventanilla','2020-03-09 02:09:51','2020-03-09 02:09:51',NULL),(66,34,'e-ventanilla-mobile','eVentanilla Mobile','2020-03-09 02:09:51','2020-03-09 02:09:51',NULL),(67,34,'ve-organismos','Ventanilla Electrónica Organismos','2020-03-09 02:09:51','2020-03-09 02:09:51',NULL),(68,35,'e-ventanilla','e-ventanilla','2020-03-09 02:09:51','2020-03-09 02:09:51',NULL),(69,35,'e-ventanilla-mobile','eVentanilla Mobile','2020-03-09 02:09:51','2020-03-09 02:09:51',NULL),(70,35,'ve-organismos','Ventanilla Electrónica Organismos','2020-03-09 02:09:51','2020-03-09 02:09:51',NULL),(71,36,'e-ventanilla','e-ventanilla','2020-03-09 02:09:51','2020-03-09 02:09:51',NULL),(72,36,'e-ventanilla-mobile','eVentanilla Mobile','2020-03-09 02:09:51','2020-03-09 02:09:51',NULL),(73,36,'ve-organismos','Ventanilla Electrónica Organismos','2020-03-09 02:09:51','2020-03-09 02:09:51',NULL),(74,37,'e-ventanilla','e-ventanilla','2020-03-09 02:09:51','2020-03-09 02:09:51',NULL),(75,37,'e-ventanilla-mobile','eVentanilla Mobile','2020-03-09 02:09:51','2020-03-09 02:09:51',NULL),(76,37,'ve-organismos','Ventanilla Electrónica Organismos','2020-03-09 02:09:51','2020-03-09 02:09:51',NULL),(77,38,'e-ventanilla','e-ventanilla','2020-03-09 02:09:51','2020-03-09 02:09:51',NULL),(78,38,'e-ventanilla-mobile','eVentanilla Mobile','2020-03-09 02:09:51','2020-03-09 02:09:51',NULL),(79,38,'ve-organismos','Ventanilla Electrónica Organismos','2020-03-09 02:09:51','2020-03-09 02:09:51',NULL),(80,39,'e-ventanilla','e-ventanilla','2020-03-09 02:09:51','2020-03-09 02:09:51',NULL),(81,39,'e-ventanilla-mobile','eVentanilla Mobile','2020-03-09 02:09:51','2020-03-09 02:09:51',NULL),(82,39,'ve-organismos','Ventanilla Electrónica Organismos','2020-03-09 02:09:51','2020-03-09 02:09:51',NULL),(83,40,'e-ventanilla','e-ventanilla','2020-03-09 02:09:51','2020-03-09 02:09:51',NULL);
INSERT INTO `ventanilla_elec_sistemas_sub_serv` VALUES (84,40,'e-ventanilla-mobile','eVentanilla Mobile','2020-03-09 02:09:51','2020-03-09 02:09:51',NULL),(85,40,'ve-organismos','Ventanilla Electrónica Organismos','2020-03-09 02:09:51','2020-03-09 02:09:51',NULL),(86,42,'e-ventanilla','e-ventanilla','2020-03-09 02:09:51','2020-03-09 02:09:51',NULL),(87,42,'e-ventanilla-mobile','eVentanilla Mobile','2020-03-09 02:09:51','2020-03-09 02:09:51',NULL),(88,43,'e-ventanilla','e-ventanilla','2020-03-09 02:09:52','2020-03-09 02:09:52',NULL),(89,43,'e-ventanilla-mobile','eVentanilla Mobile','2020-03-09 02:09:52','2020-03-09 02:09:52',NULL),(90,44,'e-ventanilla','e-ventanilla','2020-03-09 02:09:52','2020-03-09 02:09:52',NULL),(91,44,'e-ventanilla-mobile','eVentanilla Mobile','2020-03-09 02:09:52','2020-03-09 02:09:52',NULL),(92,45,'e-ventanilla','e-ventanilla','2020-03-09 02:09:52','2020-03-09 02:09:52',NULL),(93,45,'e-ventanilla-mobile','eVentanilla Mobile','2020-03-09 02:09:52','2020-03-09 02:09:52',NULL),(94,47,'e-ventanilla','e-ventanilla','2020-03-09 02:09:52','2020-03-09 02:09:52',NULL),(95,47,'e-ventanilla-mobile','eVentanilla Mobile','2020-03-09 02:09:52','2020-03-09 02:09:52',NULL),(96,48,'e-ventanilla','e-ventanilla','2020-03-09 02:09:52','2020-03-09 02:09:52',NULL),(97,48,'e-ventanilla-mobile','eVentanilla Mobile','2020-03-09 02:09:52','2020-03-09 02:09:52',NULL),(98,49,'e-ventanilla','e-ventanilla','2020-03-09 02:09:52','2020-03-09 02:09:52',NULL),(99,49,'e-ventanilla-mobile','eVentanilla Mobile','2020-03-09 02:09:52','2020-03-09 02:09:52',NULL),(100,50,'e-ventanilla','e-ventanilla','2020-03-09 02:09:52','2020-03-09 02:09:52',NULL),(101,50,'e-ventanilla-mobile','eVentanilla Mobile','2020-03-09 02:09:52','2020-03-09 02:09:52',NULL),(102,51,'e-ventanilla','e-ventanilla','2020-03-09 02:09:52','2020-03-09 02:09:52',NULL),(103,51,'e-ventanilla-mobile','eVentanilla Mobile','2020-03-09 02:09:52','2020-03-09 02:09:52',NULL),(104,52,'e-ventanilla','e-ventanilla','2020-03-09 02:09:52','2020-03-09 02:09:52',NULL),(105,52,'e-ventanilla-mobile','eVentanilla Mobile','2020-03-09 02:09:52','2020-03-09 02:09:52',NULL),(106,53,'e-ventanilla','e-ventanilla','2020-03-09 02:09:52','2020-03-09 02:09:52',NULL),(107,53,'e-ventanilla-mobile','eVentanilla Mobile','2020-03-09 02:09:52','2020-03-09 02:09:52',NULL),(108,54,'e-ventanilla','e-ventanilla','2020-03-09 02:09:52','2020-03-09 02:09:52',NULL),(109,54,'e-ventanilla-mobile','eVentanilla Mobile','2020-03-09 02:09:52','2020-03-09 02:09:52',NULL),(110,55,'e-ventanilla','e-ventanilla','2020-03-09 02:09:52','2020-03-09 02:09:52',NULL),(111,55,'e-ventanilla-mobile','eVentanilla Mobile','2020-03-09 02:09:52','2020-03-09 02:09:52',NULL),(112,56,'e-ventanilla-int-2','e-ventanilla usuarios internos','2020-03-09 02:09:52','2020-03-09 02:09:52',NULL),(113,57,'e-ventanilla','e-ventanilla','2020-03-09 02:09:52','2020-03-09 02:09:52',NULL),(114,57,'e-ventanilla-mobile','eVentanilla Mobile','2020-03-09 02:09:52','2020-03-09 02:09:52',NULL),(115,58,'e-ventanilla','e-ventanilla','2020-03-09 02:09:52','2020-03-09 02:09:52',NULL),(116,58,'e-ventanilla-mobile','eVentanilla Mobile','2020-03-09 02:09:52','2020-03-09 02:09:52',NULL),(117,59,'e-ventanilla','e-ventanilla','2020-03-09 02:09:52','2020-03-09 02:09:52',NULL),(118,59,'e-ventanilla-mobile','eVentanilla Mobile','2020-03-09 02:09:52','2020-03-09 02:09:52',NULL),(119,60,'e-ventanilla','e-ventanilla','2020-03-09 02:09:52','2020-03-09 02:09:52',NULL),(120,60,'e-ventanilla-mobile','eVentanilla Mobile','2020-03-09 02:09:52','2020-03-09 02:09:52',NULL),(121,61,'e-ventanilla','e-ventanilla','2020-03-09 02:09:52','2020-03-09 02:09:52',NULL),(122,61,'e-ventanilla-mobile','eVentanilla Mobile','2020-03-09 02:09:52','2020-03-09 02:09:52',NULL),(123,61,'ve-organismos','Ventanilla Electrónica Organismos','2020-03-09 02:09:52','2020-03-09 02:09:52',NULL),(124,62,'e-ventanilla','e-ventanilla','2020-03-09 02:09:52','2020-03-09 02:09:52',NULL);
INSERT INTO `ventanilla_elec_sistemas_sub_serv` VALUES (125,62,'e-ventanilla-mobile','eVentanilla Mobile','2020-03-09 02:09:52','2020-03-09 02:09:52',NULL),(126,63,'e-ventanilla','e-ventanilla','2020-03-09 02:09:52','2020-03-09 02:09:52',NULL),(127,63,'e-ventanilla-mobile','eVentanilla Mobile','2020-03-09 02:09:52','2020-03-09 02:09:52',NULL),(128,64,'e-ventanilla','e-ventanilla','2020-03-09 02:09:52','2020-03-09 02:09:52',NULL),(129,64,'e-ventanilla-mobile','eVentanilla Mobile','2020-03-09 02:09:52','2020-03-09 02:09:52',NULL),(130,65,'e-ventanilla','e-ventanilla','2020-03-09 02:09:52','2020-03-09 02:09:52',NULL),(131,65,'e-ventanilla-mobile','eVentanilla Mobile','2020-03-09 02:09:52','2020-03-09 02:09:52',NULL),(132,66,'e-ventanilla','e-ventanilla','2020-03-09 02:09:52','2020-03-09 02:09:52',NULL),(133,66,'e-ventanilla-mobile','eVentanilla Mobile','2020-03-09 02:09:52','2020-03-09 02:09:52',NULL),(134,67,'e-ventanilla','e-ventanilla','2020-03-09 02:09:52','2020-03-09 02:09:52',NULL),(135,67,'e-ventanilla-mobile','eVentanilla Mobile','2020-03-09 02:09:52','2020-03-09 02:09:52',NULL),(136,68,'eventanilla-osirisdist','eventanilla-osirisdist','2020-03-09 02:09:52','2020-03-09 02:09:52',NULL),(137,69,'e-ventanilla','e-ventanilla','2020-03-09 02:09:52','2020-03-09 02:09:52',NULL),(138,69,'e-ventanilla-mobile','eVentanilla Mobile','2020-03-09 02:09:52','2020-03-09 02:09:52',NULL),(139,69,'era_ventanilla','era_ventanilla','2020-03-09 02:09:52','2020-03-09 02:09:52',NULL),(140,70,'e-ventanilla','e-ventanilla','2020-03-09 02:09:52','2020-03-09 02:09:52',NULL),(141,70,'e-ventanilla-mobile','eVentanilla Mobile','2020-03-09 02:09:52','2020-03-09 02:09:52',NULL),(142,71,'commsender','commsender','2020-03-09 02:09:52','2020-03-09 02:09:52',NULL),(143,71,'e-ventanilla','e-ventanilla','2020-03-09 02:09:52','2020-03-09 02:09:52',NULL),(144,71,'e-ventanilla-mobile','eVentanilla Mobile','2020-03-09 02:09:52','2020-03-09 02:09:52',NULL),(145,72,'commsender','commsender','2020-03-09 02:09:52','2020-03-09 02:09:52',NULL),(146,72,'e-ventanilla','e-ventanilla','2020-03-09 02:09:52','2020-03-09 02:09:52',NULL),(147,72,'e-ventanilla-mobile','eVentanilla Mobile','2020-03-09 02:09:52','2020-03-09 02:09:52',NULL),(148,73,'commsender','commsender','2020-03-09 02:09:52','2020-03-09 02:09:52',NULL),(149,73,'e-ventanilla','e-ventanilla','2020-03-09 02:09:52','2020-03-09 02:09:52',NULL),(150,73,'e-ventanilla-mobile','eVentanilla Mobile','2020-03-09 02:09:52','2020-03-09 02:09:52',NULL),(151,74,'commsender','commsender','2020-03-09 02:09:52','2020-03-09 02:09:52',NULL),(152,74,'e-ventanilla','e-ventanilla','2020-03-09 02:09:52','2020-03-09 02:09:52',NULL),(153,74,'e-ventanilla-mobile','eVentanilla Mobile','2020-03-09 02:09:52','2020-03-09 02:09:52',NULL),(154,75,'commsender','commsender','2020-03-09 02:09:52','2020-03-09 02:09:52',NULL),(155,75,'e-ventanilla','e-ventanilla','2020-03-09 02:09:52','2020-03-09 02:09:52',NULL),(156,75,'e-ventanilla-mobile','eVentanilla Mobile','2020-03-09 02:09:52','2020-03-09 02:09:52',NULL),(157,76,'commsender','commsender','2020-03-09 02:09:52','2020-03-09 02:09:52',NULL),(158,76,'e-ventanilla','e-ventanilla','2020-03-09 02:09:52','2020-03-09 02:09:52',NULL),(159,76,'e-ventanilla-mobile','eVentanilla Mobile','2020-03-09 02:09:52','2020-03-09 02:09:52',NULL),(160,77,'commsender','commsender','2020-03-09 02:09:52','2020-03-09 02:09:52',NULL),(161,77,'e-ventanilla','e-ventanilla','2020-03-09 02:09:52','2020-03-09 02:09:52',NULL),(162,77,'e-ventanilla-mobile','eVentanilla Mobile','2020-03-09 02:09:52','2020-03-09 02:09:52',NULL),(163,78,'commsender','commsender','2020-03-09 02:09:52','2020-03-09 02:09:52',NULL),(164,78,'e-ventanilla','e-ventanilla','2020-03-09 02:09:52','2020-03-09 02:09:52',NULL),(165,78,'e-ventanilla-mobile','eVentanilla Mobile','2020-03-09 02:09:52','2020-03-09 02:09:52',NULL),(166,79,'commsender','commsender','2020-03-09 02:09:52','2020-03-09 02:09:52',NULL),(167,79,'e-ventanilla','e-ventanilla','2020-03-09 02:09:52','2020-03-09 02:09:52',NULL);
INSERT INTO `ventanilla_elec_sistemas_sub_serv` VALUES (168,79,'e-ventanilla-mobile','eVentanilla Mobile','2020-03-09 02:09:52','2020-03-09 02:09:52',NULL),(169,80,'commsender','commsender','2020-03-09 02:09:52','2020-03-09 02:09:52',NULL),(170,80,'e-ventanilla','e-ventanilla','2020-03-09 02:09:52','2020-03-09 02:09:52',NULL),(171,80,'e-ventanilla-mobile','eVentanilla Mobile','2020-03-09 02:09:52','2020-03-09 02:09:52',NULL),(172,81,'e-ventanilla','e-ventanilla','2020-03-09 02:09:52','2020-03-09 02:09:52',NULL),(173,81,'e-ventanilla-mobile','eVentanilla Mobile','2020-03-09 02:09:52','2020-03-09 02:09:52',NULL),(174,82,'e-ventanilla','e-ventanilla','2020-03-09 02:09:52','2020-03-09 02:09:52',NULL),(175,82,'e-ventanilla-mobile','eVentanilla Mobile','2020-03-09 02:09:52','2020-03-09 02:09:52',NULL),(176,83,'e-ventanilla','e-ventanilla','2020-03-09 02:09:52','2020-03-09 02:09:52',NULL),(177,83,'e-ventanilla-mobile','eVentanilla Mobile','2020-03-09 02:09:52','2020-03-09 02:09:52',NULL),(178,84,'e-ventanilla','e-ventanilla','2020-03-09 02:09:52','2020-03-09 02:09:52',NULL),(179,84,'e-ventanilla-mobile','eVentanilla Mobile','2020-03-09 02:09:52','2020-03-09 02:09:52',NULL),(180,85,'e-ventanilla','e-ventanilla','2020-03-09 02:09:52','2020-03-09 02:09:52',NULL),(181,85,'e-ventanilla-mobile','eVentanilla Mobile','2020-03-09 02:09:52','2020-03-09 02:09:52',NULL),(182,86,'e-ventanilla-int-2','e-ventanilla usuarios internos','2020-03-09 02:09:52','2020-03-09 02:09:52',NULL),(183,87,'eventanilla-osirisdist','eventanilla-osirisdist','2020-03-09 02:09:52','2020-03-09 02:09:52',NULL),(184,88,'e-ventanilla-int-2','e-ventanilla usuarios internos','2020-03-09 02:09:52','2020-03-09 02:09:52',NULL),(185,89,'e-ventanilla','e-ventanilla','2020-03-09 02:09:52','2020-03-09 02:09:52',NULL),(186,89,'e-ventanilla-mobile','eVentanilla Mobile','2020-03-09 02:09:52','2020-03-09 02:09:52',NULL),(187,90,'e-ventanilla-int-2','e-ventanilla usuarios internos','2020-03-09 02:09:52','2020-03-09 02:09:52',NULL),(188,91,'e-ventanilla','e-ventanilla','2020-03-09 02:09:52','2020-03-09 02:09:52',NULL),(189,91,'e-ventanilla-mobile','eVentanilla Mobile','2020-03-09 02:09:52','2020-03-09 02:09:52',NULL),(190,92,'e-ventanilla-int-2','e-ventanilla usuarios internos','2020-03-09 02:09:52','2020-03-09 02:09:52',NULL),(191,93,'e-ventanilla_cons_comprobantes','Constatación de Comprobantes - Envío por Lotes','2020-03-09 02:09:52','2020-03-09 02:09:52',NULL),(192,94,'e-ventanilla_subsidios','e-ventanilla_subsidios','2020-03-09 02:09:52','2020-03-09 02:09:52',NULL),(193,95,'e-ventanilla-int-2','e-ventanilla usuarios internos','2020-03-09 02:09:52','2020-03-09 02:09:52',NULL),(194,96,'e-ventanilla','e-ventanilla','2020-03-09 02:09:52','2020-03-09 02:09:52',NULL),(195,96,'e-ventanilla-mobile','eVentanilla Mobile','2020-03-09 02:09:52','2020-03-09 02:09:52',NULL),(196,97,'e-ventanilla-trib-mecon-iet','e-ventanilla-trib-mecon-iet','2020-03-09 02:09:52','2020-03-09 02:09:52',NULL),(197,98,'eventanilla-osirisdist','eventanilla-osirisdist','2020-03-09 02:09:52','2020-03-09 02:09:52',NULL),(198,99,'e-ventanilla','e-ventanilla','2020-03-09 02:09:52','2020-03-09 02:09:52',NULL),(199,99,'e-ventanilla-mobile','eVentanilla Mobile','2020-03-09 02:09:52','2020-03-09 02:09:52',NULL),(200,100,'e-ventanilla','e-ventanilla','2020-03-09 02:09:52','2020-03-09 02:09:52',NULL),(201,100,'e-ventanilla-mobile','eVentanilla Mobile','2020-03-09 02:09:52','2020-03-09 02:09:52',NULL),(202,101,'e-ventanilla','e-ventanilla','2020-03-09 02:09:52','2020-03-09 02:09:52',NULL),(203,101,'e-ventanilla-mobile','eVentanilla Mobile','2020-03-09 02:09:52','2020-03-09 02:09:52',NULL),(204,102,'e-ventanilla_fisca_empleo','e-Ventanilla - fiscalización de empleo','2020-03-09 02:09:52','2020-03-09 02:09:52',NULL),(205,103,'e-ventanilla_trib_rsi','eventanilla - Sistema RSI','2020-03-09 02:09:52','2020-03-09 02:09:52',NULL),(206,104,'e-ventanilla','e-ventanilla','2020-03-09 02:09:52','2020-03-09 02:09:52',NULL);
INSERT INTO `ventanilla_elec_sistemas_sub_serv` VALUES (207,104,'e-ventanilla-mobile','eVentanilla Mobile','2020-03-09 02:09:52','2020-03-09 02:09:52',NULL),(208,105,'e-ventanilla','e-ventanilla','2020-03-09 02:09:52','2020-03-09 02:09:52',NULL),(209,106,'e-ventanilla','e-ventanilla','2020-03-09 02:09:52','2020-03-09 02:09:52',NULL),(210,106,'e-ventanilla-mobile','eVentanilla Mobile','2020-03-09 02:09:52','2020-03-09 02:09:52',NULL),(211,107,'e-ventanilla','e-ventanilla','2020-03-09 02:09:52','2020-03-09 02:09:52',NULL),(212,107,'e-ventanilla-int-2','e-ventanilla usuarios internos','2020-03-09 02:09:52','2020-03-09 02:09:52',NULL),(213,107,'e-ventanilla-mobile','eVentanilla Mobile','2020-03-09 02:09:52','2020-03-09 02:09:52',NULL),(214,108,'e-ventanilla','e-ventanilla','2020-03-09 02:09:52','2020-03-09 02:09:52',NULL),(215,108,'e-ventanilla-mobile','eVentanilla Mobile','2020-03-09 02:09:52','2020-03-09 02:09:52',NULL),(216,109,'e-ventanilla','e-ventanilla','2020-03-09 02:09:52','2020-03-09 02:09:52',NULL),(217,109,'e-ventanilla-mobile','eVentanilla Mobile','2020-03-09 02:09:52','2020-03-09 02:09:52',NULL),(218,110,'e-ventanilla','e-ventanilla','2020-03-09 02:09:52','2020-03-09 02:09:52',NULL),(219,110,'e-ventanilla-mobile','eVentanilla Mobile','2020-03-09 02:09:52','2020-03-09 02:09:52',NULL),(220,111,'dfe','Domicilio Fiscal Electronico','2020-03-09 02:09:52','2020-03-09 02:09:52',NULL),(221,111,'e-ventanilla-mobile','eVentanilla Mobile','2020-03-09 02:09:52','2020-03-09 02:09:52',NULL),(222,112,'e-ventanilla-int-2','e-ventanilla usuarios internos','2020-03-09 02:09:52','2020-03-09 02:09:52',NULL),(223,113,'e-ventanilla-int-2','e-ventanilla usuarios internos','2020-03-09 02:09:52','2020-03-09 02:09:52',NULL),(224,114,'e-ventanilla','e-ventanilla','2020-03-09 02:09:52','2020-03-09 02:09:52',NULL),(225,115,'e-ventanilla','e-ventanilla','2020-03-09 02:09:52','2020-03-09 02:09:52',NULL),(226,115,'e-ventanilla-mobile','eVentanilla Mobile','2020-03-09 02:09:52','2020-03-09 02:09:52',NULL),(227,116,'e-ventanilla','e-ventanilla','2020-03-09 02:09:52','2020-03-09 02:09:52',NULL),(228,116,'e-ventanilla-mobile','eVentanilla Mobile','2020-03-09 02:09:52','2020-03-09 02:09:52',NULL),(229,117,'e-ventanilla','e-ventanilla','2020-03-09 02:09:52','2020-03-09 02:09:52',NULL),(230,117,'e-ventanilla-mobile','eVentanilla Mobile','2020-03-09 02:09:52','2020-03-09 02:09:52',NULL),(231,118,'e-ventanilla','e-ventanilla','2020-03-09 02:09:52','2020-03-09 02:09:52',NULL),(232,118,'e-ventanilla-mobile','eVentanilla Mobile','2020-03-09 02:09:52','2020-03-09 02:09:52',NULL),(233,119,'e-ventanilla','e-ventanilla','2020-03-09 02:09:52','2020-03-09 02:09:52',NULL),(234,119,'e-ventanilla-mobile','eVentanilla Mobile','2020-03-09 02:09:52','2020-03-09 02:09:52',NULL),(235,120,'e-ventanilla','e-ventanilla','2020-03-09 02:09:52','2020-03-09 02:09:52',NULL),(236,120,'e-ventanilla-mobile','eVentanilla Mobile','2020-03-09 02:09:52','2020-03-09 02:09:52',NULL),(237,121,'e-ventanilla','e-ventanilla','2020-03-09 02:09:52','2020-03-09 02:09:52',NULL),(238,121,'e-ventanilla-mobile','eVentanilla Mobile','2020-03-09 02:09:52','2020-03-09 02:09:52',NULL),(239,122,'e-ventanilla','e-ventanilla','2020-03-09 02:09:52','2020-03-09 02:09:52',NULL),(240,122,'e-ventanilla-mobile','eVentanilla Mobile','2020-03-09 02:09:52','2020-03-09 02:09:52',NULL),(241,123,'e-ventanilla','e-ventanilla','2020-03-09 02:09:52','2020-03-09 02:09:52',NULL),(242,123,'e-ventanilla-mobile','eVentanilla Mobile','2020-03-09 02:09:52','2020-03-09 02:09:52',NULL),(243,124,'e-ventanilla','e-ventanilla','2020-03-09 02:09:52','2020-03-09 02:09:52',NULL),(244,124,'e-ventanilla-mobile','eVentanilla Mobile','2020-03-09 02:09:52','2020-03-09 02:09:52',NULL),(245,125,'e-ventanilla','e-ventanilla','2020-03-09 02:09:52','2020-03-09 02:09:52',NULL),(246,125,'e-ventanilla-mobile','eVentanilla Mobile','2020-03-09 02:09:52','2020-03-09 02:09:52',NULL),(247,126,'e-ventanilla','e-ventanilla','2020-03-09 02:09:52','2020-03-09 02:09:52',NULL);
INSERT INTO `ventanilla_elec_sistemas_sub_serv` VALUES (248,126,'e-ventanilla-mobile','eVentanilla Mobile','2020-03-09 02:09:52','2020-03-09 02:09:52',NULL),(249,127,'e-ventanilla','e-ventanilla','2020-03-09 02:09:52','2020-03-09 02:09:52',NULL),(250,127,'e-ventanilla-mobile','eVentanilla Mobile','2020-03-09 02:09:52','2020-03-09 02:09:52',NULL),(251,128,'e-ventanilla','e-ventanilla','2020-03-09 02:09:52','2020-03-09 02:09:52',NULL),(252,128,'e-ventanilla-mobile','eVentanilla Mobile','2020-03-09 02:09:52','2020-03-09 02:09:52',NULL),(253,129,'e-ventanilla','e-ventanilla','2020-03-09 02:09:52','2020-03-09 02:09:52',NULL),(254,129,'e-ventanilla-mobile','eVentanilla Mobile','2020-03-09 02:09:52','2020-03-09 02:09:52',NULL),(255,130,'e-ventanilla','e-ventanilla','2020-03-09 02:09:52','2020-03-09 02:09:52',NULL),(256,130,'e-ventanilla-mobile','eVentanilla Mobile','2020-03-09 02:09:52','2020-03-09 02:09:52',NULL),(257,131,'e-ventanilla-int-2','e-ventanilla usuarios internos','2020-03-09 02:09:52','2020-03-09 02:09:52',NULL),(258,132,'e-ventanilla','e-ventanilla','2020-03-09 02:09:52','2020-03-09 02:09:52',NULL),(259,132,'e-ventanilla-mobile','eVentanilla Mobile','2020-03-09 02:09:52','2020-03-09 02:09:52',NULL),(260,133,'e-ventanilla','e-ventanilla','2020-03-09 02:09:52','2020-03-09 02:09:52',NULL),(261,133,'e-ventanilla-mobile','eVentanilla Mobile','2020-03-09 02:09:52','2020-03-09 02:09:52',NULL),(262,134,'e-ventanilla','e-ventanilla','2020-03-09 02:09:52','2020-03-09 02:09:52',NULL),(263,134,'e-ventanilla-mobile','eVentanilla Mobile','2020-03-09 02:09:52','2020-03-09 02:09:52',NULL),(264,134,'e-ventanilla-pub','Presentación Única de Balances','2020-03-09 02:09:52','2020-03-09 02:09:52',NULL),(265,135,'e-ventanilla','e-ventanilla','2020-03-09 02:09:52','2020-03-09 02:09:52',NULL),(266,135,'e-ventanilla-mobile','eVentanilla Mobile','2020-03-09 02:09:52','2020-03-09 02:09:52',NULL),(267,136,'e-ventanilla','e-ventanilla','2020-03-09 02:09:52','2020-03-09 02:09:52',NULL),(268,136,'e-ventanilla-mobile','eVentanilla Mobile','2020-03-09 02:09:52','2020-03-09 02:09:52',NULL),(269,137,'e-ventanilla-int-2','e-ventanilla usuarios internos','2020-03-09 02:09:52','2020-03-09 02:09:52',NULL),(270,138,'e-ventanilla-int-2','e-ventanilla usuarios internos','2020-03-09 02:09:52','2020-03-09 02:09:52',NULL),(271,139,'e-ventanilla','e-ventanilla','2020-03-09 02:09:52','2020-03-09 02:09:52',NULL),(272,139,'e-ventanilla-mobile','eVentanilla Mobile','2020-03-09 02:09:52','2020-03-09 02:09:52',NULL),(273,140,'e-ventanilla','e-ventanilla','2020-03-09 02:09:52','2020-03-09 02:09:52',NULL),(274,140,'e-ventanilla-mobile','eVentanilla Mobile','2020-03-09 02:09:52','2020-03-09 02:09:52',NULL),(275,141,'e-ventanilla','e-ventanilla','2020-03-09 02:09:52','2020-03-09 02:09:52',NULL),(276,141,'e-ventanilla-mobile','eVentanilla Mobile','2020-03-09 02:09:52','2020-03-09 02:09:52',NULL),(277,142,'e-ventanilla-int-2','e-ventanilla usuarios internos','2020-03-09 02:09:52','2020-03-09 02:09:52',NULL),(278,144,'e-ventanilla','e-ventanilla','2020-03-09 02:09:52','2020-03-09 02:09:52',NULL),(279,144,'e-ventanilla-mobile','eVentanilla Mobile','2020-03-09 02:09:52','2020-03-09 02:09:52',NULL),(280,145,'e-ventanilla','e-ventanilla','2020-03-09 02:09:52','2020-03-09 02:09:52',NULL),(281,145,'e-ventanilla-mobile','eVentanilla Mobile','2020-03-09 02:09:52','2020-03-09 02:09:52',NULL),(282,146,'e-ventanilla','e-ventanilla','2020-03-09 02:09:52','2020-03-09 02:09:52',NULL),(283,147,'e-ventanilla','e-ventanilla','2020-03-09 02:09:52','2020-03-09 02:09:52',NULL),(284,148,'e-ventanilla','e-ventanilla','2020-03-09 02:09:52','2020-03-09 02:09:52',NULL),(285,149,'e-ventanilla','e-ventanilla','2020-03-09 02:09:52','2020-03-09 02:09:52',NULL),(286,150,'e-ventanilla','e-ventanilla','2020-03-09 02:09:52','2020-03-09 02:09:52',NULL),(287,151,'e-ventanilla','e-ventanilla','2020-03-09 02:09:52','2020-03-09 02:09:52',NULL),(288,152,'e-ventanilla','e-ventanilla','2020-03-09 02:09:52','2020-03-09 02:09:52',NULL);
INSERT INTO `ventanilla_elec_sistemas_sub_serv` VALUES (289,153,'e-ventanilla-sinceramiento','Tus datos del Sinceramiento','2020-03-09 02:09:52','2020-03-09 02:09:52',NULL),(290,154,'e-ventanilla','e-ventanilla','2020-03-09 02:09:52','2020-03-09 02:09:52',NULL),(291,157,'e-ventanilla','e-ventanilla','2020-03-09 02:09:52','2020-03-09 02:09:52',NULL),(292,158,'e-ventanilla','e-ventanilla','2020-03-09 02:09:52','2020-03-09 02:09:52',NULL),(293,159,'e-ventanilla-int-2','e-ventanilla usuarios internos','2020-03-09 02:09:52','2020-03-09 02:09:52',NULL),(294,160,'e-ventanilla','e-ventanilla','2020-03-09 02:09:52','2020-03-09 02:09:52',NULL),(295,161,'e-ventanilla','e-ventanilla','2020-03-09 02:09:52','2020-03-09 02:09:52',NULL),(296,162,'e-ventanilla','e-ventanilla','2020-03-09 02:09:52','2020-03-09 02:09:52',NULL),(297,163,'e-ventanilla','e-ventanilla','2020-03-09 02:09:52','2020-03-09 02:09:52',NULL),(298,165,'e-ventanilla','e-ventanilla','2020-03-09 02:09:52','2020-03-09 02:09:52',NULL),(299,166,'e-ventanilla','e-ventanilla','2020-03-09 02:09:52','2020-03-09 02:09:52',NULL),(300,167,'e-ventanilla','e-ventanilla','2020-03-09 02:09:52','2020-03-09 02:09:52',NULL),(301,168,'e-ventanilla','e-ventanilla','2020-03-09 02:09:52','2020-03-09 02:09:52',NULL),(302,169,'e-ventanilla','e-ventanilla','2020-03-09 02:09:52','2020-03-09 02:09:52',NULL),(303,170,'e-ventanilla','e-ventanilla','2020-03-09 02:09:52','2020-03-09 02:09:52',NULL),(304,171,'e-ventanilla','e-ventanilla','2020-03-09 02:09:52','2020-03-09 02:09:52',NULL),(305,172,'e-ventanilla','e-ventanilla','2020-03-09 02:09:52','2020-03-09 02:09:52',NULL),(306,173,'e-ventanilla','e-ventanilla','2020-03-09 02:09:52','2020-03-09 02:09:52',NULL),(307,174,'e-ventanilla','e-ventanilla','2020-03-09 02:09:52','2020-03-09 02:09:52',NULL),(308,175,'e-ventanilla','e-ventanilla','2020-03-09 02:09:52','2020-03-09 02:09:52',NULL),(309,176,'e-ventanilla','e-ventanilla','2020-03-09 02:09:52','2020-03-09 02:09:52',NULL),(310,177,'e-ventanilla','e-ventanilla','2020-03-09 02:09:52','2020-03-09 02:09:52',NULL),(311,178,'e-ventanilla','e-ventanilla','2020-03-09 02:09:52','2020-03-09 02:09:52',NULL),(312,178,'ve-organismos','Ventanilla Electrónica Organismos','2020-03-09 02:09:52','2020-03-09 02:09:52',NULL),(313,179,'e-ventanilla','e-ventanilla','2020-03-09 02:09:52','2020-03-09 02:09:52',NULL),(314,179,'ve-organismos','Ventanilla Electrónica Organismos','2020-03-09 02:09:52','2020-03-09 02:09:52',NULL),(315,180,'e-ventanilla','e-ventanilla','2020-03-09 02:09:52','2020-03-09 02:09:52',NULL),(316,181,'e-ventanilla','e-ventanilla','2020-03-09 02:09:52','2020-03-09 02:09:52',NULL),(317,182,'e-ventanilla','e-ventanilla','2020-03-09 02:09:52','2020-03-09 02:09:52',NULL),(318,183,'e-ventanilla','e-ventanilla','2020-03-09 02:09:52','2020-03-09 02:09:52',NULL),(319,184,'e-ventanilla','e-ventanilla','2020-03-09 02:09:52','2020-03-09 02:09:52',NULL),(320,185,'e-ventanilla','e-ventanilla','2020-03-09 02:09:52','2020-03-09 02:09:52',NULL),(321,186,'e-ventanilla','e-ventanilla','2020-03-09 02:09:52','2020-03-09 02:09:52',NULL),(322,187,'e-ventanilla','e-ventanilla','2020-03-09 02:09:52','2020-03-09 02:09:52',NULL),(323,188,'e-ventanilla','e-ventanilla','2020-03-09 02:09:52','2020-03-09 02:09:52',NULL),(324,189,'e-ventanilla','e-ventanilla','2020-03-09 02:09:52','2020-03-09 02:09:52',NULL),(325,190,'e-ventanilla','e-ventanilla','2020-03-09 02:09:52','2020-03-09 02:09:52',NULL),(326,191,'e-ventanilla','e-ventanilla','2020-03-09 02:09:53','2020-03-09 02:09:53',NULL),(327,192,'e-ventanilla','e-ventanilla','2020-03-09 02:09:53','2020-03-09 02:09:53',NULL),(328,193,'e-ventanilla','e-ventanilla','2020-03-09 02:09:53','2020-03-09 02:09:53',NULL),(329,194,'e-ventanilla','e-ventanilla','2020-03-09 02:09:53','2020-03-09 02:09:53',NULL),(330,195,'e-ventanilla','e-ventanilla','2020-03-09 02:09:53','2020-03-09 02:09:53',NULL),(331,196,'e-ventanilla','e-ventanilla','2020-03-09 02:09:53','2020-03-09 02:09:53',NULL);
INSERT INTO `ventanilla_elec_sistemas_sub_serv` VALUES (332,197,'e-ventanilla','e-ventanilla','2020-03-09 02:09:53','2020-03-09 02:09:53',NULL),(333,198,'e-ventanilla','e-ventanilla','2020-03-09 02:09:53','2020-03-09 02:09:53',NULL),(334,199,'e-ventanilla','e-ventanilla','2020-03-09 02:09:53','2020-03-09 02:09:53',NULL),(335,200,'e-ventanilla','e-ventanilla','2020-03-09 02:09:53','2020-03-09 02:09:53',NULL),(336,201,'e-ventanilla','e-ventanilla','2020-03-09 02:09:53','2020-03-09 02:09:53',NULL),(337,202,'e-ventanilla','e-ventanilla','2020-03-09 02:09:53','2020-03-09 02:09:53',NULL),(338,203,'e-ventanilla','e-ventanilla','2020-03-09 02:09:53','2020-03-09 02:09:53',NULL),(339,204,'e-ventanilla','e-ventanilla','2020-03-09 02:09:53','2020-03-09 02:09:53',NULL),(340,205,'e-ventanilla','e-ventanilla','2020-03-09 02:09:53','2020-03-09 02:09:53',NULL),(341,206,'e-ventanilla','e-ventanilla','2020-03-09 02:09:53','2020-03-09 02:09:53',NULL),(342,207,'e-ventanilla','e-ventanilla','2020-03-09 02:09:53','2020-03-09 02:09:53',NULL),(343,208,'e-ventanilla','e-ventanilla','2020-03-09 02:09:53','2020-03-09 02:09:53',NULL),(344,209,'e-ventanilla','e-ventanilla','2020-03-09 02:09:53','2020-03-09 02:09:53',NULL),(345,210,'e-ventanilla','e-ventanilla','2020-03-09 02:09:53','2020-03-09 02:09:53',NULL),(346,211,'e-ventanilla','e-ventanilla','2020-03-09 02:09:53','2020-03-09 02:09:53',NULL),(347,212,'e-ventanilla','e-ventanilla','2020-03-09 02:09:53','2020-03-09 02:09:53',NULL),(348,212,'ve-organismos','Ventanilla Electrónica Organismos','2020-03-09 02:09:53','2020-03-09 02:09:53',NULL),(349,213,'e-ventanilla','e-ventanilla','2020-03-09 02:09:53','2020-03-09 02:09:53',NULL),(350,214,'e-ventanilla','e-ventanilla','2020-03-09 02:09:53','2020-03-09 02:09:53',NULL),(351,215,'e-ventanilla','e-ventanilla','2020-03-09 02:09:53','2020-03-09 02:09:53',NULL),(352,216,'e-ventanilla','e-ventanilla','2020-03-09 02:09:53','2020-03-09 02:09:53',NULL),(353,217,'e-ventanilla','e-ventanilla','2020-03-09 02:09:53','2020-03-09 02:09:53',NULL),(354,218,'e-ventanilla','e-ventanilla','2020-03-09 02:09:53','2020-03-09 02:09:53',NULL),(355,219,'e-ventanilla','e-ventanilla','2020-03-09 02:09:53','2020-03-09 02:09:53',NULL),(356,220,'e-ventanilla','e-ventanilla','2020-03-09 02:09:53','2020-03-09 02:09:53',NULL),(357,221,'e-ventanilla','e-ventanilla','2020-03-09 02:09:53','2020-03-09 02:09:53',NULL),(358,222,'e-ventanilla','e-ventanilla','2020-03-09 02:09:53','2020-03-09 02:09:53',NULL),(359,223,'e-ventanilla','e-ventanilla','2020-03-09 02:09:53','2020-03-09 02:09:53',NULL),(360,224,'e-ventanilla','e-ventanilla','2020-03-09 02:09:53','2020-03-09 02:09:53',NULL),(361,225,'e-ventanilla','e-ventanilla','2020-03-09 02:09:53','2020-03-09 02:09:53',NULL),(362,226,'e-ventanilla','e-ventanilla','2020-03-09 02:09:53','2020-03-09 02:09:53',NULL),(363,227,'e-ventanilla','e-ventanilla','2020-03-09 02:09:53','2020-03-09 02:09:53',NULL),(364,228,'e-ventanilla','e-ventanilla','2020-03-09 02:09:53','2020-03-09 02:09:53',NULL),(365,229,'e-ventanilla','e-ventanilla','2020-03-09 02:09:53','2020-03-09 02:09:53',NULL),(366,230,'e-ventanilla','e-ventanilla','2020-03-09 02:09:53','2020-03-09 02:09:53',NULL),(367,231,'e-ventanilla','e-ventanilla','2020-03-09 02:09:53','2020-03-09 02:09:53',NULL),(368,232,'e-ventanilla','e-ventanilla','2020-03-09 02:09:53','2020-03-09 02:09:53',NULL),(369,233,'e-ventanilla','e-ventanilla','2020-03-09 02:09:53','2020-03-09 02:09:53',NULL),(370,234,'e-ventanilla','e-ventanilla','2020-03-09 02:09:53','2020-03-09 02:09:53',NULL),(371,235,'e-ventanilla','e-ventanilla','2020-03-09 02:09:53','2020-03-09 02:09:53',NULL),(372,236,'e-ventanilla','e-ventanilla','2020-03-09 02:09:53','2020-03-09 02:09:53',NULL),(373,237,'e-ventanilla','e-ventanilla','2020-03-09 02:09:53','2020-03-09 02:09:53',NULL),(374,238,'e-ventanilla','e-ventanilla','2020-03-09 02:09:53','2020-03-09 02:09:53',NULL),(375,239,'e-ventanilla','e-ventanilla','2020-03-09 02:09:53','2020-03-09 02:09:53',NULL);
INSERT INTO `ventanilla_elec_sistemas_sub_serv` VALUES (376,240,'e-ventanilla','e-ventanilla','2020-03-09 02:09:53','2020-03-09 02:09:53',NULL),(377,241,'e-ventanilla','e-ventanilla','2020-03-09 02:09:53','2020-03-09 02:09:53',NULL),(378,242,'e-ventanilla','e-ventanilla','2020-03-09 02:09:53','2020-03-09 02:09:53',NULL),(379,243,'e-ventanilla','e-ventanilla','2020-03-09 02:09:53','2020-03-09 02:09:53',NULL),(380,244,'e-ventanilla','e-ventanilla','2020-03-09 02:09:53','2020-03-09 02:09:53',NULL),(381,245,'e-ventanilla','e-ventanilla','2020-03-09 02:09:53','2020-03-09 02:09:53',NULL),(382,246,'e-ventanilla','e-ventanilla','2020-03-09 02:09:53','2020-03-09 02:09:53',NULL),(383,247,'e-ventanilla','e-ventanilla','2020-03-09 02:09:53','2020-03-09 02:09:53',NULL),(384,248,'e-ventanilla','e-ventanilla','2020-03-09 02:09:53','2020-03-09 02:09:53',NULL),(385,249,'e-ventanilla','e-ventanilla','2020-03-09 02:09:53','2020-03-09 02:09:53',NULL),(386,250,'e-ventanilla','e-ventanilla','2020-03-09 02:09:53','2020-03-09 02:09:53',NULL),(387,251,'e-ventanilla','e-ventanilla','2020-03-09 02:09:53','2020-03-09 02:09:53',NULL),(388,252,'e-ventanilla','e-ventanilla','2020-03-09 02:09:53','2020-03-09 02:09:53',NULL),(389,253,'e-ventanilla','e-ventanilla','2020-03-09 02:09:53','2020-03-09 02:09:53',NULL),(390,254,'e-ventanilla','e-ventanilla','2020-03-09 02:09:53','2020-03-09 02:09:53',NULL),(391,255,'e-ventanilla','e-ventanilla','2020-03-09 02:09:53','2020-03-09 02:09:53',NULL),(392,256,'e-ventanilla','e-ventanilla','2020-03-09 02:09:53','2020-03-09 02:09:53',NULL),(393,257,'e-ventanilla','e-ventanilla','2020-03-09 02:09:53','2020-03-09 02:09:53',NULL),(394,258,'e-ventanilla','e-ventanilla','2020-03-09 02:09:53','2020-03-09 02:09:53',NULL),(395,259,'e-ventanilla','e-ventanilla','2020-03-09 02:09:53','2020-03-09 02:09:53',NULL),(396,260,'e-ventanilla','e-ventanilla','2020-03-09 02:09:53','2020-03-09 02:09:53',NULL),(397,261,'e-ventanilla','e-ventanilla','2020-03-09 02:09:53','2020-03-09 02:09:53',NULL),(398,262,'e-ventanilla','e-ventanilla','2020-03-09 02:09:53','2020-03-09 02:09:53',NULL),(399,266,'e-ventanilla','e-ventanilla','2020-03-09 02:09:53','2020-03-09 02:09:53',NULL),(400,267,'e-ventanilla','e-ventanilla','2020-03-09 02:09:53','2020-03-09 02:09:53',NULL),(401,268,'e-ventanilla','e-ventanilla','2020-03-09 02:09:53','2020-03-09 02:09:53',NULL),(402,269,'e-ventanilla','e-ventanilla','2020-03-09 02:09:53','2020-03-09 02:09:53',NULL),(403,270,'e-ventanilla','e-ventanilla','2020-03-09 02:09:53','2020-03-09 02:09:53',NULL),(404,271,'e-ventanilla','e-ventanilla','2020-03-09 02:09:53','2020-03-09 02:09:53',NULL),(405,272,'e-ventanilla','e-ventanilla','2020-03-09 02:09:53','2020-03-09 02:09:53',NULL),(406,273,'e-ventanilla','e-ventanilla','2020-03-09 02:09:53','2020-03-09 02:09:53',NULL),(407,274,'e-ventanilla','e-ventanilla','2020-03-09 02:09:53','2020-03-09 02:09:53',NULL),(408,275,'e-ventanilla','e-ventanilla','2020-03-09 02:09:53','2020-03-09 02:09:53',NULL),(409,276,'e-ventanilla','e-ventanilla','2020-03-09 02:09:53','2020-03-09 02:09:53',NULL),(410,277,'e-ventanilla','e-ventanilla','2020-03-09 02:09:53','2020-03-09 02:09:53',NULL),(411,278,'e-ventanilla','e-ventanilla','2020-03-09 02:09:53','2020-03-09 02:09:53',NULL),(412,279,'e-ventanilla','e-ventanilla','2020-03-09 02:09:53','2020-03-09 02:09:53',NULL),(413,280,'e-ventanilla','e-ventanilla','2020-03-09 02:09:53','2020-03-09 02:09:53',NULL),(414,281,'e-ventanilla','e-ventanilla','2020-03-09 02:09:53','2020-03-09 02:09:53',NULL),(415,282,'e-ventanilla','e-ventanilla','2020-03-09 02:09:53','2020-03-09 02:09:53',NULL),(416,283,'e-ventanilla','e-ventanilla','2020-03-09 02:09:53','2020-03-09 02:09:53',NULL),(417,284,'e-ventanilla','e-ventanilla','2020-03-09 02:09:53','2020-03-09 02:09:53',NULL),(418,285,'e-ventanilla','e-ventanilla','2020-03-09 02:09:53','2020-03-09 02:09:53',NULL),(419,286,'e-ventanilla','e-ventanilla','2020-03-09 02:09:53','2020-03-09 02:09:53',NULL);
INSERT INTO `ventanilla_elec_sistemas_sub_serv` VALUES (420,287,'e-ventanilla','e-ventanilla','2020-03-09 02:09:53','2020-03-09 02:09:53',NULL),(421,288,'ve-organismos','Ventanilla Electrónica Organismos','2020-03-09 02:09:53','2020-03-09 02:09:53',NULL),(422,289,'e-ventanilla-int-2','e-ventanilla usuarios internos','2020-03-09 02:09:53','2020-03-09 02:09:53',NULL),(423,290,'e-ventanilla-int-2','e-ventanilla usuarios internos','2020-03-09 02:09:53','2020-03-09 02:09:53',NULL),(424,291,'ve-organismos','Ventanilla Electrónica Organismos','2020-03-09 02:09:53','2020-03-09 02:09:53',NULL),(425,292,'e-ventanilla','e-ventanilla','2020-03-09 02:09:53','2020-03-09 02:09:53',NULL),(426,293,'e-ventanilla-int-2','e-ventanilla usuarios internos','2020-03-09 02:09:53','2020-03-09 02:09:53',NULL),(427,294,'e-ventanilla','e-ventanilla','2020-03-09 02:09:53','2020-03-09 02:09:53',NULL),(428,295,'e-ventanilla','e-ventanilla','2020-03-09 02:09:53','2020-03-09 02:09:53',NULL),(429,296,'e-ventanilla','e-ventanilla','2020-03-09 02:09:53','2020-03-09 02:09:53',NULL),(430,297,'e-ventanilla','e-ventanilla','2020-03-09 02:09:53','2020-03-09 02:09:53',NULL),(431,298,'e-ventanilla','e-ventanilla','2020-03-09 02:09:53','2020-03-09 02:09:53',NULL),(432,301,'ve-organismos','Ventanilla Electrónica Organismos','2020-03-09 02:09:53','2020-03-09 02:09:53',NULL),(433,302,'e-ventanilla','e-ventanilla','2020-03-09 02:09:53','2020-03-09 02:09:53',NULL),(434,303,'e-ventanilla','e-ventanilla','2020-03-09 02:09:53','2020-03-09 02:09:53',NULL),(435,304,'e-ventanilla','e-ventanilla','2020-03-09 02:09:53','2020-03-09 02:09:53',NULL),(436,315,'e-ventanilla','e-ventanilla','2020-03-09 02:09:53','2020-03-09 02:09:53',NULL),(437,317,'e-ventanilla','e-ventanilla','2020-03-09 02:09:53','2020-03-09 02:09:53',NULL);

--
-- Table structure for table `vto_categoria_imp`
--

CREATE TABLE `vto_categoria_imp` (
  `id` int(10) unsigned NOT NULL AUTO_INCREMENT,
  `user_id` int(10) unsigned DEFAULT NULL,
  `categoria` varchar(255) COLLATE utf8mb4_unicode_ci NOT NULL,
  `importe` decimal(16,2) NOT NULL,
  `impuesto_id` int(10) unsigned NOT NULL,
  `cat_mono_id` varchar(255) COLLATE utf8mb4_unicode_ci DEFAULT NULL,
  `comentario` varchar(255) COLLATE utf8mb4_unicode_ci DEFAULT NULL,
  `created_at` timestamp NULL DEFAULT NULL,
  `updated_at` timestamp NULL DEFAULT NULL,
  `deleted_at` timestamp NULL DEFAULT NULL,
  PRIMARY KEY (`id`),
  KEY `vto_categoria_imp_impuesto_id_foreign` (`impuesto_id`),
  CONSTRAINT `vto_categoria_imp_impuesto_id_foreign` FOREIGN KEY (`impuesto_id`) REFERENCES `vto_impuestos` (`id`)
) ENGINE=InnoDB AUTO_INCREMENT=100 DEFAULT CHARSET=utf8mb4 COLLATE=utf8mb4_unicode_ci;

--
-- Dumping data for table `vto_categoria_imp`
--

INSERT INTO `vto_categoria_imp` VALUES (1,NULL,'I',6740.44,1,NULL,'',NULL,NULL,NULL),(2,NULL,'II',9436.47,1,NULL,'',NULL,NULL,NULL),(3,NULL,'III',13480.76,1,NULL,'',NULL,NULL,NULL),(4,NULL,'IV',21569.22,1,NULL,'',NULL,NULL,NULL),(5,NULL,'V',29657.55,1,NULL,'',NULL,NULL,NULL),(6,NULL,'I´( prima)',7372.35,1,NULL,'Actividades Penosa',NULL,NULL,NULL),(7,NULL,'II´(II prima)',10321.13,1,NULL,'Actividades Penosa',NULL,NULL,NULL),(8,NULL,'III´(III prima)',14744.58,1,NULL,'Actividades Penosa',NULL,NULL,NULL),(9,NULL,'IV´(IV prima)',23591.33,1,NULL,'Actividades Penosa',NULL,NULL,NULL),(10,NULL,'V´(V prima)',32437.95,1,NULL,'Actividades Penosa',NULL,NULL,NULL),(11,NULL,'I',6740.44,1,NULL,'Afiliacion Voluntarias',NULL,NULL,NULL),(12,NULL,'I',6740.44,1,NULL,'Menores 21 años',NULL,NULL,NULL),(13,NULL,'I',5687.25,1,NULL,'Beneficio Ley Nº 24.241',NULL,NULL,NULL),(14,NULL,'I',2317.03,1,NULL,'Amas de Casa',NULL,NULL,NULL),(15,NULL,'A Servicios',288.07,2,'1','Comp. Imp',NULL,NULL,NULL),(16,NULL,'A Servicios',1559.06,2,'1','Comp. Imp + Prev.',NULL,NULL,NULL),(17,NULL,'A Servicios',1559.06,2,'1','Jubilados',NULL,NULL,NULL),(18,NULL,'A Servicios',3334.24,2,'1','Completo',NULL,NULL,NULL),(19,NULL,'A Ventas',288.07,2,'1','Comp. Imp',NULL,NULL,NULL),(20,NULL,'A Ventas',1559.06,2,'1','Comp. Imp + Prev.',NULL,NULL,NULL),(21,NULL,'A Ventas',1559.06,2,'1','Jubilados',NULL,NULL,NULL),(22,NULL,'A Ventas',3334.24,2,'1','Completo',NULL,NULL,NULL),(23,NULL,'B Servicios',555.02,2,'2','Comp. Imp',NULL,NULL,NULL),(24,NULL,'B Servicios',1953.11,2,'2','Comp. Imp + Prev.',NULL,NULL,NULL),(25,NULL,'B Servicios',1826.01,2,'2','Jubilados',NULL,NULL,NULL),(26,NULL,'B Servicios',3728.29,2,'2','Completo',NULL,NULL,NULL),(27,NULL,'B Ventas',555.02,2,'2','Comp. Imp',NULL,NULL,NULL),(28,NULL,'B Ventas',1953.11,2,'2','Comp. Imp + Prev.',NULL,NULL,NULL),(29,NULL,'B Ventas',1826.01,2,'2','Jubilados',NULL,NULL,NULL),(30,NULL,'B Ventas',3728.29,2,'2','Completo',NULL,NULL,NULL),(31,NULL,'C Servicios',949.02,2,'3','Comp. Imp',NULL,NULL,NULL),(32,NULL,'C Servicios',2486.93,2,'3','Comp. Imp + Prev.',NULL,NULL,NULL),(33,NULL,'C Servicios',2220.01,2,'3','Jubilados',NULL,NULL,NULL),(34,NULL,'C Servicios',4262.11,2,'3','Completo',NULL,NULL,NULL),(35,NULL,'C Ventas',876.97,2,'3','Comp. Imp',NULL,NULL,NULL),(36,NULL,'C Ventas',2414.88,2,'3','Comp. Imp + Prev.',NULL,NULL,NULL),(37,NULL,'C Ventas',2147.96,2,'3','Jubilados',NULL,NULL,NULL),(38,NULL,'C Ventas',4190.06,2,'3','Completo',NULL,NULL,NULL),(39,NULL,'D Servicios',1559.09,2,'4','Comp. Imp',NULL,NULL,NULL),(40,NULL,'D Servicios',3250.78,2,'4','Comp. Imp + Prev.',NULL,NULL,NULL),(41,NULL,'D Servicios',2830.08,2,'4','Jubilados',NULL,NULL,NULL),(42,NULL,'D Servicios',5025.96,2,'4','Completo',NULL,NULL,NULL),(43,NULL,'D Ventas',1440.47,2,'4','Comp. Imp',NULL,NULL,NULL),(44,NULL,'D Ventas',3132.16,2,'4','Comp. Imp + Prev.',NULL,NULL,NULL),(45,NULL,'D Ventas',2711.46,2,'4','Jubilados',NULL,NULL,NULL),(46,NULL,'D Ventas',4907.34,2,'4','Completo',NULL,NULL,NULL),(47,NULL,'E Servicios',2965.66,2,'5','Comp. Imp',NULL,NULL,NULL),(48,NULL,'E Servicios',4826.53,2,'5','Comp. Imp + Prev.',NULL,NULL,NULL),(49,NULL,'E Servicios',4236.65,2,'5','Jubilados',NULL,NULL,NULL),(50,NULL,'E Servicios',6601.71,2,'5','Completo',NULL,NULL,NULL),(51,NULL,'E Ventas',2300.50,2,'5','Comp. Imp',NULL,NULL,NULL),(52,NULL,'E Ventas',4161.37,2,'5','Comp. Imp + Prev.',NULL,NULL,NULL),(53,NULL,'E Ventas',3571.49,2,'5','Jubilados',NULL,NULL,NULL),(54,NULL,'E Ventas',5936.55,2,'5','Completo',NULL,NULL,NULL),(55,NULL,'F Servicios',4079.93,2,'6','Comp. Imp',NULL,NULL,NULL),(56,NULL,'F Servicios',6126.88,2,'6','Comp. Imp + Prev.',NULL,NULL,NULL),(57,NULL,'F Servicios',5350.92,2,'6','Jubilados',NULL,NULL,NULL),(58,NULL,'F Servicios',7902.06,2,'6','Completo',NULL,NULL,NULL),(59,NULL,'F Ventas',3003.79,2,'6','Comp. Imp',NULL,NULL,NULL),(60,NULL,'F Ventas',5050.74,2,'6','Comp. Imp + Prev.',NULL,NULL,NULL),(61,NULL,'F Ventas',4274.78,2,'6','Jubilados',NULL,NULL,NULL);
INSERT INTO `vto_categoria_imp` VALUES (62,NULL,'F Ventas',6825.92,2,'6','Completo',NULL,NULL,NULL),(63,NULL,'G Servicios',5189.94,2,'7','Comp. Imp',NULL,NULL,NULL),(64,NULL,'G Servicios',7441.58,2,'7','Comp. Imp + Prev.',NULL,NULL,NULL),(65,NULL,'G Servicios',6460.93,2,'7','Jubilados',NULL,NULL,NULL),(66,NULL,'G Servicios',9216.76,2,'7','Completo',NULL,NULL,NULL),(67,NULL,'G Ventas',3745.19,2,'7','Comp. Imp',NULL,NULL,NULL),(68,NULL,'G Ventas',5996.83,2,'7','Comp. Imp + Prev.',NULL,NULL,NULL),(69,NULL,'G Ventas',5016.18,2,'7','Jubilados',NULL,NULL,NULL),(70,NULL,'G Ventas',7772.01,2,'7','Completo',NULL,NULL,NULL),(71,NULL,'H Servicios',11862.69,2,'8','Comp. Imp',NULL,NULL,NULL),(72,NULL,'H Servicios',14339.49,2,'8','Comp. Imp + Prev.',NULL,NULL,NULL),(73,NULL,'H Servicios',13133.68,2,'8','Jubilados',NULL,NULL,NULL),(74,NULL,'H Servicios',16114.67,2,'8','Completo',NULL,NULL,NULL),(75,NULL,'H Ventas',9193.62,2,'8','Comp. Imp',NULL,NULL,NULL),(76,NULL,'H Ventas',11670.42,2,'8','Comp. Imp + Prev.',NULL,NULL,NULL),(77,NULL,'H Ventas',10464.61,2,'8','Jubilados',NULL,NULL,NULL),(78,NULL,'H Ventas',13445.60,2,'8','Completo',NULL,NULL,NULL),(79,NULL,'I Ventas',14828.38,2,'9','Comp. Imp',NULL,NULL,NULL),(80,NULL,'I Ventas',17552.87,2,'9','Comp. Imp + Prev.',NULL,NULL,NULL),(81,NULL,'I Ventas',16099.37,2,'9','Jubilados',NULL,NULL,NULL),(82,NULL,'I Ventas',19328.05,2,'9','Completo',NULL,NULL,NULL),(83,NULL,'J Ventas',17425.48,2,'10','Comp. Imp',NULL,NULL,NULL),(84,NULL,'J Ventas',20422.44,2,'10','Comp. Imp + Prev.',NULL,NULL,NULL),(85,NULL,'J Ventas',18696.47,2,'10','Jubilados',NULL,NULL,NULL),(86,NULL,'J Ventas',22197.62,2,'10','Completo',NULL,NULL,NULL),(87,NULL,'K Ventas',20018.33,2,'11','Comp. Imp',NULL,NULL,NULL),(88,NULL,'K Ventas',23314.95,2,'11','Comp. Imp + Prev.',NULL,NULL,NULL),(89,NULL,'K Ventas',21289.32,2,'11','Jubilados',NULL,NULL,NULL),(90,NULL,'K Ventas',25090.13,2,'11','Completo',NULL,NULL,NULL),(91,NULL,'A',690.00,13,'1','',NULL,NULL,NULL),(92,NULL,'B',1035.00,13,'2','',NULL,NULL,NULL),(93,NULL,'C',1380.00,13,'3','',NULL,NULL,NULL),(94,NULL,'D',2070.00,13,'4','',NULL,NULL,NULL),(95,NULL,'E',2765.00,13,'5','',NULL,NULL,NULL),(96,NULL,'F',3455.00,13,'6','',NULL,NULL,NULL),(97,NULL,'G',4145.00,13,'7','',NULL,NULL,NULL),(98,NULL,'H',5755.00,13,'8','',NULL,NULL,NULL),(99,NULL,'Monotributo Social',520.61,2,'12',NULL,'2020-02-27 02:46:40','2020-02-27 02:46:40',NULL);

--
-- Table structure for table `vto_fin_cuit`
--

CREATE TABLE `vto_fin_cuit` (
  `id` int(10) unsigned NOT NULL AUTO_INCREMENT,
  `user_id` int(10) unsigned DEFAULT NULL,
  `grupo` varchar(255) COLLATE utf8mb4_unicode_ci NOT NULL,
  `numero` varchar(255) COLLATE utf8mb4_unicode_ci NOT NULL,
  `comentario` varchar(255) COLLATE utf8mb4_unicode_ci DEFAULT NULL,
  `status` int(10) unsigned NOT NULL DEFAULT '1',
  `deleted_at` timestamp NULL DEFAULT NULL,
  PRIMARY KEY (`id`)
) ENGINE=InnoDB AUTO_INCREMENT=24 DEFAULT CHARSET=utf8mb4 COLLATE=utf8mb4_unicode_ci;

--
-- Dumping data for table `vto_fin_cuit`
--

INSERT INTO `vto_fin_cuit` VALUES (1,NULL,'0 a 3','{0,1,2,3}',NULL,1,NULL),(2,NULL,'4 a 6','{4,5,6}',NULL,1,NULL),(3,NULL,'7 a 9','{7,8,9}',NULL,1,NULL),(4,NULL,'0 a 9','{0,1,2,3,4,5,6,7,8,9}',NULL,1,NULL),(5,NULL,'0 a 2','{0,1,2}',NULL,1,NULL),(6,NULL,'3 a 5','{3,4,5}',NULL,1,NULL),(7,NULL,'6 a 7','{6,7}',NULL,1,NULL),(8,NULL,'8 a 9','{8,9}',NULL,1,NULL),(9,NULL,'0 a 1','{0,1}',NULL,1,NULL),(10,NULL,'2 a 3','{2,3}',NULL,1,NULL),(11,NULL,'4 a 5','{4,5}',NULL,1,NULL),(12,NULL,'0','{0}',NULL,1,NULL),(13,NULL,'1','{1}',NULL,1,NULL),(14,NULL,'2','{2}',NULL,1,NULL),(15,NULL,'3','{3}',NULL,1,NULL),(16,NULL,'4','{4}',NULL,1,NULL),(17,NULL,'5','{5}',NULL,1,NULL),(18,NULL,'6','{6}',NULL,1,NULL),(19,NULL,'7','{7}',NULL,1,NULL),(20,NULL,'8','{8}',NULL,1,NULL),(21,NULL,'9','{9}',NULL,1,NULL),(22,NULL,'0 a 4','{0,1,2,3,4}',NULL,1,NULL),(23,NULL,'0 a 4','{5,6,7,8,9}',NULL,1,NULL);

--
-- Table structure for table `vto_imp_fin_cuit`
--

CREATE TABLE `vto_imp_fin_cuit` (
  `idImpFinCuit` int(10) unsigned NOT NULL AUTO_INCREMENT,
  `user_id` int(10) unsigned DEFAULT NULL,
  `impuesto_id` int(10) unsigned NOT NULL,
  `finCuit_id` int(10) unsigned NOT NULL,
  `created_at` timestamp NULL DEFAULT NULL,
  `updated_at` timestamp NULL DEFAULT NULL,
  `deleted_at` timestamp NULL DEFAULT NULL,
  PRIMARY KEY (`idImpFinCuit`),
  KEY `vto_imp_fin_cuit_impuesto_id_foreign` (`impuesto_id`),
  KEY `vto_imp_fin_cuit_fincuit_id_foreign` (`finCuit_id`),
  CONSTRAINT `vto_imp_fin_cuit_fincuit_id_foreign` FOREIGN KEY (`finCuit_id`) REFERENCES `vto_fin_cuit` (`id`),
  CONSTRAINT `vto_imp_fin_cuit_impuesto_id_foreign` FOREIGN KEY (`impuesto_id`) REFERENCES `vto_impuestos` (`id`)
) ENGINE=InnoDB AUTO_INCREMENT=132 DEFAULT CHARSET=utf8mb4 COLLATE=utf8mb4_unicode_ci;

--
-- Dumping data for table `vto_imp_fin_cuit`
--

INSERT INTO `vto_imp_fin_cuit` VALUES (1,NULL,1,1,NULL,NULL,NULL),(2,NULL,1,2,NULL,NULL,NULL),(3,NULL,1,3,NULL,NULL,NULL),(5,NULL,2,4,NULL,NULL,NULL),(6,NULL,3,1,NULL,NULL,NULL),(7,NULL,3,2,NULL,NULL,NULL),(8,NULL,3,3,NULL,NULL,NULL),(9,NULL,4,1,NULL,NULL,NULL),(10,NULL,4,2,NULL,NULL,NULL),(11,NULL,4,3,NULL,NULL,NULL),(12,NULL,5,1,NULL,NULL,NULL),(13,NULL,5,2,NULL,NULL,NULL),(14,NULL,5,3,NULL,NULL,NULL),(15,NULL,6,5,NULL,NULL,NULL),(16,NULL,6,6,NULL,NULL,NULL),(17,NULL,6,7,NULL,NULL,NULL),(18,NULL,6,8,NULL,NULL,NULL),(19,NULL,7,9,NULL,NULL,NULL),(20,NULL,7,10,NULL,NULL,NULL),(21,NULL,7,11,NULL,NULL,NULL),(22,NULL,7,7,NULL,NULL,NULL),(23,NULL,7,8,NULL,NULL,NULL),(24,NULL,8,1,NULL,NULL,NULL),(25,NULL,8,2,NULL,NULL,NULL),(26,NULL,8,3,NULL,NULL,NULL),(27,NULL,9,1,NULL,NULL,NULL),(28,NULL,9,2,NULL,NULL,NULL),(29,NULL,9,3,NULL,NULL,NULL),(30,NULL,10,1,NULL,NULL,NULL),(31,NULL,10,2,NULL,NULL,NULL),(32,NULL,10,3,NULL,NULL,NULL),(33,NULL,11,9,NULL,NULL,NULL),(34,NULL,11,10,NULL,NULL,NULL),(35,NULL,11,11,NULL,NULL,NULL),(36,NULL,11,7,NULL,NULL,NULL),(37,NULL,11,8,NULL,NULL,NULL),(38,NULL,12,12,NULL,NULL,NULL),(39,NULL,12,13,NULL,NULL,NULL),(40,NULL,12,14,NULL,NULL,NULL),(41,NULL,12,15,NULL,NULL,NULL),(42,NULL,12,16,NULL,NULL,NULL),(43,NULL,12,17,NULL,NULL,NULL),(44,NULL,12,18,NULL,NULL,NULL),(45,NULL,12,19,NULL,NULL,NULL),(46,NULL,12,20,NULL,NULL,NULL),(47,NULL,12,21,NULL,NULL,NULL),(48,NULL,13,9,NULL,NULL,NULL),(49,NULL,13,10,NULL,NULL,NULL),(50,NULL,13,11,NULL,NULL,NULL),(51,NULL,13,7,NULL,NULL,NULL),(52,NULL,13,8,NULL,NULL,NULL),(53,NULL,14,4,NULL,NULL,NULL),(54,NULL,40,22,'2020-01-08 19:28:09','2020-01-08 19:28:09',NULL),(55,NULL,40,23,'2020-01-08 19:28:09','2020-01-08 19:28:09',NULL),(56,NULL,41,4,'2020-01-12 02:52:43','2020-01-12 02:52:43',NULL),(57,NULL,42,1,NULL,NULL,NULL),(58,NULL,42,2,NULL,NULL,NULL),(59,NULL,42,3,NULL,NULL,NULL),(63,NULL,44,9,NULL,NULL,NULL),(64,NULL,44,10,NULL,NULL,NULL),(65,NULL,44,11,NULL,NULL,NULL),(66,NULL,44,7,NULL,NULL,NULL),(67,NULL,44,8,NULL,NULL,NULL),(68,NULL,45,5,NULL,NULL,NULL),(69,NULL,45,6,NULL,NULL,NULL),(70,NULL,45,7,NULL,NULL,NULL),(71,NULL,45,8,NULL,NULL,NULL),(72,NULL,46,5,NULL,NULL,NULL),(73,NULL,46,6,NULL,NULL,NULL),(74,NULL,46,7,NULL,NULL,NULL),(75,NULL,46,8,NULL,NULL,NULL),(76,NULL,47,5,NULL,NULL,NULL),(77,NULL,47,6,NULL,NULL,NULL),(78,NULL,47,7,NULL,NULL,NULL),(79,NULL,47,8,NULL,NULL,NULL),(80,NULL,48,5,NULL,NULL,NULL),(81,NULL,48,6,NULL,NULL,NULL),(82,NULL,48,7,NULL,NULL,NULL),(83,NULL,48,8,NULL,NULL,NULL),(84,NULL,49,9,NULL,NULL,NULL),(85,NULL,49,10,NULL,NULL,NULL),(86,NULL,49,11,NULL,NULL,NULL),(87,NULL,49,7,NULL,NULL,NULL),(88,NULL,49,8,NULL,NULL,NULL),(89,NULL,50,9,NULL,NULL,NULL),(90,NULL,50,10,NULL,NULL,NULL),(91,NULL,50,11,NULL,NULL,NULL),(92,NULL,50,7,NULL,NULL,NULL),(93,NULL,50,8,NULL,NULL,NULL),(94,NULL,51,5,NULL,NULL,NULL),(95,NULL,51,6,NULL,NULL,NULL),(96,NULL,51,7,NULL,NULL,NULL),(97,NULL,51,8,NULL,NULL,NULL),(98,NULL,52,7,NULL,NULL,NULL),(99,NULL,52,8,NULL,NULL,NULL),(100,NULL,52,9,NULL,NULL,NULL),(101,NULL,52,10,NULL,NULL,NULL),(102,NULL,52,11,NULL,NULL,NULL),(103,NULL,53,4,NULL,NULL,NULL),(104,NULL,54,4,NULL,NULL,NULL),(105,NULL,55,1,NULL,NULL,NULL),(106,NULL,55,2,NULL,NULL,NULL),(107,NULL,55,3,NULL,NULL,NULL),(108,NULL,56,1,NULL,NULL,NULL),(109,NULL,56,2,NULL,NULL,NULL),(110,NULL,56,3,NULL,NULL,NULL),(111,NULL,57,5,NULL,NULL,NULL),(112,NULL,57,6,NULL,NULL,NULL),(113,NULL,57,7,NULL,NULL,NULL),(114,NULL,57,8,NULL,NULL,NULL),(115,NULL,58,9,NULL,NULL,NULL),(116,NULL,58,10,NULL,NULL,NULL),(117,NULL,58,11,NULL,NULL,NULL),(118,NULL,58,7,NULL,NULL,NULL),(119,NULL,58,8,NULL,NULL,NULL),(120,NULL,59,5,NULL,NULL,NULL),(121,NULL,59,6,NULL,NULL,NULL),(122,NULL,59,7,NULL,NULL,NULL),(123,NULL,59,8,NULL,NULL,NULL),(124,NULL,60,5,NULL,NULL,NULL),(125,NULL,60,6,NULL,NULL,NULL),(126,NULL,60,7,NULL,NULL,NULL),(127,NULL,60,8,NULL,NULL,NULL),(128,NULL,61,5,NULL,NULL,NULL),(129,NULL,61,6,NULL,NULL,NULL),(130,NULL,61,7,NULL,NULL,NULL);
INSERT INTO `vto_imp_fin_cuit` VALUES (131,NULL,61,8,NULL,NULL,NULL);

--
-- Table structure for table `vto_impuestos`
--

CREATE TABLE `vto_impuestos` (
  `id` int(10) unsigned NOT NULL AUTO_INCREMENT,
  `user_id` int(10) unsigned DEFAULT NULL,
  `name` varchar(180) COLLATE utf8mb4_unicode_ci NOT NULL,
  `order` int(11) DEFAULT NULL,
  `observaciones` varchar(180) COLLATE utf8mb4_unicode_ci DEFAULT NULL,
  `status` int(10) unsigned NOT NULL DEFAULT '1',
  `show_in_estado_liq` tinyint(1) NOT NULL DEFAULT '0',
  `created_at` timestamp NULL DEFAULT NULL,
  `updated_at` timestamp NULL DEFAULT NULL,
  `deleted_at` timestamp NULL DEFAULT NULL,
  PRIMARY KEY (`id`)
) ENGINE=InnoDB AUTO_INCREMENT=62 DEFAULT CHARSET=utf8mb4 COLLATE=utf8mb4_unicode_ci;

--
-- Dumping data for table `vto_impuestos`
--

INSERT INTO `vto_impuestos` VALUES (1,NULL,'Autonomos',NULL,NULL,1,0,NULL,NULL,NULL),(2,NULL,'Monotributo',NULL,NULL,1,0,NULL,NULL,NULL),(3,NULL,'SICOSS',NULL,NULL,1,0,NULL,NULL,NULL),(4,NULL,'Ganancias Sociedades',NULL,NULL,1,0,NULL,NULL,NULL),(5,NULL,'Ganancia Minima Presunta',NULL,NULL,1,0,NULL,NULL,NULL),(6,NULL,'Convenio Multilateral - DDJJ',NULL,NULL,1,0,NULL,NULL,NULL),(7,NULL,'IVA',NULL,NULL,1,0,NULL,NULL,NULL),(8,NULL,'SICORE',NULL,NULL,1,1,NULL,'2020-06-05 10:27:03',NULL),(9,NULL,'Ganancia Personas Humanas',NULL,NULL,1,0,NULL,NULL,NULL),(10,NULL,'Participaciones Societarias',NULL,NULL,1,0,NULL,NULL,NULL),(11,NULL,'IIBB SICOL - DDJJ',NULL,NULL,1,0,NULL,NULL,NULL),(12,NULL,'IIBB ARBA - DDJJ',NULL,NULL,1,0,NULL,NULL,NULL),(13,NULL,'IIBB Regimen Simplificado',NULL,NULL,1,0,NULL,NULL,NULL),(14,NULL,'Servicio Domestico',NULL,NULL,1,0,NULL,NULL,NULL),(15,NULL,'Ganancia Pers. Hum. Anticipos',NULL,NULL,1,0,NULL,NULL,NULL),(16,NULL,'Ganancia Sociedades Anticipos',NULL,NULL,1,0,NULL,NULL,NULL),(17,NULL,'Bienes Personales',NULL,NULL,1,0,NULL,NULL,NULL),(18,NULL,'Bienes Personales Anticipos',NULL,NULL,1,0,NULL,NULL,NULL),(19,NULL,'Monotributo - Recategorizacion',NULL,NULL,1,0,NULL,NULL,NULL),(20,NULL,'IIBB SICOL - Anual',NULL,NULL,1,0,NULL,NULL,NULL),(21,NULL,'IIBB ARBA - Anual',NULL,NULL,1,0,NULL,NULL,NULL),(22,NULL,'Convenio Multilateral - Anual',NULL,NULL,1,0,NULL,NULL,NULL),(23,NULL,'IVA - CITI - Regimen Informativo',NULL,NULL,1,0,NULL,NULL,NULL),(24,NULL,'Sindicato - AOTRA (Textil)',NULL,NULL,1,0,NULL,NULL,NULL),(25,NULL,'Sindicato - Sind. Emp. Comercio',NULL,NULL,1,0,NULL,NULL,NULL),(26,NULL,'Sindicato - FAECYS',NULL,NULL,1,0,NULL,NULL,NULL),(27,NULL,'Sindicato - La Estrella',NULL,NULL,1,0,NULL,NULL,NULL),(28,NULL,'Sindicato - INACAP',NULL,NULL,1,0,NULL,NULL,NULL),(29,NULL,'Sindicato - FATSA (Sanidad)',NULL,NULL,1,0,NULL,NULL,NULL),(30,NULL,'Sindicato - ATSA (Sanidad)',NULL,NULL,1,0,NULL,NULL,NULL),(31,NULL,'Sindicato - Guincheros (Gruas)',NULL,NULL,1,0,NULL,NULL,NULL),(32,NULL,'Sindicato - UOCRA (Construccion)',NULL,NULL,1,0,NULL,NULL,NULL),(33,NULL,'Sindicato - SOCAYA (Caucho)',NULL,NULL,1,0,NULL,NULL,NULL),(34,NULL,'Sindicato - UETSYL (Tintoreros - Lavaderos)',NULL,NULL,1,0,NULL,NULL,NULL),(35,NULL,'Sindicato - Papeleros',NULL,NULL,1,0,NULL,NULL,NULL),(36,NULL,'Sindicato - Camioneros',NULL,NULL,1,0,NULL,NULL,NULL),(37,NULL,'Sindicato - Pastas',NULL,NULL,1,0,NULL,NULL,NULL),(38,NULL,'Sindicato - UOM',NULL,NULL,1,0,NULL,NULL,NULL),(39,NULL,'Honorarios Contables',NULL,NULL,1,0,NULL,NULL,NULL),(40,NULL,'IIBB Cordoba',NULL,NULL,1,0,'2020-01-08 19:28:09','2020-01-08 19:28:09',NULL),(41,NULL,'IIBB Cordoba-Reg Simp',NULL,NULL,1,0,'2020-01-12 02:52:43','2020-01-12 02:52:43',NULL),(42,NULL,'Seguridad e Higiene',NULL,NULL,1,1,'2020-05-28 08:53:14','2020-06-05 10:27:03',NULL),(44,NULL,'IIBB Corrientes - DDJJ Mensual',NULL,NULL,1,0,'2021-09-10 14:10:13','2021-09-10 14:10:13',NULL),(45,NULL,'IIBB Santa Fe - DDJJ Mensual',NULL,NULL,1,0,'2021-09-10 14:10:16','2021-09-10 14:10:16',NULL),(46,NULL,'IIBB Santa Fe - DDJJ Anual',NULL,NULL,1,0,'2021-09-10 14:10:16','2021-09-10 14:10:16',NULL),(47,NULL,'DREI Santa Fe - DDJJ Mensual',NULL,NULL,1,0,'2021-09-10 14:10:16','2021-09-10 14:10:16',NULL),(48,NULL,'IIBB Santa Fe - DDJJ Anual',NULL,NULL,1,0,'2021-09-10 14:10:16','2021-09-10 14:10:16',NULL),(49,NULL,'IIBB Entre Rios - DDJJ Mensual',NULL,NULL,1,0,'2021-09-10 14:10:17','2021-09-10 14:10:17',NULL),(50,NULL,'Profesionales Liberales Entre Rios',NULL,NULL,1,0,'2021-09-10 14:10:17','2021-09-10 14:10:17',NULL),(51,NULL,'IIBB Rio Negro - DDJJ Mensual',NULL,NULL,1,0,'2021-09-10 14:10:18','2021-09-10 14:10:18',NULL),(52,NULL,'IIBB Neuquen - DDJJ Mensual',NULL,NULL,1,0,'2021-09-10 14:10:18','2021-09-10 14:10:18',NULL),(53,NULL,'IIBB Corrientes - DDJJ Anual',NULL,NULL,1,0,'2021-09-10 14:10:19','2021-09-10 14:10:19',NULL),(54,NULL,'DDJJ Anual Manifestacion de Ganado Corrientes',NULL,NULL,1,0,'2021-09-10 14:10:19','2021-09-10 14:10:19',NULL);
INSERT INTO `vto_impuestos` VALUES (55,NULL,'Sindicato - UTEDYC',NULL,NULL,1,0,'2021-09-10 14:10:19','2021-09-10 14:10:19',NULL),(56,NULL,'SIRADIG',NULL,NULL,1,0,'2021-09-10 14:10:20','2021-09-10 14:10:20',NULL),(57,NULL,'IIBB Santa Fe - Reg. Simplificado',NULL,NULL,1,0,'2021-09-10 14:10:20','2021-09-10 14:10:20',NULL),(58,NULL,'IIBB La Rioja - DDJJ Mensual',NULL,NULL,1,0,'2021-09-10 14:10:21','2021-09-10 14:10:21',NULL),(59,NULL,'IIBB Santa Cruz - DDJJ Mensual',NULL,NULL,1,0,'2022-02-11 16:41:33','2022-02-11 16:41:33',NULL),(60,NULL,'IIBB Santa Cruz - DDJJ Anual',NULL,NULL,1,0,'2022-02-11 16:41:33','2022-02-11 16:41:33',NULL),(61,NULL,'IIBB Mendoza - DDJJ Mensual',NULL,NULL,1,0,'2022-04-20 08:20:39','2022-04-20 08:20:39',NULL);

--
-- Table structure for table `vto_person_impuesto`
--

CREATE TABLE `vto_person_impuesto` (
  `idPersonVto` int(10) unsigned NOT NULL AUTO_INCREMENT,
  `user_id` int(10) unsigned DEFAULT NULL,
  `person_id` int(10) unsigned NOT NULL,
  `impuesto_id` int(10) unsigned NOT NULL,
  `categoria_imp_id` int(10) unsigned DEFAULT NULL,
  `vto_id` int(10) unsigned NOT NULL,
  `importe` decimal(16,2) NOT NULL,
  `comentario` varchar(255) COLLATE utf8mb4_unicode_ci DEFAULT NULL,
  `created_at` timestamp NULL DEFAULT NULL,
  `updated_at` timestamp NULL DEFAULT NULL,
  PRIMARY KEY (`idPersonVto`),
  KEY `vto_person_impuesto_person_id_foreign` (`person_id`),
  KEY `vto_person_impuesto_impuesto_id_foreign` (`impuesto_id`),
  KEY `vto_person_impuesto_categoria_imp_id_foreign` (`categoria_imp_id`),
  KEY `vto_person_impuesto_vto_id_foreign` (`vto_id`),
  CONSTRAINT `vto_person_impuesto_categoria_imp_id_foreign` FOREIGN KEY (`categoria_imp_id`) REFERENCES `vto_categoria_imp` (`id`),
  CONSTRAINT `vto_person_impuesto_impuesto_id_foreign` FOREIGN KEY (`impuesto_id`) REFERENCES `vto_impuestos` (`id`),
  CONSTRAINT `vto_person_impuesto_person_id_foreign` FOREIGN KEY (`person_id`) REFERENCES `persons` (`id`),
  CONSTRAINT `vto_person_impuesto_vto_id_foreign` FOREIGN KEY (`vto_id`) REFERENCES `vto_vencimiento` (`id`)
) ENGINE=InnoDB DEFAULT CHARSET=utf8mb4 COLLATE=utf8mb4_unicode_ci;

--
-- Dumping data for table `vto_person_impuesto`
--


--
-- Table structure for table `vto_person_impuestos_creados`
--

CREATE TABLE `vto_person_impuestos_creados` (
  `id` int(10) unsigned NOT NULL AUTO_INCREMENT,
  `user_id` int(10) unsigned DEFAULT NULL,
  `person_id` int(10) unsigned DEFAULT NULL,
  `impuesto` varchar(255) COLLATE utf8mb4_unicode_ci DEFAULT NULL,
  `vencimiento` date DEFAULT NULL,
  `importe` decimal(16,2) NOT NULL,
  `anticipo` varchar(255) COLLATE utf8mb4_unicode_ci DEFAULT NULL,
  `created_at` timestamp NULL DEFAULT NULL,
  `updated_at` timestamp NULL DEFAULT NULL,
  `deleted_at` timestamp NULL DEFAULT NULL,
  PRIMARY KEY (`id`),
  KEY `vto_person_impuestos_creados_person_id_foreign` (`person_id`),
  CONSTRAINT `vto_person_impuestos_creados_person_id_foreign` FOREIGN KEY (`person_id`) REFERENCES `persons` (`id`)
) ENGINE=InnoDB DEFAULT CHARSET=utf8mb4 COLLATE=utf8mb4_unicode_ci;

--
-- Dumping data for table `vto_person_impuestos_creados`
--


--
-- Table structure for table `vto_vencimiento`
--

CREATE TABLE `vto_vencimiento` (
  `id` int(10) unsigned NOT NULL AUTO_INCREMENT,
  `user_id` int(10) unsigned DEFAULT NULL,
  `anio` int(11) NOT NULL,
  `mes` int(11) NOT NULL,
  `dia` int(11) NOT NULL,
  `impuesto_id` int(10) unsigned NOT NULL,
  `finCuit_id` int(10) unsigned NOT NULL,
  `anticipo` varchar(255) COLLATE utf8mb4_unicode_ci DEFAULT NULL,
  `comentario` varchar(255) COLLATE utf8mb4_unicode_ci DEFAULT NULL,
  `status` int(10) unsigned NOT NULL DEFAULT '1',
  `created_at` timestamp NULL DEFAULT NULL,
  `updated_at` timestamp NULL DEFAULT NULL,
  `deleted_at` timestamp NULL DEFAULT NULL,
  PRIMARY KEY (`id`),
  KEY `vto_vencimiento_impuesto_id_foreign` (`impuesto_id`),
  KEY `vto_vencimiento_fincuit_id_foreign` (`finCuit_id`),
  CONSTRAINT `vto_vencimiento_fincuit_id_foreign` FOREIGN KEY (`finCuit_id`) REFERENCES `vto_fin_cuit` (`id`),
  CONSTRAINT `vto_vencimiento_impuesto_id_foreign` FOREIGN KEY (`impuesto_id`) REFERENCES `vto_impuestos` (`id`)
) ENGINE=InnoDB AUTO_INCREMENT=1970 DEFAULT CHARSET=utf8mb4 COLLATE=utf8mb4_unicode_ci;

--
-- Dumping data for table `vto_vencimiento`
--

INSERT INTO `vto_vencimiento` VALUES (1,NULL,2022,1,5,1,1,'12',NULL,1,NULL,NULL,NULL),(2,NULL,2022,1,6,1,2,'12',NULL,1,NULL,NULL,NULL),(3,NULL,2022,1,7,1,3,'12',NULL,1,NULL,NULL,NULL),(4,NULL,2022,2,7,1,1,'1',NULL,1,NULL,NULL,NULL),(5,NULL,2022,2,8,1,2,'1',NULL,1,NULL,NULL,NULL),(6,NULL,2022,2,9,1,3,'1',NULL,1,NULL,NULL,NULL),(7,NULL,2022,3,7,1,1,'2',NULL,1,NULL,NULL,NULL),(8,NULL,2022,3,8,1,2,'2',NULL,1,NULL,NULL,NULL),(9,NULL,2022,3,9,1,3,'2',NULL,1,NULL,NULL,NULL),(10,NULL,2022,4,5,1,1,'3',NULL,1,NULL,NULL,NULL),(11,NULL,2022,4,6,1,2,'3',NULL,1,NULL,NULL,NULL),(12,NULL,2022,4,7,1,3,'3',NULL,1,NULL,NULL,NULL),(13,NULL,2022,5,5,1,1,'4',NULL,1,NULL,NULL,NULL),(14,NULL,2022,5,6,1,2,'4',NULL,1,NULL,NULL,NULL),(15,NULL,2022,5,9,1,3,'4',NULL,1,NULL,NULL,NULL),(16,NULL,2022,6,6,1,1,'5',NULL,1,NULL,NULL,NULL),(17,NULL,2022,6,7,1,2,'5',NULL,1,NULL,NULL,NULL),(18,NULL,2022,6,8,1,3,'5',NULL,1,NULL,NULL,NULL),(19,NULL,2022,7,5,1,1,'6',NULL,1,NULL,NULL,NULL),(20,NULL,2022,7,6,1,2,'6',NULL,1,NULL,NULL,NULL),(21,NULL,2022,7,7,1,3,'6',NULL,1,NULL,NULL,NULL),(22,NULL,2022,8,5,1,1,'7',NULL,1,NULL,NULL,NULL),(23,NULL,2022,8,8,1,2,'7',NULL,1,NULL,NULL,NULL),(24,NULL,2022,8,9,1,3,'7',NULL,1,NULL,NULL,NULL),(25,NULL,2022,9,5,1,1,'8',NULL,1,NULL,NULL,NULL),(26,NULL,2022,9,6,1,2,'8',NULL,1,NULL,NULL,NULL),(27,NULL,2022,9,7,1,3,'8',NULL,1,NULL,NULL,NULL),(28,NULL,2022,10,5,1,1,'9',NULL,1,NULL,NULL,NULL),(29,NULL,2022,10,6,1,2,'9',NULL,1,NULL,NULL,NULL),(30,NULL,2022,10,11,1,3,'9',NULL,1,NULL,NULL,NULL),(31,NULL,2022,11,7,1,1,'10',NULL,1,NULL,NULL,NULL),(32,NULL,2022,11,8,1,2,'10',NULL,1,NULL,NULL,NULL),(33,NULL,2022,11,9,1,3,'10',NULL,1,NULL,NULL,NULL),(34,NULL,2022,12,5,1,1,'11',NULL,1,NULL,NULL,NULL),(35,NULL,2022,12,6,1,2,'11',NULL,1,NULL,NULL,NULL),(36,NULL,2022,12,7,1,3,'11',NULL,1,NULL,NULL,NULL),(37,NULL,2022,1,20,2,4,'1',NULL,1,NULL,NULL,NULL),(38,NULL,2022,2,21,2,4,'2',NULL,1,NULL,NULL,NULL),(39,NULL,2022,3,21,2,4,'3',NULL,1,NULL,NULL,NULL),(40,NULL,2022,4,20,2,4,'4',NULL,1,NULL,NULL,NULL),(41,NULL,2022,5,20,2,4,'5',NULL,1,NULL,NULL,NULL),(42,NULL,2022,6,21,2,4,'6',NULL,1,NULL,NULL,NULL),(43,NULL,2022,7,20,2,4,'7',NULL,1,NULL,NULL,NULL),(44,NULL,2022,8,22,2,4,'8',NULL,1,NULL,NULL,NULL),(45,NULL,2022,9,20,2,4,'9',NULL,1,NULL,NULL,NULL),(46,NULL,2022,10,20,2,4,'10',NULL,1,NULL,NULL,NULL),(47,NULL,2022,11,22,2,4,'11',NULL,1,NULL,NULL,NULL),(48,NULL,2022,12,20,2,4,'12',NULL,1,NULL,NULL,NULL),(49,NULL,2022,1,20,19,4,'Recategorizacion',NULL,1,NULL,NULL,NULL),(50,NULL,2022,1,10,3,1,'12',NULL,1,NULL,NULL,NULL),(51,NULL,2022,1,11,3,2,'12',NULL,1,NULL,NULL,NULL),(52,NULL,2022,1,12,3,3,'12',NULL,1,NULL,NULL,NULL),(53,NULL,2022,2,9,3,1,'1',NULL,1,NULL,NULL,NULL),(54,NULL,2022,2,10,3,2,'1',NULL,1,NULL,NULL,NULL),(55,NULL,2022,2,11,3,3,'1',NULL,1,NULL,NULL,NULL),(56,NULL,2022,3,9,3,1,'2',NULL,1,NULL,NULL,NULL),(57,NULL,2022,3,10,3,2,'2',NULL,1,NULL,NULL,NULL),(58,NULL,2022,3,11,3,3,'2',NULL,1,NULL,NULL,NULL),(59,NULL,2022,4,11,3,1,'3',NULL,1,NULL,NULL,NULL),(60,NULL,2022,4,12,3,2,'3',NULL,1,NULL,NULL,NULL),(61,NULL,2022,4,13,3,3,'3',NULL,1,NULL,NULL,NULL),(62,NULL,2022,5,9,3,1,'4',NULL,1,NULL,NULL,NULL),(63,NULL,2022,5,10,3,2,'4',NULL,1,NULL,NULL,NULL),(64,NULL,2022,5,11,3,3,'4',NULL,1,NULL,NULL,NULL),(65,NULL,2022,6,9,3,1,'5',NULL,1,NULL,NULL,NULL),(66,NULL,2022,6,10,3,2,'5',NULL,1,NULL,NULL,NULL),(67,NULL,2022,6,13,3,3,'5',NULL,1,NULL,NULL,NULL),(68,NULL,2022,7,11,3,1,'6',NULL,1,NULL,NULL,NULL),(69,NULL,2022,7,12,3,2,'6',NULL,1,NULL,NULL,NULL),(70,NULL,2022,7,13,3,3,'6',NULL,1,NULL,NULL,NULL),(71,NULL,2022,8,9,3,1,'7',NULL,1,NULL,NULL,NULL),(72,NULL,2022,8,10,3,2,'7',NULL,1,NULL,NULL,NULL),(73,NULL,2022,8,11,3,3,'7',NULL,1,NULL,NULL,NULL),(74,NULL,2022,9,9,3,1,'8',NULL,1,NULL,NULL,NULL),(75,NULL,2022,9,12,3,2,'8',NULL,1,NULL,NULL,NULL),(76,NULL,2022,9,13,3,3,'8',NULL,1,NULL,NULL,NULL),(77,NULL,2022,10,11,3,1,'9',NULL,1,NULL,NULL,NULL),(78,NULL,2022,10,12,3,2,'9',NULL,1,NULL,NULL,NULL),(79,NULL,2022,10,13,3,3,'9',NULL,1,NULL,NULL,NULL);
INSERT INTO `vto_vencimiento` VALUES (80,NULL,2022,11,9,3,1,'10',NULL,1,NULL,NULL,NULL),(81,NULL,2022,11,10,3,2,'10',NULL,1,NULL,NULL,NULL),(82,NULL,2022,11,11,3,3,'10',NULL,1,NULL,NULL,NULL),(83,NULL,2022,12,12,3,1,'11',NULL,1,NULL,NULL,NULL),(84,NULL,2022,12,13,3,2,'11',NULL,1,NULL,NULL,NULL),(85,NULL,2022,12,14,3,3,'11',NULL,1,NULL,NULL,NULL),(86,NULL,2022,1,10,24,1,'12',NULL,1,NULL,NULL,NULL),(87,NULL,2022,1,11,24,2,'12',NULL,1,NULL,NULL,NULL),(88,NULL,2022,1,12,24,3,'12',NULL,1,NULL,NULL,NULL),(89,NULL,2022,2,9,24,1,'1',NULL,1,NULL,NULL,NULL),(90,NULL,2022,2,10,24,2,'1',NULL,1,NULL,NULL,NULL),(91,NULL,2022,2,11,24,3,'1',NULL,1,NULL,NULL,NULL),(92,NULL,2022,3,9,24,1,'2',NULL,1,NULL,NULL,NULL),(93,NULL,2022,3,10,24,2,'2',NULL,1,NULL,NULL,NULL),(94,NULL,2022,3,11,24,3,'2',NULL,1,NULL,NULL,NULL),(95,NULL,2022,4,11,24,1,'3',NULL,1,NULL,NULL,NULL),(96,NULL,2022,4,12,24,2,'3',NULL,1,NULL,NULL,NULL),(97,NULL,2022,4,13,24,3,'3',NULL,1,NULL,NULL,NULL),(98,NULL,2022,5,9,24,1,'4',NULL,1,NULL,NULL,NULL),(99,NULL,2022,5,10,24,2,'4',NULL,1,NULL,NULL,NULL),(100,NULL,2022,5,11,24,3,'4',NULL,1,NULL,NULL,NULL),(101,NULL,2022,6,9,24,1,'5',NULL,1,NULL,NULL,NULL),(102,NULL,2022,6,10,24,2,'5',NULL,1,NULL,NULL,NULL),(103,NULL,2022,6,13,24,3,'5',NULL,1,NULL,NULL,NULL),(104,NULL,2022,7,11,24,1,'6',NULL,1,NULL,NULL,NULL),(105,NULL,2022,7,12,24,2,'6',NULL,1,NULL,NULL,NULL),(106,NULL,2022,7,13,24,3,'6',NULL,1,NULL,NULL,NULL),(107,NULL,2022,8,9,24,1,'7',NULL,1,NULL,NULL,NULL),(108,NULL,2022,8,10,24,2,'7',NULL,1,NULL,NULL,NULL),(109,NULL,2022,8,11,24,3,'7',NULL,1,NULL,NULL,NULL),(110,NULL,2022,9,9,24,1,'8',NULL,1,NULL,NULL,NULL),(111,NULL,2022,9,12,24,2,'8',NULL,1,NULL,NULL,NULL),(112,NULL,2022,9,13,24,3,'8',NULL,1,NULL,NULL,NULL),(113,NULL,2022,10,11,24,1,'9',NULL,1,NULL,NULL,NULL),(114,NULL,2022,10,12,24,2,'9',NULL,1,NULL,NULL,NULL),(115,NULL,2022,10,13,24,3,'9',NULL,1,NULL,NULL,NULL),(116,NULL,2022,11,9,24,1,'10',NULL,1,NULL,NULL,NULL),(117,NULL,2022,11,10,24,2,'10',NULL,1,NULL,NULL,NULL),(118,NULL,2022,11,11,24,3,'10',NULL,1,NULL,NULL,NULL),(119,NULL,2022,12,12,24,1,'11',NULL,1,NULL,NULL,NULL),(120,NULL,2022,12,13,24,2,'11',NULL,1,NULL,NULL,NULL),(121,NULL,2022,12,14,24,3,'11',NULL,1,NULL,NULL,NULL),(122,NULL,2022,1,10,25,1,'12',NULL,1,NULL,NULL,NULL),(123,NULL,2022,1,11,25,2,'12',NULL,1,NULL,NULL,NULL),(124,NULL,2022,1,12,25,3,'12',NULL,1,NULL,NULL,NULL),(125,NULL,2022,2,9,25,1,'1',NULL,1,NULL,NULL,NULL),(126,NULL,2022,2,10,25,2,'1',NULL,1,NULL,NULL,NULL),(127,NULL,2022,2,11,25,3,'1',NULL,1,NULL,NULL,NULL),(128,NULL,2022,3,9,25,1,'2',NULL,1,NULL,NULL,NULL),(129,NULL,2022,3,10,25,2,'2',NULL,1,NULL,NULL,NULL),(130,NULL,2022,3,11,25,3,'2',NULL,1,NULL,NULL,NULL),(131,NULL,2022,4,11,25,1,'3',NULL,1,NULL,NULL,NULL),(132,NULL,2022,4,12,25,2,'3',NULL,1,NULL,NULL,NULL),(133,NULL,2022,4,13,25,3,'3',NULL,1,NULL,NULL,NULL),(134,NULL,2022,5,9,25,1,'4',NULL,1,NULL,NULL,NULL),(135,NULL,2022,5,10,25,2,'4',NULL,1,NULL,NULL,NULL),(136,NULL,2022,5,11,25,3,'4',NULL,1,NULL,NULL,NULL),(137,NULL,2022,6,9,25,1,'5',NULL,1,NULL,NULL,NULL),(138,NULL,2022,6,10,25,2,'5',NULL,1,NULL,NULL,NULL),(139,NULL,2022,6,13,25,3,'5',NULL,1,NULL,NULL,NULL),(140,NULL,2022,7,11,25,1,'6',NULL,1,NULL,NULL,NULL),(141,NULL,2022,7,12,25,2,'6',NULL,1,NULL,NULL,NULL),(142,NULL,2022,7,13,25,3,'6',NULL,1,NULL,NULL,NULL),(143,NULL,2022,8,9,25,1,'7',NULL,1,NULL,NULL,NULL),(144,NULL,2022,8,10,25,2,'7',NULL,1,NULL,NULL,NULL),(145,NULL,2022,8,11,25,3,'7',NULL,1,NULL,NULL,NULL),(146,NULL,2022,9,9,25,1,'8',NULL,1,NULL,NULL,NULL),(147,NULL,2022,9,12,25,2,'8',NULL,1,NULL,NULL,NULL),(148,NULL,2022,9,13,25,3,'8',NULL,1,NULL,NULL,NULL),(149,NULL,2022,10,11,25,1,'9',NULL,1,NULL,NULL,NULL),(150,NULL,2022,10,12,25,2,'9',NULL,1,NULL,NULL,NULL),(151,NULL,2022,10,13,25,3,'9',NULL,1,NULL,NULL,NULL),(152,NULL,2022,11,9,25,1,'10',NULL,1,NULL,NULL,NULL),(153,NULL,2022,11,10,25,2,'10',NULL,1,NULL,NULL,NULL),(154,NULL,2022,11,11,25,3,'10',NULL,1,NULL,NULL,NULL),(155,NULL,2022,12,12,25,1,'11',NULL,1,NULL,NULL,NULL);
INSERT INTO `vto_vencimiento` VALUES (156,NULL,2022,12,13,25,2,'11',NULL,1,NULL,NULL,NULL),(157,NULL,2022,12,14,25,3,'11',NULL,1,NULL,NULL,NULL),(158,NULL,2022,1,10,26,1,'12',NULL,1,NULL,NULL,NULL),(159,NULL,2022,1,11,26,2,'12',NULL,1,NULL,NULL,NULL),(160,NULL,2022,1,12,26,3,'12',NULL,1,NULL,NULL,NULL),(161,NULL,2022,2,9,26,1,'1',NULL,1,NULL,NULL,NULL),(162,NULL,2022,2,10,26,2,'1',NULL,1,NULL,NULL,NULL),(163,NULL,2022,2,11,26,3,'1',NULL,1,NULL,NULL,NULL),(164,NULL,2022,3,9,26,1,'2',NULL,1,NULL,NULL,NULL),(165,NULL,2022,3,10,26,2,'2',NULL,1,NULL,NULL,NULL),(166,NULL,2022,3,11,26,3,'2',NULL,1,NULL,NULL,NULL),(167,NULL,2022,4,11,26,1,'3',NULL,1,NULL,NULL,NULL),(168,NULL,2022,4,12,26,2,'3',NULL,1,NULL,NULL,NULL),(169,NULL,2022,4,13,26,3,'3',NULL,1,NULL,NULL,NULL),(170,NULL,2022,5,9,26,1,'4',NULL,1,NULL,NULL,NULL),(171,NULL,2022,5,10,26,2,'4',NULL,1,NULL,NULL,NULL),(172,NULL,2022,5,11,26,3,'4',NULL,1,NULL,NULL,NULL),(173,NULL,2022,6,9,26,1,'5',NULL,1,NULL,NULL,NULL),(174,NULL,2022,6,10,26,2,'5',NULL,1,NULL,NULL,NULL),(175,NULL,2022,6,13,26,3,'5',NULL,1,NULL,NULL,NULL),(176,NULL,2022,7,11,26,1,'6',NULL,1,NULL,NULL,NULL),(177,NULL,2022,7,12,26,2,'6',NULL,1,NULL,NULL,NULL),(178,NULL,2022,7,13,26,3,'6',NULL,1,NULL,NULL,NULL),(179,NULL,2022,8,9,26,1,'7',NULL,1,NULL,NULL,NULL),(180,NULL,2022,8,10,26,2,'7',NULL,1,NULL,NULL,NULL),(181,NULL,2022,8,11,26,3,'7',NULL,1,NULL,NULL,NULL),(182,NULL,2022,9,9,26,1,'8',NULL,1,NULL,NULL,NULL),(183,NULL,2022,9,12,26,2,'8',NULL,1,NULL,NULL,NULL),(184,NULL,2022,9,13,26,3,'8',NULL,1,NULL,NULL,NULL),(185,NULL,2022,10,11,26,1,'9',NULL,1,NULL,NULL,NULL),(186,NULL,2022,10,12,26,2,'9',NULL,1,NULL,NULL,NULL),(187,NULL,2022,10,13,26,3,'9',NULL,1,NULL,NULL,NULL),(188,NULL,2022,11,9,26,1,'10',NULL,1,NULL,NULL,NULL),(189,NULL,2022,11,10,26,2,'10',NULL,1,NULL,NULL,NULL),(190,NULL,2022,11,11,26,3,'10',NULL,1,NULL,NULL,NULL),(191,NULL,2022,12,12,26,1,'11',NULL,1,NULL,NULL,NULL),(192,NULL,2022,12,13,26,2,'11',NULL,1,NULL,NULL,NULL),(193,NULL,2022,12,14,26,3,'11',NULL,1,NULL,NULL,NULL),(194,NULL,2022,1,10,27,1,'12',NULL,1,NULL,NULL,NULL),(195,NULL,2022,1,11,27,2,'12',NULL,1,NULL,NULL,NULL),(196,NULL,2022,1,12,27,3,'12',NULL,1,NULL,NULL,NULL),(197,NULL,2022,2,9,27,1,'1',NULL,1,NULL,NULL,NULL),(198,NULL,2022,2,10,27,2,'1',NULL,1,NULL,NULL,NULL),(199,NULL,2022,2,11,27,3,'1',NULL,1,NULL,NULL,NULL),(200,NULL,2022,3,9,27,1,'2',NULL,1,NULL,NULL,NULL),(201,NULL,2022,3,10,27,2,'2',NULL,1,NULL,NULL,NULL),(202,NULL,2022,3,11,27,3,'2',NULL,1,NULL,NULL,NULL),(203,NULL,2022,4,11,27,1,'3',NULL,1,NULL,NULL,NULL),(204,NULL,2022,4,12,27,2,'3',NULL,1,NULL,NULL,NULL),(205,NULL,2022,4,13,27,3,'3',NULL,1,NULL,NULL,NULL),(206,NULL,2022,5,9,27,1,'4',NULL,1,NULL,NULL,NULL),(207,NULL,2022,5,10,27,2,'4',NULL,1,NULL,NULL,NULL),(208,NULL,2022,5,11,27,3,'4',NULL,1,NULL,NULL,NULL),(209,NULL,2022,6,9,27,1,'5',NULL,1,NULL,NULL,NULL),(210,NULL,2022,6,10,27,2,'5',NULL,1,NULL,NULL,NULL),(211,NULL,2022,6,13,27,3,'5',NULL,1,NULL,NULL,NULL),(212,NULL,2022,7,11,27,1,'6',NULL,1,NULL,NULL,NULL),(213,NULL,2022,7,12,27,2,'6',NULL,1,NULL,NULL,NULL),(214,NULL,2022,7,13,27,3,'6',NULL,1,NULL,NULL,NULL),(215,NULL,2022,8,9,27,1,'7',NULL,1,NULL,NULL,NULL),(216,NULL,2022,8,10,27,2,'7',NULL,1,NULL,NULL,NULL),(217,NULL,2022,8,11,27,3,'7',NULL,1,NULL,NULL,NULL),(218,NULL,2022,9,9,27,1,'8',NULL,1,NULL,NULL,NULL),(219,NULL,2022,9,12,27,2,'8',NULL,1,NULL,NULL,NULL),(220,NULL,2022,9,13,27,3,'8',NULL,1,NULL,NULL,NULL),(221,NULL,2022,10,11,27,1,'9',NULL,1,NULL,NULL,NULL),(222,NULL,2022,10,12,27,2,'9',NULL,1,NULL,NULL,NULL),(223,NULL,2022,10,13,27,3,'9',NULL,1,NULL,NULL,NULL),(224,NULL,2022,11,9,27,1,'10',NULL,1,NULL,NULL,NULL),(225,NULL,2022,11,10,27,2,'10',NULL,1,NULL,NULL,NULL),(226,NULL,2022,11,11,27,3,'10',NULL,1,NULL,NULL,NULL),(227,NULL,2022,12,12,27,1,'11',NULL,1,NULL,NULL,NULL),(228,NULL,2022,12,13,27,2,'11',NULL,1,NULL,NULL,NULL),(229,NULL,2022,12,14,27,3,'11',NULL,1,NULL,NULL,NULL),(230,NULL,2022,1,10,28,1,'12',NULL,1,NULL,NULL,NULL);
INSERT INTO `vto_vencimiento` VALUES (231,NULL,2022,1,11,28,2,'12',NULL,1,NULL,NULL,NULL),(232,NULL,2022,1,12,28,3,'12',NULL,1,NULL,NULL,NULL),(233,NULL,2022,2,9,28,1,'1',NULL,1,NULL,NULL,NULL),(234,NULL,2022,2,10,28,2,'1',NULL,1,NULL,NULL,NULL),(235,NULL,2022,2,11,28,3,'1',NULL,1,NULL,NULL,NULL),(236,NULL,2022,3,9,28,1,'2',NULL,1,NULL,NULL,NULL),(237,NULL,2022,3,10,28,2,'2',NULL,1,NULL,NULL,NULL),(238,NULL,2022,3,11,28,3,'2',NULL,1,NULL,NULL,NULL),(239,NULL,2022,4,11,28,1,'3',NULL,1,NULL,NULL,NULL),(240,NULL,2022,4,12,28,2,'3',NULL,1,NULL,NULL,NULL),(241,NULL,2022,4,13,28,3,'3',NULL,1,NULL,NULL,NULL),(242,NULL,2022,5,9,28,1,'4',NULL,1,NULL,NULL,NULL),(243,NULL,2022,5,10,28,2,'4',NULL,1,NULL,NULL,NULL),(244,NULL,2022,5,11,28,3,'4',NULL,1,NULL,NULL,NULL),(245,NULL,2022,6,9,28,1,'5',NULL,1,NULL,NULL,NULL),(246,NULL,2022,6,10,28,2,'5',NULL,1,NULL,NULL,NULL),(247,NULL,2022,6,13,28,3,'5',NULL,1,NULL,NULL,NULL),(248,NULL,2022,7,11,28,1,'6',NULL,1,NULL,NULL,NULL),(249,NULL,2022,7,12,28,2,'6',NULL,1,NULL,NULL,NULL),(250,NULL,2022,7,13,28,3,'6',NULL,1,NULL,NULL,NULL),(251,NULL,2022,8,9,28,1,'7',NULL,1,NULL,NULL,NULL),(252,NULL,2022,8,10,28,2,'7',NULL,1,NULL,NULL,NULL),(253,NULL,2022,8,11,28,3,'7',NULL,1,NULL,NULL,NULL),(254,NULL,2022,9,9,28,1,'8',NULL,1,NULL,NULL,NULL),(255,NULL,2022,9,12,28,2,'8',NULL,1,NULL,NULL,NULL),(256,NULL,2022,9,13,28,3,'8',NULL,1,NULL,NULL,NULL),(257,NULL,2022,10,11,28,1,'9',NULL,1,NULL,NULL,NULL),(258,NULL,2022,10,12,28,2,'9',NULL,1,NULL,NULL,NULL),(259,NULL,2022,10,13,28,3,'9',NULL,1,NULL,NULL,NULL),(260,NULL,2022,11,9,28,1,'10',NULL,1,NULL,NULL,NULL),(261,NULL,2022,11,10,28,2,'10',NULL,1,NULL,NULL,NULL),(262,NULL,2022,11,11,28,3,'10',NULL,1,NULL,NULL,NULL),(263,NULL,2022,12,12,28,1,'11',NULL,1,NULL,NULL,NULL),(264,NULL,2022,12,13,28,2,'11',NULL,1,NULL,NULL,NULL),(265,NULL,2022,12,14,28,3,'11',NULL,1,NULL,NULL,NULL),(266,NULL,2022,1,10,29,1,'12',NULL,1,NULL,NULL,NULL),(267,NULL,2022,1,11,29,2,'12',NULL,1,NULL,NULL,NULL),(268,NULL,2022,1,12,29,3,'12',NULL,1,NULL,NULL,NULL),(269,NULL,2022,2,9,29,1,'1',NULL,1,NULL,NULL,NULL),(270,NULL,2022,2,10,29,2,'1',NULL,1,NULL,NULL,NULL),(271,NULL,2022,2,11,29,3,'1',NULL,1,NULL,NULL,NULL),(272,NULL,2022,3,9,29,1,'2',NULL,1,NULL,NULL,NULL),(273,NULL,2022,3,10,29,2,'2',NULL,1,NULL,NULL,NULL),(274,NULL,2022,3,11,29,3,'2',NULL,1,NULL,NULL,NULL),(275,NULL,2022,4,11,29,1,'3',NULL,1,NULL,NULL,NULL),(276,NULL,2022,4,12,29,2,'3',NULL,1,NULL,NULL,NULL),(277,NULL,2022,4,13,29,3,'3',NULL,1,NULL,NULL,NULL),(278,NULL,2022,5,9,29,1,'4',NULL,1,NULL,NULL,NULL),(279,NULL,2022,5,10,29,2,'4',NULL,1,NULL,NULL,NULL),(280,NULL,2022,5,11,29,3,'4',NULL,1,NULL,NULL,NULL),(281,NULL,2022,6,9,29,1,'5',NULL,1,NULL,NULL,NULL),(282,NULL,2022,6,10,29,2,'5',NULL,1,NULL,NULL,NULL),(283,NULL,2022,6,13,29,3,'5',NULL,1,NULL,NULL,NULL),(284,NULL,2022,7,11,29,1,'6',NULL,1,NULL,NULL,NULL),(285,NULL,2022,7,12,29,2,'6',NULL,1,NULL,NULL,NULL),(286,NULL,2022,7,13,29,3,'6',NULL,1,NULL,NULL,NULL),(287,NULL,2022,8,9,29,1,'7',NULL,1,NULL,NULL,NULL),(288,NULL,2022,8,10,29,2,'7',NULL,1,NULL,NULL,NULL),(289,NULL,2022,8,11,29,3,'7',NULL,1,NULL,NULL,NULL),(290,NULL,2022,9,9,29,1,'8',NULL,1,NULL,NULL,NULL),(291,NULL,2022,9,12,29,2,'8',NULL,1,NULL,NULL,NULL),(292,NULL,2022,9,13,29,3,'8',NULL,1,NULL,NULL,NULL),(293,NULL,2022,10,11,29,1,'9',NULL,1,NULL,NULL,NULL),(294,NULL,2022,10,12,29,2,'9',NULL,1,NULL,NULL,NULL),(295,NULL,2022,10,13,29,3,'9',NULL,1,NULL,NULL,NULL),(296,NULL,2022,11,9,29,1,'10',NULL,1,NULL,NULL,NULL),(297,NULL,2022,11,10,29,2,'10',NULL,1,NULL,NULL,NULL),(298,NULL,2022,11,11,29,3,'10',NULL,1,NULL,NULL,NULL),(299,NULL,2022,12,12,29,1,'11',NULL,1,NULL,NULL,NULL),(300,NULL,2022,12,13,29,2,'11',NULL,1,NULL,NULL,NULL),(301,NULL,2022,12,14,29,3,'11',NULL,1,NULL,NULL,NULL),(302,NULL,2022,1,10,30,1,'12',NULL,1,NULL,NULL,NULL),(303,NULL,2022,1,11,30,2,'12',NULL,1,NULL,NULL,NULL),(304,NULL,2022,1,12,30,3,'12',NULL,1,NULL,NULL,NULL),(305,NULL,2022,2,9,30,1,'1',NULL,1,NULL,NULL,NULL),(306,NULL,2022,2,10,30,2,'1',NULL,1,NULL,NULL,NULL);
INSERT INTO `vto_vencimiento` VALUES (307,NULL,2022,2,11,30,3,'1',NULL,1,NULL,NULL,NULL),(308,NULL,2022,3,9,30,1,'2',NULL,1,NULL,NULL,NULL),(309,NULL,2022,3,10,30,2,'2',NULL,1,NULL,NULL,NULL),(310,NULL,2022,3,11,30,3,'2',NULL,1,NULL,NULL,NULL),(311,NULL,2022,4,11,30,1,'3',NULL,1,NULL,NULL,NULL),(312,NULL,2022,4,12,30,2,'3',NULL,1,NULL,NULL,NULL),(313,NULL,2022,4,13,30,3,'3',NULL,1,NULL,NULL,NULL),(314,NULL,2022,5,9,30,1,'4',NULL,1,NULL,NULL,NULL),(315,NULL,2022,5,10,30,2,'4',NULL,1,NULL,NULL,NULL),(316,NULL,2022,5,11,30,3,'4',NULL,1,NULL,NULL,NULL),(317,NULL,2022,6,9,30,1,'5',NULL,1,NULL,NULL,NULL),(318,NULL,2022,6,10,30,2,'5',NULL,1,NULL,NULL,NULL),(319,NULL,2022,6,13,30,3,'5',NULL,1,NULL,NULL,NULL),(320,NULL,2022,7,11,30,1,'6',NULL,1,NULL,NULL,NULL),(321,NULL,2022,7,12,30,2,'6',NULL,1,NULL,NULL,NULL),(322,NULL,2022,7,13,30,3,'6',NULL,1,NULL,NULL,NULL),(323,NULL,2022,8,9,30,1,'7',NULL,1,NULL,NULL,NULL),(324,NULL,2022,8,10,30,2,'7',NULL,1,NULL,NULL,NULL),(325,NULL,2022,8,11,30,3,'7',NULL,1,NULL,NULL,NULL),(326,NULL,2022,9,9,30,1,'8',NULL,1,NULL,NULL,NULL),(327,NULL,2022,9,12,30,2,'8',NULL,1,NULL,NULL,NULL),(328,NULL,2022,9,13,30,3,'8',NULL,1,NULL,NULL,NULL),(329,NULL,2022,10,11,30,1,'9',NULL,1,NULL,NULL,NULL),(330,NULL,2022,10,12,30,2,'9',NULL,1,NULL,NULL,NULL),(331,NULL,2022,10,13,30,3,'9',NULL,1,NULL,NULL,NULL),(332,NULL,2022,11,9,30,1,'10',NULL,1,NULL,NULL,NULL),(333,NULL,2022,11,10,30,2,'10',NULL,1,NULL,NULL,NULL),(334,NULL,2022,11,11,30,3,'10',NULL,1,NULL,NULL,NULL),(335,NULL,2022,12,12,30,1,'11',NULL,1,NULL,NULL,NULL),(336,NULL,2022,12,13,30,2,'11',NULL,1,NULL,NULL,NULL),(337,NULL,2022,12,14,30,3,'11',NULL,1,NULL,NULL,NULL),(338,NULL,2022,1,10,31,1,'12',NULL,1,NULL,NULL,NULL),(339,NULL,2022,1,11,31,2,'12',NULL,1,NULL,NULL,NULL),(340,NULL,2022,1,12,31,3,'12',NULL,1,NULL,NULL,NULL),(341,NULL,2022,2,9,31,1,'1',NULL,1,NULL,NULL,NULL),(342,NULL,2022,2,10,31,2,'1',NULL,1,NULL,NULL,NULL),(343,NULL,2022,2,11,31,3,'1',NULL,1,NULL,NULL,NULL),(344,NULL,2022,3,9,31,1,'2',NULL,1,NULL,NULL,NULL),(345,NULL,2022,3,10,31,2,'2',NULL,1,NULL,NULL,NULL),(346,NULL,2022,3,11,31,3,'2',NULL,1,NULL,NULL,NULL),(347,NULL,2022,4,11,31,1,'3',NULL,1,NULL,NULL,NULL),(348,NULL,2022,4,12,31,2,'3',NULL,1,NULL,NULL,NULL),(349,NULL,2022,4,13,31,3,'3',NULL,1,NULL,NULL,NULL),(350,NULL,2022,5,9,31,1,'4',NULL,1,NULL,NULL,NULL),(351,NULL,2022,5,10,31,2,'4',NULL,1,NULL,NULL,NULL),(352,NULL,2022,5,11,31,3,'4',NULL,1,NULL,NULL,NULL),(353,NULL,2022,6,9,31,1,'5',NULL,1,NULL,NULL,NULL),(354,NULL,2022,6,10,31,2,'5',NULL,1,NULL,NULL,NULL),(355,NULL,2022,6,13,31,3,'5',NULL,1,NULL,NULL,NULL),(356,NULL,2022,7,11,31,1,'6',NULL,1,NULL,NULL,NULL),(357,NULL,2022,7,12,31,2,'6',NULL,1,NULL,NULL,NULL),(358,NULL,2022,7,13,31,3,'6',NULL,1,NULL,NULL,NULL),(359,NULL,2022,8,9,31,1,'7',NULL,1,NULL,NULL,NULL),(360,NULL,2022,8,10,31,2,'7',NULL,1,NULL,NULL,NULL),(361,NULL,2022,8,11,31,3,'7',NULL,1,NULL,NULL,NULL),(362,NULL,2022,9,9,31,1,'8',NULL,1,NULL,NULL,NULL),(363,NULL,2022,9,12,31,2,'8',NULL,1,NULL,NULL,NULL),(364,NULL,2022,9,13,31,3,'8',NULL,1,NULL,NULL,NULL),(365,NULL,2022,10,11,31,1,'9',NULL,1,NULL,NULL,NULL),(366,NULL,2022,10,12,31,2,'9',NULL,1,NULL,NULL,NULL),(367,NULL,2022,10,13,31,3,'9',NULL,1,NULL,NULL,NULL),(368,NULL,2022,11,9,31,1,'10',NULL,1,NULL,NULL,NULL),(369,NULL,2022,11,10,31,2,'10',NULL,1,NULL,NULL,NULL),(370,NULL,2022,11,11,31,3,'10',NULL,1,NULL,NULL,NULL),(371,NULL,2022,12,12,31,1,'11',NULL,1,NULL,NULL,NULL),(372,NULL,2022,12,13,31,2,'11',NULL,1,NULL,NULL,NULL),(373,NULL,2022,12,14,31,3,'11',NULL,1,NULL,NULL,NULL),(374,NULL,2022,1,10,32,1,'12',NULL,1,NULL,NULL,NULL),(375,NULL,2022,1,11,32,2,'12',NULL,1,NULL,NULL,NULL),(376,NULL,2022,1,12,32,3,'12',NULL,1,NULL,NULL,NULL),(377,NULL,2022,2,9,32,1,'1',NULL,1,NULL,NULL,NULL),(378,NULL,2022,2,10,32,2,'1',NULL,1,NULL,NULL,NULL),(379,NULL,2022,2,11,32,3,'1',NULL,1,NULL,NULL,NULL),(380,NULL,2022,3,9,32,1,'2',NULL,1,NULL,NULL,NULL),(381,NULL,2022,3,10,32,2,'2',NULL,1,NULL,NULL,NULL),(382,NULL,2022,3,11,32,3,'2',NULL,1,NULL,NULL,NULL);
INSERT INTO `vto_vencimiento` VALUES (383,NULL,2022,4,11,32,1,'3',NULL,1,NULL,NULL,NULL),(384,NULL,2022,4,12,32,2,'3',NULL,1,NULL,NULL,NULL),(385,NULL,2022,4,13,32,3,'3',NULL,1,NULL,NULL,NULL),(386,NULL,2022,5,9,32,1,'4',NULL,1,NULL,NULL,NULL),(387,NULL,2022,5,10,32,2,'4',NULL,1,NULL,NULL,NULL),(388,NULL,2022,5,11,32,3,'4',NULL,1,NULL,NULL,NULL),(389,NULL,2022,6,9,32,1,'5',NULL,1,NULL,NULL,NULL),(390,NULL,2022,6,10,32,2,'5',NULL,1,NULL,NULL,NULL),(391,NULL,2022,6,13,32,3,'5',NULL,1,NULL,NULL,NULL),(392,NULL,2022,7,11,32,1,'6',NULL,1,NULL,NULL,NULL),(393,NULL,2022,7,12,32,2,'6',NULL,1,NULL,NULL,NULL),(394,NULL,2022,7,13,32,3,'6',NULL,1,NULL,NULL,NULL),(395,NULL,2022,8,9,32,1,'7',NULL,1,NULL,NULL,NULL),(396,NULL,2022,8,10,32,2,'7',NULL,1,NULL,NULL,NULL),(397,NULL,2022,8,11,32,3,'7',NULL,1,NULL,NULL,NULL),(398,NULL,2022,9,9,32,1,'8',NULL,1,NULL,NULL,NULL),(399,NULL,2022,9,12,32,2,'8',NULL,1,NULL,NULL,NULL),(400,NULL,2022,9,13,32,3,'8',NULL,1,NULL,NULL,NULL),(401,NULL,2022,10,11,32,1,'9',NULL,1,NULL,NULL,NULL),(402,NULL,2022,10,12,32,2,'9',NULL,1,NULL,NULL,NULL),(403,NULL,2022,10,13,32,3,'9',NULL,1,NULL,NULL,NULL),(404,NULL,2022,11,9,32,1,'10',NULL,1,NULL,NULL,NULL),(405,NULL,2022,11,10,32,2,'10',NULL,1,NULL,NULL,NULL),(406,NULL,2022,11,11,32,3,'10',NULL,1,NULL,NULL,NULL),(407,NULL,2022,12,12,32,1,'11',NULL,1,NULL,NULL,NULL),(408,NULL,2022,12,13,32,2,'11',NULL,1,NULL,NULL,NULL),(409,NULL,2022,12,14,32,3,'11',NULL,1,NULL,NULL,NULL),(410,NULL,2022,1,10,33,1,'12',NULL,1,NULL,NULL,NULL),(411,NULL,2022,1,11,33,2,'12',NULL,1,NULL,NULL,NULL),(412,NULL,2022,1,12,33,3,'12',NULL,1,NULL,NULL,NULL),(413,NULL,2022,2,9,33,1,'1',NULL,1,NULL,NULL,NULL),(414,NULL,2022,2,10,33,2,'1',NULL,1,NULL,NULL,NULL),(415,NULL,2022,2,11,33,3,'1',NULL,1,NULL,NULL,NULL),(416,NULL,2022,3,9,33,1,'2',NULL,1,NULL,NULL,NULL),(417,NULL,2022,3,10,33,2,'2',NULL,1,NULL,NULL,NULL),(418,NULL,2022,3,11,33,3,'2',NULL,1,NULL,NULL,NULL),(419,NULL,2022,4,11,33,1,'3',NULL,1,NULL,NULL,NULL),(420,NULL,2022,4,12,33,2,'3',NULL,1,NULL,NULL,NULL),(421,NULL,2022,4,13,33,3,'3',NULL,1,NULL,NULL,NULL),(422,NULL,2022,5,9,33,1,'4',NULL,1,NULL,NULL,NULL),(423,NULL,2022,5,10,33,2,'4',NULL,1,NULL,NULL,NULL),(424,NULL,2022,5,11,33,3,'4',NULL,1,NULL,NULL,NULL),(425,NULL,2022,6,9,33,1,'5',NULL,1,NULL,NULL,NULL),(426,NULL,2022,6,10,33,2,'5',NULL,1,NULL,NULL,NULL),(427,NULL,2022,6,13,33,3,'5',NULL,1,NULL,NULL,NULL),(428,NULL,2022,7,11,33,1,'6',NULL,1,NULL,NULL,NULL),(429,NULL,2022,7,12,33,2,'6',NULL,1,NULL,NULL,NULL),(430,NULL,2022,7,13,33,3,'6',NULL,1,NULL,NULL,NULL),(431,NULL,2022,8,9,33,1,'7',NULL,1,NULL,NULL,NULL),(432,NULL,2022,8,10,33,2,'7',NULL,1,NULL,NULL,NULL),(433,NULL,2022,8,11,33,3,'7',NULL,1,NULL,NULL,NULL),(434,NULL,2022,9,9,33,1,'8',NULL,1,NULL,NULL,NULL),(435,NULL,2022,9,12,33,2,'8',NULL,1,NULL,NULL,NULL),(436,NULL,2022,9,13,33,3,'8',NULL,1,NULL,NULL,NULL),(437,NULL,2022,10,11,33,1,'9',NULL,1,NULL,NULL,NULL),(438,NULL,2022,10,12,33,2,'9',NULL,1,NULL,NULL,NULL),(439,NULL,2022,10,13,33,3,'9',NULL,1,NULL,NULL,NULL),(440,NULL,2022,11,9,33,1,'10',NULL,1,NULL,NULL,NULL),(441,NULL,2022,11,10,33,2,'10',NULL,1,NULL,NULL,NULL),(442,NULL,2022,11,11,33,3,'10',NULL,1,NULL,NULL,NULL),(443,NULL,2022,12,12,33,1,'11',NULL,1,NULL,NULL,NULL),(444,NULL,2022,12,13,33,2,'11',NULL,1,NULL,NULL,NULL),(445,NULL,2022,12,14,33,3,'11',NULL,1,NULL,NULL,NULL),(446,NULL,2022,1,10,34,1,'12',NULL,1,NULL,NULL,NULL),(447,NULL,2022,1,11,34,2,'12',NULL,1,NULL,NULL,NULL),(448,NULL,2022,1,12,34,3,'12',NULL,1,NULL,NULL,NULL),(449,NULL,2022,2,9,34,1,'1',NULL,1,NULL,NULL,NULL),(450,NULL,2022,2,10,34,2,'1',NULL,1,NULL,NULL,NULL),(451,NULL,2022,2,11,34,3,'1',NULL,1,NULL,NULL,NULL),(452,NULL,2022,3,9,34,1,'2',NULL,1,NULL,NULL,NULL),(453,NULL,2022,3,10,34,2,'2',NULL,1,NULL,NULL,NULL),(454,NULL,2022,3,11,34,3,'2',NULL,1,NULL,NULL,NULL),(455,NULL,2022,4,11,34,1,'3',NULL,1,NULL,NULL,NULL),(456,NULL,2022,4,12,34,2,'3',NULL,1,NULL,NULL,NULL),(457,NULL,2022,4,13,34,3,'3',NULL,1,NULL,NULL,NULL),(458,NULL,2022,5,9,34,1,'4',NULL,1,NULL,NULL,NULL);
INSERT INTO `vto_vencimiento` VALUES (459,NULL,2022,5,10,34,2,'4',NULL,1,NULL,NULL,NULL),(460,NULL,2022,5,11,34,3,'4',NULL,1,NULL,NULL,NULL),(461,NULL,2022,6,9,34,1,'5',NULL,1,NULL,NULL,NULL),(462,NULL,2022,6,10,34,2,'5',NULL,1,NULL,NULL,NULL),(463,NULL,2022,6,13,34,3,'5',NULL,1,NULL,NULL,NULL),(464,NULL,2022,7,11,34,1,'6',NULL,1,NULL,NULL,NULL),(465,NULL,2022,7,12,34,2,'6',NULL,1,NULL,NULL,NULL),(466,NULL,2022,7,13,34,3,'6',NULL,1,NULL,NULL,NULL),(467,NULL,2022,8,9,34,1,'7',NULL,1,NULL,NULL,NULL),(468,NULL,2022,8,10,34,2,'7',NULL,1,NULL,NULL,NULL),(469,NULL,2022,8,11,34,3,'7',NULL,1,NULL,NULL,NULL),(470,NULL,2022,9,9,34,1,'8',NULL,1,NULL,NULL,NULL),(471,NULL,2022,9,12,34,2,'8',NULL,1,NULL,NULL,NULL),(472,NULL,2022,9,13,34,3,'8',NULL,1,NULL,NULL,NULL),(473,NULL,2022,10,11,34,1,'9',NULL,1,NULL,NULL,NULL),(474,NULL,2022,10,12,34,2,'9',NULL,1,NULL,NULL,NULL),(475,NULL,2022,10,13,34,3,'9',NULL,1,NULL,NULL,NULL),(476,NULL,2022,11,9,34,1,'10',NULL,1,NULL,NULL,NULL),(477,NULL,2022,11,10,34,2,'10',NULL,1,NULL,NULL,NULL),(478,NULL,2022,11,11,34,3,'10',NULL,1,NULL,NULL,NULL),(479,NULL,2022,12,12,34,1,'11',NULL,1,NULL,NULL,NULL),(480,NULL,2022,12,13,34,2,'11',NULL,1,NULL,NULL,NULL),(481,NULL,2022,12,14,34,3,'11',NULL,1,NULL,NULL,NULL),(482,NULL,2022,1,10,35,1,'12',NULL,1,NULL,NULL,NULL),(483,NULL,2022,1,11,35,2,'12',NULL,1,NULL,NULL,NULL),(484,NULL,2022,1,12,35,3,'12',NULL,1,NULL,NULL,NULL),(485,NULL,2022,2,9,35,1,'1',NULL,1,NULL,NULL,NULL),(486,NULL,2022,2,10,35,2,'1',NULL,1,NULL,NULL,NULL),(487,NULL,2022,2,11,35,3,'1',NULL,1,NULL,NULL,NULL),(488,NULL,2022,3,9,35,1,'2',NULL,1,NULL,NULL,NULL),(489,NULL,2022,3,10,35,2,'2',NULL,1,NULL,NULL,NULL),(490,NULL,2022,3,11,35,3,'2',NULL,1,NULL,NULL,NULL),(491,NULL,2022,4,11,35,1,'3',NULL,1,NULL,NULL,NULL),(492,NULL,2022,4,12,35,2,'3',NULL,1,NULL,NULL,NULL),(493,NULL,2022,4,13,35,3,'3',NULL,1,NULL,NULL,NULL),(494,NULL,2022,5,9,35,1,'4',NULL,1,NULL,NULL,NULL),(495,NULL,2022,5,10,35,2,'4',NULL,1,NULL,NULL,NULL),(496,NULL,2022,5,11,35,3,'4',NULL,1,NULL,NULL,NULL),(497,NULL,2022,6,9,35,1,'5',NULL,1,NULL,NULL,NULL),(498,NULL,2022,6,10,35,2,'5',NULL,1,NULL,NULL,NULL),(499,NULL,2022,6,13,35,3,'5',NULL,1,NULL,NULL,NULL),(500,NULL,2022,7,11,35,1,'6',NULL,1,NULL,NULL,NULL),(501,NULL,2022,7,12,35,2,'6',NULL,1,NULL,NULL,NULL),(502,NULL,2022,7,13,35,3,'6',NULL,1,NULL,NULL,NULL),(503,NULL,2022,8,9,35,1,'7',NULL,1,NULL,NULL,NULL),(504,NULL,2022,8,10,35,2,'7',NULL,1,NULL,NULL,NULL),(505,NULL,2022,8,11,35,3,'7',NULL,1,NULL,NULL,NULL),(506,NULL,2022,9,9,35,1,'8',NULL,1,NULL,NULL,NULL),(507,NULL,2022,9,12,35,2,'8',NULL,1,NULL,NULL,NULL),(508,NULL,2022,9,13,35,3,'8',NULL,1,NULL,NULL,NULL),(509,NULL,2022,10,11,35,1,'9',NULL,1,NULL,NULL,NULL),(510,NULL,2022,10,12,35,2,'9',NULL,1,NULL,NULL,NULL),(511,NULL,2022,10,13,35,3,'9',NULL,1,NULL,NULL,NULL),(512,NULL,2022,11,9,35,1,'10',NULL,1,NULL,NULL,NULL),(513,NULL,2022,11,10,35,2,'10',NULL,1,NULL,NULL,NULL),(514,NULL,2022,11,11,35,3,'10',NULL,1,NULL,NULL,NULL),(515,NULL,2022,12,12,35,1,'11',NULL,1,NULL,NULL,NULL),(516,NULL,2022,12,13,35,2,'11',NULL,1,NULL,NULL,NULL),(517,NULL,2022,12,14,35,3,'11',NULL,1,NULL,NULL,NULL),(518,NULL,2022,1,10,36,1,'12',NULL,1,NULL,NULL,NULL),(519,NULL,2022,1,11,36,2,'12',NULL,1,NULL,NULL,NULL),(520,NULL,2022,1,12,36,3,'12',NULL,1,NULL,NULL,NULL),(521,NULL,2022,2,9,36,1,'1',NULL,1,NULL,NULL,NULL),(522,NULL,2022,2,10,36,2,'1',NULL,1,NULL,NULL,NULL),(523,NULL,2022,2,11,36,3,'1',NULL,1,NULL,NULL,NULL),(524,NULL,2022,3,9,36,1,'2',NULL,1,NULL,NULL,NULL),(525,NULL,2022,3,10,36,2,'2',NULL,1,NULL,NULL,NULL),(526,NULL,2022,3,11,36,3,'2',NULL,1,NULL,NULL,NULL),(527,NULL,2022,4,11,36,1,'3',NULL,1,NULL,NULL,NULL),(528,NULL,2022,4,12,36,2,'3',NULL,1,NULL,NULL,NULL),(529,NULL,2022,4,13,36,3,'3',NULL,1,NULL,NULL,NULL),(530,NULL,2022,5,9,36,1,'4',NULL,1,NULL,NULL,NULL),(531,NULL,2022,5,10,36,2,'4',NULL,1,NULL,NULL,NULL),(532,NULL,2022,5,11,36,3,'4',NULL,1,NULL,NULL,NULL),(533,NULL,2022,6,9,36,1,'5',NULL,1,NULL,NULL,NULL),(534,NULL,2022,6,10,36,2,'5',NULL,1,NULL,NULL,NULL);
INSERT INTO `vto_vencimiento` VALUES (535,NULL,2022,6,13,36,3,'5',NULL,1,NULL,NULL,NULL),(536,NULL,2022,7,11,36,1,'6',NULL,1,NULL,NULL,NULL),(537,NULL,2022,7,12,36,2,'6',NULL,1,NULL,NULL,NULL),(538,NULL,2022,7,13,36,3,'6',NULL,1,NULL,NULL,NULL),(539,NULL,2022,8,9,36,1,'7',NULL,1,NULL,NULL,NULL),(540,NULL,2022,8,10,36,2,'7',NULL,1,NULL,NULL,NULL),(541,NULL,2022,8,11,36,3,'7',NULL,1,NULL,NULL,NULL),(542,NULL,2022,9,9,36,1,'8',NULL,1,NULL,NULL,NULL),(543,NULL,2022,9,12,36,2,'8',NULL,1,NULL,NULL,NULL),(544,NULL,2022,9,13,36,3,'8',NULL,1,NULL,NULL,NULL),(545,NULL,2022,10,11,36,1,'9',NULL,1,NULL,NULL,NULL),(546,NULL,2022,10,12,36,2,'9',NULL,1,NULL,NULL,NULL),(547,NULL,2022,10,13,36,3,'9',NULL,1,NULL,NULL,NULL),(548,NULL,2022,11,9,36,1,'10',NULL,1,NULL,NULL,NULL),(549,NULL,2022,11,10,36,2,'10',NULL,1,NULL,NULL,NULL),(550,NULL,2022,11,11,36,3,'10',NULL,1,NULL,NULL,NULL),(551,NULL,2022,12,12,36,1,'11',NULL,1,NULL,NULL,NULL),(552,NULL,2022,12,13,36,2,'11',NULL,1,NULL,NULL,NULL),(553,NULL,2022,12,14,36,3,'11',NULL,1,NULL,NULL,NULL),(554,NULL,2022,1,10,37,1,'12',NULL,1,NULL,NULL,NULL),(555,NULL,2022,1,11,37,2,'12',NULL,1,NULL,NULL,NULL),(556,NULL,2022,1,12,37,3,'12',NULL,1,NULL,NULL,NULL),(557,NULL,2022,2,9,37,1,'1',NULL,1,NULL,NULL,NULL),(558,NULL,2022,2,10,37,2,'1',NULL,1,NULL,NULL,NULL),(559,NULL,2022,2,11,37,3,'1',NULL,1,NULL,NULL,NULL),(560,NULL,2022,3,9,37,1,'2',NULL,1,NULL,NULL,NULL),(561,NULL,2022,3,10,37,2,'2',NULL,1,NULL,NULL,NULL),(562,NULL,2022,3,11,37,3,'2',NULL,1,NULL,NULL,NULL),(563,NULL,2022,4,11,37,1,'3',NULL,1,NULL,NULL,NULL),(564,NULL,2022,4,12,37,2,'3',NULL,1,NULL,NULL,NULL),(565,NULL,2022,4,13,37,3,'3',NULL,1,NULL,NULL,NULL),(566,NULL,2022,5,9,37,1,'4',NULL,1,NULL,NULL,NULL),(567,NULL,2022,5,10,37,2,'4',NULL,1,NULL,NULL,NULL),(568,NULL,2022,5,11,37,3,'4',NULL,1,NULL,NULL,NULL),(569,NULL,2022,6,9,37,1,'5',NULL,1,NULL,NULL,NULL),(570,NULL,2022,6,10,37,2,'5',NULL,1,NULL,NULL,NULL),(571,NULL,2022,6,13,37,3,'5',NULL,1,NULL,NULL,NULL),(572,NULL,2022,7,11,37,1,'6',NULL,1,NULL,NULL,NULL),(573,NULL,2022,7,12,37,2,'6',NULL,1,NULL,NULL,NULL),(574,NULL,2022,7,13,37,3,'6',NULL,1,NULL,NULL,NULL),(575,NULL,2022,8,9,37,1,'7',NULL,1,NULL,NULL,NULL),(576,NULL,2022,8,10,37,2,'7',NULL,1,NULL,NULL,NULL),(577,NULL,2022,8,11,37,3,'7',NULL,1,NULL,NULL,NULL),(578,NULL,2022,9,9,37,1,'8',NULL,1,NULL,NULL,NULL),(579,NULL,2022,9,12,37,2,'8',NULL,1,NULL,NULL,NULL),(580,NULL,2022,9,13,37,3,'8',NULL,1,NULL,NULL,NULL),(581,NULL,2022,10,11,37,1,'9',NULL,1,NULL,NULL,NULL),(582,NULL,2022,10,12,37,2,'9',NULL,1,NULL,NULL,NULL),(583,NULL,2022,10,13,37,3,'9',NULL,1,NULL,NULL,NULL),(584,NULL,2022,11,9,37,1,'10',NULL,1,NULL,NULL,NULL),(585,NULL,2022,11,10,37,2,'10',NULL,1,NULL,NULL,NULL),(586,NULL,2022,11,11,37,3,'10',NULL,1,NULL,NULL,NULL),(587,NULL,2022,12,12,37,1,'11',NULL,1,NULL,NULL,NULL),(588,NULL,2022,12,13,37,2,'11',NULL,1,NULL,NULL,NULL),(589,NULL,2022,12,14,37,3,'11',NULL,1,NULL,NULL,NULL),(590,NULL,2022,1,13,4,1,'Año 2021',NULL,1,NULL,NULL,NULL),(591,NULL,2022,1,14,4,2,'Año 2021',NULL,1,NULL,NULL,NULL),(592,NULL,2022,1,17,4,3,'Año 2021',NULL,1,NULL,NULL,NULL),(593,NULL,2022,2,14,4,1,'Año 2021',NULL,1,NULL,NULL,NULL),(594,NULL,2022,2,15,4,2,'Año 2021',NULL,1,NULL,NULL,NULL),(595,NULL,2022,2,16,4,3,'Año 2021',NULL,1,NULL,NULL,NULL),(596,NULL,2022,3,14,4,1,'Año 2021',NULL,1,NULL,NULL,NULL),(597,NULL,2022,3,15,4,2,'Año 2021',NULL,1,NULL,NULL,NULL),(598,NULL,2022,3,16,4,3,'Año 2021',NULL,1,NULL,NULL,NULL),(599,NULL,2022,4,13,4,1,'Año 2021',NULL,1,NULL,NULL,NULL),(600,NULL,2022,4,18,4,2,'Año 2021',NULL,1,NULL,NULL,NULL),(601,NULL,2022,4,19,4,3,'Año 2021',NULL,1,NULL,NULL,NULL),(602,NULL,2022,5,13,4,1,'Año 2022',NULL,1,NULL,NULL,NULL),(603,NULL,2022,5,16,4,2,'Año 2022',NULL,1,NULL,NULL,NULL),(604,NULL,2022,5,17,4,3,'Año 2022',NULL,1,NULL,NULL,NULL),(605,NULL,2022,6,13,4,1,'Año 2022',NULL,1,NULL,NULL,NULL),(606,NULL,2022,6,14,4,2,'Año 2022',NULL,1,NULL,NULL,NULL),(607,NULL,2022,6,15,4,3,'Año 2022',NULL,1,NULL,NULL,NULL);
INSERT INTO `vto_vencimiento` VALUES (608,NULL,2022,7,13,4,1,'Año 2022',NULL,1,NULL,NULL,NULL),(609,NULL,2022,7,14,4,2,'Año 2022',NULL,1,NULL,NULL,NULL),(610,NULL,2022,7,15,4,3,'Año 2022',NULL,1,NULL,NULL,NULL),(611,NULL,2022,8,16,4,1,'Año 2022',NULL,1,NULL,NULL,NULL),(612,NULL,2022,8,17,4,2,'Año 2022',NULL,1,NULL,NULL,NULL),(613,NULL,2022,8,18,4,3,'Año 2022',NULL,1,NULL,NULL,NULL),(614,NULL,2022,9,13,4,1,'Año 2022',NULL,1,NULL,NULL,NULL),(615,NULL,2022,9,14,4,2,'Año 2022',NULL,1,NULL,NULL,NULL),(616,NULL,2022,9,15,4,3,'Año 2022',NULL,1,NULL,NULL,NULL),(617,NULL,2022,10,13,4,1,'Año 2022',NULL,1,NULL,NULL,NULL),(618,NULL,2022,10,14,4,2,'Año 2022',NULL,1,NULL,NULL,NULL),(619,NULL,2022,10,17,4,3,'Año 2022',NULL,1,NULL,NULL,NULL),(620,NULL,2022,11,14,4,1,'Año 2022',NULL,1,NULL,NULL,NULL),(621,NULL,2022,11,15,4,2,'Año 2022',NULL,1,NULL,NULL,NULL),(622,NULL,2022,11,16,4,3,'Año 2022',NULL,1,NULL,NULL,NULL),(623,NULL,2022,12,13,4,1,'Año 2022',NULL,1,NULL,NULL,NULL),(624,NULL,2022,12,14,4,2,'Año 2022',NULL,1,NULL,NULL,NULL),(625,NULL,2022,12,15,4,3,'Año 2022',NULL,1,NULL,NULL,NULL),(626,NULL,2022,1,13,16,1,'',NULL,1,NULL,NULL,NULL),(627,NULL,2022,1,14,16,2,'',NULL,1,NULL,NULL,NULL),(628,NULL,2022,1,17,16,3,'',NULL,1,NULL,NULL,NULL),(629,NULL,2022,2,14,16,1,'',NULL,1,NULL,NULL,NULL),(630,NULL,2022,2,15,16,2,'',NULL,1,NULL,NULL,NULL),(631,NULL,2022,2,16,16,3,'',NULL,1,NULL,NULL,NULL),(632,NULL,2022,3,14,16,1,'',NULL,1,NULL,NULL,NULL),(633,NULL,2022,3,15,16,2,'',NULL,1,NULL,NULL,NULL),(634,NULL,2022,3,16,16,3,'',NULL,1,NULL,NULL,NULL),(635,NULL,2022,4,13,16,1,'',NULL,1,NULL,NULL,NULL),(636,NULL,2022,4,18,16,2,'',NULL,1,NULL,NULL,NULL),(637,NULL,2022,4,19,16,3,'',NULL,1,NULL,NULL,NULL),(638,NULL,2022,5,13,16,1,'',NULL,1,NULL,NULL,NULL),(639,NULL,2022,5,16,16,2,'',NULL,1,NULL,NULL,NULL),(640,NULL,2022,5,17,16,3,'',NULL,1,NULL,NULL,NULL),(641,NULL,2022,6,13,16,1,'',NULL,1,NULL,NULL,NULL),(642,NULL,2022,6,14,16,2,'',NULL,1,NULL,NULL,NULL),(643,NULL,2022,6,15,16,3,'',NULL,1,NULL,NULL,NULL),(644,NULL,2022,7,13,16,1,'',NULL,1,NULL,NULL,NULL),(645,NULL,2022,7,14,16,2,'',NULL,1,NULL,NULL,NULL),(646,NULL,2022,7,15,16,3,'',NULL,1,NULL,NULL,NULL),(647,NULL,2022,8,16,16,1,'',NULL,1,NULL,NULL,NULL),(648,NULL,2022,8,17,16,2,'',NULL,1,NULL,NULL,NULL),(649,NULL,2022,8,18,16,3,'',NULL,1,NULL,NULL,NULL),(650,NULL,2022,9,13,16,1,'',NULL,1,NULL,NULL,NULL),(651,NULL,2022,9,14,16,2,'',NULL,1,NULL,NULL,NULL),(652,NULL,2022,9,15,16,3,'',NULL,1,NULL,NULL,NULL),(653,NULL,2022,10,13,16,1,'',NULL,1,NULL,NULL,NULL),(654,NULL,2022,10,14,16,2,'',NULL,1,NULL,NULL,NULL),(655,NULL,2022,10,17,16,3,'',NULL,1,NULL,NULL,NULL),(656,NULL,2022,11,14,16,1,'',NULL,1,NULL,NULL,NULL),(657,NULL,2022,11,15,16,2,'',NULL,1,NULL,NULL,NULL),(658,NULL,2022,11,16,16,3,'',NULL,1,NULL,NULL,NULL),(659,NULL,2022,12,13,16,1,'',NULL,1,NULL,NULL,NULL),(660,NULL,2022,12,14,16,2,'',NULL,1,NULL,NULL,NULL),(661,NULL,2022,12,15,16,3,'',NULL,1,NULL,NULL,NULL),(662,NULL,1999,1,0,5,1,'',NULL,1,NULL,NULL,NULL),(663,NULL,1999,1,0,5,2,'',NULL,1,NULL,NULL,NULL),(664,NULL,1999,1,0,5,3,'',NULL,1,NULL,NULL,NULL),(665,NULL,1999,2,0,5,1,'',NULL,1,NULL,NULL,NULL),(666,NULL,1999,2,0,5,2,'',NULL,1,NULL,NULL,NULL),(667,NULL,1999,2,0,5,3,'',NULL,1,NULL,NULL,NULL),(668,NULL,1999,3,0,5,1,'',NULL,1,NULL,NULL,NULL),(669,NULL,1999,3,0,5,2,'',NULL,1,NULL,NULL,NULL),(670,NULL,1999,3,0,5,3,'',NULL,1,NULL,NULL,NULL),(671,NULL,1999,4,0,5,1,'',NULL,1,NULL,NULL,NULL),(672,NULL,1999,4,0,5,2,'',NULL,1,NULL,NULL,NULL),(673,NULL,1999,4,0,5,3,'',NULL,1,NULL,NULL,NULL),(674,NULL,1999,5,0,5,1,'',NULL,1,NULL,NULL,NULL),(675,NULL,1999,5,0,5,2,'',NULL,1,NULL,NULL,NULL),(676,NULL,1999,5,0,5,3,'',NULL,1,NULL,NULL,NULL),(677,NULL,1999,6,0,5,1,'',NULL,1,NULL,NULL,NULL),(678,NULL,1999,6,0,5,2,'',NULL,1,NULL,NULL,NULL),(679,NULL,1999,6,0,5,3,'',NULL,1,NULL,NULL,NULL),(680,NULL,1999,7,0,5,1,'',NULL,1,NULL,NULL,NULL),(681,NULL,1999,7,0,5,2,'',NULL,1,NULL,NULL,NULL),(682,NULL,1999,7,0,5,3,'',NULL,1,NULL,NULL,NULL);
INSERT INTO `vto_vencimiento` VALUES (683,NULL,1999,8,0,5,1,'',NULL,1,NULL,NULL,NULL),(684,NULL,1999,8,0,5,2,'',NULL,1,NULL,NULL,NULL),(685,NULL,1999,8,0,5,3,'',NULL,1,NULL,NULL,NULL),(686,NULL,1999,9,0,5,1,'',NULL,1,NULL,NULL,NULL),(687,NULL,1999,9,0,5,2,'',NULL,1,NULL,NULL,NULL),(688,NULL,1999,9,0,5,3,'',NULL,1,NULL,NULL,NULL),(689,NULL,1999,10,0,5,1,'',NULL,1,NULL,NULL,NULL),(690,NULL,1999,10,0,5,2,'',NULL,1,NULL,NULL,NULL),(691,NULL,1999,10,0,5,3,'',NULL,1,NULL,NULL,NULL),(692,NULL,1999,11,0,5,1,'',NULL,1,NULL,NULL,NULL),(693,NULL,1999,11,0,5,2,'',NULL,1,NULL,NULL,NULL),(694,NULL,1999,11,0,5,3,'',NULL,1,NULL,NULL,NULL),(695,NULL,1999,12,0,5,1,'',NULL,1,NULL,NULL,NULL),(696,NULL,1999,12,0,5,2,'',NULL,1,NULL,NULL,NULL),(697,NULL,1999,12,0,5,3,'',NULL,1,NULL,NULL,NULL),(698,NULL,2022,1,17,6,5,'12',NULL,1,NULL,NULL,NULL),(699,NULL,2022,1,18,6,6,'12',NULL,1,NULL,NULL,NULL),(700,NULL,2022,1,19,6,7,'12',NULL,1,NULL,NULL,NULL),(701,NULL,2022,1,20,6,8,'12',NULL,1,NULL,NULL,NULL),(702,NULL,2022,2,15,6,5,'1',NULL,1,NULL,NULL,NULL),(703,NULL,2022,2,16,6,6,'1',NULL,1,NULL,NULL,NULL),(704,NULL,2022,2,17,6,7,'1',NULL,1,NULL,NULL,NULL),(705,NULL,2022,2,18,6,8,'1',NULL,1,NULL,NULL,NULL),(706,NULL,2022,3,15,6,5,'2',NULL,1,NULL,NULL,NULL),(707,NULL,2022,3,16,6,6,'2',NULL,1,NULL,NULL,NULL),(708,NULL,2022,3,17,6,7,'2',NULL,1,NULL,NULL,NULL),(709,NULL,2022,3,18,6,8,'2',NULL,1,NULL,NULL,NULL),(710,NULL,2022,4,18,6,5,'3',NULL,1,NULL,NULL,NULL),(711,NULL,2022,4,19,6,6,'3',NULL,1,NULL,NULL,NULL),(712,NULL,2022,4,20,6,7,'3',NULL,1,NULL,NULL,NULL),(713,NULL,2022,4,21,6,8,'3',NULL,1,NULL,NULL,NULL),(714,NULL,2022,5,16,6,5,'4',NULL,1,NULL,NULL,NULL),(715,NULL,2022,5,17,6,6,'4',NULL,1,NULL,NULL,NULL),(716,NULL,2022,5,19,6,7,'4',NULL,1,NULL,NULL,NULL),(717,NULL,2022,5,20,6,8,'4',NULL,1,NULL,NULL,NULL),(718,NULL,2022,6,15,6,5,'5',NULL,1,NULL,NULL,NULL),(719,NULL,2022,6,16,6,6,'5',NULL,1,NULL,NULL,NULL),(720,NULL,2022,6,21,6,7,'5',NULL,1,NULL,NULL,NULL),(721,NULL,2022,6,22,6,8,'5',NULL,1,NULL,NULL,NULL),(722,NULL,2022,7,15,6,5,'6',NULL,1,NULL,NULL,NULL),(723,NULL,2022,7,18,6,6,'6',NULL,1,NULL,NULL,NULL),(724,NULL,2022,7,19,6,7,'6',NULL,1,NULL,NULL,NULL),(725,NULL,2022,7,20,6,8,'6',NULL,1,NULL,NULL,NULL),(726,NULL,2022,8,16,6,5,'7',NULL,1,NULL,NULL,NULL),(727,NULL,2022,8,17,6,6,'7',NULL,1,NULL,NULL,NULL),(728,NULL,2022,8,18,6,7,'7',NULL,1,NULL,NULL,NULL),(729,NULL,2022,8,19,6,8,'7',NULL,1,NULL,NULL,NULL),(730,NULL,2022,9,15,6,5,'8',NULL,1,NULL,NULL,NULL),(731,NULL,2022,9,16,6,6,'8',NULL,1,NULL,NULL,NULL),(732,NULL,2022,9,19,6,7,'8',NULL,1,NULL,NULL,NULL),(733,NULL,2022,9,20,6,8,'8',NULL,1,NULL,NULL,NULL),(734,NULL,2022,10,17,6,5,'9',NULL,1,NULL,NULL,NULL),(735,NULL,2022,10,18,6,6,'9',NULL,1,NULL,NULL,NULL),(736,NULL,2022,10,19,6,7,'9',NULL,1,NULL,NULL,NULL),(737,NULL,2022,10,20,6,8,'9',NULL,1,NULL,NULL,NULL),(738,NULL,2022,11,15,6,5,'10',NULL,1,NULL,NULL,NULL),(739,NULL,2022,11,16,6,6,'10',NULL,1,NULL,NULL,NULL),(740,NULL,2022,11,17,6,7,'10',NULL,1,NULL,NULL,NULL),(741,NULL,2022,11,18,6,8,'10',NULL,1,NULL,NULL,NULL),(742,NULL,2022,12,15,6,5,'11',NULL,1,NULL,NULL,NULL),(743,NULL,2022,12,16,6,6,'11',NULL,1,NULL,NULL,NULL),(744,NULL,2022,12,19,6,7,'11',NULL,1,NULL,NULL,NULL),(745,NULL,2022,12,20,6,8,'11',NULL,1,NULL,NULL,NULL),(746,NULL,2021,5,16,22,4,'Anual',NULL,1,NULL,NULL,NULL),(747,NULL,2022,1,18,7,9,'12',NULL,1,NULL,NULL,NULL),(748,NULL,2022,1,19,7,10,'12',NULL,1,NULL,NULL,NULL),(749,NULL,2022,1,20,7,11,'12',NULL,1,NULL,NULL,NULL),(750,NULL,2022,1,21,7,7,'12',NULL,1,NULL,NULL,NULL),(751,NULL,2022,1,24,7,8,'12',NULL,1,NULL,NULL,NULL),(752,NULL,2022,2,18,7,9,'1',NULL,1,NULL,NULL,NULL),(753,NULL,2022,2,21,7,10,'1',NULL,1,NULL,NULL,NULL),(754,NULL,2022,2,22,7,11,'1',NULL,1,NULL,NULL,NULL),(755,NULL,2022,2,23,7,7,'1',NULL,1,NULL,NULL,NULL),(756,NULL,2022,2,24,7,8,'1',NULL,1,NULL,NULL,NULL),(757,NULL,2022,3,18,7,9,'2',NULL,1,NULL,NULL,NULL),(758,NULL,2022,3,21,7,10,'2',NULL,1,NULL,NULL,NULL),(759,NULL,2022,3,22,7,11,'2',NULL,1,NULL,NULL,NULL);
INSERT INTO `vto_vencimiento` VALUES (760,NULL,2022,3,23,7,7,'2',NULL,1,NULL,NULL,NULL),(761,NULL,2022,3,25,7,8,'2',NULL,1,NULL,NULL,NULL),(762,NULL,2022,4,18,7,9,'3',NULL,1,NULL,NULL,NULL),(763,NULL,2022,4,19,7,10,'3',NULL,1,NULL,NULL,NULL),(764,NULL,2022,4,20,7,11,'3',NULL,1,NULL,NULL,NULL),(765,NULL,2022,4,21,7,7,'3',NULL,1,NULL,NULL,NULL),(766,NULL,2022,4,22,7,8,'3',NULL,1,NULL,NULL,NULL),(767,NULL,2022,5,19,7,9,'4',NULL,1,NULL,NULL,NULL),(768,NULL,2022,5,20,7,10,'4',NULL,1,NULL,NULL,NULL),(769,NULL,2022,5,23,7,11,'4',NULL,1,NULL,NULL,NULL),(770,NULL,2022,5,24,7,7,'4',NULL,1,NULL,NULL,NULL),(771,NULL,2022,5,26,7,8,'4',NULL,1,NULL,NULL,NULL),(772,NULL,2022,6,21,7,9,'5',NULL,1,NULL,NULL,NULL),(773,NULL,2022,6,22,7,10,'5',NULL,1,NULL,NULL,NULL),(774,NULL,2022,6,23,7,11,'5',NULL,1,NULL,NULL,NULL),(775,NULL,2022,6,24,7,7,'5',NULL,1,NULL,NULL,NULL),(776,NULL,2022,6,27,7,8,'5',NULL,1,NULL,NULL,NULL),(777,NULL,2022,7,18,7,9,'6',NULL,1,NULL,NULL,NULL),(778,NULL,2022,7,19,7,10,'6',NULL,1,NULL,NULL,NULL),(779,NULL,2022,7,20,7,11,'6',NULL,1,NULL,NULL,NULL),(780,NULL,2022,7,21,7,7,'6',NULL,1,NULL,NULL,NULL),(781,NULL,2022,7,22,7,8,'6',NULL,1,NULL,NULL,NULL),(782,NULL,2022,8,18,7,9,'7',NULL,1,NULL,NULL,NULL),(783,NULL,2022,8,19,7,10,'7',NULL,1,NULL,NULL,NULL),(784,NULL,2022,8,22,7,11,'7',NULL,1,NULL,NULL,NULL),(785,NULL,2022,8,23,7,7,'7',NULL,1,NULL,NULL,NULL),(786,NULL,2022,8,24,7,8,'7',NULL,1,NULL,NULL,NULL),(787,NULL,2022,9,19,7,9,'8',NULL,1,NULL,NULL,NULL),(788,NULL,2022,9,20,7,10,'8',NULL,1,NULL,NULL,NULL),(789,NULL,2022,9,21,7,11,'8',NULL,1,NULL,NULL,NULL),(790,NULL,2022,9,22,7,7,'8',NULL,1,NULL,NULL,NULL),(791,NULL,2022,9,23,7,8,'8',NULL,1,NULL,NULL,NULL),(792,NULL,2022,10,18,7,9,'9',NULL,1,NULL,NULL,NULL),(793,NULL,2022,10,19,7,10,'9',NULL,1,NULL,NULL,NULL),(794,NULL,2022,10,20,7,11,'9',NULL,1,NULL,NULL,NULL),(795,NULL,2022,10,21,7,7,'9',NULL,1,NULL,NULL,NULL),(796,NULL,2022,10,24,7,8,'9',NULL,1,NULL,NULL,NULL),(797,NULL,2022,11,18,7,9,'10',NULL,1,NULL,NULL,NULL),(798,NULL,2022,11,22,7,10,'10',NULL,1,NULL,NULL,NULL),(799,NULL,2022,11,23,7,11,'10',NULL,1,NULL,NULL,NULL),(800,NULL,2022,11,24,7,7,'10',NULL,1,NULL,NULL,NULL),(801,NULL,2022,11,25,7,8,'10',NULL,1,NULL,NULL,NULL),(802,NULL,2022,12,19,7,9,'11',NULL,1,NULL,NULL,NULL),(803,NULL,2022,12,20,7,10,'11',NULL,1,NULL,NULL,NULL),(804,NULL,2022,12,21,7,11,'11',NULL,1,NULL,NULL,NULL),(805,NULL,2022,12,22,7,7,'11',NULL,1,NULL,NULL,NULL),(806,NULL,2022,12,23,7,8,'11',NULL,1,NULL,NULL,NULL),(807,NULL,2022,1,18,23,9,'12',NULL,1,NULL,NULL,NULL),(808,NULL,2022,1,19,23,10,'12',NULL,1,NULL,NULL,NULL),(809,NULL,2022,1,20,23,11,'12',NULL,1,NULL,NULL,NULL),(810,NULL,2022,1,21,23,7,'12',NULL,1,NULL,NULL,NULL),(811,NULL,2022,1,24,23,8,'12',NULL,1,NULL,NULL,NULL),(812,NULL,2022,2,18,23,9,'1',NULL,1,NULL,NULL,NULL),(813,NULL,2022,2,21,23,10,'1',NULL,1,NULL,NULL,NULL),(814,NULL,2022,2,22,23,11,'1',NULL,1,NULL,NULL,NULL),(815,NULL,2022,2,23,23,7,'1',NULL,1,NULL,NULL,NULL),(816,NULL,2022,2,24,23,8,'1',NULL,1,NULL,NULL,NULL),(817,NULL,2022,3,18,23,9,'2',NULL,1,NULL,NULL,NULL),(818,NULL,2022,3,21,23,10,'2',NULL,1,NULL,NULL,NULL),(819,NULL,2022,3,22,23,11,'2',NULL,1,NULL,NULL,NULL),(820,NULL,2022,3,23,23,7,'2',NULL,1,NULL,NULL,NULL),(821,NULL,2022,3,25,23,8,'2',NULL,1,NULL,NULL,NULL),(822,NULL,2022,4,18,23,9,'3',NULL,1,NULL,NULL,NULL),(823,NULL,2022,4,19,23,10,'3',NULL,1,NULL,NULL,NULL),(824,NULL,2022,4,20,23,11,'3',NULL,1,NULL,NULL,NULL),(825,NULL,2022,4,21,23,7,'3',NULL,1,NULL,NULL,NULL),(826,NULL,2022,4,22,23,8,'3',NULL,1,NULL,NULL,NULL),(827,NULL,2022,5,19,23,9,'4',NULL,1,NULL,NULL,NULL),(828,NULL,2022,5,20,23,10,'4',NULL,1,NULL,NULL,NULL),(829,NULL,2022,5,23,23,11,'4',NULL,1,NULL,NULL,NULL),(830,NULL,2022,5,24,23,7,'4',NULL,1,NULL,NULL,NULL),(831,NULL,2022,5,26,23,8,'4',NULL,1,NULL,NULL,NULL),(832,NULL,2022,6,21,23,9,'5',NULL,1,NULL,NULL,NULL),(833,NULL,2022,6,22,23,10,'5',NULL,1,NULL,NULL,NULL),(834,NULL,2022,6,23,23,11,'5',NULL,1,NULL,NULL,NULL),(835,NULL,2022,6,24,23,7,'5',NULL,1,NULL,NULL,NULL);
INSERT INTO `vto_vencimiento` VALUES (836,NULL,2022,6,27,23,8,'5',NULL,1,NULL,NULL,NULL),(837,NULL,2022,7,18,23,9,'6',NULL,1,NULL,NULL,NULL),(838,NULL,2022,7,19,23,10,'6',NULL,1,NULL,NULL,NULL),(839,NULL,2022,7,20,23,11,'6',NULL,1,NULL,NULL,NULL),(840,NULL,2022,7,21,23,7,'6',NULL,1,NULL,NULL,NULL),(841,NULL,2022,7,22,23,8,'6',NULL,1,NULL,NULL,NULL),(842,NULL,2022,8,18,23,9,'7',NULL,1,NULL,NULL,NULL),(843,NULL,2022,8,19,23,10,'7',NULL,1,NULL,NULL,NULL),(844,NULL,2022,8,22,23,11,'7',NULL,1,NULL,NULL,NULL),(845,NULL,2022,8,23,23,7,'7',NULL,1,NULL,NULL,NULL),(846,NULL,2022,8,24,23,8,'7',NULL,1,NULL,NULL,NULL),(847,NULL,2022,9,19,23,9,'8',NULL,1,NULL,NULL,NULL),(848,NULL,2022,9,20,23,10,'8',NULL,1,NULL,NULL,NULL),(849,NULL,2022,9,21,23,11,'8',NULL,1,NULL,NULL,NULL),(850,NULL,2022,9,22,23,7,'8',NULL,1,NULL,NULL,NULL),(851,NULL,2022,9,23,23,8,'8',NULL,1,NULL,NULL,NULL),(852,NULL,2022,10,18,23,9,'9',NULL,1,NULL,NULL,NULL),(853,NULL,2022,10,19,23,10,'9',NULL,1,NULL,NULL,NULL),(854,NULL,2022,10,20,23,11,'9',NULL,1,NULL,NULL,NULL),(855,NULL,2022,10,21,23,7,'9',NULL,1,NULL,NULL,NULL),(856,NULL,2022,10,24,23,8,'9',NULL,1,NULL,NULL,NULL),(857,NULL,2022,11,18,23,9,'10',NULL,1,NULL,NULL,NULL),(858,NULL,2022,11,22,23,10,'10',NULL,1,NULL,NULL,NULL),(859,NULL,2022,11,23,23,11,'10',NULL,1,NULL,NULL,NULL),(860,NULL,2022,11,24,23,7,'10',NULL,1,NULL,NULL,NULL),(861,NULL,2022,11,25,23,8,'10',NULL,1,NULL,NULL,NULL),(862,NULL,2022,12,19,23,9,'11',NULL,1,NULL,NULL,NULL),(863,NULL,2022,12,20,23,10,'11',NULL,1,NULL,NULL,NULL),(864,NULL,2022,12,21,23,11,'11',NULL,1,NULL,NULL,NULL),(865,NULL,2022,12,22,23,7,'11',NULL,1,NULL,NULL,NULL),(866,NULL,2022,12,23,23,8,'11',NULL,1,NULL,NULL,NULL),(867,NULL,2022,1,10,8,1,'12',NULL,1,NULL,NULL,NULL),(868,NULL,2022,1,11,8,2,'12',NULL,1,NULL,NULL,NULL),(869,NULL,2022,1,12,8,3,'12',NULL,1,NULL,NULL,NULL),(870,NULL,2022,2,9,8,1,'1',NULL,1,NULL,NULL,NULL),(871,NULL,2022,2,10,8,2,'1',NULL,1,NULL,NULL,NULL),(872,NULL,2022,2,11,8,3,'1',NULL,1,NULL,NULL,NULL),(873,NULL,2022,3,9,8,1,'2',NULL,1,NULL,NULL,NULL),(874,NULL,2022,3,10,8,2,'2',NULL,1,NULL,NULL,NULL),(875,NULL,2022,3,11,8,3,'2',NULL,1,NULL,NULL,NULL),(876,NULL,2022,4,11,8,1,'3',NULL,1,NULL,NULL,NULL),(877,NULL,2022,4,12,8,2,'3',NULL,1,NULL,NULL,NULL),(878,NULL,2022,4,13,8,3,'3',NULL,1,NULL,NULL,NULL),(879,NULL,2022,5,9,8,1,'4',NULL,1,NULL,NULL,NULL),(880,NULL,2022,5,10,8,2,'4',NULL,1,NULL,NULL,NULL),(881,NULL,2022,5,11,8,3,'4',NULL,1,NULL,NULL,NULL),(882,NULL,2022,6,9,8,1,'5',NULL,1,NULL,NULL,NULL),(883,NULL,2022,6,10,8,2,'5',NULL,1,NULL,NULL,NULL),(884,NULL,2022,6,13,8,3,'5',NULL,1,NULL,NULL,NULL),(885,NULL,2022,7,11,8,1,'6',NULL,1,NULL,NULL,NULL),(886,NULL,2022,7,12,8,2,'6',NULL,1,NULL,NULL,NULL),(887,NULL,2022,7,13,8,3,'6',NULL,1,NULL,NULL,NULL),(888,NULL,2022,8,9,8,1,'7',NULL,1,NULL,NULL,NULL),(889,NULL,2022,8,10,8,2,'7',NULL,1,NULL,NULL,NULL),(890,NULL,2022,8,11,8,3,'7',NULL,1,NULL,NULL,NULL),(891,NULL,2022,9,9,8,1,'8',NULL,1,NULL,NULL,NULL),(892,NULL,2022,9,12,8,2,'8',NULL,1,NULL,NULL,NULL),(893,NULL,2022,9,13,8,3,'8',NULL,1,NULL,NULL,NULL),(894,NULL,2022,10,11,8,1,'9',NULL,1,NULL,NULL,NULL),(895,NULL,2022,10,12,8,2,'9',NULL,1,NULL,NULL,NULL),(896,NULL,2022,10,13,8,3,'9',NULL,1,NULL,NULL,NULL),(897,NULL,2022,11,9,8,1,'10',NULL,1,NULL,NULL,NULL),(898,NULL,2022,11,10,8,2,'10',NULL,1,NULL,NULL,NULL),(899,NULL,2022,11,11,8,3,'10',NULL,1,NULL,NULL,NULL),(900,NULL,2022,12,12,8,1,'11',NULL,1,NULL,NULL,NULL),(901,NULL,2022,12,13,8,2,'11',NULL,1,NULL,NULL,NULL),(902,NULL,2022,12,14,8,3,'11',NULL,1,NULL,NULL,NULL),(903,NULL,2022,6,13,9,1,'',NULL,1,NULL,NULL,NULL),(904,NULL,2022,6,14,9,2,'',NULL,1,NULL,NULL,NULL),(905,NULL,2022,6,15,9,3,'',NULL,1,NULL,NULL,NULL),(906,NULL,2022,6,13,17,1,'',NULL,1,NULL,NULL,NULL),(907,NULL,2022,6,14,17,2,'',NULL,1,NULL,NULL,NULL),(908,NULL,2022,6,15,17,3,'',NULL,1,NULL,NULL,NULL),(909,NULL,2022,7,28,10,1,'',NULL,1,NULL,NULL,NULL),(910,NULL,2022,7,29,10,2,'',NULL,1,NULL,NULL,NULL),(911,NULL,2022,8,1,10,3,'',NULL,1,NULL,NULL,NULL);
INSERT INTO `vto_vencimiento` VALUES (912,NULL,2022,1,13,11,9,'12',NULL,1,NULL,NULL,NULL),(913,NULL,2022,1,14,11,10,'12',NULL,1,NULL,NULL,NULL),(914,NULL,2022,1,17,11,11,'12',NULL,1,NULL,NULL,NULL),(915,NULL,2022,1,18,11,7,'12',NULL,1,NULL,NULL,NULL),(916,NULL,2022,1,19,11,8,'12',NULL,1,NULL,NULL,NULL),(917,NULL,2022,2,14,11,9,'1',NULL,1,NULL,NULL,NULL),(918,NULL,2022,2,15,11,10,'1',NULL,1,NULL,NULL,NULL),(919,NULL,2022,2,16,11,11,'1',NULL,1,NULL,NULL,NULL),(920,NULL,2022,2,17,11,7,'1',NULL,1,NULL,NULL,NULL),(921,NULL,2022,2,18,11,8,'1',NULL,1,NULL,NULL,NULL),(922,NULL,2022,3,14,11,9,'2',NULL,1,NULL,NULL,NULL),(923,NULL,2022,3,15,11,10,'2',NULL,1,NULL,NULL,NULL),(924,NULL,2022,3,16,11,11,'2',NULL,1,NULL,NULL,NULL),(925,NULL,2022,3,17,11,7,'2',NULL,1,NULL,NULL,NULL),(926,NULL,2022,3,18,11,8,'2',NULL,1,NULL,NULL,NULL),(927,NULL,2022,4,11,11,9,'3',NULL,1,NULL,NULL,NULL),(928,NULL,2022,4,12,11,10,'3',NULL,1,NULL,NULL,NULL),(929,NULL,2022,4,13,11,11,'3',NULL,1,NULL,NULL,NULL),(930,NULL,2022,4,18,11,7,'3',NULL,1,NULL,NULL,NULL),(931,NULL,2022,4,19,11,8,'3',NULL,1,NULL,NULL,NULL),(932,NULL,2022,5,16,11,9,'4',NULL,1,NULL,NULL,NULL),(933,NULL,2022,5,17,11,10,'4',NULL,1,NULL,NULL,NULL),(934,NULL,2022,5,18,11,11,'4',NULL,1,NULL,NULL,NULL),(935,NULL,2022,5,19,11,7,'4',NULL,1,NULL,NULL,NULL),(936,NULL,2022,5,20,11,8,'4',NULL,1,NULL,NULL,NULL),(937,NULL,2022,6,13,11,9,'5',NULL,1,NULL,NULL,NULL),(938,NULL,2022,6,14,11,10,'5',NULL,1,NULL,NULL,NULL),(939,NULL,2022,6,15,11,11,'5',NULL,1,NULL,NULL,NULL),(940,NULL,2022,6,16,11,7,'5',NULL,1,NULL,NULL,NULL),(941,NULL,2022,6,21,11,8,'5',NULL,1,NULL,NULL,NULL),(942,NULL,2022,7,11,11,9,'6',NULL,1,NULL,NULL,NULL),(943,NULL,2022,7,12,11,10,'6',NULL,1,NULL,NULL,NULL),(944,NULL,2022,7,13,11,11,'6',NULL,1,NULL,NULL,NULL),(945,NULL,2022,7,14,11,7,'6',NULL,1,NULL,NULL,NULL),(946,NULL,2022,7,15,11,8,'6',NULL,1,NULL,NULL,NULL),(947,NULL,2022,8,12,11,9,'7',NULL,1,NULL,NULL,NULL),(948,NULL,2022,8,16,11,10,'7',NULL,1,NULL,NULL,NULL),(949,NULL,2022,8,17,11,11,'7',NULL,1,NULL,NULL,NULL),(950,NULL,2022,8,18,11,7,'7',NULL,1,NULL,NULL,NULL),(951,NULL,2022,8,19,11,8,'7',NULL,1,NULL,NULL,NULL),(952,NULL,2022,9,12,11,9,'8',NULL,1,NULL,NULL,NULL),(953,NULL,2022,9,13,11,10,'8',NULL,1,NULL,NULL,NULL),(954,NULL,2022,9,14,11,11,'8',NULL,1,NULL,NULL,NULL),(955,NULL,2022,9,15,11,7,'8',NULL,1,NULL,NULL,NULL),(956,NULL,2022,9,16,11,8,'8',NULL,1,NULL,NULL,NULL),(957,NULL,2022,10,11,11,9,'9',NULL,1,NULL,NULL,NULL),(958,NULL,2022,10,12,11,10,'9',NULL,1,NULL,NULL,NULL),(959,NULL,2022,10,13,11,11,'9',NULL,1,NULL,NULL,NULL),(960,NULL,2022,10,14,11,7,'9',NULL,1,NULL,NULL,NULL),(961,NULL,2022,10,17,11,8,'9',NULL,1,NULL,NULL,NULL),(962,NULL,2022,11,14,11,9,'10',NULL,1,NULL,NULL,NULL),(963,NULL,2022,11,15,11,10,'10',NULL,1,NULL,NULL,NULL),(964,NULL,2022,11,16,11,11,'10',NULL,1,NULL,NULL,NULL),(965,NULL,2022,11,17,11,7,'10',NULL,1,NULL,NULL,NULL),(966,NULL,2022,11,18,11,8,'10',NULL,1,NULL,NULL,NULL),(967,NULL,2022,12,12,11,9,'11',NULL,1,NULL,NULL,NULL),(968,NULL,2022,12,13,11,10,'11',NULL,1,NULL,NULL,NULL),(969,NULL,2022,12,14,11,11,'11',NULL,1,NULL,NULL,NULL),(970,NULL,2022,12,15,11,7,'11',NULL,1,NULL,NULL,NULL),(971,NULL,2022,12,16,11,8,'11',NULL,1,NULL,NULL,NULL),(972,NULL,2018,8,21,20,9,'Anual',NULL,0,NULL,NULL,NULL),(973,NULL,2018,8,22,20,10,'Anual',NULL,0,NULL,NULL,NULL),(974,NULL,2018,8,23,20,11,'Anual',NULL,0,NULL,NULL,NULL),(975,NULL,2018,8,24,20,7,'Anual',NULL,0,NULL,NULL,NULL),(976,NULL,2018,8,27,20,8,'Anual',NULL,0,NULL,NULL,NULL),(977,NULL,2022,2,18,12,12,'1',NULL,1,NULL,NULL,NULL),(978,NULL,2022,2,21,12,13,'1',NULL,1,NULL,NULL,NULL),(979,NULL,2022,2,22,12,14,'1',NULL,1,NULL,NULL,NULL),(980,NULL,2022,2,23,12,15,'1',NULL,1,NULL,NULL,NULL),(981,NULL,2022,2,24,12,16,'1',NULL,1,NULL,NULL,NULL),(982,NULL,2022,2,25,12,17,'1',NULL,1,NULL,NULL,NULL),(983,NULL,2022,3,2,12,18,'1',NULL,1,NULL,NULL,NULL),(984,NULL,2022,3,3,12,19,'1',NULL,1,NULL,NULL,NULL),(985,NULL,2022,3,4,12,20,'1',NULL,1,NULL,NULL,NULL);
INSERT INTO `vto_vencimiento` VALUES (986,NULL,2022,3,7,12,21,'1',NULL,1,NULL,NULL,NULL),(987,NULL,2022,3,18,12,12,'2',NULL,1,NULL,NULL,NULL),(988,NULL,2022,3,21,12,13,'2',NULL,1,NULL,NULL,NULL),(989,NULL,2022,3,22,12,14,'2',NULL,1,NULL,NULL,NULL),(990,NULL,2022,3,23,12,15,'2',NULL,1,NULL,NULL,NULL),(991,NULL,2022,2,25,12,16,'2',NULL,1,NULL,NULL,NULL),(992,NULL,2022,3,28,12,17,'2',NULL,1,NULL,NULL,NULL),(993,NULL,2022,3,29,12,18,'2',NULL,1,NULL,NULL,NULL),(994,NULL,2022,3,30,12,19,'2',NULL,1,NULL,NULL,NULL),(995,NULL,2022,3,31,12,20,'2',NULL,1,NULL,NULL,NULL),(996,NULL,2022,4,1,12,21,'2',NULL,1,NULL,NULL,NULL),(997,NULL,2022,4,18,12,12,'3',NULL,1,NULL,NULL,NULL),(998,NULL,2022,4,19,12,13,'3',NULL,1,NULL,NULL,NULL),(999,NULL,2022,4,20,12,14,'3',NULL,1,NULL,NULL,NULL),(1000,NULL,2022,4,21,12,15,'3',NULL,1,NULL,NULL,NULL),(1001,NULL,2022,4,22,12,16,'3',NULL,1,NULL,NULL,NULL),(1002,NULL,2022,4,25,12,17,'3',NULL,1,NULL,NULL,NULL),(1003,NULL,2022,4,26,12,18,'3',NULL,1,NULL,NULL,NULL),(1004,NULL,2022,4,27,12,19,'3',NULL,1,NULL,NULL,NULL),(1005,NULL,2022,4,28,12,20,'3',NULL,1,NULL,NULL,NULL),(1006,NULL,2022,4,29,12,21,'3',NULL,1,NULL,NULL,NULL),(1007,NULL,2022,5,18,12,12,'4',NULL,1,NULL,NULL,NULL),(1008,NULL,2022,5,19,12,13,'4',NULL,1,NULL,NULL,NULL),(1009,NULL,2022,5,20,12,14,'4',NULL,1,NULL,NULL,NULL),(1010,NULL,2022,5,23,12,15,'4',NULL,1,NULL,NULL,NULL),(1011,NULL,2022,5,24,12,16,'4',NULL,1,NULL,NULL,NULL),(1012,NULL,2022,5,26,12,17,'4',NULL,1,NULL,NULL,NULL),(1013,NULL,2022,5,27,12,18,'4',NULL,1,NULL,NULL,NULL),(1014,NULL,2022,5,30,12,19,'4',NULL,1,NULL,NULL,NULL),(1015,NULL,2022,5,31,12,20,'4',NULL,1,NULL,NULL,NULL),(1016,NULL,2022,6,1,12,21,'4',NULL,1,NULL,NULL,NULL),(1017,NULL,2022,6,21,12,12,'5',NULL,1,NULL,NULL,NULL),(1018,NULL,2022,6,22,12,13,'5',NULL,1,NULL,NULL,NULL),(1019,NULL,2022,6,23,12,14,'5',NULL,1,NULL,NULL,NULL),(1020,NULL,2022,6,24,12,15,'5',NULL,1,NULL,NULL,NULL),(1021,NULL,2022,6,27,12,16,'5',NULL,1,NULL,NULL,NULL),(1022,NULL,2022,6,28,12,17,'5',NULL,1,NULL,NULL,NULL),(1023,NULL,2022,6,29,12,18,'5',NULL,1,NULL,NULL,NULL),(1024,NULL,2022,6,30,12,19,'5',NULL,1,NULL,NULL,NULL),(1025,NULL,2022,7,1,12,20,'5',NULL,1,NULL,NULL,NULL),(1026,NULL,2022,7,4,12,21,'5',NULL,1,NULL,NULL,NULL),(1027,NULL,2022,7,18,12,12,'6',NULL,1,NULL,NULL,NULL),(1028,NULL,2022,7,19,12,13,'6',NULL,1,NULL,NULL,NULL),(1029,NULL,2022,7,20,12,14,'6',NULL,1,NULL,NULL,NULL),(1030,NULL,2022,7,21,12,15,'6',NULL,1,NULL,NULL,NULL),(1031,NULL,2022,7,22,12,16,'6',NULL,1,NULL,NULL,NULL),(1032,NULL,2022,7,25,12,17,'6',NULL,1,NULL,NULL,NULL),(1033,NULL,2022,7,26,12,18,'6',NULL,1,NULL,NULL,NULL),(1034,NULL,2022,7,27,12,19,'6',NULL,1,NULL,NULL,NULL),(1035,NULL,2022,7,28,12,20,'6',NULL,1,NULL,NULL,NULL),(1036,NULL,2022,7,29,12,21,'6',NULL,1,NULL,NULL,NULL),(1037,NULL,2022,8,18,12,12,'7',NULL,1,NULL,NULL,NULL),(1038,NULL,2022,8,19,12,13,'7',NULL,1,NULL,NULL,NULL),(1039,NULL,2022,8,22,12,14,'7',NULL,1,NULL,NULL,NULL),(1040,NULL,2022,8,23,12,15,'7',NULL,1,NULL,NULL,NULL),(1041,NULL,2022,8,24,12,16,'7',NULL,1,NULL,NULL,NULL),(1042,NULL,2022,8,25,12,17,'7',NULL,1,NULL,NULL,NULL),(1043,NULL,2022,8,26,12,18,'7',NULL,1,NULL,NULL,NULL),(1044,NULL,2022,8,29,12,19,'7',NULL,1,NULL,NULL,NULL),(1045,NULL,2022,8,30,12,20,'7',NULL,1,NULL,NULL,NULL),(1046,NULL,2022,8,31,12,21,'7',NULL,1,NULL,NULL,NULL),(1047,NULL,2022,9,19,12,12,'8',NULL,1,NULL,NULL,NULL),(1048,NULL,2022,9,20,12,13,'8',NULL,1,NULL,NULL,NULL),(1049,NULL,2022,9,21,12,14,'8',NULL,1,NULL,NULL,NULL),(1050,NULL,2022,9,22,12,15,'8',NULL,1,NULL,NULL,NULL),(1051,NULL,2022,9,23,12,16,'8',NULL,1,NULL,NULL,NULL),(1052,NULL,2022,9,26,12,17,'8',NULL,1,NULL,NULL,NULL),(1053,NULL,2022,9,27,12,18,'8',NULL,1,NULL,NULL,NULL),(1054,NULL,2022,9,28,12,19,'8',NULL,1,NULL,NULL,NULL),(1055,NULL,2022,9,29,12,20,'8',NULL,1,NULL,NULL,NULL),(1056,NULL,2022,9,30,12,21,'8',NULL,1,NULL,NULL,NULL),(1057,NULL,2022,10,19,12,12,'9',NULL,1,NULL,NULL,NULL),(1058,NULL,2022,10,19,12,13,'9',NULL,1,NULL,NULL,NULL),(1059,NULL,2022,10,20,12,14,'9',NULL,1,NULL,NULL,NULL);
INSERT INTO `vto_vencimiento` VALUES (1060,NULL,2022,10,21,12,15,'9',NULL,1,NULL,NULL,NULL),(1061,NULL,2022,10,24,12,16,'9',NULL,1,NULL,NULL,NULL),(1062,NULL,2022,10,25,12,17,'9',NULL,1,NULL,NULL,NULL),(1063,NULL,2022,10,26,12,18,'9',NULL,1,NULL,NULL,NULL),(1064,NULL,2022,10,27,12,19,'9',NULL,1,NULL,NULL,NULL),(1065,NULL,2022,10,28,12,20,'9',NULL,1,NULL,NULL,NULL),(1066,NULL,2022,10,31,12,21,'9',NULL,1,NULL,NULL,NULL),(1067,NULL,2022,11,18,12,12,'10',NULL,1,NULL,NULL,NULL),(1068,NULL,2022,11,22,12,13,'10',NULL,1,NULL,NULL,NULL),(1069,NULL,2022,11,23,12,14,'10',NULL,1,NULL,NULL,NULL),(1070,NULL,2022,11,24,12,15,'10',NULL,1,NULL,NULL,NULL),(1071,NULL,2022,11,25,12,16,'10',NULL,1,NULL,NULL,NULL),(1072,NULL,2022,11,28,12,17,'10',NULL,1,NULL,NULL,NULL),(1073,NULL,2022,11,29,12,18,'10',NULL,1,NULL,NULL,NULL),(1074,NULL,2022,11,30,12,19,'10',NULL,1,NULL,NULL,NULL),(1075,NULL,2022,12,1,12,20,'10',NULL,1,NULL,NULL,NULL),(1076,NULL,2022,12,2,12,21,'10',NULL,1,NULL,NULL,NULL),(1077,NULL,2022,12,19,12,12,'11',NULL,1,NULL,NULL,NULL),(1078,NULL,2022,12,20,12,13,'11',NULL,1,NULL,NULL,NULL),(1079,NULL,2022,12,21,12,14,'11',NULL,1,NULL,NULL,NULL),(1080,NULL,2022,12,22,12,15,'11',NULL,1,NULL,NULL,NULL),(1081,NULL,2022,12,23,12,16,'11',NULL,1,NULL,NULL,NULL),(1082,NULL,2022,12,26,12,17,'11',NULL,1,NULL,NULL,NULL),(1083,NULL,2022,12,27,12,18,'11',NULL,1,NULL,NULL,NULL),(1084,NULL,2022,12,28,12,19,'11',NULL,1,NULL,NULL,NULL),(1085,NULL,2022,12,29,12,20,'11',NULL,1,NULL,NULL,NULL),(1086,NULL,2022,12,30,12,21,'11',NULL,1,NULL,NULL,NULL),(1087,NULL,2022,1,18,12,12,'Anticipo 12 Año 2021',NULL,1,NULL,NULL,NULL),(1088,NULL,2022,1,19,12,13,'Anticipo 12 Año 2021',NULL,1,NULL,NULL,NULL),(1089,NULL,2022,1,20,12,14,'Anticipo 12 Año 2021',NULL,1,NULL,NULL,NULL),(1090,NULL,2022,1,21,12,15,'Anticipo 12 Año 2021',NULL,1,NULL,NULL,NULL),(1091,NULL,2022,1,24,12,16,'Anticipo 12 Año 2021',NULL,1,NULL,NULL,NULL),(1092,NULL,2022,1,25,12,17,'Anticipo 12 Año 2021',NULL,1,NULL,NULL,NULL),(1093,NULL,2022,1,26,12,18,'Anticipo 12 Año 2021',NULL,1,NULL,NULL,NULL),(1094,NULL,2022,1,27,12,19,'Anticipo 12 Año 2021',NULL,1,NULL,NULL,NULL),(1095,NULL,2022,1,28,12,20,'Anticipo 12 Año 2021',NULL,1,NULL,NULL,NULL),(1096,NULL,2022,1,31,12,21,'Anticipo 12 Año 2021',NULL,1,NULL,NULL,NULL),(1097,NULL,2022,4,11,21,12,'Anual',NULL,1,NULL,NULL,NULL),(1098,NULL,2022,4,12,21,13,'Anual',NULL,1,NULL,NULL,NULL),(1099,NULL,2022,4,13,21,14,'Anual',NULL,1,NULL,NULL,NULL),(1100,NULL,2022,4,18,21,15,'Anual',NULL,1,NULL,NULL,NULL),(1101,NULL,2022,4,19,21,16,'Anual',NULL,1,NULL,NULL,NULL),(1102,NULL,2022,4,20,21,17,'Anual',NULL,1,NULL,NULL,NULL),(1103,NULL,2022,4,21,21,18,'Anual',NULL,1,NULL,NULL,NULL),(1104,NULL,2022,4,22,21,19,'Anual',NULL,1,NULL,NULL,NULL),(1105,NULL,2022,4,25,21,20,'Anual',NULL,1,NULL,NULL,NULL),(1106,NULL,2022,4,26,21,21,'Anual',NULL,1,NULL,NULL,NULL),(1107,NULL,2022,1,17,13,9,'Cuota 6',NULL,1,NULL,NULL,NULL),(1108,NULL,2022,1,18,13,10,'Cuota 6',NULL,1,NULL,NULL,NULL),(1109,NULL,2022,1,19,13,11,'Cuota 6',NULL,1,NULL,NULL,NULL),(1110,NULL,2022,1,20,13,7,'Cuota 6',NULL,1,NULL,NULL,NULL),(1111,NULL,2022,1,21,13,8,'Cuota 6',NULL,1,NULL,NULL,NULL),(1112,NULL,2022,3,17,13,9,'Cuota 1',NULL,1,NULL,NULL,NULL),(1113,NULL,2022,3,18,13,10,'Cuota 1',NULL,1,NULL,NULL,NULL),(1114,NULL,2022,3,21,13,11,'Cuota 1',NULL,1,NULL,NULL,NULL),(1115,NULL,2022,3,22,13,7,'Cuota 1',NULL,1,NULL,NULL,NULL),(1116,NULL,2022,3,23,13,8,'Cuota 1',NULL,1,NULL,NULL,NULL),(1117,NULL,2022,5,17,13,9,'Cuota 2',NULL,1,NULL,NULL,NULL),(1118,NULL,2022,5,18,13,10,'Cuota 2',NULL,1,NULL,NULL,NULL),(1119,NULL,2022,5,19,13,11,'Cuota 2',NULL,1,NULL,NULL,NULL),(1120,NULL,2022,5,20,13,7,'Cuota 2',NULL,1,NULL,NULL,NULL),(1121,NULL,2022,5,23,13,8,'Cuota 2',NULL,1,NULL,NULL,NULL),(1122,NULL,2022,7,18,13,9,'Cuota 3',NULL,1,NULL,NULL,NULL),(1123,NULL,2022,7,19,13,10,'Cuota 3',NULL,1,NULL,NULL,NULL),(1124,NULL,2022,7,20,13,11,'Cuota 3',NULL,1,NULL,NULL,NULL),(1125,NULL,2022,7,21,13,7,'Cuota 3',NULL,1,NULL,NULL,NULL);
INSERT INTO `vto_vencimiento` VALUES (1126,NULL,2022,7,22,13,8,'Cuota 3',NULL,1,NULL,NULL,NULL),(1127,NULL,2022,9,19,13,9,'Cuota 4',NULL,1,NULL,NULL,NULL),(1128,NULL,2022,9,20,13,10,'Cuota 4',NULL,1,NULL,NULL,NULL),(1129,NULL,2022,9,21,13,11,'Cuota 4',NULL,1,NULL,NULL,NULL),(1130,NULL,2022,9,22,13,7,'Cuota 4',NULL,1,NULL,NULL,NULL),(1131,NULL,2022,9,23,13,8,'Cuota 4',NULL,1,NULL,NULL,NULL),(1132,NULL,2022,11,18,13,9,'Cuota 5',NULL,1,NULL,NULL,NULL),(1133,NULL,2022,11,22,13,10,'Cuota 5',NULL,1,NULL,NULL,NULL),(1134,NULL,2022,11,23,13,11,'Cuota 5',NULL,1,NULL,NULL,NULL),(1135,NULL,2022,11,24,13,7,'Cuota 5',NULL,1,NULL,NULL,NULL),(1136,NULL,2022,11,25,13,8,'Cuota 5',NULL,1,NULL,NULL,NULL),(1137,NULL,2022,1,10,14,4,'1',NULL,1,NULL,NULL,NULL),(1138,NULL,2022,2,10,14,4,'2',NULL,1,NULL,NULL,NULL),(1139,NULL,2022,3,10,14,4,'3',NULL,1,NULL,NULL,NULL),(1140,NULL,2022,4,11,14,4,'4',NULL,1,NULL,NULL,NULL),(1141,NULL,2022,5,10,14,4,'5',NULL,1,NULL,NULL,NULL),(1142,NULL,2022,6,10,14,4,'6',NULL,1,NULL,NULL,NULL),(1143,NULL,2022,7,11,14,4,'7',NULL,1,NULL,NULL,NULL),(1144,NULL,2022,8,10,14,4,'8',NULL,1,NULL,NULL,NULL),(1145,NULL,2022,9,12,14,4,'9',NULL,1,NULL,NULL,NULL),(1146,NULL,2022,10,11,14,4,'10',NULL,1,NULL,NULL,NULL),(1147,NULL,2022,11,10,14,4,'11',NULL,1,NULL,NULL,NULL),(1148,NULL,2022,12,12,14,4,'12',NULL,1,NULL,NULL,NULL),(1149,NULL,2022,2,14,15,1,'Anticipo 4 año 2021',NULL,1,NULL,NULL,NULL),(1150,NULL,2022,2,15,15,2,'Anticipo 4 año 2021',NULL,1,NULL,NULL,NULL),(1151,NULL,2022,2,16,15,3,'Anticipo 4 año 2021',NULL,1,NULL,NULL,NULL),(1152,NULL,2022,4,13,15,1,'Anticipo 5 año 2021',NULL,1,NULL,NULL,NULL),(1153,NULL,2022,4,18,15,2,'Anticipo 5 año 2021',NULL,1,NULL,NULL,NULL),(1154,NULL,2022,4,19,15,3,'Anticipo 5 año 2021',NULL,1,NULL,NULL,NULL),(1155,NULL,2022,8,16,15,1,'Anticipo 1 año 2022',NULL,1,NULL,NULL,NULL),(1156,NULL,2022,8,17,15,2,'Anticipo 1 año 2022',NULL,1,NULL,NULL,NULL),(1157,NULL,2022,8,18,15,3,'Anticipo 1 año 2022',NULL,1,NULL,NULL,NULL),(1158,NULL,2022,10,13,15,1,'Anticipo 2 año 2022',NULL,1,NULL,NULL,NULL),(1159,NULL,2022,10,14,15,2,'Anticipo 2 año 2022',NULL,1,NULL,NULL,NULL),(1160,NULL,2022,10,17,15,3,'Anticipo 2 año 2022',NULL,1,NULL,NULL,NULL),(1161,NULL,2022,12,13,15,1,'Anticipo 3 año 2022',NULL,1,NULL,NULL,NULL),(1162,NULL,2022,12,14,15,2,'Anticipo 3 año 2022',NULL,1,NULL,NULL,NULL),(1163,NULL,2022,12,15,15,3,'Anticipo 3 año 2022',NULL,1,NULL,NULL,NULL),(1164,NULL,2022,2,14,18,1,'Anticipo 4 año 2021',NULL,1,NULL,NULL,NULL),(1165,NULL,2022,2,15,18,2,'Anticipo 4 año 2021',NULL,1,NULL,NULL,NULL),(1166,NULL,2022,2,16,18,3,'Anticipo 4 año 2021',NULL,1,NULL,NULL,NULL),(1167,NULL,2022,4,13,18,1,'Anticipo 5 año 2021',NULL,1,NULL,NULL,NULL),(1168,NULL,2022,4,18,18,2,'Anticipo 5 año 2021',NULL,1,NULL,NULL,NULL),(1169,NULL,2022,4,19,18,3,'Anticipo 5 año 2021',NULL,1,NULL,NULL,NULL),(1170,NULL,2022,8,16,18,1,'Anticipo 1 año 2022',NULL,1,NULL,NULL,NULL),(1171,NULL,2022,8,17,18,2,'Anticipo 1 año 2022',NULL,1,NULL,NULL,NULL),(1172,NULL,2022,8,18,18,3,'Anticipo 1 año 2022',NULL,1,NULL,NULL,NULL),(1173,NULL,2022,10,13,18,1,'Anticipo 2 año 2022',NULL,1,NULL,NULL,NULL),(1174,NULL,2022,10,14,18,2,'Anticipo 2 año 2022',NULL,1,NULL,NULL,NULL),(1175,NULL,2022,10,17,18,3,'Anticipo 2 año 2022',NULL,1,NULL,NULL,NULL),(1176,NULL,2022,12,13,18,1,'Anticipo 3 año 2022',NULL,1,NULL,NULL,NULL),(1177,NULL,2022,12,14,18,2,'Anticipo 3 año 2022',NULL,1,NULL,NULL,NULL),(1178,NULL,2022,12,15,18,3,'Anticipo 3 año 2022',NULL,1,NULL,NULL,NULL),(1179,NULL,2022,1,10,39,4,'Honorarios Diciembre',NULL,1,NULL,NULL,NULL),(1180,NULL,2022,2,10,39,4,'Honorarios Enero',NULL,1,NULL,NULL,NULL),(1181,NULL,2022,3,10,39,4,'Honorarios Febrero',NULL,1,NULL,NULL,NULL),(1182,NULL,2022,4,10,39,4,'Honorarios Marzo',NULL,1,NULL,NULL,NULL),(1183,NULL,2022,5,10,39,4,'Honorarios Abril',NULL,1,NULL,NULL,NULL),(1184,NULL,2022,6,10,39,4,'Honorarios Mayo',NULL,1,NULL,NULL,NULL),(1185,NULL,2022,7,10,39,4,'Honorarios Junio',NULL,1,NULL,NULL,NULL);
INSERT INTO `vto_vencimiento` VALUES (1186,NULL,2022,8,10,39,4,'Honorarios Julio',NULL,1,NULL,NULL,NULL),(1187,NULL,2022,9,10,39,4,'Honorarios Agosto',NULL,1,NULL,NULL,NULL),(1188,NULL,2022,10,10,39,4,'Honorarios Septiembre',NULL,1,NULL,NULL,NULL),(1189,NULL,2022,11,10,39,4,'Honorarios Octubre',NULL,1,NULL,NULL,NULL),(1190,NULL,2022,12,10,39,4,'Honorarios Noviembre',NULL,1,NULL,NULL,NULL),(1191,NULL,2021,2,17,40,22,'Febrero',NULL,1,NULL,NULL,NULL),(1192,NULL,2021,2,18,40,23,'Febrero',NULL,1,NULL,NULL,NULL),(1193,NULL,2021,3,16,40,22,'Marzo',NULL,1,NULL,NULL,NULL),(1194,NULL,2021,3,17,40,23,'Marzo',NULL,1,NULL,NULL,NULL),(1195,NULL,2021,4,16,40,22,'Abril',NULL,1,NULL,NULL,NULL),(1196,NULL,2021,4,17,40,23,'Abril',NULL,1,NULL,NULL,NULL),(1197,NULL,2021,5,18,40,22,'Mayo',NULL,1,NULL,NULL,NULL),(1198,NULL,2021,5,19,40,23,'Mayo',NULL,1,NULL,NULL,NULL),(1199,NULL,2021,6,16,40,22,'Junio',NULL,1,NULL,NULL,NULL),(1200,NULL,2021,6,17,40,23,'Junio',NULL,1,NULL,NULL,NULL),(1201,NULL,2021,7,16,40,22,'Julio',NULL,1,NULL,NULL,NULL),(1202,NULL,2021,7,17,40,23,'Julio',NULL,1,NULL,NULL,NULL),(1203,NULL,2021,8,18,40,22,'Agosto',NULL,1,NULL,NULL,NULL),(1204,NULL,2021,8,19,40,23,'Agosto',NULL,1,NULL,NULL,NULL),(1205,NULL,2021,9,16,40,22,'Septiembre',NULL,1,NULL,NULL,NULL),(1206,NULL,2021,9,17,40,23,'Septiembre',NULL,1,NULL,NULL,NULL),(1207,NULL,2021,10,16,40,22,'Octubre',NULL,1,NULL,NULL,NULL),(1208,NULL,2021,10,19,40,23,'Octubre',NULL,1,NULL,NULL,NULL),(1209,NULL,2021,11,16,40,22,'Noviembre',NULL,1,NULL,NULL,NULL),(1210,NULL,2021,11,17,40,23,'Noviembre',NULL,1,NULL,NULL,NULL),(1211,NULL,2021,1,20,41,4,'Enero',NULL,1,NULL,NULL,NULL),(1212,NULL,2021,2,20,41,4,'Febrero',NULL,1,NULL,NULL,NULL),(1213,NULL,2021,3,20,41,4,'Marzo',NULL,1,NULL,NULL,NULL),(1214,NULL,2021,4,20,41,4,'Abril',NULL,1,NULL,NULL,NULL),(1215,NULL,2021,5,20,41,4,'Mayo',NULL,1,NULL,NULL,NULL),(1216,NULL,2021,6,22,41,4,'Junio',NULL,1,NULL,NULL,NULL),(1217,NULL,2021,7,20,41,4,'Julio',NULL,1,NULL,NULL,NULL),(1218,NULL,2021,8,20,41,4,'Agosto',NULL,1,NULL,NULL,NULL),(1219,NULL,2021,9,21,41,4,'Septiembre',NULL,1,NULL,NULL,NULL),(1220,NULL,2021,10,20,41,4,'Octubre',NULL,1,NULL,NULL,NULL),(1221,NULL,2021,11,20,41,4,'Noviembre',NULL,1,NULL,NULL,NULL),(1222,NULL,2021,12,21,41,4,'Diciembre',NULL,1,NULL,NULL,NULL),(1223,NULL,2020,1,9,42,1,'12',NULL,1,NULL,NULL,NULL),(1224,NULL,2020,1,10,42,2,'12',NULL,1,NULL,NULL,NULL),(1225,NULL,2020,1,13,42,3,'12',NULL,1,NULL,NULL,NULL),(1226,NULL,2020,2,9,42,1,'1',NULL,1,NULL,NULL,NULL),(1227,NULL,2020,2,10,42,2,'1',NULL,1,NULL,NULL,NULL),(1228,NULL,2020,2,13,42,3,'1',NULL,1,NULL,NULL,NULL),(1229,NULL,2020,3,9,42,1,'2',NULL,1,NULL,NULL,NULL),(1230,NULL,2020,3,10,42,2,'2',NULL,1,NULL,NULL,NULL),(1231,NULL,2020,3,13,42,3,'2',NULL,1,NULL,NULL,NULL),(1232,NULL,2020,4,9,42,1,'3',NULL,1,NULL,NULL,NULL),(1233,NULL,2020,4,10,42,2,'3',NULL,1,NULL,NULL,NULL),(1234,NULL,2020,4,13,42,3,'3',NULL,1,NULL,NULL,NULL),(1235,NULL,2020,5,9,42,1,'4',NULL,1,NULL,NULL,NULL),(1236,NULL,2020,5,10,42,2,'4',NULL,1,NULL,NULL,NULL),(1237,NULL,2020,5,13,42,3,'4',NULL,1,NULL,NULL,NULL),(1238,NULL,2020,6,9,42,1,'5',NULL,1,NULL,NULL,NULL),(1239,NULL,2020,6,10,42,2,'5',NULL,1,NULL,NULL,NULL),(1240,NULL,2020,6,13,42,3,'5',NULL,1,NULL,NULL,NULL),(1241,NULL,2020,7,9,42,1,'6',NULL,1,NULL,NULL,NULL),(1242,NULL,2020,7,10,42,2,'6',NULL,1,NULL,NULL,NULL),(1243,NULL,2020,7,13,42,3,'6',NULL,1,NULL,NULL,NULL),(1244,NULL,2020,8,9,42,1,'7',NULL,1,NULL,NULL,NULL),(1245,NULL,2020,8,10,42,2,'7',NULL,1,NULL,NULL,NULL),(1246,NULL,2020,8,13,42,3,'7',NULL,1,NULL,NULL,NULL),(1247,NULL,2020,9,9,42,1,'8',NULL,1,NULL,NULL,NULL),(1248,NULL,2020,9,10,42,2,'8',NULL,1,NULL,NULL,NULL),(1249,NULL,2020,9,13,42,3,'8',NULL,1,NULL,NULL,NULL),(1250,NULL,2020,10,9,42,1,'9',NULL,1,NULL,NULL,NULL),(1251,NULL,2020,10,10,42,2,'9',NULL,1,NULL,NULL,NULL),(1252,NULL,2020,10,13,42,3,'9',NULL,1,NULL,NULL,NULL),(1253,NULL,2020,11,9,42,1,'10',NULL,1,NULL,NULL,NULL),(1254,NULL,2020,11,10,42,2,'10',NULL,1,NULL,NULL,NULL);
INSERT INTO `vto_vencimiento` VALUES (1255,NULL,2020,11,13,42,3,'10',NULL,1,NULL,NULL,NULL),(1256,NULL,2020,12,9,42,1,'11',NULL,1,NULL,NULL,NULL),(1257,NULL,2020,12,10,42,2,'11',NULL,1,NULL,NULL,NULL),(1258,NULL,2020,12,13,42,3,'11',NULL,1,NULL,NULL,NULL),(1295,NULL,2022,2,19,44,9,'ENERO',NULL,1,NULL,NULL,NULL),(1296,NULL,2022,2,22,44,10,'ENERO',NULL,1,NULL,NULL,NULL),(1297,NULL,2022,2,23,44,11,'ENERO',NULL,1,NULL,NULL,NULL),(1298,NULL,2022,2,24,44,7,'ENERO',NULL,1,NULL,NULL,NULL),(1299,NULL,2022,2,14,44,8,'ENERO',NULL,1,NULL,NULL,NULL),(1300,NULL,2022,3,17,44,9,'FEBRERO',NULL,1,NULL,NULL,NULL),(1301,NULL,2022,3,18,44,10,'FEBRERO',NULL,1,NULL,NULL,NULL),(1302,NULL,2022,3,19,44,11,'FEBRERO',NULL,1,NULL,NULL,NULL),(1303,NULL,2022,3,20,44,7,'FEBRERO',NULL,1,NULL,NULL,NULL),(1304,NULL,2022,3,15,44,8,'FEBRERO',NULL,1,NULL,NULL,NULL),(1305,NULL,2022,4,17,44,9,'MARZO',NULL,1,NULL,NULL,NULL),(1306,NULL,2022,4,18,44,10,'MARZO',NULL,1,NULL,NULL,NULL),(1307,NULL,2022,4,22,44,11,'MARZO',NULL,1,NULL,NULL,NULL),(1308,NULL,2022,4,23,44,7,'MARZO',NULL,1,NULL,NULL,NULL),(1309,NULL,2022,4,15,44,8,'MARZO',NULL,1,NULL,NULL,NULL),(1310,NULL,2022,5,16,44,9,'ABRIL',NULL,1,NULL,NULL,NULL),(1311,NULL,2022,5,19,44,10,'ABRIL',NULL,1,NULL,NULL,NULL),(1312,NULL,2022,5,20,44,11,'ABRIL',NULL,1,NULL,NULL,NULL),(1313,NULL,2022,5,21,44,7,'ABRIL',NULL,1,NULL,NULL,NULL),(1314,NULL,2023,5,13,44,8,'ABRIL',NULL,1,NULL,NULL,NULL),(1315,NULL,2023,6,16,44,9,'MAYO',NULL,1,NULL,NULL,NULL),(1316,NULL,2023,6,17,44,10,'MAYO',NULL,1,NULL,NULL,NULL),(1317,NULL,2023,6,18,44,11,'MAYO',NULL,1,NULL,NULL,NULL),(1318,NULL,2023,6,19,44,7,'MAYO',NULL,1,NULL,NULL,NULL),(1319,NULL,2020,6,19,44,8,'MAYO',NULL,1,NULL,NULL,NULL),(1320,NULL,2020,7,15,44,9,'JUNIO',NULL,1,NULL,NULL,NULL),(1321,NULL,2020,7,17,44,10,'JUNIO',NULL,1,NULL,NULL,NULL),(1322,NULL,2020,7,20,44,11,'JUNIO',NULL,1,NULL,NULL,NULL),(1323,NULL,2020,7,21,44,7,'JUNIO',NULL,1,NULL,NULL,NULL),(1324,NULL,2020,7,22,44,8,'JUNIO',NULL,1,NULL,NULL,NULL),(1325,NULL,2020,8,13,44,9,'JULIO',NULL,1,NULL,NULL,NULL),(1326,NULL,2020,8,14,44,10,'JULIO',NULL,1,NULL,NULL,NULL),(1327,NULL,2020,8,18,44,11,'JULIO',NULL,1,NULL,NULL,NULL),(1328,NULL,2020,8,19,44,7,'JULIO',NULL,1,NULL,NULL,NULL),(1329,NULL,2020,8,20,44,8,'JULIO',NULL,1,NULL,NULL,NULL),(1330,NULL,2020,9,15,44,9,'AGOSTO',NULL,1,NULL,NULL,NULL),(1331,NULL,2020,9,16,44,10,'AGOSTO',NULL,1,NULL,NULL,NULL),(1332,NULL,2020,9,17,44,11,'AGOSTO',NULL,1,NULL,NULL,NULL),(1333,NULL,2020,9,18,44,7,'AGOSTO',NULL,1,NULL,NULL,NULL),(1334,NULL,2020,9,21,44,8,'AGOSTO',NULL,1,NULL,NULL,NULL),(1335,NULL,2020,10,15,44,9,'SEPTIEMBRE',NULL,1,NULL,NULL,NULL),(1336,NULL,2020,10,16,44,10,'SEPTIEMBRE',NULL,1,NULL,NULL,NULL),(1337,NULL,2020,10,19,44,11,'SEPTIEMBRE',NULL,1,NULL,NULL,NULL),(1338,NULL,2020,10,20,44,7,'SEPTIEMBRE',NULL,1,NULL,NULL,NULL),(1339,NULL,2020,10,21,44,8,'SEPTIEMBRE',NULL,1,NULL,NULL,NULL),(1340,NULL,2020,11,13,44,9,'OCTUBRE',NULL,1,NULL,NULL,NULL),(1341,NULL,2020,11,17,44,10,'OCTUBRE',NULL,1,NULL,NULL,NULL),(1342,NULL,2020,11,18,44,11,'OCTUBRE',NULL,1,NULL,NULL,NULL),(1343,NULL,2020,11,19,44,7,'OCTUBRE',NULL,1,NULL,NULL,NULL),(1344,NULL,2020,11,20,44,8,'OCTUBRE',NULL,1,NULL,NULL,NULL),(1345,NULL,2020,12,15,44,9,'NOVIEMBRE',NULL,1,NULL,NULL,NULL),(1346,NULL,2020,12,16,44,10,'NOVIEMBRE',NULL,1,NULL,NULL,NULL),(1347,NULL,2020,12,17,44,11,'NOVIEMBRE',NULL,1,NULL,NULL,NULL),(1348,NULL,2020,12,18,44,7,'NOVIEMBRE',NULL,1,NULL,NULL,NULL),(1349,NULL,2020,12,21,44,8,'NOVIEMBRE',NULL,1,NULL,NULL,NULL),(1350,NULL,2021,1,13,44,9,'DICIEMBRE',NULL,1,NULL,NULL,NULL),(1351,NULL,2021,1,14,44,10,'DICIEMBRE',NULL,1,NULL,NULL,NULL),(1352,NULL,2021,1,15,44,11,'DICIEMBRE',NULL,1,NULL,NULL,NULL),(1353,NULL,2021,1,18,44,7,'DICIEMBRE',NULL,1,NULL,NULL,NULL),(1354,NULL,2021,1,19,44,8,'DICIEMBRE',NULL,1,NULL,NULL,NULL),(1355,NULL,2020,1,15,45,5,'DICIEMBRE',NULL,1,NULL,NULL,NULL),(1356,NULL,2020,1,16,45,6,'DICIEMBRE',NULL,1,NULL,NULL,NULL),(1357,NULL,2020,1,17,45,7,'DICIEMBRE',NULL,1,NULL,NULL,NULL);
INSERT INTO `vto_vencimiento` VALUES (1358,NULL,2020,1,20,45,8,'DICIEMBRE',NULL,1,NULL,NULL,NULL),(1359,NULL,2020,2,17,45,5,'ENERO',NULL,1,NULL,NULL,NULL),(1360,NULL,2020,2,18,45,6,'ENERO',NULL,1,NULL,NULL,NULL),(1361,NULL,2020,2,19,45,7,'ENERO',NULL,1,NULL,NULL,NULL),(1362,NULL,2020,2,20,45,8,'ENERO',NULL,1,NULL,NULL,NULL),(1363,NULL,2020,3,16,45,5,'FEBRERO',NULL,1,NULL,NULL,NULL),(1364,NULL,2020,3,17,45,6,'FEBRERO',NULL,1,NULL,NULL,NULL),(1365,NULL,2020,3,18,45,7,'FEBRERO',NULL,1,NULL,NULL,NULL),(1366,NULL,2020,3,19,45,8,'FEBRERO',NULL,1,NULL,NULL,NULL),(1367,NULL,2020,4,15,45,5,'MARZO',NULL,1,NULL,NULL,NULL),(1368,NULL,2020,4,16,45,6,'MARZO',NULL,1,NULL,NULL,NULL),(1369,NULL,2020,4,17,45,7,'MARZO',NULL,1,NULL,NULL,NULL),(1370,NULL,2020,4,20,45,8,'MARZO',NULL,1,NULL,NULL,NULL),(1371,NULL,2020,5,15,45,5,'ABRIL',NULL,1,NULL,NULL,NULL),(1372,NULL,2020,5,18,45,6,'ABRIL',NULL,1,NULL,NULL,NULL),(1373,NULL,2020,5,19,45,7,'ABRIL',NULL,1,NULL,NULL,NULL),(1374,NULL,2020,5,20,45,8,'ABRIL',NULL,1,NULL,NULL,NULL),(1375,NULL,2020,6,16,45,5,'MAYO',NULL,1,NULL,NULL,NULL),(1376,NULL,2020,6,17,45,6,'MAYO',NULL,1,NULL,NULL,NULL),(1377,NULL,2020,6,18,45,7,'MAYO',NULL,1,NULL,NULL,NULL),(1378,NULL,2020,6,19,45,8,'MAYO',NULL,1,NULL,NULL,NULL),(1379,NULL,2020,7,15,45,5,'JUNIO',NULL,1,NULL,NULL,NULL),(1380,NULL,2020,7,16,45,6,'JUNIO',NULL,1,NULL,NULL,NULL),(1381,NULL,2020,7,17,45,7,'JUNIO',NULL,1,NULL,NULL,NULL),(1382,NULL,2020,7,20,45,8,'JUNIO',NULL,1,NULL,NULL,NULL),(1383,NULL,2020,8,18,45,5,'JULIO',NULL,1,NULL,NULL,NULL),(1384,NULL,2020,8,19,45,6,'JULIO',NULL,1,NULL,NULL,NULL),(1385,NULL,2020,8,20,45,7,'JULIO',NULL,1,NULL,NULL,NULL),(1386,NULL,2020,8,21,45,8,'JULIO',NULL,1,NULL,NULL,NULL),(1387,NULL,2020,9,15,45,5,'AGOSTO',NULL,1,NULL,NULL,NULL),(1388,NULL,2020,9,16,45,6,'AGOSTO',NULL,1,NULL,NULL,NULL),(1389,NULL,2020,9,17,45,7,'AGOSTO',NULL,1,NULL,NULL,NULL),(1390,NULL,2020,9,18,45,8,'AGOSTO',NULL,1,NULL,NULL,NULL),(1391,NULL,2020,10,15,45,5,'SEPTIEMBRE',NULL,1,NULL,NULL,NULL),(1392,NULL,2020,10,16,45,6,'SEPTIEMBRE',NULL,1,NULL,NULL,NULL),(1393,NULL,2020,10,19,45,7,'SEPTIEMBRE',NULL,1,NULL,NULL,NULL),(1394,NULL,2020,10,20,45,8,'SEPTIEMBRE',NULL,1,NULL,NULL,NULL),(1395,NULL,2020,11,16,45,5,'OCTUBRE',NULL,1,NULL,NULL,NULL),(1396,NULL,2020,11,17,45,6,'OCTUBRE',NULL,1,NULL,NULL,NULL),(1397,NULL,2020,11,18,45,7,'OCTUBRE',NULL,1,NULL,NULL,NULL),(1398,NULL,2020,11,19,45,8,'OCTUBRE',NULL,1,NULL,NULL,NULL),(1399,NULL,2020,12,15,45,5,'NOVIEMBRE',NULL,1,NULL,NULL,NULL),(1400,NULL,2020,12,16,45,6,'NOVIEMBRE',NULL,1,NULL,NULL,NULL),(1401,NULL,2020,12,17,45,7,'NOVIEMBRE',NULL,1,NULL,NULL,NULL),(1402,NULL,2020,12,18,45,8,'NOVIEMBRE',NULL,1,NULL,NULL,NULL),(1403,NULL,2020,8,24,46,5,'ANUAL',NULL,1,NULL,NULL,NULL),(1404,NULL,2020,8,25,46,6,'ANUAL',NULL,1,NULL,NULL,NULL),(1405,NULL,2020,8,26,46,7,'ANUAL',NULL,1,NULL,NULL,NULL),(1406,NULL,2020,8,27,46,8,'ANUAL',NULL,1,NULL,NULL,NULL),(1407,NULL,2020,1,15,47,5,'DICIEMBRE',NULL,1,NULL,NULL,NULL),(1408,NULL,2020,1,16,47,6,'DICIEMBRE',NULL,1,NULL,NULL,NULL),(1409,NULL,2020,1,17,47,7,'DICIEMBRE',NULL,1,NULL,NULL,NULL),(1410,NULL,2020,1,20,47,8,'DICIEMBRE',NULL,1,NULL,NULL,NULL),(1411,NULL,2020,2,17,47,5,'ENERO',NULL,1,NULL,NULL,NULL),(1412,NULL,2020,2,18,47,6,'ENERO',NULL,1,NULL,NULL,NULL),(1413,NULL,2020,2,19,47,7,'ENERO',NULL,1,NULL,NULL,NULL),(1414,NULL,2020,2,20,47,8,'ENERO',NULL,1,NULL,NULL,NULL),(1415,NULL,2020,3,16,47,5,'FEBRERO',NULL,1,NULL,NULL,NULL),(1416,NULL,2020,3,17,47,6,'FEBRERO',NULL,1,NULL,NULL,NULL),(1417,NULL,2020,3,18,47,7,'FEBRERO',NULL,1,NULL,NULL,NULL),(1418,NULL,2020,3,19,47,8,'FEBRERO',NULL,1,NULL,NULL,NULL),(1419,NULL,2020,4,15,47,5,'MARZO',NULL,1,NULL,NULL,NULL),(1420,NULL,2020,4,16,47,6,'MARZO',NULL,1,NULL,NULL,NULL),(1421,NULL,2020,4,17,47,7,'MARZO',NULL,1,NULL,NULL,NULL),(1422,NULL,2020,4,20,47,8,'MARZO',NULL,1,NULL,NULL,NULL),(1423,NULL,2020,5,15,47,5,'ABRIL',NULL,1,NULL,NULL,NULL),(1424,NULL,2020,5,18,47,6,'ABRIL',NULL,1,NULL,NULL,NULL),(1425,NULL,2020,5,19,47,7,'ABRIL',NULL,1,NULL,NULL,NULL);
INSERT INTO `vto_vencimiento` VALUES (1426,NULL,2020,5,20,47,8,'ABRIL',NULL,1,NULL,NULL,NULL),(1427,NULL,2020,6,16,47,5,'MAYO',NULL,1,NULL,NULL,NULL),(1428,NULL,2020,6,17,47,6,'MAYO',NULL,1,NULL,NULL,NULL),(1429,NULL,2020,6,18,47,7,'MAYO',NULL,1,NULL,NULL,NULL),(1430,NULL,2020,6,19,47,8,'MAYO',NULL,1,NULL,NULL,NULL),(1431,NULL,2020,7,15,47,5,'JUNIO',NULL,1,NULL,NULL,NULL),(1432,NULL,2020,7,16,47,6,'JUNIO',NULL,1,NULL,NULL,NULL),(1433,NULL,2020,7,17,47,7,'JUNIO',NULL,1,NULL,NULL,NULL),(1434,NULL,2020,7,20,47,8,'JUNIO',NULL,1,NULL,NULL,NULL),(1435,NULL,2020,8,18,47,5,'JULIO',NULL,1,NULL,NULL,NULL),(1436,NULL,2020,8,19,47,6,'JULIO',NULL,1,NULL,NULL,NULL),(1437,NULL,2020,8,20,47,7,'JULIO',NULL,1,NULL,NULL,NULL),(1438,NULL,2020,8,21,47,8,'JULIO',NULL,1,NULL,NULL,NULL),(1439,NULL,2020,9,15,47,5,'AGOSTO',NULL,1,NULL,NULL,NULL),(1440,NULL,2020,9,16,47,6,'AGOSTO',NULL,1,NULL,NULL,NULL),(1441,NULL,2020,9,17,47,7,'AGOSTO',NULL,1,NULL,NULL,NULL),(1442,NULL,2020,9,18,47,8,'AGOSTO',NULL,1,NULL,NULL,NULL),(1443,NULL,2020,10,15,47,5,'SEPTIEMBRE',NULL,1,NULL,NULL,NULL),(1444,NULL,2020,10,16,47,6,'SEPTIEMBRE',NULL,1,NULL,NULL,NULL),(1445,NULL,2020,10,19,47,7,'SEPTIEMBRE',NULL,1,NULL,NULL,NULL),(1446,NULL,2020,10,20,47,8,'SEPTIEMBRE',NULL,1,NULL,NULL,NULL),(1447,NULL,2020,11,16,47,5,'OCTUBRE',NULL,1,NULL,NULL,NULL),(1448,NULL,2020,11,17,47,6,'OCTUBRE',NULL,1,NULL,NULL,NULL),(1449,NULL,2020,11,18,47,7,'OCTUBRE',NULL,1,NULL,NULL,NULL),(1450,NULL,2020,11,19,47,8,'OCTUBRE',NULL,1,NULL,NULL,NULL),(1451,NULL,2020,12,15,47,5,'NOVIEMBRE',NULL,1,NULL,NULL,NULL),(1452,NULL,2020,12,16,47,6,'NOVIEMBRE',NULL,1,NULL,NULL,NULL),(1453,NULL,2020,12,17,47,7,'NOVIEMBRE',NULL,1,NULL,NULL,NULL),(1454,NULL,2020,12,18,47,8,'NOVIEMBRE',NULL,1,NULL,NULL,NULL),(1455,NULL,2020,8,24,48,5,'ANUAL',NULL,1,NULL,NULL,NULL),(1456,NULL,2020,8,25,48,6,'ANUAL',NULL,1,NULL,NULL,NULL),(1457,NULL,2020,8,26,48,7,'ANUAL',NULL,1,NULL,NULL,NULL),(1458,NULL,2020,8,27,48,8,'ANUAL',NULL,1,NULL,NULL,NULL),(1459,NULL,2020,1,20,49,9,'DICIEMBRE',NULL,1,NULL,NULL,NULL),(1460,NULL,2020,1,21,49,10,'DICIEMBRE',NULL,1,NULL,NULL,NULL),(1461,NULL,2020,1,22,49,11,'DICIEMBRE',NULL,1,NULL,NULL,NULL),(1462,NULL,2020,1,23,49,7,'DICIEMBRE',NULL,1,NULL,NULL,NULL),(1463,NULL,2020,1,24,49,8,'DICIEMBRE',NULL,1,NULL,NULL,NULL),(1464,NULL,2020,2,18,49,9,'ENERO',NULL,1,NULL,NULL,NULL),(1465,NULL,2020,2,19,49,10,'ENERO',NULL,1,NULL,NULL,NULL),(1466,NULL,2020,2,20,49,11,'ENERO',NULL,1,NULL,NULL,NULL),(1467,NULL,2020,2,21,49,7,'ENERO',NULL,1,NULL,NULL,NULL),(1468,NULL,2020,2,26,49,8,'ENERO',NULL,1,NULL,NULL,NULL),(1469,NULL,2020,3,18,49,9,'FEBRERO',NULL,1,NULL,NULL,NULL),(1470,NULL,2020,3,19,49,10,'FEBRERO',NULL,1,NULL,NULL,NULL),(1471,NULL,2020,3,20,49,11,'FEBRERO',NULL,1,NULL,NULL,NULL),(1472,NULL,2020,3,21,49,7,'FEBRERO',NULL,1,NULL,NULL,NULL),(1473,NULL,2020,3,26,49,8,'FEBRERO',NULL,1,NULL,NULL,NULL),(1474,NULL,2020,4,20,49,9,'MARZO',NULL,1,NULL,NULL,NULL),(1475,NULL,2020,4,21,49,10,'MARZO',NULL,1,NULL,NULL,NULL),(1476,NULL,2020,4,22,49,11,'MARZO',NULL,1,NULL,NULL,NULL),(1477,NULL,2020,4,23,49,7,'MARZO',NULL,1,NULL,NULL,NULL),(1478,NULL,2020,4,24,49,8,'MARZO',NULL,1,NULL,NULL,NULL),(1479,NULL,2020,5,18,49,9,'ABRIL',NULL,1,NULL,NULL,NULL),(1480,NULL,2020,5,19,49,10,'ABRIL',NULL,1,NULL,NULL,NULL),(1481,NULL,2020,5,20,49,11,'ABRIL',NULL,1,NULL,NULL,NULL),(1482,NULL,2020,5,21,49,7,'ABRIL',NULL,1,NULL,NULL,NULL),(1483,NULL,2020,5,22,49,8,'ABRIL',NULL,1,NULL,NULL,NULL),(1484,NULL,2020,6,18,49,9,'MAYO',NULL,1,NULL,NULL,NULL),(1485,NULL,2020,6,19,49,10,'MAYO',NULL,1,NULL,NULL,NULL),(1486,NULL,2020,6,22,49,11,'MAYO',NULL,1,NULL,NULL,NULL),(1487,NULL,2020,6,23,49,7,'MAYO',NULL,1,NULL,NULL,NULL),(1488,NULL,2020,6,24,49,8,'MAYO',NULL,1,NULL,NULL,NULL),(1489,NULL,2020,7,20,49,9,'JUNIO',NULL,1,NULL,NULL,NULL),(1490,NULL,2020,7,21,49,10,'JUNIO',NULL,1,NULL,NULL,NULL),(1491,NULL,2020,7,22,49,11,'JUNIO',NULL,1,NULL,NULL,NULL),(1492,NULL,2020,7,23,49,7,'JUNIO',NULL,1,NULL,NULL,NULL),(1493,NULL,2020,7,24,49,8,'JUNIO',NULL,1,NULL,NULL,NULL);
INSERT INTO `vto_vencimiento` VALUES (1494,NULL,2020,8,18,49,9,'JULIO',NULL,1,NULL,NULL,NULL),(1495,NULL,2020,8,19,49,10,'JULIO',NULL,1,NULL,NULL,NULL),(1496,NULL,2020,8,20,49,11,'JULIO',NULL,1,NULL,NULL,NULL),(1497,NULL,2020,8,21,49,7,'JULIO',NULL,1,NULL,NULL,NULL),(1498,NULL,2020,8,24,49,8,'JULIO',NULL,1,NULL,NULL,NULL),(1499,NULL,2020,9,18,49,9,'AGOSTO',NULL,1,NULL,NULL,NULL),(1500,NULL,2020,9,21,49,10,'AGOSTO',NULL,1,NULL,NULL,NULL),(1501,NULL,2020,9,22,49,11,'AGOSTO',NULL,1,NULL,NULL,NULL),(1502,NULL,2020,9,23,49,7,'AGOSTO',NULL,1,NULL,NULL,NULL),(1503,NULL,2020,9,24,49,8,'AGOSTO',NULL,1,NULL,NULL,NULL),(1504,NULL,2020,10,19,49,9,'SEPTIEMBRE',NULL,1,NULL,NULL,NULL),(1505,NULL,2020,10,20,49,10,'SEPTIEMBRE',NULL,1,NULL,NULL,NULL),(1506,NULL,2020,10,21,49,11,'SEPTIEMBRE',NULL,1,NULL,NULL,NULL),(1507,NULL,2020,10,22,49,7,'SEPTIEMBRE',NULL,1,NULL,NULL,NULL),(1508,NULL,2020,10,23,49,8,'SEPTIEMBRE',NULL,1,NULL,NULL,NULL),(1509,NULL,2020,11,18,49,9,'OCTUBRE',NULL,1,NULL,NULL,NULL),(1510,NULL,2020,11,19,49,10,'OCTUBRE',NULL,1,NULL,NULL,NULL),(1511,NULL,2020,11,20,49,11,'OCTUBRE',NULL,1,NULL,NULL,NULL),(1512,NULL,2020,11,24,49,7,'OCTUBRE',NULL,1,NULL,NULL,NULL),(1513,NULL,2020,11,25,49,8,'OCTUBRE',NULL,1,NULL,NULL,NULL),(1514,NULL,2020,12,18,49,9,'NOVIEMBRE',NULL,1,NULL,NULL,NULL),(1515,NULL,2020,12,21,49,10,'NOVIEMBRE',NULL,1,NULL,NULL,NULL),(1516,NULL,2020,12,22,49,11,'NOVIEMBRE',NULL,1,NULL,NULL,NULL),(1517,NULL,2020,12,23,49,7,'NOVIEMBRE',NULL,1,NULL,NULL,NULL),(1518,NULL,2020,12,28,49,8,'NOVIEMBRE',NULL,1,NULL,NULL,NULL),(1519,NULL,2020,1,20,50,9,'DICIEMBRE',NULL,1,NULL,NULL,NULL),(1520,NULL,2020,1,21,50,10,'DICIEMBRE',NULL,1,NULL,NULL,NULL),(1521,NULL,2020,1,22,50,11,'DICIEMBRE',NULL,1,NULL,NULL,NULL),(1522,NULL,2020,1,23,50,7,'DICIEMBRE',NULL,1,NULL,NULL,NULL),(1523,NULL,2020,1,24,50,8,'DICIEMBRE',NULL,1,NULL,NULL,NULL),(1524,NULL,2020,2,18,50,9,'ENERO',NULL,1,NULL,NULL,NULL),(1525,NULL,2020,2,19,50,10,'ENERO',NULL,1,NULL,NULL,NULL),(1526,NULL,2020,2,20,50,11,'ENERO',NULL,1,NULL,NULL,NULL),(1527,NULL,2020,2,21,50,7,'ENERO',NULL,1,NULL,NULL,NULL),(1528,NULL,2020,2,26,50,8,'ENERO',NULL,1,NULL,NULL,NULL),(1529,NULL,2020,3,18,50,9,'FEBRERO',NULL,1,NULL,NULL,NULL),(1530,NULL,2020,3,19,50,10,'FEBRERO',NULL,1,NULL,NULL,NULL),(1531,NULL,2020,3,20,50,11,'FEBRERO',NULL,1,NULL,NULL,NULL),(1532,NULL,2020,3,21,50,7,'FEBRERO',NULL,1,NULL,NULL,NULL),(1533,NULL,2020,3,26,50,8,'FEBRERO',NULL,1,NULL,NULL,NULL),(1534,NULL,2020,4,20,50,9,'MARZO',NULL,1,NULL,NULL,NULL),(1535,NULL,2020,4,21,50,10,'MARZO',NULL,1,NULL,NULL,NULL),(1536,NULL,2020,4,22,50,11,'MARZO',NULL,1,NULL,NULL,NULL),(1537,NULL,2020,4,23,50,7,'MARZO',NULL,1,NULL,NULL,NULL),(1538,NULL,2020,4,24,50,8,'MARZO',NULL,1,NULL,NULL,NULL),(1539,NULL,2020,5,18,50,9,'ABRIL',NULL,1,NULL,NULL,NULL),(1540,NULL,2020,5,19,50,10,'ABRIL',NULL,1,NULL,NULL,NULL),(1541,NULL,2020,5,20,50,11,'ABRIL',NULL,1,NULL,NULL,NULL),(1542,NULL,2020,5,21,50,7,'ABRIL',NULL,1,NULL,NULL,NULL),(1543,NULL,2020,5,22,50,8,'ABRIL',NULL,1,NULL,NULL,NULL),(1544,NULL,2020,6,18,50,9,'MAYO',NULL,1,NULL,NULL,NULL),(1545,NULL,2020,6,19,50,10,'MAYO',NULL,1,NULL,NULL,NULL),(1546,NULL,2020,6,22,50,11,'MAYO',NULL,1,NULL,NULL,NULL),(1547,NULL,2020,6,23,50,7,'MAYO',NULL,1,NULL,NULL,NULL),(1548,NULL,2020,6,24,50,8,'MAYO',NULL,1,NULL,NULL,NULL),(1549,NULL,2020,7,20,50,9,'JUNIO',NULL,1,NULL,NULL,NULL),(1550,NULL,2020,7,21,50,10,'JUNIO',NULL,1,NULL,NULL,NULL),(1551,NULL,2020,7,22,50,11,'JUNIO',NULL,1,NULL,NULL,NULL),(1552,NULL,2020,7,23,50,7,'JUNIO',NULL,1,NULL,NULL,NULL),(1553,NULL,2020,7,24,50,8,'JUNIO',NULL,1,NULL,NULL,NULL),(1554,NULL,2020,8,18,50,9,'JULIO',NULL,1,NULL,NULL,NULL),(1555,NULL,2020,8,19,50,10,'JULIO',NULL,1,NULL,NULL,NULL),(1556,NULL,2020,8,20,50,11,'JULIO',NULL,1,NULL,NULL,NULL),(1557,NULL,2020,8,21,50,7,'JULIO',NULL,1,NULL,NULL,NULL),(1558,NULL,2020,8,24,50,8,'JULIO',NULL,1,NULL,NULL,NULL),(1559,NULL,2020,9,18,50,9,'AGOSTO',NULL,1,NULL,NULL,NULL),(1560,NULL,2020,9,21,50,10,'AGOSTO',NULL,1,NULL,NULL,NULL);
INSERT INTO `vto_vencimiento` VALUES (1561,NULL,2020,9,22,50,11,'AGOSTO',NULL,1,NULL,NULL,NULL),(1562,NULL,2020,9,23,50,7,'AGOSTO',NULL,1,NULL,NULL,NULL),(1563,NULL,2020,9,24,50,8,'AGOSTO',NULL,1,NULL,NULL,NULL),(1564,NULL,2020,10,19,50,9,'SEPTIEMBRE',NULL,1,NULL,NULL,NULL),(1565,NULL,2020,10,20,50,10,'SEPTIEMBRE',NULL,1,NULL,NULL,NULL),(1566,NULL,2020,10,21,50,11,'SEPTIEMBRE',NULL,1,NULL,NULL,NULL),(1567,NULL,2020,10,22,50,7,'SEPTIEMBRE',NULL,1,NULL,NULL,NULL),(1568,NULL,2020,10,23,50,8,'SEPTIEMBRE',NULL,1,NULL,NULL,NULL),(1569,NULL,2020,11,18,50,9,'OCTUBRE',NULL,1,NULL,NULL,NULL),(1570,NULL,2020,11,19,50,10,'OCTUBRE',NULL,1,NULL,NULL,NULL),(1571,NULL,2020,11,20,50,11,'OCTUBRE',NULL,1,NULL,NULL,NULL),(1572,NULL,2020,11,24,50,7,'OCTUBRE',NULL,1,NULL,NULL,NULL),(1573,NULL,2020,11,25,50,8,'OCTUBRE',NULL,1,NULL,NULL,NULL),(1574,NULL,2020,12,18,50,9,'NOVIEMBRE',NULL,1,NULL,NULL,NULL),(1575,NULL,2020,12,21,50,10,'NOVIEMBRE',NULL,1,NULL,NULL,NULL),(1576,NULL,2020,12,22,50,11,'NOVIEMBRE',NULL,1,NULL,NULL,NULL),(1577,NULL,2020,12,23,50,7,'NOVIEMBRE',NULL,1,NULL,NULL,NULL),(1578,NULL,2020,12,28,50,8,'NOVIEMBRE',NULL,1,NULL,NULL,NULL),(1579,NULL,2020,2,17,51,5,'1',NULL,1,NULL,NULL,NULL),(1580,NULL,2020,2,18,51,6,'1',NULL,1,NULL,NULL,NULL),(1581,NULL,2020,2,19,51,7,'1',NULL,1,NULL,NULL,NULL),(1582,NULL,2020,2,20,51,8,'1',NULL,1,NULL,NULL,NULL),(1583,NULL,2020,3,16,51,5,'2',NULL,1,NULL,NULL,NULL),(1584,NULL,2020,3,17,51,6,'2',NULL,1,NULL,NULL,NULL),(1585,NULL,2020,3,18,51,7,'2',NULL,1,NULL,NULL,NULL),(1586,NULL,2020,3,19,51,8,'2',NULL,1,NULL,NULL,NULL),(1587,NULL,2020,4,15,51,5,'3',NULL,1,NULL,NULL,NULL),(1588,NULL,2020,4,16,51,6,'3',NULL,1,NULL,NULL,NULL),(1589,NULL,2020,4,17,51,7,'3',NULL,1,NULL,NULL,NULL),(1590,NULL,2020,4,20,51,8,'3',NULL,1,NULL,NULL,NULL),(1591,NULL,2020,5,15,51,5,'4',NULL,1,NULL,NULL,NULL),(1592,NULL,2020,5,18,51,6,'4',NULL,1,NULL,NULL,NULL),(1593,NULL,2020,5,19,51,7,'4',NULL,1,NULL,NULL,NULL),(1594,NULL,2020,5,20,51,8,'4',NULL,1,NULL,NULL,NULL),(1595,NULL,2020,6,16,51,5,'5',NULL,1,NULL,NULL,NULL),(1596,NULL,2020,6,17,51,6,'5',NULL,1,NULL,NULL,NULL),(1597,NULL,2020,6,18,51,7,'5',NULL,1,NULL,NULL,NULL),(1598,NULL,2020,6,19,51,8,'5',NULL,1,NULL,NULL,NULL),(1599,NULL,2020,7,15,51,5,'6',NULL,1,NULL,NULL,NULL),(1600,NULL,2020,7,16,51,6,'6',NULL,1,NULL,NULL,NULL),(1601,NULL,2020,7,17,51,7,'6',NULL,1,NULL,NULL,NULL),(1602,NULL,2020,7,20,51,8,'6',NULL,1,NULL,NULL,NULL),(1603,NULL,2020,8,18,51,5,'7',NULL,1,NULL,NULL,NULL),(1604,NULL,2020,8,19,51,6,'7',NULL,1,NULL,NULL,NULL),(1605,NULL,2020,8,20,51,7,'7',NULL,1,NULL,NULL,NULL),(1606,NULL,2020,8,21,51,8,'7',NULL,1,NULL,NULL,NULL),(1607,NULL,2020,9,15,51,5,'8',NULL,1,NULL,NULL,NULL),(1608,NULL,2020,9,16,51,6,'8',NULL,1,NULL,NULL,NULL),(1609,NULL,2020,9,17,51,7,'8',NULL,1,NULL,NULL,NULL),(1610,NULL,2020,9,18,51,8,'8',NULL,1,NULL,NULL,NULL),(1611,NULL,2020,10,15,51,5,'9',NULL,1,NULL,NULL,NULL),(1612,NULL,2020,10,16,51,6,'9',NULL,1,NULL,NULL,NULL),(1613,NULL,2020,10,19,51,7,'9',NULL,1,NULL,NULL,NULL),(1614,NULL,2020,10,20,51,8,'9',NULL,1,NULL,NULL,NULL),(1615,NULL,2020,11,16,51,5,'10',NULL,1,NULL,NULL,NULL),(1616,NULL,2020,11,17,51,6,'10',NULL,1,NULL,NULL,NULL),(1617,NULL,2020,11,18,51,7,'10',NULL,1,NULL,NULL,NULL),(1618,NULL,2020,11,19,51,8,'10',NULL,1,NULL,NULL,NULL),(1619,NULL,2020,12,15,51,5,'11',NULL,1,NULL,NULL,NULL),(1620,NULL,2020,12,16,51,6,'11',NULL,1,NULL,NULL,NULL),(1621,NULL,2020,12,17,51,7,'11',NULL,1,NULL,NULL,NULL),(1622,NULL,2020,12,18,51,8,'11',NULL,1,NULL,NULL,NULL),(1623,NULL,2021,1,15,51,5,'12',NULL,1,NULL,NULL,NULL),(1624,NULL,2021,1,18,51,6,'12',NULL,1,NULL,NULL,NULL),(1625,NULL,2021,1,19,51,7,'12',NULL,1,NULL,NULL,NULL),(1626,NULL,2021,1,20,51,8,'12',NULL,1,NULL,NULL,NULL),(1627,NULL,2020,2,18,52,9,'ENERO',NULL,1,NULL,NULL,NULL),(1628,NULL,2020,2,19,52,10,'ENERO',NULL,1,NULL,NULL,NULL),(1629,NULL,2020,2,20,52,11,'ENERO',NULL,1,NULL,NULL,NULL),(1630,NULL,2020,2,21,52,7,'ENERO',NULL,1,NULL,NULL,NULL),(1631,NULL,2020,2,26,52,8,'ENERO',NULL,1,NULL,NULL,NULL);
INSERT INTO `vto_vencimiento` VALUES (1632,NULL,2020,3,18,52,9,'FEBRERO',NULL,1,NULL,NULL,NULL),(1633,NULL,2020,3,19,52,10,'FEBRERO',NULL,1,NULL,NULL,NULL),(1634,NULL,2020,3,20,52,11,'FEBRERO',NULL,1,NULL,NULL,NULL),(1635,NULL,2020,3,25,52,7,'FEBRERO',NULL,1,NULL,NULL,NULL),(1636,NULL,2020,3,26,52,8,'FEBRERO',NULL,1,NULL,NULL,NULL),(1637,NULL,2020,4,20,52,9,'MARZO',NULL,1,NULL,NULL,NULL),(1638,NULL,2020,4,21,52,10,'MARZO',NULL,1,NULL,NULL,NULL),(1639,NULL,2020,4,22,52,11,'MARZO',NULL,1,NULL,NULL,NULL),(1640,NULL,2020,4,23,52,7,'MARZO',NULL,1,NULL,NULL,NULL),(1641,NULL,2020,4,24,52,8,'MARZO',NULL,1,NULL,NULL,NULL),(1642,NULL,2020,5,18,52,9,'ABRIL',NULL,1,NULL,NULL,NULL),(1643,NULL,2020,5,19,52,10,'ABRIL',NULL,1,NULL,NULL,NULL),(1644,NULL,2020,5,20,52,11,'ABRIL',NULL,1,NULL,NULL,NULL),(1645,NULL,2020,5,21,52,7,'ABRIL',NULL,1,NULL,NULL,NULL),(1646,NULL,2020,5,22,52,8,'ABRIL',NULL,1,NULL,NULL,NULL),(1647,NULL,2020,6,18,52,9,'MAYO',NULL,1,NULL,NULL,NULL),(1648,NULL,2020,6,19,52,10,'MAYO',NULL,1,NULL,NULL,NULL),(1649,NULL,2020,6,22,52,11,'MAYO',NULL,1,NULL,NULL,NULL),(1650,NULL,2020,6,23,52,7,'MAYO',NULL,1,NULL,NULL,NULL),(1651,NULL,2020,6,24,52,8,'MAYO',NULL,1,NULL,NULL,NULL),(1652,NULL,2020,7,20,52,9,'JUNIO',NULL,1,NULL,NULL,NULL),(1653,NULL,2020,7,21,52,10,'JUNIO',NULL,1,NULL,NULL,NULL),(1654,NULL,2020,7,22,52,11,'JUNIO',NULL,1,NULL,NULL,NULL),(1655,NULL,2020,7,23,52,7,'JUNIO',NULL,1,NULL,NULL,NULL),(1656,NULL,2020,7,24,52,8,'JUNIO',NULL,1,NULL,NULL,NULL),(1657,NULL,2020,8,18,52,9,'JULIO',NULL,1,NULL,NULL,NULL),(1658,NULL,2020,8,19,52,10,'JULIO',NULL,1,NULL,NULL,NULL),(1659,NULL,2020,8,20,52,11,'JULIO',NULL,1,NULL,NULL,NULL),(1660,NULL,2020,8,21,52,7,'JULIO',NULL,1,NULL,NULL,NULL),(1661,NULL,2020,8,24,52,8,'JULIO',NULL,1,NULL,NULL,NULL),(1662,NULL,2020,9,18,52,9,'AGOSTO',NULL,1,NULL,NULL,NULL),(1663,NULL,2020,9,21,52,10,'AGOSTO',NULL,1,NULL,NULL,NULL),(1664,NULL,2020,9,22,52,11,'AGOSTO',NULL,1,NULL,NULL,NULL),(1665,NULL,2020,9,23,52,7,'AGOSTO',NULL,1,NULL,NULL,NULL),(1666,NULL,2020,9,24,52,8,'AGOSTO',NULL,1,NULL,NULL,NULL),(1667,NULL,2020,10,19,52,9,'SEPTIEMBRE',NULL,1,NULL,NULL,NULL),(1668,NULL,2020,10,20,52,10,'SEPTIEMBRE',NULL,1,NULL,NULL,NULL),(1669,NULL,2020,10,21,52,11,'SEPTIEMBRE',NULL,1,NULL,NULL,NULL),(1670,NULL,2020,10,22,52,7,'SEPTIEMBRE',NULL,1,NULL,NULL,NULL),(1671,NULL,2020,10,23,52,8,'SEPTIEMBRE',NULL,1,NULL,NULL,NULL),(1672,NULL,2020,11,18,52,9,'OCTUBRE',NULL,1,NULL,NULL,NULL),(1673,NULL,2020,11,19,52,10,'OCTUBRE',NULL,1,NULL,NULL,NULL),(1674,NULL,2020,11,20,52,11,'OCTUBRE',NULL,1,NULL,NULL,NULL),(1675,NULL,2020,11,24,52,7,'OCTUBRE',NULL,1,NULL,NULL,NULL),(1676,NULL,2020,11,25,52,8,'OCTUBRE',NULL,1,NULL,NULL,NULL),(1677,NULL,2020,12,18,52,9,'NOVIEMBRE',NULL,1,NULL,NULL,NULL),(1678,NULL,2020,12,21,52,10,'NOVIEMBRE',NULL,1,NULL,NULL,NULL),(1679,NULL,2020,12,22,52,11,'NOVIEMBRE',NULL,1,NULL,NULL,NULL),(1680,NULL,2020,12,23,52,7,'NOVIEMBRE',NULL,1,NULL,NULL,NULL),(1681,NULL,2020,12,24,52,8,'NOVIEMBRE',NULL,1,NULL,NULL,NULL),(1682,NULL,2021,1,18,52,9,'DICIEMBRE',NULL,1,NULL,NULL,NULL),(1683,NULL,2021,1,19,52,10,'DICIEMBRE',NULL,1,NULL,NULL,NULL),(1684,NULL,2021,1,20,52,11,'DICIEMBRE',NULL,1,NULL,NULL,NULL),(1685,NULL,2021,1,21,52,7,'DICIEMBRE',NULL,1,NULL,NULL,NULL),(1686,NULL,2021,1,22,52,8,'DICIEMBRE',NULL,1,NULL,NULL,NULL),(1687,NULL,2021,4,30,53,4,NULL,NULL,1,NULL,NULL,NULL),(1688,NULL,2021,3,31,54,4,NULL,NULL,1,NULL,NULL,NULL),(1689,NULL,2021,1,11,55,1,'12',NULL,1,NULL,NULL,NULL),(1690,NULL,2021,1,12,55,2,'12',NULL,1,NULL,NULL,NULL),(1691,NULL,2021,1,23,55,3,'12',NULL,1,NULL,NULL,NULL),(1692,NULL,2021,2,9,55,1,'1',NULL,1,NULL,NULL,NULL),(1693,NULL,2021,2,10,55,2,'1',NULL,1,NULL,NULL,NULL),(1694,NULL,2021,2,11,55,3,'1',NULL,1,NULL,NULL,NULL),(1695,NULL,2021,3,9,55,1,'2',NULL,1,NULL,NULL,NULL),(1696,NULL,2021,3,10,55,2,'2',NULL,1,NULL,NULL,NULL),(1697,NULL,2021,3,1,55,3,'2',NULL,1,NULL,NULL,NULL),(1698,NULL,2021,4,9,55,1,'3',NULL,1,NULL,NULL,NULL),(1699,NULL,2021,4,12,55,2,'3',NULL,1,NULL,NULL,NULL);
INSERT INTO `vto_vencimiento` VALUES (1700,NULL,2021,4,13,55,3,'3',NULL,1,NULL,NULL,NULL),(1701,NULL,2021,5,10,55,1,'4',NULL,1,NULL,NULL,NULL),(1702,NULL,2021,5,11,55,2,'4',NULL,1,NULL,NULL,NULL),(1703,NULL,2021,5,12,55,3,'4',NULL,1,NULL,NULL,NULL),(1704,NULL,2021,6,9,55,1,'5',NULL,1,NULL,NULL,NULL),(1705,NULL,2021,6,10,55,2,'5',NULL,1,NULL,NULL,NULL),(1706,NULL,2021,6,11,55,3,'5',NULL,1,NULL,NULL,NULL),(1707,NULL,2021,7,12,55,1,'6',NULL,1,NULL,NULL,NULL),(1708,NULL,2021,7,13,55,2,'6',NULL,1,NULL,NULL,NULL),(1709,NULL,2021,7,14,55,3,'6',NULL,1,NULL,NULL,NULL),(1710,NULL,2021,8,9,55,1,'7',NULL,1,NULL,NULL,NULL),(1711,NULL,2021,8,10,55,2,'7',NULL,1,NULL,NULL,NULL),(1712,NULL,2021,8,11,55,3,'7',NULL,1,NULL,NULL,NULL),(1713,NULL,2021,9,9,55,1,'8',NULL,1,NULL,NULL,NULL),(1714,NULL,2021,9,10,55,2,'8',NULL,1,NULL,NULL,NULL),(1715,NULL,2021,9,13,55,3,'8',NULL,1,NULL,NULL,NULL),(1716,NULL,2021,10,12,55,1,'9',NULL,1,NULL,NULL,NULL),(1717,NULL,2021,10,13,55,2,'9',NULL,1,NULL,NULL,NULL),(1718,NULL,2021,10,14,55,3,'9',NULL,1,NULL,NULL,NULL),(1719,NULL,2021,11,9,55,1,'10',NULL,1,NULL,NULL,NULL),(1720,NULL,2021,11,10,55,2,'10',NULL,1,NULL,NULL,NULL),(1721,NULL,2021,11,11,55,3,'10',NULL,1,NULL,NULL,NULL),(1722,NULL,2021,12,9,55,1,'11',NULL,1,NULL,NULL,NULL),(1723,NULL,2021,12,10,55,2,'11',NULL,1,NULL,NULL,NULL),(1724,NULL,2021,12,13,55,3,'11',NULL,1,NULL,NULL,NULL),(1725,NULL,2021,1,11,56,1,'12',NULL,1,NULL,NULL,NULL),(1726,NULL,2021,1,12,56,2,'12',NULL,1,NULL,NULL,NULL),(1727,NULL,2021,1,13,56,3,'12',NULL,1,NULL,NULL,NULL),(1728,NULL,2021,2,9,56,1,'1',NULL,1,NULL,NULL,NULL),(1729,NULL,2021,2,10,56,2,'1',NULL,1,NULL,NULL,NULL),(1730,NULL,2021,2,11,56,3,'1',NULL,1,NULL,NULL,NULL),(1731,NULL,2021,3,9,56,1,'2',NULL,1,NULL,NULL,NULL),(1732,NULL,2021,3,10,56,2,'2',NULL,1,NULL,NULL,NULL),(1733,NULL,2021,3,11,56,3,'2',NULL,1,NULL,NULL,NULL),(1734,NULL,2021,4,9,56,1,'3',NULL,1,NULL,NULL,NULL),(1735,NULL,2021,4,12,56,2,'3',NULL,1,NULL,NULL,NULL),(1736,NULL,2021,4,13,56,3,'3',NULL,1,NULL,NULL,NULL),(1737,NULL,2021,5,10,56,1,'4',NULL,1,NULL,NULL,NULL),(1738,NULL,2021,5,11,56,2,'4',NULL,1,NULL,NULL,NULL),(1739,NULL,2021,5,12,56,3,'4',NULL,1,NULL,NULL,NULL),(1740,NULL,2021,6,9,56,1,'5',NULL,1,NULL,NULL,NULL),(1741,NULL,2021,6,10,56,2,'5',NULL,1,NULL,NULL,NULL),(1742,NULL,2021,6,11,56,3,'5',NULL,1,NULL,NULL,NULL),(1743,NULL,2021,7,12,56,1,'6',NULL,1,NULL,NULL,NULL),(1744,NULL,2021,7,13,56,2,'6',NULL,1,NULL,NULL,NULL),(1745,NULL,2021,7,14,56,3,'6',NULL,1,NULL,NULL,NULL),(1746,NULL,2021,8,9,56,1,'7',NULL,1,NULL,NULL,NULL),(1747,NULL,2021,8,10,56,2,'7',NULL,1,NULL,NULL,NULL),(1748,NULL,2021,8,11,56,3,'7',NULL,1,NULL,NULL,NULL),(1749,NULL,2021,9,9,56,1,'8',NULL,1,NULL,NULL,NULL),(1750,NULL,2021,9,10,56,2,'8',NULL,1,NULL,NULL,NULL),(1751,NULL,2021,9,13,56,3,'8',NULL,1,NULL,NULL,NULL),(1752,NULL,2021,10,12,56,1,'9',NULL,1,NULL,NULL,NULL),(1753,NULL,2021,10,13,56,2,'9',NULL,1,NULL,NULL,NULL),(1754,NULL,2021,10,14,56,3,'9',NULL,1,NULL,NULL,NULL),(1755,NULL,2021,11,9,56,1,'10',NULL,1,NULL,NULL,NULL),(1756,NULL,2021,11,10,56,2,'10',NULL,1,NULL,NULL,NULL),(1757,NULL,2021,11,11,56,3,'10',NULL,1,NULL,NULL,NULL),(1758,NULL,2021,12,9,56,1,'11',NULL,1,NULL,NULL,NULL),(1759,NULL,2021,12,10,56,2,'11',NULL,1,NULL,NULL,NULL),(1760,NULL,2021,12,13,56,3,'11',NULL,1,NULL,NULL,NULL),(1761,NULL,2021,1,15,57,5,'DICIEMBRE',NULL,1,NULL,NULL,NULL),(1762,NULL,2021,1,16,57,6,'DICIEMBRE',NULL,1,NULL,NULL,NULL),(1763,NULL,2021,1,17,57,7,'DICIEMBRE',NULL,1,NULL,NULL,NULL),(1764,NULL,2021,1,20,57,8,'DICIEMBRE',NULL,1,NULL,NULL,NULL),(1765,NULL,2021,2,17,57,5,'ENERO',NULL,1,NULL,NULL,NULL),(1766,NULL,2021,2,18,57,6,'ENERO',NULL,1,NULL,NULL,NULL),(1767,NULL,2021,2,19,57,7,'ENERO',NULL,1,NULL,NULL,NULL),(1768,NULL,2021,2,20,57,8,'ENERO',NULL,1,NULL,NULL,NULL),(1769,NULL,2021,3,16,57,5,'FEBRERO',NULL,1,NULL,NULL,NULL),(1770,NULL,2021,3,17,57,6,'FEBRERO',NULL,1,NULL,NULL,NULL),(1771,NULL,2021,3,18,57,7,'FEBRERO',NULL,1,NULL,NULL,NULL),(1772,NULL,2021,3,19,57,8,'FEBRERO',NULL,1,NULL,NULL,NULL);
INSERT INTO `vto_vencimiento` VALUES (1773,NULL,2021,4,15,57,5,'MARZO',NULL,1,NULL,NULL,NULL),(1774,NULL,2021,4,16,57,6,'MARZO',NULL,1,NULL,NULL,NULL),(1775,NULL,2021,4,17,57,7,'MARZO',NULL,1,NULL,NULL,NULL),(1776,NULL,2021,4,20,57,8,'MARZO',NULL,1,NULL,NULL,NULL),(1777,NULL,2021,5,15,57,5,'ABRIL',NULL,1,NULL,NULL,NULL),(1778,NULL,2021,5,18,57,6,'ABRIL',NULL,1,NULL,NULL,NULL),(1779,NULL,2021,5,19,57,7,'ABRIL',NULL,1,NULL,NULL,NULL),(1780,NULL,2021,5,20,57,8,'ABRIL',NULL,1,NULL,NULL,NULL),(1781,NULL,2021,6,16,57,5,'MAYO',NULL,1,NULL,NULL,NULL),(1782,NULL,2021,6,17,57,6,'MAYO',NULL,1,NULL,NULL,NULL),(1783,NULL,2021,6,18,57,7,'MAYO',NULL,1,NULL,NULL,NULL),(1784,NULL,2021,6,19,57,8,'MAYO',NULL,1,NULL,NULL,NULL),(1785,NULL,2021,7,15,57,5,'JUNIO',NULL,1,NULL,NULL,NULL),(1786,NULL,2021,7,16,57,6,'JUNIO',NULL,1,NULL,NULL,NULL),(1787,NULL,2021,7,17,57,7,'JUNIO',NULL,1,NULL,NULL,NULL),(1788,NULL,2021,7,20,57,8,'JUNIO',NULL,1,NULL,NULL,NULL),(1789,NULL,2021,8,18,57,5,'JULIO',NULL,1,NULL,NULL,NULL),(1790,NULL,2021,8,19,57,6,'JULIO',NULL,1,NULL,NULL,NULL),(1791,NULL,2021,8,20,57,7,'JULIO',NULL,1,NULL,NULL,NULL),(1792,NULL,2021,8,21,57,8,'JULIO',NULL,1,NULL,NULL,NULL),(1793,NULL,2021,9,15,57,5,'AGOSTO',NULL,1,NULL,NULL,NULL),(1794,NULL,2021,9,16,57,6,'AGOSTO',NULL,1,NULL,NULL,NULL),(1795,NULL,2021,9,17,57,7,'AGOSTO',NULL,1,NULL,NULL,NULL),(1796,NULL,2021,9,18,57,8,'AGOSTO',NULL,1,NULL,NULL,NULL),(1797,NULL,2021,10,15,57,5,'SEPTIEMBRE',NULL,1,NULL,NULL,NULL),(1798,NULL,2021,10,16,57,6,'SEPTIEMBRE',NULL,1,NULL,NULL,NULL),(1799,NULL,2021,10,19,57,7,'SEPTIEMBRE',NULL,1,NULL,NULL,NULL),(1800,NULL,2021,10,20,57,8,'SEPTIEMBRE',NULL,1,NULL,NULL,NULL),(1801,NULL,2021,11,16,57,5,'OCTUBRE',NULL,1,NULL,NULL,NULL),(1802,NULL,2021,11,17,57,6,'OCTUBRE',NULL,1,NULL,NULL,NULL),(1803,NULL,2021,11,18,57,7,'OCTUBRE',NULL,1,NULL,NULL,NULL),(1804,NULL,2021,11,19,57,8,'OCTUBRE',NULL,1,NULL,NULL,NULL),(1805,NULL,2021,12,15,57,5,'NOVIEMBRE',NULL,1,NULL,NULL,NULL),(1806,NULL,2021,12,16,57,6,'NOVIEMBRE',NULL,1,NULL,NULL,NULL),(1807,NULL,2021,12,17,57,7,'NOVIEMBRE',NULL,1,NULL,NULL,NULL),(1808,NULL,2021,12,18,57,8,'NOVIEMBRE',NULL,1,NULL,NULL,NULL),(1809,NULL,2021,1,20,58,9,'Diciembre',NULL,1,NULL,NULL,NULL),(1810,NULL,2021,1,21,58,10,'Diciembre',NULL,1,NULL,NULL,NULL),(1811,NULL,2021,1,24,58,11,'Diciembre',NULL,1,NULL,NULL,NULL),(1812,NULL,2021,1,25,58,7,'Diciembre',NULL,1,NULL,NULL,NULL),(1813,NULL,2021,1,26,58,8,'Diciembre',NULL,1,NULL,NULL,NULL),(1814,NULL,2021,2,22,58,9,'Enero',NULL,1,NULL,NULL,NULL),(1815,NULL,2021,2,23,58,10,'Enero',NULL,1,NULL,NULL,NULL),(1816,NULL,2021,2,24,58,11,'Enero',NULL,1,NULL,NULL,NULL),(1817,NULL,2021,2,25,58,7,'Enero',NULL,1,NULL,NULL,NULL),(1818,NULL,2021,2,26,58,8,'Enero',NULL,1,NULL,NULL,NULL),(1819,NULL,2021,3,22,58,9,'Febrero',NULL,1,NULL,NULL,NULL),(1820,NULL,2021,3,23,58,10,'Febrero',NULL,1,NULL,NULL,NULL),(1821,NULL,2021,3,25,58,11,'Febrero',NULL,1,NULL,NULL,NULL),(1822,NULL,2021,3,26,58,7,'Febrero',NULL,1,NULL,NULL,NULL),(1823,NULL,2021,3,29,58,8,'Febrero',NULL,1,NULL,NULL,NULL),(1824,NULL,2021,4,20,58,9,'Marzo',NULL,1,NULL,NULL,NULL),(1825,NULL,2021,4,21,58,10,'Marzo',NULL,1,NULL,NULL,NULL),(1826,NULL,2021,4,22,58,11,'Marzo',NULL,1,NULL,NULL,NULL),(1827,NULL,2021,4,23,58,7,'Marzo',NULL,1,NULL,NULL,NULL),(1828,NULL,2021,4,26,58,8,'Marzo',NULL,1,NULL,NULL,NULL),(1829,NULL,2021,5,19,58,9,'Abril',NULL,1,NULL,NULL,NULL),(1830,NULL,2021,5,21,58,10,'Abril',NULL,1,NULL,NULL,NULL),(1831,NULL,2021,5,26,58,11,'Abril',NULL,1,NULL,NULL,NULL),(1832,NULL,2021,5,27,58,7,'Abril',NULL,1,NULL,NULL,NULL),(1833,NULL,2021,5,31,58,8,'Abril',NULL,1,NULL,NULL,NULL),(1834,NULL,2021,6,22,58,9,'Mayo',NULL,1,NULL,NULL,NULL),(1835,NULL,2021,6,23,58,10,'Mayo',NULL,1,NULL,NULL,NULL),(1836,NULL,2021,6,25,58,11,'Mayo',NULL,1,NULL,NULL,NULL),(1837,NULL,2021,6,28,58,7,'Mayo',NULL,1,NULL,NULL,NULL),(1838,NULL,2021,6,29,58,8,'Mayo',NULL,1,NULL,NULL,NULL),(1839,NULL,2021,7,20,58,9,'Junio',NULL,1,NULL,NULL,NULL),(1840,NULL,2021,7,21,58,10,'Junio',NULL,1,NULL,NULL,NULL);
INSERT INTO `vto_vencimiento` VALUES (1841,NULL,2021,7,22,58,11,'Junio',NULL,1,NULL,NULL,NULL),(1842,NULL,2021,7,23,58,7,'Junio',NULL,1,NULL,NULL,NULL),(1843,NULL,2021,7,26,58,8,'Junio',NULL,1,NULL,NULL,NULL),(1844,NULL,2021,8,20,58,9,'Julio',NULL,1,NULL,NULL,NULL),(1845,NULL,2021,8,23,58,10,'Julio',NULL,1,NULL,NULL,NULL),(1846,NULL,2021,8,24,58,11,'Julio',NULL,1,NULL,NULL,NULL),(1847,NULL,2021,8,25,58,7,'Julio',NULL,1,NULL,NULL,NULL),(1848,NULL,2021,8,26,58,8,'Julio',NULL,1,NULL,NULL,NULL),(1849,NULL,2021,9,20,58,9,'Agosto',NULL,1,NULL,NULL,NULL),(1850,NULL,2021,9,21,58,10,'Agosto',NULL,1,NULL,NULL,NULL),(1851,NULL,2021,9,22,58,11,'Agosto',NULL,1,NULL,NULL,NULL),(1852,NULL,2021,9,23,58,7,'Agosto',NULL,1,NULL,NULL,NULL),(1853,NULL,2021,9,24,58,8,'Agosto',NULL,1,NULL,NULL,NULL),(1854,NULL,2021,10,20,58,9,'Septiembre',NULL,1,NULL,NULL,NULL),(1855,NULL,2021,10,21,58,10,'Septiembre',NULL,1,NULL,NULL,NULL),(1856,NULL,2021,10,22,58,11,'Septiembre',NULL,1,NULL,NULL,NULL),(1857,NULL,2021,10,25,58,7,'Septiembre',NULL,1,NULL,NULL,NULL),(1858,NULL,2021,10,26,58,8,'Septiembre',NULL,1,NULL,NULL,NULL),(1859,NULL,2021,11,23,58,9,'Octubre',NULL,1,NULL,NULL,NULL),(1860,NULL,2021,11,24,58,10,'Octubre',NULL,1,NULL,NULL,NULL),(1861,NULL,2021,11,25,58,11,'Octubre',NULL,1,NULL,NULL,NULL),(1862,NULL,2021,11,26,58,7,'Octubre',NULL,1,NULL,NULL,NULL),(1863,NULL,2021,11,29,58,8,'Octubre',NULL,1,NULL,NULL,NULL),(1864,NULL,2021,12,20,58,9,'Noviembre',NULL,1,NULL,NULL,NULL),(1865,NULL,2021,12,21,58,10,'Noviembre',NULL,1,NULL,NULL,NULL),(1866,NULL,2021,12,22,58,11,'Noviembre',NULL,1,NULL,NULL,NULL),(1867,NULL,2021,12,23,58,7,'Noviembre',NULL,1,NULL,NULL,NULL),(1868,NULL,2021,12,27,58,8,'Noviembre',NULL,1,NULL,NULL,NULL),(1869,NULL,2022,7,20,19,4,'Recategorizacion 2',NULL,1,NULL,NULL,NULL),(1870,NULL,2022,1,17,59,5,'Diciembre',NULL,1,NULL,NULL,NULL),(1871,NULL,2022,1,18,59,6,'Diciembre',NULL,1,NULL,NULL,NULL),(1872,NULL,2022,1,19,59,7,'Diciembre',NULL,1,NULL,NULL,NULL),(1873,NULL,2022,1,20,59,8,'Diciembre',NULL,1,NULL,NULL,NULL),(1874,NULL,2022,2,15,59,5,'Enero',NULL,1,NULL,NULL,NULL),(1875,NULL,2022,2,16,59,6,'Enero',NULL,1,NULL,NULL,NULL),(1876,NULL,2022,2,17,59,7,'Enero',NULL,1,NULL,NULL,NULL),(1877,NULL,2022,2,18,59,8,'Enero',NULL,1,NULL,NULL,NULL),(1878,NULL,2022,3,15,59,5,'Febrero',NULL,1,NULL,NULL,NULL),(1879,NULL,2022,3,16,59,6,'Febrero',NULL,1,NULL,NULL,NULL),(1880,NULL,2022,3,17,59,7,'Febrero',NULL,1,NULL,NULL,NULL),(1881,NULL,2022,3,18,59,8,'Febrero',NULL,1,NULL,NULL,NULL),(1882,NULL,2022,4,18,59,5,'Marzo',NULL,1,NULL,NULL,NULL),(1883,NULL,2022,4,19,59,6,'Marzo',NULL,1,NULL,NULL,NULL),(1884,NULL,2022,4,20,59,7,'Marzo',NULL,1,NULL,NULL,NULL),(1885,NULL,2022,4,21,59,8,'Marzo',NULL,1,NULL,NULL,NULL),(1886,NULL,2022,5,16,59,5,'Abril',NULL,1,NULL,NULL,NULL),(1887,NULL,2022,5,17,59,6,'Abril',NULL,1,NULL,NULL,NULL),(1888,NULL,2022,5,18,59,7,'Abril',NULL,1,NULL,NULL,NULL),(1889,NULL,2022,5,19,59,8,'Abril',NULL,1,NULL,NULL,NULL),(1890,NULL,2022,6,15,59,5,'Mayo',NULL,1,NULL,NULL,NULL),(1891,NULL,2022,6,16,59,6,'Mayo',NULL,1,NULL,NULL,NULL),(1892,NULL,2022,6,21,59,7,'Mayo',NULL,1,NULL,NULL,NULL),(1893,NULL,2022,6,22,59,8,'Mayo',NULL,1,NULL,NULL,NULL),(1894,NULL,2022,7,15,59,5,'Junio',NULL,1,NULL,NULL,NULL),(1895,NULL,2022,7,18,59,6,'Junio',NULL,1,NULL,NULL,NULL),(1896,NULL,2022,7,19,59,7,'Junio',NULL,1,NULL,NULL,NULL),(1897,NULL,2022,7,20,59,8,'Junio',NULL,1,NULL,NULL,NULL),(1898,NULL,2022,8,16,59,5,'Julio',NULL,1,NULL,NULL,NULL),(1899,NULL,2022,8,17,59,6,'Julio',NULL,1,NULL,NULL,NULL),(1900,NULL,2022,8,18,59,7,'Julio',NULL,1,NULL,NULL,NULL),(1901,NULL,2022,8,19,59,8,'Julio',NULL,1,NULL,NULL,NULL),(1902,NULL,2022,9,15,59,5,'Agosto',NULL,1,NULL,NULL,NULL),(1903,NULL,2022,9,16,59,6,'Agosto',NULL,1,NULL,NULL,NULL),(1904,NULL,2022,9,19,59,7,'Agosto',NULL,1,NULL,NULL,NULL),(1905,NULL,2022,9,20,59,8,'Agosto',NULL,1,NULL,NULL,NULL),(1906,NULL,2022,10,17,59,5,'Septiembre',NULL,1,NULL,NULL,NULL),(1907,NULL,2022,10,18,59,6,'Septiembre',NULL,1,NULL,NULL,NULL);
INSERT INTO `vto_vencimiento` VALUES (1908,NULL,2022,10,19,59,7,'Septiembre',NULL,1,NULL,NULL,NULL),(1909,NULL,2022,10,20,59,8,'Septiembre',NULL,1,NULL,NULL,NULL),(1910,NULL,2022,11,15,59,5,'Octubre',NULL,1,NULL,NULL,NULL),(1911,NULL,2022,11,16,59,6,'Octubre',NULL,1,NULL,NULL,NULL),(1912,NULL,2022,11,17,59,7,'Octubre',NULL,1,NULL,NULL,NULL),(1913,NULL,2022,11,18,59,8,'Octubre',NULL,1,NULL,NULL,NULL),(1914,NULL,2022,12,15,59,5,'Noviembre',NULL,1,NULL,NULL,NULL),(1915,NULL,2022,12,16,59,6,'Noviembre',NULL,1,NULL,NULL,NULL),(1916,NULL,2022,12,19,59,7,'Noviembre',NULL,1,NULL,NULL,NULL),(1917,NULL,2022,12,20,59,8,'Noviembre',NULL,1,NULL,NULL,NULL),(1918,NULL,2022,5,16,60,5,'DDJJ Anual',NULL,1,NULL,NULL,NULL),(1919,NULL,2022,5,17,60,5,'DDJJ Anual',NULL,1,NULL,NULL,NULL),(1920,NULL,2022,5,18,60,6,'DDJJ Anual',NULL,1,NULL,NULL,NULL),(1921,NULL,2022,5,19,60,7,'DDJJ Anual',NULL,1,NULL,NULL,NULL),(1922,NULL,2022,2,17,61,5,'Enero',NULL,1,NULL,NULL,NULL),(1923,NULL,2022,2,18,61,6,'Enero',NULL,1,NULL,NULL,NULL),(1924,NULL,2022,2,21,61,7,'Enero',NULL,1,NULL,NULL,NULL),(1925,NULL,2022,2,22,61,8,'Enero',NULL,1,NULL,NULL,NULL),(1926,NULL,2022,3,16,61,5,'Febrero',NULL,1,NULL,NULL,NULL),(1927,NULL,2022,3,17,61,6,'Febrero',NULL,1,NULL,NULL,NULL),(1928,NULL,2022,3,18,61,7,'Febrero',NULL,1,NULL,NULL,NULL),(1929,NULL,2022,3,21,61,8,'Febrero',NULL,1,NULL,NULL,NULL),(1930,NULL,2022,4,18,61,5,'Marzo',NULL,1,NULL,NULL,NULL),(1931,NULL,2022,4,19,61,6,'Marzo',NULL,1,NULL,NULL,NULL),(1932,NULL,2022,4,20,61,7,'Marzo',NULL,1,NULL,NULL,NULL),(1933,NULL,2022,4,21,61,8,'Marzo',NULL,1,NULL,NULL,NULL),(1934,NULL,2022,5,17,61,5,'Abril',NULL,1,NULL,NULL,NULL),(1935,NULL,2022,5,19,61,6,'Abril',NULL,1,NULL,NULL,NULL),(1936,NULL,2022,5,20,61,7,'Abril',NULL,1,NULL,NULL,NULL),(1937,NULL,2022,5,23,61,8,'Abril',NULL,1,NULL,NULL,NULL),(1938,NULL,2022,6,21,61,5,'Mayo',NULL,1,NULL,NULL,NULL),(1939,NULL,2022,6,22,61,6,'Mayo',NULL,1,NULL,NULL,NULL),(1940,NULL,2022,6,23,61,7,'Mayo',NULL,1,NULL,NULL,NULL),(1941,NULL,2022,6,24,61,8,'Mayo',NULL,1,NULL,NULL,NULL),(1942,NULL,2022,7,18,61,5,'Junio',NULL,1,NULL,NULL,NULL),(1943,NULL,2022,7,19,61,6,'Junio',NULL,1,NULL,NULL,NULL),(1944,NULL,2022,7,20,61,7,'Junio',NULL,1,NULL,NULL,NULL),(1945,NULL,2022,7,21,61,8,'Junio',NULL,1,NULL,NULL,NULL),(1946,NULL,2022,8,16,61,5,'Julio',NULL,1,NULL,NULL,NULL),(1947,NULL,2022,8,17,61,6,'Julio',NULL,1,NULL,NULL,NULL),(1948,NULL,2022,8,18,61,7,'Julio',NULL,1,NULL,NULL,NULL),(1949,NULL,2022,8,19,61,8,'Julio',NULL,1,NULL,NULL,NULL),(1950,NULL,2022,9,19,61,5,'Agosto',NULL,1,NULL,NULL,NULL),(1951,NULL,2022,9,20,61,6,'Agosto',NULL,1,NULL,NULL,NULL),(1952,NULL,2022,9,21,61,7,'Agosto',NULL,1,NULL,NULL,NULL),(1953,NULL,2022,9,22,61,8,'Agosto',NULL,1,NULL,NULL,NULL),(1954,NULL,2022,10,17,61,5,'Septiembre',NULL,1,NULL,NULL,NULL),(1955,NULL,2022,10,18,61,6,'Septiembre',NULL,1,NULL,NULL,NULL),(1956,NULL,2022,10,19,61,7,'Septiembre',NULL,1,NULL,NULL,NULL),(1957,NULL,2022,10,20,61,8,'Septiembre',NULL,1,NULL,NULL,NULL),(1958,NULL,2022,11,16,61,5,'Octubre',NULL,1,NULL,NULL,NULL),(1959,NULL,2022,11,17,61,6,'Octubre',NULL,1,NULL,NULL,NULL),(1960,NULL,2022,11,18,61,7,'Octubre',NULL,1,NULL,NULL,NULL),(1961,NULL,2022,11,22,61,8,'Octubre',NULL,1,NULL,NULL,NULL),(1962,NULL,2022,12,19,61,5,'Noviembre',NULL,1,NULL,NULL,NULL),(1963,NULL,2022,12,20,61,6,'Noviembre',NULL,1,NULL,NULL,NULL),(1964,NULL,2022,12,21,61,7,'Noviembre',NULL,1,NULL,NULL,NULL),(1965,NULL,2022,12,22,61,8,'Noviembre',NULL,1,NULL,NULL,NULL),(1966,NULL,2023,1,17,61,5,'Diciembre',NULL,1,NULL,NULL,NULL),(1967,NULL,2023,1,18,61,6,'Diciembre',NULL,1,NULL,NULL,NULL),(1968,NULL,2023,1,19,61,7,'Diciembre',NULL,1,NULL,NULL,NULL),(1969,NULL,2023,1,20,61,8,'Diciembre',NULL,1,NULL,NULL,NULL);

--
