-- Table structure for table `person_activities`
--

CREATE TABLE `person_activities` (
  `id` int(10) unsigned NOT NULL AUTO_INCREMENT,
  `user_id` int(10) unsigned DEFAULT NULL,
  `person_id` int(10) unsigned NOT NULL,
  `activity_id` int(10) unsigned NOT NULL,
  `is_principal` tinyint(1) NOT NULL DEFAULT '0',
  `created_at` timestamp NULL DEFAULT NULL,
  `updated_at` timestamp NULL DEFAULT NULL,
  `deleted_at` timestamp NULL DEFAULT NULL,
  PRIMARY KEY (`id`),
  KEY `person_activities_person_id_foreign` (`person_id`),
  KEY `person_activities_activity_id_foreign` (`activity_id`),
  CONSTRAINT `person_activities_activity_id_foreign` FOREIGN KEY (`activity_id`) REFERENCES `activities` (`id`),
  CONSTRAINT `person_activities_person_id_foreign` FOREIGN KEY (`person_id`) REFERENCES `persons` (`id`)
) ENGINE=InnoDB AUTO_INCREMENT=15 DEFAULT CHARSET=utf8mb4 COLLATE=utf8mb4_unicode_ci;

--
-- Dumping data for table `person_activities`
--

INSERT INTO `person_activities` VALUES (7,NULL,40815,1,1,'2023-07-16 22:36:41','2023-07-16 22:36:41',NULL),(12,9323,40718,1,1,'2023-08-12 21:08:27','2023-08-12 21:08:27',NULL),(13,9323,40718,2,0,'2023-08-12 21:08:27','2023-08-12 21:08:27',NULL),(14,9323,40816,739,1,'2024-02-08 16:27:21','2024-02-08 16:27:21',NULL);

--
-- Table structure for table `person_cobrador`
--

CREATE TABLE `person_cobrador` (
  `id` bigint(20) unsigned NOT NULL AUTO_INCREMENT,
  `person_id` int(10) unsigned NOT NULL,
  `person_id_relationed` int(10) unsigned DEFAULT NULL,
  `cobrador_id` bigint(20) unsigned NOT NULL,
  `created_at` timestamp NULL DEFAULT NULL,
  `updated_at` timestamp NULL DEFAULT NULL,
  `deleted_at` timestamp NULL DEFAULT NULL,
  PRIMARY KEY (`id`),
  KEY `person_cobrador_person_id_foreign` (`person_id`),
  KEY `person_cobrador_cobrador_id_foreign` (`cobrador_id`),
  KEY `person_cobrador_person_id_relationed_foreign` (`person_id_relationed`),
  CONSTRAINT `person_cobrador_cobrador_id_foreign` FOREIGN KEY (`cobrador_id`) REFERENCES `cobradores` (`id`),
  CONSTRAINT `person_cobrador_person_id_foreign` FOREIGN KEY (`person_id`) REFERENCES `persons` (`id`),
  CONSTRAINT `person_cobrador_person_id_relationed_foreign` FOREIGN KEY (`person_id_relationed`) REFERENCES `persons` (`id`)
) ENGINE=InnoDB DEFAULT CHARSET=utf8mb4 COLLATE=utf8mb4_unicode_ci;

--
-- Dumping data for table `person_cobrador`
--


--
-- Table structure for table `person_cobrador_history`
--

CREATE TABLE `person_cobrador_history` (
  `id` bigint(20) unsigned NOT NULL AUTO_INCREMENT,
  `user_id` int(10) unsigned DEFAULT NULL,
  `person_id` int(10) unsigned NOT NULL,
  `person_id_relationed` int(10) unsigned NOT NULL,
  `cobrador_id` bigint(20) unsigned NOT NULL,
  `created_at` timestamp NULL DEFAULT NULL,
  `updated_at` timestamp NULL DEFAULT NULL,
  `deleted_at` timestamp NULL DEFAULT NULL,
  PRIMARY KEY (`id`),
  KEY `person_cobrador_history_person_id_foreign` (`person_id`),
  KEY `person_cobrador_history_person_id_relationed_foreign` (`person_id_relationed`),
  KEY `person_cobrador_history_cobrador_id_foreign` (`cobrador_id`),
  CONSTRAINT `person_cobrador_history_cobrador_id_foreign` FOREIGN KEY (`cobrador_id`) REFERENCES `cobradores` (`id`),
  CONSTRAINT `person_cobrador_history_person_id_foreign` FOREIGN KEY (`person_id`) REFERENCES `persons` (`id`),
  CONSTRAINT `person_cobrador_history_person_id_relationed_foreign` FOREIGN KEY (`person_id_relationed`) REFERENCES `persons` (`id`)
) ENGINE=InnoDB DEFAULT CHARSET=utf8mb4 COLLATE=utf8mb4_unicode_ci;

--
-- Dumping data for table `person_cobrador_history`
--


--
-- Table structure for table `person_configurations`
--

CREATE TABLE `person_configurations` (
  `id` int(10) unsigned NOT NULL AUTO_INCREMENT,
  `user_id` int(10) unsigned DEFAULT NULL,
  `person_id` int(10) unsigned NOT NULL,
  `period_id` int(10) unsigned DEFAULT NULL,
  `zone_id` int(10) unsigned DEFAULT NULL,
  `settle_calc_by_coef` int(11) NOT NULL DEFAULT '0',
  `created_at` timestamp NULL DEFAULT NULL,
  `updated_at` timestamp NULL DEFAULT NULL,
  `active` int(10) unsigned DEFAULT NULL,
  `enviarMail` int(11) DEFAULT '1',
  `honorario` decimal(16,2) DEFAULT '0.00',
  `cta_cte_tesoreria_cuenta_id` int(10) unsigned DEFAULT NULL,
  `month_close` int(10) unsigned DEFAULT NULL,
  `iva_condition_id` int(10) unsigned DEFAULT NULL,
  `obligation_sell` int(10) unsigned DEFAULT NULL,
  `obligation_buy` int(10) unsigned DEFAULT NULL,
  `obligation_iva` int(10) unsigned DEFAULT NULL,
  `obligation_electronic_receipt` int(10) unsigned DEFAULT NULL,
  `obligation_iibb` int(10) unsigned DEFAULT NULL,
  `obligation_other_taxes` int(10) unsigned DEFAULT NULL,
  `liquidation_start_period` varchar(7) COLLATE utf8mb4_unicode_ci DEFAULT NULL,
  `obligation_salaries` int(10) unsigned DEFAULT NULL,
  `empleada_domestica` tinyint(1) NOT NULL DEFAULT '0',
  `prorratear_iva` tinyint(1) NOT NULL DEFAULT '0',
  `is_itc` tinyint(1) NOT NULL DEFAULT '0',
  `priority_order` int(10) unsigned DEFAULT NULL,
  `person_id_administrador` int(11) DEFAULT NULL,
  `person_id_titular` int(11) DEFAULT NULL,
  `logo_path` varchar(180) COLLATE utf8mb4_unicode_ci DEFAULT NULL,
  `certificado_afip_path` varchar(180) COLLATE utf8mb4_unicode_ci DEFAULT NULL,
  `llave_afip_path` varchar(180) COLLATE utf8mb4_unicode_ci DEFAULT NULL,
  `access_electronic_receipt` int(10) unsigned DEFAULT '0',
  `ruta_logo_fa` varchar(100) COLLATE utf8mb4_unicode_ci DEFAULT NULL,
  `inicio_actividades` date DEFAULT NULL,
  `fecha_de_mono_to_ri` date DEFAULT NULL,
  `iibb` varchar(191) COLLATE utf8mb4_unicode_ci DEFAULT NULL,
  `fe_leyenda` varchar(191) COLLATE utf8mb4_unicode_ci DEFAULT NULL,
  `atencion_iva` tinyint(1) NOT NULL DEFAULT '0',
  `atencion_iva_comentario` varchar(191) COLLATE utf8mb4_unicode_ci DEFAULT NULL,
  `atencion_iibb` tinyint(1) NOT NULL DEFAULT '0',
  `atencion_iibb_comentario` varchar(191) COLLATE utf8mb4_unicode_ci DEFAULT NULL,
  `usar_multimoneda` tinyint(1) NOT NULL DEFAULT '0',
  `is_ag_per_ret` tinyint(1) NOT NULL DEFAULT '0',
  `deleted_at` timestamp NULL DEFAULT NULL,
  `barcode_columns` tinyint(3) unsigned NOT NULL DEFAULT '3' COMMENT 'Cantidad de columnas en la hoja de etiquetas',
  `barcode_rows` tinyint(3) unsigned NOT NULL DEFAULT '10' COMMENT 'Cantidad de filas en la hoja de etiquetas',
  `barcode_width_cm` decimal(4,2) NOT NULL DEFAULT '6.50' COMMENT 'Ancho de cada etiqueta en cm',
  `barcode_height_cm` decimal(4,2) NOT NULL DEFAULT '2.50' COMMENT 'Alto de cada etiqueta en cm',
  `barcode_page_size` varchar(10) COLLATE utf8mb4_unicode_ci NOT NULL DEFAULT 'A4' COMMENT 'Tamaño de página (A4, Letter, etc)',
  PRIMARY KEY (`id`),
  KEY `person_configurations_person_id_foreign` (`person_id`),
  KEY `person_configurations_period_id_foreign` (`period_id`),
  KEY `person_configurations_zone_id_foreign` (`zone_id`),
  KEY `person_configurations_iva_condition_id_foreign` (`iva_condition_id`),
  KEY `person_configurations_cta_cte_tesoreria_cuenta_id_foreign` (`cta_cte_tesoreria_cuenta_id`),
  CONSTRAINT `person_configurations_cta_cte_tesoreria_cuenta_id_foreign` FOREIGN KEY (`cta_cte_tesoreria_cuenta_id`) REFERENCES `cta_cte_tesoreria_cuentas` (`id`),
  CONSTRAINT `person_configurations_iva_condition_id_foreign` FOREIGN KEY (`iva_condition_id`) REFERENCES `iva_conditions` (`id`),
  CONSTRAINT `person_configurations_period_id_foreign` FOREIGN KEY (`period_id`) REFERENCES `periods` (`id`),
  CONSTRAINT `person_configurations_person_id_foreign` FOREIGN KEY (`person_id`) REFERENCES `persons` (`id`),
  CONSTRAINT `person_configurations_zone_id_foreign` FOREIGN KEY (`zone_id`) REFERENCES `zones` (`id`)
) ENGINE=InnoDB AUTO_INCREMENT=6 DEFAULT CHARSET=utf8mb4 COLLATE=utf8mb4_unicode_ci;

--
-- Dumping data for table `person_configurations`
--

INSERT INTO `person_configurations` VALUES (3,9323,40718,NULL,NULL,0,'2023-02-24 14:06:35','2023-08-14 10:05:57',2,1,10000.00,759,12,2,1,1,1,1,4,NULL,'2022-12',1,0,0,0,2,40718,40718,NULL,NULL,NULL,0,'img//20111111112/logo.png','2022-12-01','0000-00-00','20-11111111-2','Prueba Leyenda #',1,'Liquidación de prueba',1,'Liquidación de prueba',0,0,NULL,3,10,6.50,2.50,'A4'),(4,9323,40815,NULL,NULL,0,'2023-07-16 22:36:41','2023-08-14 10:34:42',2,0,10000.00,NULL,12,1,NULL,NULL,NULL,NULL,1,NULL,'2023-1',NULL,0,0,0,2,40815,40815,NULL,NULL,NULL,0,NULL,NULL,NULL,NULL,NULL,0,NULL,0,NULL,0,0,NULL,3,10,6.50,2.50,'A4'),(5,9323,40816,NULL,NULL,0,'2024-02-08 16:27:21','2024-02-08 16:27:21',2,1,0.00,NULL,12,1,1,1,1,0,1,NULL,'2024-01',0,0,0,0,NULL,40816,40816,NULL,NULL,NULL,0,NULL,'0000-00-00','0000-00-00',NULL,NULL,0,NULL,0,NULL,0,0,NULL,3,10,6.50,2.50,'A4');

--
-- Table structure for table `person_liquidators`
--

CREATE TABLE `person_liquidators` (
  `id` int(10) unsigned NOT NULL AUTO_INCREMENT,
  `user_id` int(10) unsigned DEFAULT NULL,
  `person_id` int(10) unsigned NOT NULL,
  `liquidator_id` int(10) unsigned NOT NULL,
  `created_at` timestamp NULL DEFAULT NULL,
  `updated_at` timestamp NULL DEFAULT NULL,
  `deleted_at` timestamp NULL DEFAULT NULL,
  PRIMARY KEY (`id`),
  KEY `person_liquidators_person_id_foreign` (`person_id`),
  KEY `person_liquidators_liquidator_id_foreign` (`liquidator_id`),
  CONSTRAINT `person_liquidators_liquidator_id_foreign` FOREIGN KEY (`liquidator_id`) REFERENCES `liquidators` (`id`),
  CONSTRAINT `person_liquidators_person_id_foreign` FOREIGN KEY (`person_id`) REFERENCES `persons` (`id`)
) ENGINE=InnoDB DEFAULT CHARSET=utf8mb4 COLLATE=utf8mb4_unicode_ci;

--
-- Dumping data for table `person_liquidators`
--


--
-- Table structure for table `person_pagos_lugares`
--

CREATE TABLE `person_pagos_lugares` (
  `id` bigint(20) unsigned NOT NULL AUTO_INCREMENT,
  `user_id` int(10) unsigned DEFAULT NULL,
  `person_id` int(10) unsigned NOT NULL,
  `person_id_relationed` int(10) unsigned NOT NULL,
  `descripcion` varchar(255) COLLATE utf8mb4_unicode_ci DEFAULT NULL,
  `contacto` varchar(191) COLLATE utf8mb4_unicode_ci DEFAULT NULL,
  `direccion` varchar(255) COLLATE utf8mb4_unicode_ci DEFAULT NULL,
  `localidad_id` int(10) unsigned DEFAULT NULL,
  `telefono` varchar(255) COLLATE utf8mb4_unicode_ci DEFAULT NULL,
  `mail` varchar(255) COLLATE utf8mb4_unicode_ci DEFAULT NULL,
  `horario_de_llamada` varchar(255) COLLATE utf8mb4_unicode_ci DEFAULT NULL,
  `horario_de_pago` varchar(255) COLLATE utf8mb4_unicode_ci DEFAULT NULL,
  `cobradores_metodo_id` bigint(20) unsigned DEFAULT NULL,
  `comentario` longtext COLLATE utf8mb4_unicode_ci,
  `habilitado` tinyint(1) NOT NULL DEFAULT '1',
  `created_at` timestamp NULL DEFAULT NULL,
  `updated_at` timestamp NULL DEFAULT NULL,
  `deleted_at` timestamp NULL DEFAULT NULL,
  PRIMARY KEY (`id`),
  KEY `person_pagos_lugares_person_id_foreign` (`person_id`),
  KEY `person_pagos_lugares_person_id_relationed_foreign` (`person_id_relationed`),
  KEY `person_pagos_lugares_localidad_id_foreign` (`localidad_id`),
  KEY `person_pagos_lugares_cobradores_metodo_id_foreign` (`cobradores_metodo_id`),
  CONSTRAINT `person_pagos_lugares_cobradores_metodo_id_foreign` FOREIGN KEY (`cobradores_metodo_id`) REFERENCES `cobradores_metodos` (`id`),
  CONSTRAINT `person_pagos_lugares_localidad_id_foreign` FOREIGN KEY (`localidad_id`) REFERENCES `localidad` (`id`),
  CONSTRAINT `person_pagos_lugares_person_id_foreign` FOREIGN KEY (`person_id`) REFERENCES `persons` (`id`),
  CONSTRAINT `person_pagos_lugares_person_id_relationed_foreign` FOREIGN KEY (`person_id_relationed`) REFERENCES `persons` (`id`)
) ENGINE=InnoDB DEFAULT CHARSET=utf8mb4 COLLATE=utf8mb4_unicode_ci;

--
-- Dumping data for table `person_pagos_lugares`
--


--
-- Table structure for table `person_pagos_promesas`
--

CREATE TABLE `person_pagos_promesas` (
  `id` bigint(20) unsigned NOT NULL AUTO_INCREMENT,
  `user_id` int(10) unsigned DEFAULT NULL,
  `person_id` int(10) unsigned NOT NULL,
  `person_id_relationed` int(10) unsigned NOT NULL,
  `person_pago_lugar_id` bigint(20) unsigned DEFAULT NULL,
  `fecha` datetime NOT NULL,
  `comentario` longtext COLLATE utf8mb4_unicode_ci,
  `created_at` timestamp NULL DEFAULT NULL,
  `updated_at` timestamp NULL DEFAULT NULL,
  `deleted_at` timestamp NULL DEFAULT NULL,
  PRIMARY KEY (`id`),
  KEY `person_pagos_promesas_person_id_foreign` (`person_id`),
  KEY `person_pagos_promesas_person_id_relationed_foreign` (`person_id_relationed`),
  CONSTRAINT `person_pagos_promesas_person_id_foreign` FOREIGN KEY (`person_id`) REFERENCES `persons` (`id`),
  CONSTRAINT `person_pagos_promesas_person_id_relationed_foreign` FOREIGN KEY (`person_id_relationed`) REFERENCES `persons` (`id`)
) ENGINE=InnoDB DEFAULT CHARSET=utf8mb4 COLLATE=utf8mb4_unicode_ci;

--
-- Dumping data for table `person_pagos_promesas`
--


--
-- Table structure for table `person_pay_methods`
--

CREATE TABLE `person_pay_methods` (
  `id` int(10) unsigned NOT NULL AUTO_INCREMENT,
  `user_id` int(10) unsigned DEFAULT NULL,
  `person_id` int(10) unsigned NOT NULL,
  `pay_method_id` int(10) unsigned NOT NULL,
  `created_at` timestamp NULL DEFAULT NULL,
  `updated_at` timestamp NULL DEFAULT NULL,
  `deleted_at` timestamp NULL DEFAULT NULL,
  PRIMARY KEY (`id`),
  KEY `person_pay_methods_person_id_foreign` (`person_id`),
  KEY `person_pay_methods_pay_method_id_foreign` (`pay_method_id`),
  CONSTRAINT `person_pay_methods_pay_method_id_foreign` FOREIGN KEY (`pay_method_id`) REFERENCES `pay_methods` (`id`),
  CONSTRAINT `person_pay_methods_person_id_foreign` FOREIGN KEY (`person_id`) REFERENCES `persons` (`id`)
) ENGINE=InnoDB AUTO_INCREMENT=6 DEFAULT CHARSET=utf8mb4 COLLATE=utf8mb4_unicode_ci;

--
-- Dumping data for table `person_pay_methods`
--

INSERT INTO `person_pay_methods` VALUES (5,9323,40718,2,'2023-08-12 21:08:27','2023-08-12 21:08:27',NULL);

--
-- Table structure for table `person_relationeds`
--

CREATE TABLE `person_relationeds` (
  `id` bigint(20) unsigned NOT NULL AUTO_INCREMENT,
  `user_id` int(10) unsigned DEFAULT NULL,
  `person_id` int(10) unsigned NOT NULL,
  `client_id` int(10) unsigned NOT NULL,
  `cliente_relationed_id` int(10) unsigned NOT NULL,
  `created_at` timestamp NULL DEFAULT NULL,
  `updated_at` timestamp NULL DEFAULT NULL,
  `deleted_at` timestamp NULL DEFAULT NULL,
  PRIMARY KEY (`id`),
  KEY `person_relationeds_person_id_foreign` (`person_id`),
  KEY `person_relationeds_client_id_foreign` (`client_id`),
  KEY `person_relationeds_cliente_relationed_id_foreign` (`cliente_relationed_id`),
  CONSTRAINT `person_relationeds_client_id_foreign` FOREIGN KEY (`client_id`) REFERENCES `persons` (`id`),
  CONSTRAINT `person_relationeds_cliente_relationed_id_foreign` FOREIGN KEY (`cliente_relationed_id`) REFERENCES `persons` (`id`),
  CONSTRAINT `person_relationeds_person_id_foreign` FOREIGN KEY (`person_id`) REFERENCES `persons` (`id`)
) ENGINE=InnoDB DEFAULT CHARSET=utf8mb4 COLLATE=utf8mb4_unicode_ci;

--
-- Dumping data for table `person_relationeds`
--


--
-- Table structure for table `person_types`
--

CREATE TABLE `person_types` (
  `id` int(10) unsigned NOT NULL AUTO_INCREMENT,
  `user_id` int(10) unsigned DEFAULT NULL,
  `description` varchar(180) COLLATE utf8mb4_unicode_ci NOT NULL,
  `created_at` timestamp NULL DEFAULT NULL,
  `updated_at` timestamp NULL DEFAULT NULL,
  `deleted_at` timestamp NULL DEFAULT NULL,
  PRIMARY KEY (`id`),
  UNIQUE KEY `person_types_description_unique` (`description`)
) ENGINE=InnoDB AUTO_INCREMENT=3 DEFAULT CHARSET=utf8mb4 COLLATE=utf8mb4_unicode_ci;

--
-- Dumping data for table `person_types`
--

INSERT INTO `person_types` VALUES (1,NULL,'Persona Humana',NULL,NULL,NULL),(2,NULL,'Persona Juridica',NULL,NULL,NULL);

--
-- Table structure for table `person_zone_actividad`
--

CREATE TABLE `person_zone_actividad` (
  `id` int(10) unsigned NOT NULL AUTO_INCREMENT,
  `user_id` int(10) unsigned DEFAULT NULL,
  `person_id` int(10) unsigned NOT NULL,
  `zone_id` int(10) unsigned NOT NULL,
  `actividad_id` int(10) unsigned NOT NULL,
  `calculo_iibb` int(11) NOT NULL,
  `coef` decimal(16,5) NOT NULL DEFAULT '0.00000',
  `alicuota` decimal(16,5) NOT NULL DEFAULT '0.00000',
  `cm_articulo_regimen_id` int(10) unsigned NOT NULL DEFAULT '1',
  `habilitado` tinyint(1) NOT NULL DEFAULT '1',
  `created_at` timestamp NULL DEFAULT NULL,
  `updated_at` timestamp NULL DEFAULT NULL,
  `deleted_at` timestamp NULL DEFAULT NULL,
  PRIMARY KEY (`id`),
  KEY `person_zone_actividad_person_id_foreign` (`person_id`),
  KEY `person_zone_actividad_zone_id_foreign` (`zone_id`),
  KEY `person_zone_actividad_actividad_id_foreign` (`actividad_id`),
  KEY `person_zone_actividad_cm_articulo_regimen_id_foreign` (`cm_articulo_regimen_id`),
  CONSTRAINT `person_zone_actividad_actividad_id_foreign` FOREIGN KEY (`actividad_id`) REFERENCES `activities` (`id`),
  CONSTRAINT `person_zone_actividad_cm_articulo_regimen_id_foreign` FOREIGN KEY (`cm_articulo_regimen_id`) REFERENCES `cm_articulos_regimenes` (`id`),
  CONSTRAINT `person_zone_actividad_person_id_foreign` FOREIGN KEY (`person_id`) REFERENCES `persons` (`id`),
  CONSTRAINT `person_zone_actividad_zone_id_foreign` FOREIGN KEY (`zone_id`) REFERENCES `zones` (`id`)
) ENGINE=InnoDB AUTO_INCREMENT=22 DEFAULT CHARSET=utf8mb4 COLLATE=utf8mb4_unicode_ci;

--
-- Dumping data for table `person_zone_actividad`
--

INSERT INTO `person_zone_actividad` VALUES (17,9323,40718,23,1,1,0.55000,2.50000,1,1,'2023-08-12 21:08:27','2023-08-12 21:08:27',NULL),(18,9323,40718,23,2,1,0.55000,3.00000,1,1,'2023-08-12 21:08:27','2023-08-12 21:08:27',NULL),(19,9323,40718,22,1,1,0.45000,3.00000,1,1,'2023-08-12 21:08:27','2023-08-12 21:08:27',NULL),(20,9323,40718,22,2,1,0.45000,3.50000,1,1,'2023-08-12 21:08:27','2023-08-12 21:08:27',NULL),(21,9323,40816,22,739,1,0.00000,0.00000,1,1,'2024-02-08 16:27:21','2024-02-08 16:27:21',NULL);

--
-- Table structure for table `person_zones`
--

CREATE TABLE `person_zones` (
  `id` int(10) unsigned NOT NULL AUTO_INCREMENT,
  `user_id` int(10) unsigned DEFAULT NULL,
  `sifere_coef` decimal(8,4) NOT NULL DEFAULT '0.0000',
  `iibb_aliquot` decimal(8,4) NOT NULL DEFAULT '0.0000',
  `zone_id` int(10) unsigned NOT NULL,
  `is_principal` tinyint(1) NOT NULL DEFAULT '0',
  `iibb_perception_id` int(10) unsigned DEFAULT NULL,
  `retention_id` int(10) unsigned DEFAULT NULL,
  `activity_id` int(10) unsigned DEFAULT NULL,
  `created_at` timestamp NULL DEFAULT NULL,
  `updated_at` timestamp NULL DEFAULT NULL,
  `person_id` int(10) unsigned NOT NULL,
  `deleted_at` timestamp NULL DEFAULT NULL,
  PRIMARY KEY (`id`),
  KEY `person_zones_zone_id_foreign` (`zone_id`),
  KEY `person_zones_person_id_foreign` (`person_id`),
  CONSTRAINT `person_zones_person_id_foreign` FOREIGN KEY (`person_id`) REFERENCES `persons` (`id`),
  CONSTRAINT `person_zones_zone_id_foreign` FOREIGN KEY (`zone_id`) REFERENCES `zones` (`id`)
) ENGINE=InnoDB AUTO_INCREMENT=14 DEFAULT CHARSET=utf8mb4 COLLATE=utf8mb4_unicode_ci;

--
-- Dumping data for table `person_zones`
--

INSERT INTO `person_zones` VALUES (1,1,0.0000,0.0000,22,0,NULL,NULL,NULL,'2023-02-16 08:53:05','2023-02-16 08:53:05',40719,NULL),(6,NULL,0.0000,0.0000,22,1,NULL,NULL,NULL,'2023-07-16 22:36:41','2023-07-16 22:36:41',40815,NULL),(11,9323,0.0000,0.0000,23,1,NULL,NULL,NULL,'2023-08-12 21:08:27','2023-08-12 21:08:27',40718,NULL),(12,9323,0.0000,0.0000,22,0,NULL,NULL,NULL,'2023-08-12 21:08:27','2023-08-12 21:08:27',40718,NULL),(13,9323,0.0000,0.0000,22,1,NULL,NULL,NULL,'2024-02-08 16:27:21','2024-02-08 16:27:21',40816,NULL);

--
-- Table structure for table `persons`
--

CREATE TABLE `persons` (
  `id` int(10) unsigned NOT NULL AUTO_INCREMENT,
  `user_id` int(10) unsigned DEFAULT NULL,
  `field_name1` varchar(255) COLLATE utf8mb4_unicode_ci NOT NULL,
  `fantasy_name` text COLLATE utf8mb4_unicode_ci,
  `codigo` varchar(191) COLLATE utf8mb4_unicode_ci DEFAULT NULL,
  `field_name2` varchar(255) COLLATE utf8mb4_unicode_ci DEFAULT NULL,
  `document_type` varchar(10) COLLATE utf8mb4_unicode_ci NOT NULL,
  `document` varchar(30) COLLATE utf8mb4_unicode_ci NOT NULL,
  `cond_frente_al_iva_id` int(10) unsigned DEFAULT NULL,
  `country_id` int(10) unsigned DEFAULT NULL,
  `state_id` int(10) unsigned DEFAULT NULL,
  `zone_id` int(10) unsigned DEFAULT NULL,
  `plan_cuenta_id` int(10) unsigned DEFAULT NULL,
  `iva_creditos_tipo_id` int(10) unsigned DEFAULT NULL,
  `created_at` timestamp NULL DEFAULT NULL,
  `updated_at` timestamp NULL DEFAULT NULL,
  `activity_id` int(10) unsigned DEFAULT NULL,
  `address` varchar(500) COLLATE utf8mb4_unicode_ci DEFAULT NULL,
  `latitud` decimal(10,7) DEFAULT NULL,
  `longitud` decimal(10,7) DEFAULT NULL,
  `localidad_id` int(10) unsigned DEFAULT NULL,
  `person_type_id` int(10) unsigned DEFAULT NULL,
  `fa_iva_condition_id` int(10) unsigned DEFAULT NULL,
  `fa_codigo_postal` varchar(180) COLLATE utf8mb4_unicode_ci DEFAULT NULL,
  `comentario` longtext COLLATE utf8mb4_unicode_ci,
  `email` varchar(180) COLLATE utf8mb4_unicode_ci DEFAULT NULL,
  `iva_per_regimen_id` bigint(20) unsigned DEFAULT NULL,
  `iva_ret_regimen_id` bigint(20) unsigned DEFAULT NULL,
  `obligation_iibb` bigint(20) unsigned DEFAULT NULL,
  `deleted_at` timestamp NULL DEFAULT NULL,
  PRIMARY KEY (`id`),
  UNIQUE KEY `document_UNIQUE` (`document`),
  KEY `persons_zone_id_foreign` (`zone_id`),
  KEY `persons_person_type_id_foreign` (`person_type_id`),
  KEY `persons_plan_cuenta_id_foreign` (`plan_cuenta_id`),
  KEY `persons_iva_creditos_tipo_id_foreign` (`iva_creditos_tipo_id`),
  KEY `persons_cond_frente_al_iva_id_foreign` (`cond_frente_al_iva_id`),
  KEY `persons_localidad_id_foreign` (`localidad_id`),
  KEY `persons_iva_ret_regimen_id_foreign` (`iva_ret_regimen_id`),
  KEY `persons_iva_per_regimen_id_foreign` (`iva_per_regimen_id`),
  CONSTRAINT `persons_cond_frente_al_iva_id_foreign` FOREIGN KEY (`cond_frente_al_iva_id`) REFERENCES `condicion_frente_al_iva` (`id`),
  CONSTRAINT `persons_iva_creditos_tipo_id_foreign` FOREIGN KEY (`iva_creditos_tipo_id`) REFERENCES `iva_creditos_tipos` (`id`),
  CONSTRAINT `persons_iva_per_regimen_id_foreign` FOREIGN KEY (`iva_per_regimen_id`) REFERENCES `iva_per_regimenes` (`id`),
  CONSTRAINT `persons_iva_ret_regimen_id_foreign` FOREIGN KEY (`iva_ret_regimen_id`) REFERENCES `iva_ret_regimenes` (`id`),
  CONSTRAINT `persons_localidad_id_foreign` FOREIGN KEY (`localidad_id`) REFERENCES `localidad` (`id`),
  CONSTRAINT `persons_person_type_id_foreign` FOREIGN KEY (`person_type_id`) REFERENCES `person_types` (`id`),
  CONSTRAINT `persons_plan_cuenta_id_foreign` FOREIGN KEY (`plan_cuenta_id`) REFERENCES `conta_plan_cuenta` (`id`),
  CONSTRAINT `persons_zone_id_foreign` FOREIGN KEY (`zone_id`) REFERENCES `zones` (`id`)
) ENGINE=InnoDB AUTO_INCREMENT=40818 DEFAULT CHARSET=utf8mb4 COLLATE=utf8mb4_unicode_ci;

--
-- Dumping data for table `persons`
--

INSERT INTO `persons` VALUES (3,NULL,'Larzabal Hernan',NULL,'3',NULL,'cuit','20-28468190-9',NULL,NULL,22,22,NULL,NULL,'2018-05-12 20:55:07','2018-05-14 01:54:15',1,NULL,NULL,NULL,NULL,1,NULL,NULL,NULL,NULL,NULL,NULL,NULL,NULL),(40717,NULL,'Taxes Software SAS',NULL,'40717',NULL,'cuit','30-71625124-8',NULL,NULL,22,22,NULL,NULL,NULL,NULL,NULL,NULL,NULL,NULL,NULL,2,NULL,NULL,NULL,NULL,NULL,NULL,NULL,NULL),(40718,NULL,'EMPRESA PRUEBA',NULL,'40718',NULL,'cuit','20-08383990-3',1,NULL,22,22,NULL,NULL,NULL,'2025-07-04 15:11:17',NULL,'Lisandro de la Torre 277 4°B CABA',NULL,NULL,NULL,1,NULL,NULL,NULL,NULL,NULL,NULL,NULL,NULL),(40719,1,'AGRO AFA S.R.L.',NULL,'40719',NULL,'cuit','30-71170022-2',NULL,NULL,NULL,NULL,NULL,NULL,'2023-02-16 14:52:43','2023-02-16 14:52:43',NULL,NULL,NULL,NULL,NULL,NULL,NULL,NULL,NULL,NULL,NULL,NULL,NULL,NULL),(40814,8522,'consumidor final',NULL,'40814',NULL,'cuit','99-99999999-9',NULL,NULL,NULL,NULL,NULL,NULL,'2023-02-24 15:05:30','2023-02-24 15:05:30',NULL,NULL,NULL,NULL,NULL,NULL,NULL,NULL,NULL,NULL,NULL,NULL,NULL,NULL),(40815,NULL,'ZURITA DIEGO ROMAN',NULL,'40815',NULL,'cuit','20-43082921-2',6,NULL,22,22,NULL,NULL,'2022-09-09 17:32:18','2022-09-09 17:32:18',NULL,'ECHEANDIA 5276',NULL,NULL,NULL,1,NULL,NULL,NULL,NULL,NULL,NULL,NULL,NULL),(40816,NULL,'ZURITA MARIANO ALEJANDRO',NULL,'40816',NULL,'cuit','20-26687887-8',6,NULL,NULL,NULL,NULL,NULL,'2024-02-08 16:27:20','2025-07-04 15:11:17',NULL,NULL,NULL,NULL,NULL,1,NULL,NULL,NULL,NULL,NULL,NULL,NULL,NULL),(40817,9323,'VXV SOLUCIONES S.A.S.',NULL,NULL,NULL,'cuit','30-71668137-4',1,NULL,23,23,NULL,NULL,'2025-08-11 14:04:43','2025-08-11 14:04:43',NULL,'AV CROVARA 201',NULL,NULL,NULL,2,NULL,NULL,NULL,NULL,NULL,NULL,NULL,NULL);

--
-- Table structure for table `persons_custom_form`
--

CREATE TABLE `persons_custom_form` (
  `id` bigint(20) unsigned NOT NULL AUTO_INCREMENT,
  `user_id` int(10) unsigned DEFAULT NULL,
  `person_id` int(10) unsigned NOT NULL,
  `p_c_servicio_id` bigint(20) unsigned NOT NULL,
  `configuracion` json NOT NULL,
  `created_at` timestamp NULL DEFAULT NULL,
  `updated_at` timestamp NULL DEFAULT NULL,
  `deleted_at` timestamp NULL DEFAULT NULL,
  PRIMARY KEY (`id`),
  KEY `persons_custom_form_person_id_foreign` (`person_id`),
  KEY `persons_custom_form_p_c_servicio_id_foreign` (`p_c_servicio_id`),
  CONSTRAINT `persons_custom_form_p_c_servicio_id_foreign` FOREIGN KEY (`p_c_servicio_id`) REFERENCES `persons_custom_servicios` (`id`),
  CONSTRAINT `persons_custom_form_person_id_foreign` FOREIGN KEY (`person_id`) REFERENCES `persons` (`id`)
) ENGINE=InnoDB DEFAULT CHARSET=utf8mb4 COLLATE=utf8mb4_unicode_ci;

--
-- Dumping data for table `persons_custom_form`
--


--
-- Table structure for table `persons_custom_servicios`
--

CREATE TABLE `persons_custom_servicios` (
  `id` bigint(20) unsigned NOT NULL AUTO_INCREMENT,
  `user_id` int(10) unsigned DEFAULT NULL,
  `descripcion` text COLLATE utf8mb4_unicode_ci NOT NULL,
  `habilitado` tinyint(1) NOT NULL,
  `created_at` timestamp NULL DEFAULT NULL,
  `updated_at` timestamp NULL DEFAULT NULL,
  `deleted_at` timestamp NULL DEFAULT NULL,
  PRIMARY KEY (`id`)
) ENGINE=InnoDB AUTO_INCREMENT=4 DEFAULT CHARSET=utf8mb4 COLLATE=utf8mb4_unicode_ci;

--
-- Dumping data for table `persons_custom_servicios`
--

INSERT INTO `persons_custom_servicios` VALUES (1,NULL,'Ordenes de Trabajo',0,NULL,NULL,NULL),(2,NULL,'Formularios Ordenes',0,'2025-07-06 23:54:06','2025-07-06 23:54:06',NULL),(3,NULL,'Formulario Receipts',0,'2025-07-09 15:50:09','2025-07-09 15:50:09',NULL);

--
-- Table structure for table `persons_datos`
--

CREATE TABLE `persons_datos` (
  `id` bigint(20) unsigned NOT NULL AUTO_INCREMENT,
  `user_id` int(10) unsigned DEFAULT NULL,
  `person_id` int(10) unsigned NOT NULL,
  `dato_1` longtext COLLATE utf8mb4_unicode_ci,
  `dato_2` longtext COLLATE utf8mb4_unicode_ci,
  `dato_3` longtext COLLATE utf8mb4_unicode_ci,
  `dato_4` longtext COLLATE utf8mb4_unicode_ci,
  `dato_5` longtext COLLATE utf8mb4_unicode_ci,
  `created_at` timestamp NULL DEFAULT NULL,
  `updated_at` timestamp NULL DEFAULT NULL,
  `deleted_at` timestamp NULL DEFAULT NULL,
  PRIMARY KEY (`id`),
  KEY `persons_datos_person_id_foreign` (`person_id`),
  CONSTRAINT `persons_datos_person_id_foreign` FOREIGN KEY (`person_id`) REFERENCES `persons` (`id`)
) ENGINE=InnoDB DEFAULT CHARSET=utf8mb4 COLLATE=utf8mb4_unicode_ci;

--
-- Dumping data for table `persons_datos`
--


--
-- Table structure for table `persons_files`
--

CREATE TABLE `persons_files` (
  `id` bigint(20) unsigned NOT NULL AUTO_INCREMENT,
  `user_id` int(10) unsigned DEFAULT NULL,
  `person_id` int(10) unsigned NOT NULL,
  `descripcion` varchar(255) COLLATE utf8mb4_unicode_ci DEFAULT NULL,
  `path` varchar(191) COLLATE utf8mb4_unicode_ci DEFAULT NULL,
  `name_original` varchar(191) COLLATE utf8mb4_unicode_ci DEFAULT NULL,
  `created_at` timestamp NULL DEFAULT NULL,
  `updated_at` timestamp NULL DEFAULT NULL,
  `deleted_at` timestamp NULL DEFAULT NULL,
  PRIMARY KEY (`id`),
  KEY `persons_files_person_id_foreign` (`person_id`),
  CONSTRAINT `persons_files_person_id_foreign` FOREIGN KEY (`person_id`) REFERENCES `persons` (`id`)
) ENGINE=InnoDB DEFAULT CHARSET=utf8mb4 COLLATE=utf8mb4_unicode_ci;

--
-- Dumping data for table `persons_files`
--


--
-- Table structure for table `persons_sicore`
--

CREATE TABLE `persons_sicore` (
  `id` bigint(20) unsigned NOT NULL AUTO_INCREMENT,
  `person_id` int(10) unsigned NOT NULL,
  `is_inscripto` tinyint(1) NOT NULL,
  `sicore_regimen_id` bigint(20) unsigned NOT NULL,
  `deleted_at` timestamp NULL DEFAULT NULL,
  `created_at` timestamp NULL DEFAULT NULL,
  `updated_at` timestamp NULL DEFAULT NULL,
  PRIMARY KEY (`id`),
  KEY `persons_sicore_person_id_foreign` (`person_id`),
  KEY `persons_sicore_sicore_regimen_id_foreign` (`sicore_regimen_id`),
  CONSTRAINT `persons_sicore_person_id_foreign` FOREIGN KEY (`person_id`) REFERENCES `persons` (`id`),
  CONSTRAINT `persons_sicore_sicore_regimen_id_foreign` FOREIGN KEY (`sicore_regimen_id`) REFERENCES `sicore_regimenes` (`id`)
) ENGINE=InnoDB DEFAULT CHARSET=utf8mb4 COLLATE=utf8mb4_unicode_ci;

--
-- Dumping data for table `persons_sicore`
--


--
-- Table structure for table `plazo_de_pago`
--

CREATE TABLE `plazo_de_pago` (
  `id` bigint(20) unsigned NOT NULL AUTO_INCREMENT,
  `user_id` int(10) unsigned DEFAULT NULL,
  `descripcion` text COLLATE utf8mb4_unicode_ci NOT NULL,
  `habilitado` tinyint(1) NOT NULL DEFAULT '1',
  `created_at` timestamp NULL DEFAULT NULL,
  `updated_at` timestamp NULL DEFAULT NULL,
  `deleted_at` timestamp NULL DEFAULT NULL,
  PRIMARY KEY (`id`)
) ENGINE=InnoDB AUTO_INCREMENT=7 DEFAULT CHARSET=utf8mb4 COLLATE=utf8mb4_unicode_ci;

--
-- Dumping data for table `plazo_de_pago`
--

INSERT INTO `plazo_de_pago` VALUES (1,NULL,'0 dias FF',1,NULL,NULL,NULL),(2,NULL,'7 dias FF',1,NULL,NULL,NULL),(3,NULL,'15 dias FF',1,NULL,NULL,NULL),(4,NULL,'30 dias FF',1,NULL,NULL,NULL),(5,NULL,'45 dias FF',1,NULL,NULL,NULL),(6,NULL,'60 dias FF',1,NULL,NULL,NULL);

--
-- Table structure for table `ppc_comunicaciones`
--

CREATE TABLE `ppc_comunicaciones` (
  `id` bigint(20) unsigned NOT NULL AUTO_INCREMENT,
  `user_id` int(10) unsigned DEFAULT NULL,
  `ppc_comunicaciones_type_id` bigint(20) unsigned NOT NULL,
  `person_id` int(10) unsigned NOT NULL,
  `is_propio` tinyint(1) NOT NULL DEFAULT '0',
  `person_id_relationed` int(10) unsigned DEFAULT NULL,
  `ppc_type_id` bigint(20) unsigned NOT NULL,
  `ppc_user_id` bigint(20) unsigned DEFAULT NULL,
  `fecha` datetime NOT NULL,
  `titulo` varchar(191) COLLATE utf8mb4_unicode_ci DEFAULT NULL,
  `descripcion` longtext COLLATE utf8mb4_unicode_ci,
  `habilitado` tinyint(1) NOT NULL DEFAULT '1',
  `created_at` timestamp NULL DEFAULT NULL,
  `updated_at` timestamp NULL DEFAULT NULL,
  `deleted_at` timestamp NULL DEFAULT NULL,
  PRIMARY KEY (`id`),
  KEY `ppc_comunicaciones_ppc_comunicaciones_type_id_foreign` (`ppc_comunicaciones_type_id`),
  KEY `ppc_comunicaciones_person_id_foreign` (`person_id`),
  KEY `ppc_comunicaciones_person_id_relationed_foreign` (`person_id_relationed`),
  KEY `ppc_comunicaciones_ppc_type_id_foreign` (`ppc_type_id`),
  KEY `ppc_comunicaciones_ppc_user_id_foreign` (`ppc_user_id`),
  CONSTRAINT `ppc_comunicaciones_person_id_foreign` FOREIGN KEY (`person_id`) REFERENCES `persons` (`id`),
  CONSTRAINT `ppc_comunicaciones_person_id_relationed_foreign` FOREIGN KEY (`person_id_relationed`) REFERENCES `persons` (`id`),
  CONSTRAINT `ppc_comunicaciones_ppc_comunicaciones_type_id_foreign` FOREIGN KEY (`ppc_comunicaciones_type_id`) REFERENCES `ppc_comunicaciones_types` (`id`),
  CONSTRAINT `ppc_comunicaciones_ppc_type_id_foreign` FOREIGN KEY (`ppc_type_id`) REFERENCES `ppc_types` (`id`),
  CONSTRAINT `ppc_comunicaciones_ppc_user_id_foreign` FOREIGN KEY (`ppc_user_id`) REFERENCES `ppc_users` (`id`)
) ENGINE=InnoDB DEFAULT CHARSET=utf8mb4 COLLATE=utf8mb4_unicode_ci;

--
-- Dumping data for table `ppc_comunicaciones`
--


--
-- Table structure for table `ppc_comunicaciones_files`
--

CREATE TABLE `ppc_comunicaciones_files` (
  `id` bigint(20) unsigned NOT NULL AUTO_INCREMENT,
  `user_id` int(10) unsigned DEFAULT NULL,
  `ppc_comunicacion_id` bigint(20) unsigned NOT NULL,
  `descripcion` varchar(255) COLLATE utf8mb4_unicode_ci DEFAULT NULL,
  `path` varchar(191) COLLATE utf8mb4_unicode_ci DEFAULT NULL,
  `name_original` varchar(191) COLLATE utf8mb4_unicode_ci DEFAULT NULL,
  `created_at` timestamp NULL DEFAULT NULL,
  `updated_at` timestamp NULL DEFAULT NULL,
  `deleted_at` timestamp NULL DEFAULT NULL,
  PRIMARY KEY (`id`),
  KEY `ppc_comunicaciones_files_ppc_comunicacion_id_foreign` (`ppc_comunicacion_id`),
  CONSTRAINT `ppc_comunicaciones_files_ppc_comunicacion_id_foreign` FOREIGN KEY (`ppc_comunicacion_id`) REFERENCES `ppc_comunicaciones` (`id`)
) ENGINE=InnoDB DEFAULT CHARSET=utf8mb4 COLLATE=utf8mb4_unicode_ci;

--
-- Dumping data for table `ppc_comunicaciones_files`
--


--
-- Table structure for table `ppc_comunicaciones_types`
--

CREATE TABLE `ppc_comunicaciones_types` (
  `id` bigint(20) unsigned NOT NULL AUTO_INCREMENT,
  `user_id` int(10) unsigned DEFAULT NULL,
  `descripcion` text COLLATE utf8mb4_unicode_ci NOT NULL,
  `habilitado` tinyint(1) NOT NULL DEFAULT '1',
  `created_at` timestamp NULL DEFAULT NULL,
  `updated_at` timestamp NULL DEFAULT NULL,
  `deleted_at` timestamp NULL DEFAULT NULL,
  PRIMARY KEY (`id`)
) ENGINE=InnoDB AUTO_INCREMENT=3 DEFAULT CHARSET=utf8mb4 COLLATE=utf8mb4_unicode_ci;

--
-- Dumping data for table `ppc_comunicaciones_types`
--

INSERT INTO `ppc_comunicaciones_types` VALUES (1,NULL,'Legajos',1,NULL,NULL,NULL),(2,NULL,'Notificaciones',1,NULL,NULL,NULL);

--
-- Table structure for table `ppc_receipts`
--

CREATE TABLE `ppc_receipts` (
  `id` bigint(20) unsigned NOT NULL AUTO_INCREMENT,
  `user_id` int(10) unsigned DEFAULT NULL,
  `type_id` int(10) unsigned DEFAULT NULL,
  `person_id` int(10) unsigned NOT NULL,
  `person_id_relationed` int(10) unsigned NOT NULL,
  `ppc_user_id` bigint(20) unsigned NOT NULL,
  `ppc_type_id` bigint(20) unsigned NOT NULL,
  `was_leida` tinyint(1) NOT NULL DEFAULT '0',
  `fecha` datetime NOT NULL,
  `titulo` varchar(191) COLLATE utf8mb4_unicode_ci DEFAULT NULL,
  `descripcion` longtext COLLATE utf8mb4_unicode_ci,
  `file` text COLLATE utf8mb4_unicode_ci,
  `type_receipt_id` int(10) unsigned DEFAULT NULL,
  `sucursal` int(11) DEFAULT NULL,
  `numero` int(11) DEFAULT NULL,
  `fecha_emision` date NOT NULL,
  `fecha_vto` date DEFAULT NULL,
  `moneda_id` int(10) unsigned NOT NULL DEFAULT '1',
  `cotizacion` decimal(16,2) NOT NULL DEFAULT '0.00',
  `subtotal` decimal(16,2) NOT NULL DEFAULT '0.00',
  `impuestos` decimal(16,2) NOT NULL DEFAULT '0.00',
  `total` decimal(16,2) NOT NULL DEFAULT '0.00',
  `forma_de_entrega_id` bigint(20) unsigned DEFAULT NULL,
  `dc_orden_id` bigint(20) unsigned DEFAULT NULL,
  `documento_asoc` text COLLATE utf8mb4_unicode_ci,
  `ppc_receipt_estado_id` bigint(20) unsigned NOT NULL DEFAULT '1',
  `comentario_recepcion` longtext COLLATE utf8mb4_unicode_ci,
  `created_at` timestamp NULL DEFAULT NULL,
  `updated_at` timestamp NULL DEFAULT NULL,
  `deleted_at` timestamp NULL DEFAULT NULL,
  PRIMARY KEY (`id`),
  KEY `ppc_receipts_type_id_foreign` (`type_id`),
  KEY `ppc_receipts_person_id_foreign` (`person_id`),
  KEY `ppc_receipts_person_id_relationed_foreign` (`person_id_relationed`),
  KEY `ppc_receipts_ppc_type_id_foreign` (`ppc_type_id`),
  KEY `ppc_receipts_ppc_user_id_foreign` (`ppc_user_id`),
  KEY `ppc_receipts_type_receipt_id_foreign` (`type_receipt_id`),
  KEY `ppc_receipts_moneda_id_foreign` (`moneda_id`),
  KEY `ppc_receipts_forma_de_entrega_id_foreign` (`forma_de_entrega_id`),
  KEY `ppc_receipts_dc_orden_id_foreign` (`dc_orden_id`),
  KEY `ppc_receipts_ppc_receipt_estado_id_foreign` (`ppc_receipt_estado_id`),
  CONSTRAINT `ppc_receipts_dc_orden_id_foreign` FOREIGN KEY (`dc_orden_id`) REFERENCES `dc_ordenes` (`id`),
  CONSTRAINT `ppc_receipts_forma_de_entrega_id_foreign` FOREIGN KEY (`forma_de_entrega_id`) REFERENCES `forma_de_entrega` (`id`),
  CONSTRAINT `ppc_receipts_moneda_id_foreign` FOREIGN KEY (`moneda_id`) REFERENCES `monedas` (`id`),
  CONSTRAINT `ppc_receipts_person_id_foreign` FOREIGN KEY (`person_id`) REFERENCES `persons` (`id`),
  CONSTRAINT `ppc_receipts_person_id_relationed_foreign` FOREIGN KEY (`person_id_relationed`) REFERENCES `persons` (`id`),
  CONSTRAINT `ppc_receipts_ppc_receipt_estado_id_foreign` FOREIGN KEY (`ppc_receipt_estado_id`) REFERENCES `ppc_receipts_estados` (`id`),
  CONSTRAINT `ppc_receipts_ppc_type_id_foreign` FOREIGN KEY (`ppc_type_id`) REFERENCES `ppc_types` (`id`),
  CONSTRAINT `ppc_receipts_ppc_user_id_foreign` FOREIGN KEY (`ppc_user_id`) REFERENCES `ppc_users` (`id`),
  CONSTRAINT `ppc_receipts_type_id_foreign` FOREIGN KEY (`type_id`) REFERENCES `types` (`id`),
  CONSTRAINT `ppc_receipts_type_receipt_id_foreign` FOREIGN KEY (`type_receipt_id`) REFERENCES `receipt_types` (`id`)
) ENGINE=InnoDB DEFAULT CHARSET=utf8mb4 COLLATE=utf8mb4_unicode_ci;

--
-- Dumping data for table `ppc_receipts`
--


--
-- Table structure for table `ppc_receipts_estados`
--

CREATE TABLE `ppc_receipts_estados` (
  `id` bigint(20) unsigned NOT NULL AUTO_INCREMENT,
  `user_id` int(10) unsigned DEFAULT NULL,
  `descripcion` text COLLATE utf8mb4_unicode_ci NOT NULL,
  `habilitado` tinyint(1) NOT NULL DEFAULT '1',
  `created_at` timestamp NULL DEFAULT NULL,
  `updated_at` timestamp NULL DEFAULT NULL,
  `deleted_at` timestamp NULL DEFAULT NULL,
  PRIMARY KEY (`id`)
) ENGINE=InnoDB AUTO_INCREMENT=4 DEFAULT CHARSET=utf8mb4 COLLATE=utf8mb4_unicode_ci;

--
-- Dumping data for table `ppc_receipts_estados`
--

INSERT INTO `ppc_receipts_estados` VALUES (1,NULL,'Pendiente',1,NULL,NULL,NULL),(2,NULL,'Rechazado',1,NULL,NULL,NULL),(3,NULL,'Aprobado',1,NULL,NULL,NULL);

--
-- Table structure for table `ppc_receipts_files`
--

CREATE TABLE `ppc_receipts_files` (
  `id` bigint(20) unsigned NOT NULL AUTO_INCREMENT,
  `user_id` int(10) unsigned DEFAULT NULL,
  `ppc_receipt_id` bigint(20) unsigned NOT NULL,
  `descripcion` varchar(255) COLLATE utf8mb4_unicode_ci DEFAULT NULL,
  `path` varchar(191) COLLATE utf8mb4_unicode_ci DEFAULT NULL,
  `name_original` varchar(191) COLLATE utf8mb4_unicode_ci DEFAULT NULL,
  `created_at` timestamp NULL DEFAULT NULL,
  `updated_at` timestamp NULL DEFAULT NULL,
  `deleted_at` timestamp NULL DEFAULT NULL,
  PRIMARY KEY (`id`),
  KEY `ppc_receipts_files_ppc_receipt_id_foreign` (`ppc_receipt_id`),
  CONSTRAINT `ppc_receipts_files_ppc_receipt_id_foreign` FOREIGN KEY (`ppc_receipt_id`) REFERENCES `ppc_receipts` (`id`)
) ENGINE=InnoDB DEFAULT CHARSET=utf8mb4 COLLATE=utf8mb4_unicode_ci;

--
-- Dumping data for table `ppc_receipts_files`
--


--
-- Table structure for table `ppc_types`
--

CREATE TABLE `ppc_types` (
  `id` bigint(20) unsigned NOT NULL AUTO_INCREMENT,
  `user_id` int(10) unsigned DEFAULT NULL,
  `descripcion` text COLLATE utf8mb4_unicode_ci NOT NULL,
  `habilitado` tinyint(1) NOT NULL DEFAULT '1',
  `created_at` timestamp NULL DEFAULT NULL,
  `updated_at` timestamp NULL DEFAULT NULL,
  `deleted_at` timestamp NULL DEFAULT NULL,
  PRIMARY KEY (`id`)
) ENGINE=InnoDB AUTO_INCREMENT=4 DEFAULT CHARSET=utf8mb4 COLLATE=utf8mb4_unicode_ci;

--
-- Dumping data for table `ppc_types`
--

INSERT INTO `ppc_types` VALUES (1,NULL,'Proveedor',1,NULL,NULL,NULL),(2,NULL,'Cliente',1,NULL,NULL,NULL),(3,NULL,'Ambos',1,NULL,NULL,NULL);

--
-- Table structure for table `ppc_users`
--

CREATE TABLE `ppc_users` (
  `id` bigint(20) unsigned NOT NULL AUTO_INCREMENT,
  `user_id` int(10) unsigned DEFAULT NULL,
  `person_id` int(10) unsigned NOT NULL,
  `person_id_relationed` int(10) unsigned NOT NULL,
  `person_id_ppc_user` int(10) unsigned NOT NULL,
  `ppc_type_id` bigint(20) unsigned NOT NULL,
  `login_user` text COLLATE utf8mb4_unicode_ci NOT NULL,
  `password` text COLLATE utf8mb4_unicode_ci NOT NULL,
  `is_principal` tinyint(1) NOT NULL DEFAULT '1',
  `habilitado` tinyint(1) NOT NULL DEFAULT '1',
  `created_at` timestamp NULL DEFAULT NULL,
  `updated_at` timestamp NULL DEFAULT NULL,
  `deleted_at` timestamp NULL DEFAULT NULL,
  PRIMARY KEY (`id`),
  KEY `ppc_users_person_id_foreign` (`person_id`),
  KEY `ppc_users_person_id_relationed_foreign` (`person_id_relationed`),
  KEY `ppc_users_person_id_ppc_user_foreign` (`person_id_ppc_user`),
  KEY `ppc_users_ppc_type_id_foreign` (`ppc_type_id`),
  CONSTRAINT `ppc_users_person_id_foreign` FOREIGN KEY (`person_id`) REFERENCES `persons` (`id`),
  CONSTRAINT `ppc_users_person_id_ppc_user_foreign` FOREIGN KEY (`person_id_ppc_user`) REFERENCES `persons` (`id`),
  CONSTRAINT `ppc_users_person_id_relationed_foreign` FOREIGN KEY (`person_id_relationed`) REFERENCES `persons` (`id`),
  CONSTRAINT `ppc_users_ppc_type_id_foreign` FOREIGN KEY (`ppc_type_id`) REFERENCES `ppc_types` (`id`)
) ENGINE=InnoDB DEFAULT CHARSET=utf8mb4 COLLATE=utf8mb4_unicode_ci;

--
-- Dumping data for table `ppc_users`
--


--
-- Table structure for table `pre_facturas`
--

CREATE TABLE `pre_facturas` (
  `id` bigint(20) unsigned NOT NULL AUTO_INCREMENT,
  `user_id` int(10) unsigned DEFAULT NULL,
  `fact_elec_receipt_id` int(10) unsigned DEFAULT NULL,
  `person_id` int(10) unsigned NOT NULL,
  `person_id_relationed` int(10) unsigned NOT NULL,
  `fecha` date NOT NULL,
  `fecha_facturado` date DEFAULT NULL,
  `neto` decimal(16,2) NOT NULL DEFAULT '0.00',
  `comentario` longtext COLLATE utf8mb4_unicode_ci,
  `created_at` timestamp NULL DEFAULT NULL,
  `updated_at` timestamp NULL DEFAULT NULL,
  `deleted_at` timestamp NULL DEFAULT NULL,
  PRIMARY KEY (`id`),
  KEY `pre_facturas_person_id_foreign` (`person_id`),
  KEY `pre_facturas_person_id_relationed_foreign` (`person_id_relationed`),
  KEY `pre_facturas_fact_elec_receipt_id_foreign` (`fact_elec_receipt_id`),
  CONSTRAINT `pre_facturas_fact_elec_receipt_id_foreign` FOREIGN KEY (`fact_elec_receipt_id`) REFERENCES `fact_elec_receipts` (`id`),
  CONSTRAINT `pre_facturas_person_id_foreign` FOREIGN KEY (`person_id`) REFERENCES `persons` (`id`),
  CONSTRAINT `pre_facturas_person_id_relationed_foreign` FOREIGN KEY (`person_id_relationed`) REFERENCES `persons` (`id`)
) ENGINE=InnoDB DEFAULT CHARSET=utf8mb4 COLLATE=utf8mb4_unicode_ci;

--
-- Dumping data for table `pre_facturas`
--


--
-- Table structure for table `pre_facturas_files`
--

CREATE TABLE `pre_facturas_files` (
  `id` bigint(20) unsigned NOT NULL AUTO_INCREMENT,
  `user_id` int(10) unsigned DEFAULT NULL,
  `pre_factura_id` bigint(20) unsigned NOT NULL,
  `descripcion` varchar(255) COLLATE utf8mb4_unicode_ci DEFAULT NULL,
  `path` varchar(191) COLLATE utf8mb4_unicode_ci DEFAULT NULL,
  `name_original` varchar(191) COLLATE utf8mb4_unicode_ci DEFAULT NULL,
  `created_at` timestamp NULL DEFAULT NULL,
  `updated_at` timestamp NULL DEFAULT NULL,
  `deleted_at` timestamp NULL DEFAULT NULL,
  PRIMARY KEY (`id`),
  KEY `pre_facturas_files_pre_factura_id_foreign` (`pre_factura_id`),
  CONSTRAINT `pre_facturas_files_pre_factura_id_foreign` FOREIGN KEY (`pre_factura_id`) REFERENCES `pre_facturas` (`id`)
) ENGINE=InnoDB DEFAULT CHARSET=utf8mb4 COLLATE=utf8mb4_unicode_ci;

--
-- Dumping data for table `pre_facturas_files`
--


--
-- Table structure for table `pre_facturas_ots`
--

CREATE TABLE `pre_facturas_ots` (
  `id` bigint(20) unsigned NOT NULL AUTO_INCREMENT,
  `user_id` int(10) unsigned DEFAULT NULL,
  `pre_factura_id` bigint(20) unsigned NOT NULL,
  `inv_ot_id` bigint(20) unsigned NOT NULL,
  `created_at` timestamp NULL DEFAULT NULL,
  `updated_at` timestamp NULL DEFAULT NULL,
  `deleted_at` timestamp NULL DEFAULT NULL,
  PRIMARY KEY (`id`),
  KEY `pre_facturas_ots_pre_factura_id_foreign` (`pre_factura_id`),
  KEY `pre_facturas_ots_inv_ot_id_foreign` (`inv_ot_id`),
  CONSTRAINT `pre_facturas_ots_inv_ot_id_foreign` FOREIGN KEY (`inv_ot_id`) REFERENCES `inv_orden_trabajos` (`id`),
  CONSTRAINT `pre_facturas_ots_pre_factura_id_foreign` FOREIGN KEY (`pre_factura_id`) REFERENCES `pre_facturas` (`id`)
) ENGINE=InnoDB DEFAULT CHARSET=utf8mb4 COLLATE=utf8mb4_unicode_ci;

--
-- Dumping data for table `pre_facturas_ots`
--


--
-- Table structure for table `presupuesto_config`
--

CREATE TABLE `presupuesto_config` (
  `id` int(10) unsigned NOT NULL AUTO_INCREMENT,
  `user_id` int(10) unsigned DEFAULT NULL,
  `person_id` int(10) unsigned NOT NULL,
  `num_inicial` int(10) unsigned NOT NULL DEFAULT '0',
  `created_at` timestamp NULL DEFAULT NULL,
  `updated_at` timestamp NULL DEFAULT NULL,
  `deleted_at` timestamp NULL DEFAULT NULL,
  PRIMARY KEY (`id`),
  KEY `presupuesto_config_person_id_foreign` (`person_id`),
  CONSTRAINT `presupuesto_config_person_id_foreign` FOREIGN KEY (`person_id`) REFERENCES `persons` (`id`)
) ENGINE=InnoDB AUTO_INCREMENT=3 DEFAULT CHARSET=utf8mb4 COLLATE=utf8mb4_unicode_ci;

--
-- Dumping data for table `presupuesto_config`
--

INSERT INTO `presupuesto_config` VALUES (1,8522,40718,2,'2023-02-28 16:56:43','2023-02-28 14:02:57',NULL),(2,9323,40815,0,'2023-07-24 15:45:35','2023-07-24 15:45:35',NULL);

--
-- Table structure for table `presupuestos`
--

CREATE TABLE `presupuestos` (
  `id` int(10) unsigned NOT NULL AUTO_INCREMENT,
  `user_id` int(10) unsigned NOT NULL,
  `fecha` date NOT NULL DEFAULT '2019-12-23',
  `punto_venta_id` int(10) unsigned NOT NULL,
  `system_tax_id` int(10) unsigned NOT NULL DEFAULT '7',
  `numero` int(10) unsigned NOT NULL,
  `person_id` int(10) unsigned NOT NULL,
  `person_id_receptor` int(10) unsigned NOT NULL DEFAULT '3',
  `texto` longtext COLLATE utf8mb4_unicode_ci,
  `iva_si_no` tinyint(1) NOT NULL DEFAULT '0',
  `neto` decimal(16,2) NOT NULL DEFAULT '0.00',
  `iva` decimal(16,2) NOT NULL DEFAULT '0.00',
  `total` decimal(16,2) NOT NULL DEFAULT '0.00',
  `comentario` varchar(191) COLLATE utf8mb4_unicode_ci DEFAULT NULL,
  `created_at` timestamp NULL DEFAULT NULL,
  `updated_at` timestamp NULL DEFAULT NULL,
  `deleted_at` timestamp NULL DEFAULT NULL,
  PRIMARY KEY (`id`),
  KEY `presupuestos_punto_venta_id_foreign` (`punto_venta_id`),
  KEY `presupuestos_person_id_foreign` (`person_id`),
  KEY `presupuestos_person_id_receptor_foreign` (`person_id_receptor`),
  KEY `presupuestos_system_tax_id_foreign` (`system_tax_id`),
  CONSTRAINT `presupuestos_person_id_foreign` FOREIGN KEY (`person_id`) REFERENCES `persons` (`id`),
  CONSTRAINT `presupuestos_person_id_receptor_foreign` FOREIGN KEY (`person_id_receptor`) REFERENCES `persons` (`id`),
  CONSTRAINT `presupuestos_punto_venta_id_foreign` FOREIGN KEY (`punto_venta_id`) REFERENCES `fact_elec_puntos_venta` (`id`),
  CONSTRAINT `presupuestos_system_tax_id_foreign` FOREIGN KEY (`system_tax_id`) REFERENCES `system_taxes` (`id`)
) ENGINE=InnoDB AUTO_INCREMENT=2 DEFAULT CHARSET=utf8mb4 COLLATE=utf8mb4_unicode_ci;

--
-- Dumping data for table `presupuestos`
--

INSERT INTO `presupuestos` VALUES (1,8522,'2022-12-02',1,7,3,40718,40717,'<p>Presupuesto Ejemplo #</p>',0,1000.00,0.00,1000.00,NULL,'2023-02-28 20:05:49','2023-02-28 20:05:49',NULL);

--
-- Table structure for table `prod_variant_types`
--

CREATE TABLE `prod_variant_types` (
  `id` bigint(20) unsigned NOT NULL AUTO_INCREMENT,
  `user_id` int(10) unsigned DEFAULT NULL,
  `person_id` int(10) unsigned NOT NULL,
  `descripcion` varchar(191) COLLATE utf8mb4_unicode_ci NOT NULL,
  `habilitado` tinyint(1) NOT NULL DEFAULT '1',
  `created_at` timestamp NULL DEFAULT NULL,
  `updated_at` timestamp NULL DEFAULT NULL,
  `deleted_at` timestamp NULL DEFAULT NULL,
  PRIMARY KEY (`id`),
  KEY `prod_variant_types_person_id_foreign` (`person_id`),
  CONSTRAINT `prod_variant_types_person_id_foreign` FOREIGN KEY (`person_id`) REFERENCES `persons` (`id`)
) ENGINE=InnoDB DEFAULT CHARSET=utf8mb4 COLLATE=utf8mb4_unicode_ci;

--
-- Dumping data for table `prod_variant_types`
--


--
-- Table structure for table `prod_variant_values`
--

CREATE TABLE `prod_variant_values` (
  `id` bigint(20) unsigned NOT NULL AUTO_INCREMENT,
  `user_id` int(10) unsigned DEFAULT NULL,
  `person_id` int(10) unsigned NOT NULL,
  `prod_variant_type_id` bigint(20) unsigned NOT NULL,
  `descripcion` varchar(191) COLLATE utf8mb4_unicode_ci NOT NULL,
  `habilitado` tinyint(1) NOT NULL DEFAULT '1',
  `created_at` timestamp NULL DEFAULT NULL,
  `updated_at` timestamp NULL DEFAULT NULL,
  `deleted_at` timestamp NULL DEFAULT NULL,
  PRIMARY KEY (`id`),
  KEY `prod_variant_values_person_id_foreign` (`person_id`),
  KEY `prod_variant_values_prod_variant_type_id_foreign` (`prod_variant_type_id`),
  CONSTRAINT `prod_variant_values_person_id_foreign` FOREIGN KEY (`person_id`) REFERENCES `persons` (`id`),
  CONSTRAINT `prod_variant_values_prod_variant_type_id_foreign` FOREIGN KEY (`prod_variant_type_id`) REFERENCES `prod_variant_types` (`id`)
) ENGINE=InnoDB DEFAULT CHARSET=utf8mb4 COLLATE=utf8mb4_unicode_ci;

--
-- Dumping data for table `prod_variant_values`
--


--
-- Table structure for table `prod_variants`
--

CREATE TABLE `prod_variants` (
  `id` bigint(20) unsigned NOT NULL AUTO_INCREMENT,
  `user_id` int(10) unsigned DEFAULT NULL,
  `person_id` int(10) unsigned NOT NULL,
  `inv_product_id` bigint(20) unsigned NOT NULL,
  `created_at` timestamp NULL DEFAULT NULL,
  `updated_at` timestamp NULL DEFAULT NULL,
  `deleted_at` timestamp NULL DEFAULT NULL,
  PRIMARY KEY (`id`),
  KEY `prod_variants_person_id_foreign` (`person_id`),
  KEY `prod_variants_inv_product_id_foreign` (`inv_product_id`),
  CONSTRAINT `prod_variants_inv_product_id_foreign` FOREIGN KEY (`inv_product_id`) REFERENCES `inv_productos` (`id`),
  CONSTRAINT `prod_variants_person_id_foreign` FOREIGN KEY (`person_id`) REFERENCES `persons` (`id`)
) ENGINE=InnoDB DEFAULT CHARSET=utf8mb4 COLLATE=utf8mb4_unicode_ci;

--
-- Dumping data for table `prod_variants`
--


--
-- Table structure for table `prod_variants_detail`
--

CREATE TABLE `prod_variants_detail` (
  `id` bigint(20) unsigned NOT NULL AUTO_INCREMENT,
  `prod_variant_id` bigint(20) unsigned NOT NULL,
  `prod_variant_value_id` bigint(20) unsigned NOT NULL,
  `created_at` timestamp NULL DEFAULT NULL,
  `updated_at` timestamp NULL DEFAULT NULL,
  `deleted_at` timestamp NULL DEFAULT NULL,
  PRIMARY KEY (`id`),
  KEY `prod_variants_detail_prod_variant_id_foreign` (`prod_variant_id`),
  KEY `prod_variants_detail_prod_variant_value_id_foreign` (`prod_variant_value_id`),
  CONSTRAINT `prod_variants_detail_prod_variant_id_foreign` FOREIGN KEY (`prod_variant_id`) REFERENCES `prod_variants` (`id`),
  CONSTRAINT `prod_variants_detail_prod_variant_value_id_foreign` FOREIGN KEY (`prod_variant_value_id`) REFERENCES `prod_variant_values` (`id`)
) ENGINE=InnoDB DEFAULT CHARSET=utf8mb4 COLLATE=utf8mb4_unicode_ci;

--
-- Dumping data for table `prod_variants_detail`
--


--
-- Table structure for table `querys`
--

CREATE TABLE `querys` (
  `id` bigint(20) unsigned NOT NULL AUTO_INCREMENT,
  `user_id` int(10) unsigned DEFAULT NULL,
  `descripcion` varchar(191) COLLATE utf8mb4_unicode_ci DEFAULT NULL,
  `habilitado` tinyint(1) NOT NULL DEFAULT '1',
  `created_at` timestamp NULL DEFAULT NULL,
  `updated_at` timestamp NULL DEFAULT NULL,
  `deleted_at` timestamp NULL DEFAULT NULL,
  PRIMARY KEY (`id`)
) ENGINE=InnoDB AUTO_INCREMENT=2 DEFAULT CHARSET=utf8mb4 COLLATE=utf8mb4_unicode_ci;

--
-- Dumping data for table `querys`
--

INSERT INTO `querys` VALUES (1,NULL,'Factura Electronica Masiva Productos',1,'2023-02-16 08:52:59','2023-02-16 08:52:59',NULL);

--
-- Table structure for table `querys_details`
--

CREATE TABLE `querys_details` (
  `id` bigint(20) unsigned NOT NULL AUTO_INCREMENT,
  `user_id` int(10) unsigned DEFAULT NULL,
  `person_id` int(10) unsigned DEFAULT NULL,
  `query_id` bigint(20) unsigned NOT NULL,
  `descripcion` longtext COLLATE utf8mb4_unicode_ci,
  `created_at` timestamp NULL DEFAULT NULL,
  `updated_at` timestamp NULL DEFAULT NULL,
  `deleted_at` timestamp NULL DEFAULT NULL,
  PRIMARY KEY (`id`),
  KEY `querys_details_query_id_foreign` (`query_id`),
  KEY `querys_details_person_id_foreign` (`person_id`),
  CONSTRAINT `querys_details_person_id_foreign` FOREIGN KEY (`person_id`) REFERENCES `persons` (`id`),
  CONSTRAINT `querys_details_query_id_foreign` FOREIGN KEY (`query_id`) REFERENCES `querys` (`id`)
) ENGINE=InnoDB DEFAULT CHARSET=utf8mb4 COLLATE=utf8mb4_unicode_ci;

--
-- Dumping data for table `querys_details`
--


--
-- Table structure for table `queue_proceso_resultado`
--

CREATE TABLE `queue_proceso_resultado` (
  `id` int(10) unsigned NOT NULL AUTO_INCREMENT,
  `user_id` int(10) unsigned DEFAULT NULL,
  `queue_proceso_id` int(10) unsigned DEFAULT NULL,
  `resultado` longtext COLLATE utf8mb4_unicode_ci,
  `created_at` timestamp NULL DEFAULT NULL,
  `updated_at` timestamp NULL DEFAULT NULL,
  `deleted_at` timestamp NULL DEFAULT NULL,
  PRIMARY KEY (`id`),
  KEY `queue_proceso_resultado_queue_proceso_id_foreign` (`queue_proceso_id`),
  CONSTRAINT `queue_proceso_resultado_queue_proceso_id_foreign` FOREIGN KEY (`queue_proceso_id`) REFERENCES `queue_procesos` (`id`)
) ENGINE=InnoDB AUTO_INCREMENT=4 DEFAULT CHARSET=utf8mb4 COLLATE=utf8mb4_unicode_ci;

--
-- Dumping data for table `queue_proceso_resultado`
--

INSERT INTO `queue_proceso_resultado` VALUES (1,8522,1,'[\"Linea 142 Ya est\\u00e1 registrado un comprobante con los datos:  operacion: 1, punto_venta: 2 numero: 6762, Cliente\\/Prov: consumidor final{\\\"id\\\":627,\\\"user_id\\\":null,\\\"type_id\\\":1,\\\"type_receipt_id\\\":1,\\\"comprobanteAfip\\\":null,\\\"fact_elec_receipt_id\\\":null,\\\"period_id\\\":1520,\\\"zone_id\\\":23,\\\"plan_cuenta_id\\\":96,\\\"conta_centro_costo_id\\\":null,\\\"activity_id\\\":1,\\\"iva_creditos_tipo_id\\\":1,\\\"retention_type_id\\\":null,\\\"dc_orden_id\\\":null,\\\"person_id_owner\\\":40718,\\\"person_id_relationed\\\":40814,\\\"number\\\":6762,\\\"hasta\\\":6762,\\\"reference\\\":null,\\\"receipt_date\\\":\\\"2023-02-27T03:00:00.000000Z\\\",\\\"expiration_date\\\":\\\"2023-02-24T19:14:51.227970Z\\\",\\\"code_ticket\\\":2,\\\"status_id\\\":1,\\\"tax_account_id\\\":null,\\\"amount\\\":\\\"31008.67\\\",\\\"file\\\":null,\\\"created_at\\\":\\\"2023-02-24T19:14:50.000000Z\\\",\\\"updated_at\\\":\\\"2023-02-24T19:14:50.000000Z\\\",\\\"deleted_at\\\":null,\\\"nombre_transaccion\\\":\\\"Comprobante\\\",\\\"name_modelo\\\":\\\"App\\\\\\\\Models\\\\\\\\Receipt\\\"}\",\"Linea 175 Ya est\\u00e1 registrado un comprobante con los datos:  operacion: 1, punto_venta: 2 numero: 7398, Cliente\\/Prov: consumidor final{\\\"id\\\":633,\\\"user_id\\\":null,\\\"type_id\\\":1,\\\"type_receipt_id\\\":1,\\\"comprobanteAfip\\\":null,\\\"fact_elec_receipt_id\\\":null,\\\"period_id\\\":1520,\\\"zone_id\\\":23,\\\"plan_cuenta_id\\\":96,\\\"conta_centro_costo_id\\\":null,\\\"activity_id\\\":1,\\\"iva_creditos_tipo_id\\\":1,\\\"retention_type_id\\\":null,\\\"dc_orden_id\\\":null,\\\"person_id_owner\\\":40718,\\\"person_id_relationed\\\":40814,\\\"number\\\":7398,\\\"hasta\\\":7398,\\\"reference\\\":null,\\\"receipt_date\\\":\\\"2023-02-27T03:00:00.000000Z\\\",\\\"expiration_date\\\":\\\"2023-02-24T19:14:51.564096Z\\\",\\\"code_ticket\\\":2,\\\"status_id\\\":1,\\\"tax_account_id\\\":null,\\\"amount\\\":\\\"30855.00\\\",\\\"file\\\":null,\\\"created_at\\\":\\\"2023-02-24T19:14:51.000000Z\\\",\\\"updated_at\\\":\\\"2023-02-24T19:14:51.000000Z\\\",\\\"deleted_at\\\":null,\\\"nombre_transaccion\\\":\\\"Comprobante\\\",\\\"name_modelo\\\":\\\"App\\\\\\\\Models\\\\\\\\Receipt\\\"}\",\"Linea 227 Ya est\\u00e1 registrado un comprobante con los datos:  operacion: 1, punto_venta: 2 numero: 6670, Cliente\\/Prov: consumidor final{\\\"id\\\":590,\\\"user_id\\\":null,\\\"type_id\\\":1,\\\"type_receipt_id\\\":1,\\\"comprobanteAfip\\\":null,\\\"fact_elec_receipt_id\\\":null,\\\"period_id\\\":1519,\\\"zone_id\\\":23,\\\"plan_cuenta_id\\\":96,\\\"conta_centro_costo_id\\\":null,\\\"activity_id\\\":1,\\\"iva_creditos_tipo_id\\\":1,\\\"retention_type_id\\\":null,\\\"dc_orden_id\\\":null,\\\"person_id_owner\\\":40718,\\\"person_id_relationed\\\":40814,\\\"number\\\":6670,\\\"hasta\\\":6670,\\\"reference\\\":null,\\\"receipt_date\\\":\\\"2023-01-02T03:00:00.000000Z\\\",\\\"expiration_date\\\":\\\"2023-02-24T19:14:52.170450Z\\\",\\\"code_ticket\\\":2,\\\"status_id\\\":1,\\\"tax_account_id\\\":null,\\\"amount\\\":\\\"9833.67\\\",\\\"file\\\":null,\\\"created_at\\\":\\\"2023-02-24T19:14:49.000000Z\\\",\\\"updated_at\\\":\\\"2023-02-24T19:14:49.000000Z\\\",\\\"deleted_at\\\":null,\\\"nombre_transaccion\\\":\\\"Comprobante\\\",\\\"name_modelo\\\":\\\"App\\\\\\\\Models\\\\\\\\Receipt\\\"}\"]','2023-02-24 16:14:46','2023-02-24 16:16:32','2023-02-24 16:16:32');
INSERT INTO `queue_proceso_resultado` VALUES (2,8522,1,'[\"Linea 236 Ya est\\u00e1 registrado un comprobante con los datos:  operacion: 1, punto_venta: 2 numero: 7231, Cliente\\/Prov: consumidor final{\\\"id\\\":800,\\\"user_id\\\":null,\\\"type_id\\\":1,\\\"type_receipt_id\\\":4,\\\"comprobanteAfip\\\":null,\\\"fact_elec_receipt_id\\\":null,\\\"period_id\\\":1520,\\\"zone_id\\\":22,\\\"plan_cuenta_id\\\":96,\\\"conta_centro_costo_id\\\":null,\\\"activity_id\\\":1,\\\"iva_creditos_tipo_id\\\":1,\\\"retention_type_id\\\":null,\\\"dc_orden_id\\\":null,\\\"person_id_owner\\\":40718,\\\"person_id_relationed\\\":40814,\\\"number\\\":7231,\\\"hasta\\\":7231,\\\"reference\\\":null,\\\"receipt_date\\\":\\\"2023-02-27T03:00:00.000000Z\\\",\\\"expiration_date\\\":\\\"2023-02-24T19:15:51.425942Z\\\",\\\"code_ticket\\\":2,\\\"status_id\\\":1,\\\"tax_account_id\\\":null,\\\"amount\\\":\\\"34534.61\\\",\\\"file\\\":null,\\\"created_at\\\":\\\"2023-02-24T19:15:48.000000Z\\\",\\\"updated_at\\\":\\\"2023-02-24T19:15:48.000000Z\\\",\\\"deleted_at\\\":null,\\\"nombre_transaccion\\\":\\\"Comprobante\\\",\\\"name_modelo\\\":\\\"App\\\\\\\\Models\\\\\\\\Receipt\\\"}\",\"Linea 240 Ya est\\u00e1 registrado un comprobante con los datos:  operacion: 1, punto_venta: 2 numero: 7030, Cliente\\/Prov: consumidor final{\\\"id\\\":872,\\\"user_id\\\":null,\\\"type_id\\\":1,\\\"type_receipt_id\\\":4,\\\"comprobanteAfip\\\":null,\\\"fact_elec_receipt_id\\\":null,\\\"period_id\\\":1521,\\\"zone_id\\\":22,\\\"plan_cuenta_id\\\":96,\\\"conta_centro_costo_id\\\":null,\\\"activity_id\\\":1,\\\"iva_creditos_tipo_id\\\":1,\\\"retention_type_id\\\":null,\\\"dc_orden_id\\\":null,\\\"person_id_owner\\\":40718,\\\"person_id_relationed\\\":40814,\\\"number\\\":7030,\\\"hasta\\\":7030,\\\"reference\\\":null,\\\"receipt_date\\\":\\\"2023-03-27T03:00:00.000000Z\\\",\\\"expiration_date\\\":\\\"2023-02-24T19:15:51.462293Z\\\",\\\"code_ticket\\\":2,\\\"status_id\\\":1,\\\"tax_account_id\\\":null,\\\"amount\\\":\\\"27189.91\\\",\\\"file\\\":null,\\\"created_at\\\":\\\"2023-02-24T19:15:51.000000Z\\\",\\\"updated_at\\\":\\\"2023-02-24T19:15:51.000000Z\\\",\\\"deleted_at\\\":null,\\\"nombre_transaccion\\\":\\\"Comprobante\\\",\\\"name_modelo\\\":\\\"App\\\\\\\\Models\\\\\\\\Receipt\\\"}\"]','2023-02-24 16:15:41','2023-02-24 16:16:32','2023-02-24 16:16:32'),(3,8522,1,'[]','2023-02-24 16:16:35','2023-02-24 16:16:46',NULL);

--
-- Table structure for table `queue_procesos`
--

CREATE TABLE `queue_procesos` (
  `id` int(10) unsigned NOT NULL AUTO_INCREMENT,
  `user_id` int(10) unsigned DEFAULT NULL,
  `descripcion` text COLLATE utf8mb4_unicode_ci NOT NULL,
  `created_at` timestamp NULL DEFAULT NULL,
  `updated_at` timestamp NULL DEFAULT NULL,
  `deleted_at` timestamp NULL DEFAULT NULL,
  PRIMARY KEY (`id`)
) ENGINE=InnoDB AUTO_INCREMENT=5 DEFAULT CHARSET=utf8mb4 COLLATE=utf8mb4_unicode_ci;

--
-- Dumping data for table `queue_procesos`
--

INSERT INTO `queue_procesos` VALUES (1,NULL,'Importar - Excel',NULL,NULL,NULL),(2,NULL,'Importar - Mis Comprobantes',NULL,NULL,NULL),(3,NULL,'Importar - Portal IVA','2023-02-16 08:52:59','2023-02-16 08:52:59',NULL),(4,NULL,'Importar - Archivos PEM F8011','2023-02-16 08:53:03','2023-02-16 08:53:03',NULL);

--
-- Table structure for table `receipt_dc_ordenes`
--

CREATE TABLE `receipt_dc_ordenes` (
  `id` bigint(20) unsigned NOT NULL AUTO_INCREMENT,
  `user_id` int(10) unsigned DEFAULT NULL,
  `receipt_id` int(10) unsigned NOT NULL,
  `dc_orden_id` bigint(20) unsigned NOT NULL,
  `dc_orden_id_oc` bigint(20) unsigned NOT NULL,
  `importe` decimal(16,2) NOT NULL DEFAULT '0.00',
  `created_at` timestamp NULL DEFAULT NULL,
  `updated_at` timestamp NULL DEFAULT NULL,
  `deleted_at` timestamp NULL DEFAULT NULL,
  PRIMARY KEY (`id`),
  KEY `receipt_dc_ordenes_receipt_id_foreign` (`receipt_id`),
  KEY `receipt_dc_ordenes_dc_orden_id_foreign` (`dc_orden_id`),
  KEY `receipt_dc_ordenes_dc_orden_id_oc_foreign` (`dc_orden_id_oc`),
  CONSTRAINT `receipt_dc_ordenes_dc_orden_id_foreign` FOREIGN KEY (`dc_orden_id`) REFERENCES `dc_ordenes` (`id`),
  CONSTRAINT `receipt_dc_ordenes_dc_orden_id_oc_foreign` FOREIGN KEY (`dc_orden_id_oc`) REFERENCES `dc_ordenes` (`id`),
  CONSTRAINT `receipt_dc_ordenes_receipt_id_foreign` FOREIGN KEY (`receipt_id`) REFERENCES `receipts` (`id`)
) ENGINE=InnoDB DEFAULT CHARSET=utf8mb4 COLLATE=utf8mb4_unicode_ci;

--
-- Dumping data for table `receipt_dc_ordenes`
--


--
-- Table structure for table `receipt_taxes`
--

CREATE TABLE `receipt_taxes` (
  `id` int(10) unsigned NOT NULL AUTO_INCREMENT,
  `user_id` int(10) unsigned DEFAULT NULL,
  `receipt_id` int(10) unsigned NOT NULL,
  `tax_id` int(10) unsigned DEFAULT NULL,
  `amount` decimal(16,2) NOT NULL,
  `tax_amount` decimal(16,2) NOT NULL DEFAULT '0.00',
  `taxable_iibb` int(11) NOT NULL DEFAULT '0',
  `iva_iibb` int(11) NOT NULL DEFAULT '0',
  `created_at` timestamp NULL DEFAULT NULL,
  `updated_at` timestamp NULL DEFAULT NULL,
  `deleted_at` timestamp NULL DEFAULT NULL,
  PRIMARY KEY (`id`),
  KEY `receipt_taxes_receipt_id_foreign` (`receipt_id`),
  CONSTRAINT `receipt_taxes_receipt_id_foreign` FOREIGN KEY (`receipt_id`) REFERENCES `receipts` (`id`)
) ENGINE=InnoDB AUTO_INCREMENT=1410 DEFAULT CHARSET=utf8mb4 COLLATE=utf8mb4_unicode_ci;

--
-- Dumping data for table `receipt_taxes`
--

INSERT INTO `receipt_taxes` VALUES (1274,9323,1258,7,30000.00,0.00,2,1,'2023-07-24 15:56:16','2023-07-24 15:56:16',NULL),(1275,9323,1259,7,30000.00,0.00,2,1,'2023-07-24 15:56:23','2023-07-24 15:56:23',NULL),(1276,9323,1260,7,30000.00,0.00,2,1,'2023-07-24 15:56:28','2023-07-24 15:56:28',NULL),(1277,9323,1261,7,30000.00,0.00,2,1,'2023-07-24 15:56:32','2023-07-24 15:56:32',NULL),(1278,9323,1262,7,34830.00,0.00,2,1,'2023-08-22 00:27:39','2023-08-22 00:27:39',NULL),(1279,9323,1263,7,25000.00,0.00,2,1,'2023-09-02 17:24:13','2023-09-02 17:24:13',NULL),(1280,9323,1264,7,25000.00,0.00,2,1,'2023-09-02 17:24:16','2023-09-02 17:24:16',NULL),(1281,9323,1265,7,25000.00,0.00,2,1,'2023-09-02 17:24:17','2023-09-02 17:24:17',NULL),(1282,9323,1266,7,25000.00,0.00,2,1,'2023-09-02 17:24:17','2023-09-02 17:24:17',NULL),(1283,9323,1267,7,30000.00,0.00,2,1,'2023-10-03 00:23:05','2023-10-03 00:23:05',NULL),(1284,9323,1268,7,30000.00,0.00,2,1,'2023-10-03 00:23:08','2023-10-03 00:23:08',NULL),(1285,9323,1269,7,30000.00,0.00,2,1,'2023-10-03 00:23:09','2023-10-03 00:23:09',NULL),(1286,9323,1270,7,30000.00,0.00,2,1,'2023-10-03 00:23:09','2023-10-03 00:23:09',NULL),(1288,9323,1272,7,30000.00,0.00,2,1,'2023-11-08 23:22:02','2023-11-08 23:22:02',NULL),(1290,9323,1274,7,30000.00,0.00,2,1,'2023-11-08 23:28:38','2023-11-08 23:28:38',NULL),(1291,9323,1275,7,30000.00,0.00,2,1,'2023-11-08 23:28:40','2023-11-08 23:28:40',NULL),(1292,9323,1276,7,30000.00,0.00,2,1,'2023-11-08 23:28:40','2023-11-08 23:28:40',NULL),(1293,9323,1277,7,30000.00,0.00,2,1,'2023-11-08 23:28:41','2023-11-08 23:28:41',NULL),(1294,9323,1278,7,30000.00,0.00,2,1,'2023-12-02 21:05:39','2023-12-02 21:05:39',NULL),(1295,9323,1279,7,30000.00,0.00,2,1,'2023-12-02 21:05:42','2023-12-02 21:05:42',NULL),(1296,9323,1280,7,30000.00,0.00,2,1,'2023-12-02 21:05:42','2023-12-02 21:05:42',NULL),(1297,9323,1281,7,30000.00,0.00,2,1,'2023-12-02 21:05:43','2023-12-02 21:05:43',NULL),(1298,9323,1282,7,30000.00,0.00,2,1,'2024-01-07 18:45:00','2024-01-07 18:45:00',NULL),(1299,9323,1283,7,30000.00,0.00,2,1,'2024-01-07 18:45:03','2024-01-07 18:45:03',NULL),(1300,9323,1284,7,30000.00,0.00,2,1,'2024-01-07 18:45:04','2024-01-07 18:45:04',NULL),(1301,9323,1285,7,30000.00,0.00,2,1,'2024-01-07 18:45:05','2024-01-07 18:45:05',NULL),(1302,9323,1286,7,40000.00,0.00,2,1,'2024-02-07 01:24:54','2024-02-07 01:24:54',NULL),(1303,9323,1287,7,40000.00,0.00,2,1,'2024-02-07 01:24:56','2024-02-07 01:24:56',NULL),(1304,9323,1288,7,40000.00,0.00,2,1,'2024-02-07 01:24:57','2024-02-07 01:24:57',NULL),(1305,9323,1289,7,40000.00,0.00,2,1,'2024-02-07 01:24:57','2024-02-07 01:24:57',NULL),(1306,9323,1290,7,40000.00,0.00,2,1,'2024-03-05 20:57:06','2024-03-05 20:57:06',NULL),(1307,9323,1291,7,40000.00,0.00,2,1,'2024-03-05 20:57:09','2024-03-05 20:57:09',NULL),(1308,9323,1292,7,40000.00,0.00,2,1,'2024-03-05 20:57:09','2024-03-05 20:57:09',NULL),(1309,9323,1293,7,40000.00,0.00,2,1,'2024-03-05 20:57:10','2024-03-05 20:57:10',NULL),(1310,9323,1294,7,40000.00,0.00,2,1,'2024-03-05 20:57:10','2024-03-05 20:57:10',NULL),(1311,9323,1295,7,50000.00,0.00,2,1,'2024-04-17 14:52:25','2024-04-17 14:52:25',NULL),(1312,9323,1296,7,50000.00,0.00,2,1,'2024-04-17 14:52:28','2024-04-17 14:52:28',NULL),(1313,9323,1297,7,50000.00,0.00,2,1,'2024-04-17 14:52:29','2024-04-17 14:52:29',NULL),(1314,9323,1298,7,50000.00,0.00,2,1,'2024-04-17 14:52:30','2024-04-17 14:52:30',NULL),(1315,9323,1299,7,50000.00,0.00,2,1,'2024-04-17 14:52:33','2024-04-17 14:52:33',NULL),(1316,9323,1300,7,50000.00,0.00,2,1,'2024-04-17 14:54:02','2024-04-17 14:54:02',NULL),(1317,9323,1301,7,5000.00,0.00,2,1,'2024-04-29 15:51:20','2024-04-29 15:51:20',NULL),(1324,9323,1308,7,60000.00,0.00,2,1,'2024-05-13 13:41:46','2024-05-13 13:41:46',NULL),(1325,9323,1309,7,60000.00,0.00,2,1,'2024-05-13 13:41:49','2024-05-13 13:41:49',NULL),(1326,9323,1310,7,60000.00,0.00,2,1,'2024-05-13 13:41:50','2024-05-13 13:41:50',NULL),(1327,9323,1311,7,60000.00,0.00,2,1,'2024-05-13 13:41:51','2024-05-13 13:41:51',NULL);
INSERT INTO `receipt_taxes` VALUES (1329,9323,1313,7,60000.00,0.00,2,1,'2024-05-13 13:42:49','2024-05-13 13:42:49',NULL),(1330,9323,1314,7,60000.00,0.00,2,1,'2024-06-06 19:06:01','2024-06-06 19:06:01',NULL),(1331,9323,1315,7,60000.00,0.00,2,1,'2024-06-06 19:06:04','2024-06-06 19:06:04',NULL),(1332,9323,1316,7,60000.00,0.00,2,1,'2024-06-06 19:06:05','2024-06-06 19:06:05',NULL),(1333,9323,1317,7,60000.00,0.00,2,1,'2024-06-06 19:06:06','2024-06-06 19:06:06',NULL),(1334,9323,1318,7,60000.00,0.00,2,1,'2024-06-06 19:06:06','2024-06-06 19:06:06',NULL),(1335,9323,1319,7,60000.00,0.00,2,1,'2024-06-06 19:07:02','2024-06-06 19:07:02',NULL),(1336,9323,1320,7,60000.00,0.00,2,1,'2024-06-06 19:07:03','2024-06-06 19:07:03',NULL),(1337,9323,1321,7,60000.00,0.00,2,1,'2024-06-06 19:07:04','2024-06-06 19:07:04',NULL),(1338,9323,1322,7,60000.00,0.00,2,1,'2024-06-06 19:07:05','2024-06-06 19:07:05',NULL),(1339,9323,1323,7,60000.00,0.00,2,1,'2024-06-06 19:07:06','2024-06-06 19:07:06',NULL),(1340,9323,1324,7,60000.00,0.00,2,1,'2024-06-06 19:09:04','2024-06-06 19:09:04',NULL),(1341,9323,1325,7,60000.00,0.00,2,1,'2024-06-06 19:09:06','2024-06-06 19:09:06',NULL),(1342,9323,1326,7,60000.00,0.00,2,1,'2024-06-06 19:09:07','2024-06-06 19:09:07',NULL),(1343,9323,1327,7,60000.00,0.00,2,1,'2024-06-06 19:09:08','2024-06-06 19:09:08',NULL),(1344,9323,1328,7,60000.00,0.00,2,1,'2024-06-06 19:09:09','2024-06-06 19:09:09',NULL),(1345,9323,1329,7,150000.00,0.00,2,1,'2024-09-06 23:07:45','2024-09-06 23:07:45',NULL),(1346,9323,1330,7,150000.00,0.00,2,1,'2024-09-06 23:07:45','2024-09-06 23:07:45',NULL),(1347,9323,1331,7,150000.00,0.00,2,1,'2024-09-06 23:07:46','2024-09-06 23:07:46',NULL),(1348,9323,1332,7,150000.00,0.00,2,1,'2024-09-06 23:07:47','2024-09-06 23:07:47',NULL),(1349,9323,1333,7,150000.00,0.00,2,1,'2024-09-06 23:07:48','2024-09-06 23:07:48',NULL),(1350,9323,1334,7,150000.00,0.00,2,1,'2024-09-06 23:07:48','2024-09-06 23:07:48',NULL),(1351,9323,1335,7,150000.00,0.00,2,1,'2024-09-06 23:07:49','2024-09-06 23:07:49',NULL),(1352,9323,1336,7,150000.00,0.00,2,1,'2024-09-06 23:07:50','2024-09-06 23:07:50',NULL),(1353,9323,1337,7,150000.00,0.00,2,1,'2024-10-04 16:00:10','2024-10-04 16:00:10',NULL),(1354,9323,1338,7,150000.00,0.00,2,1,'2024-10-04 16:09:27','2024-10-04 16:09:27',NULL),(1355,9323,1339,7,150000.00,0.00,2,1,'2024-10-04 16:09:28','2024-10-04 16:09:28',NULL),(1356,9323,1340,7,150000.00,0.00,2,1,'2024-10-04 16:09:29','2024-10-04 16:09:29',NULL),(1357,9323,1341,7,150000.00,0.00,2,1,'2024-10-04 16:09:29','2024-10-04 16:09:29',NULL),(1358,9323,1342,7,150000.00,0.00,2,1,'2024-10-04 16:09:30','2024-10-04 16:09:30',NULL),(1359,9323,1343,7,100000.00,0.00,2,1,'2024-10-04 16:09:31','2024-10-04 16:09:31',NULL),(1360,9323,1344,7,150000.00,0.00,2,1,'2024-11-04 11:30:42','2024-11-04 11:30:42',NULL),(1361,9323,1345,7,150000.00,0.00,2,1,'2024-11-04 11:30:43','2024-11-04 11:30:43',NULL),(1362,9323,1346,7,150000.00,0.00,2,1,'2024-11-04 11:30:44','2024-11-04 11:30:44',NULL),(1363,9323,1347,7,150000.00,0.00,2,1,'2024-11-04 11:30:45','2024-11-04 11:30:45',NULL),(1364,9323,1348,7,150000.00,0.00,2,1,'2024-11-04 11:30:46','2024-11-04 11:30:46',NULL),(1365,9323,1349,7,150000.00,0.00,2,1,'2024-11-04 11:30:47','2024-11-04 11:30:47',NULL),(1366,9323,1350,7,150000.00,0.00,2,1,'2024-11-04 11:30:48','2024-11-04 11:30:48',NULL),(1367,9323,1351,7,150000.00,0.00,2,1,'2024-11-04 11:30:49','2024-11-04 11:30:49',NULL),(1368,9323,1352,7,150000.00,0.00,2,1,'2024-12-02 20:43:46','2024-12-02 20:43:46',NULL),(1369,9323,1353,7,150000.00,0.00,2,1,'2024-12-02 20:43:47','2024-12-02 20:43:47',NULL),(1370,9323,1354,7,150000.00,0.00,2,1,'2024-12-02 20:43:48','2024-12-02 20:43:48',NULL),(1371,9323,1355,7,150000.00,0.00,2,1,'2024-12-02 20:43:49','2024-12-02 20:43:49',NULL),(1372,9323,1356,7,150000.00,0.00,2,1,'2024-12-02 20:43:50','2024-12-02 20:43:50',NULL),(1373,9323,1357,7,150000.00,0.00,2,1,'2024-12-02 20:43:51','2024-12-02 20:43:51',NULL),(1374,9323,1358,7,150000.00,0.00,2,1,'2024-12-02 20:43:52','2024-12-02 20:43:52',NULL);
INSERT INTO `receipt_taxes` VALUES (1375,9323,1359,7,150000.00,0.00,2,1,'2024-12-02 20:43:53','2024-12-02 20:43:53',NULL),(1376,9323,1360,7,150000.00,0.00,2,1,'2025-01-05 22:54:25','2025-01-05 22:54:25',NULL),(1377,9323,1361,7,150000.00,0.00,2,1,'2025-01-05 22:54:27','2025-01-05 22:54:27',NULL),(1378,9323,1362,7,150000.00,0.00,2,1,'2025-01-05 22:54:28','2025-01-05 22:54:28',NULL),(1379,9323,1363,7,150000.00,0.00,2,1,'2025-01-05 22:54:29','2025-01-05 22:54:29',NULL),(1380,9323,1364,7,150000.00,0.00,2,1,'2025-01-05 22:54:30','2025-01-05 22:54:30',NULL),(1381,9323,1365,7,150000.00,0.00,2,1,'2025-01-05 22:54:31','2025-01-05 22:54:31',NULL),(1382,9323,1366,7,150000.00,0.00,2,1,'2025-01-05 22:54:32','2025-01-05 22:54:32',NULL),(1383,9323,1367,7,150000.00,0.00,2,1,'2025-01-05 22:54:33','2025-01-05 22:54:33',NULL),(1384,9323,1368,7,50000.00,0.00,2,1,'2025-01-14 11:25:06','2025-01-14 11:25:06',NULL),(1385,9323,1369,7,150000.00,0.00,2,1,'2025-02-10 12:29:02','2025-02-10 12:29:02',NULL),(1386,9323,1370,7,150000.00,0.00,2,1,'2025-02-10 12:29:03','2025-02-10 12:29:03',NULL),(1387,9323,1371,7,150000.00,0.00,2,1,'2025-02-10 12:29:04','2025-02-10 12:29:04',NULL),(1388,9323,1372,7,150000.00,0.00,2,1,'2025-02-10 12:29:05','2025-02-10 12:29:05',NULL),(1389,9323,1373,7,150000.00,0.00,2,1,'2025-02-10 12:29:06','2025-02-10 12:29:06',NULL),(1390,9323,1374,7,150000.00,0.00,2,1,'2025-02-10 12:29:07','2025-02-10 12:29:07',NULL),(1391,9323,1375,7,150000.00,0.00,2,1,'2025-02-10 12:29:09','2025-02-10 12:29:09',NULL),(1392,9323,1376,7,150000.00,0.00,2,1,'2025-02-10 12:29:10','2025-02-10 12:29:10',NULL),(1393,9323,1377,7,150000.00,0.00,2,1,'2025-03-10 15:25:04','2025-03-10 15:25:04',NULL),(1394,9323,1378,7,150000.00,0.00,2,1,'2025-03-10 15:25:06','2025-03-10 15:25:06',NULL),(1395,9323,1379,7,150000.00,0.00,2,1,'2025-03-10 15:25:07','2025-03-10 15:25:07',NULL),(1396,9323,1380,7,150000.00,0.00,2,1,'2025-03-10 15:25:08','2025-03-10 15:25:08',NULL),(1397,9323,1381,7,150000.00,0.00,2,1,'2025-03-10 15:25:09','2025-03-10 15:25:09',NULL),(1398,9323,1382,7,150000.00,0.00,2,1,'2025-03-10 15:25:10','2025-03-10 15:25:10',NULL),(1399,9323,1383,7,150000.00,0.00,2,1,'2025-03-10 15:25:12','2025-03-10 15:25:12',NULL),(1400,9323,1384,7,150000.00,0.00,2,1,'2025-03-10 15:25:13','2025-03-10 15:25:13',NULL),(1401,9323,1385,7,150000.00,0.00,2,1,'2025-05-09 16:02:51','2025-05-09 16:02:51',NULL),(1402,9323,1386,7,150000.00,0.00,2,1,'2025-05-09 16:02:52','2025-05-09 16:02:52',NULL),(1403,9323,1387,7,150000.00,0.00,2,1,'2025-05-09 16:02:53','2025-05-09 16:02:53',NULL),(1404,9323,1388,7,150000.00,0.00,2,1,'2025-05-09 16:02:54','2025-05-09 16:02:54',NULL),(1405,9323,1389,7,150000.00,0.00,2,1,'2025-05-09 16:02:55','2025-05-09 16:02:55',NULL),(1406,9323,1390,7,150000.00,0.00,2,1,'2025-05-09 16:02:56','2025-05-09 16:02:56',NULL),(1407,9323,1391,7,150000.00,0.00,2,1,'2025-05-09 16:02:57','2025-05-09 16:02:57',NULL),(1408,9323,1392,7,150000.00,0.00,2,1,'2025-05-09 16:02:58','2025-05-09 16:02:58',NULL),(1409,9323,1393,7,869361.54,0.00,2,1,'2025-08-11 14:05:30','2025-08-11 14:05:30',NULL);

--
-- Table structure for table `receipt_types`
--

CREATE TABLE `receipt_types` (
  `id` int(10) unsigned NOT NULL AUTO_INCREMENT,
  `user_id` int(10) unsigned DEFAULT NULL,
  `created_at` timestamp NULL DEFAULT NULL,
  `updated_at` timestamp NULL DEFAULT NULL,
  `name` varchar(255) COLLATE utf8mb4_unicode_ci NOT NULL,
  `code` varchar(255) COLLATE utf8mb4_unicode_ci DEFAULT NULL,
  `credit` int(11) DEFAULT '0',
  `agroup_iva_module` int(10) unsigned DEFAULT NULL,
  `sell_no_taxabled` int(11) DEFAULT '0',
  `buy_no_taxabled` int(11) DEFAULT '0',
  `iva_condition_id` int(11) DEFAULT NULL,
  `is_fce_pyme` tinyint(1) NOT NULL DEFAULT '0',
  `afip_comprobante_id` int(11) DEFAULT NULL,
  `tipo` varchar(255) COLLATE utf8mb4_unicode_ci DEFAULT NULL,
  `letra` varchar(255) COLLATE utf8mb4_unicode_ci DEFAULT NULL,
  `facta_electronica` int(10) unsigned NOT NULL DEFAULT '0',
  `is_stock_lpg` tinyint(1) NOT NULL DEFAULT '0',
  `show_from_total` tinyint(1) NOT NULL DEFAULT '0',
  `deleted_at` timestamp NULL DEFAULT NULL,
  PRIMARY KEY (`id`)
) ENGINE=InnoDB AUTO_INCREMENT=78 DEFAULT CHARSET=utf8mb4 COLLATE=utf8mb4_unicode_ci;

--
-- Dumping data for table `receipt_types`
--

INSERT INTO `receipt_types` VALUES (1,NULL,NULL,'2019-07-29 22:19:32','Factura A','1',0,1,0,0,2,0,1,'Factura','A',1,0,0,NULL),(2,NULL,NULL,'2019-07-29 22:19:32','Nota de débito A','2',0,1,0,0,2,0,2,'Nota de Débito','A',1,0,0,NULL),(3,NULL,NULL,'2019-07-29 22:19:32','Nota de crédito A','3',1,NULL,0,0,2,0,3,'Nota de Crédito','A',1,0,0,NULL),(4,NULL,NULL,'2025-05-08 09:42:34','Factura B','6',0,2,0,1,2,0,6,'Factura','B',1,0,1,NULL),(5,NULL,NULL,'2025-05-08 09:42:34','Nota de débito B','7',0,2,0,1,2,0,7,'Nota de Débito','B',1,0,1,NULL),(6,NULL,NULL,'2025-05-08 09:42:34','Nota de crédito B','8',1,NULL,0,1,2,0,8,'Nota de Crédito','B',1,0,1,NULL),(7,NULL,NULL,'2019-07-29 22:19:32','Factura C','11',0,0,1,1,1,0,11,'Factura','C',1,0,0,NULL),(8,NULL,NULL,'2019-07-29 22:19:32','Nota de débito C','12',0,0,1,1,1,0,12,'Nota de Débito','C',1,0,0,NULL),(9,NULL,NULL,'2019-07-29 22:19:32','Nota de crédito C','13',1,NULL,1,1,1,0,13,'Nota de Crédito','C',1,0,0,NULL),(10,NULL,NULL,NULL,'RECIBO A','4',0,1,0,0,2,0,4,'RECIBO','A',0,0,0,NULL),(11,NULL,NULL,'2025-05-08 09:42:34','RECIBO B','9',0,2,0,1,2,0,9,'RECIBO','B',0,0,1,NULL),(12,NULL,NULL,NULL,'RECIBO C','15',0,0,1,1,1,0,15,'RECIBO','C',0,0,0,NULL),(13,NULL,NULL,'2020-02-27 02:46:40','Factura E','19',0,0,1,0,2,0,19,'Factura','E',0,0,0,NULL),(14,NULL,NULL,'2020-02-27 02:46:40','Nota de débito E','20',0,0,1,0,2,0,20,'Nota de Débito','E',0,0,0,NULL),(15,NULL,NULL,'2020-02-27 02:46:40','Nota de Crédito E','21',1,NULL,1,0,2,0,21,'Nota de Crédito','E',0,0,0,NULL),(16,NULL,NULL,'2023-02-16 08:52:57','Factura M','51',0,1,0,0,2,0,51,'Factura','M',1,0,0,NULL),(17,NULL,NULL,'2020-02-27 02:46:40','Despacho de Importacion','66',0,NULL,0,0,0,0,66,NULL,NULL,0,0,0,NULL),(18,NULL,NULL,'2023-02-16 08:52:57','Nota de Credito M','53',1,NULL,0,0,2,0,53,'Nota de Crédito','M',1,0,0,NULL),(19,NULL,NULL,'2023-02-16 08:52:57','Nota de Debito M','52',1,1,0,0,2,0,52,'Nota de Débito','M',1,0,0,NULL),(20,NULL,NULL,NULL,'Recibo M','54',0,1,0,0,2,0,54,'RECIBO','M',0,0,0,NULL),(21,NULL,NULL,NULL,'Recibo E',NULL,1,0,1,0,2,0,NULL,'RECIBO','E',0,0,0,NULL),(22,NULL,'2019-05-14 21:22:16','2023-02-16 08:52:52','Liquidacion Primaria de Granos','33',0,1,0,0,2,0,33,'Liquidacion Primaria de Granos','A',0,1,0,NULL),(23,NULL,'2019-11-05 19:00:05','2019-11-05 19:00:05','FACTURA DE CRÉDITO ELECTRÓNICA MiPyMEs (FCE) A','201',0,1,0,0,2,1,201,'FACTURA DE CRÉDITO ELECTRÓNICA MiPyMEs (FCE)','A',1,0,0,NULL),(24,NULL,'2019-11-05 19:00:05','2019-11-05 19:00:05','NOTA DE DEBITO ELECTRÓNICA MiPyMEs (FCE) A','202',0,1,0,0,2,1,202,'NOTA DEBITO DE CRÉDITO ELECTRÓNICA MiPyMEs (FCE)','A',1,0,0,NULL),(25,NULL,'2019-11-05 19:00:05','2019-11-05 19:00:05','NOTA DE CREDITO ELECTRÓNICA MiPyMEs (FCE) A','203',1,NULL,0,0,2,1,203,'NOTA CREDITO DE CRÉDITO ELECTRÓNICA MiPyMEs (FCE)','A',1,0,0,NULL),(26,NULL,'2019-11-05 19:00:05','2025-05-08 09:42:34','FACTURA DE CRÉDITO ELECTRÓNICA MiPyMEs (FCE) B','206',0,2,0,1,2,1,206,'FACTURA DE CRÉDITO ELECTRÓNICA MiPyMEs (FCE)','B',1,0,1,NULL),(27,NULL,'2019-11-05 19:00:05','2025-05-08 09:42:34','NOTA DE DEBITO ELECTRÓNICA MiPyMEs (FCE) B','207',0,2,0,1,2,1,207,'NOTA DEBITO DE CRÉDITO ELECTRÓNICA MiPyMEs (FCE)','B',1,0,1,NULL),(28,NULL,'2019-11-05 19:00:05','2025-05-08 09:42:34','NOTA DE CREDITO ELECTRÓNICA MiPyMEs (FCE) B','208',1,NULL,0,1,2,1,208,'NOTA CREDITO DE CRÉDITO ELECTRÓNICA MiPyMEs (FCE)','B',1,0,1,NULL),(29,NULL,'2019-11-05 19:00:05','2019-11-05 19:00:05','FACTURA DE CRÉDITO ELECTRÓNICA MiPyMEs (FCE) C','211',0,0,1,1,1,1,211,'FACTURA DE CRÉDITO ELECTRÓNICA MiPyMEs (FCE)','C',1,0,0,NULL),(30,NULL,'2019-11-05 19:00:05','2019-11-05 19:00:05','NOTA DE DEBITO ELECTRÓNICA MiPyMEs (FCE) C','212',0,0,1,1,1,1,212,'NOTA DEBITO DE CRÉDITO ELECTRÓNICA MiPyMEs (FCE)','C',1,0,0,NULL),(31,NULL,'2019-11-05 19:00:05','2019-11-05 19:00:05','NOTA DE CRÉDITO ELECTRÓNICA MiPyMEs (FCE) C','213',1,NULL,1,1,1,1,213,'NOTA CREDITO DE CRÉDITO ELECTRÓNICA MiPyMEs (FCE)','C',1,0,0,NULL);
INSERT INTO `receipt_types` VALUES (32,NULL,'2020-01-28 01:59:55','2023-02-16 08:52:52','Tique (Informe Diario Z)','83',0,2,0,0,2,0,83,'Cierre Diario Informe Z','Z',0,0,1,NULL),(33,NULL,'2020-02-19 04:48:11','2020-02-19 04:48:11','Comprobantes de Compra de Bienes No Registrables a Consumidores Finales','49',0,1,0,0,2,0,49,'Comprobantes de Compra de Bienes No Registrables','a Consumidores Finales',0,0,0,NULL),(34,NULL,'2023-02-16 08:52:49','2023-02-16 08:53:03','Cuenta de Venta y Líquido Producto A','60',0,1,0,0,2,1,60,'Cuentas de Venta y Liquido Producto A','A',1,0,0,NULL),(35,NULL,'2023-02-16 08:52:49','2025-05-08 09:42:34','Cuenta de Venta y Líquido Producto B','61',0,2,0,1,2,1,61,'Cuentas de Venta y Liquido Producto B','B',1,0,1,NULL),(36,NULL,'2023-02-16 08:52:49','2023-02-16 08:52:52','Liquidaciones A','63',0,1,0,0,2,1,63,'Liquidaciones A','A',1,0,0,NULL),(37,NULL,'2023-02-16 08:52:49','2025-05-08 09:42:34','Liquidaciones B','64',0,2,0,1,2,1,64,'Liquidaciones B','B',1,0,1,NULL),(38,NULL,'2023-02-16 08:52:52','2023-02-16 08:52:54','Tique Factura A','81',0,1,0,0,2,1,81,'Tique Factura','A',0,0,0,NULL),(39,NULL,'2023-02-16 08:52:52','2025-05-08 09:42:34','Tique Factura B','82',0,2,0,1,2,1,82,'Tique Factura','B',0,0,1,NULL),(40,NULL,'2023-02-16 08:52:52','2023-02-16 08:52:56','OTROS COMPROBANTES QUE NO CUMPLEN O ESTÁN EXCEPTUADOS DE LA R.G. 1415 Y SUS MODIF','99',0,1,1,1,1,1,99,'OTROS COMPROBANTES QUE NO CUMPLEN O ESTÁN EXCEPTUADOS DE LA R.G. 1415 Y SUS MODIF ','OTROS',0,0,0,NULL),(41,NULL,'2023-02-16 08:52:52','2023-02-16 08:52:52','Liquidacion de Compra A - Sector Pecuario','183',0,1,0,0,2,0,183,'Liquidacion de Compra','A',0,0,0,NULL),(42,NULL,'2023-02-16 08:52:52','2025-05-08 09:42:34','Liquidacion de Compra B - Sector Pecuario','185',0,2,0,1,2,0,185,'Liquidacion de Compra','B',0,0,1,NULL),(43,NULL,'2023-02-16 08:52:53','2023-02-16 08:52:54','Liquidacion de Venta Directa A - Sector Pecuario','190',0,1,0,0,2,1,190,'Liquidacion de Venta Directa','A',0,0,0,NULL),(44,NULL,'2023-02-16 08:52:53','2025-05-08 09:42:34','Liquidacion de Venta Directa B - Sector Pecuario','191',0,2,0,1,2,1,191,'Liquidacion de Venta Directa','B',0,0,0,NULL),(45,NULL,'2023-02-16 08:52:54','2023-02-16 08:52:54','Liquidacion Secundaria de Granos','331',0,1,0,0,2,1,331,'Liquidacion Secundaria de Granos','LSG',0,0,0,NULL),(46,NULL,'2023-02-16 08:52:54','2023-02-16 08:52:54','Certificado de Deposito','332',0,1,0,0,2,1,332,'Certificado de Deposito','CD',0,0,0,NULL),(47,NULL,'2023-02-16 08:52:54','2023-02-16 08:52:54','Liquidacion de Servicios Publicos Clase A','17',0,1,0,0,2,1,17,'Liquidacion de Servicios Publicos Clase A','LSPCA',0,0,0,NULL),(48,NULL,'2023-02-16 08:52:55','2023-02-16 08:52:55','Liquidacion de Servicios Publicos Clase B','18',0,2,0,1,2,1,18,'Liquidacion de Servicios Publicos Clase B','LSPCA',1,0,0,NULL),(49,NULL,NULL,NULL,'Factura Clase T','195',0,1,0,0,2,0,195,'Factura Clase T','T',0,0,0,NULL),(50,NULL,NULL,NULL,'Nota de Debito Clase T','196',0,1,0,0,2,0,196,'Factura Clase T','T',0,0,0,NULL),(51,NULL,NULL,NULL,'Nota de Credito Clase T','197',1,NULL,0,0,2,0,197,'Factura Clase T','T',0,0,0,NULL),(52,NULL,NULL,'2023-02-16 08:53:03','Cuenta de Venta y Líquido Producto A - Sector Pecuario','180',0,1,0,0,2,0,180,'Cuenta de Venta y Líquido Producto A','A',0,0,0,NULL),(53,NULL,NULL,'2025-05-08 09:42:34','Cuenta de Venta y Líquido Producto B - Sector Pecuario','182',0,2,0,1,2,0,182,'Cuenta de Venta y Líquido Producto B','B',0,0,0,NULL),(54,NULL,NULL,NULL,'Liquidación de Compra A','183',0,1,0,0,2,0,183,'Liquidación de Compra A ','A',0,0,0,NULL),(55,NULL,NULL,'2025-05-08 09:42:34','Liquidación de Compra B','185',0,2,0,1,2,0,185,'Liquidación de Compra B ','B',0,0,0,NULL),(56,NULL,NULL,NULL,'Liquidación de Compra Directa A','186',0,1,0,0,2,0,186,'Liquidación de Compra Directa A','A',0,0,0,NULL),(57,NULL,NULL,'2025-05-08 09:42:34','Liquidación de Compra Directa B','188',0,2,0,1,2,0,188,'Liquidación de Compra Directa B ','B',0,0,0,NULL);
INSERT INTO `receipt_types` VALUES (58,NULL,NULL,NULL,'Liquidación de Compra Directa C','189',0,0,1,1,1,0,189,'Liquidación de Compra Directa C ','C',0,0,0,NULL),(59,NULL,NULL,NULL,'Liquidación de Venta Directa A','190',0,1,0,0,2,0,190,'Liquidación de Venta Directa A','A',0,0,0,NULL),(60,NULL,NULL,'2025-05-08 09:42:34','Liquidación de Venta Directa B','191',0,2,0,1,2,0,191,'Liquidación de Venta Directa B ','B',0,0,0,NULL),(61,NULL,NULL,NULL,'Tique Factura C','109',0,0,0,1,1,0,109,NULL,'C',1,0,0,NULL),(62,NULL,NULL,NULL,'Tique Nota de Débito A','115',0,1,0,0,2,0,115,'Tique Nota de Débito A','A',1,0,0,NULL),(63,NULL,NULL,NULL,'Tique Nota de Crédito C','114',1,0,1,1,1,0,114,'Tique Nota de Crédito C','C',1,0,0,NULL),(64,NULL,NULL,NULL,'Otro Comprobante A que cumple con la RG 1415','39',0,1,0,0,2,0,39,'Otro Comprobante A que cumple con la RG 1415','A',0,0,0,NULL),(65,NULL,NULL,NULL,'Tique Nota de Crédito A','112',1,0,0,0,2,0,112,'Tique Nota de Crédito A','A',0,0,0,NULL),(66,NULL,NULL,'2025-05-08 09:42:34','Tique Nota de Crédito B','113',1,NULL,0,1,2,0,113,'Tique Nota de Crédito B','B',0,0,0,NULL),(67,NULL,NULL,'2025-05-08 09:42:34','Tique Nota de Debito B','116',0,2,0,1,2,0,116,'Tique Nota de Debito B','B',0,0,0,NULL),(68,NULL,NULL,NULL,'Tique Nota de Debito C','117',0,0,1,1,1,0,117,'Tique Nota de Debito C','C',0,0,0,NULL),(69,NULL,NULL,NULL,'Tique Factura M','118',0,1,0,0,2,0,118,'Tique Factura M','M',0,0,0,NULL),(70,NULL,NULL,NULL,'Tique Nota de Credito M','119',1,NULL,0,0,2,0,119,'Tique Nota de Credito M','M',0,0,0,NULL),(71,NULL,NULL,NULL,'Tique Nota de Debito M','120',0,1,0,0,2,0,120,'Tique Nota de Debito M','M',0,0,0,NULL),(72,NULL,NULL,NULL,'Nota Credito Despacho Importacion','6',1,NULL,0,0,2,0,66,NULL,NULL,0,0,0,NULL),(73,NULL,NULL,NULL,'NOTAS DE VENTA AL CONTADO A','5',0,1,0,0,2,0,5,'NOTAS DE VENTA AL CONTADO A','A',0,0,0,NULL),(74,NULL,NULL,NULL,'NOTAS DE VENTA AL CONTADO B','10',0,2,0,0,2,0,10,'NOTAS DE VENTA AL CONTADO B','B',0,0,0,NULL),(75,NULL,NULL,NULL,'NOTAS DE VENTA AL CONTADO C','16',0,0,1,1,1,0,16,'NOTAS DE VENTA AL CONTADO C','C',0,0,0,NULL),(76,NULL,NULL,NULL,'NOTAS DE VENTA AL CONTADO M','55',0,1,0,0,2,0,55,'NOTAS DE VENTA AL CONTADO M','M',0,0,0,NULL),(77,NULL,NULL,NULL,'CUENTAS DE VENTA Y LIQUIDO PRODUCTO M','58',0,1,0,0,2,0,58,'CUENTAS DE VENTA Y LIQUIDO PRODUCTO M','M',0,0,0,NULL);

--
-- Table structure for table `receipts`
--

CREATE TABLE `receipts` (
  `id` int(10) unsigned NOT NULL AUTO_INCREMENT,
  `user_id` int(10) unsigned DEFAULT NULL,
  `is_no_fiscal` tinyint(1) DEFAULT '0',
  `type_id` int(10) unsigned NOT NULL,
  `type_receipt_id` int(10) unsigned DEFAULT NULL,
  `comprobanteAfip` int(11) DEFAULT NULL,
  `ppc_receipt_id` bigint(20) unsigned DEFAULT NULL,
  `fact_elec_receipt_id` int(10) unsigned DEFAULT NULL,
  `cta_cte_tesoreria_id` int(10) unsigned DEFAULT NULL,
  `period_id` int(10) unsigned NOT NULL,
  `zone_id` int(10) unsigned DEFAULT NULL,
  `plan_cuenta_id` int(10) unsigned DEFAULT NULL,
  `conta_centro_costo_id` bigint(20) unsigned DEFAULT NULL,
  `activity_id` int(10) unsigned DEFAULT NULL,
  `iva_creditos_tipo_id` int(10) unsigned NOT NULL DEFAULT '1',
  `retention_type_id` int(10) unsigned DEFAULT NULL,
  `person_id_owner` int(10) unsigned NOT NULL,
  `person_id_relationed` int(10) unsigned DEFAULT NULL,
  `number` int(8) unsigned zerofill DEFAULT NULL,
  `hasta` int(8) unsigned zerofill DEFAULT NULL,
  `reference` int(11) DEFAULT NULL,
  `receipt_date` date DEFAULT NULL,
  `expiration_date` date DEFAULT NULL,
  `code_ticket` int(4) unsigned zerofill DEFAULT NULL,
  `status_id` int(10) unsigned DEFAULT NULL,
  `tax_account_id` int(10) unsigned DEFAULT NULL,
  `amount` decimal(16,2) NOT NULL,
  `pendiente` decimal(16,2) NOT NULL DEFAULT '0.00',
  `moneda_id` int(10) unsigned NOT NULL DEFAULT '1',
  `cotizacion` decimal(9,2) NOT NULL DEFAULT '1.00',
  `dc_firma_id` bigint(20) unsigned NOT NULL DEFAULT '3',
  `condicion_venta_id` int(10) unsigned DEFAULT NULL,
  `is_pago_adelantado` tinyint(1) DEFAULT NULL,
  `is_garantia` tinyint(1) NOT NULL DEFAULT '0',
  `plazo_de_pago_id` int(10) unsigned DEFAULT NULL,
  `file` varchar(255) COLLATE utf8mb4_unicode_ci DEFAULT NULL,
  `comentario` longtext COLLATE utf8mb4_unicode_ci,
  `created_at` timestamp NULL DEFAULT NULL,
  `updated_at` timestamp NULL DEFAULT NULL,
  `deleted_at` timestamp NULL DEFAULT NULL,
  PRIMARY KEY (`id`),
  KEY `receipts_type_id_foreign` (`type_id`),
  KEY `receipts_type_receipt_id_foreign` (`type_receipt_id`),
  KEY `receipts_tax_account_id_foreign` (`tax_account_id`),
  KEY `receipts_zone_id_foreign` (`zone_id`),
  KEY `receipts_activity_id_foreign` (`activity_id`),
  KEY `receipts_retention_type_id_foreign` (`retention_type_id`),
  KEY `receipts_status_id_foreign` (`status_id`),
  KEY `receipts_person_id_owner_foreign` (`person_id_owner`),
  KEY `receipts_person_id_relationed_foreign` (`person_id_relationed`),
  KEY `receipts_period_id_foreign` (`period_id`),
  KEY `receipts_plan_cuenta_id_foreign` (`plan_cuenta_id`),
  KEY `receipts_fact_elec_receipt_id_foreign` (`fact_elec_receipt_id`),
  KEY `receipts_iva_creditos_tipo_id_foreign` (`iva_creditos_tipo_id`),
  KEY `receipts_conta_centro_costo_id_foreign` (`conta_centro_costo_id`),
  KEY `receipts_moneda_id_foreign` (`moneda_id`),
  KEY `receipts_dc_firma_id_foreign` (`dc_firma_id`),
  KEY `receipts_ppc_receipt_id_foreign` (`ppc_receipt_id`),
  KEY `receipts_cta_cte_tesoreria_id_foreign` (`cta_cte_tesoreria_id`),
  CONSTRAINT `receipts_activity_id_foreign` FOREIGN KEY (`activity_id`) REFERENCES `activities` (`id`),
  CONSTRAINT `receipts_conta_centro_costo_id_foreign` FOREIGN KEY (`conta_centro_costo_id`) REFERENCES `conta_centro_costos` (`id`),
  CONSTRAINT `receipts_cta_cte_tesoreria_id_foreign` FOREIGN KEY (`cta_cte_tesoreria_id`) REFERENCES `cta_cte_tesoreria` (`id`),
  CONSTRAINT `receipts_dc_firma_id_foreign` FOREIGN KEY (`dc_firma_id`) REFERENCES `dc_firmas` (`id`),
  CONSTRAINT `receipts_fact_elec_receipt_id_foreign` FOREIGN KEY (`fact_elec_receipt_id`) REFERENCES `fact_elec_receipts` (`id`),
  CONSTRAINT `receipts_iva_creditos_tipo_id_foreign` FOREIGN KEY (`iva_creditos_tipo_id`) REFERENCES `iva_creditos_tipos` (`id`),
  CONSTRAINT `receipts_moneda_id_foreign` FOREIGN KEY (`moneda_id`) REFERENCES `monedas` (`id`),
  CONSTRAINT `receipts_period_id_foreign` FOREIGN KEY (`period_id`) REFERENCES `periods` (`id`),
  CONSTRAINT `receipts_person_id_owner_foreign` FOREIGN KEY (`person_id_owner`) REFERENCES `persons` (`id`),
  CONSTRAINT `receipts_person_id_relationed_foreign` FOREIGN KEY (`person_id_relationed`) REFERENCES `persons` (`id`),
  CONSTRAINT `receipts_plan_cuenta_id_foreign` FOREIGN KEY (`plan_cuenta_id`) REFERENCES `conta_plan_cuenta` (`id`),
  CONSTRAINT `receipts_ppc_receipt_id_foreign` FOREIGN KEY (`ppc_receipt_id`) REFERENCES `ppc_receipts` (`id`),
  CONSTRAINT `receipts_retention_type_id_foreign` FOREIGN KEY (`retention_type_id`) REFERENCES `retention_types` (`id`),
  CONSTRAINT `receipts_status_id_foreign` FOREIGN KEY (`status_id`) REFERENCES `status` (`id`),
  CONSTRAINT `receipts_tax_account_id_foreign` FOREIGN KEY (`tax_account_id`) REFERENCES `tax_accounts` (`id`),
  CONSTRAINT `receipts_type_id_foreign` FOREIGN KEY (`type_id`) REFERENCES `types` (`id`),
  CONSTRAINT `receipts_type_receipt_id_foreign` FOREIGN KEY (`type_receipt_id`) REFERENCES `receipt_types` (`id`),
  CONSTRAINT `receipts_zone_id_foreign` FOREIGN KEY (`zone_id`) REFERENCES `zones` (`id`)
) ENGINE=InnoDB AUTO_INCREMENT=1394 DEFAULT CHARSET=utf8mb4 COLLATE=utf8mb4_unicode_ci;

--
-- Dumping data for table `receipts`
--

INSERT INTO `receipts` VALUES (2,8522,0,1,4,NULL,NULL,NULL,NULL,1519,23,96,NULL,1,1,NULL,40718,40814,00005092,00005092,NULL,'2023-01-02',NULL,0002,1,NULL,8228.00,8228.00,1,1.00,3,NULL,NULL,0,NULL,NULL,'','2023-02-24 15:05:30','2023-02-24 15:44:36','2023-02-24 15:44:36'),(3,8522,0,1,4,NULL,NULL,NULL,NULL,1519,23,96,NULL,1,1,NULL,40718,40814,00005093,00005093,NULL,'2023-01-02',NULL,0002,1,NULL,7865.00,7865.00,1,1.00,3,NULL,NULL,0,NULL,NULL,'','2023-02-24 15:05:30','2023-02-24 15:44:36','2023-02-24 15:44:36'),(4,8522,0,1,4,NULL,NULL,NULL,NULL,1519,23,96,NULL,1,1,NULL,40718,40814,00005094,00005094,NULL,'2023-01-02',NULL,0002,1,NULL,8349.00,8349.00,1,1.00,3,NULL,NULL,0,NULL,NULL,'','2023-02-24 15:05:30','2023-02-24 15:44:36','2023-02-24 15:44:36'),(5,8522,0,1,4,NULL,NULL,NULL,NULL,1519,23,96,NULL,1,1,NULL,40718,40814,00005095,00005095,NULL,'2023-01-02',NULL,0002,1,NULL,10769.00,10769.00,1,1.00,3,NULL,NULL,0,NULL,NULL,'','2023-02-24 15:05:30','2023-02-24 15:44:36','2023-02-24 15:44:36'),(6,8522,0,1,4,NULL,NULL,NULL,NULL,1519,23,96,NULL,1,1,NULL,40718,40814,00005096,00005096,NULL,'2023-01-02',NULL,0002,1,NULL,8349.00,8349.00,1,1.00,3,NULL,NULL,0,NULL,NULL,'','2023-02-24 15:05:30','2023-02-24 15:44:36','2023-02-24 15:44:36'),(7,8522,0,1,4,NULL,NULL,NULL,NULL,1519,23,96,NULL,1,1,NULL,40718,40814,00005097,00005097,NULL,'2023-01-02',NULL,0002,1,NULL,8349.00,8349.00,1,1.00,3,NULL,NULL,0,NULL,NULL,'','2023-02-24 15:05:30','2023-02-24 15:44:36','2023-02-24 15:44:36'),(8,8522,0,1,4,NULL,NULL,NULL,NULL,1519,23,96,NULL,1,1,NULL,40718,40814,00005098,00005098,NULL,'2023-01-02',NULL,0002,1,NULL,8349.00,8349.00,1,1.00,3,NULL,NULL,0,NULL,NULL,'','2023-02-24 15:05:30','2023-02-24 15:44:36','2023-02-24 15:44:36'),(9,8522,0,1,4,NULL,NULL,NULL,NULL,1519,23,96,NULL,1,1,NULL,40718,40814,00005099,00005099,NULL,'2023-01-02',NULL,0002,1,NULL,8349.00,8349.00,1,1.00,3,NULL,NULL,0,NULL,NULL,'','2023-02-24 15:05:30','2023-02-24 15:44:36','2023-02-24 15:44:36'),(10,8522,0,1,4,NULL,NULL,NULL,NULL,1519,23,96,NULL,1,1,NULL,40718,40814,00005100,00005100,NULL,'2023-01-02',NULL,0002,1,NULL,8349.00,8349.00,1,1.00,3,NULL,NULL,0,NULL,NULL,'','2023-02-24 15:05:30','2023-02-24 15:44:36','2023-02-24 15:44:36'),(11,8522,0,1,4,NULL,NULL,NULL,NULL,1519,23,96,NULL,1,1,NULL,40718,40814,00005101,00005101,NULL,'2023-01-02',NULL,0002,1,NULL,8349.00,8349.00,1,1.00,3,NULL,NULL,0,NULL,NULL,'','2023-02-24 15:05:30','2023-02-24 15:44:36','2023-02-24 15:44:36'),(12,8522,0,1,4,NULL,NULL,NULL,NULL,1519,22,96,NULL,1,1,NULL,40718,40814,00005102,00005102,NULL,'2023-01-02',NULL,0002,1,NULL,9075.00,9075.00,1,1.00,3,NULL,NULL,0,NULL,NULL,'','2023-02-24 15:05:30','2023-02-24 15:44:36','2023-02-24 15:44:36'),(13,8522,0,1,4,NULL,NULL,NULL,NULL,1519,22,96,NULL,1,1,NULL,40718,40814,00005103,00005103,NULL,'2023-01-02',NULL,0002,1,NULL,8349.00,8349.00,1,1.00,3,NULL,NULL,0,NULL,NULL,'','2023-02-24 15:05:30','2023-02-24 15:44:36','2023-02-24 15:44:36'),(14,8522,0,1,4,NULL,NULL,NULL,NULL,1519,22,96,NULL,1,1,NULL,40718,40814,00005104,00005104,NULL,'2023-01-02',NULL,0002,1,NULL,9438.00,9438.00,1,1.00,3,NULL,NULL,0,NULL,NULL,'','2023-02-24 15:05:31','2023-02-24 15:44:36','2023-02-24 15:44:36'),(15,8522,0,1,4,NULL,NULL,NULL,NULL,1519,22,96,NULL,1,1,NULL,40718,40814,00005105,00005105,NULL,'2023-01-02',NULL,0002,1,NULL,9559.00,9559.00,1,1.00,3,NULL,NULL,0,NULL,NULL,'','2023-02-24 15:05:31','2023-02-24 15:44:36','2023-02-24 15:44:36'),(16,8522,0,1,4,NULL,NULL,NULL,NULL,1519,22,96,NULL,1,1,NULL,40718,40814,00005106,00005106,NULL,'2023-01-02',NULL,0002,1,NULL,8228.00,8228.00,1,1.00,3,NULL,NULL,0,NULL,NULL,'','2023-02-24 15:05:31','2023-02-24 15:44:36','2023-02-24 15:44:36'),(17,8522,0,1,4,NULL,NULL,NULL,NULL,1519,22,96,NULL,1,1,NULL,40718,40814,00005107,00005107,NULL,'2023-01-02',NULL,0002,1,NULL,7865.00,7865.00,1,1.00,3,NULL,NULL,0,NULL,NULL,'','2023-02-24 15:05:31','2023-02-24 15:44:36','2023-02-24 15:44:36');
INSERT INTO `receipts` VALUES (18,8522,0,1,4,NULL,NULL,NULL,NULL,1519,22,96,NULL,1,1,NULL,40718,40814,00005108,00005108,NULL,'2023-01-02',NULL,0002,1,NULL,8591.00,8591.00,1,1.00,3,NULL,NULL,0,NULL,NULL,'','2023-02-24 15:05:31','2023-02-24 15:44:36','2023-02-24 15:44:36'),(19,8522,0,1,4,NULL,NULL,NULL,NULL,1519,22,96,NULL,1,1,NULL,40718,40814,00005109,00005109,NULL,'2023-01-02',NULL,0002,1,NULL,8591.00,8591.00,1,1.00,3,NULL,NULL,0,NULL,NULL,'','2023-02-24 15:05:31','2023-02-24 15:44:36','2023-02-24 15:44:36'),(20,8522,0,1,4,NULL,NULL,NULL,NULL,1519,22,96,NULL,1,1,NULL,40718,40814,00005110,00005110,NULL,'2023-01-02',NULL,0002,1,NULL,8591.00,8591.00,1,1.00,3,NULL,NULL,0,NULL,NULL,'','2023-02-24 15:05:31','2023-02-24 15:44:36','2023-02-24 15:44:36'),(21,8522,0,1,4,NULL,NULL,NULL,NULL,1519,22,96,NULL,1,1,NULL,40718,40814,00005111,00005111,NULL,'2023-01-02',NULL,0002,1,NULL,8228.00,8228.00,1,1.00,3,NULL,NULL,0,NULL,NULL,'','2023-02-24 15:05:31','2023-02-24 15:44:36','2023-02-24 15:44:36'),(22,8522,0,1,1,NULL,NULL,NULL,NULL,1519,22,96,NULL,1,1,NULL,40718,40814,00006199,00006199,NULL,'2023-01-02',NULL,0002,1,NULL,8650.29,8650.29,1,1.00,3,NULL,NULL,0,NULL,NULL,'','2023-02-24 15:05:31','2023-02-24 15:44:36','2023-02-24 15:44:36'),(23,8522,0,1,1,NULL,NULL,NULL,NULL,1519,22,96,NULL,1,1,NULL,40718,40814,00006064,00006064,NULL,'2023-01-02',NULL,0002,1,NULL,23619.20,23619.20,1,1.00,3,NULL,NULL,0,NULL,NULL,'','2023-02-24 15:05:31','2023-02-24 15:44:36','2023-02-24 15:44:36'),(24,8522,0,1,1,NULL,NULL,NULL,NULL,1519,22,96,NULL,1,1,NULL,40718,40814,00005038,00005038,NULL,'2023-01-02',NULL,0002,1,NULL,14480.07,14480.07,1,1.00,3,NULL,NULL,0,NULL,NULL,'','2023-02-24 15:05:31','2023-02-24 15:44:36','2023-02-24 15:44:36'),(25,8522,0,1,1,NULL,NULL,NULL,NULL,1519,22,96,NULL,1,1,NULL,40718,40814,00005787,00005787,NULL,'2023-01-02',NULL,0002,1,NULL,16241.83,16241.83,1,1.00,3,NULL,NULL,0,NULL,NULL,'','2023-02-24 15:05:31','2023-02-24 15:44:36','2023-02-24 15:44:36'),(26,8522,0,1,1,NULL,NULL,NULL,NULL,1519,22,96,NULL,1,1,NULL,40718,40814,00006284,00006284,NULL,'2023-01-02',NULL,0002,1,NULL,9272.23,9272.23,1,1.00,3,NULL,NULL,0,NULL,NULL,'','2023-02-24 15:05:31','2023-02-24 15:44:36','2023-02-24 15:44:36'),(27,8522,0,1,1,NULL,NULL,NULL,NULL,1519,22,96,NULL,1,1,NULL,40718,40814,00005172,00005172,NULL,'2023-01-02',NULL,0002,1,NULL,13130.92,13130.92,1,1.00,3,NULL,NULL,0,NULL,NULL,'','2023-02-24 15:05:31','2023-02-24 15:44:36','2023-02-24 15:44:36'),(28,8522,0,1,1,NULL,NULL,NULL,NULL,1519,22,96,NULL,1,1,NULL,40718,40814,00006053,00006053,NULL,'2023-01-02',NULL,0002,1,NULL,9964.35,9964.35,1,1.00,3,NULL,NULL,0,NULL,NULL,'','2023-02-24 15:05:31','2023-02-24 15:44:36','2023-02-24 15:44:36'),(29,8522,0,1,1,NULL,NULL,NULL,NULL,1519,22,96,NULL,1,1,NULL,40718,40814,00006764,00006764,NULL,'2023-01-02',NULL,0002,1,NULL,10960.18,10960.18,1,1.00,3,NULL,NULL,0,NULL,NULL,'','2023-02-24 15:05:32','2023-02-24 15:44:36','2023-02-24 15:44:36'),(30,8522,0,1,1,NULL,NULL,NULL,NULL,1519,22,96,NULL,1,1,NULL,40718,40814,00005913,00005913,NULL,'2023-01-02',NULL,0002,1,NULL,21031.01,21031.01,1,1.00,3,NULL,NULL,0,NULL,NULL,'','2023-02-24 15:05:32','2023-02-24 15:44:36','2023-02-24 15:44:36'),(31,8522,0,1,1,NULL,NULL,NULL,NULL,1519,22,96,NULL,1,1,NULL,40718,40814,00006935,00006935,NULL,'2023-01-02',NULL,0002,1,NULL,14834.60,14834.60,1,1.00,3,NULL,NULL,0,NULL,NULL,'','2023-02-24 15:05:32','2023-02-24 15:44:36','2023-02-24 15:44:36'),(32,8522,0,1,1,NULL,NULL,NULL,NULL,1519,22,96,NULL,1,1,NULL,40718,40814,00005747,00005747,NULL,'2023-01-02',NULL,0002,1,NULL,14066.25,14066.25,1,1.00,3,NULL,NULL,0,NULL,NULL,'','2023-02-24 15:05:32','2023-02-24 15:44:36','2023-02-24 15:44:36'),(33,8522,0,1,1,NULL,NULL,NULL,NULL,1519,22,96,NULL,1,1,NULL,40718,40814,00006696,00006696,NULL,'2023-01-02',NULL,0002,1,NULL,14879.37,14879.37,1,1.00,3,NULL,NULL,0,NULL,NULL,'','2023-02-24 15:05:32','2023-02-24 15:44:36','2023-02-24 15:44:36');
INSERT INTO `receipts` VALUES (34,8522,0,1,1,NULL,NULL,NULL,NULL,1519,22,96,NULL,1,1,NULL,40718,40814,00005450,00005450,NULL,'2023-01-02',NULL,0002,1,NULL,13251.92,13251.92,1,1.00,3,NULL,NULL,0,NULL,NULL,'','2023-02-24 15:05:32','2023-02-24 15:44:36','2023-02-24 15:44:36'),(35,8522,0,1,1,NULL,NULL,NULL,NULL,1519,22,96,NULL,1,1,NULL,40718,40814,00005380,00005380,NULL,'2023-01-02',NULL,0002,1,NULL,7479.01,7479.01,1,1.00,3,NULL,NULL,0,NULL,NULL,'','2023-02-24 15:05:32','2023-02-24 15:44:36','2023-02-24 15:44:36'),(36,8522,0,1,1,NULL,NULL,NULL,NULL,1519,22,96,NULL,1,1,NULL,40718,40814,00005484,00005484,NULL,'2023-01-02',NULL,0002,1,NULL,15278.67,15278.67,1,1.00,3,NULL,NULL,0,NULL,NULL,'','2023-02-24 15:05:32','2023-02-24 15:44:36','2023-02-24 15:44:36'),(37,8522,0,1,1,NULL,NULL,NULL,NULL,1519,22,96,NULL,1,1,NULL,40718,40814,00006649,00006649,NULL,'2023-01-02',NULL,0002,1,NULL,7399.15,7399.15,1,1.00,3,NULL,NULL,0,NULL,NULL,'','2023-02-24 15:05:32','2023-02-24 15:44:36','2023-02-24 15:44:36'),(38,8522,0,1,1,NULL,NULL,NULL,NULL,1519,22,96,NULL,1,1,NULL,40718,40814,00005635,00005635,NULL,'2023-01-02',NULL,0002,1,NULL,15423.87,15423.87,1,1.00,3,NULL,NULL,0,NULL,NULL,'','2023-02-24 15:05:32','2023-02-24 15:44:36','2023-02-24 15:44:36'),(39,8522,0,1,1,NULL,NULL,NULL,NULL,1519,22,96,NULL,1,1,NULL,40718,40814,00006400,00006400,NULL,'2023-01-02',NULL,0002,1,NULL,7637.52,7637.52,1,1.00,3,NULL,NULL,0,NULL,NULL,'','2023-02-24 15:05:32','2023-02-24 15:44:36','2023-02-24 15:44:36'),(40,8522,0,1,1,NULL,NULL,NULL,NULL,1519,22,96,NULL,1,1,NULL,40718,40814,00005343,00005343,NULL,'2023-01-02',NULL,0002,1,NULL,23849.10,23849.10,1,1.00,3,NULL,NULL,0,NULL,NULL,'','2023-02-24 15:05:32','2023-02-24 15:44:36','2023-02-24 15:44:36'),(41,8522,0,1,1,NULL,NULL,NULL,NULL,1519,22,96,NULL,1,1,NULL,40718,40814,00005497,00005497,NULL,'2023-01-02',NULL,0002,1,NULL,16779.07,16779.07,1,1.00,3,NULL,NULL,0,NULL,NULL,'','2023-02-24 15:05:32','2023-02-24 15:44:36','2023-02-24 15:44:36'),(42,8522,0,1,1,NULL,NULL,NULL,NULL,1519,22,96,NULL,1,1,NULL,40718,40814,00005729,00005729,NULL,'2023-01-02',NULL,0002,1,NULL,24003.98,24003.98,1,1.00,3,NULL,NULL,0,NULL,NULL,'','2023-02-24 15:05:32','2023-02-24 15:44:36','2023-02-24 15:44:36'),(43,8522,0,1,1,NULL,NULL,NULL,NULL,1519,22,96,NULL,1,1,NULL,40718,40814,00005873,00005873,NULL,'2023-01-02',NULL,0002,1,NULL,15284.72,15284.72,1,1.00,3,NULL,NULL,0,NULL,NULL,'','2023-02-24 15:05:32','2023-02-24 15:44:36','2023-02-24 15:44:36'),(44,8522,0,1,1,NULL,NULL,NULL,NULL,1519,22,96,NULL,1,1,NULL,40718,40814,00006248,00006248,NULL,'2023-01-02',NULL,0002,1,NULL,18883.26,18883.26,1,1.00,3,NULL,NULL,0,NULL,NULL,'','2023-02-24 15:05:32','2023-02-24 15:44:36','2023-02-24 15:44:36'),(45,8522,0,1,1,NULL,NULL,NULL,NULL,1519,22,96,NULL,1,1,NULL,40718,40814,00006485,00006485,NULL,'2023-01-02',NULL,0002,1,NULL,17756.75,17756.75,1,1.00,3,NULL,NULL,0,NULL,NULL,'','2023-02-24 15:05:32','2023-02-24 15:44:36','2023-02-24 15:44:36'),(46,8522,0,1,1,NULL,NULL,NULL,NULL,1519,22,96,NULL,1,1,NULL,40718,40814,00005991,00005991,NULL,'2023-01-02',NULL,0002,1,NULL,15434.76,15434.76,1,1.00,3,NULL,NULL,0,NULL,NULL,'','2023-02-24 15:05:32','2023-02-24 15:44:36','2023-02-24 15:44:36'),(47,8522,0,1,1,NULL,NULL,NULL,NULL,1519,22,96,NULL,1,1,NULL,40718,40814,00006797,00006797,NULL,'2023-01-02',NULL,0002,1,NULL,16877.08,16877.08,1,1.00,3,NULL,NULL,0,NULL,NULL,'','2023-02-24 15:05:32','2023-02-24 15:44:36','2023-02-24 15:44:36'),(48,8522,0,1,1,NULL,NULL,NULL,NULL,1519,22,96,NULL,1,1,NULL,40718,40814,00005994,00005994,NULL,'2023-01-02',NULL,0002,1,NULL,14135.22,14135.22,1,1.00,3,NULL,NULL,0,NULL,NULL,'','2023-02-24 15:05:32','2023-02-24 15:44:36','2023-02-24 15:44:36'),(49,8522,0,1,1,NULL,NULL,NULL,NULL,1519,22,96,NULL,1,1,NULL,40718,40814,00005715,00005715,NULL,'2023-01-02',NULL,0002,1,NULL,18613.43,18613.43,1,1.00,3,NULL,NULL,0,NULL,NULL,'','2023-02-24 15:05:32','2023-02-24 15:44:36','2023-02-24 15:44:36');
INSERT INTO `receipts` VALUES (50,8522,0,1,1,NULL,NULL,NULL,NULL,1519,22,96,NULL,1,1,NULL,40718,40814,00005230,00005230,NULL,'2023-01-02',NULL,0002,1,NULL,11993.52,11993.52,1,1.00,3,NULL,NULL,0,NULL,NULL,'','2023-02-24 15:05:32','2023-02-24 15:44:36','2023-02-24 15:44:36'),(51,8522,0,1,1,NULL,NULL,NULL,NULL,1519,22,96,NULL,1,1,NULL,40718,40814,00006287,00006287,NULL,'2023-01-02',NULL,0002,1,NULL,11609.95,11609.95,1,1.00,3,NULL,NULL,0,NULL,NULL,'','2023-02-24 15:05:33','2023-02-24 15:44:36','2023-02-24 15:44:36'),(52,8522,0,1,1,NULL,NULL,NULL,NULL,1519,22,96,NULL,1,1,NULL,40718,40814,00005970,00005970,NULL,'2023-01-02',NULL,0002,1,NULL,17367.13,17367.13,1,1.00,3,NULL,NULL,0,NULL,NULL,'','2023-02-24 15:05:33','2023-02-24 15:44:36','2023-02-24 15:44:36'),(53,8522,0,1,1,NULL,NULL,NULL,NULL,1519,22,96,NULL,1,1,NULL,40718,40814,00006500,00006500,NULL,'2023-01-02',NULL,0002,1,NULL,12891.34,12891.34,1,1.00,3,NULL,NULL,0,NULL,NULL,'','2023-02-24 15:05:33','2023-02-24 15:44:36','2023-02-24 15:44:36'),(54,8522,0,1,1,NULL,NULL,NULL,NULL,1519,22,96,NULL,1,1,NULL,40718,40814,00005671,00005671,NULL,'2023-01-02',NULL,0002,1,NULL,10599.60,10599.60,1,1.00,3,NULL,NULL,0,NULL,NULL,'','2023-02-24 15:05:33','2023-02-24 15:44:36','2023-02-24 15:44:36'),(55,8522,0,1,1,NULL,NULL,NULL,NULL,1519,22,96,NULL,1,1,NULL,40718,40814,00005627,00005627,NULL,'2023-01-02',NULL,0002,1,NULL,23201.75,23201.75,1,1.00,3,NULL,NULL,0,NULL,NULL,'','2023-02-24 15:05:33','2023-02-24 15:44:36','2023-02-24 15:44:36'),(56,8522,0,1,1,NULL,NULL,NULL,NULL,1519,22,96,NULL,1,1,NULL,40718,40814,00005254,00005254,NULL,'2023-01-02',NULL,0002,1,NULL,10063.57,10063.57,1,1.00,3,NULL,NULL,0,NULL,NULL,'','2023-02-24 15:05:33','2023-02-24 15:44:36','2023-02-24 15:44:36'),(57,8522,0,1,1,NULL,NULL,NULL,NULL,1519,22,96,NULL,1,1,NULL,40718,40814,00006134,00006134,NULL,'2023-01-02',NULL,0002,1,NULL,7829.91,7829.91,1,1.00,3,NULL,NULL,0,NULL,NULL,'','2023-02-24 15:05:33','2023-02-24 15:44:36','2023-02-24 15:44:36'),(58,8522,0,1,1,NULL,NULL,NULL,NULL,1519,22,96,NULL,1,1,NULL,40718,40814,00005880,00005880,NULL,'2023-01-02',NULL,0002,1,NULL,8645.45,8645.45,1,1.00,3,NULL,NULL,0,NULL,NULL,'','2023-02-24 15:05:33','2023-02-24 15:44:36','2023-02-24 15:44:36'),(59,8522,0,1,1,NULL,NULL,NULL,NULL,1519,22,96,NULL,1,1,NULL,40718,40814,00005072,00005072,NULL,'2023-01-02',NULL,0002,1,NULL,19490.68,19490.68,1,1.00,3,NULL,NULL,0,NULL,NULL,'','2023-02-24 15:05:33','2023-02-24 15:44:36','2023-02-24 15:44:36'),(60,8522,0,1,1,NULL,NULL,NULL,NULL,1519,22,96,NULL,1,1,NULL,40718,40814,00006572,00006572,NULL,'2023-01-02',NULL,0002,1,NULL,23676.07,23676.07,1,1.00,3,NULL,NULL,0,NULL,NULL,'','2023-02-24 15:05:33','2023-02-24 15:44:36','2023-02-24 15:44:36'),(61,8522,0,1,1,NULL,NULL,NULL,NULL,1519,22,96,NULL,1,1,NULL,40718,40814,00005036,00005036,NULL,'2023-01-02',NULL,0002,1,NULL,6946.61,6946.61,1,1.00,3,NULL,NULL,0,NULL,NULL,'','2023-02-24 15:05:33','2023-02-24 15:44:36','2023-02-24 15:44:36'),(62,8522,0,1,1,NULL,NULL,NULL,NULL,1519,22,96,NULL,1,1,NULL,40718,40814,00006574,00006574,NULL,'2023-01-02',NULL,0002,1,NULL,17232.82,17232.82,1,1.00,3,NULL,NULL,0,NULL,NULL,'','2023-02-24 15:05:33','2023-02-24 15:44:36','2023-02-24 15:44:36'),(63,8522,0,1,1,NULL,NULL,NULL,NULL,1519,22,96,NULL,1,1,NULL,40718,40814,00005025,00005025,NULL,'2023-01-02',NULL,0002,1,NULL,23242.89,23242.89,1,1.00,3,NULL,NULL,0,NULL,NULL,'','2023-02-24 15:05:33','2023-02-24 15:44:36','2023-02-24 15:44:36'),(64,8522,0,1,1,NULL,NULL,NULL,NULL,1519,22,96,NULL,1,1,NULL,40718,40814,00006549,00006549,NULL,'2023-01-02',NULL,0002,1,NULL,20555.48,20555.48,1,1.00,3,NULL,NULL,0,NULL,NULL,'','2023-02-24 15:05:33','2023-02-24 15:44:36','2023-02-24 15:44:36'),(65,8522,0,1,1,NULL,NULL,NULL,NULL,1519,23,96,NULL,1,1,NULL,40718,40814,00006452,00006452,NULL,'2023-01-02',NULL,0002,1,NULL,22571.34,22571.34,1,1.00,3,NULL,NULL,0,NULL,NULL,'','2023-02-24 15:05:33','2023-02-24 15:44:36','2023-02-24 15:44:36');
INSERT INTO `receipts` VALUES (66,8522,0,1,1,NULL,NULL,NULL,NULL,1519,23,96,NULL,1,1,NULL,40718,40814,00006905,00006905,NULL,'2023-01-02',NULL,0002,1,NULL,23123.10,23123.10,1,1.00,3,NULL,NULL,0,NULL,NULL,'','2023-02-24 15:05:33','2023-02-24 15:44:36','2023-02-24 15:44:36'),(67,8522,0,1,1,NULL,NULL,NULL,NULL,1519,23,96,NULL,1,1,NULL,40718,40814,00006322,00006322,NULL,'2023-01-02',NULL,0002,1,NULL,8634.56,8634.56,1,1.00,3,NULL,NULL,0,NULL,NULL,'','2023-02-24 15:05:33','2023-02-24 15:44:36','2023-02-24 15:44:36'),(68,8522,0,1,1,NULL,NULL,NULL,NULL,1519,23,96,NULL,1,1,NULL,40718,40814,00006143,00006143,NULL,'2023-01-02',NULL,0002,1,NULL,15601.74,15601.74,1,1.00,3,NULL,NULL,0,NULL,NULL,'','2023-02-24 15:05:33','2023-02-24 15:44:36','2023-02-24 15:44:36'),(69,8522,0,1,1,NULL,NULL,NULL,NULL,1519,23,96,NULL,1,1,NULL,40718,40814,00006874,00006874,NULL,'2023-01-02',NULL,0002,1,NULL,13981.55,13981.55,1,1.00,3,NULL,NULL,0,NULL,NULL,'','2023-02-24 15:05:33','2023-02-24 15:44:36','2023-02-24 15:44:36'),(70,8522,0,1,1,NULL,NULL,NULL,NULL,1519,23,96,NULL,1,1,NULL,40718,40814,00006994,00006994,NULL,'2023-01-02',NULL,0002,1,NULL,18350.86,18350.86,1,1.00,3,NULL,NULL,0,NULL,NULL,'','2023-02-24 15:05:33','2023-02-24 15:44:36','2023-02-24 15:44:36'),(71,8522,0,1,1,NULL,NULL,NULL,NULL,1519,23,96,NULL,1,1,NULL,40718,40814,00006802,00006802,NULL,'2023-01-02',NULL,0002,1,NULL,14989.48,14989.48,1,1.00,3,NULL,NULL,0,NULL,NULL,'','2023-02-24 15:05:33','2023-02-24 15:44:36','2023-02-24 15:44:36'),(72,8522,0,1,1,NULL,NULL,NULL,NULL,1519,23,96,NULL,1,1,NULL,40718,40814,00005777,00005777,NULL,'2023-01-02',NULL,0002,1,NULL,23475.21,23475.21,1,1.00,3,NULL,NULL,0,NULL,NULL,'','2023-02-24 15:05:33','2023-02-24 15:44:36','2023-02-24 15:44:36'),(73,8522,0,1,1,NULL,NULL,NULL,NULL,1519,23,96,NULL,1,1,NULL,40718,40814,00005379,00005379,NULL,'2023-01-02',NULL,0002,1,NULL,13529.01,13529.01,1,1.00,3,NULL,NULL,0,NULL,NULL,'','2023-02-24 15:05:33','2023-02-24 15:44:36','2023-02-24 15:44:36'),(74,8522,0,1,1,NULL,NULL,NULL,NULL,1519,23,96,NULL,1,1,NULL,40718,40814,00006705,00006705,NULL,'2023-01-02',NULL,0002,1,NULL,10860.96,10860.96,1,1.00,3,NULL,NULL,0,NULL,NULL,'','2023-02-24 15:05:33','2023-02-24 15:44:36','2023-02-24 15:44:36'),(75,8522,0,1,1,NULL,NULL,NULL,NULL,1519,23,96,NULL,1,1,NULL,40718,40814,00005290,00005290,NULL,'2023-01-02',NULL,0002,1,NULL,21218.56,21218.56,1,1.00,3,NULL,NULL,0,NULL,NULL,'','2023-02-24 15:05:34','2023-02-24 15:44:36','2023-02-24 15:44:36'),(76,8522,0,1,1,NULL,NULL,NULL,NULL,1519,23,96,NULL,1,1,NULL,40718,40814,00006147,00006147,NULL,'2023-01-02',NULL,0002,1,NULL,18124.59,18124.59,1,1.00,3,NULL,NULL,0,NULL,NULL,'','2023-02-24 15:05:34','2023-02-24 15:44:37','2023-02-24 15:44:37'),(77,8522,0,1,1,NULL,NULL,NULL,NULL,1519,23,96,NULL,1,1,NULL,40718,40814,00006827,00006827,NULL,'2023-01-02',NULL,0002,1,NULL,19431.39,19431.39,1,1.00,3,NULL,NULL,0,NULL,NULL,'','2023-02-24 15:05:34','2023-02-24 15:44:37','2023-02-24 15:44:37'),(78,8522,0,1,1,NULL,NULL,NULL,NULL,1519,23,96,NULL,1,1,NULL,40718,40814,00006335,00006335,NULL,'2023-01-02',NULL,0002,1,NULL,10033.32,10033.32,1,1.00,3,NULL,NULL,0,NULL,NULL,'','2023-02-24 15:05:34','2023-02-24 15:44:37','2023-02-24 15:44:37'),(79,8522,0,1,1,NULL,NULL,NULL,NULL,1519,23,96,NULL,1,1,NULL,40718,40814,00006326,00006326,NULL,'2023-01-02',NULL,0002,1,NULL,16526.18,16526.18,1,1.00,3,NULL,NULL,0,NULL,NULL,'','2023-02-24 15:05:34','2023-02-24 15:44:37','2023-02-24 15:44:37'),(80,8522,0,1,1,NULL,NULL,NULL,NULL,1519,23,96,NULL,1,1,NULL,40718,40814,00006175,00006175,NULL,'2023-01-02',NULL,0002,1,NULL,17390.12,17390.12,1,1.00,3,NULL,NULL,0,NULL,NULL,'','2023-02-24 15:05:34','2023-02-24 15:44:37','2023-02-24 15:44:37'),(81,8522,0,1,1,NULL,NULL,NULL,NULL,1519,23,96,NULL,1,1,NULL,40718,40814,00005502,00005502,NULL,'2023-01-02',NULL,0002,1,NULL,18969.17,18969.17,1,1.00,3,NULL,NULL,0,NULL,NULL,'','2023-02-24 15:05:34','2023-02-24 15:44:37','2023-02-24 15:44:37');
INSERT INTO `receipts` VALUES (82,8522,0,1,1,NULL,NULL,NULL,NULL,1519,23,96,NULL,1,1,NULL,40718,40814,00005015,00005015,NULL,'2023-01-02',NULL,0002,1,NULL,12868.35,12868.35,1,1.00,3,NULL,NULL,0,NULL,NULL,'','2023-02-24 15:05:34','2023-02-24 15:44:37','2023-02-24 15:44:37'),(83,8522,0,1,1,NULL,NULL,NULL,NULL,1519,23,96,NULL,1,1,NULL,40718,40814,00006330,00006330,NULL,'2023-01-02',NULL,0002,1,NULL,7961.80,7961.80,1,1.00,3,NULL,NULL,0,NULL,NULL,'','2023-02-24 15:05:34','2023-02-24 15:44:37','2023-02-24 15:44:37'),(84,8522,0,1,1,NULL,NULL,NULL,NULL,1519,23,96,NULL,1,1,NULL,40718,40814,00005908,00005908,NULL,'2023-01-02',NULL,0002,1,NULL,9240.77,9240.77,1,1.00,3,NULL,NULL,0,NULL,NULL,'','2023-02-24 15:05:34','2023-02-24 15:44:37','2023-02-24 15:44:37'),(85,8522,0,1,1,NULL,NULL,NULL,NULL,1519,23,96,NULL,1,1,NULL,40718,40814,00005566,00005566,NULL,'2023-01-02',NULL,0002,1,NULL,23930.17,23930.17,1,1.00,3,NULL,NULL,0,NULL,NULL,'','2023-02-24 15:05:34','2023-02-24 15:44:37','2023-02-24 15:44:37'),(86,8522,0,1,1,NULL,NULL,NULL,NULL,1519,23,96,NULL,1,1,NULL,40718,40814,00005017,00005017,NULL,'2023-01-02',NULL,0002,1,NULL,6434.78,6434.78,1,1.00,3,NULL,NULL,0,NULL,NULL,'','2023-02-24 15:05:34','2023-02-24 15:44:37','2023-02-24 15:44:37'),(87,8522,0,1,1,NULL,NULL,NULL,NULL,1519,23,96,NULL,1,1,NULL,40718,40814,00006501,00006501,NULL,'2023-01-02',NULL,0002,1,NULL,22522.94,22522.94,1,1.00,3,NULL,NULL,0,NULL,NULL,'','2023-02-24 15:05:34','2023-02-24 15:44:37','2023-02-24 15:44:37'),(88,8522,0,1,1,NULL,NULL,NULL,NULL,1519,23,96,NULL,1,1,NULL,40718,40814,00006931,00006931,NULL,'2023-01-02',NULL,0002,1,NULL,19179.71,19179.71,1,1.00,3,NULL,NULL,0,NULL,NULL,'','2023-02-24 15:05:34','2023-02-24 15:44:37','2023-02-24 15:44:37'),(89,8522,0,1,1,NULL,NULL,NULL,NULL,1519,23,96,NULL,1,1,NULL,40718,40814,00006929,00006929,NULL,'2023-01-02',NULL,0002,1,NULL,15387.57,15387.57,1,1.00,3,NULL,NULL,0,NULL,NULL,'','2023-02-24 15:05:34','2023-02-24 15:44:37','2023-02-24 15:44:37'),(90,8522,0,1,1,NULL,NULL,NULL,NULL,1519,23,96,NULL,1,1,NULL,40718,40814,00006058,00006058,NULL,'2023-01-02',NULL,0002,1,NULL,6523.11,6523.11,1,1.00,3,NULL,NULL,0,NULL,NULL,'','2023-02-24 15:05:34','2023-02-24 15:44:37','2023-02-24 15:44:37'),(91,8522,0,1,1,NULL,NULL,NULL,NULL,1519,23,96,NULL,1,1,NULL,40718,40814,00005148,00005148,NULL,'2023-01-02',NULL,0002,1,NULL,10346.71,10346.71,1,1.00,3,NULL,NULL,0,NULL,NULL,'','2023-02-24 15:05:34','2023-02-24 15:44:37','2023-02-24 15:44:37'),(92,8522,0,1,1,NULL,NULL,NULL,NULL,1519,23,96,NULL,1,1,NULL,40718,40814,00006667,00006667,NULL,'2023-01-02',NULL,0002,1,NULL,18817.92,18817.92,1,1.00,3,NULL,NULL,0,NULL,NULL,'','2023-02-24 15:05:34','2023-02-24 15:44:37','2023-02-24 15:44:37'),(93,8522,0,1,1,NULL,NULL,NULL,NULL,1519,23,96,NULL,1,1,NULL,40718,40814,00006668,00006668,NULL,'2023-01-02',NULL,0002,1,NULL,16652.02,16652.02,1,1.00,3,NULL,NULL,0,NULL,NULL,'','2023-02-24 15:05:34','2023-02-24 15:44:37','2023-02-24 15:44:37'),(94,8522,0,1,1,NULL,NULL,NULL,NULL,1519,23,96,NULL,1,1,NULL,40718,40814,00006669,00006669,NULL,'2023-01-02',NULL,0002,1,NULL,22922.24,22922.24,1,1.00,3,NULL,NULL,0,NULL,NULL,'','2023-02-24 15:05:34','2023-02-24 15:44:37','2023-02-24 15:44:37'),(95,8522,0,1,1,NULL,NULL,NULL,NULL,1519,23,96,NULL,1,1,NULL,40718,40814,00006670,00006670,NULL,'2023-01-02',NULL,0002,1,NULL,9833.67,9833.67,1,1.00,3,NULL,NULL,0,NULL,NULL,'','2023-02-24 15:05:34','2023-02-24 15:44:37','2023-02-24 15:44:37'),(96,8522,0,1,3,NULL,NULL,NULL,NULL,1519,23,96,NULL,1,1,NULL,40718,40814,00006905,00006905,NULL,'2023-01-02',NULL,0002,1,NULL,23123.10,23123.10,1,1.00,3,NULL,NULL,0,NULL,NULL,'','2023-02-24 15:05:34','2023-02-24 15:44:37','2023-02-24 15:44:37'),(97,8522,0,1,3,NULL,NULL,NULL,NULL,1519,23,96,NULL,1,1,NULL,40718,40814,00006322,00006322,NULL,'2023-01-02',NULL,0002,1,NULL,8634.56,8634.56,1,1.00,3,NULL,NULL,0,NULL,NULL,'','2023-02-24 15:05:34','2023-02-24 15:44:37','2023-02-24 15:44:37');
INSERT INTO `receipts` VALUES (98,8522,0,1,3,NULL,NULL,NULL,NULL,1519,23,96,NULL,1,1,NULL,40718,40814,00006143,00006143,NULL,'2023-01-02',NULL,0002,1,NULL,15601.74,15601.74,1,1.00,3,NULL,NULL,0,NULL,NULL,'','2023-02-24 15:05:34','2023-02-24 15:44:37','2023-02-24 15:44:37'),(99,8522,0,1,3,NULL,NULL,NULL,NULL,1519,23,96,NULL,1,1,NULL,40718,40814,00006874,00006874,NULL,'2023-01-02',NULL,0002,1,NULL,13981.55,13981.55,1,1.00,3,NULL,NULL,0,NULL,NULL,'','2023-02-24 15:05:34','2023-02-24 15:44:37','2023-02-24 15:44:37'),(100,8522,0,1,3,NULL,NULL,NULL,NULL,1519,23,96,NULL,1,1,NULL,40718,40814,00006994,00006994,NULL,'2023-01-02',NULL,0002,1,NULL,18350.86,18350.86,1,1.00,3,NULL,NULL,0,NULL,NULL,'','2023-02-24 15:05:34','2023-02-24 15:44:37','2023-02-24 15:44:37'),(101,8522,0,1,3,NULL,NULL,NULL,NULL,1519,23,96,NULL,1,1,NULL,40718,40814,00006802,00006802,NULL,'2023-01-02',NULL,0002,1,NULL,14989.48,14989.48,1,1.00,3,NULL,NULL,0,NULL,NULL,'','2023-02-24 15:05:35','2023-02-24 15:44:37','2023-02-24 15:44:37'),(102,8522,0,1,3,NULL,NULL,NULL,NULL,1519,23,96,NULL,1,1,NULL,40718,40814,00005777,00005777,NULL,'2023-01-02',NULL,0002,1,NULL,23475.21,23475.21,1,1.00,3,NULL,NULL,0,NULL,NULL,'','2023-02-24 15:05:35','2023-02-24 15:44:37','2023-02-24 15:44:37'),(103,8522,0,1,3,NULL,NULL,NULL,NULL,1519,23,96,NULL,1,1,NULL,40718,40814,00005379,00005379,NULL,'2023-01-02',NULL,0002,1,NULL,13529.01,13529.01,1,1.00,3,NULL,NULL,0,NULL,NULL,'','2023-02-24 15:05:35','2023-02-24 15:44:37','2023-02-24 15:44:37'),(104,8522,0,1,3,NULL,NULL,NULL,NULL,1519,23,96,NULL,1,1,NULL,40718,40814,00006705,00006705,NULL,'2023-01-02',NULL,0002,1,NULL,10860.96,10860.96,1,1.00,3,NULL,NULL,0,NULL,NULL,'','2023-02-24 15:05:35','2023-02-24 15:44:37','2023-02-24 15:44:37'),(105,8522,0,1,3,NULL,NULL,NULL,NULL,1519,23,96,NULL,1,1,NULL,40718,40814,00005290,00005290,NULL,'2023-01-02',NULL,0002,1,NULL,21218.56,21218.56,1,1.00,3,NULL,NULL,0,NULL,NULL,'','2023-02-24 15:05:35','2023-02-24 15:44:37','2023-02-24 15:44:37'),(106,8522,0,1,6,NULL,NULL,NULL,NULL,1519,23,96,NULL,1,1,NULL,40718,40814,00005092,00005092,NULL,'2023-01-02',NULL,0002,1,NULL,8228.00,8228.00,1,1.00,3,NULL,NULL,0,NULL,NULL,'','2023-02-24 15:05:35','2023-02-24 15:44:37','2023-02-24 15:44:37'),(107,8522,0,1,6,NULL,NULL,NULL,NULL,1519,23,96,NULL,1,1,NULL,40718,40814,00005093,00005093,NULL,'2023-01-02',NULL,0002,1,NULL,7865.00,7865.00,1,1.00,3,NULL,NULL,0,NULL,NULL,'','2023-02-24 15:05:35','2023-02-24 15:44:37','2023-02-24 15:44:37'),(108,8522,0,1,6,NULL,NULL,NULL,NULL,1519,23,96,NULL,1,1,NULL,40718,40814,00005094,00005094,NULL,'2023-01-02',NULL,0002,1,NULL,8349.00,8349.00,1,1.00,3,NULL,NULL,0,NULL,NULL,'','2023-02-24 15:05:35','2023-02-24 15:44:37','2023-02-24 15:44:37'),(109,8522,0,1,6,NULL,NULL,NULL,NULL,1519,23,96,NULL,1,1,NULL,40718,40814,00005095,00005095,NULL,'2023-01-02',NULL,0002,1,NULL,10769.00,10769.00,1,1.00,3,NULL,NULL,0,NULL,NULL,'','2023-02-24 15:05:35','2023-02-24 15:44:37','2023-02-24 15:44:37'),(110,8522,0,1,6,NULL,NULL,NULL,NULL,1519,23,96,NULL,1,1,NULL,40718,40814,00005096,00005096,NULL,'2023-01-02',NULL,0002,1,NULL,8349.00,8349.00,1,1.00,3,NULL,NULL,0,NULL,NULL,'','2023-02-24 15:05:35','2023-02-24 15:44:37','2023-02-24 15:44:37'),(111,8522,0,1,6,NULL,NULL,NULL,NULL,1519,23,96,NULL,1,1,NULL,40718,40814,00005097,00005097,NULL,'2023-01-02',NULL,0002,1,NULL,8349.00,8349.00,1,1.00,3,NULL,NULL,0,NULL,NULL,'','2023-02-24 15:05:35','2023-02-24 15:44:37','2023-02-24 15:44:37'),(112,8522,0,1,6,NULL,NULL,NULL,NULL,1519,23,96,NULL,1,1,NULL,40718,40814,00005098,00005098,NULL,'2023-01-02',NULL,0002,1,NULL,8349.00,8349.00,1,1.00,3,NULL,NULL,0,NULL,NULL,'','2023-02-24 15:05:35','2023-02-24 15:44:37','2023-02-24 15:44:37'),(113,8522,0,1,6,NULL,NULL,NULL,NULL,1519,23,96,NULL,1,1,NULL,40718,40814,00005099,00005099,NULL,'2023-01-02',NULL,0002,1,NULL,8349.00,8349.00,1,1.00,3,NULL,NULL,0,NULL,NULL,'','2023-02-24 15:05:35','2023-02-24 15:44:37','2023-02-24 15:44:37');
INSERT INTO `receipts` VALUES (114,8522,0,1,6,NULL,NULL,NULL,NULL,1519,23,96,NULL,1,1,NULL,40718,40814,00005100,00005100,NULL,'2023-01-02',NULL,0002,1,NULL,8349.00,8349.00,1,1.00,3,NULL,NULL,0,NULL,NULL,'','2023-02-24 15:05:35','2023-02-24 15:44:37','2023-02-24 15:44:37'),(115,8522,0,1,6,NULL,NULL,NULL,NULL,1519,23,96,NULL,1,1,NULL,40718,40814,00005101,00005101,NULL,'2023-01-02',NULL,0002,1,NULL,8349.00,8349.00,1,1.00,3,NULL,NULL,0,NULL,NULL,'','2023-02-24 15:05:35','2023-02-24 15:44:37','2023-02-24 15:44:37'),(116,8522,0,1,6,NULL,NULL,NULL,NULL,1519,22,96,NULL,1,1,NULL,40718,40814,00005102,00005102,NULL,'2023-01-02',NULL,0002,1,NULL,9075.00,9075.00,1,1.00,3,NULL,NULL,0,NULL,NULL,'','2023-02-24 15:05:35','2023-02-24 15:44:37','2023-02-24 15:44:37'),(117,8522,0,1,6,NULL,NULL,NULL,NULL,1519,22,96,NULL,1,1,NULL,40718,40814,00005103,00005103,NULL,'2023-01-02',NULL,0002,1,NULL,8349.00,8349.00,1,1.00,3,NULL,NULL,0,NULL,NULL,'','2023-02-24 15:05:35','2023-02-24 15:44:37','2023-02-24 15:44:37'),(368,8522,0,2,1,NULL,NULL,NULL,NULL,1519,22,217,NULL,1,1,NULL,40718,40814,00002232,00002232,NULL,'2023-01-02',NULL,0005,1,NULL,6363.39,6363.39,1,1.00,3,NULL,NULL,0,NULL,NULL,'','2023-02-24 15:56:06','2023-02-27 11:29:24','2023-02-27 11:29:24'),(369,8522,0,2,1,NULL,NULL,NULL,NULL,1519,22,217,NULL,1,1,NULL,40718,40814,00001515,00001515,NULL,'2023-01-02',NULL,0005,1,NULL,17087.62,17087.62,1,1.00,3,NULL,NULL,0,NULL,NULL,'','2023-02-24 15:56:06','2023-02-27 11:29:24','2023-02-27 11:29:24'),(370,8522,0,2,1,NULL,NULL,NULL,NULL,1519,22,217,NULL,1,1,NULL,40718,40814,00001568,00001568,NULL,'2023-01-02',NULL,0005,1,NULL,14747.48,14747.48,1,1.00,3,NULL,NULL,0,NULL,NULL,'','2023-02-24 15:56:06','2023-02-27 11:29:24','2023-02-27 11:29:24'),(371,8522,0,2,1,NULL,NULL,NULL,NULL,1519,22,217,NULL,1,1,NULL,40718,40814,00002212,00002212,NULL,'2023-01-02',NULL,0005,1,NULL,19099.85,19099.85,1,1.00,3,NULL,NULL,0,NULL,NULL,'','2023-02-24 15:56:06','2023-02-27 11:29:24','2023-02-27 11:29:24'),(372,8522,0,2,1,NULL,NULL,NULL,NULL,1519,22,217,NULL,1,1,NULL,40718,40814,00001915,00001915,NULL,'2023-01-02',NULL,0005,1,NULL,26791.82,26791.82,1,1.00,3,NULL,NULL,0,NULL,NULL,'','2023-02-24 15:56:06','2023-02-27 11:29:24','2023-02-27 11:29:24'),(373,8522,0,2,1,NULL,NULL,NULL,NULL,1519,22,217,NULL,1,1,NULL,40718,40814,00001057,00001057,NULL,'2023-01-02',NULL,0005,1,NULL,27346.00,27346.00,1,1.00,3,NULL,NULL,0,NULL,NULL,'','2023-02-24 15:56:06','2023-02-27 11:29:24','2023-02-27 11:29:24'),(374,8522,0,2,1,NULL,NULL,NULL,NULL,1519,22,217,NULL,1,1,NULL,40718,40814,00001999,00001999,NULL,'2023-01-02',NULL,0005,1,NULL,14661.57,14661.57,1,1.00,3,NULL,NULL,0,NULL,NULL,'','2023-02-24 15:56:06','2023-02-27 11:29:24','2023-02-27 11:29:24'),(375,8522,0,2,1,NULL,NULL,NULL,NULL,1519,22,217,NULL,1,1,NULL,40718,40814,00002097,00002097,NULL,'2023-01-02',NULL,0005,1,NULL,12189.54,12189.54,1,1.00,3,NULL,NULL,0,NULL,NULL,'','2023-02-24 15:56:06','2023-02-27 11:29:24','2023-02-27 11:29:24'),(376,8522,0,2,1,NULL,NULL,NULL,NULL,1519,22,217,NULL,1,1,NULL,40718,40814,00002354,00002354,NULL,'2023-01-02',NULL,0005,1,NULL,19419.29,19419.29,1,1.00,3,NULL,NULL,0,NULL,NULL,'','2023-02-24 15:56:06','2023-02-27 11:29:24','2023-02-27 11:29:24'),(377,8522,0,2,1,NULL,NULL,NULL,NULL,1519,22,217,NULL,1,1,NULL,40718,40814,00001308,00001308,NULL,'2023-01-02',NULL,0005,1,NULL,12089.11,12089.11,1,1.00,3,NULL,NULL,0,NULL,NULL,'','2023-02-24 15:56:06','2023-02-27 11:29:24','2023-02-27 11:29:24'),(378,8522,0,2,1,NULL,NULL,NULL,NULL,1519,22,217,NULL,1,1,NULL,40718,40814,00001741,00001741,NULL,'2023-01-02',NULL,0005,1,NULL,25720.97,25720.97,1,1.00,3,NULL,NULL,0,NULL,NULL,'','2023-02-24 15:56:06','2023-02-27 11:29:24','2023-02-27 11:29:24'),(379,8522,0,2,1,NULL,NULL,NULL,NULL,1519,22,217,NULL,1,1,NULL,40718,40814,00001384,00001384,NULL,'2023-01-02',NULL,0005,1,NULL,27108.84,27108.84,1,1.00,3,NULL,NULL,0,NULL,NULL,'','2023-02-24 15:56:06','2023-02-27 11:29:24','2023-02-27 11:29:24');
INSERT INTO `receipts` VALUES (380,8522,0,2,1,NULL,NULL,NULL,NULL,1519,22,217,NULL,1,1,NULL,40718,40814,00001688,00001688,NULL,'2023-01-02',NULL,0005,1,NULL,26069.45,26069.45,1,1.00,3,NULL,NULL,0,NULL,NULL,'','2023-02-24 15:56:06','2023-02-27 11:29:24','2023-02-27 11:29:24'),(381,8522,0,2,1,NULL,NULL,NULL,NULL,1519,22,217,NULL,1,1,NULL,40718,40814,00001212,00001212,NULL,'2023-01-02',NULL,0005,1,NULL,12183.49,12183.49,1,1.00,3,NULL,NULL,0,NULL,NULL,'','2023-02-24 15:56:07','2023-02-27 11:29:24','2023-02-27 11:29:24'),(382,8522,0,2,1,NULL,NULL,NULL,NULL,1519,22,217,NULL,1,1,NULL,40718,40814,00001150,00001150,NULL,'2023-01-02',NULL,0005,1,NULL,10553.62,10553.62,1,1.00,3,NULL,NULL,0,NULL,NULL,'','2023-02-24 15:56:07','2023-02-27 11:29:24','2023-02-27 11:29:24'),(383,8522,0,2,1,NULL,NULL,NULL,NULL,1519,22,217,NULL,1,1,NULL,40718,40814,00001272,00001272,NULL,'2023-01-02',NULL,0005,1,NULL,23143.67,23143.67,1,1.00,3,NULL,NULL,0,NULL,NULL,'','2023-02-24 15:56:07','2023-02-27 11:29:24','2023-02-27 11:29:24'),(384,8522,0,2,1,NULL,NULL,NULL,NULL,1519,22,217,NULL,1,1,NULL,40718,40814,00002312,00002312,NULL,'2023-01-02',NULL,0005,1,NULL,11398.20,11398.20,1,1.00,3,NULL,NULL,0,NULL,NULL,'','2023-02-24 15:56:07','2023-02-27 11:29:24','2023-02-27 11:29:24'),(385,8522,0,2,1,NULL,NULL,NULL,NULL,1519,22,217,NULL,1,1,NULL,40718,40814,00001357,00001357,NULL,'2023-01-02',NULL,0005,1,NULL,17159.01,17159.01,1,1.00,3,NULL,NULL,0,NULL,NULL,'','2023-02-24 15:56:07','2023-02-27 11:29:24','2023-02-27 11:29:24'),(386,8522,0,2,1,NULL,NULL,NULL,NULL,1519,22,217,NULL,1,1,NULL,40718,40814,00001531,00001531,NULL,'2023-01-02',NULL,0005,1,NULL,26849.90,26849.90,1,1.00,3,NULL,NULL,0,NULL,NULL,'','2023-02-24 15:56:07','2023-02-27 11:29:24','2023-02-27 11:29:24'),(387,8522,0,2,1,NULL,NULL,NULL,NULL,1519,22,217,NULL,1,1,NULL,40718,40814,00001485,00001485,NULL,'2023-01-02',NULL,0005,1,NULL,6746.96,6746.96,1,1.00,3,NULL,NULL,0,NULL,NULL,'','2023-02-24 15:56:07','2023-02-27 11:29:24','2023-02-27 11:29:24'),(388,8522,0,2,1,NULL,NULL,NULL,NULL,1519,22,217,NULL,1,1,NULL,40718,40814,00002124,00002124,NULL,'2023-01-02',NULL,0005,1,NULL,17306.63,17306.63,1,1.00,3,NULL,NULL,0,NULL,NULL,'','2023-02-24 15:56:07','2023-02-27 11:29:24','2023-02-27 11:29:24'),(389,8522,0,2,1,NULL,NULL,NULL,NULL,1519,22,217,NULL,1,1,NULL,40718,40814,00002482,00002482,NULL,'2023-01-02',NULL,0005,1,NULL,8134.83,8134.83,1,1.00,3,NULL,NULL,0,NULL,NULL,'','2023-02-24 15:56:07','2023-02-27 11:29:24','2023-02-27 11:29:24'),(390,8522,0,2,1,NULL,NULL,NULL,NULL,1519,22,217,NULL,1,1,NULL,40718,40814,00001097,00001097,NULL,'2023-01-02',NULL,0005,1,NULL,29589.34,29589.34,1,1.00,3,NULL,NULL,0,NULL,NULL,'','2023-02-24 15:56:07','2023-02-27 11:29:24','2023-02-27 11:29:24'),(391,8522,0,2,1,NULL,NULL,NULL,NULL,1519,22,217,NULL,1,1,NULL,40718,40814,00001838,00001838,NULL,'2023-01-02',NULL,0005,1,NULL,13336.62,13336.62,1,1.00,3,NULL,NULL,0,NULL,NULL,'','2023-02-24 15:56:07','2023-02-27 11:29:24','2023-02-27 11:29:24'),(392,8522,0,2,1,NULL,NULL,NULL,NULL,1519,22,217,NULL,1,1,NULL,40718,40814,00001913,00001913,NULL,'2023-01-02',NULL,0005,1,NULL,23872.09,23872.09,1,1.00,3,NULL,NULL,0,NULL,NULL,'','2023-02-24 15:56:07','2023-02-27 11:29:24','2023-02-27 11:29:24'),(393,8522,0,2,1,NULL,NULL,NULL,NULL,1519,22,217,NULL,1,1,NULL,40718,40814,00001221,00001221,NULL,'2023-01-02',NULL,0005,1,NULL,10771.42,10771.42,1,1.00,3,NULL,NULL,0,NULL,NULL,'','2023-02-24 15:56:07','2023-02-27 11:29:24','2023-02-27 11:29:24'),(394,8522,0,2,1,NULL,NULL,NULL,NULL,1519,22,217,NULL,1,1,NULL,40718,40814,00001125,00001125,NULL,'2023-01-02',NULL,0005,1,NULL,10903.31,10903.31,1,1.00,3,NULL,NULL,0,NULL,NULL,'','2023-02-24 15:56:07','2023-02-27 11:29:24','2023-02-27 11:29:24'),(395,8522,0,2,1,NULL,NULL,NULL,NULL,1519,22,217,NULL,1,1,NULL,40718,40814,00002483,00002483,NULL,'2023-01-02',NULL,0005,1,NULL,9646.12,9646.12,1,1.00,3,NULL,NULL,0,NULL,NULL,'','2023-02-24 15:56:07','2023-02-27 11:29:24','2023-02-27 11:29:24');
INSERT INTO `receipts` VALUES (396,8522,0,2,1,NULL,NULL,NULL,NULL,1519,22,217,NULL,1,1,NULL,40718,40814,00001570,00001570,NULL,'2023-01-02',NULL,0005,1,NULL,13496.34,13496.34,1,1.00,3,NULL,NULL,0,NULL,NULL,'','2023-02-24 15:56:07','2023-02-27 11:29:24','2023-02-27 11:29:24'),(397,8522,0,2,1,NULL,NULL,NULL,NULL,1519,22,217,NULL,1,1,NULL,40718,40814,00001877,00001877,NULL,'2023-01-02',NULL,0005,1,NULL,26578.86,26578.86,1,1.00,3,NULL,NULL,0,NULL,NULL,'','2023-02-24 15:56:07','2023-02-27 11:29:24','2023-02-27 11:29:24'),(398,8522,0,2,1,NULL,NULL,NULL,NULL,1519,22,217,NULL,1,1,NULL,40718,40814,00001853,00001853,NULL,'2023-01-02',NULL,0005,1,NULL,9170.59,9170.59,1,1.00,3,NULL,NULL,0,NULL,NULL,'','2023-02-24 15:56:07','2023-02-27 11:29:24','2023-02-27 11:29:24'),(399,8522,0,2,1,NULL,NULL,NULL,NULL,1519,22,217,NULL,1,1,NULL,40718,40814,00002215,00002215,NULL,'2023-01-02',NULL,0005,1,NULL,28599.56,28599.56,1,1.00,3,NULL,NULL,0,NULL,NULL,'','2023-02-24 15:56:07','2023-02-27 11:29:24','2023-02-27 11:29:24'),(400,8522,0,2,1,NULL,NULL,NULL,NULL,1519,22,217,NULL,1,1,NULL,40718,40814,00001058,00001058,NULL,'2023-01-02',NULL,0005,1,NULL,9238.35,9238.35,1,1.00,3,NULL,NULL,0,NULL,NULL,'','2023-02-24 15:56:07','2023-02-27 11:29:24','2023-02-27 11:29:24'),(401,8522,0,2,4,NULL,NULL,NULL,NULL,1519,22,250,NULL,1,1,NULL,40718,40814,00001045,00001045,NULL,'2023-01-02',NULL,0005,1,NULL,9949.00,9949.00,1,1.00,3,NULL,NULL,0,NULL,NULL,'','2023-02-24 15:56:07','2023-02-27 11:29:24','2023-02-27 11:29:24'),(402,8522,0,2,4,NULL,NULL,NULL,NULL,1519,22,250,NULL,1,1,NULL,40718,40814,00001286,00001286,NULL,'2023-01-02',NULL,0005,1,NULL,9147.00,9147.00,1,1.00,3,NULL,NULL,0,NULL,NULL,'','2023-02-24 15:56:07','2023-02-27 11:29:24','2023-02-27 11:29:24'),(403,8522,0,2,4,NULL,NULL,NULL,NULL,1519,22,250,NULL,1,1,NULL,40718,40814,00001620,00001620,NULL,'2023-01-02',NULL,0005,1,NULL,5860.00,5860.00,1,1.00,3,NULL,NULL,0,NULL,NULL,'','2023-02-24 15:56:07','2023-02-27 11:29:24','2023-02-27 11:29:24'),(404,8522,0,2,4,NULL,NULL,NULL,NULL,1519,22,250,NULL,1,1,NULL,40718,40814,00001634,00001634,NULL,'2023-01-02',NULL,0005,1,NULL,13863.00,13863.00,1,1.00,3,NULL,NULL,0,NULL,NULL,'','2023-02-24 15:56:07','2023-02-27 11:29:24','2023-02-27 11:29:24'),(405,8522,0,2,4,NULL,NULL,NULL,NULL,1519,22,250,NULL,1,1,NULL,40718,40814,00001738,00001738,NULL,'2023-01-02',NULL,0005,1,NULL,4481.00,4481.00,1,1.00,3,NULL,NULL,0,NULL,NULL,'','2023-02-24 15:56:08','2023-02-27 11:29:24','2023-02-27 11:29:24'),(406,8522,0,2,4,NULL,NULL,NULL,NULL,1519,22,250,NULL,1,1,NULL,40718,40814,00001079,00001079,NULL,'2023-01-02',NULL,0005,1,NULL,9940.00,9940.00,1,1.00,3,NULL,NULL,0,NULL,NULL,'','2023-02-24 15:56:08','2023-02-27 11:29:24','2023-02-27 11:29:24'),(407,8522,0,2,4,NULL,NULL,NULL,NULL,1519,22,250,NULL,1,1,NULL,40718,40814,00002025,00002025,NULL,'2023-01-02',NULL,0005,1,NULL,5884.00,5884.00,1,1.00,3,NULL,NULL,0,NULL,NULL,'','2023-02-24 15:56:08','2023-02-27 11:29:24','2023-02-27 11:29:24'),(408,8522,0,2,4,NULL,NULL,NULL,NULL,1519,22,250,NULL,1,1,NULL,40718,40814,00001355,00001355,NULL,'2023-01-02',NULL,0005,1,NULL,11153.00,11153.00,1,1.00,3,NULL,NULL,0,NULL,NULL,'','2023-02-24 15:56:08','2023-02-27 11:29:24','2023-02-27 11:29:24'),(409,8522,0,2,4,NULL,NULL,NULL,NULL,1519,22,250,NULL,1,1,NULL,40718,40814,00001492,00001492,NULL,'2023-01-02',NULL,0005,1,NULL,14197.00,14197.00,1,1.00,3,NULL,NULL,0,NULL,NULL,'','2023-02-24 15:56:08','2023-02-27 11:29:24','2023-02-27 11:29:24'),(410,8522,0,2,4,NULL,NULL,NULL,NULL,1519,22,250,NULL,1,1,NULL,40718,40814,00002357,00002357,NULL,'2023-01-02',NULL,0005,1,NULL,4099.00,4099.00,1,1.00,3,NULL,NULL,0,NULL,NULL,'','2023-02-24 15:56:08','2023-02-27 11:29:24','2023-02-27 11:29:24'),(411,8522,0,2,4,NULL,NULL,NULL,NULL,1519,22,250,NULL,1,1,NULL,40718,40814,00002435,00002435,NULL,'2023-01-02',NULL,0005,1,NULL,5513.00,5513.00,1,1.00,3,NULL,NULL,0,NULL,NULL,'','2023-02-24 15:56:08','2023-02-27 11:29:24','2023-02-27 11:29:24');
INSERT INTO `receipts` VALUES (412,8522,0,2,4,NULL,NULL,NULL,NULL,1519,22,250,NULL,1,1,NULL,40718,40814,00001839,00001839,NULL,'2023-01-02',NULL,0005,1,NULL,11365.00,11365.00,1,1.00,3,NULL,NULL,0,NULL,NULL,'','2023-02-24 15:56:08','2023-02-27 11:29:24','2023-02-27 11:29:24'),(413,8522,0,2,3,NULL,NULL,NULL,NULL,1519,22,217,NULL,1,1,NULL,40718,40814,00002232,00002232,NULL,'2023-01-02',NULL,0005,1,NULL,6363.39,6363.39,1,1.00,3,NULL,NULL,0,NULL,NULL,'','2023-02-24 15:56:08','2023-02-27 11:29:24','2023-02-27 11:29:24'),(414,8522,0,2,3,NULL,NULL,NULL,NULL,1519,22,217,NULL,1,1,NULL,40718,40814,00001515,00001515,NULL,'2023-01-02',NULL,0005,1,NULL,17087.62,17087.62,1,1.00,3,NULL,NULL,0,NULL,NULL,'','2023-02-24 15:56:08','2023-02-27 11:29:24','2023-02-27 11:29:24'),(415,8522,0,2,3,NULL,NULL,NULL,NULL,1519,22,217,NULL,1,1,NULL,40718,40814,00001568,00001568,NULL,'2023-01-02',NULL,0005,1,NULL,14747.48,14747.48,1,1.00,3,NULL,NULL,0,NULL,NULL,'','2023-02-24 15:56:08','2023-02-27 11:29:24','2023-02-27 11:29:24'),(416,8522,0,2,3,NULL,NULL,NULL,NULL,1519,22,217,NULL,1,1,NULL,40718,40814,00002212,00002212,NULL,'2023-01-02',NULL,0005,1,NULL,19099.85,19099.85,1,1.00,3,NULL,NULL,0,NULL,NULL,'','2023-02-24 15:56:08','2023-02-27 11:29:24','2023-02-27 11:29:24'),(417,8522,0,2,3,NULL,NULL,NULL,NULL,1519,22,217,NULL,1,1,NULL,40718,40814,00001915,00001915,NULL,'2023-01-02',NULL,0005,1,NULL,26791.82,26791.82,1,1.00,3,NULL,NULL,0,NULL,NULL,'','2023-02-24 15:56:08','2023-02-27 11:29:24','2023-02-27 11:29:24'),(418,8522,0,2,3,NULL,NULL,NULL,NULL,1519,22,217,NULL,1,1,NULL,40718,40814,00001057,00001057,NULL,'2023-01-02',NULL,0005,1,NULL,27346.00,27346.00,1,1.00,3,NULL,NULL,0,NULL,NULL,'','2023-02-24 15:56:08','2023-02-27 11:29:24','2023-02-27 11:29:24'),(419,8522,0,2,3,NULL,NULL,NULL,NULL,1519,22,217,NULL,1,1,NULL,40718,40814,00001999,00001999,NULL,'2023-01-02',NULL,0005,1,NULL,14661.57,14661.57,1,1.00,3,NULL,NULL,0,NULL,NULL,'','2023-02-24 15:56:08','2023-02-27 11:29:24','2023-02-27 11:29:24'),(420,8522,0,2,1,NULL,NULL,NULL,NULL,1520,22,217,NULL,1,1,NULL,40718,40814,00003229,00003229,NULL,'2023-02-18',NULL,0005,1,NULL,29245.70,29245.70,1,1.00,3,NULL,NULL,0,NULL,NULL,'','2023-02-24 15:56:08','2023-02-27 11:29:24','2023-02-27 11:29:24'),(421,8522,0,2,1,NULL,NULL,NULL,NULL,1520,22,217,NULL,1,1,NULL,40718,40814,00005341,00005341,NULL,'2023-02-18',NULL,0005,1,NULL,8127.57,8127.57,1,1.00,3,NULL,NULL,0,NULL,NULL,'','2023-02-24 15:56:08','2023-02-27 11:29:24','2023-02-27 11:29:24'),(422,8522,0,2,1,NULL,NULL,NULL,NULL,1520,22,217,NULL,1,1,NULL,40718,40814,00003565,00003565,NULL,'2023-02-18',NULL,0005,1,NULL,21199.20,21199.20,1,1.00,3,NULL,NULL,0,NULL,NULL,'','2023-02-24 15:56:08','2023-02-27 11:29:24','2023-02-27 11:29:24'),(423,8522,0,2,1,NULL,NULL,NULL,NULL,1520,22,217,NULL,1,1,NULL,40718,40814,00003757,00003757,NULL,'2023-02-18',NULL,0005,1,NULL,34862.52,34862.52,1,1.00,3,NULL,NULL,0,NULL,NULL,'','2023-02-24 15:56:08','2023-02-27 11:29:24','2023-02-27 11:29:24'),(424,8522,0,2,1,NULL,NULL,NULL,NULL,1520,22,217,NULL,1,1,NULL,40718,40814,00005285,00005285,NULL,'2023-02-18',NULL,0005,1,NULL,37858.48,37858.48,1,1.00,3,NULL,NULL,0,NULL,NULL,'','2023-02-24 15:56:08','2023-02-27 11:29:24','2023-02-27 11:29:24'),(425,8522,0,2,1,NULL,NULL,NULL,NULL,1520,22,217,NULL,1,1,NULL,40718,40814,00005430,00005430,NULL,'2023-02-18',NULL,0005,1,NULL,18354.49,18354.49,1,1.00,3,NULL,NULL,0,NULL,NULL,'','2023-02-24 15:56:08','2023-02-27 11:29:24','2023-02-27 11:29:24'),(426,8522,0,2,1,NULL,NULL,NULL,NULL,1520,22,217,NULL,1,1,NULL,40718,40814,00005021,00005021,NULL,'2023-02-18',NULL,0005,1,NULL,39384.29,39384.29,1,1.00,3,NULL,NULL,0,NULL,NULL,'','2023-02-24 15:56:08','2023-02-27 11:29:24','2023-02-27 11:29:24'),(427,8522,0,2,1,NULL,NULL,NULL,NULL,1520,22,217,NULL,1,1,NULL,40718,40814,00003511,00003511,NULL,'2023-02-18',NULL,0005,1,NULL,25544.31,25544.31,1,1.00,3,NULL,NULL,0,NULL,NULL,'','2023-02-24 15:56:08','2023-02-27 11:29:24','2023-02-27 11:29:24');
INSERT INTO `receipts` VALUES (428,8522,0,2,1,NULL,NULL,NULL,NULL,1520,22,217,NULL,1,1,NULL,40718,40814,00003520,00003520,NULL,'2023-02-18',NULL,0005,1,NULL,28150.65,28150.65,1,1.00,3,NULL,NULL,0,NULL,NULL,'','2023-02-24 15:56:08','2023-02-27 11:29:24','2023-02-27 11:29:24'),(429,8522,0,2,1,NULL,NULL,NULL,NULL,1520,22,217,NULL,1,1,NULL,40718,40814,00004878,00004878,NULL,'2023-02-18',NULL,0005,1,NULL,32857.55,32857.55,1,1.00,3,NULL,NULL,0,NULL,NULL,'','2023-02-24 15:56:09','2023-02-27 11:29:24','2023-02-27 11:29:24'),(430,8522,0,2,1,NULL,NULL,NULL,NULL,1520,22,217,NULL,1,1,NULL,40718,40814,00003512,00003512,NULL,'2023-02-18',NULL,0005,1,NULL,19395.09,19395.09,1,1.00,3,NULL,NULL,0,NULL,NULL,'','2023-02-24 15:56:09','2023-02-27 11:29:24','2023-02-27 11:29:24'),(431,8522,0,2,1,NULL,NULL,NULL,NULL,1520,22,217,NULL,1,1,NULL,40718,40814,00003416,00003416,NULL,'2023-02-18',NULL,0005,1,NULL,37384.16,37384.16,1,1.00,3,NULL,NULL,0,NULL,NULL,'','2023-02-24 15:56:09','2023-02-27 11:29:24','2023-02-27 11:29:24'),(432,8522,0,2,1,NULL,NULL,NULL,NULL,1520,22,217,NULL,1,1,NULL,40718,40814,00005149,00005149,NULL,'2023-02-18',NULL,0005,1,NULL,6102.03,6102.03,1,1.00,3,NULL,NULL,0,NULL,NULL,'','2023-02-24 15:56:09','2023-02-27 11:29:24','2023-02-27 11:29:24'),(433,8522,0,2,1,NULL,NULL,NULL,NULL,1520,22,217,NULL,1,1,NULL,40718,40814,00003618,00003618,NULL,'2023-02-18',NULL,0005,1,NULL,40636.64,40636.64,1,1.00,3,NULL,NULL,0,NULL,NULL,'','2023-02-24 15:56:09','2023-02-27 11:29:24','2023-02-27 11:29:24'),(434,8522,0,2,1,NULL,NULL,NULL,NULL,1520,22,217,NULL,1,1,NULL,40718,40814,00003087,00003087,NULL,'2023-02-18',NULL,0005,1,NULL,22339.02,22339.02,1,1.00,3,NULL,NULL,0,NULL,NULL,'','2023-02-24 15:56:09','2023-02-27 11:29:24','2023-02-27 11:29:24'),(435,8522,0,2,1,NULL,NULL,NULL,NULL,1520,22,217,NULL,1,1,NULL,40718,40814,00004146,00004146,NULL,'2023-02-18',NULL,0005,1,NULL,39206.42,39206.42,1,1.00,3,NULL,NULL,0,NULL,NULL,'','2023-02-24 15:56:09','2023-02-27 11:29:24','2023-02-27 11:29:24'),(436,8522,0,2,1,NULL,NULL,NULL,NULL,1520,22,217,NULL,1,1,NULL,40718,40814,00005094,00005094,NULL,'2023-02-18',NULL,0005,1,NULL,24474.67,24474.67,1,1.00,3,NULL,NULL,0,NULL,NULL,'','2023-02-24 15:56:09','2023-02-27 11:29:24','2023-02-27 11:29:24'),(437,8522,0,2,1,NULL,NULL,NULL,NULL,1520,22,217,NULL,1,1,NULL,40718,40814,00005119,00005119,NULL,'2023-02-18',NULL,0005,1,NULL,39461.73,39461.73,1,1.00,3,NULL,NULL,0,NULL,NULL,'','2023-02-24 15:56:09','2023-02-27 11:29:24','2023-02-27 11:29:24'),(438,8522,0,2,1,NULL,NULL,NULL,NULL,1520,22,217,NULL,1,1,NULL,40718,40814,00003627,00003627,NULL,'2023-02-18',NULL,0005,1,NULL,33214.50,33214.50,1,1.00,3,NULL,NULL,0,NULL,NULL,'','2023-02-24 15:56:09','2023-02-27 11:29:24','2023-02-27 11:29:24'),(439,8522,0,2,1,NULL,NULL,NULL,NULL,1520,22,217,NULL,1,1,NULL,40718,40814,00004528,00004528,NULL,'2023-02-18',NULL,0005,1,NULL,19886.35,19886.35,1,1.00,3,NULL,NULL,0,NULL,NULL,'','2023-02-24 15:56:09','2023-02-27 11:29:25','2023-02-27 11:29:25'),(440,8522,0,2,1,NULL,NULL,NULL,NULL,1520,22,217,NULL,1,1,NULL,40718,40814,00003581,00003581,NULL,'2023-02-18',NULL,0005,1,NULL,19683.07,19683.07,1,1.00,3,NULL,NULL,0,NULL,NULL,'','2023-02-24 15:56:09','2023-02-27 11:29:25','2023-02-27 11:29:25'),(441,8522,0,2,1,NULL,NULL,NULL,NULL,1520,22,217,NULL,1,1,NULL,40718,40814,00004737,00004737,NULL,'2023-02-18',NULL,0005,1,NULL,28606.82,28606.82,1,1.00,3,NULL,NULL,0,NULL,NULL,'','2023-02-24 15:56:09','2023-02-27 11:29:25','2023-02-27 11:29:25'),(442,8522,0,2,1,NULL,NULL,NULL,NULL,1520,22,217,NULL,1,1,NULL,40718,40814,00005835,00005835,NULL,'2023-02-18',NULL,0005,1,NULL,34021.57,34021.57,1,1.00,3,NULL,NULL,0,NULL,NULL,'','2023-02-24 15:56:09','2023-02-27 11:29:25','2023-02-27 11:29:25'),(443,8522,0,2,1,NULL,NULL,NULL,NULL,1520,22,217,NULL,1,1,NULL,40718,40814,00003365,00003365,NULL,'2023-02-18',NULL,0005,1,NULL,42087.43,42087.43,1,1.00,3,NULL,NULL,0,NULL,NULL,'','2023-02-24 15:56:09','2023-02-27 11:29:25','2023-02-27 11:29:25');
INSERT INTO `receipts` VALUES (444,8522,0,2,1,NULL,NULL,NULL,NULL,1520,22,217,NULL,1,1,NULL,40718,40814,00003518,00003518,NULL,'2023-02-18',NULL,0005,1,NULL,32215.04,32215.04,1,1.00,3,NULL,NULL,0,NULL,NULL,'','2023-02-24 15:56:09','2023-02-27 11:29:25','2023-02-27 11:29:25'),(445,8522,0,2,1,NULL,NULL,NULL,NULL,1520,22,217,NULL,1,1,NULL,40718,40814,00005467,00005467,NULL,'2023-02-18',NULL,0005,1,NULL,21977.23,21977.23,1,1.00,3,NULL,NULL,0,NULL,NULL,'','2023-02-24 15:56:09','2023-02-27 11:29:25','2023-02-27 11:29:25'),(446,8522,0,2,1,NULL,NULL,NULL,NULL,1520,22,217,NULL,1,1,NULL,40718,40814,00003005,00003005,NULL,'2023-02-18',NULL,0005,1,NULL,35616.35,35616.35,1,1.00,3,NULL,NULL,0,NULL,NULL,'','2023-02-24 15:56:09','2023-02-27 11:29:25','2023-02-27 11:29:25'),(447,8522,0,2,1,NULL,NULL,NULL,NULL,1520,22,217,NULL,1,1,NULL,40718,40814,00005797,00005797,NULL,'2023-02-18',NULL,0005,1,NULL,16086.95,16086.95,1,1.00,3,NULL,NULL,0,NULL,NULL,'','2023-02-24 15:56:09','2023-02-27 11:29:25','2023-02-27 11:29:25'),(448,8522,0,2,1,NULL,NULL,NULL,NULL,1520,22,217,NULL,1,1,NULL,40718,40814,00005966,00005966,NULL,'2023-02-18',NULL,0005,1,NULL,29918.46,29918.46,1,1.00,3,NULL,NULL,0,NULL,NULL,'','2023-02-24 15:56:09','2023-02-27 11:29:25','2023-02-27 11:29:25'),(449,8522,0,2,1,NULL,NULL,NULL,NULL,1520,22,217,NULL,1,1,NULL,40718,40814,00003059,00003059,NULL,'2023-02-18',NULL,0005,1,NULL,41630.05,41630.05,1,1.00,3,NULL,NULL,0,NULL,NULL,'','2023-02-24 15:56:09','2023-02-27 11:29:25','2023-02-27 11:29:25'),(450,8522,0,2,1,NULL,NULL,NULL,NULL,1520,22,217,NULL,1,1,NULL,40718,40814,00005283,00005283,NULL,'2023-02-18',NULL,0005,1,NULL,21436.36,21436.36,1,1.00,3,NULL,NULL,0,NULL,NULL,'','2023-02-24 15:56:09','2023-02-27 11:29:25','2023-02-27 11:29:25'),(451,8522,0,2,1,NULL,NULL,NULL,NULL,1520,22,217,NULL,1,1,NULL,40718,40814,00005168,00005168,NULL,'2023-02-18',NULL,0005,1,NULL,9056.85,9056.85,1,1.00,3,NULL,NULL,0,NULL,NULL,'','2023-02-24 15:56:09','2023-02-27 11:29:25','2023-02-27 11:29:25'),(452,8522,0,2,1,NULL,NULL,NULL,NULL,1520,22,217,NULL,1,1,NULL,40718,40814,00005870,00005870,NULL,'2023-02-18',NULL,0005,1,NULL,28211.15,28211.15,1,1.00,3,NULL,NULL,0,NULL,NULL,'','2023-02-24 15:56:09','2023-02-27 11:29:25','2023-02-27 11:29:25'),(453,8522,0,2,1,NULL,NULL,NULL,NULL,1520,22,217,NULL,1,1,NULL,40718,40814,00003569,00003569,NULL,'2023-02-18',NULL,0005,1,NULL,31758.87,31758.87,1,1.00,3,NULL,NULL,0,NULL,NULL,'','2023-02-24 15:56:09','2023-02-27 11:29:25','2023-02-27 11:29:25'),(454,8522,0,2,1,NULL,NULL,NULL,NULL,1520,22,217,NULL,1,1,NULL,40718,40814,00004847,00004847,NULL,'2023-02-18',NULL,0005,1,NULL,16267.24,16267.24,1,1.00,3,NULL,NULL,0,NULL,NULL,'','2023-02-24 15:56:10','2023-02-27 11:29:25','2023-02-27 11:29:25'),(455,8522,0,2,1,NULL,NULL,NULL,NULL,1520,22,217,NULL,1,1,NULL,40718,40814,00005273,00005273,NULL,'2023-02-18',NULL,0005,1,NULL,16746.40,16746.40,1,1.00,3,NULL,NULL,0,NULL,NULL,'','2023-02-24 15:56:10','2023-02-27 11:29:25','2023-02-27 11:29:25'),(456,8522,0,2,4,NULL,NULL,NULL,NULL,1520,22,250,NULL,1,1,NULL,40718,40814,00003229,00003229,NULL,'2023-02-18',NULL,0005,1,NULL,29381.00,29381.00,1,1.00,3,NULL,NULL,0,NULL,NULL,'','2023-02-24 15:56:10','2023-02-27 11:29:25','2023-02-27 11:29:25'),(457,8522,0,2,4,NULL,NULL,NULL,NULL,1520,22,250,NULL,1,1,NULL,40718,40814,00005341,00005341,NULL,'2023-02-18',NULL,0005,1,NULL,12162.00,12162.00,1,1.00,3,NULL,NULL,0,NULL,NULL,'','2023-02-24 15:56:10','2023-02-27 11:29:25','2023-02-27 11:29:25'),(458,8522,0,2,4,NULL,NULL,NULL,NULL,1520,22,250,NULL,1,1,NULL,40718,40814,00003565,00003565,NULL,'2023-02-18',NULL,0005,1,NULL,22126.00,22126.00,1,1.00,3,NULL,NULL,0,NULL,NULL,'','2023-02-24 15:56:10','2023-02-27 11:29:25','2023-02-27 11:29:25'),(459,8522,0,2,4,NULL,NULL,NULL,NULL,1520,22,250,NULL,1,1,NULL,40718,40814,00003757,00003757,NULL,'2023-02-18',NULL,0005,1,NULL,23656.00,23656.00,1,1.00,3,NULL,NULL,0,NULL,NULL,'','2023-02-24 15:56:10','2023-02-27 11:29:25','2023-02-27 11:29:25');
INSERT INTO `receipts` VALUES (460,8522,0,2,3,NULL,NULL,NULL,NULL,1520,22,217,NULL,1,1,NULL,40718,40814,00003569,00003569,NULL,'2023-02-18',NULL,0005,1,NULL,31758.87,31758.87,1,1.00,3,NULL,NULL,0,NULL,NULL,'','2023-02-24 15:56:10','2023-02-27 11:29:25','2023-02-27 11:29:25'),(461,8522,0,2,3,NULL,NULL,NULL,NULL,1520,22,217,NULL,1,1,NULL,40718,40814,00004847,00004847,NULL,'2023-02-18',NULL,0005,1,NULL,16267.24,16267.24,1,1.00,3,NULL,NULL,0,NULL,NULL,'','2023-02-24 15:56:10','2023-02-27 11:29:25','2023-02-27 11:29:25'),(462,8522,0,2,3,NULL,NULL,NULL,NULL,1520,22,217,NULL,1,1,NULL,40718,40814,00005273,00005273,NULL,'2023-02-18',NULL,0005,1,NULL,16746.40,16746.40,1,1.00,3,NULL,NULL,0,NULL,NULL,'','2023-02-24 15:56:10','2023-02-27 11:29:25','2023-02-27 11:29:25'),(463,8522,0,2,1,NULL,NULL,NULL,NULL,1521,22,217,NULL,1,1,NULL,40718,40814,00003153,00003153,NULL,'2023-03-23',NULL,0005,1,NULL,8900.76,8900.76,1,1.00,3,NULL,NULL,0,NULL,NULL,'','2023-02-24 15:56:10','2023-02-27 11:29:25','2023-02-27 11:29:25'),(464,8522,0,2,1,NULL,NULL,NULL,NULL,1521,22,217,NULL,1,1,NULL,40718,40814,00004698,00004698,NULL,'2023-03-23',NULL,0005,1,NULL,28263.18,28263.18,1,1.00,3,NULL,NULL,0,NULL,NULL,'','2023-02-24 15:56:10','2023-02-27 11:29:25','2023-02-27 11:29:25'),(465,8522,0,2,1,NULL,NULL,NULL,NULL,1521,22,217,NULL,1,1,NULL,40718,40814,00004082,00004082,NULL,'2023-03-23',NULL,0005,1,NULL,40469.66,40469.66,1,1.00,3,NULL,NULL,0,NULL,NULL,'','2023-02-24 15:56:10','2023-02-27 11:29:25','2023-02-27 11:29:25'),(466,8522,0,2,1,NULL,NULL,NULL,NULL,1521,22,217,NULL,1,1,NULL,40718,40814,00004539,00004539,NULL,'2023-03-23',NULL,0005,1,NULL,39381.87,39381.87,1,1.00,3,NULL,NULL,0,NULL,NULL,'','2023-02-24 15:56:10','2023-02-27 11:29:25','2023-02-27 11:29:25'),(467,8522,0,2,1,NULL,NULL,NULL,NULL,1521,22,217,NULL,1,1,NULL,40718,40814,00004602,00004602,NULL,'2023-03-23',NULL,0005,1,NULL,13774.64,13774.64,1,1.00,3,NULL,NULL,0,NULL,NULL,'','2023-02-24 15:56:10','2023-02-27 11:29:25','2023-02-27 11:29:25'),(468,8522,0,2,1,NULL,NULL,NULL,NULL,1521,22,217,NULL,1,1,NULL,40718,40814,00004585,00004585,NULL,'2023-03-23',NULL,0005,1,NULL,33927.19,33927.19,1,1.00,3,NULL,NULL,0,NULL,NULL,'','2023-02-24 15:56:10','2023-02-27 11:29:25','2023-02-27 11:29:25'),(469,8522,0,2,1,NULL,NULL,NULL,NULL,1521,22,217,NULL,1,1,NULL,40718,40814,00004950,00004950,NULL,'2023-03-23',NULL,0005,1,NULL,38447.75,38447.75,1,1.00,3,NULL,NULL,0,NULL,NULL,'','2023-02-24 15:56:10','2023-02-27 11:29:25','2023-02-27 11:29:25'),(470,8522,0,2,1,NULL,NULL,NULL,NULL,1521,22,217,NULL,1,1,NULL,40718,40814,00003192,00003192,NULL,'2023-03-23',NULL,0005,1,NULL,26099.70,26099.70,1,1.00,3,NULL,NULL,0,NULL,NULL,'','2023-02-24 15:56:10','2023-02-27 11:29:25','2023-02-27 11:29:25'),(471,8522,0,2,1,NULL,NULL,NULL,NULL,1521,22,217,NULL,1,1,NULL,40718,40814,00005519,00005519,NULL,'2023-03-23',NULL,0005,1,NULL,21638.43,21638.43,1,1.00,3,NULL,NULL,0,NULL,NULL,'','2023-02-24 15:56:10','2023-02-27 11:29:25','2023-02-27 11:29:25'),(472,8522,0,2,1,NULL,NULL,NULL,NULL,1521,22,217,NULL,1,1,NULL,40718,40814,00003282,00003282,NULL,'2023-03-23',NULL,0005,1,NULL,11043.67,11043.67,1,1.00,3,NULL,NULL,0,NULL,NULL,'','2023-02-24 15:56:10','2023-02-27 11:29:25','2023-02-27 11:29:25'),(473,8522,0,2,1,NULL,NULL,NULL,NULL,1521,22,217,NULL,1,1,NULL,40718,40814,00003913,00003913,NULL,'2023-03-23',NULL,0005,1,NULL,36412.53,36412.53,1,1.00,3,NULL,NULL,0,NULL,NULL,'','2023-02-24 15:56:10','2023-02-27 11:29:25','2023-02-27 11:29:25'),(474,8522,0,2,1,NULL,NULL,NULL,NULL,1521,22,217,NULL,1,1,NULL,40718,40814,00004791,00004791,NULL,'2023-03-23',NULL,0005,1,NULL,31090.95,31090.95,1,1.00,3,NULL,NULL,0,NULL,NULL,'','2023-02-24 15:56:10','2023-02-27 11:29:25','2023-02-27 11:29:25'),(475,8522,0,2,1,NULL,NULL,NULL,NULL,1521,22,217,NULL,1,1,NULL,40718,40814,00004984,00004984,NULL,'2023-03-23',NULL,0005,1,NULL,40294.21,40294.21,1,1.00,3,NULL,NULL,0,NULL,NULL,'','2023-02-24 15:56:10','2023-02-27 11:29:25','2023-02-27 11:29:25');
INSERT INTO `receipts` VALUES (476,8522,0,2,1,NULL,NULL,NULL,NULL,1521,22,217,NULL,1,1,NULL,40718,40814,00004011,00004011,NULL,'2023-03-23',NULL,0005,1,NULL,38369.10,38369.10,1,1.00,3,NULL,NULL,0,NULL,NULL,'','2023-02-24 15:56:10','2023-02-27 11:29:25','2023-02-27 11:29:25'),(477,8522,0,2,1,NULL,NULL,NULL,NULL,1521,22,217,NULL,1,1,NULL,40718,40814,00005630,00005630,NULL,'2023-03-23',NULL,0005,1,NULL,25952.08,25952.08,1,1.00,3,NULL,NULL,0,NULL,NULL,'','2023-02-24 15:56:10','2023-02-27 11:29:25','2023-02-27 11:29:25'),(478,8522,0,2,1,NULL,NULL,NULL,NULL,1521,22,217,NULL,1,1,NULL,40718,40814,00005649,00005649,NULL,'2023-03-23',NULL,0005,1,NULL,13820.62,13820.62,1,1.00,3,NULL,NULL,0,NULL,NULL,'','2023-02-24 15:56:11','2023-02-27 11:29:25','2023-02-27 11:29:25'),(479,8522,0,2,1,NULL,NULL,NULL,NULL,1521,22,217,NULL,1,1,NULL,40718,40814,00003006,00003006,NULL,'2023-03-23',NULL,0005,1,NULL,30946.96,30946.96,1,1.00,3,NULL,NULL,0,NULL,NULL,'','2023-02-24 15:56:11','2023-02-27 11:29:25','2023-02-27 11:29:25'),(480,8522,0,2,1,NULL,NULL,NULL,NULL,1521,22,217,NULL,1,1,NULL,40718,40814,00003409,00003409,NULL,'2023-03-23',NULL,0005,1,NULL,16751.24,16751.24,1,1.00,3,NULL,NULL,0,NULL,NULL,'','2023-02-24 15:56:11','2023-02-27 11:29:25','2023-02-27 11:29:25'),(481,8522,0,2,1,NULL,NULL,NULL,NULL,1521,22,217,NULL,1,1,NULL,40718,40814,00004863,00004863,NULL,'2023-03-23',NULL,0005,1,NULL,35962.41,35962.41,1,1.00,3,NULL,NULL,0,NULL,NULL,'','2023-02-24 15:56:11','2023-02-27 11:29:25','2023-02-27 11:29:25'),(482,8522,0,2,1,NULL,NULL,NULL,NULL,1521,22,217,NULL,1,1,NULL,40718,40814,00004331,00004331,NULL,'2023-03-23',NULL,0005,1,NULL,10960.18,10960.18,1,1.00,3,NULL,NULL,0,NULL,NULL,'','2023-02-24 15:56:11','2023-02-27 11:29:25','2023-02-27 11:29:25'),(483,8522,0,2,1,NULL,NULL,NULL,NULL,1521,22,217,NULL,1,1,NULL,40718,40814,00004982,00004982,NULL,'2023-03-23',NULL,0005,1,NULL,14874.53,14874.53,1,1.00,3,NULL,NULL,0,NULL,NULL,'','2023-02-24 15:56:11','2023-02-27 11:29:25','2023-02-27 11:29:25'),(484,8522,0,2,1,NULL,NULL,NULL,NULL,1521,22,217,NULL,1,1,NULL,40718,40814,00005326,00005326,NULL,'2023-03-23',NULL,0005,1,NULL,41548.98,41548.98,1,1.00,3,NULL,NULL,0,NULL,NULL,'','2023-02-24 15:56:11','2023-02-27 11:29:25','2023-02-27 11:29:25'),(485,8522,0,2,1,NULL,NULL,NULL,NULL,1521,22,217,NULL,1,1,NULL,40718,40814,00004770,00004770,NULL,'2023-03-23',NULL,0005,1,NULL,39521.02,39521.02,1,1.00,3,NULL,NULL,0,NULL,NULL,'','2023-02-24 15:56:11','2023-02-27 11:29:25','2023-02-27 11:29:25'),(486,8522,0,2,1,NULL,NULL,NULL,NULL,1521,22,217,NULL,1,1,NULL,40718,40814,00005515,00005515,NULL,'2023-03-23',NULL,0005,1,NULL,27754.98,27754.98,1,1.00,3,NULL,NULL,0,NULL,NULL,'','2023-02-24 15:56:11','2023-02-27 11:29:25','2023-02-27 11:29:25'),(487,8522,0,2,1,NULL,NULL,NULL,NULL,1521,22,217,NULL,1,1,NULL,40718,40814,00004638,00004638,NULL,'2023-03-23',NULL,0005,1,NULL,25929.09,25929.09,1,1.00,3,NULL,NULL,0,NULL,NULL,'','2023-02-24 15:56:11','2023-02-27 11:29:25','2023-02-27 11:29:25'),(488,8522,0,2,4,NULL,NULL,NULL,NULL,1521,22,250,NULL,1,1,NULL,40718,40814,00005094,00005094,NULL,'2023-03-23',NULL,0005,1,NULL,29919.00,29919.00,1,1.00,3,NULL,NULL,0,NULL,NULL,'','2023-02-24 15:56:11','2023-02-27 11:29:25','2023-02-27 11:29:25'),(489,8522,0,2,4,NULL,NULL,NULL,NULL,1521,22,250,NULL,1,1,NULL,40718,40814,00004666,00004666,NULL,'2023-03-23',NULL,0005,1,NULL,15673.00,15673.00,1,1.00,3,NULL,NULL,0,NULL,NULL,'','2023-02-24 15:56:11','2023-02-27 11:29:25','2023-02-27 11:29:25'),(490,8522,0,2,4,NULL,NULL,NULL,NULL,1521,22,250,NULL,1,1,NULL,40718,40814,00005859,00005859,NULL,'2023-03-23',NULL,0005,1,NULL,9836.00,9836.00,1,1.00,3,NULL,NULL,0,NULL,NULL,'','2023-02-24 15:56:11','2023-02-27 11:29:25','2023-02-27 11:29:25'),(491,8522,0,2,4,NULL,NULL,NULL,NULL,1521,22,250,NULL,1,1,NULL,40718,40814,00004166,00004166,NULL,'2023-03-23',NULL,0005,1,NULL,34386.00,34386.00,1,1.00,3,NULL,NULL,0,NULL,NULL,'','2023-02-24 15:56:11','2023-02-27 11:29:25','2023-02-27 11:29:25');
INSERT INTO `receipts` VALUES (492,8522,0,2,4,NULL,NULL,NULL,NULL,1521,22,250,NULL,1,1,NULL,40718,40814,00004589,00004589,NULL,'2023-03-23',NULL,0005,1,NULL,6692.00,6692.00,1,1.00,3,NULL,NULL,0,NULL,NULL,'','2023-02-24 15:56:11','2023-02-27 11:29:25','2023-02-27 11:29:25'),(493,8522,0,2,3,NULL,NULL,NULL,NULL,1521,22,217,NULL,1,1,NULL,40718,40814,00003153,00003153,NULL,'2023-03-23',NULL,0005,1,NULL,8900.76,8900.76,1,1.00,3,NULL,NULL,0,NULL,NULL,'','2023-02-24 15:56:11','2023-02-27 11:29:25','2023-02-27 11:29:25'),(494,8522,0,2,3,NULL,NULL,NULL,NULL,1521,22,217,NULL,1,1,NULL,40718,40814,00004698,00004698,NULL,'2023-03-23',NULL,0005,1,NULL,28263.18,28263.18,1,1.00,3,NULL,NULL,0,NULL,NULL,'','2023-02-24 15:56:11','2023-02-27 11:29:25','2023-02-27 11:29:25'),(495,8522,0,2,3,NULL,NULL,NULL,NULL,1521,22,217,NULL,1,1,NULL,40718,40814,00004082,00004082,NULL,'2023-03-23',NULL,0005,1,NULL,40469.66,40469.66,1,1.00,3,NULL,NULL,0,NULL,NULL,'','2023-02-24 15:56:11','2023-02-27 11:29:25','2023-02-27 11:29:25'),(496,8522,0,2,3,NULL,NULL,NULL,NULL,1521,22,217,NULL,1,1,NULL,40718,40814,00004539,00004539,NULL,'2023-03-23',NULL,0005,1,NULL,39381.87,39381.87,1,1.00,3,NULL,NULL,0,NULL,NULL,'','2023-02-24 15:56:11','2023-02-27 11:29:26','2023-02-27 11:29:26'),(873,9323,0,1,4,NULL,NULL,NULL,NULL,1519,23,96,NULL,1,1,NULL,40718,40814,00005092,00005092,NULL,'2023-01-02',NULL,0002,1,NULL,8228.00,8228.00,1,1.00,3,NULL,NULL,0,NULL,NULL,'','2023-02-24 16:16:35','2023-07-25 19:58:28','2023-07-25 19:58:28'),(874,9323,0,1,4,NULL,NULL,NULL,NULL,1519,23,96,NULL,1,1,NULL,40718,40814,00005093,00005093,NULL,'2023-01-02',NULL,0002,1,NULL,7865.00,7865.00,1,1.00,3,NULL,NULL,0,NULL,NULL,'','2023-02-24 16:16:35','2023-07-25 19:58:28','2023-07-25 19:58:28'),(875,9323,0,1,4,NULL,NULL,NULL,NULL,1519,23,96,NULL,1,1,NULL,40718,40814,00005094,00005094,NULL,'2023-01-02',NULL,0002,1,NULL,8349.00,8349.00,1,1.00,3,NULL,NULL,0,NULL,NULL,'','2023-02-24 16:16:35','2023-07-25 19:58:28','2023-07-25 19:58:28'),(876,9323,0,1,4,NULL,NULL,NULL,NULL,1519,23,96,NULL,1,1,NULL,40718,40814,00005095,00005095,NULL,'2023-01-02',NULL,0002,1,NULL,10769.00,10769.00,1,1.00,3,NULL,NULL,0,NULL,NULL,'','2023-02-24 16:16:35','2023-07-25 19:58:28','2023-07-25 19:58:28'),(877,9323,0,1,4,NULL,NULL,NULL,NULL,1519,23,96,NULL,1,1,NULL,40718,40814,00005096,00005096,NULL,'2023-01-02',NULL,0002,1,NULL,8349.00,8349.00,1,1.00,3,NULL,NULL,0,NULL,NULL,'','2023-02-24 16:16:35','2023-07-25 19:58:28','2023-07-25 19:58:28'),(878,9323,0,1,4,NULL,NULL,NULL,NULL,1519,23,96,NULL,1,1,NULL,40718,40814,00005097,00005097,NULL,'2023-01-02',NULL,0002,1,NULL,8349.00,8349.00,1,1.00,3,NULL,NULL,0,NULL,NULL,'','2023-02-24 16:16:35','2023-07-25 19:58:28','2023-07-25 19:58:28'),(879,9323,0,1,4,NULL,NULL,NULL,NULL,1519,23,96,NULL,1,1,NULL,40718,40814,00005098,00005098,NULL,'2023-01-02',NULL,0002,1,NULL,8349.00,8349.00,1,1.00,3,NULL,NULL,0,NULL,NULL,'','2023-02-24 16:16:35','2023-07-25 19:58:28','2023-07-25 19:58:28'),(880,9323,0,1,4,NULL,NULL,NULL,NULL,1519,23,96,NULL,1,1,NULL,40718,40814,00005099,00005099,NULL,'2023-01-02',NULL,0002,1,NULL,8349.00,8349.00,1,1.00,3,NULL,NULL,0,NULL,NULL,'','2023-02-24 16:16:35','2023-07-25 19:58:28','2023-07-25 19:58:28'),(881,9323,0,1,4,NULL,NULL,NULL,NULL,1519,23,96,NULL,1,1,NULL,40718,40814,00005100,00005100,NULL,'2023-01-02',NULL,0002,1,NULL,8349.00,8349.00,1,1.00,3,NULL,NULL,0,NULL,NULL,'','2023-02-24 16:16:35','2023-07-25 19:58:29','2023-07-25 19:58:29'),(882,9323,0,1,4,NULL,NULL,NULL,NULL,1519,23,96,NULL,1,1,NULL,40718,40814,00005101,00005101,NULL,'2023-01-02',NULL,0002,1,NULL,8349.00,8349.00,1,1.00,3,NULL,NULL,0,NULL,NULL,'','2023-02-24 16:16:36','2023-07-25 19:58:29','2023-07-25 19:58:29'),(883,9323,0,1,4,NULL,NULL,NULL,NULL,1519,22,96,NULL,1,1,NULL,40718,40814,00005102,00005102,NULL,'2023-01-02',NULL,0002,1,NULL,9075.00,9075.00,1,1.00,3,NULL,NULL,0,NULL,NULL,'','2023-02-24 16:16:36','2023-07-25 19:58:29','2023-07-25 19:58:29');
INSERT INTO `receipts` VALUES (884,9323,0,1,4,NULL,NULL,NULL,NULL,1519,22,96,NULL,1,1,NULL,40718,40814,00005103,00005103,NULL,'2023-01-02',NULL,0002,1,NULL,8349.00,8349.00,1,1.00,3,NULL,NULL,0,NULL,NULL,'','2023-02-24 16:16:36','2023-07-25 19:58:29','2023-07-25 19:58:29'),(885,9323,0,1,4,NULL,NULL,NULL,NULL,1519,22,96,NULL,1,1,NULL,40718,40814,00005104,00005104,NULL,'2023-01-02',NULL,0002,1,NULL,9438.00,9438.00,1,1.00,3,NULL,NULL,0,NULL,NULL,'','2023-02-24 16:16:36','2023-07-25 19:58:29','2023-07-25 19:58:29'),(886,9323,0,1,4,NULL,NULL,NULL,NULL,1519,22,96,NULL,1,1,NULL,40718,40814,00005105,00005105,NULL,'2023-01-02',NULL,0002,1,NULL,9559.00,9559.00,1,1.00,3,NULL,NULL,0,NULL,NULL,'','2023-02-24 16:16:36','2023-07-25 19:58:29','2023-07-25 19:58:29'),(887,9323,0,1,4,NULL,NULL,NULL,NULL,1519,22,96,NULL,1,1,NULL,40718,40814,00005106,00005106,NULL,'2023-01-02',NULL,0002,1,NULL,8228.00,8228.00,1,1.00,3,NULL,NULL,0,NULL,NULL,'','2023-02-24 16:16:36','2023-07-25 19:58:29','2023-07-25 19:58:29'),(888,9323,0,1,4,NULL,NULL,NULL,NULL,1519,22,96,NULL,1,1,NULL,40718,40814,00005107,00005107,NULL,'2023-01-02',NULL,0002,1,NULL,7865.00,7865.00,1,1.00,3,NULL,NULL,0,NULL,NULL,'','2023-02-24 16:16:36','2023-07-25 19:58:29','2023-07-25 19:58:29'),(889,9323,0,1,4,NULL,NULL,NULL,NULL,1519,22,96,NULL,1,1,NULL,40718,40814,00005108,00005108,NULL,'2023-01-02',NULL,0002,1,NULL,8591.00,8591.00,1,1.00,3,NULL,NULL,0,NULL,NULL,'','2023-02-24 16:16:36','2023-07-25 19:58:29','2023-07-25 19:58:29'),(890,9323,0,1,4,NULL,NULL,NULL,NULL,1519,22,96,NULL,1,1,NULL,40718,40814,00005109,00005109,NULL,'2023-01-02',NULL,0002,1,NULL,8591.00,8591.00,1,1.00,3,NULL,NULL,0,NULL,NULL,'','2023-02-24 16:16:36','2023-07-25 19:58:29','2023-07-25 19:58:29'),(891,9323,0,1,4,NULL,NULL,NULL,NULL,1519,22,96,NULL,1,1,NULL,40718,40814,00005110,00005110,NULL,'2023-01-02',NULL,0002,1,NULL,8591.00,8591.00,1,1.00,3,NULL,NULL,0,NULL,NULL,'','2023-02-24 16:16:36','2023-07-25 19:58:29','2023-07-25 19:58:29'),(892,9323,0,1,4,NULL,NULL,NULL,NULL,1519,22,96,NULL,1,1,NULL,40718,40814,00005111,00005111,NULL,'2023-01-02',NULL,0002,1,NULL,8228.00,8228.00,1,1.00,3,NULL,NULL,0,NULL,NULL,'','2023-02-24 16:16:36','2023-07-25 19:58:29','2023-07-25 19:58:29'),(893,9323,0,1,1,NULL,NULL,NULL,NULL,1519,22,96,NULL,1,1,NULL,40718,40814,00006199,00006199,NULL,'2023-01-02',NULL,0002,1,NULL,8650.29,8650.29,1,1.00,3,NULL,NULL,0,NULL,NULL,'','2023-02-24 16:16:36','2023-07-25 19:58:29','2023-07-25 19:58:29'),(894,9323,0,1,1,NULL,NULL,NULL,NULL,1519,22,96,NULL,1,1,NULL,40718,40814,00006064,00006064,NULL,'2023-01-02',NULL,0002,1,NULL,23619.20,23619.20,1,1.00,3,NULL,NULL,0,NULL,NULL,'','2023-02-24 16:16:36','2023-07-25 19:58:29','2023-07-25 19:58:29'),(895,9323,0,1,1,NULL,NULL,NULL,NULL,1519,22,96,NULL,1,1,NULL,40718,40814,00005038,00005038,NULL,'2023-01-02',NULL,0002,1,NULL,14480.07,14480.07,1,1.00,3,NULL,NULL,0,NULL,NULL,'','2023-02-24 16:16:36','2023-07-25 19:58:30','2023-07-25 19:58:30'),(896,9323,0,1,1,NULL,NULL,NULL,NULL,1519,22,96,NULL,1,1,NULL,40718,40814,00005787,00005787,NULL,'2023-01-02',NULL,0002,1,NULL,16241.83,16241.83,1,1.00,3,NULL,NULL,0,NULL,NULL,'','2023-02-24 16:16:36','2023-07-25 19:58:30','2023-07-25 19:58:30'),(897,9323,0,1,1,NULL,NULL,NULL,NULL,1519,22,96,NULL,1,1,NULL,40718,40814,00006284,00006284,NULL,'2023-01-02',NULL,0002,1,NULL,9272.23,9272.23,1,1.00,3,NULL,NULL,0,NULL,NULL,'','2023-02-24 16:16:36','2023-07-25 19:58:30','2023-07-25 19:58:30'),(898,9323,0,1,1,NULL,NULL,NULL,NULL,1519,22,96,NULL,1,1,NULL,40718,40814,00005172,00005172,NULL,'2023-01-02',NULL,0002,1,NULL,13130.92,13130.92,1,1.00,3,NULL,NULL,0,NULL,NULL,'','2023-02-24 16:16:36','2023-07-25 19:58:30','2023-07-25 19:58:30'),(899,9323,0,1,1,NULL,NULL,NULL,NULL,1519,22,96,NULL,1,1,NULL,40718,40814,00006053,00006053,NULL,'2023-01-02',NULL,0002,1,NULL,9964.35,9964.35,1,1.00,3,NULL,NULL,0,NULL,NULL,'','2023-02-24 16:16:36','2023-07-25 19:58:30','2023-07-25 19:58:30');
INSERT INTO `receipts` VALUES (900,9323,0,1,1,NULL,NULL,NULL,NULL,1519,22,96,NULL,1,1,NULL,40718,40814,00006764,00006764,NULL,'2023-01-02',NULL,0002,1,NULL,10960.18,10960.18,1,1.00,3,NULL,NULL,0,NULL,NULL,'','2023-02-24 16:16:36','2023-07-25 19:58:30','2023-07-25 19:58:30'),(901,9323,0,1,1,NULL,NULL,NULL,NULL,1519,22,96,NULL,1,1,NULL,40718,40814,00005913,00005913,NULL,'2023-01-02',NULL,0002,1,NULL,21031.01,21031.01,1,1.00,3,NULL,NULL,0,NULL,NULL,'','2023-02-24 16:16:36','2023-07-25 19:58:30','2023-07-25 19:58:30'),(902,9323,0,1,1,NULL,NULL,NULL,NULL,1519,22,96,NULL,1,1,NULL,40718,40814,00006935,00006935,NULL,'2023-01-02',NULL,0002,1,NULL,14834.60,14834.60,1,1.00,3,NULL,NULL,0,NULL,NULL,'','2023-02-24 16:16:36','2023-07-25 19:58:30','2023-07-25 19:58:30'),(903,9323,0,1,1,NULL,NULL,NULL,NULL,1519,22,96,NULL,1,1,NULL,40718,40814,00005747,00005747,NULL,'2023-01-02',NULL,0002,1,NULL,14066.25,14066.25,1,1.00,3,NULL,NULL,0,NULL,NULL,'','2023-02-24 16:16:36','2023-07-25 19:58:30','2023-07-25 19:58:30'),(904,9323,0,1,1,NULL,NULL,NULL,NULL,1519,22,96,NULL,1,1,NULL,40718,40814,00006696,00006696,NULL,'2023-01-02',NULL,0002,1,NULL,14879.37,14879.37,1,1.00,3,NULL,NULL,0,NULL,NULL,'','2023-02-24 16:16:36','2023-07-25 19:58:30','2023-07-25 19:58:30'),(905,9323,0,1,1,NULL,NULL,NULL,NULL,1519,22,96,NULL,1,1,NULL,40718,40814,00005450,00005450,NULL,'2023-01-02',NULL,0002,1,NULL,13251.92,13251.92,1,1.00,3,NULL,NULL,0,NULL,NULL,'','2023-02-24 16:16:36','2023-07-25 19:58:30','2023-07-25 19:58:30'),(906,9323,0,1,1,NULL,NULL,NULL,NULL,1519,22,96,NULL,1,1,NULL,40718,40814,00005380,00005380,NULL,'2023-01-02',NULL,0002,1,NULL,7479.01,7479.01,1,1.00,3,NULL,NULL,0,NULL,NULL,'','2023-02-24 16:16:37','2023-07-25 19:58:30','2023-07-25 19:58:30'),(907,9323,0,1,1,NULL,NULL,NULL,NULL,1519,22,96,NULL,1,1,NULL,40718,40814,00005484,00005484,NULL,'2023-01-02',NULL,0002,1,NULL,15278.67,15278.67,1,1.00,3,NULL,NULL,0,NULL,NULL,'','2023-02-24 16:16:37','2023-07-25 19:58:30','2023-07-25 19:58:30'),(908,9323,0,1,1,NULL,NULL,NULL,NULL,1519,22,96,NULL,1,1,NULL,40718,40814,00006649,00006649,NULL,'2023-01-02',NULL,0002,1,NULL,7399.15,7399.15,1,1.00,3,NULL,NULL,0,NULL,NULL,'','2023-02-24 16:16:37','2023-07-25 19:58:30','2023-07-25 19:58:30'),(909,9323,0,1,1,NULL,NULL,NULL,NULL,1519,22,96,NULL,1,1,NULL,40718,40814,00005635,00005635,NULL,'2023-01-02',NULL,0002,1,NULL,15423.87,15423.87,1,1.00,3,NULL,NULL,0,NULL,NULL,'','2023-02-24 16:16:37','2023-07-25 19:58:30','2023-07-25 19:58:30'),(910,9323,0,1,1,NULL,NULL,NULL,NULL,1519,22,96,NULL,1,1,NULL,40718,40814,00006400,00006400,NULL,'2023-01-02',NULL,0002,1,NULL,7637.52,7637.52,1,1.00,3,NULL,NULL,0,NULL,NULL,'','2023-02-24 16:16:37','2023-07-25 19:58:30','2023-07-25 19:58:30'),(911,9323,0,1,1,NULL,NULL,NULL,NULL,1519,22,96,NULL,1,1,NULL,40718,40814,00005343,00005343,NULL,'2023-01-02',NULL,0002,1,NULL,23849.10,23849.10,1,1.00,3,NULL,NULL,0,NULL,NULL,'','2023-02-24 16:16:37','2023-07-25 19:58:30','2023-07-25 19:58:30'),(912,9323,0,1,1,NULL,NULL,NULL,NULL,1519,22,96,NULL,1,1,NULL,40718,40814,00005497,00005497,NULL,'2023-01-02',NULL,0002,1,NULL,16779.07,16779.07,1,1.00,3,NULL,NULL,0,NULL,NULL,'','2023-02-24 16:16:37','2023-07-25 19:58:30','2023-07-25 19:58:30'),(913,9323,0,1,1,NULL,NULL,NULL,NULL,1519,22,96,NULL,1,1,NULL,40718,40814,00005729,00005729,NULL,'2023-01-02',NULL,0002,1,NULL,24003.98,24003.98,1,1.00,3,NULL,NULL,0,NULL,NULL,'','2023-02-24 16:16:37','2023-07-25 19:58:30','2023-07-25 19:58:30'),(914,9323,0,1,1,NULL,NULL,NULL,NULL,1519,22,96,NULL,1,1,NULL,40718,40814,00005873,00005873,NULL,'2023-01-02',NULL,0002,1,NULL,15284.72,15284.72,1,1.00,3,NULL,NULL,0,NULL,NULL,'','2023-02-24 16:16:37','2023-07-25 19:58:30','2023-07-25 19:58:30'),(915,9323,0,1,1,NULL,NULL,NULL,NULL,1519,22,96,NULL,1,1,NULL,40718,40814,00006248,00006248,NULL,'2023-01-02',NULL,0002,1,NULL,18883.26,18883.26,1,1.00,3,NULL,NULL,0,NULL,NULL,'','2023-02-24 16:16:37','2023-07-25 19:58:30','2023-07-25 19:58:30');
INSERT INTO `receipts` VALUES (916,9323,0,1,1,NULL,NULL,NULL,NULL,1519,22,96,NULL,1,1,NULL,40718,40814,00006485,00006485,NULL,'2023-01-02',NULL,0002,1,NULL,17756.75,17756.75,1,1.00,3,NULL,NULL,0,NULL,NULL,'','2023-02-24 16:16:37','2023-07-25 19:58:30','2023-07-25 19:58:30'),(917,9323,0,1,1,NULL,NULL,NULL,NULL,1519,22,96,NULL,1,1,NULL,40718,40814,00005991,00005991,NULL,'2023-01-02',NULL,0002,1,NULL,15434.76,15434.76,1,1.00,3,NULL,NULL,0,NULL,NULL,'','2023-02-24 16:16:37','2023-07-25 19:58:30','2023-07-25 19:58:30'),(918,9323,0,1,1,NULL,NULL,NULL,NULL,1519,22,96,NULL,1,1,NULL,40718,40814,00006797,00006797,NULL,'2023-01-02',NULL,0002,1,NULL,16877.08,16877.08,1,1.00,3,NULL,NULL,0,NULL,NULL,'','2023-02-24 16:16:37','2023-07-25 19:58:30','2023-07-25 19:58:30'),(919,9323,0,1,1,NULL,NULL,NULL,NULL,1519,22,96,NULL,1,1,NULL,40718,40814,00005994,00005994,NULL,'2023-01-02',NULL,0002,1,NULL,14135.22,14135.22,1,1.00,3,NULL,NULL,0,NULL,NULL,'','2023-02-24 16:16:37','2023-07-25 19:58:30','2023-07-25 19:58:30'),(920,9323,0,1,1,NULL,NULL,NULL,NULL,1519,22,96,NULL,1,1,NULL,40718,40814,00005715,00005715,NULL,'2023-01-02',NULL,0002,1,NULL,18613.43,18613.43,1,1.00,3,NULL,NULL,0,NULL,NULL,'','2023-02-24 16:16:37','2023-07-25 19:58:30','2023-07-25 19:58:30'),(921,9323,0,1,1,NULL,NULL,NULL,NULL,1519,22,96,NULL,1,1,NULL,40718,40814,00005230,00005230,NULL,'2023-01-02',NULL,0002,1,NULL,11993.52,11993.52,1,1.00,3,NULL,NULL,0,NULL,NULL,'','2023-02-24 16:16:37','2023-07-25 19:58:30','2023-07-25 19:58:30'),(922,9323,0,1,1,NULL,NULL,NULL,NULL,1519,22,96,NULL,1,1,NULL,40718,40814,00006287,00006287,NULL,'2023-01-02',NULL,0002,1,NULL,11609.95,11609.95,1,1.00,3,NULL,NULL,0,NULL,NULL,'','2023-02-24 16:16:37','2023-07-25 19:58:30','2023-07-25 19:58:30'),(923,9323,0,1,1,NULL,NULL,NULL,NULL,1519,22,96,NULL,1,1,NULL,40718,40814,00005970,00005970,NULL,'2023-01-02',NULL,0002,1,NULL,17367.13,17367.13,1,1.00,3,NULL,NULL,0,NULL,NULL,'','2023-02-24 16:16:37','2023-07-25 19:58:31','2023-07-25 19:58:31'),(924,9323,0,1,1,NULL,NULL,NULL,NULL,1519,22,96,NULL,1,1,NULL,40718,40814,00006500,00006500,NULL,'2023-01-02',NULL,0002,1,NULL,12891.34,12891.34,1,1.00,3,NULL,NULL,0,NULL,NULL,'','2023-02-24 16:16:37','2023-07-25 19:58:31','2023-07-25 19:58:31'),(925,9323,0,1,1,NULL,NULL,NULL,NULL,1519,22,96,NULL,1,1,NULL,40718,40814,00005671,00005671,NULL,'2023-01-02',NULL,0002,1,NULL,10599.60,10599.60,1,1.00,3,NULL,NULL,0,NULL,NULL,'','2023-02-24 16:16:37','2023-07-25 19:58:31','2023-07-25 19:58:31'),(926,9323,0,1,1,NULL,NULL,NULL,NULL,1519,22,96,NULL,1,1,NULL,40718,40814,00005627,00005627,NULL,'2023-01-02',NULL,0002,1,NULL,23201.75,23201.75,1,1.00,3,NULL,NULL,0,NULL,NULL,'','2023-02-24 16:16:37','2023-07-25 19:58:31','2023-07-25 19:58:31'),(927,9323,0,1,1,NULL,NULL,NULL,NULL,1519,22,96,NULL,1,1,NULL,40718,40814,00005254,00005254,NULL,'2023-01-02',NULL,0002,1,NULL,10063.57,10063.57,1,1.00,3,NULL,NULL,0,NULL,NULL,'','2023-02-24 16:16:37','2023-07-25 19:58:31','2023-07-25 19:58:31'),(928,9323,0,1,1,NULL,NULL,NULL,NULL,1519,22,96,NULL,1,1,NULL,40718,40814,00006134,00006134,NULL,'2023-01-02',NULL,0002,1,NULL,7829.91,7829.91,1,1.00,3,NULL,NULL,0,NULL,NULL,'','2023-02-24 16:16:37','2023-07-25 19:58:31','2023-07-25 19:58:31'),(929,9323,0,1,1,NULL,NULL,NULL,NULL,1519,22,96,NULL,1,1,NULL,40718,40814,00005880,00005880,NULL,'2023-01-02',NULL,0002,1,NULL,8645.45,8645.45,1,1.00,3,NULL,NULL,0,NULL,NULL,'','2023-02-24 16:16:37','2023-07-25 19:58:31','2023-07-25 19:58:31'),(930,9323,0,1,1,NULL,NULL,NULL,NULL,1519,22,96,NULL,1,1,NULL,40718,40814,00005072,00005072,NULL,'2023-01-02',NULL,0002,1,NULL,19490.68,19490.68,1,1.00,3,NULL,NULL,0,NULL,NULL,'','2023-02-24 16:16:37','2023-07-25 19:58:31','2023-07-25 19:58:31'),(931,9323,0,1,1,NULL,NULL,NULL,NULL,1519,22,96,NULL,1,1,NULL,40718,40814,00006572,00006572,NULL,'2023-01-02',NULL,0002,1,NULL,23676.07,23676.07,1,1.00,3,NULL,NULL,0,NULL,NULL,'','2023-02-24 16:16:37','2023-07-25 19:58:31','2023-07-25 19:58:31');
INSERT INTO `receipts` VALUES (932,9323,0,1,1,NULL,NULL,NULL,NULL,1519,22,96,NULL,1,1,NULL,40718,40814,00005036,00005036,NULL,'2023-01-02',NULL,0002,1,NULL,6946.61,6946.61,1,1.00,3,NULL,NULL,0,NULL,NULL,'','2023-02-24 16:16:37','2023-07-25 19:58:31','2023-07-25 19:58:31'),(933,9323,0,1,1,NULL,NULL,NULL,NULL,1519,22,96,NULL,1,1,NULL,40718,40814,00006574,00006574,NULL,'2023-01-02',NULL,0002,1,NULL,17232.82,17232.82,1,1.00,3,NULL,NULL,0,NULL,NULL,'','2023-02-24 16:16:38','2023-07-25 19:58:31','2023-07-25 19:58:31'),(934,9323,0,1,1,NULL,NULL,NULL,NULL,1519,22,96,NULL,1,1,NULL,40718,40814,00005025,00005025,NULL,'2023-01-02',NULL,0002,1,NULL,23242.89,23242.89,1,1.00,3,NULL,NULL,0,NULL,NULL,'','2023-02-24 16:16:38','2023-07-25 19:58:31','2023-07-25 19:58:31'),(935,9323,0,1,1,NULL,NULL,NULL,NULL,1519,22,96,NULL,1,1,NULL,40718,40814,00006549,00006549,NULL,'2023-01-02',NULL,0002,1,NULL,20555.48,20555.48,1,1.00,3,NULL,NULL,0,NULL,NULL,'','2023-02-24 16:16:38','2023-07-25 19:58:31','2023-07-25 19:58:31'),(936,9323,0,1,1,NULL,NULL,NULL,NULL,1519,23,96,NULL,1,1,NULL,40718,40814,00006452,00006452,NULL,'2023-01-02',NULL,0002,1,NULL,22571.34,22571.34,1,1.00,3,NULL,NULL,0,NULL,NULL,'','2023-02-24 16:16:38','2023-07-25 19:58:31','2023-07-25 19:58:31'),(937,9323,0,1,1,NULL,NULL,NULL,NULL,1519,23,96,NULL,1,1,NULL,40718,40814,00006905,00006905,NULL,'2023-01-02',NULL,0002,1,NULL,23123.10,23123.10,1,1.00,3,NULL,NULL,0,NULL,NULL,'','2023-02-24 16:16:38','2023-07-25 19:58:31','2023-07-25 19:58:31'),(938,9323,0,1,1,NULL,NULL,NULL,NULL,1519,23,96,NULL,1,1,NULL,40718,40814,00006322,00006322,NULL,'2023-01-02',NULL,0002,1,NULL,8634.56,8634.56,1,1.00,3,NULL,NULL,0,NULL,NULL,'','2023-02-24 16:16:38','2023-07-25 19:58:31','2023-07-25 19:58:31'),(939,9323,0,1,1,NULL,NULL,NULL,NULL,1519,23,96,NULL,1,1,NULL,40718,40814,00006143,00006143,NULL,'2023-01-02',NULL,0002,1,NULL,15601.74,15601.74,1,1.00,3,NULL,NULL,0,NULL,NULL,'','2023-02-24 16:16:38','2023-07-25 19:58:31','2023-07-25 19:58:31'),(940,9323,0,1,1,NULL,NULL,NULL,NULL,1519,23,96,NULL,1,1,NULL,40718,40814,00006874,00006874,NULL,'2023-01-02',NULL,0002,1,NULL,13981.55,13981.55,1,1.00,3,NULL,NULL,0,NULL,NULL,'','2023-02-24 16:16:38','2023-07-25 19:58:31','2023-07-25 19:58:31'),(941,9323,0,1,1,NULL,NULL,NULL,NULL,1519,23,96,NULL,1,1,NULL,40718,40814,00006994,00006994,NULL,'2023-01-02',NULL,0002,1,NULL,18350.86,18350.86,1,1.00,3,NULL,NULL,0,NULL,NULL,'','2023-02-24 16:16:38','2023-07-25 19:58:31','2023-07-25 19:58:31'),(942,9323,0,1,1,NULL,NULL,NULL,NULL,1519,23,96,NULL,1,1,NULL,40718,40814,00006802,00006802,NULL,'2023-01-02',NULL,0002,1,NULL,14989.48,14989.48,1,1.00,3,NULL,NULL,0,NULL,NULL,'','2023-02-24 16:16:38','2023-07-25 19:58:31','2023-07-25 19:58:31'),(943,9323,0,1,1,NULL,NULL,NULL,NULL,1519,23,96,NULL,1,1,NULL,40718,40814,00005777,00005777,NULL,'2023-01-02',NULL,0002,1,NULL,23475.21,23475.21,1,1.00,3,NULL,NULL,0,NULL,NULL,'','2023-02-24 16:16:38','2023-07-25 19:58:31','2023-07-25 19:58:31'),(944,9323,0,1,1,NULL,NULL,NULL,NULL,1519,23,96,NULL,1,1,NULL,40718,40814,00005379,00005379,NULL,'2023-01-02',NULL,0002,1,NULL,13529.01,13529.01,1,1.00,3,NULL,NULL,0,NULL,NULL,'','2023-02-24 16:16:38','2023-07-25 19:58:31','2023-07-25 19:58:31'),(945,9323,0,1,1,NULL,NULL,NULL,NULL,1519,23,96,NULL,1,1,NULL,40718,40814,00006705,00006705,NULL,'2023-01-02',NULL,0002,1,NULL,10860.96,10860.96,1,1.00,3,NULL,NULL,0,NULL,NULL,'','2023-02-24 16:16:38','2023-07-25 19:58:31','2023-07-25 19:58:31'),(946,9323,0,1,1,NULL,NULL,NULL,NULL,1519,23,96,NULL,1,1,NULL,40718,40814,00005290,00005290,NULL,'2023-01-02',NULL,0002,1,NULL,21218.56,21218.56,1,1.00,3,NULL,NULL,0,NULL,NULL,'','2023-02-24 16:16:38','2023-07-25 19:58:31','2023-07-25 19:58:31'),(947,9323,0,1,1,NULL,NULL,NULL,NULL,1519,23,96,NULL,1,1,NULL,40718,40814,00006147,00006147,NULL,'2023-01-02',NULL,0002,1,NULL,18124.59,18124.59,1,1.00,3,NULL,NULL,0,NULL,NULL,'','2023-02-24 16:16:38','2023-07-25 19:58:31','2023-07-25 19:58:31');
INSERT INTO `receipts` VALUES (948,9323,0,1,1,NULL,NULL,NULL,NULL,1519,23,96,NULL,1,1,NULL,40718,40814,00006827,00006827,NULL,'2023-01-02',NULL,0002,1,NULL,19431.39,19431.39,1,1.00,3,NULL,NULL,0,NULL,NULL,'','2023-02-24 16:16:38','2023-07-25 19:58:31','2023-07-25 19:58:31'),(949,9323,0,1,1,NULL,NULL,NULL,NULL,1519,23,96,NULL,1,1,NULL,40718,40814,00006335,00006335,NULL,'2023-01-02',NULL,0002,1,NULL,10033.32,10033.32,1,1.00,3,NULL,NULL,0,NULL,NULL,'','2023-02-24 16:16:38','2023-07-25 19:58:31','2023-07-25 19:58:31'),(950,9323,0,1,1,NULL,NULL,NULL,NULL,1519,23,96,NULL,1,1,NULL,40718,40814,00006326,00006326,NULL,'2023-01-02',NULL,0002,1,NULL,16526.18,16526.18,1,1.00,3,NULL,NULL,0,NULL,NULL,'','2023-02-24 16:16:38','2023-07-25 19:58:31','2023-07-25 19:58:31'),(951,9323,0,1,1,NULL,NULL,NULL,NULL,1519,23,96,NULL,1,1,NULL,40718,40814,00006175,00006175,NULL,'2023-01-02',NULL,0002,1,NULL,17390.12,17390.12,1,1.00,3,NULL,NULL,0,NULL,NULL,'','2023-02-24 16:16:38','2023-07-25 19:58:31','2023-07-25 19:58:31'),(952,9323,0,1,1,NULL,NULL,NULL,NULL,1519,23,96,NULL,1,1,NULL,40718,40814,00005502,00005502,NULL,'2023-01-02',NULL,0002,1,NULL,18969.17,18969.17,1,1.00,3,NULL,NULL,0,NULL,NULL,'','2023-02-24 16:16:38','2023-07-25 19:58:32','2023-07-25 19:58:32'),(953,9323,0,1,1,NULL,NULL,NULL,NULL,1519,23,96,NULL,1,1,NULL,40718,40814,00005015,00005015,NULL,'2023-01-02',NULL,0002,1,NULL,12868.35,12868.35,1,1.00,3,NULL,NULL,0,NULL,NULL,'','2023-02-24 16:16:38','2023-07-25 19:58:32','2023-07-25 19:58:32'),(954,9323,0,1,1,NULL,NULL,NULL,NULL,1519,23,96,NULL,1,1,NULL,40718,40814,00006330,00006330,NULL,'2023-01-02',NULL,0002,1,NULL,7961.80,7961.80,1,1.00,3,NULL,NULL,0,NULL,NULL,'','2023-02-24 16:16:38','2023-07-25 19:58:32','2023-07-25 19:58:32'),(955,9323,0,1,1,NULL,NULL,NULL,NULL,1519,23,96,NULL,1,1,NULL,40718,40814,00005908,00005908,NULL,'2023-01-02',NULL,0002,1,NULL,9240.77,9240.77,1,1.00,3,NULL,NULL,0,NULL,NULL,'','2023-02-24 16:16:38','2023-07-25 19:58:32','2023-07-25 19:58:32'),(956,9323,0,1,1,NULL,NULL,NULL,NULL,1519,23,96,NULL,1,1,NULL,40718,40814,00005566,00005566,NULL,'2023-01-02',NULL,0002,1,NULL,23930.17,23930.17,1,1.00,3,NULL,NULL,0,NULL,NULL,'','2023-02-24 16:16:38','2023-07-25 19:58:32','2023-07-25 19:58:32'),(957,9323,0,1,1,NULL,NULL,NULL,NULL,1519,23,96,NULL,1,1,NULL,40718,40814,00005017,00005017,NULL,'2023-01-02',NULL,0002,1,NULL,6434.78,6434.78,1,1.00,3,NULL,NULL,0,NULL,NULL,'','2023-02-24 16:16:38','2023-07-25 19:58:32','2023-07-25 19:58:32'),(958,9323,0,1,1,NULL,NULL,NULL,NULL,1519,23,96,NULL,1,1,NULL,40718,40814,00006501,00006501,NULL,'2023-01-02',NULL,0002,1,NULL,22522.94,22522.94,1,1.00,3,NULL,NULL,0,NULL,NULL,'','2023-02-24 16:16:38','2023-07-25 19:58:32','2023-07-25 19:58:32'),(959,9323,0,1,1,NULL,NULL,NULL,NULL,1519,23,96,NULL,1,1,NULL,40718,40814,00006931,00006931,NULL,'2023-01-02',NULL,0002,1,NULL,19179.71,19179.71,1,1.00,3,NULL,NULL,0,NULL,NULL,'','2023-02-24 16:16:38','2023-07-25 19:58:32','2023-07-25 19:58:32'),(960,9323,0,1,1,NULL,NULL,NULL,NULL,1519,23,96,NULL,1,1,NULL,40718,40814,00006929,00006929,NULL,'2023-01-02',NULL,0002,1,NULL,15387.57,15387.57,1,1.00,3,NULL,NULL,0,NULL,NULL,'','2023-02-24 16:16:38','2023-07-25 19:58:32','2023-07-25 19:58:32'),(961,9323,0,1,1,NULL,NULL,NULL,NULL,1519,23,96,NULL,1,1,NULL,40718,40814,00006058,00006058,NULL,'2023-01-02',NULL,0002,1,NULL,6523.11,6523.11,1,1.00,3,NULL,NULL,0,NULL,NULL,'','2023-02-24 16:16:38','2023-07-25 19:58:32','2023-07-25 19:58:32'),(962,9323,0,1,1,NULL,NULL,NULL,NULL,1519,23,96,NULL,1,1,NULL,40718,40814,00005148,00005148,NULL,'2023-01-02',NULL,0002,1,NULL,10346.71,10346.71,1,1.00,3,NULL,NULL,0,NULL,NULL,'','2023-02-24 16:16:39','2023-07-25 19:58:32','2023-07-25 19:58:32'),(963,9323,0,1,1,NULL,NULL,NULL,NULL,1519,23,96,NULL,1,1,NULL,40718,40814,00006667,00006667,NULL,'2023-01-02',NULL,0002,1,NULL,18817.92,18817.92,1,1.00,3,NULL,NULL,0,NULL,NULL,'','2023-02-24 16:16:39','2023-07-25 19:58:32','2023-07-25 19:58:32');
INSERT INTO `receipts` VALUES (964,9323,0,1,1,NULL,NULL,NULL,NULL,1519,23,96,NULL,1,1,NULL,40718,40814,00006668,00006668,NULL,'2023-01-02',NULL,0002,1,NULL,16652.02,16652.02,1,1.00,3,NULL,NULL,0,NULL,NULL,'','2023-02-24 16:16:39','2023-07-25 19:58:32','2023-07-25 19:58:32'),(965,9323,0,1,1,NULL,NULL,NULL,NULL,1519,23,96,NULL,1,1,NULL,40718,40814,00006669,00006669,NULL,'2023-01-02',NULL,0002,1,NULL,22922.24,22922.24,1,1.00,3,NULL,NULL,0,NULL,NULL,'','2023-02-24 16:16:39','2023-07-25 19:58:32','2023-07-25 19:58:32'),(966,9323,0,1,1,NULL,NULL,NULL,NULL,1519,23,96,NULL,1,1,NULL,40718,40814,00006670,00006670,NULL,'2023-01-02',NULL,0002,1,NULL,9833.67,9833.67,1,1.00,3,NULL,NULL,0,NULL,NULL,'','2023-02-24 16:16:39','2023-07-25 19:58:32','2023-07-25 19:58:32'),(967,9323,0,1,3,NULL,NULL,NULL,NULL,1519,23,96,NULL,1,1,NULL,40718,40814,00006905,00006905,NULL,'2023-01-02',NULL,0002,1,NULL,23123.10,23123.10,1,1.00,3,NULL,NULL,0,NULL,NULL,'','2023-02-24 16:16:39','2023-07-25 19:58:32','2023-07-25 19:58:32'),(968,9323,0,1,3,NULL,NULL,NULL,NULL,1519,23,96,NULL,1,1,NULL,40718,40814,00006322,00006322,NULL,'2023-01-02',NULL,0002,1,NULL,8634.56,8634.56,1,1.00,3,NULL,NULL,0,NULL,NULL,'','2023-02-24 16:16:39','2023-07-25 19:58:32','2023-07-25 19:58:32'),(969,9323,0,1,3,NULL,NULL,NULL,NULL,1519,23,96,NULL,1,1,NULL,40718,40814,00006143,00006143,NULL,'2023-01-02',NULL,0002,1,NULL,15601.74,15601.74,1,1.00,3,NULL,NULL,0,NULL,NULL,'','2023-02-24 16:16:39','2023-07-25 19:58:32','2023-07-25 19:58:32'),(970,9323,0,1,3,NULL,NULL,NULL,NULL,1519,23,96,NULL,1,1,NULL,40718,40814,00006874,00006874,NULL,'2023-01-02',NULL,0002,1,NULL,13981.55,13981.55,1,1.00,3,NULL,NULL,0,NULL,NULL,'','2023-02-24 16:16:39','2023-07-25 19:58:32','2023-07-25 19:58:32'),(971,9323,0,1,3,NULL,NULL,NULL,NULL,1519,23,96,NULL,1,1,NULL,40718,40814,00006994,00006994,NULL,'2023-01-02',NULL,0002,1,NULL,18350.86,18350.86,1,1.00,3,NULL,NULL,0,NULL,NULL,'','2023-02-24 16:16:39','2023-07-25 19:58:32','2023-07-25 19:58:32'),(972,9323,0,1,3,NULL,NULL,NULL,NULL,1519,23,96,NULL,1,1,NULL,40718,40814,00006802,00006802,NULL,'2023-01-02',NULL,0002,1,NULL,14989.48,14989.48,1,1.00,3,NULL,NULL,0,NULL,NULL,'','2023-02-24 16:16:39','2023-07-25 19:58:32','2023-07-25 19:58:32'),(973,9323,0,1,3,NULL,NULL,NULL,NULL,1519,23,96,NULL,1,1,NULL,40718,40814,00005777,00005777,NULL,'2023-01-02',NULL,0002,1,NULL,23475.21,23475.21,1,1.00,3,NULL,NULL,0,NULL,NULL,'','2023-02-24 16:16:39','2023-07-25 19:58:32','2023-07-25 19:58:32'),(974,9323,0,1,3,NULL,NULL,NULL,NULL,1519,23,96,NULL,1,1,NULL,40718,40814,00005379,00005379,NULL,'2023-01-02',NULL,0002,1,NULL,13529.01,13529.01,1,1.00,3,NULL,NULL,0,NULL,NULL,'','2023-02-24 16:16:39','2023-07-25 19:58:32','2023-07-25 19:58:32'),(975,9323,0,1,3,NULL,NULL,NULL,NULL,1519,23,96,NULL,1,1,NULL,40718,40814,00006705,00006705,NULL,'2023-01-02',NULL,0002,1,NULL,10860.96,10860.96,1,1.00,3,NULL,NULL,0,NULL,NULL,'','2023-02-24 16:16:39','2023-07-25 19:58:32','2023-07-25 19:58:32'),(976,9323,0,1,3,NULL,NULL,NULL,NULL,1519,23,96,NULL,1,1,NULL,40718,40814,00005290,00005290,NULL,'2023-01-02',NULL,0002,1,NULL,21218.56,21218.56,1,1.00,3,NULL,NULL,0,NULL,NULL,'','2023-02-24 16:16:39','2023-07-25 19:58:32','2023-07-25 19:58:32'),(977,9323,0,1,6,NULL,NULL,NULL,NULL,1519,23,96,NULL,1,1,NULL,40718,40814,00005092,00005092,NULL,'2023-01-02',NULL,0002,1,NULL,8228.00,8228.00,1,1.00,3,NULL,NULL,0,NULL,NULL,'','2023-02-24 16:16:39','2023-07-25 19:58:32','2023-07-25 19:58:32'),(978,9323,0,1,6,NULL,NULL,NULL,NULL,1519,23,96,NULL,1,1,NULL,40718,40814,00005093,00005093,NULL,'2023-01-02',NULL,0002,1,NULL,7865.00,7865.00,1,1.00,3,NULL,NULL,0,NULL,NULL,'','2023-02-24 16:16:39','2023-07-25 19:58:32','2023-07-25 19:58:32'),(979,9323,0,1,6,NULL,NULL,NULL,NULL,1519,23,96,NULL,1,1,NULL,40718,40814,00005094,00005094,NULL,'2023-01-02',NULL,0002,1,NULL,8349.00,8349.00,1,1.00,3,NULL,NULL,0,NULL,NULL,'','2023-02-24 16:16:39','2023-07-25 19:58:32','2023-07-25 19:58:32');
INSERT INTO `receipts` VALUES (980,9323,0,1,6,NULL,NULL,NULL,NULL,1519,23,96,NULL,1,1,NULL,40718,40814,00005095,00005095,NULL,'2023-01-02',NULL,0002,1,NULL,10769.00,10769.00,1,1.00,3,NULL,NULL,0,NULL,NULL,'','2023-02-24 16:16:39','2023-07-25 19:58:32','2023-07-25 19:58:32'),(981,9323,0,1,6,NULL,NULL,NULL,NULL,1519,23,96,NULL,1,1,NULL,40718,40814,00005096,00005096,NULL,'2023-01-02',NULL,0002,1,NULL,8349.00,8349.00,1,1.00,3,NULL,NULL,0,NULL,NULL,'','2023-02-24 16:16:39','2023-07-25 19:58:32','2023-07-25 19:58:32'),(982,9323,0,1,6,NULL,NULL,NULL,NULL,1519,23,96,NULL,1,1,NULL,40718,40814,00005097,00005097,NULL,'2023-01-02',NULL,0002,1,NULL,8349.00,8349.00,1,1.00,3,NULL,NULL,0,NULL,NULL,'','2023-02-24 16:16:39','2023-07-25 19:58:32','2023-07-25 19:58:32'),(983,9323,0,1,6,NULL,NULL,NULL,NULL,1519,23,96,NULL,1,1,NULL,40718,40814,00005098,00005098,NULL,'2023-01-02',NULL,0002,1,NULL,8349.00,8349.00,1,1.00,3,NULL,NULL,0,NULL,NULL,'','2023-02-24 16:16:39','2023-07-25 19:58:32','2023-07-25 19:58:32'),(984,9323,0,1,6,NULL,NULL,NULL,NULL,1519,23,96,NULL,1,1,NULL,40718,40814,00005099,00005099,NULL,'2023-01-02',NULL,0002,1,NULL,8349.00,8349.00,1,1.00,3,NULL,NULL,0,NULL,NULL,'','2023-02-24 16:16:39','2023-07-25 19:58:33','2023-07-25 19:58:33'),(985,9323,0,1,6,NULL,NULL,NULL,NULL,1519,23,96,NULL,1,1,NULL,40718,40814,00005100,00005100,NULL,'2023-01-02',NULL,0002,1,NULL,8349.00,8349.00,1,1.00,3,NULL,NULL,0,NULL,NULL,'','2023-02-24 16:16:39','2023-07-25 19:58:33','2023-07-25 19:58:33'),(986,9323,0,1,6,NULL,NULL,NULL,NULL,1519,23,96,NULL,1,1,NULL,40718,40814,00005101,00005101,NULL,'2023-01-02',NULL,0002,1,NULL,8349.00,8349.00,1,1.00,3,NULL,NULL,0,NULL,NULL,'','2023-02-24 16:16:40','2023-07-25 19:58:33','2023-07-25 19:58:33'),(987,9323,0,1,6,NULL,NULL,NULL,NULL,1519,22,96,NULL,1,1,NULL,40718,40814,00005102,00005102,NULL,'2023-01-02',NULL,0002,1,NULL,9075.00,9075.00,1,1.00,3,NULL,NULL,0,NULL,NULL,'','2023-02-24 16:16:40','2023-07-25 19:58:33','2023-07-25 19:58:33'),(988,9323,0,1,6,NULL,NULL,NULL,NULL,1519,22,96,NULL,1,1,NULL,40718,40814,00005103,00005103,NULL,'2023-01-02',NULL,0002,1,NULL,8349.00,8349.00,1,1.00,3,NULL,NULL,0,NULL,NULL,'','2023-02-24 16:16:40','2023-07-25 19:58:33','2023-07-25 19:58:33'),(989,9323,0,1,1,NULL,NULL,NULL,NULL,1520,23,96,NULL,1,1,NULL,40718,40814,00007277,00007277,NULL,'2023-02-27',NULL,0002,1,NULL,18694.50,18694.50,1,1.00,3,NULL,NULL,0,NULL,NULL,'','2023-02-24 16:16:40','2023-07-25 19:58:33','2023-07-25 19:58:33'),(990,9323,0,1,1,NULL,NULL,NULL,NULL,1520,23,96,NULL,1,1,NULL,40718,40814,00007250,00007250,NULL,'2023-02-27',NULL,0002,1,NULL,21570.67,21570.67,1,1.00,3,NULL,NULL,0,NULL,NULL,'','2023-02-24 16:16:40','2023-07-25 19:58:33','2023-07-25 19:58:33'),(991,9323,0,1,1,NULL,NULL,NULL,NULL,1520,23,96,NULL,1,1,NULL,40718,40814,00006516,00006516,NULL,'2023-02-27',NULL,0002,1,NULL,24472.25,24472.25,1,1.00,3,NULL,NULL,0,NULL,NULL,'','2023-02-24 16:16:40','2023-07-25 19:58:33','2023-07-25 19:58:33'),(992,9323,0,1,1,NULL,NULL,NULL,NULL,1520,23,96,NULL,1,1,NULL,40718,40814,00006828,00006828,NULL,'2023-02-27',NULL,0002,1,NULL,24106.83,24106.83,1,1.00,3,NULL,NULL,0,NULL,NULL,'','2023-02-24 16:16:40','2023-07-25 19:58:33','2023-07-25 19:58:33'),(993,9323,0,1,1,NULL,NULL,NULL,NULL,1520,23,96,NULL,1,1,NULL,40718,40814,00007292,00007292,NULL,'2023-02-27',NULL,0002,1,NULL,24129.82,24129.82,1,1.00,3,NULL,NULL,0,NULL,NULL,'','2023-02-24 16:16:40','2023-07-25 19:58:33','2023-07-25 19:58:33'),(994,9323,0,1,1,NULL,NULL,NULL,NULL,1520,23,96,NULL,1,1,NULL,40718,40814,00007235,00007235,NULL,'2023-02-27',NULL,0002,1,NULL,22658.46,22658.46,1,1.00,3,NULL,NULL,0,NULL,NULL,'','2023-02-24 16:16:40','2023-07-25 19:58:33','2023-07-25 19:58:33'),(995,9323,0,1,1,NULL,NULL,NULL,NULL,1520,23,96,NULL,1,1,NULL,40718,40814,00006908,00006908,NULL,'2023-02-27',NULL,0002,1,NULL,21772.74,21772.74,1,1.00,3,NULL,NULL,0,NULL,NULL,'','2023-02-24 16:16:40','2023-07-25 19:58:33','2023-07-25 19:58:33');
INSERT INTO `receipts` VALUES (996,9323,0,1,1,NULL,NULL,NULL,NULL,1520,23,96,NULL,1,1,NULL,40718,40814,00006904,00006904,NULL,'2023-02-27',NULL,0002,1,NULL,18759.84,18759.84,1,1.00,3,NULL,NULL,0,NULL,NULL,'','2023-02-24 16:16:40','2023-07-25 19:58:33','2023-07-25 19:58:33'),(997,9323,0,1,1,NULL,NULL,NULL,NULL,1520,23,96,NULL,1,1,NULL,40718,40814,00007413,00007413,NULL,'2023-02-27',NULL,0002,1,NULL,22562.87,22562.87,1,1.00,3,NULL,NULL,0,NULL,NULL,'','2023-02-24 16:16:40','2023-07-25 19:58:33','2023-07-25 19:58:33'),(998,9323,0,1,1,NULL,NULL,NULL,NULL,1520,23,96,NULL,1,1,NULL,40718,40814,00007211,00007211,NULL,'2023-02-27',NULL,0002,1,NULL,27039.87,27039.87,1,1.00,3,NULL,NULL,0,NULL,NULL,'','2023-02-24 16:16:40','2023-07-25 19:58:33','2023-07-25 19:58:33'),(999,9323,0,1,1,NULL,NULL,NULL,NULL,1520,23,96,NULL,1,1,NULL,40718,40814,00006989,00006989,NULL,'2023-02-27',NULL,0002,1,NULL,26263.05,26263.05,1,1.00,3,NULL,NULL,0,NULL,NULL,'','2023-02-24 16:16:41','2023-07-25 19:58:33','2023-07-25 19:58:33'),(1000,9323,0,1,1,NULL,NULL,NULL,NULL,1520,23,96,NULL,1,1,NULL,40718,40814,00006528,00006528,NULL,'2023-02-27',NULL,0002,1,NULL,34956.90,34956.90,1,1.00,3,NULL,NULL,0,NULL,NULL,'','2023-02-24 16:16:41','2023-07-25 19:58:33','2023-07-25 19:58:33'),(1001,9323,0,1,1,NULL,NULL,NULL,NULL,1520,23,96,NULL,1,1,NULL,40718,40814,00006748,00006748,NULL,'2023-02-27',NULL,0002,1,NULL,25390.64,25390.64,1,1.00,3,NULL,NULL,0,NULL,NULL,'','2023-02-24 16:16:41','2023-07-25 19:58:33','2023-07-25 19:58:33'),(1002,9323,0,1,1,NULL,NULL,NULL,NULL,1520,23,96,NULL,1,1,NULL,40718,40814,00007386,00007386,NULL,'2023-02-27',NULL,0002,1,NULL,22297.88,22297.88,1,1.00,3,NULL,NULL,0,NULL,NULL,'','2023-02-24 16:16:41','2023-07-25 19:58:33','2023-07-25 19:58:33'),(1003,9323,0,1,1,NULL,NULL,NULL,NULL,1520,23,96,NULL,1,1,NULL,40718,40814,00006591,00006591,NULL,'2023-02-27',NULL,0002,1,NULL,11634.15,11634.15,1,1.00,3,NULL,NULL,0,NULL,NULL,'','2023-02-24 16:16:41','2023-07-25 19:58:33','2023-07-25 19:58:33'),(1004,9323,0,1,1,NULL,NULL,NULL,NULL,1520,23,96,NULL,1,1,NULL,40718,40814,00006752,00006752,NULL,'2023-02-27',NULL,0002,1,NULL,23648.24,23648.24,1,1.00,3,NULL,NULL,0,NULL,NULL,'','2023-02-24 16:16:41','2023-07-25 19:58:34','2023-07-25 19:58:34'),(1005,9323,0,1,1,NULL,NULL,NULL,NULL,1520,23,96,NULL,1,1,NULL,40718,40814,00006666,00006666,NULL,'2023-02-27',NULL,0002,1,NULL,30844.11,30844.11,1,1.00,3,NULL,NULL,0,NULL,NULL,'','2023-02-24 16:16:41','2023-07-25 19:58:34','2023-07-25 19:58:34'),(1006,9323,0,1,1,NULL,NULL,NULL,NULL,1520,23,96,NULL,1,1,NULL,40718,40814,00007416,00007416,NULL,'2023-02-27',NULL,0002,1,NULL,19255.94,19255.94,1,1.00,3,NULL,NULL,0,NULL,NULL,'','2023-02-24 16:16:41','2023-07-25 19:58:34','2023-07-25 19:58:34'),(1007,9323,0,1,1,NULL,NULL,NULL,NULL,1520,23,96,NULL,1,1,NULL,40718,40814,00007192,00007192,NULL,'2023-02-27',NULL,0002,1,NULL,13418.90,13418.90,1,1.00,3,NULL,NULL,0,NULL,NULL,'','2023-02-24 16:16:41','2023-07-25 19:58:34','2023-07-25 19:58:34'),(1008,9323,0,1,1,NULL,NULL,NULL,NULL,1520,23,96,NULL,1,1,NULL,40718,40814,00006987,00006987,NULL,'2023-02-27',NULL,0002,1,NULL,17358.66,17358.66,1,1.00,3,NULL,NULL,0,NULL,NULL,'','2023-02-24 16:16:41','2023-07-25 19:58:34','2023-07-25 19:58:34'),(1009,9323,0,1,1,NULL,NULL,NULL,NULL,1520,23,96,NULL,1,1,NULL,40718,40814,00007286,00007286,NULL,'2023-02-27',NULL,0002,1,NULL,19095.01,19095.01,1,1.00,3,NULL,NULL,0,NULL,NULL,'','2023-02-24 16:16:41','2023-07-25 19:58:34','2023-07-25 19:58:34'),(1010,9323,0,1,1,NULL,NULL,NULL,NULL,1520,23,96,NULL,1,1,NULL,40718,40814,00006546,00006546,NULL,'2023-02-27',NULL,0002,1,NULL,12816.32,12816.32,1,1.00,3,NULL,NULL,0,NULL,NULL,'','2023-02-24 16:16:41','2023-07-25 19:58:34','2023-07-25 19:58:34'),(1011,9323,0,1,1,NULL,NULL,NULL,NULL,1520,23,96,NULL,1,1,NULL,40718,40814,00006791,00006791,NULL,'2023-02-27',NULL,0002,1,NULL,16354.36,16354.36,1,1.00,3,NULL,NULL,0,NULL,NULL,'','2023-02-24 16:16:41','2023-07-25 19:58:34','2023-07-25 19:58:34');
INSERT INTO `receipts` VALUES (1012,9323,0,1,1,NULL,NULL,NULL,NULL,1520,23,96,NULL,1,1,NULL,40718,40814,00006762,00006762,NULL,'2023-02-27',NULL,0002,1,NULL,29254.17,29254.17,1,1.00,3,NULL,NULL,0,NULL,NULL,'','2023-02-24 16:16:41','2023-07-25 19:58:34','2023-07-25 19:58:34'),(1013,9323,0,1,1,NULL,NULL,NULL,NULL,1520,23,96,NULL,1,1,NULL,40718,40814,00006740,00006740,NULL,'2023-02-27',NULL,0002,1,NULL,22155.10,22155.10,1,1.00,3,NULL,NULL,0,NULL,NULL,'','2023-02-24 16:16:41','2023-07-25 19:58:34','2023-07-25 19:58:34'),(1014,9323,0,1,1,NULL,NULL,NULL,NULL,1520,23,96,NULL,1,1,NULL,40718,40814,00006910,00006910,NULL,'2023-02-27',NULL,0002,1,NULL,14786.20,14786.20,1,1.00,3,NULL,NULL,0,NULL,NULL,'','2023-02-24 16:16:41','2023-07-25 19:58:34','2023-07-25 19:58:34'),(1015,9323,0,1,1,NULL,NULL,NULL,NULL,1520,23,96,NULL,1,1,NULL,40718,40814,00006824,00006824,NULL,'2023-02-27',NULL,0002,1,NULL,33446.82,33446.82,1,1.00,3,NULL,NULL,0,NULL,NULL,'','2023-02-24 16:16:41','2023-07-25 19:58:34','2023-07-25 19:58:34'),(1016,9323,0,1,4,NULL,NULL,NULL,NULL,1520,23,96,NULL,1,1,NULL,40718,40814,00007474,00007474,NULL,'2023-02-27',NULL,0002,1,NULL,26269.10,26269.10,1,1.00,3,NULL,NULL,0,NULL,NULL,'','2023-02-24 16:16:41','2023-07-25 19:58:34','2023-07-25 19:58:34'),(1017,9323,0,1,4,NULL,NULL,NULL,NULL,1520,23,96,NULL,1,1,NULL,40718,40814,00007294,00007294,NULL,'2023-02-27',NULL,0002,1,NULL,34377.31,34377.31,1,1.00,3,NULL,NULL,0,NULL,NULL,'','2023-02-24 16:16:42','2023-07-25 19:58:34','2023-07-25 19:58:34'),(1018,9323,0,1,4,NULL,NULL,NULL,NULL,1520,23,96,NULL,1,1,NULL,40718,40814,00006966,00006966,NULL,'2023-02-27',NULL,0002,1,NULL,28546.32,28546.32,1,1.00,3,NULL,NULL,0,NULL,NULL,'','2023-02-24 16:16:42','2023-07-25 19:58:34','2023-07-25 19:58:34'),(1019,9323,0,1,4,NULL,NULL,NULL,NULL,1520,23,96,NULL,1,1,NULL,40718,40814,00006799,00006799,NULL,'2023-02-27',NULL,0002,1,NULL,20050.91,20050.91,1,1.00,3,NULL,NULL,0,NULL,NULL,'','2023-02-24 16:16:42','2023-07-25 19:58:34','2023-07-25 19:58:34'),(1020,9323,0,1,4,NULL,NULL,NULL,NULL,1520,23,96,NULL,1,1,NULL,40718,40814,00006692,00006692,NULL,'2023-02-27',NULL,0002,1,NULL,13065.58,13065.58,1,1.00,3,NULL,NULL,0,NULL,NULL,'','2023-02-24 16:16:42','2023-07-25 19:58:34','2023-07-25 19:58:34'),(1021,9323,0,1,4,NULL,NULL,NULL,NULL,1520,23,96,NULL,1,1,NULL,40718,40814,00006922,00006922,NULL,'2023-02-27',NULL,0002,1,NULL,22447.92,22447.92,1,1.00,3,NULL,NULL,0,NULL,NULL,'','2023-02-24 16:16:42','2023-07-25 19:58:34','2023-07-25 19:58:34'),(1022,9323,0,1,4,NULL,NULL,NULL,NULL,1520,23,96,NULL,1,1,NULL,40718,40814,00007308,00007308,NULL,'2023-02-27',NULL,0002,1,NULL,10806.51,10806.51,1,1.00,3,NULL,NULL,0,NULL,NULL,'','2023-02-24 16:16:42','2023-07-25 19:58:34','2023-07-25 19:58:34'),(1023,9323,0,1,4,NULL,NULL,NULL,NULL,1520,22,96,NULL,1,1,NULL,40718,40814,00007286,00007286,NULL,'2023-02-27',NULL,0002,1,NULL,18707.81,18707.81,1,1.00,3,NULL,NULL,0,NULL,NULL,'','2023-02-24 16:16:42','2023-07-25 19:58:34','2023-07-25 19:58:34'),(1024,9323,0,1,4,NULL,NULL,NULL,NULL,1520,22,96,NULL,1,1,NULL,40718,40814,00006867,00006867,NULL,'2023-02-27',NULL,0002,1,NULL,25120.81,25120.81,1,1.00,3,NULL,NULL,0,NULL,NULL,'','2023-02-24 16:16:42','2023-07-25 19:58:34','2023-07-25 19:58:34'),(1025,9323,0,1,4,NULL,NULL,NULL,NULL,1520,22,96,NULL,1,1,NULL,40718,40814,00007188,00007188,NULL,'2023-02-27',NULL,0002,1,NULL,11661.98,11661.98,1,1.00,3,NULL,NULL,0,NULL,NULL,'','2023-02-24 16:16:42','2023-07-25 19:58:34','2023-07-25 19:58:34'),(1026,9323,0,1,4,NULL,NULL,NULL,NULL,1520,22,96,NULL,1,1,NULL,40718,40814,00007208,00007208,NULL,'2023-02-27',NULL,0002,1,NULL,12051.60,12051.60,1,1.00,3,NULL,NULL,0,NULL,NULL,'','2023-02-24 16:16:42','2023-07-25 19:58:34','2023-07-25 19:58:34'),(1027,9323,0,1,4,NULL,NULL,NULL,NULL,1520,22,96,NULL,1,1,NULL,40718,40814,00007089,00007089,NULL,'2023-02-27',NULL,0002,1,NULL,25298.68,25298.68,1,1.00,3,NULL,NULL,0,NULL,NULL,'','2023-02-24 16:16:42','2023-07-25 19:58:34','2023-07-25 19:58:34');
INSERT INTO `receipts` VALUES (1028,9323,0,1,4,NULL,NULL,NULL,NULL,1520,22,96,NULL,1,1,NULL,40718,40814,00006797,00006797,NULL,'2023-02-27',NULL,0002,1,NULL,12945.79,12945.79,1,1.00,3,NULL,NULL,0,NULL,NULL,'','2023-02-24 16:16:42','2023-07-25 19:58:34','2023-07-25 19:58:34'),(1029,9323,0,1,4,NULL,NULL,NULL,NULL,1520,22,96,NULL,1,1,NULL,40718,40814,00007222,00007222,NULL,'2023-02-27',NULL,0002,1,NULL,24193.95,24193.95,1,1.00,3,NULL,NULL,0,NULL,NULL,'','2023-02-24 16:16:42','2023-07-25 19:58:34','2023-07-25 19:58:34'),(1030,9323,0,1,4,NULL,NULL,NULL,NULL,1520,22,96,NULL,1,1,NULL,40718,40814,00006933,00006933,NULL,'2023-02-27',NULL,0002,1,NULL,13574.99,13574.99,1,1.00,3,NULL,NULL,0,NULL,NULL,'','2023-02-24 16:16:42','2023-07-25 19:58:34','2023-07-25 19:58:34'),(1031,9323,0,1,4,NULL,NULL,NULL,NULL,1520,22,96,NULL,1,1,NULL,40718,40814,00006614,00006614,NULL,'2023-02-27',NULL,0002,1,NULL,27306.07,27306.07,1,1.00,3,NULL,NULL,0,NULL,NULL,'','2023-02-24 16:16:42','2023-07-25 19:58:34','2023-07-25 19:58:34'),(1032,9323,0,1,4,NULL,NULL,NULL,NULL,1520,22,96,NULL,1,1,NULL,40718,40814,00007133,00007133,NULL,'2023-02-27',NULL,0002,1,NULL,16995.66,16995.66,1,1.00,3,NULL,NULL,0,NULL,NULL,'','2023-02-24 16:16:42','2023-07-25 19:58:35','2023-07-25 19:58:35'),(1033,9323,0,1,4,NULL,NULL,NULL,NULL,1520,22,96,NULL,1,1,NULL,40718,40814,00006859,00006859,NULL,'2023-02-27',NULL,0002,1,NULL,19819.80,19819.80,1,1.00,3,NULL,NULL,0,NULL,NULL,'','2023-02-24 16:16:42','2023-07-25 19:58:35','2023-07-25 19:58:35'),(1034,9323,0,1,4,NULL,NULL,NULL,NULL,1520,22,96,NULL,1,1,NULL,40718,40814,00006965,00006965,NULL,'2023-02-27',NULL,0002,1,NULL,35186.80,35186.80,1,1.00,3,NULL,NULL,0,NULL,NULL,'','2023-02-24 16:16:42','2023-07-25 19:58:35','2023-07-25 19:58:35'),(1035,9323,0,1,4,NULL,NULL,NULL,NULL,1520,22,96,NULL,1,1,NULL,40718,40814,00007231,00007231,NULL,'2023-02-27',NULL,0002,1,NULL,34534.61,34534.61,1,1.00,3,NULL,NULL,0,NULL,NULL,'','2023-02-24 16:16:42','2023-07-25 19:58:35','2023-07-25 19:58:35'),(1036,9323,0,1,4,NULL,NULL,NULL,NULL,1520,22,96,NULL,1,1,NULL,40718,40814,00006575,00006575,NULL,'2023-02-27',NULL,0002,1,NULL,30104.80,30104.80,1,1.00,3,NULL,NULL,0,NULL,NULL,'','2023-02-24 16:16:42','2023-07-25 19:58:35','2023-07-25 19:58:35'),(1037,9323,0,1,3,NULL,NULL,NULL,NULL,1520,23,96,NULL,1,1,NULL,40718,40814,00007277,00007277,NULL,'2023-02-27',NULL,0002,1,NULL,18694.50,18694.50,1,1.00,3,NULL,NULL,0,NULL,NULL,'','2023-02-24 16:16:42','2023-07-25 19:58:35','2023-07-25 19:58:35'),(1038,9323,0,1,3,NULL,NULL,NULL,NULL,1520,23,96,NULL,1,1,NULL,40718,40814,00007250,00007250,NULL,'2023-02-27',NULL,0002,1,NULL,21570.67,21570.67,1,1.00,3,NULL,NULL,0,NULL,NULL,'','2023-02-24 16:16:42','2023-07-25 19:58:35','2023-07-25 19:58:35'),(1039,9323,0,1,3,NULL,NULL,NULL,NULL,1520,23,96,NULL,1,1,NULL,40718,40814,00006516,00006516,NULL,'2023-02-27',NULL,0002,1,NULL,24472.25,24472.25,1,1.00,3,NULL,NULL,0,NULL,NULL,'','2023-02-24 16:16:42','2023-07-25 19:58:35','2023-07-25 19:58:35'),(1040,9323,0,1,3,NULL,NULL,NULL,NULL,1520,23,96,NULL,1,1,NULL,40718,40814,00006828,00006828,NULL,'2023-02-27',NULL,0002,1,NULL,24106.83,24106.83,1,1.00,3,NULL,NULL,0,NULL,NULL,'','2023-02-24 16:16:42','2023-07-25 19:58:35','2023-07-25 19:58:35'),(1041,9323,0,1,6,NULL,NULL,NULL,NULL,1520,22,96,NULL,1,1,NULL,40718,40814,00006965,00006965,NULL,'2023-02-27',NULL,0002,1,NULL,35186.80,35186.80,1,1.00,3,NULL,NULL,0,NULL,NULL,'','2023-02-24 16:16:42','2023-07-25 19:58:35','2023-07-25 19:58:35'),(1042,9323,0,1,6,NULL,NULL,NULL,NULL,1520,22,96,NULL,1,1,NULL,40718,40814,00007231,00007231,NULL,'2023-02-27',NULL,0002,1,NULL,34534.61,34534.61,1,1.00,3,NULL,NULL,0,NULL,NULL,'','2023-02-24 16:16:42','2023-07-25 19:58:35','2023-07-25 19:58:35'),(1043,9323,0,1,6,NULL,NULL,NULL,NULL,1520,22,96,NULL,1,1,NULL,40718,40814,00006575,00006575,NULL,'2023-02-27',NULL,0002,1,NULL,30104.80,30104.80,1,1.00,3,NULL,NULL,0,NULL,NULL,'','2023-02-24 16:16:42','2023-07-25 19:58:35','2023-07-25 19:58:35');
INSERT INTO `receipts` VALUES (1044,9323,0,1,1,NULL,NULL,NULL,NULL,1521,23,96,NULL,1,1,NULL,40718,40814,00006767,00006767,NULL,'2023-03-27',NULL,0002,1,NULL,31168.39,31168.39,1,1.00,3,NULL,NULL,0,NULL,NULL,'','2023-02-24 16:16:42','2023-07-25 19:58:35','2023-07-25 19:58:35'),(1045,9323,0,1,1,NULL,NULL,NULL,NULL,1521,23,96,NULL,1,1,NULL,40718,40814,00007398,00007398,NULL,'2023-03-27',NULL,0002,1,NULL,24042.70,24042.70,1,1.00,3,NULL,NULL,0,NULL,NULL,'','2023-02-24 16:16:42','2023-07-25 19:58:35','2023-07-25 19:58:35'),(1046,9323,0,1,1,NULL,NULL,NULL,NULL,1521,23,96,NULL,1,1,NULL,40718,40814,00006930,00006930,NULL,'2023-03-27',NULL,0002,1,NULL,22495.11,22495.11,1,1.00,3,NULL,NULL,0,NULL,NULL,'','2023-02-24 16:16:43','2023-07-25 19:58:35','2023-07-25 19:58:35'),(1047,9323,0,1,1,NULL,NULL,NULL,NULL,1521,23,96,NULL,1,1,NULL,40718,40814,00006798,00006798,NULL,'2023-03-27',NULL,0002,1,NULL,16607.25,16607.25,1,1.00,3,NULL,NULL,0,NULL,NULL,'','2023-02-24 16:16:43','2023-07-25 19:58:35','2023-07-25 19:58:35'),(1048,9323,0,1,1,NULL,NULL,NULL,NULL,1521,23,96,NULL,1,1,NULL,40718,40814,00006735,00006735,NULL,'2023-03-27',NULL,0002,1,NULL,33871.53,33871.53,1,1.00,3,NULL,NULL,0,NULL,NULL,'','2023-02-24 16:16:43','2023-07-25 19:58:35','2023-07-25 19:58:35'),(1049,9323,0,1,1,NULL,NULL,NULL,NULL,1521,23,96,NULL,1,1,NULL,40718,40814,00006694,00006694,NULL,'2023-03-27',NULL,0002,1,NULL,14549.04,14549.04,1,1.00,3,NULL,NULL,0,NULL,NULL,'','2023-02-24 16:16:43','2023-07-25 19:58:35','2023-07-25 19:58:35'),(1050,9323,0,1,1,NULL,NULL,NULL,NULL,1521,23,96,NULL,1,1,NULL,40718,40814,00007432,00007432,NULL,'2023-03-27',NULL,0002,1,NULL,25682.25,25682.25,1,1.00,3,NULL,NULL,0,NULL,NULL,'','2023-02-24 16:16:43','2023-07-25 19:58:35','2023-07-25 19:58:35'),(1051,9323,0,1,1,NULL,NULL,NULL,NULL,1521,23,96,NULL,1,1,NULL,40718,40814,00007498,00007498,NULL,'2023-03-27',NULL,0002,1,NULL,34781.45,34781.45,1,1.00,3,NULL,NULL,0,NULL,NULL,'','2023-02-24 16:16:43','2023-07-25 19:58:35','2023-07-25 19:58:35'),(1052,9323,0,1,1,NULL,NULL,NULL,NULL,1521,23,96,NULL,1,1,NULL,40718,40814,00006782,00006782,NULL,'2023-03-27',NULL,0002,1,NULL,18457.34,18457.34,1,1.00,3,NULL,NULL,0,NULL,NULL,'','2023-02-24 16:16:43','2023-07-25 19:58:35','2023-07-25 19:58:35'),(1053,9323,0,1,1,NULL,NULL,NULL,NULL,1521,23,96,NULL,1,1,NULL,40718,40814,00007483,00007483,NULL,'2023-03-27',NULL,0002,1,NULL,10069.62,10069.62,1,1.00,3,NULL,NULL,0,NULL,NULL,'','2023-02-24 16:16:43','2023-07-25 19:58:35','2023-07-25 19:58:35'),(1054,9323,0,1,1,NULL,NULL,NULL,NULL,1521,23,96,NULL,1,1,NULL,40718,40814,00007496,00007496,NULL,'2023-03-27',NULL,0002,1,NULL,22215.60,22215.60,1,1.00,3,NULL,NULL,0,NULL,NULL,'','2023-02-24 16:16:43','2023-07-25 19:58:35','2023-07-25 19:58:35'),(1055,9323,0,1,1,NULL,NULL,NULL,NULL,1521,23,96,NULL,1,1,NULL,40718,40814,00007201,00007201,NULL,'2023-03-27',NULL,0002,1,NULL,11914.87,11914.87,1,1.00,3,NULL,NULL,0,NULL,NULL,'','2023-02-24 16:16:43','2023-07-25 19:58:35','2023-07-25 19:58:35'),(1056,9323,0,1,1,NULL,NULL,NULL,NULL,1521,23,96,NULL,1,1,NULL,40718,40814,00006657,00006657,NULL,'2023-03-27',NULL,0002,1,NULL,28818.57,28818.57,1,1.00,3,NULL,NULL,0,NULL,NULL,'','2023-02-24 16:16:43','2023-07-25 19:58:35','2023-07-25 19:58:35'),(1057,9323,0,1,1,NULL,NULL,NULL,NULL,1521,23,96,NULL,1,1,NULL,40718,40814,00006637,00006637,NULL,'2023-03-27',NULL,0002,1,NULL,30390.36,30390.36,1,1.00,3,NULL,NULL,0,NULL,NULL,'','2023-02-24 16:16:43','2023-07-25 19:58:35','2023-07-25 19:58:35'),(1058,9323,0,1,1,NULL,NULL,NULL,NULL,1521,23,96,NULL,1,1,NULL,40718,40814,00006858,00006858,NULL,'2023-03-27',NULL,0002,1,NULL,11744.26,11744.26,1,1.00,3,NULL,NULL,0,NULL,NULL,'','2023-02-24 16:16:43','2023-07-25 19:58:35','2023-07-25 19:58:35'),(1059,9323,0,1,1,NULL,NULL,NULL,NULL,1521,23,96,NULL,1,1,NULL,40718,40814,00006729,00006729,NULL,'2023-03-27',NULL,0002,1,NULL,33330.66,33330.66,1,1.00,3,NULL,NULL,0,NULL,NULL,'','2023-02-24 16:16:43','2023-07-25 19:58:35','2023-07-25 19:58:35');
INSERT INTO `receipts` VALUES (1060,9323,0,1,1,NULL,NULL,NULL,NULL,1521,23,96,NULL,1,1,NULL,40718,40814,00006982,00006982,NULL,'2023-03-27',NULL,0002,1,NULL,31558.01,31558.01,1,1.00,3,NULL,NULL,0,NULL,NULL,'','2023-02-24 16:16:43','2023-07-25 19:58:35','2023-07-25 19:58:35'),(1061,9323,0,1,1,NULL,NULL,NULL,NULL,1521,23,96,NULL,1,1,NULL,40718,40814,00006913,00006913,NULL,'2023-03-27',NULL,0002,1,NULL,33744.48,33744.48,1,1.00,3,NULL,NULL,0,NULL,NULL,'','2023-02-24 16:16:43','2023-07-25 19:58:35','2023-07-25 19:58:35'),(1062,9323,0,1,1,NULL,NULL,NULL,NULL,1521,23,96,NULL,1,1,NULL,40718,40814,00006861,00006861,NULL,'2023-03-27',NULL,0002,1,NULL,13024.44,13024.44,1,1.00,3,NULL,NULL,0,NULL,NULL,'','2023-02-24 16:16:43','2023-07-25 19:58:36','2023-07-25 19:58:36'),(1063,9323,0,1,1,NULL,NULL,NULL,NULL,1521,23,96,NULL,1,1,NULL,40718,40814,00006725,00006725,NULL,'2023-03-27',NULL,0002,1,NULL,17446.99,17446.99,1,1.00,3,NULL,NULL,0,NULL,NULL,'','2023-02-24 16:16:43','2023-07-25 19:58:36','2023-07-25 19:58:36'),(1064,9323,0,1,1,NULL,NULL,NULL,NULL,1521,23,96,NULL,1,1,NULL,40718,40814,00006715,00006715,NULL,'2023-03-27',NULL,0002,1,NULL,31927.06,31927.06,1,1.00,3,NULL,NULL,0,NULL,NULL,'','2023-02-24 16:16:43','2023-07-25 19:58:36','2023-07-25 19:58:36'),(1065,9323,0,1,1,NULL,NULL,NULL,NULL,1521,23,96,NULL,1,1,NULL,40718,40814,00007266,00007266,NULL,'2023-03-27',NULL,0002,1,NULL,27976.41,27976.41,1,1.00,3,NULL,NULL,0,NULL,NULL,'','2023-02-24 16:16:43','2023-07-25 19:58:36','2023-07-25 19:58:36'),(1066,9323,0,1,1,NULL,NULL,NULL,NULL,1521,23,96,NULL,1,1,NULL,40718,40814,00006560,00006560,NULL,'2023-03-27',NULL,0002,1,NULL,23939.85,23939.85,1,1.00,3,NULL,NULL,0,NULL,NULL,'','2023-02-24 16:16:43','2023-07-25 19:58:36','2023-07-25 19:58:36'),(1067,9323,0,1,1,NULL,NULL,NULL,NULL,1521,23,96,NULL,1,1,NULL,40718,40814,00007066,00007066,NULL,'2023-03-27',NULL,0002,1,NULL,28461.62,28461.62,1,1.00,3,NULL,NULL,0,NULL,NULL,'','2023-02-24 16:16:43','2023-07-25 19:58:36','2023-07-25 19:58:36'),(1068,9323,0,1,1,NULL,NULL,NULL,NULL,1521,23,96,NULL,1,1,NULL,40718,40814,00007351,00007351,NULL,'2023-03-27',NULL,0002,1,NULL,17209.83,17209.83,1,1.00,3,NULL,NULL,0,NULL,NULL,'','2023-02-24 16:16:43','2023-07-25 19:58:36','2023-07-25 19:58:36'),(1069,9323,0,1,1,NULL,NULL,NULL,NULL,1521,23,96,NULL,1,1,NULL,40718,40814,00007493,00007493,NULL,'2023-03-27',NULL,0002,1,NULL,18439.19,18439.19,1,1.00,3,NULL,NULL,0,NULL,NULL,'','2023-02-24 16:16:43','2023-07-25 19:58:36','2023-07-25 19:58:36'),(1070,9323,0,1,1,NULL,NULL,NULL,NULL,1521,23,96,NULL,1,1,NULL,40718,40814,00007379,00007379,NULL,'2023-03-27',NULL,0002,1,NULL,34685.86,34685.86,1,1.00,3,NULL,NULL,0,NULL,NULL,'','2023-02-24 16:16:43','2023-07-25 19:58:36','2023-07-25 19:58:36'),(1071,9323,0,1,1,NULL,NULL,NULL,NULL,1521,23,96,NULL,1,1,NULL,40718,40814,00007327,00007327,NULL,'2023-03-27',NULL,0002,1,NULL,21767.90,21767.90,1,1.00,3,NULL,NULL,0,NULL,NULL,'','2023-02-24 16:16:43','2023-07-25 19:58:36','2023-07-25 19:58:36'),(1072,9323,0,1,1,NULL,NULL,NULL,NULL,1521,23,96,NULL,1,1,NULL,40718,40814,00006831,00006831,NULL,'2023-03-27',NULL,0002,1,NULL,24838.88,24838.88,1,1.00,3,NULL,NULL,0,NULL,NULL,'','2023-02-24 16:16:43','2023-07-25 19:58:36','2023-07-25 19:58:36'),(1073,9323,0,1,1,NULL,NULL,NULL,NULL,1521,23,96,NULL,1,1,NULL,40718,40814,00006682,00006682,NULL,'2023-03-27',NULL,0002,1,NULL,13467.30,13467.30,1,1.00,3,NULL,NULL,0,NULL,NULL,'','2023-02-24 16:16:44','2023-07-25 19:58:36','2023-07-25 19:58:36'),(1074,9323,0,1,1,NULL,NULL,NULL,NULL,1521,23,96,NULL,1,1,NULL,40718,40814,00007273,00007273,NULL,'2023-03-27',NULL,0002,1,NULL,33657.36,33657.36,1,1.00,3,NULL,NULL,0,NULL,NULL,'','2023-02-24 16:16:44','2023-07-25 19:58:36','2023-07-25 19:58:36'),(1075,9323,0,1,1,NULL,NULL,NULL,NULL,1521,23,96,NULL,1,1,NULL,40718,40814,00006820,00006820,NULL,'2023-03-27',NULL,0002,1,NULL,33840.07,33840.07,1,1.00,3,NULL,NULL,0,NULL,NULL,'','2023-02-24 16:16:44','2023-07-25 19:58:36','2023-07-25 19:58:36');
INSERT INTO `receipts` VALUES (1076,9323,0,1,1,NULL,NULL,NULL,NULL,1521,23,96,NULL,1,1,NULL,40718,40814,00007316,00007316,NULL,'2023-03-27',NULL,0002,1,NULL,31656.02,31656.02,1,1.00,3,NULL,NULL,0,NULL,NULL,'','2023-02-24 16:16:44','2023-07-25 19:58:36','2023-07-25 19:58:36'),(1077,9323,0,1,1,NULL,NULL,NULL,NULL,1521,23,96,NULL,1,1,NULL,40718,40814,00006506,00006506,NULL,'2023-03-27',NULL,0002,1,NULL,11519.20,11519.20,1,1.00,3,NULL,NULL,0,NULL,NULL,'','2023-02-24 16:16:44','2023-07-25 19:58:36','2023-07-25 19:58:36'),(1078,9323,0,1,1,NULL,NULL,NULL,NULL,1521,23,96,NULL,1,1,NULL,40718,40814,00006699,00006699,NULL,'2023-03-27',NULL,0002,1,NULL,33811.03,33811.03,1,1.00,3,NULL,NULL,0,NULL,NULL,'','2023-02-24 16:16:44','2023-07-25 19:58:36','2023-07-25 19:58:36'),(1079,9323,0,1,1,NULL,NULL,NULL,NULL,1521,23,96,NULL,1,1,NULL,40718,40814,00007370,00007370,NULL,'2023-03-27',NULL,0002,1,NULL,33293.15,33293.15,1,1.00,3,NULL,NULL,0,NULL,NULL,'','2023-02-24 16:16:44','2023-07-25 19:58:36','2023-07-25 19:58:36'),(1080,9323,0,1,1,NULL,NULL,NULL,NULL,1521,23,96,NULL,1,1,NULL,40718,40814,00007077,00007077,NULL,'2023-03-27',NULL,0002,1,NULL,10686.72,10686.72,1,1.00,3,NULL,NULL,0,NULL,NULL,'','2023-02-24 16:16:44','2023-07-25 19:58:36','2023-07-25 19:58:36'),(1081,9323,0,1,1,NULL,NULL,NULL,NULL,1521,23,96,NULL,1,1,NULL,40718,40814,00006926,00006926,NULL,'2023-03-27',NULL,0002,1,NULL,27574.69,27574.69,1,1.00,3,NULL,NULL,0,NULL,NULL,'','2023-02-24 16:16:44','2023-07-25 19:58:36','2023-07-25 19:58:36'),(1082,9323,0,1,1,NULL,NULL,NULL,NULL,1521,23,96,NULL,1,1,NULL,40718,40814,00006664,00006664,NULL,'2023-03-27',NULL,0002,1,NULL,31674.17,31674.17,1,1.00,3,NULL,NULL,0,NULL,NULL,'','2023-02-24 16:16:44','2023-07-25 19:58:36','2023-07-25 19:58:36'),(1083,9323,0,1,1,NULL,NULL,NULL,NULL,1521,23,96,NULL,1,1,NULL,40718,40814,00007045,00007045,NULL,'2023-03-27',NULL,0002,1,NULL,15358.53,15358.53,1,1.00,3,NULL,NULL,0,NULL,NULL,'','2023-02-24 16:16:44','2023-07-25 19:58:36','2023-07-25 19:58:36'),(1084,9323,0,1,1,NULL,NULL,NULL,NULL,1521,23,96,NULL,1,1,NULL,40718,40814,00007241,00007241,NULL,'2023-03-27',NULL,0002,1,NULL,22345.07,22345.07,1,1.00,3,NULL,NULL,0,NULL,NULL,'','2023-02-24 16:16:44','2023-07-25 19:58:36','2023-07-25 19:58:36'),(1085,9323,0,1,1,NULL,NULL,NULL,NULL,1521,23,96,NULL,1,1,NULL,40718,40814,00007114,00007114,NULL,'2023-03-27',NULL,0002,1,NULL,15029.41,15029.41,1,1.00,3,NULL,NULL,0,NULL,NULL,'','2023-02-24 16:16:44','2023-07-25 19:58:36','2023-07-25 19:58:36'),(1086,9323,0,1,1,NULL,NULL,NULL,NULL,1521,23,96,NULL,1,1,NULL,40718,40814,00007293,00007293,NULL,'2023-03-27',NULL,0002,1,NULL,27266.14,27266.14,1,1.00,3,NULL,NULL,0,NULL,NULL,'','2023-02-24 16:16:44','2023-07-25 19:58:36','2023-07-25 19:58:36'),(1087,9323,0,1,1,NULL,NULL,NULL,NULL,1521,23,96,NULL,1,1,NULL,40718,40814,00006853,00006853,NULL,'2023-03-27',NULL,0002,1,NULL,35217.05,35217.05,1,1.00,3,NULL,NULL,0,NULL,NULL,'','2023-02-24 16:16:44','2023-07-25 19:58:36','2023-07-25 19:58:36'),(1088,9323,0,1,1,NULL,NULL,NULL,NULL,1521,23,96,NULL,1,1,NULL,40718,40814,00006676,00006676,NULL,'2023-03-27',NULL,0002,1,NULL,14784.99,14784.99,1,1.00,3,NULL,NULL,0,NULL,NULL,'','2023-02-24 16:16:44','2023-07-25 19:58:36','2023-07-25 19:58:36'),(1089,9323,0,1,1,NULL,NULL,NULL,NULL,1521,23,96,NULL,1,1,NULL,40718,40814,00006570,00006570,NULL,'2023-03-27',NULL,0002,1,NULL,31709.26,31709.26,1,1.00,3,NULL,NULL,0,NULL,NULL,'','2023-02-24 16:16:44','2023-07-25 19:58:36','2023-07-25 19:58:36'),(1090,9323,0,1,1,NULL,NULL,NULL,NULL,1521,23,96,NULL,1,1,NULL,40718,40814,00006691,00006691,NULL,'2023-03-27',NULL,0002,1,NULL,30058.82,30058.82,1,1.00,3,NULL,NULL,0,NULL,NULL,'','2023-02-24 16:16:44','2023-07-25 19:58:36','2023-07-25 19:58:36'),(1091,9323,0,1,1,NULL,NULL,NULL,NULL,1521,23,96,NULL,1,1,NULL,40718,40814,00006728,00006728,NULL,'2023-03-27',NULL,0002,1,NULL,12557.38,12557.38,1,1.00,3,NULL,NULL,0,NULL,NULL,'','2023-02-24 16:16:44','2023-07-25 19:58:36','2023-07-25 19:58:36');
INSERT INTO `receipts` VALUES (1092,9323,0,1,1,NULL,NULL,NULL,NULL,1521,23,96,NULL,1,1,NULL,40718,40814,00006671,00006671,NULL,'2023-03-27',NULL,0002,1,NULL,27608.57,27608.57,1,1.00,3,NULL,NULL,0,NULL,NULL,'','2023-02-24 16:16:44','2023-07-25 19:58:36','2023-07-25 19:58:36'),(1093,9323,0,1,1,NULL,NULL,NULL,NULL,1521,23,96,NULL,1,1,NULL,40718,40814,00007453,00007453,NULL,'2023-03-27',NULL,0002,1,NULL,10355.18,10355.18,1,1.00,3,NULL,NULL,0,NULL,NULL,'','2023-02-24 16:16:44','2023-07-25 19:58:36','2023-07-25 19:58:36'),(1094,9323,0,1,1,NULL,NULL,NULL,NULL,1521,23,96,NULL,1,1,NULL,40718,40814,00006700,00006700,NULL,'2023-03-27',NULL,0002,1,NULL,30885.25,30885.25,1,1.00,3,NULL,NULL,0,NULL,NULL,'','2023-02-24 16:16:44','2023-07-25 19:58:36','2023-07-25 19:58:36'),(1095,9323,0,1,1,NULL,NULL,NULL,NULL,1521,23,96,NULL,1,1,NULL,40718,40814,00006581,00006581,NULL,'2023-03-27',NULL,0002,1,NULL,20180.38,20180.38,1,1.00,3,NULL,NULL,0,NULL,NULL,'','2023-02-24 16:16:44','2023-07-25 19:58:37','2023-07-25 19:58:37'),(1096,9323,0,1,1,NULL,NULL,NULL,NULL,1521,22,96,NULL,1,1,NULL,40718,40814,00006731,00006731,NULL,'2023-03-27',NULL,0002,1,NULL,26724.06,26724.06,1,1.00,3,NULL,NULL,0,NULL,NULL,'','2023-02-24 16:16:44','2023-07-25 19:58:37','2023-07-25 19:58:37'),(1097,9323,0,1,1,NULL,NULL,NULL,NULL,1521,22,96,NULL,1,1,NULL,40718,40814,00007046,00007046,NULL,'2023-03-27',NULL,0002,1,NULL,15042.72,15042.72,1,1.00,3,NULL,NULL,0,NULL,NULL,'','2023-02-24 16:16:44','2023-07-25 19:58:37','2023-07-25 19:58:37'),(1098,9323,0,1,4,NULL,NULL,NULL,NULL,1521,22,96,NULL,1,1,NULL,40718,40814,00007260,00007260,NULL,'2023-03-27',NULL,0002,1,NULL,25543.10,25543.10,1,1.00,3,NULL,NULL,0,NULL,NULL,'','2023-02-24 16:16:44','2023-07-25 19:58:37','2023-07-25 19:58:37'),(1099,9323,0,1,4,NULL,NULL,NULL,NULL,1521,22,96,NULL,1,1,NULL,40718,40814,00006804,00006804,NULL,'2023-03-27',NULL,0002,1,NULL,13086.15,13086.15,1,1.00,3,NULL,NULL,0,NULL,NULL,'','2023-02-24 16:16:45','2023-07-25 19:58:37','2023-07-25 19:58:37'),(1100,9323,0,1,4,NULL,NULL,NULL,NULL,1521,22,96,NULL,1,1,NULL,40718,40814,00006622,00006622,NULL,'2023-03-27',NULL,0002,1,NULL,32908.37,32908.37,1,1.00,3,NULL,NULL,0,NULL,NULL,'','2023-02-24 16:16:45','2023-07-25 19:58:37','2023-07-25 19:58:37'),(1101,9323,0,1,4,NULL,NULL,NULL,NULL,1521,22,96,NULL,1,1,NULL,40718,40814,00006555,00006555,NULL,'2023-03-27',NULL,0002,1,NULL,19456.80,19456.80,1,1.00,3,NULL,NULL,0,NULL,NULL,'','2023-02-24 16:16:45','2023-07-25 19:58:37','2023-07-25 19:58:37'),(1102,9323,0,1,4,NULL,NULL,NULL,NULL,1521,22,96,NULL,1,1,NULL,40718,40814,00006704,00006704,NULL,'2023-03-27',NULL,0002,1,NULL,12276.66,12276.66,1,1.00,3,NULL,NULL,0,NULL,NULL,'','2023-02-24 16:16:45','2023-07-25 19:58:37','2023-07-25 19:58:37'),(1103,9323,0,1,4,NULL,NULL,NULL,NULL,1521,22,96,NULL,1,1,NULL,40718,40814,00006755,00006755,NULL,'2023-03-27',NULL,0002,1,NULL,23215.06,23215.06,1,1.00,3,NULL,NULL,0,NULL,NULL,'','2023-02-24 16:16:45','2023-07-25 19:58:37','2023-07-25 19:58:37'),(1104,9323,0,1,4,NULL,NULL,NULL,NULL,1521,22,96,NULL,1,1,NULL,40718,40814,00007245,00007245,NULL,'2023-03-27',NULL,0002,1,NULL,30337.12,30337.12,1,1.00,3,NULL,NULL,0,NULL,NULL,'','2023-02-24 16:16:45','2023-07-25 19:58:37','2023-07-25 19:58:37'),(1105,9323,0,1,4,NULL,NULL,NULL,NULL,1521,22,96,NULL,1,1,NULL,40718,40814,00006978,00006978,NULL,'2023-03-27',NULL,0002,1,NULL,13734.71,13734.71,1,1.00,3,NULL,NULL,0,NULL,NULL,'','2023-02-24 16:16:45','2023-07-25 19:58:37','2023-07-25 19:58:37'),(1106,9323,0,1,4,NULL,NULL,NULL,NULL,1521,22,96,NULL,1,1,NULL,40718,40814,00006766,00006766,NULL,'2023-03-27',NULL,0002,1,NULL,19219.64,19219.64,1,1.00,3,NULL,NULL,0,NULL,NULL,'','2023-02-24 16:16:45','2023-07-25 19:58:37','2023-07-25 19:58:37'),(1107,9323,0,1,4,NULL,NULL,NULL,NULL,1521,22,96,NULL,1,1,NULL,40718,40814,00007030,00007030,NULL,'2023-03-27',NULL,0002,1,NULL,27189.91,27189.91,1,1.00,3,NULL,NULL,0,NULL,NULL,'','2023-02-24 16:16:45','2023-07-25 19:58:37','2023-07-25 19:58:37');
INSERT INTO `receipts` VALUES (1108,9323,0,1,4,NULL,NULL,NULL,NULL,1521,22,96,NULL,1,1,NULL,40718,40814,00006850,00006850,NULL,'2023-03-27',NULL,0002,1,NULL,36130.60,36130.60,1,1.00,3,NULL,NULL,0,NULL,NULL,'','2023-02-24 16:16:45','2023-07-25 19:58:37','2023-07-25 19:58:37'),(1109,9323,0,1,4,NULL,NULL,NULL,NULL,1521,22,96,NULL,1,1,NULL,40718,40814,00007481,00007481,NULL,'2023-03-27',NULL,0002,1,NULL,29710.34,29710.34,1,1.00,3,NULL,NULL,0,NULL,NULL,'','2023-02-24 16:16:45','2023-07-25 19:58:37','2023-07-25 19:58:37'),(1110,9323,0,1,4,NULL,NULL,NULL,NULL,1521,22,96,NULL,1,1,NULL,40718,40814,00006636,00006636,NULL,'2023-03-27',NULL,0002,1,NULL,18902.62,18902.62,1,1.00,3,NULL,NULL,0,NULL,NULL,'','2023-02-24 16:16:45','2023-07-25 19:58:37','2023-07-25 19:58:37'),(1111,9323,0,1,4,NULL,NULL,NULL,NULL,1521,22,96,NULL,1,1,NULL,40718,40814,00007086,00007086,NULL,'2023-03-27',NULL,0002,1,NULL,36141.49,36141.49,1,1.00,3,NULL,NULL,0,NULL,NULL,'','2023-02-24 16:16:45','2023-07-25 19:58:37','2023-07-25 19:58:37'),(1112,9323,0,1,4,NULL,NULL,NULL,NULL,1521,22,96,NULL,1,1,NULL,40718,40814,00007229,00007229,NULL,'2023-03-27',NULL,0002,1,NULL,21778.79,21778.79,1,1.00,3,NULL,NULL,0,NULL,NULL,'','2023-02-24 16:16:45','2023-07-25 19:58:37','2023-07-25 19:58:37'),(1113,9323,0,1,4,NULL,NULL,NULL,NULL,1521,22,96,NULL,1,1,NULL,40718,40814,00006826,00006826,NULL,'2023-03-27',NULL,0002,1,NULL,23488.52,23488.52,1,1.00,3,NULL,NULL,0,NULL,NULL,'','2023-02-24 16:16:45','2023-07-25 19:58:37','2023-07-25 19:58:37'),(1114,9323,0,1,3,NULL,NULL,NULL,NULL,1521,22,96,NULL,1,1,NULL,40718,40814,00006700,00006700,NULL,'2023-03-27',NULL,0002,1,NULL,30885.25,30885.25,1,1.00,3,NULL,NULL,0,NULL,NULL,'','2023-02-24 16:16:45','2023-07-25 19:58:37','2023-07-25 19:58:37'),(1115,9323,0,1,3,NULL,NULL,NULL,NULL,1521,22,96,NULL,1,1,NULL,40718,40814,00006581,00006581,NULL,'2023-03-27',NULL,0002,1,NULL,20180.38,20180.38,1,1.00,3,NULL,NULL,0,NULL,NULL,'','2023-02-24 16:16:45','2023-07-25 19:58:37','2023-07-25 19:58:37'),(1116,9323,0,1,3,NULL,NULL,NULL,NULL,1521,22,96,NULL,1,1,NULL,40718,40814,00006731,00006731,NULL,'2023-03-27',NULL,0002,1,NULL,26724.06,26724.06,1,1.00,3,NULL,NULL,0,NULL,NULL,'','2023-02-24 16:16:45','2023-07-25 19:58:37','2023-07-25 19:58:37'),(1117,9323,0,1,3,NULL,NULL,NULL,NULL,1521,22,96,NULL,1,1,NULL,40718,40814,00006670,00006670,NULL,'2023-03-27',NULL,0002,1,NULL,24790.48,24790.48,1,1.00,3,NULL,NULL,0,NULL,NULL,'','2023-02-24 16:16:45','2023-07-25 19:58:37','2023-07-25 19:58:37'),(1118,9323,0,1,3,NULL,NULL,NULL,NULL,1521,22,96,NULL,1,1,NULL,40718,40814,00007046,00007046,NULL,'2023-03-27',NULL,0002,1,NULL,15042.72,15042.72,1,1.00,3,NULL,NULL,0,NULL,NULL,'','2023-02-24 16:16:45','2023-07-25 19:58:37','2023-07-25 19:58:37'),(1119,9323,0,1,6,NULL,NULL,NULL,NULL,1521,22,96,NULL,1,1,NULL,40718,40814,00007030,00007030,NULL,'2023-03-27',NULL,0002,1,NULL,22205.92,22205.92,1,1.00,3,NULL,NULL,0,NULL,NULL,'','2023-02-24 16:16:45','2023-07-25 19:58:38','2023-07-25 19:58:38'),(1120,9323,0,1,6,NULL,NULL,NULL,NULL,1521,22,96,NULL,1,1,NULL,40718,40814,00007086,00007086,NULL,'2023-03-27',NULL,0002,1,NULL,36141.49,36141.49,1,1.00,3,NULL,NULL,0,NULL,NULL,'','2023-02-24 16:16:45','2023-07-25 19:58:38','2023-07-25 19:58:38'),(1121,9323,0,1,6,NULL,NULL,NULL,NULL,1521,22,96,NULL,1,1,NULL,40718,40814,00007229,00007229,NULL,'2023-03-27',NULL,0002,1,NULL,21778.79,21778.79,1,1.00,3,NULL,NULL,0,NULL,NULL,'','2023-02-24 16:16:45','2023-07-25 19:58:38','2023-07-25 19:58:38'),(1122,9323,0,1,6,NULL,NULL,NULL,NULL,1521,22,96,NULL,1,1,NULL,40718,40814,00006826,00006826,NULL,'2023-03-27',NULL,0002,1,NULL,23488.52,23488.52,1,1.00,3,NULL,NULL,0,NULL,NULL,'','2023-02-24 16:16:45','2023-07-25 19:58:38','2023-07-25 19:58:38'),(1123,8522,0,4,NULL,NULL,NULL,NULL,NULL,1519,22,NULL,NULL,NULL,1,NULL,40718,NULL,NULL,NULL,NULL,'2023-01-31',NULL,NULL,1,NULL,3598.75,0.00,1,1.00,3,NULL,NULL,0,NULL,NULL,'','2023-02-24 16:17:38','2023-02-24 16:17:38',NULL);
INSERT INTO `receipts` VALUES (1124,8522,0,4,NULL,NULL,NULL,NULL,NULL,1519,23,NULL,NULL,NULL,1,NULL,40718,NULL,NULL,NULL,NULL,'2023-01-31',NULL,NULL,1,NULL,2578.36,0.00,1,1.00,3,NULL,NULL,0,NULL,NULL,'','2023-02-24 16:17:47','2023-02-24 16:17:47',NULL),(1125,8522,0,4,NULL,NULL,NULL,NULL,NULL,1520,23,NULL,NULL,NULL,1,NULL,40718,NULL,NULL,NULL,NULL,'2023-02-28',NULL,NULL,1,NULL,4586.36,0.00,1,1.00,3,NULL,NULL,0,NULL,NULL,'','2023-02-24 16:17:58','2023-02-24 16:17:58',NULL),(1126,8522,0,4,NULL,NULL,NULL,NULL,NULL,1520,22,NULL,NULL,NULL,1,NULL,40718,NULL,NULL,NULL,NULL,'2023-02-28',NULL,NULL,1,NULL,3257.54,0.00,1,1.00,3,NULL,NULL,0,NULL,NULL,'','2023-02-24 16:18:07','2023-02-24 16:18:07',NULL),(1127,8522,0,3,1,NULL,NULL,NULL,NULL,1519,NULL,NULL,NULL,NULL,1,3,40718,40814,00000654,00000654,654,'2023-01-18',NULL,0002,1,NULL,6982.54,0.00,1,1.00,3,NULL,NULL,0,NULL,NULL,'','2023-02-24 16:19:13','2023-02-24 16:19:13',NULL),(1128,8522,0,3,1,NULL,NULL,NULL,NULL,1520,NULL,NULL,NULL,NULL,1,3,40718,40814,00000321,00000321,321,'2023-02-22',NULL,0002,1,NULL,5428.31,0.00,1,1.00,3,NULL,NULL,0,NULL,NULL,'','2023-02-24 16:19:34','2023-02-24 16:19:34',NULL),(1129,9323,0,2,1,NULL,NULL,NULL,NULL,1519,22,217,NULL,1,1,NULL,40718,40814,00002232,00002232,NULL,'2023-01-02',NULL,0005,1,NULL,6521.16,6521.16,1,1.00,3,NULL,NULL,0,NULL,NULL,'','2023-02-27 11:33:10','2023-07-25 19:59:04','2023-07-25 19:59:04'),(1130,9323,0,2,1,NULL,NULL,NULL,NULL,1519,22,217,NULL,1,1,NULL,40718,40814,00001515,00001515,NULL,'2023-01-02',NULL,0005,1,NULL,17087.62,17087.62,1,1.00,3,NULL,NULL,0,NULL,NULL,'','2023-02-27 11:33:10','2023-07-25 19:59:04','2023-07-25 19:59:04'),(1131,9323,0,2,1,NULL,NULL,NULL,NULL,1519,22,217,NULL,1,1,NULL,40718,40814,00001568,00001568,NULL,'2023-01-02',NULL,0005,1,NULL,14747.48,14747.48,1,1.00,3,NULL,NULL,0,NULL,NULL,'','2023-02-27 11:33:10','2023-07-25 19:59:04','2023-07-25 19:59:04'),(1132,9323,0,2,1,NULL,NULL,NULL,NULL,1519,22,217,NULL,1,1,NULL,40718,40814,00002212,00002212,NULL,'2023-01-02',NULL,0005,1,NULL,19099.85,19099.85,1,1.00,3,NULL,NULL,0,NULL,NULL,'','2023-02-27 11:33:10','2023-07-25 19:59:04','2023-07-25 19:59:04'),(1133,9323,0,2,1,NULL,NULL,NULL,NULL,1519,22,217,NULL,1,1,NULL,40718,40814,00001915,00001915,NULL,'2023-01-02',NULL,0005,1,NULL,27456.08,27456.08,1,1.00,3,NULL,NULL,0,NULL,NULL,'','2023-02-27 11:33:10','2023-07-25 19:59:04','2023-07-25 19:59:04'),(1134,9323,0,2,1,NULL,NULL,NULL,NULL,1519,22,217,NULL,1,1,NULL,40718,40814,00001057,00001057,NULL,'2023-01-02',NULL,0005,1,NULL,27346.00,27346.00,1,1.00,3,NULL,NULL,0,NULL,NULL,'','2023-02-27 11:33:11','2023-07-25 19:59:04','2023-07-25 19:59:04'),(1135,9323,0,2,1,NULL,NULL,NULL,NULL,1519,22,217,NULL,1,1,NULL,40718,40814,00001999,00001999,NULL,'2023-01-02',NULL,0005,1,NULL,15025.08,15025.08,1,1.00,3,NULL,NULL,0,NULL,NULL,'','2023-02-27 11:33:11','2023-07-25 19:59:04','2023-07-25 19:59:04'),(1136,9323,0,2,1,NULL,NULL,NULL,NULL,1519,22,217,NULL,1,1,NULL,40718,40814,00002097,00002097,NULL,'2023-01-02',NULL,0005,1,NULL,12189.54,12189.54,1,1.00,3,NULL,NULL,0,NULL,NULL,'','2023-02-27 11:33:11','2023-07-25 19:59:04','2023-07-25 19:59:04'),(1137,9323,0,2,1,NULL,NULL,NULL,NULL,1519,22,217,NULL,1,1,NULL,40718,40814,00002354,00002354,NULL,'2023-01-02',NULL,0005,1,NULL,19419.29,19419.29,1,1.00,3,NULL,NULL,0,NULL,NULL,'','2023-02-27 11:33:11','2023-07-25 19:59:04','2023-07-25 19:59:04'),(1138,9323,0,2,1,NULL,NULL,NULL,NULL,1519,22,217,NULL,1,1,NULL,40718,40814,00001308,00001308,NULL,'2023-01-02',NULL,0005,1,NULL,12388.84,12388.84,1,1.00,3,NULL,NULL,0,NULL,NULL,'','2023-02-27 11:33:11','2023-07-25 19:59:04','2023-07-25 19:59:04'),(1139,9323,0,2,1,NULL,NULL,NULL,NULL,1519,22,217,NULL,1,1,NULL,40718,40814,00001741,00001741,NULL,'2023-01-02',NULL,0005,1,NULL,25720.97,25720.97,1,1.00,3,NULL,NULL,0,NULL,NULL,'','2023-02-27 11:33:11','2023-07-25 19:59:04','2023-07-25 19:59:04');
INSERT INTO `receipts` VALUES (1140,9323,0,2,1,NULL,NULL,NULL,NULL,1519,22,217,NULL,1,1,NULL,40718,40814,00001384,00001384,NULL,'2023-01-02',NULL,0005,1,NULL,27108.84,27108.84,1,1.00,3,NULL,NULL,0,NULL,NULL,'','2023-02-27 11:33:11','2023-07-25 19:59:04','2023-07-25 19:59:04'),(1141,9323,0,2,1,NULL,NULL,NULL,NULL,1519,22,217,NULL,1,1,NULL,40718,40814,00001688,00001688,NULL,'2023-01-02',NULL,0005,1,NULL,26069.45,26069.45,1,1.00,3,NULL,NULL,0,NULL,NULL,'','2023-02-27 11:33:11','2023-07-25 19:59:04','2023-07-25 19:59:04'),(1142,9323,0,2,1,NULL,NULL,NULL,NULL,1519,22,217,NULL,1,1,NULL,40718,40814,00001212,00001212,NULL,'2023-01-02',NULL,0005,1,NULL,12485.56,12485.56,1,1.00,3,NULL,NULL,0,NULL,NULL,'','2023-02-27 11:33:11','2023-07-25 19:59:04','2023-07-25 19:59:04'),(1143,9323,0,2,1,NULL,NULL,NULL,NULL,1519,22,217,NULL,1,1,NULL,40718,40814,00001150,00001150,NULL,'2023-01-02',NULL,0005,1,NULL,10553.62,10553.62,1,1.00,3,NULL,NULL,0,NULL,NULL,'','2023-02-27 11:33:11','2023-07-25 19:59:05','2023-07-25 19:59:05'),(1144,9323,0,2,1,NULL,NULL,NULL,NULL,1519,22,217,NULL,1,1,NULL,40718,40814,00001272,00001272,NULL,'2023-01-02',NULL,0005,1,NULL,23143.67,23143.67,1,1.00,3,NULL,NULL,0,NULL,NULL,'','2023-02-27 11:33:11','2023-07-25 19:59:05','2023-07-25 19:59:05'),(1145,9323,0,2,1,NULL,NULL,NULL,NULL,1519,22,217,NULL,1,1,NULL,40718,40814,00002312,00002312,NULL,'2023-01-02',NULL,0005,1,NULL,11680.80,11680.80,1,1.00,3,NULL,NULL,0,NULL,NULL,'','2023-02-27 11:33:11','2023-07-25 19:59:05','2023-07-25 19:59:05'),(1146,9323,0,2,1,NULL,NULL,NULL,NULL,1519,22,217,NULL,1,1,NULL,40718,40814,00001357,00001357,NULL,'2023-01-02',NULL,0005,1,NULL,17159.01,17159.01,1,1.00,3,NULL,NULL,0,NULL,NULL,'','2023-02-27 11:33:11','2023-07-25 19:59:05','2023-07-25 19:59:05'),(1147,9323,0,2,1,NULL,NULL,NULL,NULL,1519,22,217,NULL,1,1,NULL,40718,40814,00001531,00001531,NULL,'2023-01-02',NULL,0005,1,NULL,27515.60,27515.60,1,1.00,3,NULL,NULL,0,NULL,NULL,'','2023-02-27 11:33:11','2023-07-25 19:59:05','2023-07-25 19:59:05'),(1148,9323,0,2,1,NULL,NULL,NULL,NULL,1519,22,217,NULL,1,1,NULL,40718,40814,00001485,00001485,NULL,'2023-01-02',NULL,0005,1,NULL,6746.96,6746.96,1,1.00,3,NULL,NULL,0,NULL,NULL,'','2023-02-27 11:33:11','2023-07-25 19:59:05','2023-07-25 19:59:05'),(1149,9323,0,2,1,NULL,NULL,NULL,NULL,1519,22,217,NULL,1,1,NULL,40718,40814,00002124,00002124,NULL,'2023-01-02',NULL,0005,1,NULL,17306.63,17306.63,1,1.00,3,NULL,NULL,0,NULL,NULL,'','2023-02-27 11:33:11','2023-07-25 19:59:05','2023-07-25 19:59:05'),(1150,9323,0,2,1,NULL,NULL,NULL,NULL,1519,22,217,NULL,1,1,NULL,40718,40814,00002482,00002482,NULL,'2023-01-02',NULL,0005,1,NULL,8134.83,8134.83,1,1.00,3,NULL,NULL,0,NULL,NULL,'','2023-02-27 11:33:11','2023-07-25 19:59:05','2023-07-25 19:59:05'),(1151,9323,0,2,1,NULL,NULL,NULL,NULL,1519,22,217,NULL,1,1,NULL,40718,40814,00001097,00001097,NULL,'2023-01-02',NULL,0005,1,NULL,30322.96,30322.96,1,1.00,3,NULL,NULL,0,NULL,NULL,'','2023-02-27 11:33:11','2023-07-25 19:59:05','2023-07-25 19:59:05'),(1152,9323,0,2,1,NULL,NULL,NULL,NULL,1519,22,217,NULL,1,1,NULL,40718,40814,00001838,00001838,NULL,'2023-01-02',NULL,0005,1,NULL,13336.62,13336.62,1,1.00,3,NULL,NULL,0,NULL,NULL,'','2023-02-27 11:33:11','2023-07-25 19:59:05','2023-07-25 19:59:05'),(1153,9323,0,2,1,NULL,NULL,NULL,NULL,1519,22,217,NULL,1,1,NULL,40718,40814,00001913,00001913,NULL,'2023-01-02',NULL,0005,1,NULL,23872.09,23872.09,1,1.00,3,NULL,NULL,0,NULL,NULL,'','2023-02-27 11:33:12','2023-07-25 19:59:05','2023-07-25 19:59:05'),(1154,9323,0,2,1,NULL,NULL,NULL,NULL,1519,22,217,NULL,1,1,NULL,40718,40814,00001221,00001221,NULL,'2023-01-02',NULL,0005,1,NULL,10771.42,10771.42,1,1.00,3,NULL,NULL,0,NULL,NULL,'','2023-02-27 11:33:12','2023-07-25 19:59:05','2023-07-25 19:59:05'),(1155,9323,0,2,1,NULL,NULL,NULL,NULL,1519,22,217,NULL,1,1,NULL,40718,40814,00001125,00001125,NULL,'2023-01-02',NULL,0005,1,NULL,10903.31,10903.31,1,1.00,3,NULL,NULL,0,NULL,NULL,'','2023-02-27 11:33:12','2023-07-25 19:59:05','2023-07-25 19:59:05');
INSERT INTO `receipts` VALUES (1156,9323,0,2,1,NULL,NULL,NULL,NULL,1519,22,217,NULL,1,1,NULL,40718,40814,00002483,00002483,NULL,'2023-01-02',NULL,0005,1,NULL,9646.12,9646.12,1,1.00,3,NULL,NULL,0,NULL,NULL,'','2023-02-27 11:33:12','2023-07-25 19:59:05','2023-07-25 19:59:05'),(1157,9323,0,2,1,NULL,NULL,NULL,NULL,1519,22,217,NULL,1,1,NULL,40718,40814,00001570,00001570,NULL,'2023-01-02',NULL,0005,1,NULL,13496.34,13496.34,1,1.00,3,NULL,NULL,0,NULL,NULL,'','2023-02-27 11:33:12','2023-07-25 19:59:05','2023-07-25 19:59:05'),(1158,9323,0,2,1,NULL,NULL,NULL,NULL,1519,22,217,NULL,1,1,NULL,40718,40814,00001877,00001877,NULL,'2023-01-02',NULL,0005,1,NULL,27237.84,27237.84,1,1.00,3,NULL,NULL,0,NULL,NULL,'','2023-02-27 11:33:12','2023-07-25 19:59:05','2023-07-25 19:59:05'),(1159,9323,0,2,1,NULL,NULL,NULL,NULL,1519,22,217,NULL,1,1,NULL,40718,40814,00001853,00001853,NULL,'2023-01-02',NULL,0005,1,NULL,9170.59,9170.59,1,1.00,3,NULL,NULL,0,NULL,NULL,'','2023-02-27 11:33:12','2023-07-25 19:59:05','2023-07-25 19:59:05'),(1160,9323,0,2,1,NULL,NULL,NULL,NULL,1519,22,217,NULL,1,1,NULL,40718,40814,00002215,00002215,NULL,'2023-01-02',NULL,0005,1,NULL,28599.56,28599.56,1,1.00,3,NULL,NULL,0,NULL,NULL,'','2023-02-27 11:33:12','2023-07-25 19:59:05','2023-07-25 19:59:05'),(1161,9323,0,2,1,NULL,NULL,NULL,NULL,1519,22,217,NULL,1,1,NULL,40718,40814,00001058,00001058,NULL,'2023-01-02',NULL,0005,1,NULL,9238.35,9238.35,1,1.00,3,NULL,NULL,0,NULL,NULL,'','2023-02-27 11:33:12','2023-07-25 19:59:05','2023-07-25 19:59:05'),(1162,9323,0,2,4,NULL,NULL,NULL,NULL,1519,22,250,NULL,1,1,NULL,40718,40814,00001045,00001045,NULL,'2023-01-02',NULL,0005,1,NULL,9949.00,9949.00,1,1.00,3,NULL,NULL,0,NULL,NULL,'','2023-02-27 11:33:12','2023-07-25 19:59:05','2023-07-25 19:59:05'),(1163,9323,0,2,4,NULL,NULL,NULL,NULL,1519,22,250,NULL,1,1,NULL,40718,40814,00001286,00001286,NULL,'2023-01-02',NULL,0005,1,NULL,9147.00,9147.00,1,1.00,3,NULL,NULL,0,NULL,NULL,'','2023-02-27 11:33:12','2023-07-25 19:59:06','2023-07-25 19:59:06'),(1164,9323,0,2,4,NULL,NULL,NULL,NULL,1519,22,250,NULL,1,1,NULL,40718,40814,00001620,00001620,NULL,'2023-01-02',NULL,0005,1,NULL,5860.00,5860.00,1,1.00,3,NULL,NULL,0,NULL,NULL,'','2023-02-27 11:33:12','2023-07-25 19:59:06','2023-07-25 19:59:06'),(1165,9323,0,2,4,NULL,NULL,NULL,NULL,1519,22,250,NULL,1,1,NULL,40718,40814,00001634,00001634,NULL,'2023-01-02',NULL,0005,1,NULL,13863.00,13863.00,1,1.00,3,NULL,NULL,0,NULL,NULL,'','2023-02-27 11:33:12','2023-07-25 19:59:06','2023-07-25 19:59:06'),(1166,9323,0,2,4,NULL,NULL,NULL,NULL,1519,22,250,NULL,1,1,NULL,40718,40814,00001738,00001738,NULL,'2023-01-02',NULL,0005,1,NULL,4481.00,4481.00,1,1.00,3,NULL,NULL,0,NULL,NULL,'','2023-02-27 11:33:12','2023-07-25 19:59:06','2023-07-25 19:59:06'),(1167,9323,0,2,4,NULL,NULL,NULL,NULL,1519,22,250,NULL,1,1,NULL,40718,40814,00001079,00001079,NULL,'2023-01-02',NULL,0005,1,NULL,9940.00,9940.00,1,1.00,3,NULL,NULL,0,NULL,NULL,'','2023-02-27 11:33:12','2023-07-25 19:59:06','2023-07-25 19:59:06'),(1168,9323,0,2,4,NULL,NULL,NULL,NULL,1519,22,250,NULL,1,1,NULL,40718,40814,00002025,00002025,NULL,'2023-01-02',NULL,0005,1,NULL,5884.00,5884.00,1,1.00,3,NULL,NULL,0,NULL,NULL,'','2023-02-27 11:33:12','2023-07-25 19:59:06','2023-07-25 19:59:06'),(1169,9323,0,2,4,NULL,NULL,NULL,NULL,1519,22,250,NULL,1,1,NULL,40718,40814,00001355,00001355,NULL,'2023-01-02',NULL,0005,1,NULL,11153.00,11153.00,1,1.00,3,NULL,NULL,0,NULL,NULL,'','2023-02-27 11:33:12','2023-07-25 19:59:06','2023-07-25 19:59:06'),(1170,9323,0,2,4,NULL,NULL,NULL,NULL,1519,22,250,NULL,1,1,NULL,40718,40814,00001492,00001492,NULL,'2023-01-02',NULL,0005,1,NULL,14197.00,14197.00,1,1.00,3,NULL,NULL,0,NULL,NULL,'','2023-02-27 11:33:12','2023-07-25 19:59:06','2023-07-25 19:59:06'),(1171,9323,0,2,4,NULL,NULL,NULL,NULL,1519,22,250,NULL,1,1,NULL,40718,40814,00002357,00002357,NULL,'2023-01-02',NULL,0005,1,NULL,4099.00,4099.00,1,1.00,3,NULL,NULL,0,NULL,NULL,'','2023-02-27 11:33:13','2023-07-25 19:59:06','2023-07-25 19:59:06');
INSERT INTO `receipts` VALUES (1172,9323,0,2,4,NULL,NULL,NULL,NULL,1519,22,250,NULL,1,1,NULL,40718,40814,00002435,00002435,NULL,'2023-01-02',NULL,0005,1,NULL,5513.00,5513.00,1,1.00,3,NULL,NULL,0,NULL,NULL,'','2023-02-27 11:33:13','2023-07-25 19:59:06','2023-07-25 19:59:06'),(1173,9323,0,2,4,NULL,NULL,NULL,NULL,1519,22,250,NULL,1,1,NULL,40718,40814,00001839,00001839,NULL,'2023-01-02',NULL,0005,1,NULL,11365.00,11365.00,1,1.00,3,NULL,NULL,0,NULL,NULL,'','2023-02-27 11:33:13','2023-07-25 19:59:06','2023-07-25 19:59:06'),(1174,9323,0,2,3,NULL,NULL,NULL,NULL,1519,22,217,NULL,1,1,NULL,40718,40814,00002232,00002232,NULL,'2023-01-02',NULL,0005,1,NULL,6363.39,6363.39,1,1.00,3,NULL,NULL,0,NULL,NULL,'','2023-02-27 11:33:13','2023-07-25 19:59:06','2023-07-25 19:59:06'),(1175,9323,0,2,3,NULL,NULL,NULL,NULL,1519,22,217,NULL,1,1,NULL,40718,40814,00001515,00001515,NULL,'2023-01-02',NULL,0005,1,NULL,17087.62,17087.62,1,1.00,3,NULL,NULL,0,NULL,NULL,'','2023-02-27 11:33:13','2023-07-25 19:59:06','2023-07-25 19:59:06'),(1176,9323,0,2,3,NULL,NULL,NULL,NULL,1519,22,217,NULL,1,1,NULL,40718,40814,00001568,00001568,NULL,'2023-01-02',NULL,0005,1,NULL,14747.48,14747.48,1,1.00,3,NULL,NULL,0,NULL,NULL,'','2023-02-27 11:33:13','2023-07-25 19:59:06','2023-07-25 19:59:06'),(1177,9323,0,2,3,NULL,NULL,NULL,NULL,1519,22,217,NULL,1,1,NULL,40718,40814,00002212,00002212,NULL,'2023-01-02',NULL,0005,1,NULL,19573.40,19573.40,1,1.00,3,NULL,NULL,0,NULL,NULL,'','2023-02-27 11:33:13','2023-07-25 19:59:06','2023-07-25 19:59:06'),(1178,9323,0,2,3,NULL,NULL,NULL,NULL,1519,22,217,NULL,1,1,NULL,40718,40814,00001915,00001915,NULL,'2023-01-02',NULL,0005,1,NULL,26791.82,26791.82,1,1.00,3,NULL,NULL,0,NULL,NULL,'','2023-02-27 11:33:13','2023-07-25 19:59:06','2023-07-25 19:59:06'),(1179,9323,0,2,3,NULL,NULL,NULL,NULL,1519,22,217,NULL,1,1,NULL,40718,40814,00001057,00001057,NULL,'2023-01-02',NULL,0005,1,NULL,27346.00,27346.00,1,1.00,3,NULL,NULL,0,NULL,NULL,'','2023-02-27 11:33:13','2023-07-25 19:59:06','2023-07-25 19:59:06'),(1180,9323,0,2,3,NULL,NULL,NULL,NULL,1519,22,217,NULL,1,1,NULL,40718,40814,00001999,00001999,NULL,'2023-01-02',NULL,0005,1,NULL,14661.57,14661.57,1,1.00,3,NULL,NULL,0,NULL,NULL,'','2023-02-27 11:33:13','2023-07-25 19:59:06','2023-07-25 19:59:06'),(1181,9323,0,2,1,NULL,NULL,NULL,NULL,1520,22,217,NULL,1,1,NULL,40718,40814,00003229,00003229,NULL,'2023-02-18',NULL,0005,1,NULL,29245.70,29245.70,1,1.00,3,NULL,NULL,0,NULL,NULL,'','2023-02-27 11:33:13','2023-07-25 19:59:06','2023-07-25 19:59:06'),(1182,9323,0,2,1,NULL,NULL,NULL,NULL,1520,22,217,NULL,1,1,NULL,40718,40814,00005341,00005341,NULL,'2023-02-18',NULL,0005,1,NULL,8329.08,8329.08,1,1.00,3,NULL,NULL,0,NULL,NULL,'','2023-02-27 11:33:13','2023-07-25 19:59:06','2023-07-25 19:59:06'),(1183,9323,0,2,1,NULL,NULL,NULL,NULL,1520,22,217,NULL,1,1,NULL,40718,40814,00003565,00003565,NULL,'2023-02-18',NULL,0005,1,NULL,21199.20,21199.20,1,1.00,3,NULL,NULL,0,NULL,NULL,'','2023-02-27 11:33:13','2023-07-25 19:59:06','2023-07-25 19:59:06'),(1184,9323,0,2,1,NULL,NULL,NULL,NULL,1520,22,217,NULL,1,1,NULL,40718,40814,00003757,00003757,NULL,'2023-02-18',NULL,0005,1,NULL,34862.52,34862.52,1,1.00,3,NULL,NULL,0,NULL,NULL,'','2023-02-27 11:33:14','2023-07-25 19:59:06','2023-07-25 19:59:06'),(1185,9323,0,2,1,NULL,NULL,NULL,NULL,1520,22,217,NULL,1,1,NULL,40718,40814,00005285,00005285,NULL,'2023-02-18',NULL,0005,1,NULL,38797.12,38797.12,1,1.00,3,NULL,NULL,0,NULL,NULL,'','2023-02-27 11:33:14','2023-07-25 19:59:06','2023-07-25 19:59:06'),(1186,9323,0,2,1,NULL,NULL,NULL,NULL,1520,22,217,NULL,1,1,NULL,40718,40814,00005430,00005430,NULL,'2023-02-18',NULL,0005,1,NULL,18354.49,18354.49,1,1.00,3,NULL,NULL,0,NULL,NULL,'','2023-02-27 11:33:14','2023-07-25 19:59:06','2023-07-25 19:59:06'),(1187,9323,0,2,1,NULL,NULL,NULL,NULL,1520,22,217,NULL,1,1,NULL,40718,40814,00005021,00005021,NULL,'2023-02-18',NULL,0005,1,NULL,39384.29,39384.29,1,1.00,3,NULL,NULL,0,NULL,NULL,'','2023-02-27 11:33:14','2023-07-25 19:59:06','2023-07-25 19:59:06');
INSERT INTO `receipts` VALUES (1188,9323,0,2,1,NULL,NULL,NULL,NULL,1520,22,217,NULL,1,1,NULL,40718,40814,00003511,00003511,NULL,'2023-02-18',NULL,0005,1,NULL,26177.64,26177.64,1,1.00,3,NULL,NULL,0,NULL,NULL,'','2023-02-27 11:33:14','2023-07-25 19:59:06','2023-07-25 19:59:06'),(1189,9323,0,2,1,NULL,NULL,NULL,NULL,1520,22,217,NULL,1,1,NULL,40718,40814,00003520,00003520,NULL,'2023-02-18',NULL,0005,1,NULL,28150.65,28150.65,1,1.00,3,NULL,NULL,0,NULL,NULL,'','2023-02-27 11:33:14','2023-07-25 19:59:06','2023-07-25 19:59:06'),(1190,9323,0,2,1,NULL,NULL,NULL,NULL,1520,22,217,NULL,1,1,NULL,40718,40814,00004878,00004878,NULL,'2023-02-18',NULL,0005,1,NULL,32857.55,32857.55,1,1.00,3,NULL,NULL,0,NULL,NULL,'','2023-02-27 11:33:14','2023-07-25 19:59:06','2023-07-25 19:59:06'),(1191,9323,0,2,1,NULL,NULL,NULL,NULL,1520,22,217,NULL,1,1,NULL,40718,40814,00003512,00003512,NULL,'2023-02-18',NULL,0005,1,NULL,19395.09,19395.09,1,1.00,3,NULL,NULL,0,NULL,NULL,'','2023-02-27 11:33:14','2023-07-25 19:59:06','2023-07-25 19:59:06'),(1192,9323,0,2,1,NULL,NULL,NULL,NULL,1520,22,217,NULL,1,1,NULL,40718,40814,00003416,00003416,NULL,'2023-02-18',NULL,0005,1,NULL,37384.16,37384.16,1,1.00,3,NULL,NULL,0,NULL,NULL,'','2023-02-27 11:33:14','2023-07-25 19:59:06','2023-07-25 19:59:06'),(1193,9323,0,2,1,NULL,NULL,NULL,NULL,1520,22,217,NULL,1,1,NULL,40718,40814,00005149,00005149,NULL,'2023-02-18',NULL,0005,1,NULL,6102.03,6102.03,1,1.00,3,NULL,NULL,0,NULL,NULL,'','2023-02-27 11:33:14','2023-07-25 19:59:06','2023-07-25 19:59:06'),(1194,9323,0,2,1,NULL,NULL,NULL,NULL,1520,22,217,NULL,1,1,NULL,40718,40814,00003618,00003618,NULL,'2023-02-18',NULL,0005,1,NULL,40636.64,40636.64,1,1.00,3,NULL,NULL,0,NULL,NULL,'','2023-02-27 11:33:14','2023-07-25 19:59:06','2023-07-25 19:59:06'),(1195,9323,0,2,1,NULL,NULL,NULL,NULL,1520,22,217,NULL,1,1,NULL,40718,40814,00003087,00003087,NULL,'2023-02-18',NULL,0005,1,NULL,22339.02,22339.02,1,1.00,3,NULL,NULL,0,NULL,NULL,'','2023-02-27 11:33:14','2023-07-25 19:59:06','2023-07-25 19:59:06'),(1196,9323,0,2,1,NULL,NULL,NULL,NULL,1520,22,217,NULL,1,1,NULL,40718,40814,00004146,00004146,NULL,'2023-02-18',NULL,0005,1,NULL,40178.48,40178.48,1,1.00,3,NULL,NULL,0,NULL,NULL,'','2023-02-27 11:33:14','2023-07-25 19:59:06','2023-07-25 19:59:06'),(1197,9323,0,2,1,NULL,NULL,NULL,NULL,1520,22,217,NULL,1,1,NULL,40718,40814,00005094,00005094,NULL,'2023-02-18',NULL,0005,1,NULL,24474.67,24474.67,1,1.00,3,NULL,NULL,0,NULL,NULL,'','2023-02-27 11:33:14','2023-07-25 19:59:07','2023-07-25 19:59:07'),(1198,9323,0,2,1,NULL,NULL,NULL,NULL,1520,22,217,NULL,1,1,NULL,40718,40814,00005119,00005119,NULL,'2023-02-18',NULL,0005,1,NULL,40440.12,40440.12,1,1.00,3,NULL,NULL,0,NULL,NULL,'','2023-02-27 11:33:14','2023-07-25 19:59:07','2023-07-25 19:59:07'),(1199,9323,0,2,1,NULL,NULL,NULL,NULL,1520,22,217,NULL,1,1,NULL,40718,40814,00003627,00003627,NULL,'2023-02-18',NULL,0005,1,NULL,33214.50,33214.50,1,1.00,3,NULL,NULL,0,NULL,NULL,'','2023-02-27 11:33:14','2023-07-25 19:59:07','2023-07-25 19:59:07'),(1200,9323,0,2,1,NULL,NULL,NULL,NULL,1520,22,217,NULL,1,1,NULL,40718,40814,00004528,00004528,NULL,'2023-02-18',NULL,0005,1,NULL,19886.35,19886.35,1,1.00,3,NULL,NULL,0,NULL,NULL,'','2023-02-27 11:33:14','2023-07-25 19:59:07','2023-07-25 19:59:07'),(1201,9323,0,2,1,NULL,NULL,NULL,NULL,1520,22,217,NULL,1,1,NULL,40718,40814,00003581,00003581,NULL,'2023-02-18',NULL,0005,1,NULL,19683.07,19683.07,1,1.00,3,NULL,NULL,0,NULL,NULL,'','2023-02-27 11:33:14','2023-07-25 19:59:07','2023-07-25 19:59:07'),(1202,9323,0,2,1,NULL,NULL,NULL,NULL,1520,22,217,NULL,1,1,NULL,40718,40814,00004737,00004737,NULL,'2023-02-18',NULL,0005,1,NULL,28606.82,28606.82,1,1.00,3,NULL,NULL,0,NULL,NULL,'','2023-02-27 11:33:14','2023-07-25 19:59:07','2023-07-25 19:59:07'),(1203,9323,0,2,1,NULL,NULL,NULL,NULL,1520,22,217,NULL,1,1,NULL,40718,40814,00005835,00005835,NULL,'2023-02-18',NULL,0005,1,NULL,34865.08,34865.08,1,1.00,3,NULL,NULL,0,NULL,NULL,'','2023-02-27 11:33:14','2023-07-25 19:59:07','2023-07-25 19:59:07');
INSERT INTO `receipts` VALUES (1204,9323,0,2,1,NULL,NULL,NULL,NULL,1520,22,217,NULL,1,1,NULL,40718,40814,00003365,00003365,NULL,'2023-02-18',NULL,0005,1,NULL,42087.43,42087.43,1,1.00,3,NULL,NULL,0,NULL,NULL,'','2023-02-27 11:33:14','2023-07-25 19:59:07','2023-07-25 19:59:07'),(1205,9323,0,2,1,NULL,NULL,NULL,NULL,1520,22,217,NULL,1,1,NULL,40718,40814,00003518,00003518,NULL,'2023-02-18',NULL,0005,1,NULL,32215.04,32215.04,1,1.00,3,NULL,NULL,0,NULL,NULL,'','2023-02-27 11:33:15','2023-07-25 19:59:07','2023-07-25 19:59:07'),(1206,9323,0,2,1,NULL,NULL,NULL,NULL,1520,22,217,NULL,1,1,NULL,40718,40814,00005467,00005467,NULL,'2023-02-18',NULL,0005,1,NULL,21977.23,21977.23,1,1.00,3,NULL,NULL,0,NULL,NULL,'','2023-02-27 11:33:15','2023-07-25 19:59:07','2023-07-25 19:59:07'),(1207,9323,0,2,1,NULL,NULL,NULL,NULL,1520,22,217,NULL,1,1,NULL,40718,40814,00003005,00003005,NULL,'2023-02-18',NULL,0005,1,NULL,35616.35,35616.35,1,1.00,3,NULL,NULL,0,NULL,NULL,'','2023-02-27 11:33:15','2023-07-25 19:59:07','2023-07-25 19:59:07'),(1208,9323,0,2,1,NULL,NULL,NULL,NULL,1520,22,217,NULL,1,1,NULL,40718,40814,00005797,00005797,NULL,'2023-02-18',NULL,0005,1,NULL,16086.95,16086.95,1,1.00,3,NULL,NULL,0,NULL,NULL,'','2023-02-27 11:33:15','2023-07-25 19:59:07','2023-07-25 19:59:07'),(1209,9323,0,2,1,NULL,NULL,NULL,NULL,1520,22,217,NULL,1,1,NULL,40718,40814,00005966,00005966,NULL,'2023-02-18',NULL,0005,1,NULL,29918.46,29918.46,1,1.00,3,NULL,NULL,0,NULL,NULL,'','2023-02-27 11:33:15','2023-07-25 19:59:07','2023-07-25 19:59:07'),(1210,9323,0,2,1,NULL,NULL,NULL,NULL,1520,22,217,NULL,1,1,NULL,40718,40814,00003059,00003059,NULL,'2023-02-18',NULL,0005,1,NULL,41630.05,41630.05,1,1.00,3,NULL,NULL,0,NULL,NULL,'','2023-02-27 11:33:15','2023-07-25 19:59:07','2023-07-25 19:59:07'),(1211,9323,0,2,1,NULL,NULL,NULL,NULL,1520,22,217,NULL,1,1,NULL,40718,40814,00005283,00005283,NULL,'2023-02-18',NULL,0005,1,NULL,21436.36,21436.36,1,1.00,3,NULL,NULL,0,NULL,NULL,'','2023-02-27 11:33:15','2023-07-25 19:59:07','2023-07-25 19:59:07'),(1212,9323,0,2,1,NULL,NULL,NULL,NULL,1520,22,217,NULL,1,1,NULL,40718,40814,00005168,00005168,NULL,'2023-02-18',NULL,0005,1,NULL,9056.85,9056.85,1,1.00,3,NULL,NULL,0,NULL,NULL,'','2023-02-27 11:33:15','2023-07-25 19:59:07','2023-07-25 19:59:07'),(1213,9323,0,2,1,NULL,NULL,NULL,NULL,1520,22,217,NULL,1,1,NULL,40718,40814,00005870,00005870,NULL,'2023-02-18',NULL,0005,1,NULL,28211.15,28211.15,1,1.00,3,NULL,NULL,0,NULL,NULL,'','2023-02-27 11:33:15','2023-07-25 19:59:07','2023-07-25 19:59:07'),(1214,9323,0,2,1,NULL,NULL,NULL,NULL,1520,22,217,NULL,1,1,NULL,40718,40814,00003569,00003569,NULL,'2023-02-18',NULL,0005,1,NULL,31758.87,31758.87,1,1.00,3,NULL,NULL,0,NULL,NULL,'','2023-02-27 11:33:15','2023-07-25 19:59:07','2023-07-25 19:59:07'),(1215,9323,0,2,1,NULL,NULL,NULL,NULL,1520,22,217,NULL,1,1,NULL,40718,40814,00004847,00004847,NULL,'2023-02-18',NULL,0005,1,NULL,16267.24,16267.24,1,1.00,3,NULL,NULL,0,NULL,NULL,'','2023-02-27 11:33:15','2023-07-25 19:59:07','2023-07-25 19:59:07'),(1216,9323,0,2,1,NULL,NULL,NULL,NULL,1520,22,217,NULL,1,1,NULL,40718,40814,00005273,00005273,NULL,'2023-02-18',NULL,0005,1,NULL,16746.40,16746.40,1,1.00,3,NULL,NULL,0,NULL,NULL,'','2023-02-27 11:33:15','2023-07-25 19:59:07','2023-07-25 19:59:07'),(1217,9323,0,2,4,NULL,NULL,NULL,NULL,1520,22,250,NULL,1,1,NULL,40718,40814,00003229,00003229,NULL,'2023-02-18',NULL,0005,1,NULL,29381.00,29381.00,1,1.00,3,NULL,NULL,0,NULL,NULL,'','2023-02-27 11:33:15','2023-07-25 19:59:07','2023-07-25 19:59:07'),(1218,9323,0,2,4,NULL,NULL,NULL,NULL,1520,22,250,NULL,1,1,NULL,40718,40814,00005341,00005341,NULL,'2023-02-18',NULL,0005,1,NULL,12162.00,12162.00,1,1.00,3,NULL,NULL,0,NULL,NULL,'','2023-02-27 11:33:15','2023-07-25 19:59:07','2023-07-25 19:59:07'),(1219,9323,0,2,4,NULL,NULL,NULL,NULL,1520,22,250,NULL,1,1,NULL,40718,40814,00003565,00003565,NULL,'2023-02-18',NULL,0005,1,NULL,22126.00,22126.00,1,1.00,3,NULL,NULL,0,NULL,NULL,'','2023-02-27 11:33:15','2023-07-25 19:59:07','2023-07-25 19:59:07');
INSERT INTO `receipts` VALUES (1220,9323,0,2,4,NULL,NULL,NULL,NULL,1520,22,250,NULL,1,1,NULL,40718,40814,00003757,00003757,NULL,'2023-02-18',NULL,0005,1,NULL,23656.00,23656.00,1,1.00,3,NULL,NULL,0,NULL,NULL,'','2023-02-27 11:33:15','2023-07-25 19:59:07','2023-07-25 19:59:07'),(1221,9323,0,2,3,NULL,NULL,NULL,NULL,1520,22,217,NULL,1,1,NULL,40718,40814,00003569,00003569,NULL,'2023-02-18',NULL,0005,1,NULL,31758.87,31758.87,1,1.00,3,NULL,NULL,0,NULL,NULL,'','2023-02-27 11:33:15','2023-07-25 19:59:07','2023-07-25 19:59:07'),(1222,9323,0,2,3,NULL,NULL,NULL,NULL,1520,22,217,NULL,1,1,NULL,40718,40814,00004847,00004847,NULL,'2023-02-18',NULL,0005,1,NULL,16267.24,16267.24,1,1.00,3,NULL,NULL,0,NULL,NULL,'','2023-02-27 11:33:15','2023-07-25 19:59:07','2023-07-25 19:59:07'),(1223,9323,0,2,3,NULL,NULL,NULL,NULL,1520,22,217,NULL,1,1,NULL,40718,40814,00005273,00005273,NULL,'2023-02-18',NULL,0005,1,NULL,16746.40,16746.40,1,1.00,3,NULL,NULL,0,NULL,NULL,'','2023-02-27 11:33:15','2023-07-25 19:59:07','2023-07-25 19:59:07'),(1224,9323,0,2,1,NULL,NULL,NULL,NULL,1521,22,217,NULL,1,1,NULL,40718,40814,00003153,00003153,NULL,'2023-03-23',NULL,0005,1,NULL,8900.76,8900.76,1,1.00,3,NULL,NULL,0,NULL,NULL,'','2023-02-27 11:33:15','2023-07-25 19:59:07','2023-07-25 19:59:07'),(1225,9323,0,2,1,NULL,NULL,NULL,NULL,1521,22,217,NULL,1,1,NULL,40718,40814,00004698,00004698,NULL,'2023-03-23',NULL,0005,1,NULL,28263.18,28263.18,1,1.00,3,NULL,NULL,0,NULL,NULL,'','2023-02-27 11:33:15','2023-07-25 19:59:07','2023-07-25 19:59:07'),(1226,9323,0,2,1,NULL,NULL,NULL,NULL,1521,22,217,NULL,1,1,NULL,40718,40814,00004082,00004082,NULL,'2023-03-23',NULL,0005,1,NULL,40469.66,40469.66,1,1.00,3,NULL,NULL,0,NULL,NULL,'','2023-02-27 11:33:15','2023-07-25 19:59:07','2023-07-25 19:59:07'),(1227,9323,0,2,1,NULL,NULL,NULL,NULL,1521,22,217,NULL,1,1,NULL,40718,40814,00004539,00004539,NULL,'2023-03-23',NULL,0005,1,NULL,40358.28,40358.28,1,1.00,3,NULL,NULL,0,NULL,NULL,'','2023-02-27 11:33:15','2023-07-25 19:59:08','2023-07-25 19:59:08'),(1228,9323,0,2,1,NULL,NULL,NULL,NULL,1521,22,217,NULL,1,1,NULL,40718,40814,00004602,00004602,NULL,'2023-03-23',NULL,0005,1,NULL,13774.64,13774.64,1,1.00,3,NULL,NULL,0,NULL,NULL,'','2023-02-27 11:33:15','2023-07-25 19:59:08','2023-07-25 19:59:08'),(1229,9323,0,2,1,NULL,NULL,NULL,NULL,1521,22,217,NULL,1,1,NULL,40718,40814,00004585,00004585,NULL,'2023-03-23',NULL,0005,1,NULL,33927.19,33927.19,1,1.00,3,NULL,NULL,0,NULL,NULL,'','2023-02-27 11:33:15','2023-07-25 19:59:08','2023-07-25 19:59:08'),(1230,9323,0,2,1,NULL,NULL,NULL,NULL,1521,22,217,NULL,1,1,NULL,40718,40814,00004950,00004950,NULL,'2023-03-23',NULL,0005,1,NULL,38447.75,38447.75,1,1.00,3,NULL,NULL,0,NULL,NULL,'','2023-02-27 11:33:16','2023-07-25 19:59:08','2023-07-25 19:59:08'),(1231,9323,0,2,1,NULL,NULL,NULL,NULL,1521,22,217,NULL,1,1,NULL,40718,40814,00003192,00003192,NULL,'2023-03-23',NULL,0005,1,NULL,26746.80,26746.80,1,1.00,3,NULL,NULL,0,NULL,NULL,'','2023-02-27 11:33:16','2023-07-25 19:59:08','2023-07-25 19:59:08'),(1232,9323,0,2,1,NULL,NULL,NULL,NULL,1521,22,217,NULL,1,1,NULL,40718,40814,00005519,00005519,NULL,'2023-03-23',NULL,0005,1,NULL,21638.43,21638.43,1,1.00,3,NULL,NULL,0,NULL,NULL,'','2023-02-27 11:33:16','2023-07-25 19:59:08','2023-07-25 19:59:08'),(1233,9323,0,2,1,NULL,NULL,NULL,NULL,1521,22,217,NULL,1,1,NULL,40718,40814,00003282,00003282,NULL,'2023-03-23',NULL,0005,1,NULL,11317.48,11317.48,1,1.00,3,NULL,NULL,0,NULL,NULL,'','2023-02-27 11:33:16','2023-07-25 19:59:08','2023-07-25 19:59:08'),(1234,9323,0,2,1,NULL,NULL,NULL,NULL,1521,22,217,NULL,1,1,NULL,40718,40814,00003913,00003913,NULL,'2023-03-23',NULL,0005,1,NULL,36412.53,36412.53,1,1.00,3,NULL,NULL,0,NULL,NULL,'','2023-02-27 11:33:16','2023-07-25 19:59:08','2023-07-25 19:59:08'),(1235,9323,0,2,1,NULL,NULL,NULL,NULL,1521,22,217,NULL,1,1,NULL,40718,40814,00004791,00004791,NULL,'2023-03-23',NULL,0005,1,NULL,31090.95,31090.95,1,1.00,3,NULL,NULL,0,NULL,NULL,'','2023-02-27 11:33:16','2023-07-25 19:59:08','2023-07-25 19:59:08');
INSERT INTO `receipts` VALUES (1236,9323,0,2,1,NULL,NULL,NULL,NULL,1521,22,217,NULL,1,1,NULL,40718,40814,00004984,00004984,NULL,'2023-03-23',NULL,0005,1,NULL,40294.21,40294.21,1,1.00,3,NULL,NULL,0,NULL,NULL,'','2023-02-27 11:33:16','2023-07-25 19:59:08','2023-07-25 19:59:08'),(1237,9323,0,2,1,NULL,NULL,NULL,NULL,1521,22,217,NULL,1,1,NULL,40718,40814,00004011,00004011,NULL,'2023-03-23',NULL,0005,1,NULL,38369.10,38369.10,1,1.00,3,NULL,NULL,0,NULL,NULL,'','2023-02-27 11:33:16','2023-07-25 19:59:08','2023-07-25 19:59:08'),(1238,9323,0,2,1,NULL,NULL,NULL,NULL,1521,22,217,NULL,1,1,NULL,40718,40814,00005630,00005630,NULL,'2023-03-23',NULL,0005,1,NULL,26595.52,26595.52,1,1.00,3,NULL,NULL,0,NULL,NULL,'','2023-02-27 11:33:16','2023-07-25 19:59:08','2023-07-25 19:59:08'),(1239,9323,0,2,1,NULL,NULL,NULL,NULL,1521,22,217,NULL,1,1,NULL,40718,40814,00005649,00005649,NULL,'2023-03-23',NULL,0005,1,NULL,13820.62,13820.62,1,1.00,3,NULL,NULL,0,NULL,NULL,'','2023-02-27 11:33:16','2023-07-25 19:59:08','2023-07-25 19:59:08'),(1240,9323,0,2,1,NULL,NULL,NULL,NULL,1521,22,217,NULL,1,1,NULL,40718,40814,00003006,00003006,NULL,'2023-03-23',NULL,0005,1,NULL,31714.24,31714.24,1,1.00,3,NULL,NULL,0,NULL,NULL,'','2023-02-27 11:33:16','2023-07-25 19:59:08','2023-07-25 19:59:08'),(1241,9323,0,2,1,NULL,NULL,NULL,NULL,1521,22,217,NULL,1,1,NULL,40718,40814,00003409,00003409,NULL,'2023-03-23',NULL,0005,1,NULL,16751.24,16751.24,1,1.00,3,NULL,NULL,0,NULL,NULL,'','2023-02-27 11:33:16','2023-07-25 19:59:08','2023-07-25 19:59:08'),(1242,9323,0,2,1,NULL,NULL,NULL,NULL,1521,22,217,NULL,1,1,NULL,40718,40814,00004863,00004863,NULL,'2023-03-23',NULL,0005,1,NULL,36854.04,36854.04,1,1.00,3,NULL,NULL,0,NULL,NULL,'','2023-02-27 11:33:16','2023-07-25 19:59:08','2023-07-25 19:59:08'),(1243,9323,0,2,1,NULL,NULL,NULL,NULL,1521,22,217,NULL,1,1,NULL,40718,40814,00004331,00004331,NULL,'2023-03-23',NULL,0005,1,NULL,10960.18,10960.18,1,1.00,3,NULL,NULL,0,NULL,NULL,'','2023-02-27 11:33:16','2023-07-25 19:59:08','2023-07-25 19:59:08'),(1244,9323,0,2,1,NULL,NULL,NULL,NULL,1521,22,217,NULL,1,1,NULL,40718,40814,00004982,00004982,NULL,'2023-03-23',NULL,0005,1,NULL,14874.53,14874.53,1,1.00,3,NULL,NULL,0,NULL,NULL,'','2023-02-27 11:33:16','2023-07-25 19:59:08','2023-07-25 19:59:08'),(1245,9323,0,2,1,NULL,NULL,NULL,NULL,1521,22,217,NULL,1,1,NULL,40718,40814,00005326,00005326,NULL,'2023-03-23',NULL,0005,1,NULL,41548.98,41548.98,1,1.00,3,NULL,NULL,0,NULL,NULL,'','2023-02-27 11:33:17','2023-07-25 19:59:08','2023-07-25 19:59:08'),(1246,9323,0,2,1,NULL,NULL,NULL,NULL,1521,22,217,NULL,1,1,NULL,40718,40814,00004770,00004770,NULL,'2023-03-23',NULL,0005,1,NULL,39521.02,39521.02,1,1.00,3,NULL,NULL,0,NULL,NULL,'','2023-02-27 11:33:17','2023-07-25 19:59:08','2023-07-25 19:59:08'),(1247,9323,0,2,1,NULL,NULL,NULL,NULL,1521,22,217,NULL,1,1,NULL,40718,40814,00005515,00005515,NULL,'2023-03-23',NULL,0005,1,NULL,27754.98,27754.98,1,1.00,3,NULL,NULL,0,NULL,NULL,'','2023-02-27 11:33:17','2023-07-25 19:59:09','2023-07-25 19:59:09'),(1248,9323,0,2,1,NULL,NULL,NULL,NULL,1521,22,217,NULL,1,1,NULL,40718,40814,00004638,00004638,NULL,'2023-03-23',NULL,0005,1,NULL,25929.09,25929.09,1,1.00,3,NULL,NULL,0,NULL,NULL,'','2023-02-27 11:33:17','2023-07-25 19:59:09','2023-07-25 19:59:09'),(1249,9323,0,2,4,NULL,NULL,NULL,NULL,1521,22,250,NULL,1,1,NULL,40718,40814,00005094,00005094,NULL,'2023-03-23',NULL,0005,1,NULL,29919.00,29919.00,1,1.00,3,NULL,NULL,0,NULL,NULL,'','2023-02-27 11:33:17','2023-07-25 19:59:09','2023-07-25 19:59:09'),(1250,9323,0,2,4,NULL,NULL,NULL,NULL,1521,22,250,NULL,1,1,NULL,40718,40814,00004666,00004666,NULL,'2023-03-23',NULL,0005,1,NULL,15673.00,15673.00,1,1.00,3,NULL,NULL,0,NULL,NULL,'','2023-02-27 11:33:17','2023-07-25 19:59:09','2023-07-25 19:59:09'),(1251,9323,0,2,4,NULL,NULL,NULL,NULL,1521,22,250,NULL,1,1,NULL,40718,40814,00005859,00005859,NULL,'2023-03-23',NULL,0005,1,NULL,9836.00,9836.00,1,1.00,3,NULL,NULL,0,NULL,NULL,'','2023-02-27 11:33:17','2023-07-25 19:59:09','2023-07-25 19:59:09');
INSERT INTO `receipts` VALUES (1252,9323,0,2,4,NULL,NULL,NULL,NULL,1521,22,250,NULL,1,1,NULL,40718,40814,00004166,00004166,NULL,'2023-03-23',NULL,0005,1,NULL,34386.00,34386.00,1,1.00,3,NULL,NULL,0,NULL,NULL,'','2023-02-27 11:33:17','2023-07-25 19:59:09','2023-07-25 19:59:09'),(1253,9323,0,2,4,NULL,NULL,NULL,NULL,1521,22,250,NULL,1,1,NULL,40718,40814,00004589,00004589,NULL,'2023-03-23',NULL,0005,1,NULL,6692.00,6692.00,1,1.00,3,NULL,NULL,0,NULL,NULL,'','2023-02-27 11:33:17','2023-07-25 19:59:09','2023-07-25 19:59:09'),(1254,9323,0,2,3,NULL,NULL,NULL,NULL,1521,22,217,NULL,1,1,NULL,40718,40814,00003153,00003153,NULL,'2023-03-23',NULL,0005,1,NULL,8900.76,8900.76,1,1.00,3,NULL,NULL,0,NULL,NULL,'','2023-02-27 11:33:17','2023-07-25 19:59:09','2023-07-25 19:59:09'),(1255,9323,0,2,3,NULL,NULL,NULL,NULL,1521,22,217,NULL,1,1,NULL,40718,40814,00004698,00004698,NULL,'2023-03-23',NULL,0005,1,NULL,28263.18,28263.18,1,1.00,3,NULL,NULL,0,NULL,NULL,'','2023-02-27 11:33:17','2023-07-25 19:59:09','2023-07-25 19:59:09'),(1256,9323,0,2,3,NULL,NULL,NULL,NULL,1521,22,217,NULL,1,1,NULL,40718,40814,00004082,00004082,NULL,'2023-03-23',NULL,0005,1,NULL,40469.66,40469.66,1,1.00,3,NULL,NULL,0,NULL,NULL,'','2023-02-27 11:33:17','2023-07-25 19:59:09','2023-07-25 19:59:09'),(1257,9323,0,2,3,NULL,NULL,NULL,NULL,1521,22,217,NULL,1,1,NULL,40718,40814,00004539,00004539,NULL,'2023-03-23',NULL,0005,1,NULL,39381.87,39381.87,1,1.00,3,NULL,NULL,0,NULL,NULL,'','2023-02-27 11:33:17','2023-07-25 19:59:09','2023-07-25 19:59:09'),(1258,9323,0,1,7,NULL,NULL,1,NULL,3040,22,NULL,NULL,1,1,NULL,40815,40814,00000001,NULL,NULL,'2023-07-24','2023-07-24',0001,1,NULL,30000.00,30000.00,1,273.00,3,NULL,NULL,0,NULL,NULL,'','2023-07-24 15:56:16','2023-07-24 15:56:23',NULL),(1259,9323,0,1,7,NULL,NULL,2,NULL,3040,22,NULL,NULL,1,1,NULL,40815,40814,00000002,NULL,NULL,'2023-07-24','2023-07-24',0001,1,NULL,30000.00,30000.00,1,273.00,3,NULL,NULL,0,NULL,NULL,'','2023-07-24 15:56:23','2023-07-24 15:56:28',NULL),(1260,9323,0,1,7,NULL,NULL,3,NULL,3040,22,NULL,NULL,1,1,NULL,40815,40814,00000003,NULL,NULL,'2023-07-24','2023-07-24',0001,1,NULL,30000.00,30000.00,1,273.00,3,NULL,NULL,0,NULL,NULL,'','2023-07-24 15:56:28','2023-07-24 15:56:32',NULL),(1261,9323,0,1,7,NULL,NULL,4,NULL,3040,22,NULL,NULL,1,1,NULL,40815,40814,00000004,NULL,NULL,'2023-07-24','2023-07-24',0001,1,NULL,30000.00,30000.00,1,273.00,3,NULL,NULL,0,NULL,NULL,'','2023-07-24 15:56:32','2023-07-24 15:56:37',NULL),(1262,9323,0,1,7,NULL,NULL,5,NULL,3041,22,NULL,NULL,1,1,NULL,40815,40814,00000005,NULL,NULL,'2023-08-22','2023-08-22',0001,1,NULL,34830.00,34830.00,1,357.00,3,NULL,NULL,0,NULL,NULL,'','2023-08-22 00:27:39','2023-08-22 00:27:42',NULL),(1263,9323,0,1,7,NULL,NULL,6,NULL,3041,22,NULL,NULL,1,1,NULL,40815,40814,00000006,NULL,NULL,'2023-08-31','2023-08-31',0001,1,NULL,25000.00,25000.00,1,347.00,3,NULL,NULL,0,NULL,NULL,'','2023-09-02 17:24:13','2023-09-02 17:24:16',NULL),(1264,9323,0,1,7,NULL,NULL,7,NULL,3041,22,NULL,NULL,1,1,NULL,40815,40814,00000007,NULL,NULL,'2023-08-31','2023-08-31',0001,1,NULL,25000.00,25000.00,1,347.00,3,NULL,NULL,0,NULL,NULL,'','2023-09-02 17:24:16','2023-09-02 17:24:17',NULL),(1265,9323,0,1,7,NULL,NULL,8,NULL,3041,22,NULL,NULL,1,1,NULL,40815,40814,00000008,NULL,NULL,'2023-08-31','2023-08-31',0001,1,NULL,25000.00,25000.00,1,347.00,3,NULL,NULL,0,NULL,NULL,'','2023-09-02 17:24:17','2023-09-02 17:24:17',NULL),(1266,9323,0,1,7,NULL,NULL,9,NULL,3041,22,NULL,NULL,1,1,NULL,40815,40814,00000009,NULL,NULL,'2023-08-31','2023-08-31',0001,1,NULL,25000.00,25000.00,1,347.00,3,NULL,NULL,0,NULL,NULL,'','2023-09-02 17:24:17','2023-09-02 17:24:18',NULL),(1267,9323,0,1,7,NULL,NULL,10,NULL,3042,22,NULL,NULL,1,1,NULL,40815,40814,00000010,NULL,NULL,'2023-09-30','2023-09-30',0001,1,NULL,30000.00,30000.00,1,347.00,3,NULL,NULL,0,NULL,NULL,'','2023-10-03 00:23:05','2023-10-03 00:23:08',NULL);
INSERT INTO `receipts` VALUES (1268,9323,0,1,7,NULL,NULL,11,NULL,3042,22,NULL,NULL,1,1,NULL,40815,40814,00000011,NULL,NULL,'2023-09-30','2023-09-30',0001,1,NULL,30000.00,30000.00,1,347.00,3,NULL,NULL,0,NULL,NULL,'','2023-10-03 00:23:08','2023-10-03 00:23:08',NULL),(1269,9323,0,1,7,NULL,NULL,12,NULL,3042,22,NULL,NULL,1,1,NULL,40815,40814,00000012,NULL,NULL,'2023-09-30','2023-09-30',0001,1,NULL,30000.00,30000.00,1,347.00,3,NULL,NULL,0,NULL,NULL,'','2023-10-03 00:23:09','2023-10-03 00:23:09',NULL),(1270,9323,0,1,7,NULL,NULL,13,NULL,3042,22,NULL,NULL,1,1,NULL,40815,40814,00000013,NULL,NULL,'2023-09-30','2023-09-30',0001,1,NULL,30000.00,30000.00,1,347.00,3,NULL,NULL,0,NULL,NULL,'','2023-10-03 00:23:09','2023-10-03 00:23:10',NULL),(1271,9323,0,1,7,NULL,NULL,14,NULL,3043,22,NULL,NULL,1,1,NULL,40815,40814,NULL,NULL,NULL,'2023-10-31','2023-10-31',0001,1,NULL,40000.00,40000.00,1,348.00,3,NULL,NULL,0,NULL,NULL,NULL,'2023-11-08 23:20:10','2023-11-08 23:20:13','2023-11-08 23:20:13'),(1272,9323,0,1,7,NULL,NULL,15,NULL,3043,22,NULL,NULL,1,1,NULL,40815,40814,00000014,NULL,NULL,'2023-10-31','2023-10-31',0001,1,NULL,30000.00,30000.00,1,348.00,3,NULL,NULL,0,NULL,NULL,NULL,'2023-11-08 23:22:02','2023-11-08 23:22:04',NULL),(1273,9323,0,1,7,NULL,NULL,16,NULL,3043,22,NULL,NULL,1,1,NULL,40815,40814,NULL,NULL,NULL,'2023-10-31','2023-10-31',0001,1,NULL,30000.00,30000.00,1,348.00,3,NULL,NULL,0,NULL,NULL,NULL,'2023-11-08 23:23:10','2023-11-08 23:23:11','2023-11-08 23:23:11'),(1274,9323,0,1,7,NULL,NULL,17,NULL,3043,22,NULL,NULL,1,1,NULL,40815,40814,00000015,NULL,NULL,'2023-10-31','2023-10-31',0001,1,NULL,30000.00,30000.00,1,348.00,3,NULL,NULL,0,NULL,NULL,NULL,'2023-11-08 23:28:38','2023-11-08 23:28:39',NULL),(1275,9323,0,1,7,NULL,NULL,18,NULL,3043,22,NULL,NULL,1,1,NULL,40815,40814,00000016,NULL,NULL,'2023-10-31','2023-10-31',0001,1,NULL,30000.00,30000.00,1,348.00,3,NULL,NULL,0,NULL,NULL,NULL,'2023-11-08 23:28:40','2023-11-08 23:28:40',NULL),(1276,9323,0,1,7,NULL,NULL,19,NULL,3043,22,NULL,NULL,1,1,NULL,40815,40814,00000017,NULL,NULL,'2023-10-31','2023-10-31',0001,1,NULL,30000.00,30000.00,1,348.00,3,NULL,NULL,0,NULL,NULL,NULL,'2023-11-08 23:28:40','2023-11-08 23:28:40',NULL),(1277,9323,0,1,7,NULL,NULL,20,NULL,3043,22,NULL,NULL,1,1,NULL,40815,40814,00000018,NULL,NULL,'2023-10-31','2023-10-31',0001,1,NULL,30000.00,30000.00,1,348.00,3,NULL,NULL,0,NULL,NULL,NULL,'2023-11-08 23:28:41','2023-11-08 23:28:41',NULL),(1278,9323,0,1,7,NULL,NULL,21,NULL,3044,22,NULL,NULL,1,1,NULL,40815,40814,00000019,NULL,NULL,'2023-11-30','2023-11-30',0001,1,NULL,30000.00,30000.00,1,359.00,3,NULL,NULL,0,NULL,NULL,NULL,'2023-12-02 21:05:39','2023-12-02 21:05:42',NULL),(1279,9323,0,1,7,NULL,NULL,22,NULL,3044,22,NULL,NULL,1,1,NULL,40815,40814,00000020,NULL,NULL,'2023-11-30','2023-11-30',0001,1,NULL,30000.00,30000.00,1,359.00,3,NULL,NULL,0,NULL,NULL,NULL,'2023-12-02 21:05:42','2023-12-02 21:05:42',NULL),(1280,9323,0,1,7,NULL,NULL,23,NULL,3044,22,NULL,NULL,1,1,NULL,40815,40814,00000021,NULL,NULL,'2023-11-30','2023-11-30',0001,1,NULL,30000.00,30000.00,1,359.00,3,NULL,NULL,0,NULL,NULL,NULL,'2023-12-02 21:05:42','2023-12-02 21:05:43',NULL),(1281,9323,0,1,7,NULL,NULL,24,NULL,3044,22,NULL,NULL,1,1,NULL,40815,40814,00000022,NULL,NULL,'2023-11-30','2023-11-30',0001,1,NULL,30000.00,30000.00,1,359.00,3,NULL,NULL,0,NULL,NULL,NULL,'2023-12-02 21:05:43','2023-12-02 21:05:44',NULL),(1282,9323,0,1,7,NULL,NULL,25,NULL,3045,22,NULL,NULL,1,1,NULL,40815,40814,00000023,NULL,NULL,'2023-12-31','2024-01-07',0001,1,NULL,30000.00,30000.00,1,795.00,3,NULL,NULL,0,NULL,NULL,NULL,'2024-01-07 18:45:00','2024-01-07 18:45:03',NULL),(1283,9323,0,1,7,NULL,NULL,26,NULL,3045,22,NULL,NULL,1,1,NULL,40815,40814,00000024,NULL,NULL,'2023-12-31','2024-01-07',0001,1,NULL,30000.00,30000.00,1,795.00,3,NULL,NULL,0,NULL,NULL,NULL,'2024-01-07 18:45:03','2024-01-07 18:45:04',NULL);
INSERT INTO `receipts` VALUES (1284,9323,0,1,7,NULL,NULL,27,NULL,3045,22,NULL,NULL,1,1,NULL,40815,40814,00000025,NULL,NULL,'2023-12-31','2024-01-07',0001,1,NULL,30000.00,30000.00,1,795.00,3,NULL,NULL,0,NULL,NULL,NULL,'2024-01-07 18:45:04','2024-01-07 18:45:05',NULL),(1285,9323,0,1,7,NULL,NULL,28,NULL,3045,22,NULL,NULL,1,1,NULL,40815,40814,00000026,NULL,NULL,'2023-12-31','2024-01-07',0001,1,NULL,30000.00,30000.00,1,795.00,3,NULL,NULL,0,NULL,NULL,NULL,'2024-01-07 18:45:05','2024-01-07 18:45:06',NULL),(1286,9323,0,1,7,NULL,NULL,29,NULL,3049,22,NULL,NULL,1,1,NULL,40815,40814,00000027,NULL,NULL,'2024-01-31','2024-01-31',0001,1,NULL,40000.00,40000.00,1,818.00,3,NULL,NULL,0,NULL,NULL,NULL,'2024-02-07 01:24:54','2024-02-07 01:24:56',NULL),(1287,9323,0,1,7,NULL,NULL,30,NULL,3049,22,NULL,NULL,1,1,NULL,40815,40814,00000028,NULL,NULL,'2024-01-31','2024-01-31',0001,1,NULL,40000.00,40000.00,1,818.00,3,NULL,NULL,0,NULL,NULL,NULL,'2024-02-07 01:24:56','2024-02-07 01:24:57',NULL),(1288,9323,0,1,7,NULL,NULL,31,NULL,3049,22,NULL,NULL,1,1,NULL,40815,40814,00000029,NULL,NULL,'2024-01-31','2024-01-31',0001,1,NULL,40000.00,40000.00,1,818.00,3,NULL,NULL,0,NULL,NULL,NULL,'2024-02-07 01:24:57','2024-02-07 01:24:57',NULL),(1289,9323,0,1,7,NULL,NULL,32,NULL,3049,22,NULL,NULL,1,1,NULL,40815,40814,00000030,NULL,NULL,'2024-01-31','2024-01-31',0001,1,NULL,40000.00,40000.00,1,818.00,3,NULL,NULL,0,NULL,NULL,NULL,'2024-02-07 01:24:57','2024-02-07 01:24:58',NULL),(1290,9323,0,1,7,NULL,NULL,33,NULL,3050,22,NULL,NULL,1,1,NULL,40815,40814,00000031,NULL,NULL,'2024-02-29','2024-02-29',0001,1,NULL,40000.00,40000.00,1,830.00,3,NULL,NULL,0,NULL,NULL,NULL,'2024-03-05 20:57:06','2024-03-05 20:57:08',NULL),(1291,9323,0,1,7,NULL,NULL,34,NULL,3050,22,NULL,NULL,1,1,NULL,40815,40814,00000032,NULL,NULL,'2024-02-29','2024-02-29',0001,1,NULL,40000.00,40000.00,1,830.00,3,NULL,NULL,0,NULL,NULL,NULL,'2024-03-05 20:57:09','2024-03-05 20:57:09',NULL),(1292,9323,0,1,7,NULL,NULL,35,NULL,3050,22,NULL,NULL,1,1,NULL,40815,40814,00000033,NULL,NULL,'2024-02-29','2024-02-29',0001,1,NULL,40000.00,40000.00,1,830.00,3,NULL,NULL,0,NULL,NULL,NULL,'2024-03-05 20:57:09','2024-03-05 20:57:10',NULL),(1293,9323,0,1,7,NULL,NULL,36,NULL,3050,22,NULL,NULL,1,1,NULL,40815,40814,00000034,NULL,NULL,'2024-02-29','2024-02-29',0001,1,NULL,40000.00,40000.00,1,830.00,3,NULL,NULL,0,NULL,NULL,NULL,'2024-03-05 20:57:10','2024-03-05 20:57:10',NULL),(1294,9323,0,1,7,NULL,NULL,37,NULL,3050,22,NULL,NULL,1,1,NULL,40815,40814,00000035,NULL,NULL,'2024-02-29','2024-02-29',0001,1,NULL,40000.00,40000.00,1,830.00,3,NULL,NULL,0,NULL,NULL,NULL,'2024-03-05 20:57:10','2024-03-05 20:57:11',NULL),(1295,9323,0,1,7,NULL,NULL,38,NULL,3052,22,NULL,NULL,1,1,NULL,40815,40814,00000036,NULL,NULL,'2024-04-17','2024-04-17',0001,1,NULL,50000.00,50000.00,1,855.00,3,NULL,NULL,0,NULL,NULL,NULL,'2024-04-17 14:52:25','2024-04-17 14:52:28',NULL),(1296,9323,0,1,7,NULL,NULL,39,NULL,3052,22,NULL,NULL,1,1,NULL,40815,40814,00000037,NULL,NULL,'2024-04-17','2024-04-17',0001,1,NULL,50000.00,50000.00,1,855.00,3,NULL,NULL,0,NULL,NULL,NULL,'2024-04-17 14:52:28','2024-04-17 14:52:29',NULL),(1297,9323,0,1,7,NULL,NULL,40,NULL,3052,22,NULL,NULL,1,1,NULL,40815,40814,00000038,NULL,NULL,'2024-04-17','2024-04-17',0001,1,NULL,50000.00,50000.00,1,855.00,3,NULL,NULL,0,NULL,NULL,NULL,'2024-04-17 14:52:29','2024-04-17 14:52:30',NULL),(1298,9323,0,1,7,NULL,NULL,41,NULL,3052,22,NULL,NULL,1,1,NULL,40815,40814,00000039,NULL,NULL,'2024-04-17','2024-04-17',0001,1,NULL,50000.00,50000.00,1,855.00,3,NULL,NULL,0,NULL,NULL,NULL,'2024-04-17 14:52:30','2024-04-17 14:52:33',NULL),(1299,9323,0,1,7,NULL,NULL,42,NULL,3052,22,NULL,NULL,1,1,NULL,40815,40814,00000040,NULL,NULL,'2024-04-17','2024-04-17',0001,1,NULL,50000.00,50000.00,1,855.00,3,NULL,NULL,0,NULL,NULL,NULL,'2024-04-17 14:52:33','2024-04-17 14:52:34',NULL),(1300,9323,0,1,7,NULL,NULL,43,NULL,3052,22,NULL,NULL,1,1,NULL,40815,40814,00000041,NULL,NULL,'2024-04-17','2024-04-17',0001,1,NULL,50000.00,50000.00,1,855.00,3,NULL,NULL,0,NULL,NULL,NULL,'2024-04-17 14:54:02','2024-04-17 14:54:06',NULL);
INSERT INTO `receipts` VALUES (1301,9323,0,1,7,NULL,NULL,44,NULL,3052,22,NULL,NULL,1,1,NULL,40815,40814,00000042,NULL,NULL,'2024-04-29','2024-04-29',0001,1,NULL,5000.00,5000.00,1,860.00,3,NULL,NULL,0,NULL,NULL,NULL,'2024-04-29 15:51:20','2024-04-29 15:51:23',NULL),(1302,9323,0,1,7,NULL,NULL,45,NULL,3053,22,NULL,NULL,1,1,NULL,40815,40814,NULL,NULL,NULL,'2024-05-03','2024-05-03',0001,1,NULL,60000.00,60000.00,1,866.00,3,NULL,NULL,0,NULL,NULL,NULL,'2024-05-12 02:21:46','2024-05-12 02:21:49','2024-05-12 02:21:49'),(1303,9323,0,1,7,NULL,NULL,46,NULL,3053,22,NULL,NULL,1,1,NULL,40815,40814,NULL,NULL,NULL,'2024-05-03','2024-05-03',0001,1,NULL,60000.00,60000.00,1,866.00,3,NULL,NULL,0,NULL,NULL,NULL,'2024-05-12 02:22:41','2024-05-12 02:22:42','2024-05-12 02:22:42'),(1304,9323,0,1,7,NULL,NULL,47,NULL,3053,22,NULL,NULL,1,1,NULL,40815,40814,NULL,NULL,NULL,'2024-05-03','2024-05-03',0001,1,NULL,10000.00,10000.00,1,866.00,3,NULL,NULL,0,NULL,NULL,NULL,'2024-05-12 02:23:54','2024-05-12 02:23:58','2024-05-12 02:23:58'),(1305,9323,0,1,7,NULL,NULL,48,NULL,3053,22,NULL,NULL,1,1,NULL,40815,40814,NULL,NULL,NULL,'2024-05-06','2024-05-06',0001,1,NULL,10000.00,10000.00,1,866.00,3,NULL,NULL,0,NULL,NULL,NULL,'2024-05-12 02:24:17','2024-05-12 02:24:19','2024-05-12 02:24:19'),(1306,9323,0,1,7,NULL,NULL,49,NULL,3053,22,NULL,NULL,1,1,NULL,40815,40814,NULL,NULL,NULL,'2024-05-06','2024-05-06',0001,1,NULL,10000.00,10000.00,1,866.00,3,NULL,NULL,0,NULL,NULL,NULL,'2024-05-12 02:24:49','2024-05-12 02:24:50','2024-05-12 02:24:50'),(1307,9323,0,1,7,NULL,NULL,50,NULL,3053,22,NULL,NULL,1,1,NULL,40815,40814,NULL,NULL,NULL,'2024-05-12','2024-05-12',0001,1,NULL,10000.00,10000.00,1,866.00,3,NULL,NULL,0,NULL,NULL,NULL,'2024-05-12 02:25:23','2024-05-12 02:25:25','2024-05-12 02:25:25'),(1308,9323,0,1,7,NULL,NULL,51,NULL,3053,22,NULL,NULL,1,1,NULL,40815,40814,00000043,NULL,NULL,'2024-05-06','2024-05-06',0001,1,NULL,60000.00,60000.00,1,866.00,3,NULL,NULL,0,NULL,NULL,NULL,'2024-05-13 13:41:46','2024-05-13 13:41:49',NULL),(1309,9323,0,1,7,NULL,NULL,52,NULL,3053,22,NULL,NULL,1,1,NULL,40815,40814,00000044,NULL,NULL,'2024-05-06','2024-05-06',0001,1,NULL,60000.00,60000.00,1,866.00,3,NULL,NULL,0,NULL,NULL,NULL,'2024-05-13 13:41:49','2024-05-13 13:41:50',NULL),(1310,9323,0,1,7,NULL,NULL,53,NULL,3053,22,NULL,NULL,1,1,NULL,40815,40814,00000045,NULL,NULL,'2024-05-06','2024-05-06',0001,1,NULL,60000.00,60000.00,1,866.00,3,NULL,NULL,0,NULL,NULL,NULL,'2024-05-13 13:41:50','2024-05-13 13:41:51',NULL),(1311,9323,0,1,7,NULL,NULL,54,NULL,3053,22,NULL,NULL,1,1,NULL,40815,40814,00000046,NULL,NULL,'2024-05-06','2024-05-06',0001,1,NULL,60000.00,60000.00,1,866.00,3,NULL,NULL,0,NULL,NULL,NULL,'2024-05-13 13:41:51','2024-05-13 13:41:52',NULL),(1312,9323,0,1,7,NULL,NULL,55,NULL,3053,22,NULL,NULL,1,1,NULL,40815,40814,NULL,NULL,NULL,'2024-05-06','2024-05-06',0001,1,NULL,60000.00,60000.00,1,866.00,3,NULL,NULL,0,NULL,NULL,NULL,'2024-05-13 13:41:52','2024-05-13 13:41:53','2024-05-13 13:41:53'),(1313,9323,0,1,7,NULL,NULL,56,NULL,3053,22,NULL,NULL,1,1,NULL,40815,40814,00000047,NULL,NULL,'2024-05-06','2024-05-06',0001,1,NULL,60000.00,60000.00,1,866.00,3,NULL,NULL,0,NULL,NULL,NULL,'2024-05-13 13:42:49','2024-05-13 13:42:51',NULL),(1314,9323,0,1,7,NULL,NULL,57,NULL,3053,22,NULL,NULL,1,1,NULL,40815,40814,00000048,NULL,NULL,'2024-05-31','2024-05-31',0001,1,NULL,60000.00,60000.00,1,880.00,3,NULL,NULL,0,NULL,NULL,NULL,'2024-06-06 19:06:01','2024-06-06 19:06:04',NULL),(1315,9323,0,1,7,NULL,NULL,58,NULL,3053,22,NULL,NULL,1,1,NULL,40815,40814,00000049,NULL,NULL,'2024-05-31','2024-05-31',0001,1,NULL,60000.00,60000.00,1,880.00,3,NULL,NULL,0,NULL,NULL,NULL,'2024-06-06 19:06:04','2024-06-06 19:06:05',NULL),(1316,9323,0,1,7,NULL,NULL,59,NULL,3053,22,NULL,NULL,1,1,NULL,40815,40814,00000050,NULL,NULL,'2024-05-31','2024-05-31',0001,1,NULL,60000.00,60000.00,1,880.00,3,NULL,NULL,0,NULL,NULL,NULL,'2024-06-06 19:06:05','2024-06-06 19:06:05',NULL);
INSERT INTO `receipts` VALUES (1317,9323,0,1,7,NULL,NULL,60,NULL,3053,22,NULL,NULL,1,1,NULL,40815,40814,00000051,NULL,NULL,'2024-05-31','2024-05-31',0001,1,NULL,60000.00,60000.00,1,880.00,3,NULL,NULL,0,NULL,NULL,NULL,'2024-06-06 19:06:06','2024-06-06 19:06:06',NULL),(1318,9323,0,1,7,NULL,NULL,61,NULL,3053,22,NULL,NULL,1,1,NULL,40815,40814,00000052,NULL,NULL,'2024-05-31','2024-05-31',0001,1,NULL,60000.00,60000.00,1,880.00,3,NULL,NULL,0,NULL,NULL,NULL,'2024-06-06 19:06:06','2024-06-06 19:06:07',NULL),(1319,9323,0,1,7,NULL,NULL,62,NULL,3054,22,NULL,NULL,1,1,NULL,40815,40814,00000053,NULL,NULL,'2024-06-01','2024-06-01',0001,1,NULL,60000.00,60000.00,1,880.00,3,NULL,NULL,0,NULL,NULL,NULL,'2024-06-06 19:07:02','2024-06-06 19:07:03',NULL),(1320,9323,0,1,7,NULL,NULL,63,NULL,3054,22,NULL,NULL,1,1,NULL,40815,40814,00000054,NULL,NULL,'2024-06-01','2024-06-01',0001,1,NULL,60000.00,60000.00,1,880.00,3,NULL,NULL,0,NULL,NULL,NULL,'2024-06-06 19:07:03','2024-06-06 19:07:04',NULL),(1321,9323,0,1,7,NULL,NULL,64,NULL,3054,22,NULL,NULL,1,1,NULL,40815,40814,00000055,NULL,NULL,'2024-06-01','2024-06-01',0001,1,NULL,60000.00,60000.00,1,880.00,3,NULL,NULL,0,NULL,NULL,NULL,'2024-06-06 19:07:04','2024-06-06 19:07:05',NULL),(1322,9323,0,1,7,NULL,NULL,65,NULL,3054,22,NULL,NULL,1,1,NULL,40815,40814,00000056,NULL,NULL,'2024-06-01','2024-06-01',0001,1,NULL,60000.00,60000.00,1,880.00,3,NULL,NULL,0,NULL,NULL,NULL,'2024-06-06 19:07:05','2024-06-06 19:07:06',NULL),(1323,9323,0,1,7,NULL,NULL,66,NULL,3054,22,NULL,NULL,1,1,NULL,40815,40814,00000057,NULL,NULL,'2024-06-01','2024-06-01',0001,1,NULL,60000.00,60000.00,1,880.00,3,NULL,NULL,0,NULL,NULL,NULL,'2024-06-06 19:07:06','2024-06-06 19:07:07',NULL),(1324,9323,0,1,7,NULL,NULL,67,NULL,3054,22,NULL,NULL,1,1,NULL,40815,40814,00000058,NULL,NULL,'2024-06-01','2024-06-01',0001,1,NULL,60000.00,60000.00,1,880.00,3,NULL,NULL,0,NULL,NULL,NULL,'2024-06-06 19:09:04','2024-06-06 19:09:05',NULL),(1325,9323,0,1,7,NULL,NULL,68,NULL,3054,22,NULL,NULL,1,1,NULL,40815,40814,00000059,NULL,NULL,'2024-06-01','2024-06-01',0001,1,NULL,60000.00,60000.00,1,880.00,3,NULL,NULL,0,NULL,NULL,NULL,'2024-06-06 19:09:06','2024-06-06 19:09:06',NULL),(1326,9323,0,1,7,NULL,NULL,69,NULL,3054,22,NULL,NULL,1,1,NULL,40815,40814,00000060,NULL,NULL,'2024-06-01','2024-06-01',0001,1,NULL,60000.00,60000.00,1,880.00,3,NULL,NULL,0,NULL,NULL,NULL,'2024-06-06 19:09:07','2024-06-06 19:09:07',NULL),(1327,9323,0,1,7,NULL,NULL,70,NULL,3054,22,NULL,NULL,1,1,NULL,40815,40814,00000061,NULL,NULL,'2024-06-01','2024-06-01',0001,1,NULL,60000.00,60000.00,1,880.00,3,NULL,NULL,0,NULL,NULL,NULL,'2024-06-06 19:09:08','2024-06-06 19:09:08',NULL),(1328,9323,0,1,7,NULL,NULL,71,NULL,3054,22,NULL,NULL,1,1,NULL,40815,40814,00000062,NULL,NULL,'2024-06-01','2024-06-01',0001,1,NULL,60000.00,60000.00,1,880.00,3,NULL,NULL,0,NULL,NULL,NULL,'2024-06-06 19:09:09','2024-06-06 19:09:09',NULL),(1329,9323,0,1,7,NULL,NULL,72,NULL,3057,22,NULL,NULL,1,1,NULL,40815,40814,00000063,NULL,NULL,'2024-09-05','2024-09-05',0001,1,NULL,150000.00,150000.00,1,935.00,3,NULL,NULL,0,NULL,NULL,NULL,'2024-09-06 23:07:45','2024-09-06 23:07:45',NULL),(1330,9323,0,1,7,NULL,NULL,73,NULL,3057,22,NULL,NULL,1,1,NULL,40815,40814,00000064,NULL,NULL,'2024-09-05','2024-09-05',0001,1,NULL,150000.00,150000.00,1,935.00,3,NULL,NULL,0,NULL,NULL,NULL,'2024-09-06 23:07:45','2024-09-06 23:07:45',NULL),(1331,9323,0,1,7,NULL,NULL,74,NULL,3057,22,NULL,NULL,1,1,NULL,40815,40814,00000065,NULL,NULL,'2024-09-05','2024-09-05',0001,1,NULL,150000.00,150000.00,1,935.00,3,NULL,NULL,0,NULL,NULL,NULL,'2024-09-06 23:07:46','2024-09-06 23:07:46',NULL),(1332,9323,0,1,7,NULL,NULL,75,NULL,3057,22,NULL,NULL,1,1,NULL,40815,40814,00000066,NULL,NULL,'2024-09-05','2024-09-05',0001,1,NULL,150000.00,150000.00,1,935.00,3,NULL,NULL,0,NULL,NULL,NULL,'2024-09-06 23:07:47','2024-09-06 23:07:47',NULL),(1333,9323,0,1,7,NULL,NULL,76,NULL,3057,22,NULL,NULL,1,1,NULL,40815,40814,00000067,NULL,NULL,'2024-09-05','2024-09-05',0001,1,NULL,150000.00,150000.00,1,935.00,3,NULL,NULL,0,NULL,NULL,NULL,'2024-09-06 23:07:48','2024-09-06 23:07:48',NULL);
INSERT INTO `receipts` VALUES (1334,9323,0,1,7,NULL,NULL,77,NULL,3057,22,NULL,NULL,1,1,NULL,40815,40814,00000068,NULL,NULL,'2024-09-05','2024-09-05',0001,1,NULL,150000.00,150000.00,1,935.00,3,NULL,NULL,0,NULL,NULL,NULL,'2024-09-06 23:07:48','2024-09-06 23:07:48',NULL),(1335,9323,0,1,7,NULL,NULL,78,NULL,3057,22,NULL,NULL,1,1,NULL,40815,40814,00000069,NULL,NULL,'2024-09-05','2024-09-05',0001,1,NULL,150000.00,150000.00,1,935.00,3,NULL,NULL,0,NULL,NULL,NULL,'2024-09-06 23:07:49','2024-09-06 23:07:49',NULL),(1336,9323,0,1,7,NULL,NULL,79,NULL,3057,22,NULL,NULL,1,1,NULL,40815,40814,00000070,NULL,NULL,'2024-09-05','2024-09-05',0001,1,NULL,150000.00,150000.00,1,935.00,3,NULL,NULL,0,NULL,NULL,NULL,'2024-09-06 23:07:50','2024-09-06 23:07:50',NULL),(1337,9323,0,1,7,NULL,NULL,80,NULL,3058,22,NULL,NULL,1,1,NULL,40815,40814,00000071,NULL,NULL,'2024-10-04','2024-10-10',0001,1,NULL,150000.00,150000.00,1,949.00,3,NULL,NULL,0,NULL,NULL,NULL,'2024-10-04 16:00:10','2024-10-04 16:00:10',NULL),(1338,9323,0,1,7,NULL,NULL,81,NULL,3058,22,NULL,NULL,1,1,NULL,40815,40814,00000072,NULL,NULL,'2024-10-04','2024-10-04',0001,1,NULL,150000.00,150000.00,1,949.00,3,NULL,NULL,0,NULL,NULL,NULL,'2024-10-04 16:09:27','2024-10-04 16:09:27',NULL),(1339,9323,0,1,7,NULL,NULL,82,NULL,3058,22,NULL,NULL,1,1,NULL,40815,40814,00000073,NULL,NULL,'2024-10-04','2024-10-04',0001,1,NULL,150000.00,150000.00,1,949.00,3,NULL,NULL,0,NULL,NULL,NULL,'2024-10-04 16:09:28','2024-10-04 16:09:28',NULL),(1340,9323,0,1,7,NULL,NULL,83,NULL,3058,22,NULL,NULL,1,1,NULL,40815,40814,00000074,NULL,NULL,'2024-10-04','2024-10-04',0001,1,NULL,150000.00,150000.00,1,949.00,3,NULL,NULL,0,NULL,NULL,NULL,'2024-10-04 16:09:29','2024-10-04 16:09:29',NULL),(1341,9323,0,1,7,NULL,NULL,84,NULL,3058,22,NULL,NULL,1,1,NULL,40815,40814,00000075,NULL,NULL,'2024-10-04','2024-10-04',0001,1,NULL,150000.00,150000.00,1,949.00,3,NULL,NULL,0,NULL,NULL,NULL,'2024-10-04 16:09:29','2024-10-04 16:09:29',NULL),(1342,9323,0,1,7,NULL,NULL,85,NULL,3058,22,NULL,NULL,1,1,NULL,40815,40814,00000076,NULL,NULL,'2024-10-04','2024-10-04',0001,1,NULL,150000.00,150000.00,1,949.00,3,NULL,NULL,0,NULL,NULL,NULL,'2024-10-04 16:09:30','2024-10-04 16:09:30',NULL),(1343,9323,0,1,7,NULL,NULL,86,NULL,3058,22,NULL,NULL,1,1,NULL,40815,40814,00000077,NULL,NULL,'2024-10-04','2024-10-04',0001,1,NULL,100000.00,100000.00,1,949.00,3,NULL,NULL,0,NULL,NULL,NULL,'2024-10-04 16:09:31','2024-10-04 16:09:31',NULL),(1344,9323,0,1,7,NULL,NULL,87,NULL,3059,22,NULL,NULL,1,1,NULL,40815,40814,00000078,NULL,NULL,'2024-11-04','2024-11-04',0001,1,NULL,150000.00,150000.00,1,964.00,3,NULL,NULL,0,NULL,NULL,NULL,'2024-11-04 11:30:42','2024-11-04 11:30:42',NULL),(1345,9323,0,1,7,NULL,NULL,88,NULL,3059,22,NULL,NULL,1,1,NULL,40815,40814,00000079,NULL,NULL,'2024-11-04','2024-11-04',0001,1,NULL,150000.00,150000.00,1,964.00,3,NULL,NULL,0,NULL,NULL,NULL,'2024-11-04 11:30:43','2024-11-04 11:30:43',NULL),(1346,9323,0,1,7,NULL,NULL,89,NULL,3059,22,NULL,NULL,1,1,NULL,40815,40814,00000080,NULL,NULL,'2024-11-04','2024-11-04',0001,1,NULL,150000.00,150000.00,1,964.00,3,NULL,NULL,0,NULL,NULL,NULL,'2024-11-04 11:30:44','2024-11-04 11:30:44',NULL),(1347,9323,0,1,7,NULL,NULL,90,NULL,3059,22,NULL,NULL,1,1,NULL,40815,40814,00000081,NULL,NULL,'2024-11-04','2024-11-04',0001,1,NULL,150000.00,150000.00,1,964.00,3,NULL,NULL,0,NULL,NULL,NULL,'2024-11-04 11:30:45','2024-11-04 11:30:45',NULL),(1348,9323,0,1,7,NULL,NULL,91,NULL,3059,22,NULL,NULL,1,1,NULL,40815,40814,00000082,NULL,NULL,'2024-11-04','2024-11-04',0001,1,NULL,150000.00,150000.00,1,964.00,3,NULL,NULL,0,NULL,NULL,NULL,'2024-11-04 11:30:46','2024-11-04 11:30:46',NULL),(1349,9323,0,1,7,NULL,NULL,92,NULL,3059,22,NULL,NULL,1,1,NULL,40815,40814,00000083,NULL,NULL,'2024-11-04','2024-11-04',0001,1,NULL,150000.00,150000.00,1,964.00,3,NULL,NULL,0,NULL,NULL,NULL,'2024-11-04 11:30:47','2024-11-04 11:30:47',NULL);
INSERT INTO `receipts` VALUES (1350,9323,0,1,7,NULL,NULL,93,NULL,3059,22,NULL,NULL,1,1,NULL,40815,40814,00000084,NULL,NULL,'2024-11-04','2024-11-04',0001,1,NULL,150000.00,150000.00,1,964.00,3,NULL,NULL,0,NULL,NULL,NULL,'2024-11-04 11:30:48','2024-11-04 11:30:48',NULL),(1351,9323,0,1,7,NULL,NULL,94,NULL,3059,22,NULL,NULL,1,1,NULL,40815,40814,00000085,NULL,NULL,'2024-11-04','2024-11-04',0001,1,NULL,150000.00,150000.00,1,964.00,3,NULL,NULL,0,NULL,NULL,NULL,'2024-11-04 11:30:49','2024-11-04 11:30:49',NULL),(1352,9323,0,1,7,NULL,NULL,95,NULL,3059,22,NULL,NULL,1,1,NULL,40815,40814,00000086,NULL,NULL,'2024-11-30','2024-12-01',0001,1,NULL,150000.00,150000.00,1,982.00,3,NULL,NULL,0,NULL,NULL,NULL,'2024-12-02 20:43:46','2024-12-02 20:43:46',NULL),(1353,9323,0,1,7,NULL,NULL,96,NULL,3059,22,NULL,NULL,1,1,NULL,40815,40814,00000087,NULL,NULL,'2024-11-30','2024-12-01',0001,1,NULL,150000.00,150000.00,1,982.00,3,NULL,NULL,0,NULL,NULL,NULL,'2024-12-02 20:43:47','2024-12-02 20:43:47',NULL),(1354,9323,0,1,7,NULL,NULL,97,NULL,3059,22,NULL,NULL,1,1,NULL,40815,40814,00000088,NULL,NULL,'2024-11-30','2024-12-01',0001,1,NULL,150000.00,150000.00,1,982.00,3,NULL,NULL,0,NULL,NULL,NULL,'2024-12-02 20:43:48','2024-12-02 20:43:48',NULL),(1355,9323,0,1,7,NULL,NULL,98,NULL,3059,22,NULL,NULL,1,1,NULL,40815,40814,00000089,NULL,NULL,'2024-11-30','2024-12-01',0001,1,NULL,150000.00,150000.00,1,982.00,3,NULL,NULL,0,NULL,NULL,NULL,'2024-12-02 20:43:49','2024-12-02 20:43:49',NULL),(1356,9323,0,1,7,NULL,NULL,99,NULL,3059,22,NULL,NULL,1,1,NULL,40815,40814,00000090,NULL,NULL,'2024-11-30','2024-12-01',0001,1,NULL,150000.00,150000.00,1,982.00,3,NULL,NULL,0,NULL,NULL,NULL,'2024-12-02 20:43:50','2024-12-02 20:43:50',NULL),(1357,9323,0,1,7,NULL,NULL,100,NULL,3059,22,NULL,NULL,1,1,NULL,40815,40814,00000091,NULL,NULL,'2024-11-30','2024-12-01',0001,1,NULL,150000.00,150000.00,1,982.00,3,NULL,NULL,0,NULL,NULL,NULL,'2024-12-02 20:43:51','2024-12-02 20:43:51',NULL),(1358,9323,0,1,7,NULL,NULL,101,NULL,3059,22,NULL,NULL,1,1,NULL,40815,40814,00000092,NULL,NULL,'2024-11-30','2024-12-01',0001,1,NULL,150000.00,150000.00,1,982.00,3,NULL,NULL,0,NULL,NULL,NULL,'2024-12-02 20:43:52','2024-12-02 20:43:52',NULL),(1359,9323,0,1,7,NULL,NULL,102,NULL,3059,22,NULL,NULL,1,1,NULL,40815,40814,00000093,NULL,NULL,'2024-11-30','2024-12-01',0001,1,NULL,150000.00,150000.00,1,982.00,3,NULL,NULL,0,NULL,NULL,NULL,'2024-12-02 20:43:53','2024-12-02 20:43:53',NULL),(1360,9323,0,1,7,NULL,NULL,103,NULL,3060,22,NULL,NULL,1,1,NULL,40815,40814,00000094,NULL,NULL,'2024-12-31','2025-01-03',0001,1,NULL,150000.00,150000.00,1,1006.00,3,NULL,NULL,0,NULL,NULL,NULL,'2025-01-05 22:54:25','2025-01-05 22:54:25',NULL),(1361,9323,0,1,7,NULL,NULL,104,NULL,3060,22,NULL,NULL,1,1,NULL,40815,40814,00000095,NULL,NULL,'2024-12-31','2025-01-03',0001,1,NULL,150000.00,150000.00,1,1006.00,3,NULL,NULL,0,NULL,NULL,NULL,'2025-01-05 22:54:27','2025-01-05 22:54:27',NULL),(1362,9323,0,1,7,NULL,NULL,105,NULL,3060,22,NULL,NULL,1,1,NULL,40815,40814,00000096,NULL,NULL,'2024-12-31','2025-01-03',0001,1,NULL,150000.00,150000.00,1,1006.00,3,NULL,NULL,0,NULL,NULL,NULL,'2025-01-05 22:54:28','2025-01-05 22:54:28',NULL),(1363,9323,0,1,7,NULL,NULL,106,NULL,3060,22,NULL,NULL,1,1,NULL,40815,40814,00000097,NULL,NULL,'2024-12-31','2025-01-03',0001,1,NULL,150000.00,150000.00,1,1006.00,3,NULL,NULL,0,NULL,NULL,NULL,'2025-01-05 22:54:29','2025-01-05 22:54:29',NULL),(1364,9323,0,1,7,NULL,NULL,107,NULL,3060,22,NULL,NULL,1,1,NULL,40815,40814,00000098,NULL,NULL,'2024-12-31','2025-01-03',0001,1,NULL,150000.00,150000.00,1,1006.00,3,NULL,NULL,0,NULL,NULL,NULL,'2025-01-05 22:54:30','2025-01-05 22:54:30',NULL),(1365,9323,0,1,7,NULL,NULL,108,NULL,3060,22,NULL,NULL,1,1,NULL,40815,40814,00000099,NULL,NULL,'2024-12-31','2025-01-03',0001,1,NULL,150000.00,150000.00,1,1006.00,3,NULL,NULL,0,NULL,NULL,NULL,'2025-01-05 22:54:31','2025-01-05 22:54:31',NULL);
INSERT INTO `receipts` VALUES (1366,9323,0,1,7,NULL,NULL,109,NULL,3060,22,NULL,NULL,1,1,NULL,40815,40814,00000100,NULL,NULL,'2024-12-31','2025-01-03',0001,1,NULL,150000.00,150000.00,1,1006.00,3,NULL,NULL,0,NULL,NULL,NULL,'2025-01-05 22:54:32','2025-01-05 22:54:32',NULL),(1367,9323,0,1,7,NULL,NULL,110,NULL,3060,22,NULL,NULL,1,1,NULL,40815,40814,00000101,NULL,NULL,'2024-12-31','2025-01-03',0001,1,NULL,150000.00,150000.00,1,1006.00,3,NULL,NULL,0,NULL,NULL,NULL,'2025-01-05 22:54:33','2025-01-05 22:54:33',NULL),(1368,9323,0,1,7,NULL,NULL,111,NULL,3064,22,NULL,NULL,1,1,NULL,40815,40814,00000102,NULL,NULL,'2025-01-06','2025-01-06',0001,1,NULL,50000.00,50000.00,1,1010.00,3,NULL,NULL,0,NULL,NULL,NULL,'2025-01-14 11:25:06','2025-01-14 11:25:06',NULL),(1369,9323,0,1,7,NULL,NULL,112,NULL,3065,22,NULL,NULL,1,1,NULL,40815,40814,00000103,NULL,NULL,'2025-02-01','2025-02-10',0001,1,NULL,150000.00,150000.00,1,1029.00,3,NULL,NULL,0,NULL,NULL,NULL,'2025-02-10 12:29:02','2025-02-10 12:29:02',NULL),(1370,9323,0,1,7,NULL,NULL,113,NULL,3065,22,NULL,NULL,1,1,NULL,40815,40814,00000104,NULL,NULL,'2025-02-01','2025-02-10',0001,1,NULL,150000.00,150000.00,1,1029.00,3,NULL,NULL,0,NULL,NULL,NULL,'2025-02-10 12:29:03','2025-02-10 12:29:03',NULL),(1371,9323,0,1,7,NULL,NULL,114,NULL,3065,22,NULL,NULL,1,1,NULL,40815,40814,00000105,NULL,NULL,'2025-02-01','2025-02-10',0001,1,NULL,150000.00,150000.00,1,1029.00,3,NULL,NULL,0,NULL,NULL,NULL,'2025-02-10 12:29:04','2025-02-10 12:29:04',NULL),(1372,9323,0,1,7,NULL,NULL,115,NULL,3065,22,NULL,NULL,1,1,NULL,40815,40814,00000106,NULL,NULL,'2025-02-01','2025-02-10',0001,1,NULL,150000.00,150000.00,1,1029.00,3,NULL,NULL,0,NULL,NULL,NULL,'2025-02-10 12:29:05','2025-02-10 12:29:05',NULL),(1373,9323,0,1,7,NULL,NULL,116,NULL,3065,22,NULL,NULL,1,1,NULL,40815,40814,00000107,NULL,NULL,'2025-02-01','2025-02-10',0001,1,NULL,150000.00,150000.00,1,1029.00,3,NULL,NULL,0,NULL,NULL,NULL,'2025-02-10 12:29:06','2025-02-10 12:29:06',NULL),(1374,9323,0,1,7,NULL,NULL,117,NULL,3065,22,NULL,NULL,1,1,NULL,40815,40814,00000108,NULL,NULL,'2025-02-01','2025-02-10',0001,1,NULL,150000.00,150000.00,1,1029.00,3,NULL,NULL,0,NULL,NULL,NULL,'2025-02-10 12:29:07','2025-02-10 12:29:07',NULL),(1375,9323,0,1,7,NULL,NULL,118,NULL,3065,22,NULL,NULL,1,1,NULL,40815,40814,00000109,NULL,NULL,'2025-02-01','2025-02-10',0001,1,NULL,150000.00,150000.00,1,1029.00,3,NULL,NULL,0,NULL,NULL,NULL,'2025-02-10 12:29:09','2025-02-10 12:29:09',NULL),(1376,9323,0,1,7,NULL,NULL,119,NULL,3065,22,NULL,NULL,1,1,NULL,40815,40814,00000110,NULL,NULL,'2025-02-01','2025-02-10',0001,1,NULL,150000.00,150000.00,1,1029.00,3,NULL,NULL,0,NULL,NULL,NULL,'2025-02-10 12:29:10','2025-02-10 12:29:10',NULL),(1377,9323,0,1,7,NULL,NULL,120,NULL,3066,22,NULL,NULL,1,1,NULL,40815,40814,00000111,NULL,NULL,'2025-03-10','2025-03-10',0001,1,NULL,150000.00,150000.00,1,1035.00,3,NULL,NULL,0,NULL,NULL,NULL,'2025-03-10 15:25:04','2025-03-10 15:25:04',NULL),(1378,9323,0,1,7,NULL,NULL,121,NULL,3066,22,NULL,NULL,1,1,NULL,40815,40814,00000112,NULL,NULL,'2025-03-10','2025-03-10',0001,1,NULL,150000.00,150000.00,1,1035.00,3,NULL,NULL,0,NULL,NULL,NULL,'2025-03-10 15:25:06','2025-03-10 15:25:06',NULL),(1379,9323,0,1,7,NULL,NULL,122,NULL,3066,22,NULL,NULL,1,1,NULL,40815,40814,00000113,NULL,NULL,'2025-03-10','2025-03-10',0001,1,NULL,150000.00,150000.00,1,1035.00,3,NULL,NULL,0,NULL,NULL,NULL,'2025-03-10 15:25:07','2025-03-10 15:25:07',NULL),(1380,9323,0,1,7,NULL,NULL,123,NULL,3066,22,NULL,NULL,1,1,NULL,40815,40814,00000114,NULL,NULL,'2025-03-10','2025-03-10',0001,1,NULL,150000.00,150000.00,1,1035.00,3,NULL,NULL,0,NULL,NULL,NULL,'2025-03-10 15:25:08','2025-03-10 15:25:08',NULL),(1381,9323,0,1,7,NULL,NULL,124,NULL,3066,22,NULL,NULL,1,1,NULL,40815,40814,00000115,NULL,NULL,'2025-03-10','2025-03-10',0001,1,NULL,150000.00,150000.00,1,1035.00,3,NULL,NULL,0,NULL,NULL,NULL,'2025-03-10 15:25:09','2025-03-10 15:25:09',NULL);
INSERT INTO `receipts` VALUES (1382,9323,0,1,7,NULL,NULL,125,NULL,3066,22,NULL,NULL,1,1,NULL,40815,40814,00000116,NULL,NULL,'2025-03-10','2025-03-10',0001,1,NULL,150000.00,150000.00,1,1035.00,3,NULL,NULL,0,NULL,NULL,NULL,'2025-03-10 15:25:10','2025-03-10 15:25:10',NULL),(1383,9323,0,1,7,NULL,NULL,126,NULL,3066,22,NULL,NULL,1,1,NULL,40815,40814,00000117,NULL,NULL,'2025-03-10','2025-03-10',0001,1,NULL,150000.00,150000.00,1,1035.00,3,NULL,NULL,0,NULL,NULL,NULL,'2025-03-10 15:25:12','2025-03-10 15:25:12',NULL),(1384,9323,0,1,7,NULL,NULL,127,NULL,3066,22,NULL,NULL,1,1,NULL,40815,40814,00000118,NULL,NULL,'2025-03-10','2025-03-10',0001,1,NULL,150000.00,150000.00,1,1035.00,3,NULL,NULL,0,NULL,NULL,NULL,'2025-03-10 15:25:13','2025-03-10 15:25:13',NULL),(1385,9323,0,1,7,NULL,NULL,128,NULL,3067,22,NULL,NULL,1,1,NULL,40815,40814,00000119,NULL,NULL,'2025-04-30','2025-05-09',0001,1,NULL,150000.00,150000.00,1,1087.00,3,NULL,NULL,0,NULL,NULL,NULL,'2025-05-09 16:02:51','2025-05-09 16:02:51',NULL),(1386,9323,0,1,7,NULL,NULL,129,NULL,3067,22,NULL,NULL,1,1,NULL,40815,40814,00000120,NULL,NULL,'2025-04-30','2025-05-09',0001,1,NULL,150000.00,150000.00,1,1087.00,3,NULL,NULL,0,NULL,NULL,NULL,'2025-05-09 16:02:52','2025-05-09 16:02:52',NULL),(1387,9323,0,1,7,NULL,NULL,130,NULL,3067,22,NULL,NULL,1,1,NULL,40815,40814,00000121,NULL,NULL,'2025-04-30','2025-05-09',0001,1,NULL,150000.00,150000.00,1,1087.00,3,NULL,NULL,0,NULL,NULL,NULL,'2025-05-09 16:02:53','2025-05-09 16:02:53',NULL),(1388,9323,0,1,7,NULL,NULL,131,NULL,3067,22,NULL,NULL,1,1,NULL,40815,40814,00000122,NULL,NULL,'2025-04-30','2025-05-09',0001,1,NULL,150000.00,150000.00,1,1087.00,3,NULL,NULL,0,NULL,NULL,NULL,'2025-05-09 16:02:54','2025-05-09 16:02:54',NULL),(1389,9323,0,1,7,NULL,NULL,132,NULL,3067,22,NULL,NULL,1,1,NULL,40815,40814,00000123,NULL,NULL,'2025-04-30','2025-05-09',0001,1,NULL,150000.00,150000.00,1,1087.00,3,NULL,NULL,0,NULL,NULL,NULL,'2025-05-09 16:02:55','2025-05-09 16:02:55',NULL),(1390,9323,0,1,7,NULL,NULL,133,NULL,3067,22,NULL,NULL,1,1,NULL,40815,40814,00000124,NULL,NULL,'2025-04-30','2025-05-09',0001,1,NULL,150000.00,150000.00,1,1087.00,3,NULL,NULL,0,NULL,NULL,NULL,'2025-05-09 16:02:56','2025-05-09 16:02:56',NULL),(1391,9323,0,1,7,NULL,NULL,134,NULL,3067,22,NULL,NULL,1,1,NULL,40815,40814,00000125,NULL,NULL,'2025-04-30','2025-05-09',0001,1,NULL,150000.00,150000.00,1,1087.00,3,NULL,NULL,0,NULL,NULL,NULL,'2025-05-09 16:02:57','2025-05-09 16:02:57',NULL),(1392,9323,0,1,7,NULL,NULL,135,NULL,3067,22,NULL,NULL,1,1,NULL,40815,40814,00000126,NULL,NULL,'2025-04-30','2025-05-09',0001,1,NULL,150000.00,150000.00,1,1087.00,3,NULL,NULL,0,NULL,NULL,NULL,'2025-05-09 16:02:58','2025-05-09 16:02:58',NULL),(1393,9323,0,1,7,NULL,NULL,136,NULL,3071,22,NULL,NULL,1,1,NULL,40815,40817,00000127,NULL,NULL,'2025-08-11','2025-08-11',0001,1,NULL,869361.54,869361.54,1,1295.00,3,NULL,NULL,0,NULL,NULL,NULL,'2025-08-11 14:05:30','2025-08-11 14:05:30',NULL);

--
