-- Table structure for table `conta_tipo_asientos`
--

CREATE TABLE `conta_tipo_asientos` (
  `id` int(10) unsigned NOT NULL AUTO_INCREMENT,
  `nombre` varchar(255) COLLATE utf8mb4_unicode_ci DEFAULT NULL,
  `created_at` timestamp NULL DEFAULT NULL,
  `updated_at` timestamp NULL DEFAULT NULL,
  `deleted_at` timestamp NULL DEFAULT NULL,
  `orden` int(11) DEFAULT NULL,
  PRIMARY KEY (`id`)
) ENGINE=InnoDB AUTO_INCREMENT=25 DEFAULT CHARSET=utf8mb4 COLLATE=utf8mb4_unicode_ci;

--
-- Dumping data for table `conta_tipo_asientos`
--

INSERT INTO `conta_tipo_asientos` VALUES (1,'Sueldos',NULL,NULL,NULL,11),(2,'Ingresos',NULL,NULL,NULL,9),(3,'Egresos',NULL,NULL,NULL,10),(4,'Amortizaciones',NULL,NULL,NULL,4),(5,'Banco',NULL,NULL,NULL,15),(6,'Ganancias',NULL,NULL,NULL,12),(7,'Retenciones',NULL,NULL,NULL,13),(8,'SIRCREB',NULL,NULL,NULL,14),(9,'Compensaciones',NULL,NULL,NULL,16),(10,'Pagos AFIP',NULL,NULL,NULL,17),(11,'Ajustes',NULL,NULL,NULL,3),(12,'Saldos Iniciales',NULL,NULL,NULL,1),(13,'Cancelacion de Iniciales',NULL,NULL,NULL,2),(14,'Patrimonio Neto',NULL,NULL,NULL,8),(15,'Liquidaciones IVA',NULL,NULL,NULL,18),(16,'Liquidacion IIBB',NULL,NULL,NULL,19),(17,'Asientos de Cierre',NULL,NULL,NULL,5),(18,'Reclasificacion',NULL,NULL,NULL,6),(19,'Otros',NULL,NULL,NULL,7),(20,'Cobranzas','2019-10-02 03:20:37','2019-10-02 03:20:37',NULL,NULL),(21,'Pagos','2019-10-02 03:20:37','2019-10-02 03:20:37',NULL,NULL),(22,'Tesoreria','2019-10-19 02:10:24','2019-10-19 02:10:24',NULL,NULL),(23,'Ajuste por Inflacion','2020-03-01 06:39:20','2020-03-01 06:39:20',NULL,NULL),(24,'SIRTAC','2023-10-16 21:17:48','2023-10-16 21:17:48',NULL,20);

--
-- Table structure for table `conta_tipo_cuentas`
--

CREATE TABLE `conta_tipo_cuentas` (
  `id` int(10) unsigned NOT NULL AUTO_INCREMENT,
  `tipo_cuenta` varchar(255) COLLATE utf8mb4_unicode_ci DEFAULT NULL,
  `created_at` timestamp NULL DEFAULT NULL,
  `updated_at` timestamp NULL DEFAULT NULL,
  `deleted_at` timestamp NULL DEFAULT NULL,
  PRIMARY KEY (`id`)
) ENGINE=InnoDB AUTO_INCREMENT=6 DEFAULT CHARSET=utf8mb4 COLLATE=utf8mb4_unicode_ci;

--
-- Dumping data for table `conta_tipo_cuentas`
--

INSERT INTO `conta_tipo_cuentas` VALUES (1,'Rubro',NULL,NULL,NULL),(2,'SubRubro',NULL,NULL,NULL),(3,'Grupo',NULL,NULL,NULL),(4,'SubGrupo',NULL,NULL,NULL),(5,'Cuenta',NULL,NULL,NULL);

--
-- Table structure for table `conta_tipo_saldos`
--

CREATE TABLE `conta_tipo_saldos` (
  `id` int(10) unsigned NOT NULL AUTO_INCREMENT,
  `saldo` varchar(255) COLLATE utf8mb4_unicode_ci DEFAULT NULL,
  `created_at` timestamp NULL DEFAULT NULL,
  `updated_at` timestamp NULL DEFAULT NULL,
  `deleted_at` timestamp NULL DEFAULT NULL,
  PRIMARY KEY (`id`)
) ENGINE=InnoDB AUTO_INCREMENT=3 DEFAULT CHARSET=utf8mb4 COLLATE=utf8mb4_unicode_ci;

--
-- Dumping data for table `conta_tipo_saldos`
--

INSERT INTO `conta_tipo_saldos` VALUES (1,'Deudor',NULL,NULL,NULL),(2,'Acreedor',NULL,NULL,NULL);

--
-- Table structure for table `control_cuits_afip`
--

CREATE TABLE `control_cuits_afip` (
  `id` int(10) unsigned NOT NULL AUTO_INCREMENT,
  `user_id` int(10) unsigned DEFAULT NULL,
  `person_id` int(10) unsigned NOT NULL,
  `field_name1` varchar(191) COLLATE utf8mb4_unicode_ci DEFAULT NULL,
  `cuit` varchar(191) COLLATE utf8mb4_unicode_ci DEFAULT NULL,
  `error` varchar(191) COLLATE utf8mb4_unicode_ci DEFAULT NULL,
  `created_at` timestamp NULL DEFAULT NULL,
  `updated_at` timestamp NULL DEFAULT NULL,
  `deleted_at` timestamp NULL DEFAULT NULL,
  PRIMARY KEY (`id`),
  KEY `control_cuits_afip_person_id_foreign` (`person_id`),
  CONSTRAINT `control_cuits_afip_person_id_foreign` FOREIGN KEY (`person_id`) REFERENCES `persons` (`id`)
) ENGINE=InnoDB DEFAULT CHARSET=utf8mb4 COLLATE=utf8mb4_unicode_ci;

--
-- Dumping data for table `control_cuits_afip`
--


--
-- Table structure for table `control_general`
--

CREATE TABLE `control_general` (
  `id` int(10) unsigned NOT NULL AUTO_INCREMENT,
  `description` varchar(180) COLLATE utf8mb4_unicode_ci NOT NULL,
  `class` int(10) unsigned NOT NULL,
  `class_description` varchar(180) COLLATE utf8mb4_unicode_ci NOT NULL,
  `path` varchar(255) COLLATE utf8mb4_unicode_ci DEFAULT NULL,
  `created_at` timestamp NULL DEFAULT NULL,
  `updated_at` timestamp NULL DEFAULT NULL,
  PRIMARY KEY (`id`),
  UNIQUE KEY `control_general_description_unique` (`description`)
) ENGINE=InnoDB AUTO_INCREMENT=6 DEFAULT CHARSET=utf8mb4 COLLATE=utf8mb4_unicode_ci;

--
-- Dumping data for table `control_general`
--

INSERT INTO `control_general` VALUES (1,'Ingresos - Egresos - Resultado',1,'Proyeccion Ganancias','control_general/proyecGanancias',NULL,NULL),(2,'IVA',2,'IVA','control_general/iva',NULL,NULL),(3,'IIBB',3,'IIBB','control_general/iibb',NULL,NULL),(4,'Por Mes',4,'Vto. Impuestos','control_general/vto',NULL,NULL),(5,'Por Impuesto',4,'Vto. Impuestos','control_general/vtoPorImpuestos',NULL,NULL);

--
-- Table structure for table `cta_cte_cliente`
--

CREATE TABLE `cta_cte_cliente` (
  `id` int(10) unsigned NOT NULL AUTO_INCREMENT,
  `user_id` int(10) unsigned DEFAULT NULL,
  `numero` bigint(20) DEFAULT NULL,
  `tipo_asiento_id` int(10) unsigned NOT NULL,
  `person_id` int(10) unsigned NOT NULL,
  `person_id_relationed` int(10) unsigned NOT NULL,
  `cta_cte_tesoreria_cuenta_id` int(10) unsigned DEFAULT NULL,
  `period_id` int(10) unsigned NOT NULL,
  `saldo_id` int(10) unsigned NOT NULL,
  `compensado` tinyint(1) NOT NULL DEFAULT '0',
  `fecha` date DEFAULT NULL,
  `fecha_vencimiento` date DEFAULT NULL,
  `total` decimal(16,2) NOT NULL,
  `moneda_id` int(10) unsigned NOT NULL DEFAULT '1',
  `cotizacion` decimal(9,2) NOT NULL DEFAULT '1.00',
  `comentario` varchar(191) COLLATE utf8mb4_unicode_ci DEFAULT NULL,
  `file` varchar(191) COLLATE utf8mb4_unicode_ci DEFAULT NULL,
  `created_at` timestamp NULL DEFAULT NULL,
  `updated_at` timestamp NULL DEFAULT NULL,
  `deleted_at` timestamp NULL DEFAULT NULL,
  PRIMARY KEY (`id`),
  KEY `cta_cte_cliente_person_id_foreign` (`person_id`),
  KEY `cta_cte_cliente_person_id_relationed_foreign` (`person_id_relationed`),
  KEY `cta_cte_cliente_period_id_foreign` (`period_id`),
  KEY `cta_cte_cliente_saldo_id_foreign` (`saldo_id`),
  KEY `cta_cte_cliente_tipo_asiento_id_foreign` (`tipo_asiento_id`),
  KEY `cta_cte_cliente_cta_cte_tesoreria_cuenta_id_foreign` (`cta_cte_tesoreria_cuenta_id`),
  KEY `cta_cte_cliente_moneda_id_foreign` (`moneda_id`),
  CONSTRAINT `cta_cte_cliente_cta_cte_tesoreria_cuenta_id_foreign` FOREIGN KEY (`cta_cte_tesoreria_cuenta_id`) REFERENCES `cta_cte_tesoreria_cuentas` (`id`),
  CONSTRAINT `cta_cte_cliente_moneda_id_foreign` FOREIGN KEY (`moneda_id`) REFERENCES `monedas` (`id`),
  CONSTRAINT `cta_cte_cliente_period_id_foreign` FOREIGN KEY (`period_id`) REFERENCES `periods` (`id`),
  CONSTRAINT `cta_cte_cliente_person_id_foreign` FOREIGN KEY (`person_id`) REFERENCES `persons` (`id`),
  CONSTRAINT `cta_cte_cliente_person_id_relationed_foreign` FOREIGN KEY (`person_id_relationed`) REFERENCES `persons` (`id`),
  CONSTRAINT `cta_cte_cliente_saldo_id_foreign` FOREIGN KEY (`saldo_id`) REFERENCES `conta_tipo_saldos` (`id`),
  CONSTRAINT `cta_cte_cliente_tipo_asiento_id_foreign` FOREIGN KEY (`tipo_asiento_id`) REFERENCES `conta_tipo_asientos` (`id`)
) ENGINE=InnoDB AUTO_INCREMENT=1469 DEFAULT CHARSET=utf8mb4 COLLATE=utf8mb4_unicode_ci;

--
-- Dumping data for table `cta_cte_cliente`
--

INSERT INTO `cta_cte_cliente` VALUES (2,8522,2,2,40718,40814,13,1519,1,0,'2023-01-02','2023-01-02',8228.00,1,1.00,'Factura B N°: 0002-00005092',NULL,'2023-02-24 15:05:30','2023-02-24 15:44:36','2023-02-24 15:44:36'),(3,8522,3,2,40718,40814,13,1519,1,0,'2023-01-02','2023-01-02',7865.00,1,1.00,'Factura B N°: 0002-00005093',NULL,'2023-02-24 15:05:30','2023-02-24 15:44:36','2023-02-24 15:44:36'),(4,8522,4,2,40718,40814,13,1519,1,0,'2023-01-02','2023-01-02',8349.00,1,1.00,'Factura B N°: 0002-00005094',NULL,'2023-02-24 15:05:30','2023-02-24 15:44:36','2023-02-24 15:44:36'),(5,8522,5,2,40718,40814,13,1519,1,0,'2023-01-02','2023-01-02',10769.00,1,1.00,'Factura B N°: 0002-00005095',NULL,'2023-02-24 15:05:30','2023-02-24 15:44:36','2023-02-24 15:44:36'),(6,8522,6,2,40718,40814,13,1519,1,0,'2023-01-02','2023-01-02',8349.00,1,1.00,'Factura B N°: 0002-00005096',NULL,'2023-02-24 15:05:30','2023-02-24 15:44:36','2023-02-24 15:44:36'),(7,8522,7,2,40718,40814,13,1519,1,0,'2023-01-02','2023-01-02',8349.00,1,1.00,'Factura B N°: 0002-00005097',NULL,'2023-02-24 15:05:30','2023-02-24 15:44:36','2023-02-24 15:44:36'),(8,8522,8,2,40718,40814,13,1519,1,0,'2023-01-02','2023-01-02',8349.00,1,1.00,'Factura B N°: 0002-00005098',NULL,'2023-02-24 15:05:30','2023-02-24 15:44:36','2023-02-24 15:44:36'),(9,8522,9,2,40718,40814,13,1519,1,0,'2023-01-02','2023-01-02',8349.00,1,1.00,'Factura B N°: 0002-00005099',NULL,'2023-02-24 15:05:30','2023-02-24 15:44:36','2023-02-24 15:44:36'),(10,8522,10,2,40718,40814,13,1519,1,0,'2023-01-02','2023-01-02',8349.00,1,1.00,'Factura B N°: 0002-00005100',NULL,'2023-02-24 15:05:30','2023-02-24 15:44:36','2023-02-24 15:44:36'),(11,8522,11,2,40718,40814,13,1519,1,0,'2023-01-02','2023-01-02',8349.00,1,1.00,'Factura B N°: 0002-00005101',NULL,'2023-02-24 15:05:30','2023-02-24 15:44:36','2023-02-24 15:44:36'),(12,8522,12,2,40718,40814,13,1519,1,0,'2023-01-02','2023-01-02',9075.00,1,1.00,'Factura B N°: 0002-00005102',NULL,'2023-02-24 15:05:30','2023-02-24 15:44:36','2023-02-24 15:44:36'),(13,8522,13,2,40718,40814,13,1519,1,0,'2023-01-02','2023-01-02',8349.00,1,1.00,'Factura B N°: 0002-00005103',NULL,'2023-02-24 15:05:30','2023-02-24 15:44:36','2023-02-24 15:44:36'),(14,8522,14,2,40718,40814,13,1519,1,0,'2023-01-02','2023-01-02',9438.00,1,1.00,'Factura B N°: 0002-00005104',NULL,'2023-02-24 15:05:31','2023-02-24 15:44:36','2023-02-24 15:44:36'),(15,8522,15,2,40718,40814,13,1519,1,0,'2023-01-02','2023-01-02',9559.00,1,1.00,'Factura B N°: 0002-00005105',NULL,'2023-02-24 15:05:31','2023-02-24 15:44:36','2023-02-24 15:44:36'),(16,8522,16,2,40718,40814,13,1519,1,0,'2023-01-02','2023-01-02',8228.00,1,1.00,'Factura B N°: 0002-00005106',NULL,'2023-02-24 15:05:31','2023-02-24 15:44:36','2023-02-24 15:44:36'),(17,8522,17,2,40718,40814,13,1519,1,0,'2023-01-02','2023-01-02',7865.00,1,1.00,'Factura B N°: 0002-00005107',NULL,'2023-02-24 15:05:31','2023-02-24 15:44:36','2023-02-24 15:44:36'),(18,8522,18,2,40718,40814,13,1519,1,0,'2023-01-02','2023-01-02',8591.00,1,1.00,'Factura B N°: 0002-00005108',NULL,'2023-02-24 15:05:31','2023-02-24 15:44:36','2023-02-24 15:44:36'),(19,8522,19,2,40718,40814,13,1519,1,0,'2023-01-02','2023-01-02',8591.00,1,1.00,'Factura B N°: 0002-00005109',NULL,'2023-02-24 15:05:31','2023-02-24 15:44:36','2023-02-24 15:44:36'),(20,8522,20,2,40718,40814,13,1519,1,0,'2023-01-02','2023-01-02',8591.00,1,1.00,'Factura B N°: 0002-00005110',NULL,'2023-02-24 15:05:31','2023-02-24 15:44:36','2023-02-24 15:44:36'),(21,8522,21,2,40718,40814,13,1519,1,0,'2023-01-02','2023-01-02',8228.00,1,1.00,'Factura B N°: 0002-00005111',NULL,'2023-02-24 15:05:31','2023-02-24 15:44:36','2023-02-24 15:44:36'),(22,8522,22,2,40718,40814,13,1519,1,0,'2023-01-02','2023-01-02',8650.29,1,1.00,'Factura A N°: 0002-00006199',NULL,'2023-02-24 15:05:31','2023-02-24 15:44:36','2023-02-24 15:44:36'),(23,8522,23,2,40718,40814,13,1519,1,0,'2023-01-02','2023-01-02',23619.20,1,1.00,'Factura A N°: 0002-00006064',NULL,'2023-02-24 15:05:31','2023-02-24 15:44:36','2023-02-24 15:44:36');
INSERT INTO `cta_cte_cliente` VALUES (24,8522,24,2,40718,40814,13,1519,1,0,'2023-01-02','2023-01-02',14480.07,1,1.00,'Factura A N°: 0002-00005038',NULL,'2023-02-24 15:05:31','2023-02-24 15:44:36','2023-02-24 15:44:36'),(25,8522,25,2,40718,40814,13,1519,1,0,'2023-01-02','2023-01-02',16241.83,1,1.00,'Factura A N°: 0002-00005787',NULL,'2023-02-24 15:05:31','2023-02-24 15:44:36','2023-02-24 15:44:36'),(26,8522,26,2,40718,40814,13,1519,1,0,'2023-01-02','2023-01-02',9272.23,1,1.00,'Factura A N°: 0002-00006284',NULL,'2023-02-24 15:05:31','2023-02-24 15:44:36','2023-02-24 15:44:36'),(27,8522,27,2,40718,40814,13,1519,1,0,'2023-01-02','2023-01-02',13130.92,1,1.00,'Factura A N°: 0002-00005172',NULL,'2023-02-24 15:05:31','2023-02-24 15:44:36','2023-02-24 15:44:36'),(28,8522,28,2,40718,40814,13,1519,1,0,'2023-01-02','2023-01-02',9964.35,1,1.00,'Factura A N°: 0002-00006053',NULL,'2023-02-24 15:05:31','2023-02-24 15:44:36','2023-02-24 15:44:36'),(29,8522,29,2,40718,40814,13,1519,1,0,'2023-01-02','2023-01-02',10960.18,1,1.00,'Factura A N°: 0002-00006764',NULL,'2023-02-24 15:05:32','2023-02-24 15:44:36','2023-02-24 15:44:36'),(30,8522,30,2,40718,40814,13,1519,1,0,'2023-01-02','2023-01-02',21031.01,1,1.00,'Factura A N°: 0002-00005913',NULL,'2023-02-24 15:05:32','2023-02-24 15:44:36','2023-02-24 15:44:36'),(31,8522,31,2,40718,40814,13,1519,1,0,'2023-01-02','2023-01-02',14834.60,1,1.00,'Factura A N°: 0002-00006935',NULL,'2023-02-24 15:05:32','2023-02-24 15:44:36','2023-02-24 15:44:36'),(32,8522,32,2,40718,40814,13,1519,1,0,'2023-01-02','2023-01-02',14066.25,1,1.00,'Factura A N°: 0002-00005747',NULL,'2023-02-24 15:05:32','2023-02-24 15:44:36','2023-02-24 15:44:36'),(33,8522,33,2,40718,40814,13,1519,1,0,'2023-01-02','2023-01-02',14879.37,1,1.00,'Factura A N°: 0002-00006696',NULL,'2023-02-24 15:05:32','2023-02-24 15:44:36','2023-02-24 15:44:36'),(34,8522,34,2,40718,40814,13,1519,1,0,'2023-01-02','2023-01-02',13251.92,1,1.00,'Factura A N°: 0002-00005450',NULL,'2023-02-24 15:05:32','2023-02-24 15:44:36','2023-02-24 15:44:36'),(35,8522,35,2,40718,40814,13,1519,1,0,'2023-01-02','2023-01-02',7479.01,1,1.00,'Factura A N°: 0002-00005380',NULL,'2023-02-24 15:05:32','2023-02-24 15:44:36','2023-02-24 15:44:36'),(36,8522,36,2,40718,40814,13,1519,1,0,'2023-01-02','2023-01-02',15278.67,1,1.00,'Factura A N°: 0002-00005484',NULL,'2023-02-24 15:05:32','2023-02-24 15:44:36','2023-02-24 15:44:36'),(37,8522,37,2,40718,40814,13,1519,1,0,'2023-01-02','2023-01-02',7399.15,1,1.00,'Factura A N°: 0002-00006649',NULL,'2023-02-24 15:05:32','2023-02-24 15:44:36','2023-02-24 15:44:36'),(38,8522,38,2,40718,40814,13,1519,1,0,'2023-01-02','2023-01-02',15423.87,1,1.00,'Factura A N°: 0002-00005635',NULL,'2023-02-24 15:05:32','2023-02-24 15:44:36','2023-02-24 15:44:36'),(39,8522,39,2,40718,40814,13,1519,1,0,'2023-01-02','2023-01-02',7637.52,1,1.00,'Factura A N°: 0002-00006400',NULL,'2023-02-24 15:05:32','2023-02-24 15:44:36','2023-02-24 15:44:36'),(40,8522,40,2,40718,40814,13,1519,1,0,'2023-01-02','2023-01-02',23849.10,1,1.00,'Factura A N°: 0002-00005343',NULL,'2023-02-24 15:05:32','2023-02-24 15:44:36','2023-02-24 15:44:36'),(41,8522,41,2,40718,40814,13,1519,1,0,'2023-01-02','2023-01-02',16779.07,1,1.00,'Factura A N°: 0002-00005497',NULL,'2023-02-24 15:05:32','2023-02-24 15:44:36','2023-02-24 15:44:36'),(42,8522,42,2,40718,40814,13,1519,1,0,'2023-01-02','2023-01-02',24003.98,1,1.00,'Factura A N°: 0002-00005729',NULL,'2023-02-24 15:05:32','2023-02-24 15:44:36','2023-02-24 15:44:36'),(43,8522,43,2,40718,40814,13,1519,1,0,'2023-01-02','2023-01-02',15284.72,1,1.00,'Factura A N°: 0002-00005873',NULL,'2023-02-24 15:05:32','2023-02-24 15:44:36','2023-02-24 15:44:36'),(44,8522,44,2,40718,40814,13,1519,1,0,'2023-01-02','2023-01-02',18883.26,1,1.00,'Factura A N°: 0002-00006248',NULL,'2023-02-24 15:05:32','2023-02-24 15:44:36','2023-02-24 15:44:36'),(45,8522,45,2,40718,40814,13,1519,1,0,'2023-01-02','2023-01-02',17756.75,1,1.00,'Factura A N°: 0002-00006485',NULL,'2023-02-24 15:05:32','2023-02-24 15:44:36','2023-02-24 15:44:36');
INSERT INTO `cta_cte_cliente` VALUES (46,8522,46,2,40718,40814,13,1519,1,0,'2023-01-02','2023-01-02',15434.76,1,1.00,'Factura A N°: 0002-00005991',NULL,'2023-02-24 15:05:32','2023-02-24 15:44:36','2023-02-24 15:44:36'),(47,8522,47,2,40718,40814,13,1519,1,0,'2023-01-02','2023-01-02',16877.08,1,1.00,'Factura A N°: 0002-00006797',NULL,'2023-02-24 15:05:32','2023-02-24 15:44:36','2023-02-24 15:44:36'),(48,8522,48,2,40718,40814,13,1519,1,0,'2023-01-02','2023-01-02',14135.22,1,1.00,'Factura A N°: 0002-00005994',NULL,'2023-02-24 15:05:32','2023-02-24 15:44:36','2023-02-24 15:44:36'),(49,8522,49,2,40718,40814,13,1519,1,0,'2023-01-02','2023-01-02',18613.43,1,1.00,'Factura A N°: 0002-00005715',NULL,'2023-02-24 15:05:32','2023-02-24 15:44:36','2023-02-24 15:44:36'),(50,8522,50,2,40718,40814,13,1519,1,0,'2023-01-02','2023-01-02',11993.52,1,1.00,'Factura A N°: 0002-00005230',NULL,'2023-02-24 15:05:33','2023-02-24 15:44:36','2023-02-24 15:44:36'),(51,8522,51,2,40718,40814,13,1519,1,0,'2023-01-02','2023-01-02',11609.95,1,1.00,'Factura A N°: 0002-00006287',NULL,'2023-02-24 15:05:33','2023-02-24 15:44:36','2023-02-24 15:44:36'),(52,8522,52,2,40718,40814,13,1519,1,0,'2023-01-02','2023-01-02',17367.13,1,1.00,'Factura A N°: 0002-00005970',NULL,'2023-02-24 15:05:33','2023-02-24 15:44:36','2023-02-24 15:44:36'),(53,8522,53,2,40718,40814,13,1519,1,0,'2023-01-02','2023-01-02',12891.34,1,1.00,'Factura A N°: 0002-00006500',NULL,'2023-02-24 15:05:33','2023-02-24 15:44:36','2023-02-24 15:44:36'),(54,8522,54,2,40718,40814,13,1519,1,0,'2023-01-02','2023-01-02',10599.60,1,1.00,'Factura A N°: 0002-00005671',NULL,'2023-02-24 15:05:33','2023-02-24 15:44:36','2023-02-24 15:44:36'),(55,8522,55,2,40718,40814,13,1519,1,0,'2023-01-02','2023-01-02',23201.75,1,1.00,'Factura A N°: 0002-00005627',NULL,'2023-02-24 15:05:33','2023-02-24 15:44:36','2023-02-24 15:44:36'),(56,8522,56,2,40718,40814,13,1519,1,0,'2023-01-02','2023-01-02',10063.57,1,1.00,'Factura A N°: 0002-00005254',NULL,'2023-02-24 15:05:33','2023-02-24 15:44:36','2023-02-24 15:44:36'),(57,8522,57,2,40718,40814,13,1519,1,0,'2023-01-02','2023-01-02',7829.91,1,1.00,'Factura A N°: 0002-00006134',NULL,'2023-02-24 15:05:33','2023-02-24 15:44:36','2023-02-24 15:44:36'),(58,8522,58,2,40718,40814,13,1519,1,0,'2023-01-02','2023-01-02',8645.45,1,1.00,'Factura A N°: 0002-00005880',NULL,'2023-02-24 15:05:33','2023-02-24 15:44:36','2023-02-24 15:44:36'),(59,8522,59,2,40718,40814,13,1519,1,0,'2023-01-02','2023-01-02',19490.68,1,1.00,'Factura A N°: 0002-00005072',NULL,'2023-02-24 15:05:33','2023-02-24 15:44:36','2023-02-24 15:44:36'),(60,8522,60,2,40718,40814,13,1519,1,0,'2023-01-02','2023-01-02',23676.07,1,1.00,'Factura A N°: 0002-00006572',NULL,'2023-02-24 15:05:33','2023-02-24 15:44:36','2023-02-24 15:44:36'),(61,8522,61,2,40718,40814,13,1519,1,0,'2023-01-02','2023-01-02',6946.61,1,1.00,'Factura A N°: 0002-00005036',NULL,'2023-02-24 15:05:33','2023-02-24 15:44:36','2023-02-24 15:44:36'),(62,8522,62,2,40718,40814,13,1519,1,0,'2023-01-02','2023-01-02',17232.82,1,1.00,'Factura A N°: 0002-00006574',NULL,'2023-02-24 15:05:33','2023-02-24 15:44:36','2023-02-24 15:44:36'),(63,8522,63,2,40718,40814,13,1519,1,0,'2023-01-02','2023-01-02',23242.89,1,1.00,'Factura A N°: 0002-00005025',NULL,'2023-02-24 15:05:33','2023-02-24 15:44:36','2023-02-24 15:44:36'),(64,8522,64,2,40718,40814,13,1519,1,0,'2023-01-02','2023-01-02',20555.48,1,1.00,'Factura A N°: 0002-00006549',NULL,'2023-02-24 15:05:33','2023-02-24 15:44:36','2023-02-24 15:44:36'),(65,8522,65,2,40718,40814,13,1519,1,0,'2023-01-02','2023-01-02',22571.34,1,1.00,'Factura A N°: 0002-00006452',NULL,'2023-02-24 15:05:33','2023-02-24 15:44:36','2023-02-24 15:44:36'),(66,8522,66,2,40718,40814,13,1519,1,0,'2023-01-02','2023-01-02',23123.10,1,1.00,'Factura A N°: 0002-00006905',NULL,'2023-02-24 15:05:33','2023-02-24 15:44:36','2023-02-24 15:44:36'),(67,8522,67,2,40718,40814,13,1519,1,0,'2023-01-02','2023-01-02',8634.56,1,1.00,'Factura A N°: 0002-00006322',NULL,'2023-02-24 15:05:33','2023-02-24 15:44:36','2023-02-24 15:44:36');
INSERT INTO `cta_cte_cliente` VALUES (68,8522,68,2,40718,40814,13,1519,1,0,'2023-01-02','2023-01-02',15601.74,1,1.00,'Factura A N°: 0002-00006143',NULL,'2023-02-24 15:05:33','2023-02-24 15:44:36','2023-02-24 15:44:36'),(69,8522,69,2,40718,40814,13,1519,1,0,'2023-01-02','2023-01-02',13981.55,1,1.00,'Factura A N°: 0002-00006874',NULL,'2023-02-24 15:05:33','2023-02-24 15:44:36','2023-02-24 15:44:36'),(70,8522,70,2,40718,40814,13,1519,1,0,'2023-01-02','2023-01-02',18350.86,1,1.00,'Factura A N°: 0002-00006994',NULL,'2023-02-24 15:05:33','2023-02-24 15:44:36','2023-02-24 15:44:36'),(71,8522,71,2,40718,40814,13,1519,1,0,'2023-01-02','2023-01-02',14989.48,1,1.00,'Factura A N°: 0002-00006802',NULL,'2023-02-24 15:05:33','2023-02-24 15:44:36','2023-02-24 15:44:36'),(72,8522,72,2,40718,40814,13,1519,1,0,'2023-01-02','2023-01-02',23475.21,1,1.00,'Factura A N°: 0002-00005777',NULL,'2023-02-24 15:05:33','2023-02-24 15:44:36','2023-02-24 15:44:36'),(73,8522,73,2,40718,40814,13,1519,1,0,'2023-01-02','2023-01-02',13529.01,1,1.00,'Factura A N°: 0002-00005379',NULL,'2023-02-24 15:05:33','2023-02-24 15:44:36','2023-02-24 15:44:36'),(74,8522,74,2,40718,40814,13,1519,1,0,'2023-01-02','2023-01-02',10860.96,1,1.00,'Factura A N°: 0002-00006705',NULL,'2023-02-24 15:05:33','2023-02-24 15:44:36','2023-02-24 15:44:36'),(75,8522,75,2,40718,40814,13,1519,1,0,'2023-01-02','2023-01-02',21218.56,1,1.00,'Factura A N°: 0002-00005290',NULL,'2023-02-24 15:05:34','2023-02-24 15:44:36','2023-02-24 15:44:36'),(76,8522,76,2,40718,40814,13,1519,1,0,'2023-01-02','2023-01-02',18124.59,1,1.00,'Factura A N°: 0002-00006147',NULL,'2023-02-24 15:05:34','2023-02-24 15:44:37','2023-02-24 15:44:37'),(77,8522,77,2,40718,40814,13,1519,1,0,'2023-01-02','2023-01-02',19431.39,1,1.00,'Factura A N°: 0002-00006827',NULL,'2023-02-24 15:05:34','2023-02-24 15:44:37','2023-02-24 15:44:37'),(78,8522,78,2,40718,40814,13,1519,1,0,'2023-01-02','2023-01-02',10033.32,1,1.00,'Factura A N°: 0002-00006335',NULL,'2023-02-24 15:05:34','2023-02-24 15:44:37','2023-02-24 15:44:37'),(79,8522,79,2,40718,40814,13,1519,1,0,'2023-01-02','2023-01-02',16526.18,1,1.00,'Factura A N°: 0002-00006326',NULL,'2023-02-24 15:05:34','2023-02-24 15:44:37','2023-02-24 15:44:37'),(80,8522,80,2,40718,40814,13,1519,1,0,'2023-01-02','2023-01-02',17390.12,1,1.00,'Factura A N°: 0002-00006175',NULL,'2023-02-24 15:05:34','2023-02-24 15:44:37','2023-02-24 15:44:37'),(81,8522,81,2,40718,40814,13,1519,1,0,'2023-01-02','2023-01-02',18969.17,1,1.00,'Factura A N°: 0002-00005502',NULL,'2023-02-24 15:05:34','2023-02-24 15:44:37','2023-02-24 15:44:37'),(82,8522,82,2,40718,40814,13,1519,1,0,'2023-01-02','2023-01-02',12868.35,1,1.00,'Factura A N°: 0002-00005015',NULL,'2023-02-24 15:05:34','2023-02-24 15:44:37','2023-02-24 15:44:37'),(83,8522,83,2,40718,40814,13,1519,1,0,'2023-01-02','2023-01-02',7961.80,1,1.00,'Factura A N°: 0002-00006330',NULL,'2023-02-24 15:05:34','2023-02-24 15:44:37','2023-02-24 15:44:37'),(84,8522,84,2,40718,40814,13,1519,1,0,'2023-01-02','2023-01-02',9240.77,1,1.00,'Factura A N°: 0002-00005908',NULL,'2023-02-24 15:05:34','2023-02-24 15:44:37','2023-02-24 15:44:37'),(85,8522,85,2,40718,40814,13,1519,1,0,'2023-01-02','2023-01-02',23930.17,1,1.00,'Factura A N°: 0002-00005566',NULL,'2023-02-24 15:05:34','2023-02-24 15:44:37','2023-02-24 15:44:37'),(86,8522,86,2,40718,40814,13,1519,1,0,'2023-01-02','2023-01-02',6434.78,1,1.00,'Factura A N°: 0002-00005017',NULL,'2023-02-24 15:05:34','2023-02-24 15:44:37','2023-02-24 15:44:37'),(87,8522,87,2,40718,40814,13,1519,1,0,'2023-01-02','2023-01-02',22522.94,1,1.00,'Factura A N°: 0002-00006501',NULL,'2023-02-24 15:05:34','2023-02-24 15:44:37','2023-02-24 15:44:37'),(88,8522,88,2,40718,40814,13,1519,1,0,'2023-01-02','2023-01-02',19179.71,1,1.00,'Factura A N°: 0002-00006931',NULL,'2023-02-24 15:05:34','2023-02-24 15:44:37','2023-02-24 15:44:37'),(89,8522,89,2,40718,40814,13,1519,1,0,'2023-01-02','2023-01-02',15387.57,1,1.00,'Factura A N°: 0002-00006929',NULL,'2023-02-24 15:05:34','2023-02-24 15:44:37','2023-02-24 15:44:37');
INSERT INTO `cta_cte_cliente` VALUES (90,8522,90,2,40718,40814,13,1519,1,0,'2023-01-02','2023-01-02',6523.11,1,1.00,'Factura A N°: 0002-00006058',NULL,'2023-02-24 15:05:34','2023-02-24 15:44:37','2023-02-24 15:44:37'),(91,8522,91,2,40718,40814,13,1519,1,0,'2023-01-02','2023-01-02',10346.71,1,1.00,'Factura A N°: 0002-00005148',NULL,'2023-02-24 15:05:34','2023-02-24 15:44:37','2023-02-24 15:44:37'),(92,8522,92,2,40718,40814,13,1519,1,0,'2023-01-02','2023-01-02',18817.92,1,1.00,'Factura A N°: 0002-00006667',NULL,'2023-02-24 15:05:34','2023-02-24 15:44:37','2023-02-24 15:44:37'),(93,8522,93,2,40718,40814,13,1519,1,0,'2023-01-02','2023-01-02',16652.02,1,1.00,'Factura A N°: 0002-00006668',NULL,'2023-02-24 15:05:34','2023-02-24 15:44:37','2023-02-24 15:44:37'),(94,8522,94,2,40718,40814,13,1519,1,0,'2023-01-02','2023-01-02',22922.24,1,1.00,'Factura A N°: 0002-00006669',NULL,'2023-02-24 15:05:34','2023-02-24 15:44:37','2023-02-24 15:44:37'),(95,8522,95,2,40718,40814,13,1519,1,0,'2023-01-02','2023-01-02',9833.67,1,1.00,'Factura A N°: 0002-00006670',NULL,'2023-02-24 15:05:34','2023-02-24 15:44:37','2023-02-24 15:44:37'),(96,8522,96,2,40718,40814,13,1519,2,0,'2023-01-02','2023-01-02',23123.10,1,1.00,'Nota de crédito A N°: 0002-00006905',NULL,'2023-02-24 15:05:34','2023-02-24 15:44:37','2023-02-24 15:44:37'),(97,8522,97,2,40718,40814,13,1519,2,0,'2023-01-02','2023-01-02',8634.56,1,1.00,'Nota de crédito A N°: 0002-00006322',NULL,'2023-02-24 15:05:34','2023-02-24 15:44:37','2023-02-24 15:44:37'),(98,8522,98,2,40718,40814,13,1519,2,0,'2023-01-02','2023-01-02',15601.74,1,1.00,'Nota de crédito A N°: 0002-00006143',NULL,'2023-02-24 15:05:34','2023-02-24 15:44:37','2023-02-24 15:44:37'),(99,8522,99,2,40718,40814,13,1519,2,0,'2023-01-02','2023-01-02',13981.55,1,1.00,'Nota de crédito A N°: 0002-00006874',NULL,'2023-02-24 15:05:34','2023-02-24 15:44:37','2023-02-24 15:44:37'),(100,8522,100,2,40718,40814,13,1519,2,0,'2023-01-02','2023-01-02',18350.86,1,1.00,'Nota de crédito A N°: 0002-00006994',NULL,'2023-02-24 15:05:34','2023-02-24 15:44:37','2023-02-24 15:44:37'),(101,8522,101,2,40718,40814,13,1519,2,0,'2023-01-02','2023-01-02',14989.48,1,1.00,'Nota de crédito A N°: 0002-00006802',NULL,'2023-02-24 15:05:35','2023-02-24 15:44:37','2023-02-24 15:44:37'),(102,8522,102,2,40718,40814,13,1519,2,0,'2023-01-02','2023-01-02',23475.21,1,1.00,'Nota de crédito A N°: 0002-00005777',NULL,'2023-02-24 15:05:35','2023-02-24 15:44:37','2023-02-24 15:44:37'),(103,8522,103,2,40718,40814,13,1519,2,0,'2023-01-02','2023-01-02',13529.01,1,1.00,'Nota de crédito A N°: 0002-00005379',NULL,'2023-02-24 15:05:35','2023-02-24 15:44:37','2023-02-24 15:44:37'),(104,8522,104,2,40718,40814,13,1519,2,0,'2023-01-02','2023-01-02',10860.96,1,1.00,'Nota de crédito A N°: 0002-00006705',NULL,'2023-02-24 15:05:35','2023-02-24 15:44:37','2023-02-24 15:44:37'),(105,8522,105,2,40718,40814,13,1519,2,0,'2023-01-02','2023-01-02',21218.56,1,1.00,'Nota de crédito A N°: 0002-00005290',NULL,'2023-02-24 15:05:35','2023-02-24 15:44:37','2023-02-24 15:44:37'),(106,8522,106,2,40718,40814,13,1519,2,0,'2023-01-02','2023-01-02',8228.00,1,1.00,'Nota de crédito B N°: 0002-00005092',NULL,'2023-02-24 15:05:35','2023-02-24 15:44:37','2023-02-24 15:44:37'),(107,8522,107,2,40718,40814,13,1519,2,0,'2023-01-02','2023-01-02',7865.00,1,1.00,'Nota de crédito B N°: 0002-00005093',NULL,'2023-02-24 15:05:35','2023-02-24 15:44:37','2023-02-24 15:44:37'),(108,8522,108,2,40718,40814,13,1519,2,0,'2023-01-02','2023-01-02',8349.00,1,1.00,'Nota de crédito B N°: 0002-00005094',NULL,'2023-02-24 15:05:35','2023-02-24 15:44:37','2023-02-24 15:44:37'),(109,8522,109,2,40718,40814,13,1519,2,0,'2023-01-02','2023-01-02',10769.00,1,1.00,'Nota de crédito B N°: 0002-00005095',NULL,'2023-02-24 15:05:35','2023-02-24 15:44:37','2023-02-24 15:44:37'),(110,8522,110,2,40718,40814,13,1519,2,0,'2023-01-02','2023-01-02',8349.00,1,1.00,'Nota de crédito B N°: 0002-00005096',NULL,'2023-02-24 15:05:35','2023-02-24 15:44:37','2023-02-24 15:44:37');
INSERT INTO `cta_cte_cliente` VALUES (111,8522,111,2,40718,40814,13,1519,2,0,'2023-01-02','2023-01-02',8349.00,1,1.00,'Nota de crédito B N°: 0002-00005097',NULL,'2023-02-24 15:05:35','2023-02-24 15:44:37','2023-02-24 15:44:37'),(112,8522,112,2,40718,40814,13,1519,2,0,'2023-01-02','2023-01-02',8349.00,1,1.00,'Nota de crédito B N°: 0002-00005098',NULL,'2023-02-24 15:05:35','2023-02-24 15:44:37','2023-02-24 15:44:37'),(113,8522,113,2,40718,40814,13,1519,2,0,'2023-01-02','2023-01-02',8349.00,1,1.00,'Nota de crédito B N°: 0002-00005099',NULL,'2023-02-24 15:05:35','2023-02-24 15:44:37','2023-02-24 15:44:37'),(114,8522,114,2,40718,40814,13,1519,2,0,'2023-01-02','2023-01-02',8349.00,1,1.00,'Nota de crédito B N°: 0002-00005100',NULL,'2023-02-24 15:05:35','2023-02-24 15:44:37','2023-02-24 15:44:37'),(115,8522,115,2,40718,40814,13,1519,2,0,'2023-01-02','2023-01-02',8349.00,1,1.00,'Nota de crédito B N°: 0002-00005101',NULL,'2023-02-24 15:05:35','2023-02-24 15:44:37','2023-02-24 15:44:37'),(116,8522,116,2,40718,40814,13,1519,2,0,'2023-01-02','2023-01-02',9075.00,1,1.00,'Nota de crédito B N°: 0002-00005102',NULL,'2023-02-24 15:05:35','2023-02-24 15:44:37','2023-02-24 15:44:37'),(117,8522,117,2,40718,40814,13,1519,2,0,'2023-01-02','2023-01-02',8349.00,1,1.00,'Nota de crédito B N°: 0002-00005103',NULL,'2023-02-24 15:05:35','2023-02-24 15:44:37','2023-02-24 15:44:37'),(368,8522,368,3,40718,40814,57,1519,2,0,'2023-01-02','2023-01-02',6363.39,1,1.00,'Factura A N°: 0005-00002232',NULL,'2023-02-24 15:56:06','2023-02-27 11:29:24','2023-02-27 11:29:24'),(369,8522,369,3,40718,40814,57,1519,2,0,'2023-01-02','2023-01-02',17087.62,1,1.00,'Factura A N°: 0005-00001515',NULL,'2023-02-24 15:56:06','2023-02-27 11:29:24','2023-02-27 11:29:24'),(370,8522,370,3,40718,40814,57,1519,2,0,'2023-01-02','2023-01-02',14747.48,1,1.00,'Factura A N°: 0005-00001568',NULL,'2023-02-24 15:56:06','2023-02-27 11:29:24','2023-02-27 11:29:24'),(371,8522,371,3,40718,40814,57,1519,2,0,'2023-01-02','2023-01-02',19099.85,1,1.00,'Factura A N°: 0005-00002212',NULL,'2023-02-24 15:56:06','2023-02-27 11:29:24','2023-02-27 11:29:24'),(372,8522,372,3,40718,40814,57,1519,2,0,'2023-01-02','2023-01-02',26791.82,1,1.00,'Factura A N°: 0005-00001915',NULL,'2023-02-24 15:56:06','2023-02-27 11:29:24','2023-02-27 11:29:24'),(373,8522,373,3,40718,40814,57,1519,2,0,'2023-01-02','2023-01-02',27346.00,1,1.00,'Factura A N°: 0005-00001057',NULL,'2023-02-24 15:56:06','2023-02-27 11:29:24','2023-02-27 11:29:24'),(374,8522,374,3,40718,40814,57,1519,2,0,'2023-01-02','2023-01-02',14661.57,1,1.00,'Factura A N°: 0005-00001999',NULL,'2023-02-24 15:56:06','2023-02-27 11:29:24','2023-02-27 11:29:24'),(375,8522,375,3,40718,40814,57,1519,2,0,'2023-01-02','2023-01-02',12189.54,1,1.00,'Factura A N°: 0005-00002097',NULL,'2023-02-24 15:56:06','2023-02-27 11:29:24','2023-02-27 11:29:24'),(376,8522,376,3,40718,40814,57,1519,2,0,'2023-01-02','2023-01-02',19419.29,1,1.00,'Factura A N°: 0005-00002354',NULL,'2023-02-24 15:56:06','2023-02-27 11:29:24','2023-02-27 11:29:24'),(377,8522,377,3,40718,40814,57,1519,2,0,'2023-01-02','2023-01-02',12089.11,1,1.00,'Factura A N°: 0005-00001308',NULL,'2023-02-24 15:56:06','2023-02-27 11:29:24','2023-02-27 11:29:24'),(378,8522,378,3,40718,40814,57,1519,2,0,'2023-01-02','2023-01-02',25720.97,1,1.00,'Factura A N°: 0005-00001741',NULL,'2023-02-24 15:56:06','2023-02-27 11:29:24','2023-02-27 11:29:24'),(379,8522,379,3,40718,40814,57,1519,2,0,'2023-01-02','2023-01-02',27108.84,1,1.00,'Factura A N°: 0005-00001384',NULL,'2023-02-24 15:56:06','2023-02-27 11:29:24','2023-02-27 11:29:24'),(380,8522,380,3,40718,40814,57,1519,2,0,'2023-01-02','2023-01-02',26069.45,1,1.00,'Factura A N°: 0005-00001688',NULL,'2023-02-24 15:56:07','2023-02-27 11:29:24','2023-02-27 11:29:24'),(381,8522,381,3,40718,40814,57,1519,2,0,'2023-01-02','2023-01-02',12183.49,1,1.00,'Factura A N°: 0005-00001212',NULL,'2023-02-24 15:56:07','2023-02-27 11:29:24','2023-02-27 11:29:24');
INSERT INTO `cta_cte_cliente` VALUES (382,8522,382,3,40718,40814,57,1519,2,0,'2023-01-02','2023-01-02',10553.62,1,1.00,'Factura A N°: 0005-00001150',NULL,'2023-02-24 15:56:07','2023-02-27 11:29:24','2023-02-27 11:29:24'),(383,8522,383,3,40718,40814,57,1519,2,0,'2023-01-02','2023-01-02',23143.67,1,1.00,'Factura A N°: 0005-00001272',NULL,'2023-02-24 15:56:07','2023-02-27 11:29:24','2023-02-27 11:29:24'),(384,8522,384,3,40718,40814,57,1519,2,0,'2023-01-02','2023-01-02',11398.20,1,1.00,'Factura A N°: 0005-00002312',NULL,'2023-02-24 15:56:07','2023-02-27 11:29:24','2023-02-27 11:29:24'),(385,8522,385,3,40718,40814,57,1519,2,0,'2023-01-02','2023-01-02',17159.01,1,1.00,'Factura A N°: 0005-00001357',NULL,'2023-02-24 15:56:07','2023-02-27 11:29:24','2023-02-27 11:29:24'),(386,8522,386,3,40718,40814,57,1519,2,0,'2023-01-02','2023-01-02',26849.90,1,1.00,'Factura A N°: 0005-00001531',NULL,'2023-02-24 15:56:07','2023-02-27 11:29:24','2023-02-27 11:29:24'),(387,8522,387,3,40718,40814,57,1519,2,0,'2023-01-02','2023-01-02',6746.96,1,1.00,'Factura A N°: 0005-00001485',NULL,'2023-02-24 15:56:07','2023-02-27 11:29:24','2023-02-27 11:29:24'),(388,8522,388,3,40718,40814,57,1519,2,0,'2023-01-02','2023-01-02',17306.63,1,1.00,'Factura A N°: 0005-00002124',NULL,'2023-02-24 15:56:07','2023-02-27 11:29:24','2023-02-27 11:29:24'),(389,8522,389,3,40718,40814,57,1519,2,0,'2023-01-02','2023-01-02',8134.83,1,1.00,'Factura A N°: 0005-00002482',NULL,'2023-02-24 15:56:07','2023-02-27 11:29:24','2023-02-27 11:29:24'),(390,8522,390,3,40718,40814,57,1519,2,0,'2023-01-02','2023-01-02',29589.34,1,1.00,'Factura A N°: 0005-00001097',NULL,'2023-02-24 15:56:07','2023-02-27 11:29:24','2023-02-27 11:29:24'),(391,8522,391,3,40718,40814,57,1519,2,0,'2023-01-02','2023-01-02',13336.62,1,1.00,'Factura A N°: 0005-00001838',NULL,'2023-02-24 15:56:07','2023-02-27 11:29:24','2023-02-27 11:29:24'),(392,8522,392,3,40718,40814,57,1519,2,0,'2023-01-02','2023-01-02',23872.09,1,1.00,'Factura A N°: 0005-00001913',NULL,'2023-02-24 15:56:07','2023-02-27 11:29:24','2023-02-27 11:29:24'),(393,8522,393,3,40718,40814,57,1519,2,0,'2023-01-02','2023-01-02',10771.42,1,1.00,'Factura A N°: 0005-00001221',NULL,'2023-02-24 15:56:07','2023-02-27 11:29:24','2023-02-27 11:29:24'),(394,8522,394,3,40718,40814,57,1519,2,0,'2023-01-02','2023-01-02',10903.31,1,1.00,'Factura A N°: 0005-00001125',NULL,'2023-02-24 15:56:07','2023-02-27 11:29:24','2023-02-27 11:29:24'),(395,8522,395,3,40718,40814,57,1519,2,0,'2023-01-02','2023-01-02',9646.12,1,1.00,'Factura A N°: 0005-00002483',NULL,'2023-02-24 15:56:07','2023-02-27 11:29:24','2023-02-27 11:29:24'),(396,8522,396,3,40718,40814,57,1519,2,0,'2023-01-02','2023-01-02',13496.34,1,1.00,'Factura A N°: 0005-00001570',NULL,'2023-02-24 15:56:07','2023-02-27 11:29:24','2023-02-27 11:29:24'),(397,8522,397,3,40718,40814,57,1519,2,0,'2023-01-02','2023-01-02',26578.86,1,1.00,'Factura A N°: 0005-00001877',NULL,'2023-02-24 15:56:07','2023-02-27 11:29:24','2023-02-27 11:29:24'),(398,8522,398,3,40718,40814,57,1519,2,0,'2023-01-02','2023-01-02',9170.59,1,1.00,'Factura A N°: 0005-00001853',NULL,'2023-02-24 15:56:07','2023-02-27 11:29:24','2023-02-27 11:29:24'),(399,8522,399,3,40718,40814,57,1519,2,0,'2023-01-02','2023-01-02',28599.56,1,1.00,'Factura A N°: 0005-00002215',NULL,'2023-02-24 15:56:07','2023-02-27 11:29:24','2023-02-27 11:29:24'),(400,8522,400,3,40718,40814,57,1519,2,0,'2023-01-02','2023-01-02',9238.35,1,1.00,'Factura A N°: 0005-00001058',NULL,'2023-02-24 15:56:07','2023-02-27 11:29:24','2023-02-27 11:29:24'),(401,8522,401,3,40718,40814,57,1519,2,0,'2023-01-02','2023-01-02',9949.00,1,1.00,'Factura B N°: 0005-00001045',NULL,'2023-02-24 15:56:07','2023-02-27 11:29:24','2023-02-27 11:29:24'),(402,8522,402,3,40718,40814,57,1519,2,0,'2023-01-02','2023-01-02',9147.00,1,1.00,'Factura B N°: 0005-00001286',NULL,'2023-02-24 15:56:07','2023-02-27 11:29:24','2023-02-27 11:29:24');
INSERT INTO `cta_cte_cliente` VALUES (403,8522,403,3,40718,40814,57,1519,2,0,'2023-01-02','2023-01-02',5860.00,1,1.00,'Factura B N°: 0005-00001620',NULL,'2023-02-24 15:56:07','2023-02-27 11:29:24','2023-02-27 11:29:24'),(404,8522,404,3,40718,40814,57,1519,2,0,'2023-01-02','2023-01-02',13863.00,1,1.00,'Factura B N°: 0005-00001634',NULL,'2023-02-24 15:56:07','2023-02-27 11:29:24','2023-02-27 11:29:24'),(405,8522,405,3,40718,40814,57,1519,2,0,'2023-01-02','2023-01-02',4481.00,1,1.00,'Factura B N°: 0005-00001738',NULL,'2023-02-24 15:56:08','2023-02-27 11:29:24','2023-02-27 11:29:24'),(406,8522,406,3,40718,40814,57,1519,2,0,'2023-01-02','2023-01-02',9940.00,1,1.00,'Factura B N°: 0005-00001079',NULL,'2023-02-24 15:56:08','2023-02-27 11:29:24','2023-02-27 11:29:24'),(407,8522,407,3,40718,40814,57,1519,2,0,'2023-01-02','2023-01-02',5884.00,1,1.00,'Factura B N°: 0005-00002025',NULL,'2023-02-24 15:56:08','2023-02-27 11:29:24','2023-02-27 11:29:24'),(408,8522,408,3,40718,40814,57,1519,2,0,'2023-01-02','2023-01-02',11153.00,1,1.00,'Factura B N°: 0005-00001355',NULL,'2023-02-24 15:56:08','2023-02-27 11:29:24','2023-02-27 11:29:24'),(409,8522,409,3,40718,40814,57,1519,2,0,'2023-01-02','2023-01-02',14197.00,1,1.00,'Factura B N°: 0005-00001492',NULL,'2023-02-24 15:56:08','2023-02-27 11:29:24','2023-02-27 11:29:24'),(410,8522,410,3,40718,40814,57,1519,2,0,'2023-01-02','2023-01-02',4099.00,1,1.00,'Factura B N°: 0005-00002357',NULL,'2023-02-24 15:56:08','2023-02-27 11:29:24','2023-02-27 11:29:24'),(411,8522,411,3,40718,40814,57,1519,2,0,'2023-01-02','2023-01-02',5513.00,1,1.00,'Factura B N°: 0005-00002435',NULL,'2023-02-24 15:56:08','2023-02-27 11:29:24','2023-02-27 11:29:24'),(412,8522,412,3,40718,40814,57,1519,2,0,'2023-01-02','2023-01-02',11365.00,1,1.00,'Factura B N°: 0005-00001839',NULL,'2023-02-24 15:56:08','2023-02-27 11:29:24','2023-02-27 11:29:24'),(413,8522,413,3,40718,40814,57,1519,1,0,'2023-01-02','2023-01-02',6363.39,1,1.00,'Nota de crédito A N°: 0005-00002232',NULL,'2023-02-24 15:56:08','2023-02-27 11:29:24','2023-02-27 11:29:24'),(414,8522,414,3,40718,40814,57,1519,1,0,'2023-01-02','2023-01-02',17087.62,1,1.00,'Nota de crédito A N°: 0005-00001515',NULL,'2023-02-24 15:56:08','2023-02-27 11:29:24','2023-02-27 11:29:24'),(415,8522,415,3,40718,40814,57,1519,1,0,'2023-01-02','2023-01-02',14747.48,1,1.00,'Nota de crédito A N°: 0005-00001568',NULL,'2023-02-24 15:56:08','2023-02-27 11:29:24','2023-02-27 11:29:24'),(416,8522,416,3,40718,40814,57,1519,1,0,'2023-01-02','2023-01-02',19099.85,1,1.00,'Nota de crédito A N°: 0005-00002212',NULL,'2023-02-24 15:56:08','2023-02-27 11:29:24','2023-02-27 11:29:24'),(417,8522,417,3,40718,40814,57,1519,1,0,'2023-01-02','2023-01-02',26791.82,1,1.00,'Nota de crédito A N°: 0005-00001915',NULL,'2023-02-24 15:56:08','2023-02-27 11:29:24','2023-02-27 11:29:24'),(418,8522,418,3,40718,40814,57,1519,1,0,'2023-01-02','2023-01-02',27346.00,1,1.00,'Nota de crédito A N°: 0005-00001057',NULL,'2023-02-24 15:56:08','2023-02-27 11:29:24','2023-02-27 11:29:24'),(419,8522,419,3,40718,40814,57,1519,1,0,'2023-01-02','2023-01-02',14661.57,1,1.00,'Nota de crédito A N°: 0005-00001999',NULL,'2023-02-24 15:56:08','2023-02-27 11:29:24','2023-02-27 11:29:24'),(420,8522,420,3,40718,40814,57,1520,2,0,'2023-02-18','2023-02-18',29245.70,1,1.00,'Factura A N°: 0005-00003229',NULL,'2023-02-24 15:56:08','2023-02-27 11:29:24','2023-02-27 11:29:24'),(421,8522,421,3,40718,40814,57,1520,2,0,'2023-02-18','2023-02-18',8127.57,1,1.00,'Factura A N°: 0005-00005341',NULL,'2023-02-24 15:56:08','2023-02-27 11:29:24','2023-02-27 11:29:24'),(422,8522,422,3,40718,40814,57,1520,2,0,'2023-02-18','2023-02-18',21199.20,1,1.00,'Factura A N°: 0005-00003565',NULL,'2023-02-24 15:56:08','2023-02-27 11:29:24','2023-02-27 11:29:24'),(423,8522,423,3,40718,40814,57,1520,2,0,'2023-02-18','2023-02-18',34862.52,1,1.00,'Factura A N°: 0005-00003757',NULL,'2023-02-24 15:56:08','2023-02-27 11:29:24','2023-02-27 11:29:24');
INSERT INTO `cta_cte_cliente` VALUES (424,8522,424,3,40718,40814,57,1520,2,0,'2023-02-18','2023-02-18',37858.48,1,1.00,'Factura A N°: 0005-00005285',NULL,'2023-02-24 15:56:08','2023-02-27 11:29:24','2023-02-27 11:29:24'),(425,8522,425,3,40718,40814,57,1520,2,0,'2023-02-18','2023-02-18',18354.49,1,1.00,'Factura A N°: 0005-00005430',NULL,'2023-02-24 15:56:08','2023-02-27 11:29:24','2023-02-27 11:29:24'),(426,8522,426,3,40718,40814,57,1520,2,0,'2023-02-18','2023-02-18',39384.29,1,1.00,'Factura A N°: 0005-00005021',NULL,'2023-02-24 15:56:08','2023-02-27 11:29:24','2023-02-27 11:29:24'),(427,8522,427,3,40718,40814,57,1520,2,0,'2023-02-18','2023-02-18',25544.31,1,1.00,'Factura A N°: 0005-00003511',NULL,'2023-02-24 15:56:08','2023-02-27 11:29:24','2023-02-27 11:29:24'),(428,8522,428,3,40718,40814,57,1520,2,0,'2023-02-18','2023-02-18',28150.65,1,1.00,'Factura A N°: 0005-00003520',NULL,'2023-02-24 15:56:08','2023-02-27 11:29:24','2023-02-27 11:29:24'),(429,8522,429,3,40718,40814,57,1520,2,0,'2023-02-18','2023-02-18',32857.55,1,1.00,'Factura A N°: 0005-00004878',NULL,'2023-02-24 15:56:09','2023-02-27 11:29:24','2023-02-27 11:29:24'),(430,8522,430,3,40718,40814,57,1520,2,0,'2023-02-18','2023-02-18',19395.09,1,1.00,'Factura A N°: 0005-00003512',NULL,'2023-02-24 15:56:09','2023-02-27 11:29:24','2023-02-27 11:29:24'),(431,8522,431,3,40718,40814,57,1520,2,0,'2023-02-18','2023-02-18',37384.16,1,1.00,'Factura A N°: 0005-00003416',NULL,'2023-02-24 15:56:09','2023-02-27 11:29:24','2023-02-27 11:29:24'),(432,8522,432,3,40718,40814,57,1520,2,0,'2023-02-18','2023-02-18',6102.03,1,1.00,'Factura A N°: 0005-00005149',NULL,'2023-02-24 15:56:09','2023-02-27 11:29:24','2023-02-27 11:29:24'),(433,8522,433,3,40718,40814,57,1520,2,0,'2023-02-18','2023-02-18',40636.64,1,1.00,'Factura A N°: 0005-00003618',NULL,'2023-02-24 15:56:09','2023-02-27 11:29:24','2023-02-27 11:29:24'),(434,8522,434,3,40718,40814,57,1520,2,0,'2023-02-18','2023-02-18',22339.02,1,1.00,'Factura A N°: 0005-00003087',NULL,'2023-02-24 15:56:09','2023-02-27 11:29:24','2023-02-27 11:29:24'),(435,8522,435,3,40718,40814,57,1520,2,0,'2023-02-18','2023-02-18',39206.42,1,1.00,'Factura A N°: 0005-00004146',NULL,'2023-02-24 15:56:09','2023-02-27 11:29:24','2023-02-27 11:29:24'),(436,8522,436,3,40718,40814,57,1520,2,0,'2023-02-18','2023-02-18',24474.67,1,1.00,'Factura A N°: 0005-00005094',NULL,'2023-02-24 15:56:09','2023-02-27 11:29:24','2023-02-27 11:29:24'),(437,8522,437,3,40718,40814,57,1520,2,0,'2023-02-18','2023-02-18',39461.73,1,1.00,'Factura A N°: 0005-00005119',NULL,'2023-02-24 15:56:09','2023-02-27 11:29:24','2023-02-27 11:29:24'),(438,8522,438,3,40718,40814,57,1520,2,0,'2023-02-18','2023-02-18',33214.50,1,1.00,'Factura A N°: 0005-00003627',NULL,'2023-02-24 15:56:09','2023-02-27 11:29:24','2023-02-27 11:29:24'),(439,8522,439,3,40718,40814,57,1520,2,0,'2023-02-18','2023-02-18',19886.35,1,1.00,'Factura A N°: 0005-00004528',NULL,'2023-02-24 15:56:09','2023-02-27 11:29:25','2023-02-27 11:29:25'),(440,8522,440,3,40718,40814,57,1520,2,0,'2023-02-18','2023-02-18',19683.07,1,1.00,'Factura A N°: 0005-00003581',NULL,'2023-02-24 15:56:09','2023-02-27 11:29:25','2023-02-27 11:29:25'),(441,8522,441,3,40718,40814,57,1520,2,0,'2023-02-18','2023-02-18',28606.82,1,1.00,'Factura A N°: 0005-00004737',NULL,'2023-02-24 15:56:09','2023-02-27 11:29:25','2023-02-27 11:29:25'),(442,8522,442,3,40718,40814,57,1520,2,0,'2023-02-18','2023-02-18',34021.57,1,1.00,'Factura A N°: 0005-00005835',NULL,'2023-02-24 15:56:09','2023-02-27 11:29:25','2023-02-27 11:29:25'),(443,8522,443,3,40718,40814,57,1520,2,0,'2023-02-18','2023-02-18',42087.43,1,1.00,'Factura A N°: 0005-00003365',NULL,'2023-02-24 15:56:09','2023-02-27 11:29:25','2023-02-27 11:29:25'),(444,8522,444,3,40718,40814,57,1520,2,0,'2023-02-18','2023-02-18',32215.04,1,1.00,'Factura A N°: 0005-00003518',NULL,'2023-02-24 15:56:09','2023-02-27 11:29:25','2023-02-27 11:29:25');
INSERT INTO `cta_cte_cliente` VALUES (445,8522,445,3,40718,40814,57,1520,2,0,'2023-02-18','2023-02-18',21977.23,1,1.00,'Factura A N°: 0005-00005467',NULL,'2023-02-24 15:56:09','2023-02-27 11:29:25','2023-02-27 11:29:25'),(446,8522,446,3,40718,40814,57,1520,2,0,'2023-02-18','2023-02-18',35616.35,1,1.00,'Factura A N°: 0005-00003005',NULL,'2023-02-24 15:56:09','2023-02-27 11:29:25','2023-02-27 11:29:25'),(447,8522,447,3,40718,40814,57,1520,2,0,'2023-02-18','2023-02-18',16086.95,1,1.00,'Factura A N°: 0005-00005797',NULL,'2023-02-24 15:56:09','2023-02-27 11:29:25','2023-02-27 11:29:25'),(448,8522,448,3,40718,40814,57,1520,2,0,'2023-02-18','2023-02-18',29918.46,1,1.00,'Factura A N°: 0005-00005966',NULL,'2023-02-24 15:56:09','2023-02-27 11:29:25','2023-02-27 11:29:25'),(449,8522,449,3,40718,40814,57,1520,2,0,'2023-02-18','2023-02-18',41630.05,1,1.00,'Factura A N°: 0005-00003059',NULL,'2023-02-24 15:56:09','2023-02-27 11:29:25','2023-02-27 11:29:25'),(450,8522,450,3,40718,40814,57,1520,2,0,'2023-02-18','2023-02-18',21436.36,1,1.00,'Factura A N°: 0005-00005283',NULL,'2023-02-24 15:56:09','2023-02-27 11:29:25','2023-02-27 11:29:25'),(451,8522,451,3,40718,40814,57,1520,2,0,'2023-02-18','2023-02-18',9056.85,1,1.00,'Factura A N°: 0005-00005168',NULL,'2023-02-24 15:56:09','2023-02-27 11:29:25','2023-02-27 11:29:25'),(452,8522,452,3,40718,40814,57,1520,2,0,'2023-02-18','2023-02-18',28211.15,1,1.00,'Factura A N°: 0005-00005870',NULL,'2023-02-24 15:56:09','2023-02-27 11:29:25','2023-02-27 11:29:25'),(453,8522,453,3,40718,40814,57,1520,2,0,'2023-02-18','2023-02-18',31758.87,1,1.00,'Factura A N°: 0005-00003569',NULL,'2023-02-24 15:56:10','2023-02-27 11:29:25','2023-02-27 11:29:25'),(454,8522,454,3,40718,40814,57,1520,2,0,'2023-02-18','2023-02-18',16267.24,1,1.00,'Factura A N°: 0005-00004847',NULL,'2023-02-24 15:56:10','2023-02-27 11:29:25','2023-02-27 11:29:25'),(455,8522,455,3,40718,40814,57,1520,2,0,'2023-02-18','2023-02-18',16746.40,1,1.00,'Factura A N°: 0005-00005273',NULL,'2023-02-24 15:56:10','2023-02-27 11:29:25','2023-02-27 11:29:25'),(456,8522,456,3,40718,40814,57,1520,2,0,'2023-02-18','2023-02-18',29381.00,1,1.00,'Factura B N°: 0005-00003229',NULL,'2023-02-24 15:56:10','2023-02-27 11:29:25','2023-02-27 11:29:25'),(457,8522,457,3,40718,40814,57,1520,2,0,'2023-02-18','2023-02-18',12162.00,1,1.00,'Factura B N°: 0005-00005341',NULL,'2023-02-24 15:56:10','2023-02-27 11:29:25','2023-02-27 11:29:25'),(458,8522,458,3,40718,40814,57,1520,2,0,'2023-02-18','2023-02-18',22126.00,1,1.00,'Factura B N°: 0005-00003565',NULL,'2023-02-24 15:56:10','2023-02-27 11:29:25','2023-02-27 11:29:25'),(459,8522,459,3,40718,40814,57,1520,2,0,'2023-02-18','2023-02-18',23656.00,1,1.00,'Factura B N°: 0005-00003757',NULL,'2023-02-24 15:56:10','2023-02-27 11:29:25','2023-02-27 11:29:25'),(460,8522,460,3,40718,40814,57,1520,1,0,'2023-02-18','2023-02-18',31758.87,1,1.00,'Nota de crédito A N°: 0005-00003569',NULL,'2023-02-24 15:56:10','2023-02-27 11:29:25','2023-02-27 11:29:25'),(461,8522,461,3,40718,40814,57,1520,1,0,'2023-02-18','2023-02-18',16267.24,1,1.00,'Nota de crédito A N°: 0005-00004847',NULL,'2023-02-24 15:56:10','2023-02-27 11:29:25','2023-02-27 11:29:25'),(462,8522,462,3,40718,40814,57,1520,1,0,'2023-02-18','2023-02-18',16746.40,1,1.00,'Nota de crédito A N°: 0005-00005273',NULL,'2023-02-24 15:56:10','2023-02-27 11:29:25','2023-02-27 11:29:25'),(463,8522,463,3,40718,40814,57,1521,2,0,'2023-03-23','2023-03-23',8900.76,1,1.00,'Factura A N°: 0005-00003153',NULL,'2023-02-24 15:56:10','2023-02-27 11:29:25','2023-02-27 11:29:25'),(464,8522,464,3,40718,40814,57,1521,2,0,'2023-03-23','2023-03-23',28263.18,1,1.00,'Factura A N°: 0005-00004698',NULL,'2023-02-24 15:56:10','2023-02-27 11:29:25','2023-02-27 11:29:25'),(465,8522,465,3,40718,40814,57,1521,2,0,'2023-03-23','2023-03-23',40469.66,1,1.00,'Factura A N°: 0005-00004082',NULL,'2023-02-24 15:56:10','2023-02-27 11:29:25','2023-02-27 11:29:25');
INSERT INTO `cta_cte_cliente` VALUES (466,8522,466,3,40718,40814,57,1521,2,0,'2023-03-23','2023-03-23',39381.87,1,1.00,'Factura A N°: 0005-00004539',NULL,'2023-02-24 15:56:10','2023-02-27 11:29:25','2023-02-27 11:29:25'),(467,8522,467,3,40718,40814,57,1521,2,0,'2023-03-23','2023-03-23',13774.64,1,1.00,'Factura A N°: 0005-00004602',NULL,'2023-02-24 15:56:10','2023-02-27 11:29:25','2023-02-27 11:29:25'),(468,8522,468,3,40718,40814,57,1521,2,0,'2023-03-23','2023-03-23',33927.19,1,1.00,'Factura A N°: 0005-00004585',NULL,'2023-02-24 15:56:10','2023-02-27 11:29:25','2023-02-27 11:29:25'),(469,8522,469,3,40718,40814,57,1521,2,0,'2023-03-23','2023-03-23',38447.75,1,1.00,'Factura A N°: 0005-00004950',NULL,'2023-02-24 15:56:10','2023-02-27 11:29:25','2023-02-27 11:29:25'),(470,8522,470,3,40718,40814,57,1521,2,0,'2023-03-23','2023-03-23',26099.70,1,1.00,'Factura A N°: 0005-00003192',NULL,'2023-02-24 15:56:10','2023-02-27 11:29:25','2023-02-27 11:29:25'),(471,8522,471,3,40718,40814,57,1521,2,0,'2023-03-23','2023-03-23',21638.43,1,1.00,'Factura A N°: 0005-00005519',NULL,'2023-02-24 15:56:10','2023-02-27 11:29:25','2023-02-27 11:29:25'),(472,8522,472,3,40718,40814,57,1521,2,0,'2023-03-23','2023-03-23',11043.67,1,1.00,'Factura A N°: 0005-00003282',NULL,'2023-02-24 15:56:10','2023-02-27 11:29:25','2023-02-27 11:29:25'),(473,8522,473,3,40718,40814,57,1521,2,0,'2023-03-23','2023-03-23',36412.53,1,1.00,'Factura A N°: 0005-00003913',NULL,'2023-02-24 15:56:10','2023-02-27 11:29:25','2023-02-27 11:29:25'),(474,8522,474,3,40718,40814,57,1521,2,0,'2023-03-23','2023-03-23',31090.95,1,1.00,'Factura A N°: 0005-00004791',NULL,'2023-02-24 15:56:10','2023-02-27 11:29:25','2023-02-27 11:29:25'),(475,8522,475,3,40718,40814,57,1521,2,0,'2023-03-23','2023-03-23',40294.21,1,1.00,'Factura A N°: 0005-00004984',NULL,'2023-02-24 15:56:10','2023-02-27 11:29:25','2023-02-27 11:29:25'),(476,8522,476,3,40718,40814,57,1521,2,0,'2023-03-23','2023-03-23',38369.10,1,1.00,'Factura A N°: 0005-00004011',NULL,'2023-02-24 15:56:10','2023-02-27 11:29:25','2023-02-27 11:29:25'),(477,8522,477,3,40718,40814,57,1521,2,0,'2023-03-23','2023-03-23',25952.08,1,1.00,'Factura A N°: 0005-00005630',NULL,'2023-02-24 15:56:11','2023-02-27 11:29:25','2023-02-27 11:29:25'),(478,8522,478,3,40718,40814,57,1521,2,0,'2023-03-23','2023-03-23',13820.62,1,1.00,'Factura A N°: 0005-00005649',NULL,'2023-02-24 15:56:11','2023-02-27 11:29:25','2023-02-27 11:29:25'),(479,8522,479,3,40718,40814,57,1521,2,0,'2023-03-23','2023-03-23',30946.96,1,1.00,'Factura A N°: 0005-00003006',NULL,'2023-02-24 15:56:11','2023-02-27 11:29:25','2023-02-27 11:29:25'),(480,8522,480,3,40718,40814,57,1521,2,0,'2023-03-23','2023-03-23',16751.24,1,1.00,'Factura A N°: 0005-00003409',NULL,'2023-02-24 15:56:11','2023-02-27 11:29:25','2023-02-27 11:29:25'),(481,8522,481,3,40718,40814,57,1521,2,0,'2023-03-23','2023-03-23',35962.41,1,1.00,'Factura A N°: 0005-00004863',NULL,'2023-02-24 15:56:11','2023-02-27 11:29:25','2023-02-27 11:29:25'),(482,8522,482,3,40718,40814,57,1521,2,0,'2023-03-23','2023-03-23',10960.18,1,1.00,'Factura A N°: 0005-00004331',NULL,'2023-02-24 15:56:11','2023-02-27 11:29:25','2023-02-27 11:29:25'),(483,8522,483,3,40718,40814,57,1521,2,0,'2023-03-23','2023-03-23',14874.53,1,1.00,'Factura A N°: 0005-00004982',NULL,'2023-02-24 15:56:11','2023-02-27 11:29:25','2023-02-27 11:29:25'),(484,8522,484,3,40718,40814,57,1521,2,0,'2023-03-23','2023-03-23',41548.98,1,1.00,'Factura A N°: 0005-00005326',NULL,'2023-02-24 15:56:11','2023-02-27 11:29:25','2023-02-27 11:29:25'),(485,8522,485,3,40718,40814,57,1521,2,0,'2023-03-23','2023-03-23',39521.02,1,1.00,'Factura A N°: 0005-00004770',NULL,'2023-02-24 15:56:11','2023-02-27 11:29:25','2023-02-27 11:29:25'),(486,8522,486,3,40718,40814,57,1521,2,0,'2023-03-23','2023-03-23',27754.98,1,1.00,'Factura A N°: 0005-00005515',NULL,'2023-02-24 15:56:11','2023-02-27 11:29:25','2023-02-27 11:29:25');
INSERT INTO `cta_cte_cliente` VALUES (487,8522,487,3,40718,40814,57,1521,2,0,'2023-03-23','2023-03-23',25929.09,1,1.00,'Factura A N°: 0005-00004638',NULL,'2023-02-24 15:56:11','2023-02-27 11:29:25','2023-02-27 11:29:25'),(488,8522,488,3,40718,40814,57,1521,2,0,'2023-03-23','2023-03-23',29919.00,1,1.00,'Factura B N°: 0005-00005094',NULL,'2023-02-24 15:56:11','2023-02-27 11:29:25','2023-02-27 11:29:25'),(489,8522,489,3,40718,40814,57,1521,2,0,'2023-03-23','2023-03-23',15673.00,1,1.00,'Factura B N°: 0005-00004666',NULL,'2023-02-24 15:56:11','2023-02-27 11:29:25','2023-02-27 11:29:25'),(490,8522,490,3,40718,40814,57,1521,2,0,'2023-03-23','2023-03-23',9836.00,1,1.00,'Factura B N°: 0005-00005859',NULL,'2023-02-24 15:56:11','2023-02-27 11:29:25','2023-02-27 11:29:25'),(491,8522,491,3,40718,40814,57,1521,2,0,'2023-03-23','2023-03-23',34386.00,1,1.00,'Factura B N°: 0005-00004166',NULL,'2023-02-24 15:56:11','2023-02-27 11:29:25','2023-02-27 11:29:25'),(492,8522,492,3,40718,40814,57,1521,2,0,'2023-03-23','2023-03-23',6692.00,1,1.00,'Factura B N°: 0005-00004589',NULL,'2023-02-24 15:56:11','2023-02-27 11:29:25','2023-02-27 11:29:25'),(493,8522,493,3,40718,40814,57,1521,1,0,'2023-03-23','2023-03-23',8900.76,1,1.00,'Nota de crédito A N°: 0005-00003153',NULL,'2023-02-24 15:56:11','2023-02-27 11:29:25','2023-02-27 11:29:25'),(494,8522,494,3,40718,40814,57,1521,1,0,'2023-03-23','2023-03-23',28263.18,1,1.00,'Nota de crédito A N°: 0005-00004698',NULL,'2023-02-24 15:56:11','2023-02-27 11:29:25','2023-02-27 11:29:25'),(495,8522,495,3,40718,40814,57,1521,1,0,'2023-03-23','2023-03-23',40469.66,1,1.00,'Nota de crédito A N°: 0005-00004082',NULL,'2023-02-24 15:56:11','2023-02-27 11:29:25','2023-02-27 11:29:25'),(496,8522,496,3,40718,40814,57,1521,1,0,'2023-03-23','2023-03-23',39381.87,1,1.00,'Nota de crédito A N°: 0005-00004539',NULL,'2023-02-24 15:56:11','2023-02-27 11:29:25','2023-02-27 11:29:25'),(873,NULL,873,2,40718,40814,13,1519,1,0,'2023-01-02','2023-01-02',8228.00,1,1.00,'Factura B N°: 0002-00005092',NULL,'2023-02-24 16:16:35','2023-02-24 16:16:35',NULL),(874,NULL,874,2,40718,40814,13,1519,1,0,'2023-01-02','2023-01-02',7865.00,1,1.00,'Factura B N°: 0002-00005093',NULL,'2023-02-24 16:16:35','2023-02-24 16:16:35',NULL),(875,NULL,875,2,40718,40814,13,1519,1,0,'2023-01-02','2023-01-02',8349.00,1,1.00,'Factura B N°: 0002-00005094',NULL,'2023-02-24 16:16:35','2023-02-24 16:16:35',NULL),(876,NULL,876,2,40718,40814,13,1519,1,0,'2023-01-02','2023-01-02',10769.00,1,1.00,'Factura B N°: 0002-00005095',NULL,'2023-02-24 16:16:35','2023-02-24 16:16:35',NULL),(877,NULL,877,2,40718,40814,13,1519,1,0,'2023-01-02','2023-01-02',8349.00,1,1.00,'Factura B N°: 0002-00005096',NULL,'2023-02-24 16:16:35','2023-02-24 16:16:35',NULL),(878,NULL,878,2,40718,40814,13,1519,1,0,'2023-01-02','2023-01-02',8349.00,1,1.00,'Factura B N°: 0002-00005097',NULL,'2023-02-24 16:16:35','2023-02-24 16:16:35',NULL),(879,NULL,879,2,40718,40814,13,1519,1,0,'2023-01-02','2023-01-02',8349.00,1,1.00,'Factura B N°: 0002-00005098',NULL,'2023-02-24 16:16:35','2023-02-24 16:16:35',NULL),(880,NULL,880,2,40718,40814,13,1519,1,0,'2023-01-02','2023-01-02',8349.00,1,1.00,'Factura B N°: 0002-00005099',NULL,'2023-02-24 16:16:35','2023-02-24 16:16:35',NULL),(881,NULL,881,2,40718,40814,13,1519,1,0,'2023-01-02','2023-01-02',8349.00,1,1.00,'Factura B N°: 0002-00005100',NULL,'2023-02-24 16:16:36','2023-02-24 16:16:36',NULL),(882,NULL,882,2,40718,40814,13,1519,1,0,'2023-01-02','2023-01-02',8349.00,1,1.00,'Factura B N°: 0002-00005101',NULL,'2023-02-24 16:16:36','2023-02-24 16:16:36',NULL),(883,NULL,883,2,40718,40814,13,1519,1,0,'2023-01-02','2023-01-02',9075.00,1,1.00,'Factura B N°: 0002-00005102',NULL,'2023-02-24 16:16:36','2023-02-24 16:16:36',NULL),(884,NULL,884,2,40718,40814,13,1519,1,0,'2023-01-02','2023-01-02',8349.00,1,1.00,'Factura B N°: 0002-00005103',NULL,'2023-02-24 16:16:36','2023-02-24 16:16:36',NULL);
INSERT INTO `cta_cte_cliente` VALUES (885,NULL,885,2,40718,40814,13,1519,1,0,'2023-01-02','2023-01-02',9438.00,1,1.00,'Factura B N°: 0002-00005104',NULL,'2023-02-24 16:16:36','2023-02-24 16:16:36',NULL),(886,NULL,886,2,40718,40814,13,1519,1,0,'2023-01-02','2023-01-02',9559.00,1,1.00,'Factura B N°: 0002-00005105',NULL,'2023-02-24 16:16:36','2023-02-24 16:16:36',NULL),(887,NULL,887,2,40718,40814,13,1519,1,0,'2023-01-02','2023-01-02',8228.00,1,1.00,'Factura B N°: 0002-00005106',NULL,'2023-02-24 16:16:36','2023-02-24 16:16:36',NULL),(888,NULL,888,2,40718,40814,13,1519,1,0,'2023-01-02','2023-01-02',7865.00,1,1.00,'Factura B N°: 0002-00005107',NULL,'2023-02-24 16:16:36','2023-02-24 16:16:36',NULL),(889,NULL,889,2,40718,40814,13,1519,1,0,'2023-01-02','2023-01-02',8591.00,1,1.00,'Factura B N°: 0002-00005108',NULL,'2023-02-24 16:16:36','2023-02-24 16:16:36',NULL),(890,NULL,890,2,40718,40814,13,1519,1,0,'2023-01-02','2023-01-02',8591.00,1,1.00,'Factura B N°: 0002-00005109',NULL,'2023-02-24 16:16:36','2023-02-24 16:16:36',NULL),(891,NULL,891,2,40718,40814,13,1519,1,0,'2023-01-02','2023-01-02',8591.00,1,1.00,'Factura B N°: 0002-00005110',NULL,'2023-02-24 16:16:36','2023-02-24 16:16:36',NULL),(892,NULL,892,2,40718,40814,13,1519,1,0,'2023-01-02','2023-01-02',8228.00,1,1.00,'Factura B N°: 0002-00005111',NULL,'2023-02-24 16:16:36','2023-02-24 16:16:36',NULL),(893,NULL,893,2,40718,40814,13,1519,1,0,'2023-01-02','2023-01-02',8650.29,1,1.00,'Factura A N°: 0002-00006199',NULL,'2023-02-24 16:16:36','2023-02-24 16:16:36',NULL),(894,NULL,894,2,40718,40814,13,1519,1,0,'2023-01-02','2023-01-02',23619.20,1,1.00,'Factura A N°: 0002-00006064',NULL,'2023-02-24 16:16:36','2023-02-24 16:16:36',NULL),(895,NULL,895,2,40718,40814,13,1519,1,0,'2023-01-02','2023-01-02',14480.07,1,1.00,'Factura A N°: 0002-00005038',NULL,'2023-02-24 16:16:36','2023-02-24 16:16:36',NULL),(896,NULL,896,2,40718,40814,13,1519,1,0,'2023-01-02','2023-01-02',16241.83,1,1.00,'Factura A N°: 0002-00005787',NULL,'2023-02-24 16:16:36','2023-02-24 16:16:36',NULL),(897,NULL,897,2,40718,40814,13,1519,1,0,'2023-01-02','2023-01-02',9272.23,1,1.00,'Factura A N°: 0002-00006284',NULL,'2023-02-24 16:16:36','2023-02-24 16:16:36',NULL),(898,NULL,898,2,40718,40814,13,1519,1,0,'2023-01-02','2023-01-02',13130.92,1,1.00,'Factura A N°: 0002-00005172',NULL,'2023-02-24 16:16:36','2023-02-24 16:16:36',NULL),(899,NULL,899,2,40718,40814,13,1519,1,0,'2023-01-02','2023-01-02',9964.35,1,1.00,'Factura A N°: 0002-00006053',NULL,'2023-02-24 16:16:36','2023-02-24 16:16:36',NULL),(900,NULL,900,2,40718,40814,13,1519,1,0,'2023-01-02','2023-01-02',10960.18,1,1.00,'Factura A N°: 0002-00006764',NULL,'2023-02-24 16:16:36','2023-02-24 16:16:36',NULL),(901,NULL,901,2,40718,40814,13,1519,1,0,'2023-01-02','2023-01-02',21031.01,1,1.00,'Factura A N°: 0002-00005913',NULL,'2023-02-24 16:16:36','2023-02-24 16:16:36',NULL),(902,NULL,902,2,40718,40814,13,1519,1,0,'2023-01-02','2023-01-02',14834.60,1,1.00,'Factura A N°: 0002-00006935',NULL,'2023-02-24 16:16:36','2023-02-24 16:16:36',NULL),(903,NULL,903,2,40718,40814,13,1519,1,0,'2023-01-02','2023-01-02',14066.25,1,1.00,'Factura A N°: 0002-00005747',NULL,'2023-02-24 16:16:36','2023-02-24 16:16:36',NULL),(904,NULL,904,2,40718,40814,13,1519,1,0,'2023-01-02','2023-01-02',14879.37,1,1.00,'Factura A N°: 0002-00006696',NULL,'2023-02-24 16:16:36','2023-02-24 16:16:36',NULL),(905,NULL,905,2,40718,40814,13,1519,1,0,'2023-01-02','2023-01-02',13251.92,1,1.00,'Factura A N°: 0002-00005450',NULL,'2023-02-24 16:16:37','2023-02-24 16:16:37',NULL),(906,NULL,906,2,40718,40814,13,1519,1,0,'2023-01-02','2023-01-02',7479.01,1,1.00,'Factura A N°: 0002-00005380',NULL,'2023-02-24 16:16:37','2023-02-24 16:16:37',NULL),(907,NULL,907,2,40718,40814,13,1519,1,0,'2023-01-02','2023-01-02',15278.67,1,1.00,'Factura A N°: 0002-00005484',NULL,'2023-02-24 16:16:37','2023-02-24 16:16:37',NULL),(908,NULL,908,2,40718,40814,13,1519,1,0,'2023-01-02','2023-01-02',7399.15,1,1.00,'Factura A N°: 0002-00006649',NULL,'2023-02-24 16:16:37','2023-02-24 16:16:37',NULL);
INSERT INTO `cta_cte_cliente` VALUES (909,NULL,909,2,40718,40814,13,1519,1,0,'2023-01-02','2023-01-02',15423.87,1,1.00,'Factura A N°: 0002-00005635',NULL,'2023-02-24 16:16:37','2023-02-24 16:16:37',NULL),(910,NULL,910,2,40718,40814,13,1519,1,0,'2023-01-02','2023-01-02',7637.52,1,1.00,'Factura A N°: 0002-00006400',NULL,'2023-02-24 16:16:37','2023-02-24 16:16:37',NULL),(911,NULL,911,2,40718,40814,13,1519,1,0,'2023-01-02','2023-01-02',23849.10,1,1.00,'Factura A N°: 0002-00005343',NULL,'2023-02-24 16:16:37','2023-02-24 16:16:37',NULL),(912,NULL,912,2,40718,40814,13,1519,1,0,'2023-01-02','2023-01-02',16779.07,1,1.00,'Factura A N°: 0002-00005497',NULL,'2023-02-24 16:16:37','2023-02-24 16:16:37',NULL),(913,NULL,913,2,40718,40814,13,1519,1,0,'2023-01-02','2023-01-02',24003.98,1,1.00,'Factura A N°: 0002-00005729',NULL,'2023-02-24 16:16:37','2023-02-24 16:16:37',NULL),(914,NULL,914,2,40718,40814,13,1519,1,0,'2023-01-02','2023-01-02',15284.72,1,1.00,'Factura A N°: 0002-00005873',NULL,'2023-02-24 16:16:37','2023-02-24 16:16:37',NULL),(915,NULL,915,2,40718,40814,13,1519,1,0,'2023-01-02','2023-01-02',18883.26,1,1.00,'Factura A N°: 0002-00006248',NULL,'2023-02-24 16:16:37','2023-02-24 16:16:37',NULL),(916,NULL,916,2,40718,40814,13,1519,1,0,'2023-01-02','2023-01-02',17756.75,1,1.00,'Factura A N°: 0002-00006485',NULL,'2023-02-24 16:16:37','2023-02-24 16:16:37',NULL),(917,NULL,917,2,40718,40814,13,1519,1,0,'2023-01-02','2023-01-02',15434.76,1,1.00,'Factura A N°: 0002-00005991',NULL,'2023-02-24 16:16:37','2023-02-24 16:16:37',NULL),(918,NULL,918,2,40718,40814,13,1519,1,0,'2023-01-02','2023-01-02',16877.08,1,1.00,'Factura A N°: 0002-00006797',NULL,'2023-02-24 16:16:37','2023-02-24 16:16:37',NULL),(919,NULL,919,2,40718,40814,13,1519,1,0,'2023-01-02','2023-01-02',14135.22,1,1.00,'Factura A N°: 0002-00005994',NULL,'2023-02-24 16:16:37','2023-02-24 16:16:37',NULL),(920,NULL,920,2,40718,40814,13,1519,1,0,'2023-01-02','2023-01-02',18613.43,1,1.00,'Factura A N°: 0002-00005715',NULL,'2023-02-24 16:16:37','2023-02-24 16:16:37',NULL),(921,NULL,921,2,40718,40814,13,1519,1,0,'2023-01-02','2023-01-02',11993.52,1,1.00,'Factura A N°: 0002-00005230',NULL,'2023-02-24 16:16:37','2023-02-24 16:16:37',NULL),(922,NULL,922,2,40718,40814,13,1519,1,0,'2023-01-02','2023-01-02',11609.95,1,1.00,'Factura A N°: 0002-00006287',NULL,'2023-02-24 16:16:37','2023-02-24 16:16:37',NULL),(923,NULL,923,2,40718,40814,13,1519,1,0,'2023-01-02','2023-01-02',17367.13,1,1.00,'Factura A N°: 0002-00005970',NULL,'2023-02-24 16:16:37','2023-02-24 16:16:37',NULL),(924,NULL,924,2,40718,40814,13,1519,1,0,'2023-01-02','2023-01-02',12891.34,1,1.00,'Factura A N°: 0002-00006500',NULL,'2023-02-24 16:16:37','2023-02-24 16:16:37',NULL),(925,NULL,925,2,40718,40814,13,1519,1,0,'2023-01-02','2023-01-02',10599.60,1,1.00,'Factura A N°: 0002-00005671',NULL,'2023-02-24 16:16:37','2023-02-24 16:16:37',NULL),(926,NULL,926,2,40718,40814,13,1519,1,0,'2023-01-02','2023-01-02',23201.75,1,1.00,'Factura A N°: 0002-00005627',NULL,'2023-02-24 16:16:37','2023-02-24 16:16:37',NULL),(927,NULL,927,2,40718,40814,13,1519,1,0,'2023-01-02','2023-01-02',10063.57,1,1.00,'Factura A N°: 0002-00005254',NULL,'2023-02-24 16:16:37','2023-02-24 16:16:37',NULL),(928,NULL,928,2,40718,40814,13,1519,1,0,'2023-01-02','2023-01-02',7829.91,1,1.00,'Factura A N°: 0002-00006134',NULL,'2023-02-24 16:16:37','2023-02-24 16:16:37',NULL),(929,NULL,929,2,40718,40814,13,1519,1,0,'2023-01-02','2023-01-02',8645.45,1,1.00,'Factura A N°: 0002-00005880',NULL,'2023-02-24 16:16:37','2023-02-24 16:16:37',NULL),(930,NULL,930,2,40718,40814,13,1519,1,0,'2023-01-02','2023-01-02',19490.68,1,1.00,'Factura A N°: 0002-00005072',NULL,'2023-02-24 16:16:37','2023-02-24 16:16:37',NULL),(931,NULL,931,2,40718,40814,13,1519,1,0,'2023-01-02','2023-01-02',23676.07,1,1.00,'Factura A N°: 0002-00006572',NULL,'2023-02-24 16:16:37','2023-02-24 16:16:37',NULL),(932,NULL,932,2,40718,40814,13,1519,1,0,'2023-01-02','2023-01-02',6946.61,1,1.00,'Factura A N°: 0002-00005036',NULL,'2023-02-24 16:16:38','2023-02-24 16:16:38',NULL);
INSERT INTO `cta_cte_cliente` VALUES (933,NULL,933,2,40718,40814,13,1519,1,0,'2023-01-02','2023-01-02',17232.82,1,1.00,'Factura A N°: 0002-00006574',NULL,'2023-02-24 16:16:38','2023-02-24 16:16:38',NULL),(934,NULL,934,2,40718,40814,13,1519,1,0,'2023-01-02','2023-01-02',23242.89,1,1.00,'Factura A N°: 0002-00005025',NULL,'2023-02-24 16:16:38','2023-02-24 16:16:38',NULL),(935,NULL,935,2,40718,40814,13,1519,1,0,'2023-01-02','2023-01-02',20555.48,1,1.00,'Factura A N°: 0002-00006549',NULL,'2023-02-24 16:16:38','2023-02-24 16:16:38',NULL),(936,NULL,936,2,40718,40814,13,1519,1,0,'2023-01-02','2023-01-02',22571.34,1,1.00,'Factura A N°: 0002-00006452',NULL,'2023-02-24 16:16:38','2023-02-24 16:16:38',NULL),(937,NULL,937,2,40718,40814,13,1519,1,0,'2023-01-02','2023-01-02',23123.10,1,1.00,'Factura A N°: 0002-00006905',NULL,'2023-02-24 16:16:38','2023-02-24 16:16:38',NULL),(938,NULL,938,2,40718,40814,13,1519,1,0,'2023-01-02','2023-01-02',8634.56,1,1.00,'Factura A N°: 0002-00006322',NULL,'2023-02-24 16:16:38','2023-02-24 16:16:38',NULL),(939,NULL,939,2,40718,40814,13,1519,1,0,'2023-01-02','2023-01-02',15601.74,1,1.00,'Factura A N°: 0002-00006143',NULL,'2023-02-24 16:16:38','2023-02-24 16:16:38',NULL),(940,NULL,940,2,40718,40814,13,1519,1,0,'2023-01-02','2023-01-02',13981.55,1,1.00,'Factura A N°: 0002-00006874',NULL,'2023-02-24 16:16:38','2023-02-24 16:16:38',NULL),(941,NULL,941,2,40718,40814,13,1519,1,0,'2023-01-02','2023-01-02',18350.86,1,1.00,'Factura A N°: 0002-00006994',NULL,'2023-02-24 16:16:38','2023-02-24 16:16:38',NULL),(942,NULL,942,2,40718,40814,13,1519,1,0,'2023-01-02','2023-01-02',14989.48,1,1.00,'Factura A N°: 0002-00006802',NULL,'2023-02-24 16:16:38','2023-02-24 16:16:38',NULL),(943,NULL,943,2,40718,40814,13,1519,1,0,'2023-01-02','2023-01-02',23475.21,1,1.00,'Factura A N°: 0002-00005777',NULL,'2023-02-24 16:16:38','2023-02-24 16:16:38',NULL),(944,NULL,944,2,40718,40814,13,1519,1,0,'2023-01-02','2023-01-02',13529.01,1,1.00,'Factura A N°: 0002-00005379',NULL,'2023-02-24 16:16:38','2023-02-24 16:16:38',NULL),(945,NULL,945,2,40718,40814,13,1519,1,0,'2023-01-02','2023-01-02',10860.96,1,1.00,'Factura A N°: 0002-00006705',NULL,'2023-02-24 16:16:38','2023-02-24 16:16:38',NULL),(946,NULL,946,2,40718,40814,13,1519,1,0,'2023-01-02','2023-01-02',21218.56,1,1.00,'Factura A N°: 0002-00005290',NULL,'2023-02-24 16:16:38','2023-02-24 16:16:38',NULL),(947,NULL,947,2,40718,40814,13,1519,1,0,'2023-01-02','2023-01-02',18124.59,1,1.00,'Factura A N°: 0002-00006147',NULL,'2023-02-24 16:16:38','2023-02-24 16:16:38',NULL),(948,NULL,948,2,40718,40814,13,1519,1,0,'2023-01-02','2023-01-02',19431.39,1,1.00,'Factura A N°: 0002-00006827',NULL,'2023-02-24 16:16:38','2023-02-24 16:16:38',NULL),(949,NULL,949,2,40718,40814,13,1519,1,0,'2023-01-02','2023-01-02',10033.32,1,1.00,'Factura A N°: 0002-00006335',NULL,'2023-02-24 16:16:38','2023-02-24 16:16:38',NULL),(950,NULL,950,2,40718,40814,13,1519,1,0,'2023-01-02','2023-01-02',16526.18,1,1.00,'Factura A N°: 0002-00006326',NULL,'2023-02-24 16:16:38','2023-02-24 16:16:38',NULL),(951,NULL,951,2,40718,40814,13,1519,1,0,'2023-01-02','2023-01-02',17390.12,1,1.00,'Factura A N°: 0002-00006175',NULL,'2023-02-24 16:16:38','2023-02-24 16:16:38',NULL),(952,NULL,952,2,40718,40814,13,1519,1,0,'2023-01-02','2023-01-02',18969.17,1,1.00,'Factura A N°: 0002-00005502',NULL,'2023-02-24 16:16:38','2023-02-24 16:16:38',NULL),(953,NULL,953,2,40718,40814,13,1519,1,0,'2023-01-02','2023-01-02',12868.35,1,1.00,'Factura A N°: 0002-00005015',NULL,'2023-02-24 16:16:38','2023-02-24 16:16:38',NULL),(954,NULL,954,2,40718,40814,13,1519,1,0,'2023-01-02','2023-01-02',7961.80,1,1.00,'Factura A N°: 0002-00006330',NULL,'2023-02-24 16:16:38','2023-02-24 16:16:38',NULL),(955,NULL,955,2,40718,40814,13,1519,1,0,'2023-01-02','2023-01-02',9240.77,1,1.00,'Factura A N°: 0002-00005908',NULL,'2023-02-24 16:16:38','2023-02-24 16:16:38',NULL),(956,NULL,956,2,40718,40814,13,1519,1,0,'2023-01-02','2023-01-02',23930.17,1,1.00,'Factura A N°: 0002-00005566',NULL,'2023-02-24 16:16:38','2023-02-24 16:16:38',NULL);
INSERT INTO `cta_cte_cliente` VALUES (957,NULL,957,2,40718,40814,13,1519,1,0,'2023-01-02','2023-01-02',6434.78,1,1.00,'Factura A N°: 0002-00005017',NULL,'2023-02-24 16:16:38','2023-02-24 16:16:38',NULL),(958,NULL,958,2,40718,40814,13,1519,1,0,'2023-01-02','2023-01-02',22522.94,1,1.00,'Factura A N°: 0002-00006501',NULL,'2023-02-24 16:16:38','2023-02-24 16:16:38',NULL),(959,NULL,959,2,40718,40814,13,1519,1,0,'2023-01-02','2023-01-02',19179.71,1,1.00,'Factura A N°: 0002-00006931',NULL,'2023-02-24 16:16:38','2023-02-24 16:16:38',NULL),(960,NULL,960,2,40718,40814,13,1519,1,0,'2023-01-02','2023-01-02',15387.57,1,1.00,'Factura A N°: 0002-00006929',NULL,'2023-02-24 16:16:38','2023-02-24 16:16:38',NULL),(961,NULL,961,2,40718,40814,13,1519,1,0,'2023-01-02','2023-01-02',6523.11,1,1.00,'Factura A N°: 0002-00006058',NULL,'2023-02-24 16:16:38','2023-02-24 16:16:38',NULL),(962,NULL,962,2,40718,40814,13,1519,1,0,'2023-01-02','2023-01-02',10346.71,1,1.00,'Factura A N°: 0002-00005148',NULL,'2023-02-24 16:16:39','2023-02-24 16:16:39',NULL),(963,NULL,963,2,40718,40814,13,1519,1,0,'2023-01-02','2023-01-02',18817.92,1,1.00,'Factura A N°: 0002-00006667',NULL,'2023-02-24 16:16:39','2023-02-24 16:16:39',NULL),(964,NULL,964,2,40718,40814,13,1519,1,0,'2023-01-02','2023-01-02',16652.02,1,1.00,'Factura A N°: 0002-00006668',NULL,'2023-02-24 16:16:39','2023-02-24 16:16:39',NULL),(965,NULL,965,2,40718,40814,13,1519,1,0,'2023-01-02','2023-01-02',22922.24,1,1.00,'Factura A N°: 0002-00006669',NULL,'2023-02-24 16:16:39','2023-02-24 16:16:39',NULL),(966,NULL,966,2,40718,40814,13,1519,1,0,'2023-01-02','2023-01-02',9833.67,1,1.00,'Factura A N°: 0002-00006670',NULL,'2023-02-24 16:16:39','2023-02-24 16:16:39',NULL),(967,NULL,967,2,40718,40814,13,1519,2,0,'2023-01-02','2023-01-02',23123.10,1,1.00,'Nota de crédito A N°: 0002-00006905',NULL,'2023-02-24 16:16:39','2023-02-24 16:16:39',NULL),(968,NULL,968,2,40718,40814,13,1519,2,0,'2023-01-02','2023-01-02',8634.56,1,1.00,'Nota de crédito A N°: 0002-00006322',NULL,'2023-02-24 16:16:39','2023-02-24 16:16:39',NULL),(969,NULL,969,2,40718,40814,13,1519,2,0,'2023-01-02','2023-01-02',15601.74,1,1.00,'Nota de crédito A N°: 0002-00006143',NULL,'2023-02-24 16:16:39','2023-02-24 16:16:39',NULL),(970,NULL,970,2,40718,40814,13,1519,2,0,'2023-01-02','2023-01-02',13981.55,1,1.00,'Nota de crédito A N°: 0002-00006874',NULL,'2023-02-24 16:16:39','2023-02-24 16:16:39',NULL),(971,NULL,971,2,40718,40814,13,1519,2,0,'2023-01-02','2023-01-02',18350.86,1,1.00,'Nota de crédito A N°: 0002-00006994',NULL,'2023-02-24 16:16:39','2023-02-24 16:16:39',NULL),(972,NULL,972,2,40718,40814,13,1519,2,0,'2023-01-02','2023-01-02',14989.48,1,1.00,'Nota de crédito A N°: 0002-00006802',NULL,'2023-02-24 16:16:39','2023-02-24 16:16:39',NULL),(973,NULL,973,2,40718,40814,13,1519,2,0,'2023-01-02','2023-01-02',23475.21,1,1.00,'Nota de crédito A N°: 0002-00005777',NULL,'2023-02-24 16:16:39','2023-02-24 16:16:39',NULL),(974,NULL,974,2,40718,40814,13,1519,2,0,'2023-01-02','2023-01-02',13529.01,1,1.00,'Nota de crédito A N°: 0002-00005379',NULL,'2023-02-24 16:16:39','2023-02-24 16:16:39',NULL),(975,NULL,975,2,40718,40814,13,1519,2,0,'2023-01-02','2023-01-02',10860.96,1,1.00,'Nota de crédito A N°: 0002-00006705',NULL,'2023-02-24 16:16:39','2023-02-24 16:16:39',NULL),(976,NULL,976,2,40718,40814,13,1519,2,0,'2023-01-02','2023-01-02',21218.56,1,1.00,'Nota de crédito A N°: 0002-00005290',NULL,'2023-02-24 16:16:39','2023-02-24 16:16:39',NULL),(977,NULL,977,2,40718,40814,13,1519,2,0,'2023-01-02','2023-01-02',8228.00,1,1.00,'Nota de crédito B N°: 0002-00005092',NULL,'2023-02-24 16:16:39','2023-02-24 16:16:39',NULL),(978,NULL,978,2,40718,40814,13,1519,2,0,'2023-01-02','2023-01-02',7865.00,1,1.00,'Nota de crédito B N°: 0002-00005093',NULL,'2023-02-24 16:16:39','2023-02-24 16:16:39',NULL),(979,NULL,979,2,40718,40814,13,1519,2,0,'2023-01-02','2023-01-02',8349.00,1,1.00,'Nota de crédito B N°: 0002-00005094',NULL,'2023-02-24 16:16:39','2023-02-24 16:16:39',NULL);
INSERT INTO `cta_cte_cliente` VALUES (980,NULL,980,2,40718,40814,13,1519,2,0,'2023-01-02','2023-01-02',10769.00,1,1.00,'Nota de crédito B N°: 0002-00005095',NULL,'2023-02-24 16:16:39','2023-02-24 16:16:39',NULL),(981,NULL,981,2,40718,40814,13,1519,2,0,'2023-01-02','2023-01-02',8349.00,1,1.00,'Nota de crédito B N°: 0002-00005096',NULL,'2023-02-24 16:16:39','2023-02-24 16:16:39',NULL),(982,NULL,982,2,40718,40814,13,1519,2,0,'2023-01-02','2023-01-02',8349.00,1,1.00,'Nota de crédito B N°: 0002-00005097',NULL,'2023-02-24 16:16:39','2023-02-24 16:16:39',NULL),(983,NULL,983,2,40718,40814,13,1519,2,0,'2023-01-02','2023-01-02',8349.00,1,1.00,'Nota de crédito B N°: 0002-00005098',NULL,'2023-02-24 16:16:39','2023-02-24 16:16:39',NULL),(984,NULL,984,2,40718,40814,13,1519,2,0,'2023-01-02','2023-01-02',8349.00,1,1.00,'Nota de crédito B N°: 0002-00005099',NULL,'2023-02-24 16:16:39','2023-02-24 16:16:39',NULL),(985,NULL,985,2,40718,40814,13,1519,2,0,'2023-01-02','2023-01-02',8349.00,1,1.00,'Nota de crédito B N°: 0002-00005100',NULL,'2023-02-24 16:16:40','2023-02-24 16:16:40',NULL),(986,NULL,986,2,40718,40814,13,1519,2,0,'2023-01-02','2023-01-02',8349.00,1,1.00,'Nota de crédito B N°: 0002-00005101',NULL,'2023-02-24 16:16:40','2023-02-24 16:16:40',NULL),(987,NULL,987,2,40718,40814,13,1519,2,0,'2023-01-02','2023-01-02',9075.00,1,1.00,'Nota de crédito B N°: 0002-00005102',NULL,'2023-02-24 16:16:40','2023-02-24 16:16:40',NULL),(988,NULL,988,2,40718,40814,13,1519,2,0,'2023-01-02','2023-01-02',8349.00,1,1.00,'Nota de crédito B N°: 0002-00005103',NULL,'2023-02-24 16:16:40','2023-02-24 16:16:40',NULL),(989,NULL,989,2,40718,40814,13,1520,1,0,'2023-02-27','2023-02-27',18694.50,1,1.00,'Factura A N°: 0002-00007277',NULL,'2023-02-24 16:16:40','2023-02-24 16:16:40',NULL),(990,NULL,990,2,40718,40814,13,1520,1,0,'2023-02-27','2023-02-27',21570.67,1,1.00,'Factura A N°: 0002-00007250',NULL,'2023-02-24 16:16:40','2023-02-24 16:16:40',NULL),(991,NULL,991,2,40718,40814,13,1520,1,0,'2023-02-27','2023-02-27',24472.25,1,1.00,'Factura A N°: 0002-00006516',NULL,'2023-02-24 16:16:40','2023-02-24 16:16:40',NULL),(992,NULL,992,2,40718,40814,13,1520,1,0,'2023-02-27','2023-02-27',24106.83,1,1.00,'Factura A N°: 0002-00006828',NULL,'2023-02-24 16:16:40','2023-02-24 16:16:40',NULL),(993,NULL,993,2,40718,40814,13,1520,1,0,'2023-02-27','2023-02-27',24129.82,1,1.00,'Factura A N°: 0002-00007292',NULL,'2023-02-24 16:16:40','2023-02-24 16:16:40',NULL),(994,NULL,994,2,40718,40814,13,1520,1,0,'2023-02-27','2023-02-27',22658.46,1,1.00,'Factura A N°: 0002-00007235',NULL,'2023-02-24 16:16:40','2023-02-24 16:16:40',NULL),(995,NULL,995,2,40718,40814,13,1520,1,0,'2023-02-27','2023-02-27',21772.74,1,1.00,'Factura A N°: 0002-00006908',NULL,'2023-02-24 16:16:40','2023-02-24 16:16:40',NULL),(996,NULL,996,2,40718,40814,13,1520,1,0,'2023-02-27','2023-02-27',18759.84,1,1.00,'Factura A N°: 0002-00006904',NULL,'2023-02-24 16:16:40','2023-02-24 16:16:40',NULL),(997,NULL,997,2,40718,40814,13,1520,1,0,'2023-02-27','2023-02-27',22562.87,1,1.00,'Factura A N°: 0002-00007413',NULL,'2023-02-24 16:16:40','2023-02-24 16:16:40',NULL),(998,NULL,998,2,40718,40814,13,1520,1,0,'2023-02-27','2023-02-27',27039.87,1,1.00,'Factura A N°: 0002-00007211',NULL,'2023-02-24 16:16:40','2023-02-24 16:16:40',NULL),(999,NULL,999,2,40718,40814,13,1520,1,0,'2023-02-27','2023-02-27',26263.05,1,1.00,'Factura A N°: 0002-00006989',NULL,'2023-02-24 16:16:41','2023-02-24 16:16:41',NULL),(1000,NULL,1000,2,40718,40814,13,1520,1,0,'2023-02-27','2023-02-27',34956.90,1,1.00,'Factura A N°: 0002-00006528',NULL,'2023-02-24 16:16:41','2023-02-24 16:16:41',NULL),(1001,NULL,1001,2,40718,40814,13,1520,1,0,'2023-02-27','2023-02-27',25390.64,1,1.00,'Factura A N°: 0002-00006748',NULL,'2023-02-24 16:16:41','2023-02-24 16:16:41',NULL),(1002,NULL,1002,2,40718,40814,13,1520,1,0,'2023-02-27','2023-02-27',22297.88,1,1.00,'Factura A N°: 0002-00007386',NULL,'2023-02-24 16:16:41','2023-02-24 16:16:41',NULL);
INSERT INTO `cta_cte_cliente` VALUES (1003,NULL,1003,2,40718,40814,13,1520,1,0,'2023-02-27','2023-02-27',11634.15,1,1.00,'Factura A N°: 0002-00006591',NULL,'2023-02-24 16:16:41','2023-02-24 16:16:41',NULL),(1004,NULL,1004,2,40718,40814,13,1520,1,0,'2023-02-27','2023-02-27',23648.24,1,1.00,'Factura A N°: 0002-00006752',NULL,'2023-02-24 16:16:41','2023-02-24 16:16:41',NULL),(1005,NULL,1005,2,40718,40814,13,1520,1,0,'2023-02-27','2023-02-27',30844.11,1,1.00,'Factura A N°: 0002-00006666',NULL,'2023-02-24 16:16:41','2023-02-24 16:16:41',NULL),(1006,NULL,1006,2,40718,40814,13,1520,1,0,'2023-02-27','2023-02-27',19255.94,1,1.00,'Factura A N°: 0002-00007416',NULL,'2023-02-24 16:16:41','2023-02-24 16:16:41',NULL),(1007,NULL,1007,2,40718,40814,13,1520,1,0,'2023-02-27','2023-02-27',13418.90,1,1.00,'Factura A N°: 0002-00007192',NULL,'2023-02-24 16:16:41','2023-02-24 16:16:41',NULL),(1008,NULL,1008,2,40718,40814,13,1520,1,0,'2023-02-27','2023-02-27',17358.66,1,1.00,'Factura A N°: 0002-00006987',NULL,'2023-02-24 16:16:41','2023-02-24 16:16:41',NULL),(1009,NULL,1009,2,40718,40814,13,1520,1,0,'2023-02-27','2023-02-27',19095.01,1,1.00,'Factura A N°: 0002-00007286',NULL,'2023-02-24 16:16:41','2023-02-24 16:16:41',NULL),(1010,NULL,1010,2,40718,40814,13,1520,1,0,'2023-02-27','2023-02-27',12816.32,1,1.00,'Factura A N°: 0002-00006546',NULL,'2023-02-24 16:16:41','2023-02-24 16:16:41',NULL),(1011,NULL,1011,2,40718,40814,13,1520,1,0,'2023-02-27','2023-02-27',16354.36,1,1.00,'Factura A N°: 0002-00006791',NULL,'2023-02-24 16:16:41','2023-02-24 16:16:41',NULL),(1012,NULL,1012,2,40718,40814,13,1520,1,0,'2023-02-27','2023-02-27',29254.17,1,1.00,'Factura A N°: 0002-00006762',NULL,'2023-02-24 16:16:41','2023-02-24 16:16:41',NULL),(1013,NULL,1013,2,40718,40814,13,1520,1,0,'2023-02-27','2023-02-27',22155.10,1,1.00,'Factura A N°: 0002-00006740',NULL,'2023-02-24 16:16:41','2023-02-24 16:16:41',NULL),(1014,NULL,1014,2,40718,40814,13,1520,1,0,'2023-02-27','2023-02-27',14786.20,1,1.00,'Factura A N°: 0002-00006910',NULL,'2023-02-24 16:16:41','2023-02-24 16:16:41',NULL),(1015,NULL,1015,2,40718,40814,13,1520,1,0,'2023-02-27','2023-02-27',33446.82,1,1.00,'Factura A N°: 0002-00006824',NULL,'2023-02-24 16:16:41','2023-02-24 16:16:41',NULL),(1016,NULL,1016,2,40718,40814,13,1520,1,0,'2023-02-27','2023-02-27',26269.10,1,1.00,'Factura B N°: 0002-00007474',NULL,'2023-02-24 16:16:42','2023-02-24 16:16:42',NULL),(1017,NULL,1017,2,40718,40814,13,1520,1,0,'2023-02-27','2023-02-27',34377.31,1,1.00,'Factura B N°: 0002-00007294',NULL,'2023-02-24 16:16:42','2023-02-24 16:16:42',NULL),(1018,NULL,1018,2,40718,40814,13,1520,1,0,'2023-02-27','2023-02-27',28546.32,1,1.00,'Factura B N°: 0002-00006966',NULL,'2023-02-24 16:16:42','2023-02-24 16:16:42',NULL),(1019,NULL,1019,2,40718,40814,13,1520,1,0,'2023-02-27','2023-02-27',20050.91,1,1.00,'Factura B N°: 0002-00006799',NULL,'2023-02-24 16:16:42','2023-02-24 16:16:42',NULL),(1020,NULL,1020,2,40718,40814,13,1520,1,0,'2023-02-27','2023-02-27',13065.58,1,1.00,'Factura B N°: 0002-00006692',NULL,'2023-02-24 16:16:42','2023-02-24 16:16:42',NULL),(1021,NULL,1021,2,40718,40814,13,1520,1,0,'2023-02-27','2023-02-27',22447.92,1,1.00,'Factura B N°: 0002-00006922',NULL,'2023-02-24 16:16:42','2023-02-24 16:16:42',NULL),(1022,NULL,1022,2,40718,40814,13,1520,1,0,'2023-02-27','2023-02-27',10806.51,1,1.00,'Factura B N°: 0002-00007308',NULL,'2023-02-24 16:16:42','2023-02-24 16:16:42',NULL),(1023,NULL,1023,2,40718,40814,13,1520,1,0,'2023-02-27','2023-02-27',18707.81,1,1.00,'Factura B N°: 0002-00007286',NULL,'2023-02-24 16:16:42','2023-02-24 16:16:42',NULL),(1024,NULL,1024,2,40718,40814,13,1520,1,0,'2023-02-27','2023-02-27',25120.81,1,1.00,'Factura B N°: 0002-00006867',NULL,'2023-02-24 16:16:42','2023-02-24 16:16:42',NULL),(1025,NULL,1025,2,40718,40814,13,1520,1,0,'2023-02-27','2023-02-27',11661.98,1,1.00,'Factura B N°: 0002-00007188',NULL,'2023-02-24 16:16:42','2023-02-24 16:16:42',NULL);
INSERT INTO `cta_cte_cliente` VALUES (1026,NULL,1026,2,40718,40814,13,1520,1,0,'2023-02-27','2023-02-27',12051.60,1,1.00,'Factura B N°: 0002-00007208',NULL,'2023-02-24 16:16:42','2023-02-24 16:16:42',NULL),(1027,NULL,1027,2,40718,40814,13,1520,1,0,'2023-02-27','2023-02-27',25298.68,1,1.00,'Factura B N°: 0002-00007089',NULL,'2023-02-24 16:16:42','2023-02-24 16:16:42',NULL),(1028,NULL,1028,2,40718,40814,13,1520,1,0,'2023-02-27','2023-02-27',12945.79,1,1.00,'Factura B N°: 0002-00006797',NULL,'2023-02-24 16:16:42','2023-02-24 16:16:42',NULL),(1029,NULL,1029,2,40718,40814,13,1520,1,0,'2023-02-27','2023-02-27',24193.95,1,1.00,'Factura B N°: 0002-00007222',NULL,'2023-02-24 16:16:42','2023-02-24 16:16:42',NULL),(1030,NULL,1030,2,40718,40814,13,1520,1,0,'2023-02-27','2023-02-27',13574.99,1,1.00,'Factura B N°: 0002-00006933',NULL,'2023-02-24 16:16:42','2023-02-24 16:16:42',NULL),(1031,NULL,1031,2,40718,40814,13,1520,1,0,'2023-02-27','2023-02-27',27306.07,1,1.00,'Factura B N°: 0002-00006614',NULL,'2023-02-24 16:16:42','2023-02-24 16:16:42',NULL),(1032,NULL,1032,2,40718,40814,13,1520,1,0,'2023-02-27','2023-02-27',16995.66,1,1.00,'Factura B N°: 0002-00007133',NULL,'2023-02-24 16:16:42','2023-02-24 16:16:42',NULL),(1033,NULL,1033,2,40718,40814,13,1520,1,0,'2023-02-27','2023-02-27',19819.80,1,1.00,'Factura B N°: 0002-00006859',NULL,'2023-02-24 16:16:42','2023-02-24 16:16:42',NULL),(1034,NULL,1034,2,40718,40814,13,1520,1,0,'2023-02-27','2023-02-27',35186.80,1,1.00,'Factura B N°: 0002-00006965',NULL,'2023-02-24 16:16:42','2023-02-24 16:16:42',NULL),(1035,NULL,1035,2,40718,40814,13,1520,1,0,'2023-02-27','2023-02-27',34534.61,1,1.00,'Factura B N°: 0002-00007231',NULL,'2023-02-24 16:16:42','2023-02-24 16:16:42',NULL),(1036,NULL,1036,2,40718,40814,13,1520,1,0,'2023-02-27','2023-02-27',30104.80,1,1.00,'Factura B N°: 0002-00006575',NULL,'2023-02-24 16:16:42','2023-02-24 16:16:42',NULL),(1037,NULL,1037,2,40718,40814,13,1520,2,0,'2023-02-27','2023-02-27',18694.50,1,1.00,'Nota de crédito A N°: 0002-00007277',NULL,'2023-02-24 16:16:42','2023-02-24 16:16:42',NULL),(1038,NULL,1038,2,40718,40814,13,1520,2,0,'2023-02-27','2023-02-27',21570.67,1,1.00,'Nota de crédito A N°: 0002-00007250',NULL,'2023-02-24 16:16:42','2023-02-24 16:16:42',NULL),(1039,NULL,1039,2,40718,40814,13,1520,2,0,'2023-02-27','2023-02-27',24472.25,1,1.00,'Nota de crédito A N°: 0002-00006516',NULL,'2023-02-24 16:16:42','2023-02-24 16:16:42',NULL),(1040,NULL,1040,2,40718,40814,13,1520,2,0,'2023-02-27','2023-02-27',24106.83,1,1.00,'Nota de crédito A N°: 0002-00006828',NULL,'2023-02-24 16:16:42','2023-02-24 16:16:42',NULL),(1041,NULL,1041,2,40718,40814,13,1520,2,0,'2023-02-27','2023-02-27',35186.80,1,1.00,'Nota de crédito B N°: 0002-00006965',NULL,'2023-02-24 16:16:42','2023-02-24 16:16:42',NULL),(1042,NULL,1042,2,40718,40814,13,1520,2,0,'2023-02-27','2023-02-27',34534.61,1,1.00,'Nota de crédito B N°: 0002-00007231',NULL,'2023-02-24 16:16:42','2023-02-24 16:16:42',NULL),(1043,NULL,1043,2,40718,40814,13,1520,2,0,'2023-02-27','2023-02-27',30104.80,1,1.00,'Nota de crédito B N°: 0002-00006575',NULL,'2023-02-24 16:16:42','2023-02-24 16:16:42',NULL),(1044,NULL,1044,2,40718,40814,13,1521,1,0,'2023-03-27','2023-03-27',31168.39,1,1.00,'Factura A N°: 0002-00006767',NULL,'2023-02-24 16:16:42','2023-02-24 16:16:42',NULL),(1045,NULL,1045,2,40718,40814,13,1521,1,0,'2023-03-27','2023-03-27',24042.70,1,1.00,'Factura A N°: 0002-00007398',NULL,'2023-02-24 16:16:43','2023-02-24 16:16:43',NULL),(1046,NULL,1046,2,40718,40814,13,1521,1,0,'2023-03-27','2023-03-27',22495.11,1,1.00,'Factura A N°: 0002-00006930',NULL,'2023-02-24 16:16:43','2023-02-24 16:16:43',NULL),(1047,NULL,1047,2,40718,40814,13,1521,1,0,'2023-03-27','2023-03-27',16607.25,1,1.00,'Factura A N°: 0002-00006798',NULL,'2023-02-24 16:16:43','2023-02-24 16:16:43',NULL),(1048,NULL,1048,2,40718,40814,13,1521,1,0,'2023-03-27','2023-03-27',33871.53,1,1.00,'Factura A N°: 0002-00006735',NULL,'2023-02-24 16:16:43','2023-02-24 16:16:43',NULL);
INSERT INTO `cta_cte_cliente` VALUES (1049,NULL,1049,2,40718,40814,13,1521,1,0,'2023-03-27','2023-03-27',14549.04,1,1.00,'Factura A N°: 0002-00006694',NULL,'2023-02-24 16:16:43','2023-02-24 16:16:43',NULL),(1050,NULL,1050,2,40718,40814,13,1521,1,0,'2023-03-27','2023-03-27',25682.25,1,1.00,'Factura A N°: 0002-00007432',NULL,'2023-02-24 16:16:43','2023-02-24 16:16:43',NULL),(1051,NULL,1051,2,40718,40814,13,1521,1,0,'2023-03-27','2023-03-27',34781.45,1,1.00,'Factura A N°: 0002-00007498',NULL,'2023-02-24 16:16:43','2023-02-24 16:16:43',NULL),(1052,NULL,1052,2,40718,40814,13,1521,1,0,'2023-03-27','2023-03-27',18457.34,1,1.00,'Factura A N°: 0002-00006782',NULL,'2023-02-24 16:16:43','2023-02-24 16:16:43',NULL),(1053,NULL,1053,2,40718,40814,13,1521,1,0,'2023-03-27','2023-03-27',10069.62,1,1.00,'Factura A N°: 0002-00007483',NULL,'2023-02-24 16:16:43','2023-02-24 16:16:43',NULL),(1054,NULL,1054,2,40718,40814,13,1521,1,0,'2023-03-27','2023-03-27',22215.60,1,1.00,'Factura A N°: 0002-00007496',NULL,'2023-02-24 16:16:43','2023-02-24 16:16:43',NULL),(1055,NULL,1055,2,40718,40814,13,1521,1,0,'2023-03-27','2023-03-27',11914.87,1,1.00,'Factura A N°: 0002-00007201',NULL,'2023-02-24 16:16:43','2023-02-24 16:16:43',NULL),(1056,NULL,1056,2,40718,40814,13,1521,1,0,'2023-03-27','2023-03-27',28818.57,1,1.00,'Factura A N°: 0002-00006657',NULL,'2023-02-24 16:16:43','2023-02-24 16:16:43',NULL),(1057,NULL,1057,2,40718,40814,13,1521,1,0,'2023-03-27','2023-03-27',30390.36,1,1.00,'Factura A N°: 0002-00006637',NULL,'2023-02-24 16:16:43','2023-02-24 16:16:43',NULL),(1058,NULL,1058,2,40718,40814,13,1521,1,0,'2023-03-27','2023-03-27',11744.26,1,1.00,'Factura A N°: 0002-00006858',NULL,'2023-02-24 16:16:43','2023-02-24 16:16:43',NULL),(1059,NULL,1059,2,40718,40814,13,1521,1,0,'2023-03-27','2023-03-27',33330.66,1,1.00,'Factura A N°: 0002-00006729',NULL,'2023-02-24 16:16:43','2023-02-24 16:16:43',NULL),(1060,NULL,1060,2,40718,40814,13,1521,1,0,'2023-03-27','2023-03-27',31558.01,1,1.00,'Factura A N°: 0002-00006982',NULL,'2023-02-24 16:16:43','2023-02-24 16:16:43',NULL),(1061,NULL,1061,2,40718,40814,13,1521,1,0,'2023-03-27','2023-03-27',33744.48,1,1.00,'Factura A N°: 0002-00006913',NULL,'2023-02-24 16:16:43','2023-02-24 16:16:43',NULL),(1062,NULL,1062,2,40718,40814,13,1521,1,0,'2023-03-27','2023-03-27',13024.44,1,1.00,'Factura A N°: 0002-00006861',NULL,'2023-02-24 16:16:43','2023-02-24 16:16:43',NULL),(1063,NULL,1063,2,40718,40814,13,1521,1,0,'2023-03-27','2023-03-27',17446.99,1,1.00,'Factura A N°: 0002-00006725',NULL,'2023-02-24 16:16:43','2023-02-24 16:16:43',NULL),(1064,NULL,1064,2,40718,40814,13,1521,1,0,'2023-03-27','2023-03-27',31927.06,1,1.00,'Factura A N°: 0002-00006715',NULL,'2023-02-24 16:16:43','2023-02-24 16:16:43',NULL),(1065,NULL,1065,2,40718,40814,13,1521,1,0,'2023-03-27','2023-03-27',27976.41,1,1.00,'Factura A N°: 0002-00007266',NULL,'2023-02-24 16:16:43','2023-02-24 16:16:43',NULL),(1066,NULL,1066,2,40718,40814,13,1521,1,0,'2023-03-27','2023-03-27',23939.85,1,1.00,'Factura A N°: 0002-00006560',NULL,'2023-02-24 16:16:43','2023-02-24 16:16:43',NULL),(1067,NULL,1067,2,40718,40814,13,1521,1,0,'2023-03-27','2023-03-27',28461.62,1,1.00,'Factura A N°: 0002-00007066',NULL,'2023-02-24 16:16:43','2023-02-24 16:16:43',NULL),(1068,NULL,1068,2,40718,40814,13,1521,1,0,'2023-03-27','2023-03-27',17209.83,1,1.00,'Factura A N°: 0002-00007351',NULL,'2023-02-24 16:16:43','2023-02-24 16:16:43',NULL),(1069,NULL,1069,2,40718,40814,13,1521,1,0,'2023-03-27','2023-03-27',18439.19,1,1.00,'Factura A N°: 0002-00007493',NULL,'2023-02-24 16:16:43','2023-02-24 16:16:43',NULL),(1070,NULL,1070,2,40718,40814,13,1521,1,0,'2023-03-27','2023-03-27',34685.86,1,1.00,'Factura A N°: 0002-00007379',NULL,'2023-02-24 16:16:43','2023-02-24 16:16:43',NULL),(1071,NULL,1071,2,40718,40814,13,1521,1,0,'2023-03-27','2023-03-27',21767.90,1,1.00,'Factura A N°: 0002-00007327',NULL,'2023-02-24 16:16:43','2023-02-24 16:16:43',NULL);
INSERT INTO `cta_cte_cliente` VALUES (1072,NULL,1072,2,40718,40814,13,1521,1,0,'2023-03-27','2023-03-27',24838.88,1,1.00,'Factura A N°: 0002-00006831',NULL,'2023-02-24 16:16:44','2023-02-24 16:16:44',NULL),(1073,NULL,1073,2,40718,40814,13,1521,1,0,'2023-03-27','2023-03-27',13467.30,1,1.00,'Factura A N°: 0002-00006682',NULL,'2023-02-24 16:16:44','2023-02-24 16:16:44',NULL),(1074,NULL,1074,2,40718,40814,13,1521,1,0,'2023-03-27','2023-03-27',33657.36,1,1.00,'Factura A N°: 0002-00007273',NULL,'2023-02-24 16:16:44','2023-02-24 16:16:44',NULL),(1075,NULL,1075,2,40718,40814,13,1521,1,0,'2023-03-27','2023-03-27',33840.07,1,1.00,'Factura A N°: 0002-00006820',NULL,'2023-02-24 16:16:44','2023-02-24 16:16:44',NULL),(1076,NULL,1076,2,40718,40814,13,1521,1,0,'2023-03-27','2023-03-27',31656.02,1,1.00,'Factura A N°: 0002-00007316',NULL,'2023-02-24 16:16:44','2023-02-24 16:16:44',NULL),(1077,NULL,1077,2,40718,40814,13,1521,1,0,'2023-03-27','2023-03-27',11519.20,1,1.00,'Factura A N°: 0002-00006506',NULL,'2023-02-24 16:16:44','2023-02-24 16:16:44',NULL),(1078,NULL,1078,2,40718,40814,13,1521,1,0,'2023-03-27','2023-03-27',33811.03,1,1.00,'Factura A N°: 0002-00006699',NULL,'2023-02-24 16:16:44','2023-02-24 16:16:44',NULL),(1079,NULL,1079,2,40718,40814,13,1521,1,0,'2023-03-27','2023-03-27',33293.15,1,1.00,'Factura A N°: 0002-00007370',NULL,'2023-02-24 16:16:44','2023-02-24 16:16:44',NULL),(1080,NULL,1080,2,40718,40814,13,1521,1,0,'2023-03-27','2023-03-27',10686.72,1,1.00,'Factura A N°: 0002-00007077',NULL,'2023-02-24 16:16:44','2023-02-24 16:16:44',NULL),(1081,NULL,1081,2,40718,40814,13,1521,1,0,'2023-03-27','2023-03-27',27574.69,1,1.00,'Factura A N°: 0002-00006926',NULL,'2023-02-24 16:16:44','2023-02-24 16:16:44',NULL),(1082,NULL,1082,2,40718,40814,13,1521,1,0,'2023-03-27','2023-03-27',31674.17,1,1.00,'Factura A N°: 0002-00006664',NULL,'2023-02-24 16:16:44','2023-02-24 16:16:44',NULL),(1083,NULL,1083,2,40718,40814,13,1521,1,0,'2023-03-27','2023-03-27',15358.53,1,1.00,'Factura A N°: 0002-00007045',NULL,'2023-02-24 16:16:44','2023-02-24 16:16:44',NULL),(1084,NULL,1084,2,40718,40814,13,1521,1,0,'2023-03-27','2023-03-27',22345.07,1,1.00,'Factura A N°: 0002-00007241',NULL,'2023-02-24 16:16:44','2023-02-24 16:16:44',NULL),(1085,NULL,1085,2,40718,40814,13,1521,1,0,'2023-03-27','2023-03-27',15029.41,1,1.00,'Factura A N°: 0002-00007114',NULL,'2023-02-24 16:16:44','2023-02-24 16:16:44',NULL),(1086,NULL,1086,2,40718,40814,13,1521,1,0,'2023-03-27','2023-03-27',27266.14,1,1.00,'Factura A N°: 0002-00007293',NULL,'2023-02-24 16:16:44','2023-02-24 16:16:44',NULL),(1087,NULL,1087,2,40718,40814,13,1521,1,0,'2023-03-27','2023-03-27',35217.05,1,1.00,'Factura A N°: 0002-00006853',NULL,'2023-02-24 16:16:44','2023-02-24 16:16:44',NULL),(1088,NULL,1088,2,40718,40814,13,1521,1,0,'2023-03-27','2023-03-27',14784.99,1,1.00,'Factura A N°: 0002-00006676',NULL,'2023-02-24 16:16:44','2023-02-24 16:16:44',NULL),(1089,NULL,1089,2,40718,40814,13,1521,1,0,'2023-03-27','2023-03-27',31709.26,1,1.00,'Factura A N°: 0002-00006570',NULL,'2023-02-24 16:16:44','2023-02-24 16:16:44',NULL),(1090,NULL,1090,2,40718,40814,13,1521,1,0,'2023-03-27','2023-03-27',30058.82,1,1.00,'Factura A N°: 0002-00006691',NULL,'2023-02-24 16:16:44','2023-02-24 16:16:44',NULL),(1091,NULL,1091,2,40718,40814,13,1521,1,0,'2023-03-27','2023-03-27',12557.38,1,1.00,'Factura A N°: 0002-00006728',NULL,'2023-02-24 16:16:44','2023-02-24 16:16:44',NULL),(1092,NULL,1092,2,40718,40814,13,1521,1,0,'2023-03-27','2023-03-27',27608.57,1,1.00,'Factura A N°: 0002-00006671',NULL,'2023-02-24 16:16:44','2023-02-24 16:16:44',NULL),(1093,NULL,1093,2,40718,40814,13,1521,1,0,'2023-03-27','2023-03-27',10355.18,1,1.00,'Factura A N°: 0002-00007453',NULL,'2023-02-24 16:16:44','2023-02-24 16:16:44',NULL),(1094,NULL,1094,2,40718,40814,13,1521,1,0,'2023-03-27','2023-03-27',30885.25,1,1.00,'Factura A N°: 0002-00006700',NULL,'2023-02-24 16:16:44','2023-02-24 16:16:44',NULL);
INSERT INTO `cta_cte_cliente` VALUES (1095,NULL,1095,2,40718,40814,13,1521,1,0,'2023-03-27','2023-03-27',20180.38,1,1.00,'Factura A N°: 0002-00006581',NULL,'2023-02-24 16:16:44','2023-02-24 16:16:44',NULL),(1096,NULL,1096,2,40718,40814,13,1521,1,0,'2023-03-27','2023-03-27',26724.06,1,1.00,'Factura A N°: 0002-00006731',NULL,'2023-02-24 16:16:44','2023-02-24 16:16:44',NULL),(1097,NULL,1097,2,40718,40814,13,1521,1,0,'2023-03-27','2023-03-27',15042.72,1,1.00,'Factura A N°: 0002-00007046',NULL,'2023-02-24 16:16:44','2023-02-24 16:16:44',NULL),(1098,NULL,1098,2,40718,40814,13,1521,1,0,'2023-03-27','2023-03-27',25543.10,1,1.00,'Factura B N°: 0002-00007260',NULL,'2023-02-24 16:16:44','2023-02-24 16:16:44',NULL),(1099,NULL,1099,2,40718,40814,13,1521,1,0,'2023-03-27','2023-03-27',13086.15,1,1.00,'Factura B N°: 0002-00006804',NULL,'2023-02-24 16:16:45','2023-02-24 16:16:45',NULL),(1100,NULL,1100,2,40718,40814,13,1521,1,0,'2023-03-27','2023-03-27',32908.37,1,1.00,'Factura B N°: 0002-00006622',NULL,'2023-02-24 16:16:45','2023-02-24 16:16:45',NULL),(1101,NULL,1101,2,40718,40814,13,1521,1,0,'2023-03-27','2023-03-27',19456.80,1,1.00,'Factura B N°: 0002-00006555',NULL,'2023-02-24 16:16:45','2023-02-24 16:16:45',NULL),(1102,NULL,1102,2,40718,40814,13,1521,1,0,'2023-03-27','2023-03-27',12276.66,1,1.00,'Factura B N°: 0002-00006704',NULL,'2023-02-24 16:16:45','2023-02-24 16:16:45',NULL),(1103,NULL,1103,2,40718,40814,13,1521,1,0,'2023-03-27','2023-03-27',23215.06,1,1.00,'Factura B N°: 0002-00006755',NULL,'2023-02-24 16:16:45','2023-02-24 16:16:45',NULL),(1104,NULL,1104,2,40718,40814,13,1521,1,0,'2023-03-27','2023-03-27',30337.12,1,1.00,'Factura B N°: 0002-00007245',NULL,'2023-02-24 16:16:45','2023-02-24 16:16:45',NULL),(1105,NULL,1105,2,40718,40814,13,1521,1,0,'2023-03-27','2023-03-27',13734.71,1,1.00,'Factura B N°: 0002-00006978',NULL,'2023-02-24 16:16:45','2023-02-24 16:16:45',NULL),(1106,NULL,1106,2,40718,40814,13,1521,1,0,'2023-03-27','2023-03-27',19219.64,1,1.00,'Factura B N°: 0002-00006766',NULL,'2023-02-24 16:16:45','2023-02-24 16:16:45',NULL),(1107,NULL,1107,2,40718,40814,13,1521,1,0,'2023-03-27','2023-03-27',27189.91,1,1.00,'Factura B N°: 0002-00007030',NULL,'2023-02-24 16:16:45','2023-02-24 16:16:45',NULL),(1108,NULL,1108,2,40718,40814,13,1521,1,0,'2023-03-27','2023-03-27',36130.60,1,1.00,'Factura B N°: 0002-00006850',NULL,'2023-02-24 16:16:45','2023-02-24 16:16:45',NULL),(1109,NULL,1109,2,40718,40814,13,1521,1,0,'2023-03-27','2023-03-27',29710.34,1,1.00,'Factura B N°: 0002-00007481',NULL,'2023-02-24 16:16:45','2023-02-24 16:16:45',NULL),(1110,NULL,1110,2,40718,40814,13,1521,1,0,'2023-03-27','2023-03-27',18902.62,1,1.00,'Factura B N°: 0002-00006636',NULL,'2023-02-24 16:16:45','2023-02-24 16:16:45',NULL),(1111,NULL,1111,2,40718,40814,13,1521,1,0,'2023-03-27','2023-03-27',36141.49,1,1.00,'Factura B N°: 0002-00007086',NULL,'2023-02-24 16:16:45','2023-02-24 16:16:45',NULL),(1112,NULL,1112,2,40718,40814,13,1521,1,0,'2023-03-27','2023-03-27',21778.79,1,1.00,'Factura B N°: 0002-00007229',NULL,'2023-02-24 16:16:45','2023-02-24 16:16:45',NULL),(1113,NULL,1113,2,40718,40814,13,1521,1,0,'2023-03-27','2023-03-27',23488.52,1,1.00,'Factura B N°: 0002-00006826',NULL,'2023-02-24 16:16:45','2023-02-24 16:16:45',NULL),(1114,NULL,1114,2,40718,40814,13,1521,2,0,'2023-03-27','2023-03-27',30885.25,1,1.00,'Nota de crédito A N°: 0002-00006700',NULL,'2023-02-24 16:16:45','2023-02-24 16:16:45',NULL),(1115,NULL,1115,2,40718,40814,13,1521,2,0,'2023-03-27','2023-03-27',20180.38,1,1.00,'Nota de crédito A N°: 0002-00006581',NULL,'2023-02-24 16:16:45','2023-02-24 16:16:45',NULL),(1116,NULL,1116,2,40718,40814,13,1521,2,0,'2023-03-27','2023-03-27',26724.06,1,1.00,'Nota de crédito A N°: 0002-00006731',NULL,'2023-02-24 16:16:45','2023-02-24 16:16:45',NULL),(1117,NULL,1117,2,40718,40814,13,1521,2,0,'2023-03-27','2023-03-27',24790.48,1,1.00,'Nota de crédito A N°: 0002-00006670',NULL,'2023-02-24 16:16:45','2023-02-24 16:16:45',NULL);
INSERT INTO `cta_cte_cliente` VALUES (1118,NULL,1118,2,40718,40814,13,1521,2,0,'2023-03-27','2023-03-27',15042.72,1,1.00,'Nota de crédito A N°: 0002-00007046',NULL,'2023-02-24 16:16:45','2023-02-24 16:16:45',NULL),(1119,NULL,1119,2,40718,40814,13,1521,2,0,'2023-03-27','2023-03-27',22205.92,1,1.00,'Nota de crédito B N°: 0002-00007030',NULL,'2023-02-24 16:16:45','2023-02-24 16:16:45',NULL),(1120,NULL,1120,2,40718,40814,13,1521,2,0,'2023-03-27','2023-03-27',36141.49,1,1.00,'Nota de crédito B N°: 0002-00007086',NULL,'2023-02-24 16:16:45','2023-02-24 16:16:45',NULL),(1121,NULL,1121,2,40718,40814,13,1521,2,0,'2023-03-27','2023-03-27',21778.79,1,1.00,'Nota de crédito B N°: 0002-00007229',NULL,'2023-02-24 16:16:45','2023-02-24 16:16:45',NULL),(1122,NULL,1122,2,40718,40814,13,1521,2,0,'2023-03-27','2023-03-27',23488.52,1,1.00,'Nota de crédito B N°: 0002-00006826',NULL,'2023-02-24 16:16:45','2023-02-24 16:16:45',NULL),(1123,8522,1123,3,40718,40814,57,1519,2,0,'2023-01-02','2023-01-02',6521.16,1,1.00,'Factura A N°: 0005-00002232',NULL,'2023-02-27 11:33:10','2023-02-27 11:33:10',NULL),(1124,8522,1124,3,40718,40814,57,1519,2,0,'2023-01-02','2023-01-02',17087.62,1,1.00,'Factura A N°: 0005-00001515',NULL,'2023-02-27 11:33:10','2023-02-27 11:33:10',NULL),(1125,8522,1125,3,40718,40814,57,1519,2,0,'2023-01-02','2023-01-02',14747.48,1,1.00,'Factura A N°: 0005-00001568',NULL,'2023-02-27 11:33:10','2023-02-27 11:33:10',NULL),(1126,8522,1126,3,40718,40814,57,1519,2,0,'2023-01-02','2023-01-02',19099.85,1,1.00,'Factura A N°: 0005-00002212',NULL,'2023-02-27 11:33:10','2023-02-27 11:33:10',NULL),(1127,8522,1127,3,40718,40814,57,1519,2,0,'2023-01-02','2023-01-02',27456.08,1,1.00,'Factura A N°: 0005-00001915',NULL,'2023-02-27 11:33:11','2023-02-27 11:33:11',NULL),(1128,8522,1128,3,40718,40814,57,1519,2,0,'2023-01-02','2023-01-02',27346.00,1,1.00,'Factura A N°: 0005-00001057',NULL,'2023-02-27 11:33:11','2023-02-27 11:33:11',NULL),(1129,8522,1129,3,40718,40814,57,1519,2,0,'2023-01-02','2023-01-02',15025.08,1,1.00,'Factura A N°: 0005-00001999',NULL,'2023-02-27 11:33:11','2023-02-27 11:33:11',NULL),(1130,8522,1130,3,40718,40814,57,1519,2,0,'2023-01-02','2023-01-02',12189.54,1,1.00,'Factura A N°: 0005-00002097',NULL,'2023-02-27 11:33:11','2023-02-27 11:33:11',NULL),(1131,8522,1131,3,40718,40814,57,1519,2,0,'2023-01-02','2023-01-02',19419.29,1,1.00,'Factura A N°: 0005-00002354',NULL,'2023-02-27 11:33:11','2023-02-27 11:33:11',NULL),(1132,8522,1132,3,40718,40814,57,1519,2,0,'2023-01-02','2023-01-02',12388.84,1,1.00,'Factura A N°: 0005-00001308',NULL,'2023-02-27 11:33:11','2023-02-27 11:33:11',NULL),(1133,8522,1133,3,40718,40814,57,1519,2,0,'2023-01-02','2023-01-02',25720.97,1,1.00,'Factura A N°: 0005-00001741',NULL,'2023-02-27 11:33:11','2023-02-27 11:33:11',NULL),(1134,8522,1134,3,40718,40814,57,1519,2,0,'2023-01-02','2023-01-02',27108.84,1,1.00,'Factura A N°: 0005-00001384',NULL,'2023-02-27 11:33:11','2023-02-27 11:33:11',NULL),(1135,8522,1135,3,40718,40814,57,1519,2,0,'2023-01-02','2023-01-02',26069.45,1,1.00,'Factura A N°: 0005-00001688',NULL,'2023-02-27 11:33:11','2023-02-27 11:33:11',NULL),(1136,8522,1136,3,40718,40814,57,1519,2,0,'2023-01-02','2023-01-02',12485.56,1,1.00,'Factura A N°: 0005-00001212',NULL,'2023-02-27 11:33:11','2023-02-27 11:33:11',NULL),(1137,8522,1137,3,40718,40814,57,1519,2,0,'2023-01-02','2023-01-02',10553.62,1,1.00,'Factura A N°: 0005-00001150',NULL,'2023-02-27 11:33:11','2023-02-27 11:33:11',NULL),(1138,8522,1138,3,40718,40814,57,1519,2,0,'2023-01-02','2023-01-02',23143.67,1,1.00,'Factura A N°: 0005-00001272',NULL,'2023-02-27 11:33:11','2023-02-27 11:33:11',NULL),(1139,8522,1139,3,40718,40814,57,1519,2,0,'2023-01-02','2023-01-02',11680.80,1,1.00,'Factura A N°: 0005-00002312',NULL,'2023-02-27 11:33:11','2023-02-27 11:33:11',NULL),(1140,8522,1140,3,40718,40814,57,1519,2,0,'2023-01-02','2023-01-02',17159.01,1,1.00,'Factura A N°: 0005-00001357',NULL,'2023-02-27 11:33:11','2023-02-27 11:33:11',NULL);
INSERT INTO `cta_cte_cliente` VALUES (1141,8522,1141,3,40718,40814,57,1519,2,0,'2023-01-02','2023-01-02',27515.60,1,1.00,'Factura A N°: 0005-00001531',NULL,'2023-02-27 11:33:11','2023-02-27 11:33:11',NULL),(1142,8522,1142,3,40718,40814,57,1519,2,0,'2023-01-02','2023-01-02',6746.96,1,1.00,'Factura A N°: 0005-00001485',NULL,'2023-02-27 11:33:11','2023-02-27 11:33:11',NULL),(1143,8522,1143,3,40718,40814,57,1519,2,0,'2023-01-02','2023-01-02',17306.63,1,1.00,'Factura A N°: 0005-00002124',NULL,'2023-02-27 11:33:11','2023-02-27 11:33:11',NULL),(1144,8522,1144,3,40718,40814,57,1519,2,0,'2023-01-02','2023-01-02',8134.83,1,1.00,'Factura A N°: 0005-00002482',NULL,'2023-02-27 11:33:11','2023-02-27 11:33:11',NULL),(1145,8522,1145,3,40718,40814,57,1519,2,0,'2023-01-02','2023-01-02',30322.96,1,1.00,'Factura A N°: 0005-00001097',NULL,'2023-02-27 11:33:11','2023-02-27 11:33:11',NULL),(1146,8522,1146,3,40718,40814,57,1519,2,0,'2023-01-02','2023-01-02',13336.62,1,1.00,'Factura A N°: 0005-00001838',NULL,'2023-02-27 11:33:12','2023-02-27 11:33:12',NULL),(1147,8522,1147,3,40718,40814,57,1519,2,0,'2023-01-02','2023-01-02',23872.09,1,1.00,'Factura A N°: 0005-00001913',NULL,'2023-02-27 11:33:12','2023-02-27 11:33:12',NULL),(1148,8522,1148,3,40718,40814,57,1519,2,0,'2023-01-02','2023-01-02',10771.42,1,1.00,'Factura A N°: 0005-00001221',NULL,'2023-02-27 11:33:12','2023-02-27 11:33:12',NULL),(1149,8522,1149,3,40718,40814,57,1519,2,0,'2023-01-02','2023-01-02',10903.31,1,1.00,'Factura A N°: 0005-00001125',NULL,'2023-02-27 11:33:12','2023-02-27 11:33:12',NULL),(1150,8522,1150,3,40718,40814,57,1519,2,0,'2023-01-02','2023-01-02',9646.12,1,1.00,'Factura A N°: 0005-00002483',NULL,'2023-02-27 11:33:12','2023-02-27 11:33:12',NULL),(1151,8522,1151,3,40718,40814,57,1519,2,0,'2023-01-02','2023-01-02',13496.34,1,1.00,'Factura A N°: 0005-00001570',NULL,'2023-02-27 11:33:12','2023-02-27 11:33:12',NULL),(1152,8522,1152,3,40718,40814,57,1519,2,0,'2023-01-02','2023-01-02',27237.84,1,1.00,'Factura A N°: 0005-00001877',NULL,'2023-02-27 11:33:12','2023-02-27 11:33:12',NULL),(1153,8522,1153,3,40718,40814,57,1519,2,0,'2023-01-02','2023-01-02',9170.59,1,1.00,'Factura A N°: 0005-00001853',NULL,'2023-02-27 11:33:12','2023-02-27 11:33:12',NULL),(1154,8522,1154,3,40718,40814,57,1519,2,0,'2023-01-02','2023-01-02',28599.56,1,1.00,'Factura A N°: 0005-00002215',NULL,'2023-02-27 11:33:12','2023-02-27 11:33:12',NULL),(1155,8522,1155,3,40718,40814,57,1519,2,0,'2023-01-02','2023-01-02',9238.35,1,1.00,'Factura A N°: 0005-00001058',NULL,'2023-02-27 11:33:12','2023-02-27 11:33:12',NULL),(1156,8522,1156,3,40718,40814,57,1519,2,0,'2023-01-02','2023-01-02',9949.00,1,1.00,'Factura B N°: 0005-00001045',NULL,'2023-02-27 11:33:12','2023-02-27 11:33:12',NULL),(1157,8522,1157,3,40718,40814,57,1519,2,0,'2023-01-02','2023-01-02',9147.00,1,1.00,'Factura B N°: 0005-00001286',NULL,'2023-02-27 11:33:12','2023-02-27 11:33:12',NULL),(1158,8522,1158,3,40718,40814,57,1519,2,0,'2023-01-02','2023-01-02',5860.00,1,1.00,'Factura B N°: 0005-00001620',NULL,'2023-02-27 11:33:12','2023-02-27 11:33:12',NULL),(1159,8522,1159,3,40718,40814,57,1519,2,0,'2023-01-02','2023-01-02',13863.00,1,1.00,'Factura B N°: 0005-00001634',NULL,'2023-02-27 11:33:12','2023-02-27 11:33:12',NULL),(1160,8522,1160,3,40718,40814,57,1519,2,0,'2023-01-02','2023-01-02',4481.00,1,1.00,'Factura B N°: 0005-00001738',NULL,'2023-02-27 11:33:12','2023-02-27 11:33:12',NULL),(1161,8522,1161,3,40718,40814,57,1519,2,0,'2023-01-02','2023-01-02',9940.00,1,1.00,'Factura B N°: 0005-00001079',NULL,'2023-02-27 11:33:12','2023-02-27 11:33:12',NULL),(1162,8522,1162,3,40718,40814,57,1519,2,0,'2023-01-02','2023-01-02',5884.00,1,1.00,'Factura B N°: 0005-00002025',NULL,'2023-02-27 11:33:12','2023-02-27 11:33:12',NULL),(1163,8522,1163,3,40718,40814,57,1519,2,0,'2023-01-02','2023-01-02',11153.00,1,1.00,'Factura B N°: 0005-00001355',NULL,'2023-02-27 11:33:12','2023-02-27 11:33:12',NULL);
INSERT INTO `cta_cte_cliente` VALUES (1164,8522,1164,3,40718,40814,57,1519,2,0,'2023-01-02','2023-01-02',14197.00,1,1.00,'Factura B N°: 0005-00001492',NULL,'2023-02-27 11:33:13','2023-02-27 11:33:13',NULL),(1165,8522,1165,3,40718,40814,57,1519,2,0,'2023-01-02','2023-01-02',4099.00,1,1.00,'Factura B N°: 0005-00002357',NULL,'2023-02-27 11:33:13','2023-02-27 11:33:13',NULL),(1166,8522,1166,3,40718,40814,57,1519,2,0,'2023-01-02','2023-01-02',5513.00,1,1.00,'Factura B N°: 0005-00002435',NULL,'2023-02-27 11:33:13','2023-02-27 11:33:13',NULL),(1167,8522,1167,3,40718,40814,57,1519,2,0,'2023-01-02','2023-01-02',11365.00,1,1.00,'Factura B N°: 0005-00001839',NULL,'2023-02-27 11:33:13','2023-02-27 11:33:13',NULL),(1168,8522,1168,3,40718,40814,57,1519,1,0,'2023-01-02','2023-01-02',6363.39,1,1.00,'Nota de crédito A N°: 0005-00002232',NULL,'2023-02-27 11:33:13','2023-02-27 11:33:13',NULL),(1169,8522,1169,3,40718,40814,57,1519,1,0,'2023-01-02','2023-01-02',17087.62,1,1.00,'Nota de crédito A N°: 0005-00001515',NULL,'2023-02-27 11:33:13','2023-02-27 11:33:13',NULL),(1170,8522,1170,3,40718,40814,57,1519,1,0,'2023-01-02','2023-01-02',14747.48,1,1.00,'Nota de crédito A N°: 0005-00001568',NULL,'2023-02-27 11:33:13','2023-02-27 11:33:13',NULL),(1171,8522,1171,3,40718,40814,57,1519,1,0,'2023-01-02','2023-01-02',19573.40,1,1.00,'Nota de crédito A N°: 0005-00002212',NULL,'2023-02-27 11:33:13','2023-02-27 11:33:13',NULL),(1172,8522,1172,3,40718,40814,57,1519,1,0,'2023-01-02','2023-01-02',26791.82,1,1.00,'Nota de crédito A N°: 0005-00001915',NULL,'2023-02-27 11:33:13','2023-02-27 11:33:13',NULL),(1173,8522,1173,3,40718,40814,57,1519,1,0,'2023-01-02','2023-01-02',27346.00,1,1.00,'Nota de crédito A N°: 0005-00001057',NULL,'2023-02-27 11:33:13','2023-02-27 11:33:13',NULL),(1174,8522,1174,3,40718,40814,57,1519,1,0,'2023-01-02','2023-01-02',14661.57,1,1.00,'Nota de crédito A N°: 0005-00001999',NULL,'2023-02-27 11:33:13','2023-02-27 11:33:13',NULL),(1175,8522,1175,3,40718,40814,57,1520,2,0,'2023-02-18','2023-02-18',29245.70,1,1.00,'Factura A N°: 0005-00003229',NULL,'2023-02-27 11:33:13','2023-02-27 11:33:13',NULL),(1176,8522,1176,3,40718,40814,57,1520,2,0,'2023-02-18','2023-02-18',8329.08,1,1.00,'Factura A N°: 0005-00005341',NULL,'2023-02-27 11:33:13','2023-02-27 11:33:13',NULL),(1177,8522,1177,3,40718,40814,57,1520,2,0,'2023-02-18','2023-02-18',21199.20,1,1.00,'Factura A N°: 0005-00003565',NULL,'2023-02-27 11:33:13','2023-02-27 11:33:13',NULL),(1178,8522,1178,3,40718,40814,57,1520,2,0,'2023-02-18','2023-02-18',34862.52,1,1.00,'Factura A N°: 0005-00003757',NULL,'2023-02-27 11:33:14','2023-02-27 11:33:14',NULL),(1179,8522,1179,3,40718,40814,57,1520,2,0,'2023-02-18','2023-02-18',38797.12,1,1.00,'Factura A N°: 0005-00005285',NULL,'2023-02-27 11:33:14','2023-02-27 11:33:14',NULL),(1180,8522,1180,3,40718,40814,57,1520,2,0,'2023-02-18','2023-02-18',18354.49,1,1.00,'Factura A N°: 0005-00005430',NULL,'2023-02-27 11:33:14','2023-02-27 11:33:14',NULL),(1181,8522,1181,3,40718,40814,57,1520,2,0,'2023-02-18','2023-02-18',39384.29,1,1.00,'Factura A N°: 0005-00005021',NULL,'2023-02-27 11:33:14','2023-02-27 11:33:14',NULL),(1182,8522,1182,3,40718,40814,57,1520,2,0,'2023-02-18','2023-02-18',26177.64,1,1.00,'Factura A N°: 0005-00003511',NULL,'2023-02-27 11:33:14','2023-02-27 11:33:14',NULL),(1183,8522,1183,3,40718,40814,57,1520,2,0,'2023-02-18','2023-02-18',28150.65,1,1.00,'Factura A N°: 0005-00003520',NULL,'2023-02-27 11:33:14','2023-02-27 11:33:14',NULL),(1184,8522,1184,3,40718,40814,57,1520,2,0,'2023-02-18','2023-02-18',32857.55,1,1.00,'Factura A N°: 0005-00004878',NULL,'2023-02-27 11:33:14','2023-02-27 11:33:14',NULL),(1185,8522,1185,3,40718,40814,57,1520,2,0,'2023-02-18','2023-02-18',19395.09,1,1.00,'Factura A N°: 0005-00003512',NULL,'2023-02-27 11:33:14','2023-02-27 11:33:14',NULL),(1186,8522,1186,3,40718,40814,57,1520,2,0,'2023-02-18','2023-02-18',37384.16,1,1.00,'Factura A N°: 0005-00003416',NULL,'2023-02-27 11:33:14','2023-02-27 11:33:14',NULL);
INSERT INTO `cta_cte_cliente` VALUES (1187,8522,1187,3,40718,40814,57,1520,2,0,'2023-02-18','2023-02-18',6102.03,1,1.00,'Factura A N°: 0005-00005149',NULL,'2023-02-27 11:33:14','2023-02-27 11:33:14',NULL),(1188,8522,1188,3,40718,40814,57,1520,2,0,'2023-02-18','2023-02-18',40636.64,1,1.00,'Factura A N°: 0005-00003618',NULL,'2023-02-27 11:33:14','2023-02-27 11:33:14',NULL),(1189,8522,1189,3,40718,40814,57,1520,2,0,'2023-02-18','2023-02-18',22339.02,1,1.00,'Factura A N°: 0005-00003087',NULL,'2023-02-27 11:33:14','2023-02-27 11:33:14',NULL),(1190,8522,1190,3,40718,40814,57,1520,2,0,'2023-02-18','2023-02-18',40178.48,1,1.00,'Factura A N°: 0005-00004146',NULL,'2023-02-27 11:33:14','2023-02-27 11:33:14',NULL),(1191,8522,1191,3,40718,40814,57,1520,2,0,'2023-02-18','2023-02-18',24474.67,1,1.00,'Factura A N°: 0005-00005094',NULL,'2023-02-27 11:33:14','2023-02-27 11:33:14',NULL),(1192,8522,1192,3,40718,40814,57,1520,2,0,'2023-02-18','2023-02-18',40440.12,1,1.00,'Factura A N°: 0005-00005119',NULL,'2023-02-27 11:33:14','2023-02-27 11:33:14',NULL),(1193,8522,1193,3,40718,40814,57,1520,2,0,'2023-02-18','2023-02-18',33214.50,1,1.00,'Factura A N°: 0005-00003627',NULL,'2023-02-27 11:33:14','2023-02-27 11:33:14',NULL),(1194,8522,1194,3,40718,40814,57,1520,2,0,'2023-02-18','2023-02-18',19886.35,1,1.00,'Factura A N°: 0005-00004528',NULL,'2023-02-27 11:33:14','2023-02-27 11:33:14',NULL),(1195,8522,1195,3,40718,40814,57,1520,2,0,'2023-02-18','2023-02-18',19683.07,1,1.00,'Factura A N°: 0005-00003581',NULL,'2023-02-27 11:33:14','2023-02-27 11:33:14',NULL),(1196,8522,1196,3,40718,40814,57,1520,2,0,'2023-02-18','2023-02-18',28606.82,1,1.00,'Factura A N°: 0005-00004737',NULL,'2023-02-27 11:33:14','2023-02-27 11:33:14',NULL),(1197,8522,1197,3,40718,40814,57,1520,2,0,'2023-02-18','2023-02-18',34865.08,1,1.00,'Factura A N°: 0005-00005835',NULL,'2023-02-27 11:33:14','2023-02-27 11:33:14',NULL),(1198,8522,1198,3,40718,40814,57,1520,2,0,'2023-02-18','2023-02-18',42087.43,1,1.00,'Factura A N°: 0005-00003365',NULL,'2023-02-27 11:33:15','2023-02-27 11:33:15',NULL),(1199,8522,1199,3,40718,40814,57,1520,2,0,'2023-02-18','2023-02-18',32215.04,1,1.00,'Factura A N°: 0005-00003518',NULL,'2023-02-27 11:33:15','2023-02-27 11:33:15',NULL),(1200,8522,1200,3,40718,40814,57,1520,2,0,'2023-02-18','2023-02-18',21977.23,1,1.00,'Factura A N°: 0005-00005467',NULL,'2023-02-27 11:33:15','2023-02-27 11:33:15',NULL),(1201,8522,1201,3,40718,40814,57,1520,2,0,'2023-02-18','2023-02-18',35616.35,1,1.00,'Factura A N°: 0005-00003005',NULL,'2023-02-27 11:33:15','2023-02-27 11:33:15',NULL),(1202,8522,1202,3,40718,40814,57,1520,2,0,'2023-02-18','2023-02-18',16086.95,1,1.00,'Factura A N°: 0005-00005797',NULL,'2023-02-27 11:33:15','2023-02-27 11:33:15',NULL),(1203,8522,1203,3,40718,40814,57,1520,2,0,'2023-02-18','2023-02-18',29918.46,1,1.00,'Factura A N°: 0005-00005966',NULL,'2023-02-27 11:33:15','2023-02-27 11:33:15',NULL),(1204,8522,1204,3,40718,40814,57,1520,2,0,'2023-02-18','2023-02-18',41630.05,1,1.00,'Factura A N°: 0005-00003059',NULL,'2023-02-27 11:33:15','2023-02-27 11:33:15',NULL),(1205,8522,1205,3,40718,40814,57,1520,2,0,'2023-02-18','2023-02-18',21436.36,1,1.00,'Factura A N°: 0005-00005283',NULL,'2023-02-27 11:33:15','2023-02-27 11:33:15',NULL),(1206,8522,1206,3,40718,40814,57,1520,2,0,'2023-02-18','2023-02-18',9056.85,1,1.00,'Factura A N°: 0005-00005168',NULL,'2023-02-27 11:33:15','2023-02-27 11:33:15',NULL),(1207,8522,1207,3,40718,40814,57,1520,2,0,'2023-02-18','2023-02-18',28211.15,1,1.00,'Factura A N°: 0005-00005870',NULL,'2023-02-27 11:33:15','2023-02-27 11:33:15',NULL),(1208,8522,1208,3,40718,40814,57,1520,2,0,'2023-02-18','2023-02-18',31758.87,1,1.00,'Factura A N°: 0005-00003569',NULL,'2023-02-27 11:33:15','2023-02-27 11:33:15',NULL),(1209,8522,1209,3,40718,40814,57,1520,2,0,'2023-02-18','2023-02-18',16267.24,1,1.00,'Factura A N°: 0005-00004847',NULL,'2023-02-27 11:33:15','2023-02-27 11:33:15',NULL);
INSERT INTO `cta_cte_cliente` VALUES (1210,8522,1210,3,40718,40814,57,1520,2,0,'2023-02-18','2023-02-18',16746.40,1,1.00,'Factura A N°: 0005-00005273',NULL,'2023-02-27 11:33:15','2023-02-27 11:33:15',NULL),(1211,8522,1211,3,40718,40814,57,1520,2,0,'2023-02-18','2023-02-18',29381.00,1,1.00,'Factura B N°: 0005-00003229',NULL,'2023-02-27 11:33:15','2023-02-27 11:33:15',NULL),(1212,8522,1212,3,40718,40814,57,1520,2,0,'2023-02-18','2023-02-18',12162.00,1,1.00,'Factura B N°: 0005-00005341',NULL,'2023-02-27 11:33:15','2023-02-27 11:33:15',NULL),(1213,8522,1213,3,40718,40814,57,1520,2,0,'2023-02-18','2023-02-18',22126.00,1,1.00,'Factura B N°: 0005-00003565',NULL,'2023-02-27 11:33:15','2023-02-27 11:33:15',NULL),(1214,8522,1214,3,40718,40814,57,1520,2,0,'2023-02-18','2023-02-18',23656.00,1,1.00,'Factura B N°: 0005-00003757',NULL,'2023-02-27 11:33:15','2023-02-27 11:33:15',NULL),(1215,8522,1215,3,40718,40814,57,1520,1,0,'2023-02-18','2023-02-18',31758.87,1,1.00,'Nota de crédito A N°: 0005-00003569',NULL,'2023-02-27 11:33:15','2023-02-27 11:33:15',NULL),(1216,8522,1216,3,40718,40814,57,1520,1,0,'2023-02-18','2023-02-18',16267.24,1,1.00,'Nota de crédito A N°: 0005-00004847',NULL,'2023-02-27 11:33:15','2023-02-27 11:33:15',NULL),(1217,8522,1217,3,40718,40814,57,1520,1,0,'2023-02-18','2023-02-18',16746.40,1,1.00,'Nota de crédito A N°: 0005-00005273',NULL,'2023-02-27 11:33:15','2023-02-27 11:33:15',NULL),(1218,8522,1218,3,40718,40814,57,1521,2,0,'2023-03-23','2023-03-23',8900.76,1,1.00,'Factura A N°: 0005-00003153',NULL,'2023-02-27 11:33:15','2023-02-27 11:33:15',NULL),(1219,8522,1219,3,40718,40814,57,1521,2,0,'2023-03-23','2023-03-23',28263.18,1,1.00,'Factura A N°: 0005-00004698',NULL,'2023-02-27 11:33:15','2023-02-27 11:33:15',NULL),(1220,8522,1220,3,40718,40814,57,1521,2,0,'2023-03-23','2023-03-23',40469.66,1,1.00,'Factura A N°: 0005-00004082',NULL,'2023-02-27 11:33:15','2023-02-27 11:33:15',NULL),(1221,8522,1221,3,40718,40814,57,1521,2,0,'2023-03-23','2023-03-23',40358.28,1,1.00,'Factura A N°: 0005-00004539',NULL,'2023-02-27 11:33:15','2023-02-27 11:33:15',NULL),(1222,8522,1222,3,40718,40814,57,1521,2,0,'2023-03-23','2023-03-23',13774.64,1,1.00,'Factura A N°: 0005-00004602',NULL,'2023-02-27 11:33:15','2023-02-27 11:33:15',NULL),(1223,8522,1223,3,40718,40814,57,1521,2,0,'2023-03-23','2023-03-23',33927.19,1,1.00,'Factura A N°: 0005-00004585',NULL,'2023-02-27 11:33:16','2023-02-27 11:33:16',NULL),(1224,8522,1224,3,40718,40814,57,1521,2,0,'2023-03-23','2023-03-23',38447.75,1,1.00,'Factura A N°: 0005-00004950',NULL,'2023-02-27 11:33:16','2023-02-27 11:33:16',NULL),(1225,8522,1225,3,40718,40814,57,1521,2,0,'2023-03-23','2023-03-23',26746.80,1,1.00,'Factura A N°: 0005-00003192',NULL,'2023-02-27 11:33:16','2023-02-27 11:33:16',NULL),(1226,8522,1226,3,40718,40814,57,1521,2,0,'2023-03-23','2023-03-23',21638.43,1,1.00,'Factura A N°: 0005-00005519',NULL,'2023-02-27 11:33:16','2023-02-27 11:33:16',NULL),(1227,8522,1227,3,40718,40814,57,1521,2,0,'2023-03-23','2023-03-23',11317.48,1,1.00,'Factura A N°: 0005-00003282',NULL,'2023-02-27 11:33:16','2023-02-27 11:33:16',NULL),(1228,8522,1228,3,40718,40814,57,1521,2,0,'2023-03-23','2023-03-23',36412.53,1,1.00,'Factura A N°: 0005-00003913',NULL,'2023-02-27 11:33:16','2023-02-27 11:33:16',NULL),(1229,8522,1229,3,40718,40814,57,1521,2,0,'2023-03-23','2023-03-23',31090.95,1,1.00,'Factura A N°: 0005-00004791',NULL,'2023-02-27 11:33:16','2023-02-27 11:33:16',NULL),(1230,8522,1230,3,40718,40814,57,1521,2,0,'2023-03-23','2023-03-23',40294.21,1,1.00,'Factura A N°: 0005-00004984',NULL,'2023-02-27 11:33:16','2023-02-27 11:33:16',NULL),(1231,8522,1231,3,40718,40814,57,1521,2,0,'2023-03-23','2023-03-23',38369.10,1,1.00,'Factura A N°: 0005-00004011',NULL,'2023-02-27 11:33:16','2023-02-27 11:33:16',NULL),(1232,8522,1232,3,40718,40814,57,1521,2,0,'2023-03-23','2023-03-23',26595.52,1,1.00,'Factura A N°: 0005-00005630',NULL,'2023-02-27 11:33:16','2023-02-27 11:33:16',NULL);
INSERT INTO `cta_cte_cliente` VALUES (1233,8522,1233,3,40718,40814,57,1521,2,0,'2023-03-23','2023-03-23',13820.62,1,1.00,'Factura A N°: 0005-00005649',NULL,'2023-02-27 11:33:16','2023-02-27 11:33:16',NULL),(1234,8522,1234,3,40718,40814,57,1521,2,0,'2023-03-23','2023-03-23',31714.24,1,1.00,'Factura A N°: 0005-00003006',NULL,'2023-02-27 11:33:16','2023-02-27 11:33:16',NULL),(1235,8522,1235,3,40718,40814,57,1521,2,0,'2023-03-23','2023-03-23',16751.24,1,1.00,'Factura A N°: 0005-00003409',NULL,'2023-02-27 11:33:16','2023-02-27 11:33:16',NULL),(1236,8522,1236,3,40718,40814,57,1521,2,0,'2023-03-23','2023-03-23',36854.04,1,1.00,'Factura A N°: 0005-00004863',NULL,'2023-02-27 11:33:16','2023-02-27 11:33:16',NULL),(1237,8522,1237,3,40718,40814,57,1521,2,0,'2023-03-23','2023-03-23',10960.18,1,1.00,'Factura A N°: 0005-00004331',NULL,'2023-02-27 11:33:16','2023-02-27 11:33:16',NULL),(1238,8522,1238,3,40718,40814,57,1521,2,0,'2023-03-23','2023-03-23',14874.53,1,1.00,'Factura A N°: 0005-00004982',NULL,'2023-02-27 11:33:17','2023-02-27 11:33:17',NULL),(1239,8522,1239,3,40718,40814,57,1521,2,0,'2023-03-23','2023-03-23',41548.98,1,1.00,'Factura A N°: 0005-00005326',NULL,'2023-02-27 11:33:17','2023-02-27 11:33:17',NULL),(1240,8522,1240,3,40718,40814,57,1521,2,0,'2023-03-23','2023-03-23',39521.02,1,1.00,'Factura A N°: 0005-00004770',NULL,'2023-02-27 11:33:17','2023-02-27 11:33:17',NULL),(1241,8522,1241,3,40718,40814,57,1521,2,0,'2023-03-23','2023-03-23',27754.98,1,1.00,'Factura A N°: 0005-00005515',NULL,'2023-02-27 11:33:17','2023-02-27 11:33:17',NULL),(1242,8522,1242,3,40718,40814,57,1521,2,0,'2023-03-23','2023-03-23',25929.09,1,1.00,'Factura A N°: 0005-00004638',NULL,'2023-02-27 11:33:17','2023-02-27 11:33:17',NULL),(1243,8522,1243,3,40718,40814,57,1521,2,0,'2023-03-23','2023-03-23',29919.00,1,1.00,'Factura B N°: 0005-00005094',NULL,'2023-02-27 11:33:17','2023-02-27 11:33:17',NULL),(1244,8522,1244,3,40718,40814,57,1521,2,0,'2023-03-23','2023-03-23',15673.00,1,1.00,'Factura B N°: 0005-00004666',NULL,'2023-02-27 11:33:17','2023-02-27 11:33:17',NULL),(1245,8522,1245,3,40718,40814,57,1521,2,0,'2023-03-23','2023-03-23',9836.00,1,1.00,'Factura B N°: 0005-00005859',NULL,'2023-02-27 11:33:17','2023-02-27 11:33:17',NULL),(1246,8522,1246,3,40718,40814,57,1521,2,0,'2023-03-23','2023-03-23',34386.00,1,1.00,'Factura B N°: 0005-00004166',NULL,'2023-02-27 11:33:17','2023-02-27 11:33:17',NULL),(1247,8522,1247,3,40718,40814,57,1521,2,0,'2023-03-23','2023-03-23',6692.00,1,1.00,'Factura B N°: 0005-00004589',NULL,'2023-02-27 11:33:17','2023-02-27 11:33:17',NULL),(1248,8522,1248,3,40718,40814,57,1521,1,0,'2023-03-23','2023-03-23',8900.76,1,1.00,'Nota de crédito A N°: 0005-00003153',NULL,'2023-02-27 11:33:17','2023-02-27 11:33:17',NULL),(1249,8522,1249,3,40718,40814,57,1521,1,0,'2023-03-23','2023-03-23',28263.18,1,1.00,'Nota de crédito A N°: 0005-00004698',NULL,'2023-02-27 11:33:17','2023-02-27 11:33:17',NULL),(1250,8522,1250,3,40718,40814,57,1521,1,0,'2023-03-23','2023-03-23',40469.66,1,1.00,'Nota de crédito A N°: 0005-00004082',NULL,'2023-02-27 11:33:17','2023-02-27 11:33:17',NULL),(1251,8522,1251,3,40718,40814,57,1521,1,0,'2023-03-23','2023-03-23',39381.87,1,1.00,'Nota de crédito A N°: 0005-00004539',NULL,'2023-02-27 11:33:17','2023-02-27 11:33:17',NULL),(1252,8522,1252,20,40718,3,13,1521,2,0,'2023-03-01','2023-03-01',10000.00,1,1.00,NULL,NULL,'2023-03-01 11:25:20','2023-03-01 11:25:20',NULL),(1253,8522,1253,20,40718,3,13,1521,1,0,'2023-03-01','2023-03-01',9000.00,1,1.00,'Saldo Inicial',NULL,'2023-03-01 11:27:21','2023-03-01 11:27:21',NULL),(1254,9172,1254,2,40816,40819,13,4549,1,0,'2023-05-01','2023-05-01',3110.00,1,1.00,'Factura B N°: 0001-00001629',NULL,'2023-06-21 19:47:04','2023-06-21 19:47:04',NULL),(1255,9172,1255,2,40816,40819,13,4549,1,0,'2023-05-02','2023-05-02',800.00,1,1.00,'Factura B N°: 0001-00001631',NULL,'2023-06-21 19:47:04','2023-06-21 19:47:04',NULL);
INSERT INTO `cta_cte_cliente` VALUES (1256,9172,1256,2,40816,40819,13,4549,1,0,'2023-05-02','2023-05-02',2160.00,1,1.00,'Factura B N°: 0001-00001632',NULL,'2023-06-21 19:47:04','2023-06-21 19:47:04',NULL),(1257,9172,1257,2,40816,40819,13,4549,1,0,'2023-05-14','2023-05-14',3024.00,1,1.00,'Factura B N°: 0001-00001689',NULL,'2023-06-21 19:47:04','2023-06-21 19:47:04',NULL),(1258,9172,1258,2,40816,40819,13,4549,1,0,'2023-05-02','2023-05-02',2964.00,1,1.00,'Factura B N°: 0001-00001633',NULL,'2023-06-21 19:47:04','2023-06-21 19:47:04',NULL),(1259,9172,1259,2,40816,40819,13,4549,1,0,'2023-05-02','2023-05-02',800.00,1,1.00,'Factura B N°: 0001-00001630',NULL,'2023-06-21 19:47:04','2023-06-21 19:47:04',NULL),(1260,9172,1260,2,40816,40819,13,4549,1,0,'2023-05-03','2023-05-03',800.00,1,1.00,'Factura B N°: 0001-00001635',NULL,'2023-06-21 19:47:04','2023-06-21 19:47:04',NULL),(1261,9172,1261,2,40816,40819,13,4549,1,0,'2023-05-03','2023-05-03',800.00,1,1.00,'Factura B N°: 0001-00001634',NULL,'2023-06-21 19:47:04','2023-06-21 19:47:04',NULL),(1262,9172,1262,2,40816,40819,13,4549,1,0,'2023-05-03','2023-05-03',3216.00,1,1.00,'Factura B N°: 0001-00001636',NULL,'2023-06-21 19:47:04','2023-06-21 19:47:04',NULL),(1263,9172,1263,2,40816,40819,13,4549,1,0,'2023-05-04','2023-05-04',800.00,1,1.00,'Factura B N°: 0001-00001638',NULL,'2023-06-21 19:47:04','2023-06-21 19:47:04',NULL),(1264,9172,1264,2,40816,40819,13,4549,1,0,'2023-05-04','2023-05-04',1728.00,1,1.00,'Factura B N°: 0001-00001639',NULL,'2023-06-21 19:47:04','2023-06-21 19:47:04',NULL),(1265,9172,1265,2,40816,40819,13,4549,1,0,'2023-05-04','2023-05-04',864.00,1,1.00,'Factura B N°: 0001-00001641',NULL,'2023-06-21 19:47:04','2023-06-21 19:47:04',NULL),(1266,9172,1266,2,40816,40819,13,4549,1,0,'2023-05-04','2023-05-04',1600.00,1,1.00,'Factura B N°: 0001-00001640',NULL,'2023-06-21 19:47:04','2023-06-21 19:47:04',NULL),(1267,9172,1267,2,40816,40819,13,4549,1,0,'2023-05-04','2023-05-04',800.00,1,1.00,'Factura B N°: 0001-00001637',NULL,'2023-06-21 19:47:04','2023-06-21 19:47:04',NULL),(1268,9172,1268,2,40816,40819,13,4549,1,0,'2023-05-05','2023-05-05',3456.00,1,1.00,'Factura B N°: 0001-00001643',NULL,'2023-06-21 19:47:04','2023-06-21 19:47:04',NULL),(1269,9172,1269,2,40816,40819,13,4549,1,0,'2023-05-05','2023-05-05',1922.40,1,1.00,'Factura B N°: 0001-00001642',NULL,'2023-06-21 19:47:04','2023-06-21 19:47:04',NULL),(1270,9172,1270,2,40816,40819,13,4549,1,0,'2023-05-06','2023-05-06',2790.00,1,1.00,'Factura B N°: 0001-00001646',NULL,'2023-06-21 19:47:04','2023-06-21 19:47:04',NULL),(1271,9172,1271,2,40816,40819,13,4549,1,0,'2023-05-06','2023-05-06',6899.40,1,1.00,'Factura B N°: 0001-00001645',NULL,'2023-06-21 19:47:04','2023-06-21 19:47:04',NULL),(1272,9172,1272,2,40816,40819,13,4549,1,0,'2023-05-06','2023-05-06',1780.00,1,1.00,'Factura B N°: 0001-00001651',NULL,'2023-06-21 19:47:05','2023-06-21 19:47:05',NULL),(1273,9172,1273,2,40816,40819,13,4549,1,0,'2023-05-06','2023-05-06',8340.00,1,1.00,'Factura B N°: 0001-00001644',NULL,'2023-06-21 19:47:05','2023-06-21 19:47:05',NULL),(1274,9172,1274,2,40816,40819,13,4549,1,0,'2023-05-06','2023-05-06',2106.00,1,1.00,'Factura B N°: 0001-00001650',NULL,'2023-06-21 19:47:05','2023-06-21 19:47:05',NULL),(1275,9172,1275,2,40816,40819,13,4549,1,0,'2023-05-06','2023-05-06',890.00,1,1.00,'Factura B N°: 0001-00001647',NULL,'2023-06-21 19:47:05','2023-06-21 19:47:05',NULL),(1276,9172,1276,2,40816,40819,13,4549,1,0,'2023-05-06','2023-05-06',890.00,1,1.00,'Factura B N°: 0001-00001649',NULL,'2023-06-21 19:47:05','2023-06-21 19:47:05',NULL),(1277,9172,1277,2,40816,40819,13,4549,1,0,'2023-05-06','2023-05-06',4869.00,1,1.00,'Factura B N°: 0001-00001648',NULL,'2023-06-21 19:47:05','2023-06-21 19:47:05',NULL),(1278,9172,1278,2,40816,40819,13,4549,1,0,'2023-05-07','2023-05-07',750.00,1,1.00,'Factura B N°: 0001-00001655',NULL,'2023-06-21 19:47:05','2023-06-21 19:47:05',NULL);
INSERT INTO `cta_cte_cliente` VALUES (1279,9172,1279,2,40816,40819,13,4549,1,0,'2023-05-07','2023-05-07',750.00,1,1.00,'Factura B N°: 0001-00001659',NULL,'2023-06-21 19:47:05','2023-06-21 19:47:05',NULL),(1280,9172,1280,2,40816,40819,13,4549,1,0,'2023-05-07','2023-05-07',1922.40,1,1.00,'Factura B N°: 0001-00001658',NULL,'2023-06-21 19:47:05','2023-06-21 19:47:05',NULL),(1281,9172,1281,2,40816,40819,13,4549,1,0,'2023-05-07','2023-05-07',1026.00,1,1.00,'Factura B N°: 0001-00001664',NULL,'2023-06-21 19:47:05','2023-06-21 19:47:05',NULL),(1282,9172,1282,2,40816,40819,13,4549,1,0,'2023-05-07','2023-05-07',990.00,1,1.00,'Factura B N°: 0001-00001661',NULL,'2023-06-21 19:47:05','2023-06-21 19:47:05',NULL),(1283,9172,1283,2,40816,40819,13,4549,1,0,'2023-05-07','2023-05-07',1640.00,1,1.00,'Factura B N°: 0001-00001657',NULL,'2023-06-21 19:47:05','2023-06-21 19:47:05',NULL),(1284,9172,1284,2,40816,40819,13,4549,1,0,'2023-05-07','2023-05-07',961.20,1,1.00,'Factura B N°: 0001-00001662',NULL,'2023-06-21 19:47:05','2023-06-21 19:47:05',NULL),(1285,9172,1285,2,40816,40819,13,4549,1,0,'2023-05-07','2023-05-07',1512.00,1,1.00,'Factura B N°: 0001-00001663',NULL,'2023-06-21 19:47:05','2023-06-21 19:47:05',NULL),(1286,9172,1286,2,40816,40819,13,4549,1,0,'2023-05-07','2023-05-07',1069.20,1,1.00,'Factura B N°: 0001-00001653',NULL,'2023-06-21 19:47:05','2023-06-21 19:47:05',NULL),(1287,9172,1287,2,40816,40819,13,4549,1,0,'2023-05-07','2023-05-07',1500.00,1,1.00,'Factura B N°: 0001-00001665',NULL,'2023-06-21 19:47:05','2023-06-21 19:47:05',NULL),(1288,9172,1288,2,40816,40819,13,4549,1,0,'2023-05-07','2023-05-07',890.00,1,1.00,'Factura B N°: 0001-00001652',NULL,'2023-06-21 19:47:06','2023-06-21 19:47:06',NULL),(1289,9172,1289,2,40816,40819,13,4549,1,0,'2023-05-07','2023-05-07',4527.00,1,1.00,'Factura B N°: 0001-00001654',NULL,'2023-06-21 19:47:06','2023-06-21 19:47:06',NULL),(1290,9172,1290,2,40816,40819,13,4549,1,0,'2023-05-07','2023-05-07',890.00,1,1.00,'Factura B N°: 0001-00001660',NULL,'2023-06-21 19:47:06','2023-06-21 19:47:06',NULL),(1291,9172,1291,2,40816,40819,13,4549,1,0,'2023-05-07','2023-05-07',3542.40,1,1.00,'Factura B N°: 0001-00001656',NULL,'2023-06-21 19:47:06','2023-06-21 19:47:06',NULL),(1292,9172,1292,2,40816,40819,13,4549,2,0,'2023-05-07','2023-05-07',750.00,1,1.00,'Nota de crédito B N°: 0001-00000070',NULL,'2023-06-21 19:47:06','2023-06-21 19:47:06',NULL),(1293,9172,1293,2,40816,40819,13,4549,1,0,'2023-05-09','2023-05-09',750.00,1,1.00,'Factura B N°: 0001-00001666',NULL,'2023-06-21 19:47:06','2023-06-21 19:47:06',NULL),(1294,9172,1294,2,40816,40819,13,4549,1,0,'2023-05-10','2023-05-10',1500.00,1,1.00,'Factura B N°: 0001-00001667',NULL,'2023-06-21 19:47:06','2023-06-21 19:47:06',NULL),(1295,9172,1295,2,40816,40819,13,4549,1,0,'2023-05-11','2023-05-11',1640.00,1,1.00,'Factura B N°: 0001-00001669',NULL,'2023-06-21 19:47:06','2023-06-21 19:47:06',NULL),(1296,9172,1296,2,40816,40819,13,4549,1,0,'2023-05-11','2023-05-11',1922.40,1,1.00,'Factura B N°: 0001-00001668',NULL,'2023-06-21 19:47:06','2023-06-21 19:47:06',NULL),(1297,9172,1297,2,40816,40819,13,4549,1,0,'2023-05-11','2023-05-11',750.00,1,1.00,'Factura B N°: 0001-00001670',NULL,'2023-06-21 19:47:06','2023-06-21 19:47:06',NULL),(1298,9172,1298,2,40816,40819,13,4549,1,0,'2023-05-12','2023-05-12',2250.00,1,1.00,'Factura B N°: 0001-00001677',NULL,'2023-06-21 19:47:06','2023-06-21 19:47:06',NULL),(1299,9172,1299,2,40816,40819,13,4549,1,0,'2023-05-12','2023-05-12',750.00,1,1.00,'Factura B N°: 0001-00001675',NULL,'2023-06-21 19:47:06','2023-06-21 19:47:06',NULL),(1300,9172,1300,2,40816,40819,13,4549,1,0,'2023-05-12','2023-05-12',1922.40,1,1.00,'Factura B N°: 0001-00001671',NULL,'2023-06-21 19:47:06','2023-06-21 19:47:06',NULL),(1301,9172,1301,2,40816,40819,13,4549,1,0,'2023-05-12','2023-05-12',4220.00,1,1.00,'Factura B N°: 0001-00001674',NULL,'2023-06-21 19:47:07','2023-06-21 19:47:07',NULL);
INSERT INTO `cta_cte_cliente` VALUES (1302,9172,1302,2,40816,40819,13,4549,1,0,'2023-05-12','2023-05-12',3132.00,1,1.00,'Factura B N°: 0001-00001678',NULL,'2023-06-21 19:47:07','2023-06-21 19:47:07',NULL),(1303,9172,1303,2,40816,40819,13,4549,1,0,'2023-05-12','2023-05-12',750.00,1,1.00,'Factura B N°: 0001-00001673',NULL,'2023-06-21 19:47:07','2023-06-21 19:47:07',NULL),(1304,9172,1304,2,40816,40819,13,4549,1,0,'2023-05-12','2023-05-12',890.00,1,1.00,'Factura B N°: 0001-00001676',NULL,'2023-06-21 19:47:07','2023-06-21 19:47:07',NULL),(1305,9172,1305,2,40816,40819,13,4549,1,0,'2023-05-12','2023-05-12',1080.00,1,1.00,'Factura B N°: 0001-00001672',NULL,'2023-06-21 19:47:07','2023-06-21 19:47:07',NULL),(1306,9172,1306,2,40816,40819,13,4549,1,0,'2023-05-13','2023-05-13',1500.00,1,1.00,'Factura B N°: 0001-00001682',NULL,'2023-06-21 19:47:07','2023-06-21 19:47:07',NULL),(1307,9172,1307,2,40816,40819,13,4549,1,0,'2023-05-13','2023-05-13',1880.00,1,1.00,'Factura B N°: 0001-00001680',NULL,'2023-06-21 19:47:07','2023-06-21 19:47:07',NULL),(1308,9172,1308,2,40816,40819,13,4549,1,0,'2023-05-13','2023-05-13',1922.40,1,1.00,'Factura B N°: 0001-00001679',NULL,'2023-06-21 19:47:07','2023-06-21 19:47:07',NULL),(1309,9172,1309,2,40816,40819,13,4549,1,0,'2023-05-13','2023-05-13',3200.00,1,1.00,'Factura B N°: 0001-00001684',NULL,'2023-06-21 19:47:07','2023-06-21 19:47:07',NULL),(1310,9172,1310,2,40816,40819,13,4549,1,0,'2023-05-13','2023-05-13',990.00,1,1.00,'Factura B N°: 0001-00001681',NULL,'2023-06-21 19:47:07','2023-06-21 19:47:07',NULL),(1311,9172,1311,2,40816,40819,13,4549,1,0,'2023-05-13','2023-05-13',2250.00,1,1.00,'Factura B N°: 0001-00001685',NULL,'2023-06-21 19:47:07','2023-06-21 19:47:07',NULL),(1312,9172,1312,2,40816,40819,13,4549,1,0,'2023-05-13','2023-05-13',1500.00,1,1.00,'Factura B N°: 0001-00001683',NULL,'2023-06-21 19:47:07','2023-06-21 19:47:07',NULL),(1313,9172,1313,2,40816,40819,13,4549,1,0,'2023-05-14','2023-05-14',1500.00,1,1.00,'Factura B N°: 0001-00001690',NULL,'2023-06-21 19:47:07','2023-06-21 19:47:07',NULL),(1314,9172,1314,2,40816,40819,13,4549,1,0,'2023-05-14','2023-05-14',890.00,1,1.00,'Factura B N°: 0001-00001697',NULL,'2023-06-21 19:47:07','2023-06-21 19:47:07',NULL),(1315,9172,1315,2,40816,40819,13,4549,1,0,'2023-05-14','2023-05-14',750.00,1,1.00,'Factura B N°: 0001-00001694',NULL,'2023-06-21 19:47:07','2023-06-21 19:47:07',NULL),(1316,9172,1316,2,40816,40819,13,4549,1,0,'2023-05-14','2023-05-14',650.00,1,1.00,'Factura B N°: 0001-00001692',NULL,'2023-06-21 19:47:07','2023-06-21 19:47:07',NULL),(1317,9172,1317,2,40816,40819,13,4549,1,0,'2023-05-24','2023-05-24',1540.00,1,1.00,'Factura B N°: 0001-00001759',NULL,'2023-06-21 19:47:07','2023-06-21 19:47:07',NULL),(1318,9172,1318,2,40816,40819,13,4549,1,0,'2023-05-28','2023-05-28',890.00,1,1.00,'Factura B N°: 0001-00001798',NULL,'2023-06-21 19:47:07','2023-06-21 19:47:07',NULL),(1319,9172,1319,2,40816,40819,13,4549,1,0,'2023-05-14','2023-05-14',2840.40,1,1.00,'Factura B N°: 0001-00001688',NULL,'2023-06-21 19:47:07','2023-06-21 19:47:07',NULL),(1320,9172,1320,2,40816,40819,13,4549,1,0,'2023-05-14','2023-05-14',1500.00,1,1.00,'Factura B N°: 0001-00001695',NULL,'2023-06-21 19:47:07','2023-06-21 19:47:07',NULL),(1321,9172,1321,2,40816,40819,13,4549,1,0,'2023-05-14','2023-05-14',750.00,1,1.00,'Factura B N°: 0001-00001696',NULL,'2023-06-21 19:47:08','2023-06-21 19:47:08',NULL),(1322,9172,1322,2,40816,40819,13,4549,1,0,'2023-05-14','2023-05-14',1880.00,1,1.00,'Factura B N°: 0001-00001687',NULL,'2023-06-21 19:47:08','2023-06-21 19:47:08',NULL),(1323,9172,1323,2,40816,40819,13,4549,1,0,'2023-05-14','2023-05-14',1771.20,1,1.00,'Factura B N°: 0001-00001686',NULL,'2023-06-21 19:47:08','2023-06-21 19:47:08',NULL),(1324,9172,1324,2,40816,40819,13,4549,1,0,'2023-05-14','2023-05-14',1500.00,1,1.00,'Factura B N°: 0001-00001693',NULL,'2023-06-21 19:47:08','2023-06-21 19:47:08',NULL);
INSERT INTO `cta_cte_cliente` VALUES (1325,9172,1325,2,40816,40819,13,4549,1,0,'2023-05-14','2023-05-14',750.00,1,1.00,'Factura B N°: 0001-00001691',NULL,'2023-06-21 19:47:08','2023-06-21 19:47:08',NULL),(1326,9172,1326,2,40816,40819,13,4549,1,0,'2023-05-15','2023-05-15',4525.20,1,1.00,'Factura B N°: 0001-00001698',NULL,'2023-06-21 19:47:08','2023-06-21 19:47:08',NULL),(1327,9172,1327,2,40816,40819,13,4549,1,0,'2023-05-16','2023-05-16',3290.00,1,1.00,'Factura B N°: 0001-00001699',NULL,'2023-06-21 19:47:08','2023-06-21 19:47:08',NULL),(1328,9172,1328,2,40816,40819,13,4549,1,0,'2023-05-16','2023-05-16',650.00,1,1.00,'Factura B N°: 0001-00001706',NULL,'2023-06-21 19:47:08','2023-06-21 19:47:08',NULL),(1329,9172,1329,2,40816,40819,13,4549,1,0,'2023-05-16','2023-05-16',650.00,1,1.00,'Factura B N°: 0001-00001701',NULL,'2023-06-21 19:47:08','2023-06-21 19:47:08',NULL),(1330,9172,1330,2,40816,40819,13,4549,1,0,'2023-05-16','2023-05-16',1300.00,1,1.00,'Factura B N°: 0001-00001705',NULL,'2023-06-21 19:47:08','2023-06-21 19:47:08',NULL),(1331,9172,1331,2,40816,40819,13,4549,1,0,'2023-05-16','2023-05-16',650.00,1,1.00,'Factura B N°: 0001-00001702',NULL,'2023-06-21 19:47:08','2023-06-21 19:47:08',NULL),(1332,9172,1332,2,40816,40819,13,4549,1,0,'2023-05-16','2023-05-16',1922.40,1,1.00,'Factura B N°: 0001-00001704',NULL,'2023-06-21 19:47:08','2023-06-21 19:47:08',NULL),(1333,9172,1333,2,40816,40819,13,4549,1,0,'2023-05-16','2023-05-16',650.00,1,1.00,'Factura B N°: 0001-00001703',NULL,'2023-06-21 19:47:08','2023-06-21 19:47:08',NULL),(1334,9172,1334,2,40816,40819,13,4549,1,0,'2023-05-16','2023-05-16',890.00,1,1.00,'Factura B N°: 0001-00001700',NULL,'2023-06-21 19:47:08','2023-06-21 19:47:08',NULL),(1335,9172,1335,2,40816,40819,13,4549,1,0,'2023-05-17','2023-05-17',2790.00,1,1.00,'Factura B N°: 0001-00001708',NULL,'2023-06-21 19:47:08','2023-06-21 19:47:08',NULL),(1336,9172,1336,2,40816,40819,13,4549,1,0,'2023-05-17','2023-05-17',650.00,1,1.00,'Factura B N°: 0001-00001711',NULL,'2023-06-21 19:47:08','2023-06-21 19:47:08',NULL),(1337,9172,1337,2,40816,40819,13,4549,1,0,'2023-05-17','2023-05-17',650.00,1,1.00,'Factura B N°: 0001-00001707',NULL,'2023-06-21 19:47:08','2023-06-21 19:47:08',NULL),(1338,9172,1338,2,40816,40819,13,4549,1,0,'2023-05-17','2023-05-17',2012.00,1,1.00,'Factura B N°: 0001-00001713',NULL,'2023-06-21 19:47:08','2023-06-21 19:47:08',NULL),(1339,9172,1339,2,40816,40819,13,4549,1,0,'2023-05-17','2023-05-17',1780.00,1,1.00,'Factura B N°: 0001-00001712',NULL,'2023-06-21 19:47:08','2023-06-21 19:47:08',NULL),(1340,9172,1340,2,40816,40819,13,4549,1,0,'2023-05-17','2023-05-17',1950.00,1,1.00,'Factura B N°: 0001-00001710',NULL,'2023-06-21 19:47:08','2023-06-21 19:47:08',NULL),(1341,9172,1341,2,40816,40819,13,4549,1,0,'2023-05-17','2023-05-17',650.00,1,1.00,'Factura B N°: 0001-00001709',NULL,'2023-06-21 19:47:08','2023-06-21 19:47:08',NULL),(1342,9172,1342,2,40816,40819,13,4549,1,0,'2023-05-17','2023-05-17',650.00,1,1.00,'Factura B N°: 0001-00001714',NULL,'2023-06-21 19:47:09','2023-06-21 19:47:09',NULL),(1343,9172,1343,2,40816,40819,13,4549,1,0,'2023-05-18','2023-05-18',7960.00,1,1.00,'Factura B N°: 0001-00001719',NULL,'2023-06-21 19:47:09','2023-06-21 19:47:09',NULL),(1344,9172,1344,2,40816,40819,13,4549,1,0,'2023-05-18','2023-05-18',3024.00,1,1.00,'Factura B N°: 0001-00001724',NULL,'2023-06-21 19:47:09','2023-06-21 19:47:09',NULL),(1345,9172,1345,2,40816,40819,13,4549,1,0,'2023-05-18','2023-05-18',1771.20,1,1.00,'Factura B N°: 0001-00001723',NULL,'2023-06-21 19:47:09','2023-06-21 19:47:09',NULL),(1346,9172,1346,2,40816,40819,13,4549,1,0,'2023-05-18','2023-05-18',650.00,1,1.00,'Factura B N°: 0001-00001721',NULL,'2023-06-21 19:47:09','2023-06-21 19:47:09',NULL),(1347,9172,1347,2,40816,40819,13,4549,1,0,'2023-05-18','2023-05-18',3231.00,1,1.00,'Factura B N°: 0001-00001717',NULL,'2023-06-21 19:47:09','2023-06-21 19:47:09',NULL);
INSERT INTO `cta_cte_cliente` VALUES (1348,9172,1348,2,40816,40819,13,4549,1,0,'2023-05-18','2023-05-18',1300.00,1,1.00,'Factura B N°: 0001-00001718',NULL,'2023-06-21 19:47:09','2023-06-21 19:47:09',NULL),(1349,9172,1349,2,40816,40819,13,4549,1,0,'2023-05-18','2023-05-18',650.00,1,1.00,'Factura B N°: 0001-00001720',NULL,'2023-06-21 19:47:09','2023-06-21 19:47:09',NULL),(1350,9172,1350,2,40816,40819,13,4549,1,0,'2023-05-18','2023-05-18',1780.00,1,1.00,'Factura B N°: 0001-00001722',NULL,'2023-06-21 19:47:09','2023-06-21 19:47:09',NULL),(1351,9172,1351,2,40816,40819,13,4549,1,0,'2023-05-18','2023-05-18',1300.00,1,1.00,'Factura B N°: 0001-00001716',NULL,'2023-06-21 19:47:10','2023-06-21 19:47:10',NULL),(1352,9172,1352,2,40816,40819,13,4549,1,0,'2023-05-18','2023-05-18',650.00,1,1.00,'Factura B N°: 0001-00001715',NULL,'2023-06-21 19:47:10','2023-06-21 19:47:10',NULL),(1353,9172,1353,2,40816,40819,13,4549,1,0,'2023-05-19','2023-05-19',1512.00,1,1.00,'Factura B N°: 0001-00001728',NULL,'2023-06-21 19:47:10','2023-06-21 19:47:10',NULL),(1354,9172,1354,2,40816,40819,13,4549,1,0,'2023-05-19','2023-05-19',750.00,1,1.00,'Factura B N°: 0001-00001726',NULL,'2023-06-21 19:47:10','2023-06-21 19:47:10',NULL),(1355,9172,1355,2,40816,40819,13,4549,1,0,'2023-05-19','2023-05-19',1880.00,1,1.00,'Factura B N°: 0001-00001727',NULL,'2023-06-21 19:47:10','2023-06-21 19:47:10',NULL),(1356,9172,1356,2,40816,40819,13,4549,1,0,'2023-05-19','2023-05-19',750.00,1,1.00,'Factura B N°: 0001-00001725',NULL,'2023-06-21 19:47:10','2023-06-21 19:47:10',NULL),(1357,9172,1357,2,40816,40819,13,4549,2,0,'2023-05-19','2023-05-19',750.00,1,1.00,'Nota de crédito B N°: 0001-00000071',NULL,'2023-06-21 19:47:10','2023-06-21 19:47:10',NULL),(1358,9172,1358,2,40816,40819,13,4549,1,0,'2023-05-20','2023-05-20',1300.00,1,1.00,'Factura B N°: 0001-00001730',NULL,'2023-06-21 19:47:10','2023-06-21 19:47:10',NULL),(1359,9172,1359,2,40816,40819,13,4549,1,0,'2023-05-20','2023-05-20',1600.00,1,1.00,'Factura B N°: 0001-00001729',NULL,'2023-06-21 19:47:10','2023-06-21 19:47:10',NULL),(1360,9172,1360,2,40816,40819,13,4549,1,0,'2023-05-20','2023-05-20',3200.00,1,1.00,'Factura B N°: 0001-00001733',NULL,'2023-06-21 19:47:10','2023-06-21 19:47:10',NULL),(1361,9172,1361,2,40816,40819,13,4549,1,0,'2023-05-20','2023-05-20',3510.00,1,1.00,'Factura B N°: 0001-00001732',NULL,'2023-06-21 19:47:10','2023-06-21 19:47:10',NULL),(1362,9172,1362,2,40816,40819,13,4549,1,0,'2023-05-20','2023-05-20',650.00,1,1.00,'Factura B N°: 0001-00001731',NULL,'2023-06-21 19:47:10','2023-06-21 19:47:10',NULL),(1363,9172,1363,2,40816,40819,13,4549,1,0,'2023-05-21','2023-05-21',750.00,1,1.00,'Factura B N°: 0001-00001735',NULL,'2023-06-21 19:47:10','2023-06-21 19:47:10',NULL),(1364,9172,1364,2,40816,40819,13,4549,1,0,'2023-05-21','2023-05-21',1140.00,1,1.00,'Factura B N°: 0001-00001734',NULL,'2023-06-21 19:47:10','2023-06-21 19:47:10',NULL),(1365,9172,1365,2,40816,40819,13,4549,1,0,'2023-05-21','2023-05-21',3456.00,1,1.00,'Factura B N°: 0001-00001738',NULL,'2023-06-21 19:47:10','2023-06-21 19:47:10',NULL),(1366,9172,1366,2,40816,40819,13,4549,1,0,'2023-05-21','2023-05-21',4190.00,1,1.00,'Factura B N°: 0001-00001736',NULL,'2023-06-21 19:47:10','2023-06-21 19:47:10',NULL),(1367,9172,1367,2,40816,40819,13,4549,1,0,'2023-05-21','2023-05-21',3542.40,1,1.00,'Factura B N°: 0001-00001737',NULL,'2023-06-21 19:47:10','2023-06-21 19:47:10',NULL),(1368,9172,1368,2,40816,40819,13,4549,2,0,'2023-05-21','2023-05-21',3542.40,1,1.00,'Nota de crédito B N°: 0001-00000072',NULL,'2023-06-21 19:47:10','2023-06-21 19:47:10',NULL),(1369,9172,1369,2,40816,40819,13,4549,1,0,'2023-05-22','2023-05-22',961.20,1,1.00,'Factura B N°: 0001-00001739',NULL,'2023-06-21 19:47:11','2023-06-21 19:47:11',NULL),(1370,9172,1370,2,40816,40819,13,4549,1,0,'2023-05-23','2023-05-23',1771.20,1,1.00,'Factura B N°: 0001-00001741',NULL,'2023-06-21 19:47:11','2023-06-21 19:47:11',NULL);
INSERT INTO `cta_cte_cliente` VALUES (1371,9172,1371,2,40816,40819,13,4549,1,0,'2023-05-23','2023-05-23',890.00,1,1.00,'Factura B N°: 0001-00001746',NULL,'2023-06-21 19:47:11','2023-06-21 19:47:11',NULL),(1372,9172,1372,2,40816,40819,13,4549,1,0,'2023-05-23','2023-05-23',890.00,1,1.00,'Factura B N°: 0001-00001742',NULL,'2023-06-21 19:47:11','2023-06-21 19:47:11',NULL),(1373,9172,1373,2,40816,40819,13,4549,1,0,'2023-05-23','2023-05-23',1140.00,1,1.00,'Factura B N°: 0001-00001748',NULL,'2023-06-21 19:47:11','2023-06-21 19:47:11',NULL),(1374,9172,1374,2,40816,40819,13,4549,1,0,'2023-05-23','2023-05-23',890.00,1,1.00,'Factura B N°: 0001-00001747',NULL,'2023-06-21 19:47:11','2023-06-21 19:47:11',NULL),(1375,9172,1375,2,40816,40819,13,4549,1,0,'2023-05-23','2023-05-23',961.20,1,1.00,'Factura B N°: 0001-00001740',NULL,'2023-06-21 19:47:11','2023-06-21 19:47:11',NULL),(1376,9172,1376,2,40816,40819,13,4549,1,0,'2023-05-23','2023-05-23',1600.00,1,1.00,'Factura B N°: 0001-00001745',NULL,'2023-06-21 19:47:11','2023-06-21 19:47:11',NULL),(1377,9172,1377,2,40816,40819,13,4549,1,0,'2023-05-23','2023-05-23',2790.00,1,1.00,'Factura B N°: 0001-00001743',NULL,'2023-06-21 19:47:11','2023-06-21 19:47:11',NULL),(1378,9172,1378,2,40816,40819,13,4549,1,0,'2023-05-23','2023-05-23',750.00,1,1.00,'Factura B N°: 0001-00001744',NULL,'2023-06-21 19:47:11','2023-06-21 19:47:11',NULL),(1379,9172,1379,2,40816,40819,13,4549,2,0,'2023-05-23','2023-05-23',2790.00,1,1.00,'Nota de crédito B N°: 0001-00000073',NULL,'2023-06-21 19:47:11','2023-06-21 19:47:11',NULL),(1380,9172,1380,2,40816,40819,13,4549,1,0,'2023-05-24','2023-05-24',1922.40,1,1.00,'Factura B N°: 0001-00001749',NULL,'2023-06-21 19:47:11','2023-06-21 19:47:11',NULL),(1381,9172,1381,2,40816,40819,13,4549,1,0,'2023-05-24','2023-05-24',650.00,1,1.00,'Factura B N°: 0001-00001751',NULL,'2023-06-21 19:47:11','2023-06-21 19:47:11',NULL),(1382,9172,1382,2,40816,40819,13,4549,1,0,'2023-05-24','2023-05-24',890.00,1,1.00,'Factura B N°: 0001-00001756',NULL,'2023-06-21 19:47:11','2023-06-21 19:47:11',NULL),(1383,9172,1383,2,40816,40819,13,4549,1,0,'2023-05-24','2023-05-24',3456.00,1,1.00,'Factura B N°: 0001-00001760',NULL,'2023-06-21 19:47:11','2023-06-21 19:47:11',NULL),(1384,9172,1384,2,40816,40819,13,4549,1,0,'2023-05-24','2023-05-24',2450.00,1,1.00,'Factura B N°: 0001-00001753',NULL,'2023-06-21 19:47:11','2023-06-21 19:47:11',NULL),(1385,9172,1385,2,40816,40819,13,4549,1,0,'2023-05-24','2023-05-24',6430.00,1,1.00,'Factura B N°: 0001-00001757',NULL,'2023-06-21 19:47:11','2023-06-21 19:47:11',NULL),(1386,9172,1386,2,40816,40819,13,4549,1,0,'2023-05-24','2023-05-24',890.00,1,1.00,'Factura B N°: 0001-00001758',NULL,'2023-06-21 19:47:12','2023-06-21 19:47:12',NULL),(1387,9172,1387,2,40816,40819,13,4549,1,0,'2023-05-24','2023-05-24',3940.00,1,1.00,'Factura B N°: 0001-00001754',NULL,'2023-06-21 19:47:12','2023-06-21 19:47:12',NULL),(1388,9172,1388,2,40816,40819,13,4549,1,0,'2023-05-24','2023-05-24',2530.00,1,1.00,'Factura B N°: 0001-00001750',NULL,'2023-06-21 19:47:12','2023-06-21 19:47:12',NULL),(1389,9172,1389,2,40816,40819,13,4549,1,0,'2023-05-24','2023-05-24',650.00,1,1.00,'Factura B N°: 0001-00001752',NULL,'2023-06-21 19:47:12','2023-06-21 19:47:12',NULL),(1390,9172,1390,2,40816,40819,13,4549,1,0,'2023-05-24','2023-05-24',3940.00,1,1.00,'Factura B N°: 0001-00001755',NULL,'2023-06-21 19:47:12','2023-06-21 19:47:12',NULL),(1391,9172,1391,2,40816,40819,13,4549,2,0,'2023-05-24','2023-05-24',3940.00,1,1.00,'Nota de crédito B N°: 0001-00000074',NULL,'2023-06-21 19:47:12','2023-06-21 19:47:12',NULL),(1392,9172,1392,2,40816,40819,13,4549,1,0,'2023-05-25','2023-05-25',890.00,1,1.00,'Factura B N°: 0001-00001768',NULL,'2023-06-21 19:47:12','2023-06-21 19:47:12',NULL),(1393,9172,1393,2,40816,40819,13,4549,1,0,'2023-05-25','2023-05-25',1922.40,1,1.00,'Factura B N°: 0001-00001767',NULL,'2023-06-21 19:47:12','2023-06-21 19:47:12',NULL);
INSERT INTO `cta_cte_cliente` VALUES (1394,9172,1394,2,40816,40819,13,4549,1,0,'2023-05-25','2023-05-25',3231.00,1,1.00,'Factura B N°: 0001-00001765',NULL,'2023-06-21 19:47:12','2023-06-21 19:47:12',NULL),(1395,9172,1395,2,40816,40819,13,4549,1,0,'2023-05-25','2023-05-25',890.00,1,1.00,'Factura B N°: 0001-00001766',NULL,'2023-06-21 19:47:12','2023-06-21 19:47:12',NULL),(1396,9172,1396,2,40816,40819,13,4549,1,0,'2023-05-25','2023-05-25',4869.00,1,1.00,'Factura B N°: 0001-00001762',NULL,'2023-06-21 19:47:12','2023-06-21 19:47:12',NULL),(1397,9172,1397,2,40816,40819,13,4549,1,0,'2023-05-25','2023-05-25',890.00,1,1.00,'Factura B N°: 0001-00001764',NULL,'2023-06-21 19:47:12','2023-06-21 19:47:12',NULL),(1398,9172,1398,2,40816,40819,13,4549,1,0,'2023-05-25','2023-05-25',1771.20,1,1.00,'Factura B N°: 0001-00001763',NULL,'2023-06-21 19:47:12','2023-06-21 19:47:12',NULL),(1399,9172,1399,2,40816,40819,13,4549,1,0,'2023-05-25','2023-05-25',890.00,1,1.00,'Factura B N°: 0001-00001770',NULL,'2023-06-21 19:47:12','2023-06-21 19:47:12',NULL),(1400,9172,1400,2,40816,40819,13,4549,1,0,'2023-05-25','2023-05-25',1922.40,1,1.00,'Factura B N°: 0001-00001775',NULL,'2023-06-21 19:47:12','2023-06-21 19:47:12',NULL),(1401,9172,1401,2,40816,40819,13,4549,1,0,'2023-05-25','2023-05-25',700.00,1,1.00,'Factura B N°: 0001-00001761',NULL,'2023-06-21 19:47:12','2023-06-21 19:47:12',NULL),(1402,9172,1402,2,40816,40819,13,4549,1,0,'2023-05-25','2023-05-25',890.00,1,1.00,'Factura B N°: 0001-00001774',NULL,'2023-06-21 19:47:12','2023-06-21 19:47:12',NULL),(1403,9172,1403,2,40816,40819,13,4549,1,0,'2023-05-25','2023-05-25',3583.20,1,1.00,'Factura B N°: 0001-00001772',NULL,'2023-06-21 19:47:12','2023-06-21 19:47:12',NULL),(1404,9172,1404,2,40816,40819,13,4549,1,0,'2023-05-25','2023-05-25',3722.00,1,1.00,'Factura B N°: 0001-00001769',NULL,'2023-06-21 19:47:12','2023-06-21 19:47:12',NULL),(1405,9172,1405,2,40816,40819,13,4549,1,0,'2023-05-25','2023-05-25',1780.00,1,1.00,'Factura B N°: 0001-00001771',NULL,'2023-06-21 19:47:12','2023-06-21 19:47:12',NULL),(1406,9172,1406,2,40816,40819,13,4549,1,0,'2023-05-25','2023-05-25',1780.00,1,1.00,'Factura B N°: 0001-00001773',NULL,'2023-06-21 19:47:12','2023-06-21 19:47:12',NULL),(1407,9172,1407,2,40816,40819,13,4549,1,0,'2023-05-26','2023-05-26',890.00,1,1.00,'Factura B N°: 0001-00001778',NULL,'2023-06-21 19:47:12','2023-06-21 19:47:12',NULL),(1408,9172,1408,2,40816,40819,13,4549,1,0,'2023-05-26','2023-05-26',890.00,1,1.00,'Factura B N°: 0001-00001783',NULL,'2023-06-21 19:47:12','2023-06-21 19:47:12',NULL),(1409,9172,1409,2,40816,40819,13,4549,1,0,'2023-05-26','2023-05-26',5356.80,1,1.00,'Factura B N°: 0001-00001782',NULL,'2023-06-21 19:47:13','2023-06-21 19:47:13',NULL),(1410,9172,1410,2,40816,40819,13,4549,1,0,'2023-05-26','2023-05-26',1512.00,1,1.00,'Factura B N°: 0001-00001777',NULL,'2023-06-21 19:47:13','2023-06-21 19:47:13',NULL),(1411,9172,1411,2,40816,40819,13,4549,1,0,'2023-05-26','2023-05-26',890.00,1,1.00,'Factura B N°: 0001-00001779',NULL,'2023-06-21 19:47:13','2023-06-21 19:47:13',NULL),(1412,9172,1412,2,40816,40819,13,4549,1,0,'2023-05-26','2023-05-26',3200.00,1,1.00,'Factura B N°: 0001-00001784',NULL,'2023-06-21 19:47:13','2023-06-21 19:47:13',NULL),(1413,9172,1413,2,40816,40819,13,4549,1,0,'2023-05-26','2023-05-26',1512.00,1,1.00,'Factura B N°: 0001-00001776',NULL,'2023-06-21 19:47:13','2023-06-21 19:47:13',NULL),(1414,9172,1414,2,40816,40819,13,4549,1,0,'2023-05-26','2023-05-26',1512.00,1,1.00,'Factura B N°: 0001-00001780',NULL,'2023-06-21 19:47:13','2023-06-21 19:47:13',NULL),(1415,9172,1415,2,40816,40819,13,4549,1,0,'2023-05-26','2023-05-26',10620.00,1,1.00,'Factura B N°: 0001-00001781',NULL,'2023-06-21 19:47:13','2023-06-21 19:47:13',NULL),(1416,9172,1416,2,40816,40819,13,4549,1,0,'2023-05-27','2023-05-27',3240.00,1,1.00,'Factura B N°: 0001-00001785',NULL,'2023-06-21 19:47:13','2023-06-21 19:47:13',NULL);
INSERT INTO `cta_cte_cliente` VALUES (1417,9172,1417,2,40816,40819,13,4549,1,0,'2023-05-27','2023-05-27',4257.00,1,1.00,'Factura B N°: 0001-00001791',NULL,'2023-06-21 19:47:13','2023-06-21 19:47:13',NULL),(1418,9172,1418,2,40816,40819,13,4549,1,0,'2023-05-27','2023-05-27',2100.00,1,1.00,'Factura B N°: 0001-00001792',NULL,'2023-06-21 19:47:13','2023-06-21 19:47:13',NULL),(1419,9172,1419,2,40816,40819,13,4549,1,0,'2023-05-27','2023-05-27',4200.00,1,1.00,'Factura B N°: 0001-00001790',NULL,'2023-06-21 19:47:13','2023-06-21 19:47:13',NULL),(1420,9172,1420,2,40816,40819,13,4549,1,0,'2023-05-27','2023-05-27',750.00,1,1.00,'Factura B N°: 0001-00001794',NULL,'2023-06-21 19:47:13','2023-06-21 19:47:13',NULL),(1421,9172,1421,2,40816,40819,13,4549,1,0,'2023-05-27','2023-05-27',1780.00,1,1.00,'Factura B N°: 0001-00001789',NULL,'2023-06-21 19:47:14','2023-06-21 19:47:14',NULL),(1422,9172,1422,2,40816,40819,13,4549,1,0,'2023-05-27','2023-05-27',1780.00,1,1.00,'Factura B N°: 0001-00001788',NULL,'2023-06-21 19:47:14','2023-06-21 19:47:14',NULL),(1423,9172,1423,2,40816,40819,13,4549,1,0,'2023-05-27','2023-05-27',2560.00,1,1.00,'Factura B N°: 0001-00001795',NULL,'2023-06-21 19:47:14','2023-06-21 19:47:14',NULL),(1424,9172,1424,2,40816,40819,13,4549,1,0,'2023-05-27','2023-05-27',2093.00,1,1.00,'Factura B N°: 0001-00001787',NULL,'2023-06-21 19:47:14','2023-06-21 19:47:14',NULL),(1425,9172,1425,2,40816,40819,13,4549,1,0,'2023-05-27','2023-05-27',3456.00,1,1.00,'Factura B N°: 0001-00001793',NULL,'2023-06-21 19:47:14','2023-06-21 19:47:14',NULL),(1426,9172,1426,2,40816,40819,13,4549,1,0,'2023-05-27','2023-05-27',3456.00,1,1.00,'Factura B N°: 0001-00001786',NULL,'2023-06-21 19:47:14','2023-06-21 19:47:14',NULL),(1427,9172,1427,2,40816,40819,13,4549,2,0,'2023-05-27','2023-05-27',2560.00,1,1.00,'Nota de crédito B N°: 0001-00000075',NULL,'2023-06-21 19:47:14','2023-06-21 19:47:14',NULL),(1428,9172,1428,2,40816,40819,13,4549,1,0,'2023-05-28','2023-05-28',455.00,1,1.00,'Factura B N°: 0001-00001797',NULL,'2023-06-21 19:47:14','2023-06-21 19:47:14',NULL),(1429,9172,1429,2,40816,40819,13,4549,1,0,'2023-05-28','2023-05-28',1780.00,1,1.00,'Factura B N°: 0001-00001796',NULL,'2023-06-21 19:47:14','2023-06-21 19:47:14',NULL),(1430,9172,1430,2,40816,40819,13,4549,1,0,'2023-05-31','2023-05-31',3140.00,1,1.00,'Factura B N°: 0001-00001808',NULL,'2023-06-21 19:47:14','2023-06-21 19:47:14',NULL),(1431,9172,1431,2,40816,40819,13,4549,1,0,'2023-05-28','2023-05-28',961.20,1,1.00,'Factura B N°: 0001-00001800',NULL,'2023-06-21 19:47:14','2023-06-21 19:47:14',NULL),(1432,9172,1432,2,40816,40819,13,4549,1,0,'2023-05-28','2023-05-28',1600.00,1,1.00,'Factura B N°: 0001-00001799',NULL,'2023-06-21 19:47:14','2023-06-21 19:47:14',NULL),(1433,9172,1433,2,40816,40819,13,4549,1,0,'2023-05-28','2023-05-28',3175.20,1,1.00,'Factura B N°: 0001-00001801',NULL,'2023-06-21 19:47:14','2023-06-21 19:47:14',NULL),(1434,9172,1434,2,40816,40819,13,4549,1,0,'2023-05-30','2023-05-30',320.00,1,1.00,'Factura B N°: 0001-00001804',NULL,'2023-06-21 19:47:14','2023-06-21 19:47:14',NULL),(1435,9172,1435,2,40816,40819,13,4549,1,0,'2023-05-30','2023-05-30',1500.00,1,1.00,'Factura B N°: 0001-00001806',NULL,'2023-06-21 19:47:14','2023-06-21 19:47:14',NULL),(1436,9172,1436,2,40816,40819,13,4549,1,0,'2023-05-30','2023-05-30',961.20,1,1.00,'Factura B N°: 0001-00001807',NULL,'2023-06-21 19:47:14','2023-06-21 19:47:14',NULL),(1437,9172,1437,2,40816,40819,13,4549,1,0,'2023-05-30','2023-05-30',1879.20,1,1.00,'Factura B N°: 0001-00001805',NULL,'2023-06-21 19:47:14','2023-06-21 19:47:14',NULL),(1438,9172,1438,2,40816,40819,13,4549,1,0,'2023-05-30','2023-05-30',750.00,1,1.00,'Factura B N°: 0001-00001803',NULL,'2023-06-21 19:47:14','2023-06-21 19:47:14',NULL),(1439,9172,1439,2,40816,40819,13,4549,1,0,'2023-05-30','2023-05-30',750.00,1,1.00,'Factura B N°: 0001-00001802',NULL,'2023-06-21 19:47:14','2023-06-21 19:47:14',NULL);
INSERT INTO `cta_cte_cliente` VALUES (1440,9172,1440,2,40816,40819,13,4549,1,0,'2023-05-31','2023-05-31',1400.00,1,1.00,'Factura B N°: 0001-00001810',NULL,'2023-06-21 19:47:15','2023-06-21 19:47:15',NULL),(1441,9172,1441,2,40816,40819,13,4549,1,0,'2023-05-31','2023-05-31',1450.00,1,1.00,'Factura B N°: 0001-00001811',NULL,'2023-06-21 19:47:15','2023-06-21 19:47:15',NULL),(1442,9172,1442,2,40816,40819,13,4549,1,0,'2023-05-31','2023-05-31',750.00,1,1.00,'Factura B N°: 0001-00001809',NULL,'2023-06-21 19:47:15','2023-06-21 19:47:15',NULL),(1443,9172,1443,3,40816,40820,57,4549,2,0,'2023-05-01','2023-05-01',15727.10,1,1.00,'Factura A N°: 0004-00008705',NULL,'2023-06-21 19:48:05','2023-06-21 19:48:05',NULL),(1444,9172,1444,3,40816,40821,57,4549,2,0,'2023-05-01','2023-05-01',2336.63,1,1.00,'Factura A N°: 0001-02156346',NULL,'2023-06-21 19:48:05','2023-06-21 19:48:05',NULL),(1445,9172,1445,3,40816,40822,57,4549,2,0,'2023-05-01','2023-05-01',19652.53,1,1.00,'Factura A N°: 0002-02582336',NULL,'2023-06-21 19:48:05','2023-06-21 19:48:05',NULL),(1446,9172,1446,3,40816,40822,57,4549,1,0,'2023-05-31','2023-05-31',10784.34,1,1.00,'Nota de crédito A N°: 0008-00580129',NULL,'2023-06-21 19:48:05','2023-06-21 19:48:05',NULL),(1447,9172,1447,3,40816,40823,57,4549,2,0,'2023-05-04','2023-05-04',65340.00,1,1.00,'Factura A N°: 0002-00000584',NULL,'2023-06-21 19:48:05','2023-06-21 19:48:05',NULL),(1448,9172,1448,3,40816,40824,57,4549,2,0,'2023-05-05','2023-05-05',1233.56,1,1.00,'Factura A N°: 0022-01251891',NULL,'2023-06-21 19:48:05','2023-06-21 19:48:05',NULL),(1449,9172,1449,3,40816,40822,57,4549,2,0,'2023-05-08','2023-05-08',13482.26,1,1.00,'Factura A N°: 0002-02604864',NULL,'2023-06-21 19:48:05','2023-06-21 19:48:05',NULL),(1450,9172,1450,3,40816,40821,57,4549,2,0,'2023-05-08','2023-05-08',1456.05,1,1.00,'Factura A N°: 0001-02175722',NULL,'2023-06-21 19:48:05','2023-06-21 19:48:05',NULL),(1451,9172,1451,3,40816,40825,57,4549,2,0,'2023-05-09','2023-05-09',11160.87,1,1.00,'Factura A N°: 0006-01234541',NULL,'2023-06-21 19:48:05','2023-06-21 19:48:05',NULL),(1452,9172,1452,3,40816,40826,57,4549,2,0,'2023-05-10','2023-05-10',38500.00,1,1.00,'Factura C N°: 0002-00000293',NULL,'2023-06-21 19:48:05','2023-06-21 19:48:05',NULL),(1453,9172,1453,3,40816,40827,57,4549,2,0,'2023-05-12','2023-05-12',1562.22,1,1.00,'Factura A N°: 1305-01223975',NULL,'2023-06-21 19:48:05','2023-06-21 19:48:05',NULL),(1454,9172,1454,3,40816,40828,57,4549,2,0,'2023-05-14','2023-05-14',10416.50,1,1.00,'Factura A N°: 4264-01927839',NULL,'2023-06-21 19:48:06','2023-06-21 19:48:06',NULL),(1455,9172,1455,3,40816,40822,57,4549,2,0,'2023-05-15','2023-05-15',7668.59,1,1.00,'Factura A N°: 0002-02627224',NULL,'2023-06-21 19:48:06','2023-06-21 19:48:06',NULL),(1456,9172,1456,3,40816,40821,57,4549,2,0,'2023-05-15','2023-05-15',606.89,1,1.00,'Factura A N°: 0001-02194935',NULL,'2023-06-21 19:48:06','2023-06-21 19:48:06',NULL),(1457,9172,1457,3,40816,40829,57,4549,2,0,'2023-05-19','2023-05-19',1921.28,1,1.00,'Factura A N°: 5223-01194398',NULL,'2023-06-21 19:48:06','2023-06-21 19:48:06',NULL),(1458,9172,1458,3,40816,40829,57,4549,2,0,'2023-05-19','2023-05-19',69.40,1,1.00,'Factura A N°: 5222-00059531',NULL,'2023-06-21 19:48:06','2023-06-21 19:48:06',NULL),(1459,9172,1459,3,40816,40822,57,4549,2,0,'2023-05-22','2023-05-22',7358.01,1,1.00,'Factura A N°: 0002-02649775',NULL,'2023-06-21 19:48:06','2023-06-21 19:48:06',NULL),(1460,9172,1460,3,40816,40821,57,4549,2,0,'2023-05-22','2023-05-22',926.59,1,1.00,'Factura A N°: 0001-02214366',NULL,'2023-06-21 19:48:06','2023-06-21 19:48:06',NULL),(1461,9172,1461,3,40816,40830,57,4549,2,0,'2023-05-22','2023-05-22',4799.99,1,1.00,'Factura A N°: 0007-00025753',NULL,'2023-06-21 19:48:06','2023-06-21 19:48:06',NULL),(1462,9172,1462,3,40816,40829,57,4549,2,0,'2023-05-25','2023-05-25',1759.32,1,1.00,'Factura A N°: 5223-01198128',NULL,'2023-06-21 19:48:06','2023-06-21 19:48:06',NULL);
INSERT INTO `cta_cte_cliente` VALUES (1463,9172,1463,3,40816,40829,57,4549,2,0,'2023-05-25','2023-05-25',30206.63,1,1.00,'Factura A N°: 5223-01198129',NULL,'2023-06-21 19:48:06','2023-06-21 19:48:06',NULL),(1464,9172,1464,3,40816,40829,57,4549,2,0,'2023-05-26','2023-05-26',0.00,1,1.00,'Factura A N°: 5222-00059546',NULL,'2023-06-21 19:48:06','2023-06-21 19:48:06',NULL),(1465,9172,1465,3,40816,40829,57,4549,1,0,'2023-05-26','2023-05-26',30206.63,1,1.00,'Nota de crédito A N°: 5222-00164616',NULL,'2023-06-21 19:48:07','2023-06-21 19:48:07',NULL),(1466,9172,1466,3,40816,40821,57,4549,2,0,'2023-05-29','2023-05-29',1919.13,1,1.00,'Factura A N°: 0001-02233645',NULL,'2023-06-21 19:48:07','2023-06-21 19:48:07',NULL),(1467,9172,1467,3,40816,40822,57,4549,2,0,'2023-05-29','2023-05-29',20314.79,1,1.00,'Factura A N°: 0002-02672089',NULL,'2023-06-21 19:48:07','2023-06-21 19:48:07',NULL),(1468,9172,1468,3,40816,40829,57,4549,2,0,'2023-05-30','2023-05-30',871.18,1,1.00,'Factura A N°: 5223-01200880',NULL,'2023-06-21 19:48:07','2023-06-21 19:48:07',NULL);

--
-- Table structure for table `cta_cte_cliente_details`
--

CREATE TABLE `cta_cte_cliente_details` (
  `id` int(10) unsigned NOT NULL AUTO_INCREMENT,
  `user_id` int(10) unsigned DEFAULT NULL,
  `cta_cte_cliente_id` int(10) unsigned NOT NULL,
  `person_id` int(10) unsigned DEFAULT NULL,
  `person_id_relationed` int(10) unsigned DEFAULT NULL,
  `cta_cte_tesoreria_cuenta_id` int(10) unsigned DEFAULT NULL,
  `period_id` int(10) unsigned DEFAULT NULL,
  `tipo_asiento_id` int(10) unsigned NOT NULL,
  `saldo_id` int(10) unsigned NOT NULL,
  `monto` decimal(16,2) NOT NULL,
  `created_at` timestamp NULL DEFAULT NULL,
  `updated_at` timestamp NULL DEFAULT NULL,
  `deleted_at` timestamp NULL DEFAULT NULL,
  PRIMARY KEY (`id`),
  KEY `cta_cte_cliente_details_cta_cte_cliente_id_foreign` (`cta_cte_cliente_id`),
  KEY `cta_cte_cliente_details_person_id_foreign` (`person_id`),
  KEY `cta_cte_cliente_details_person_id_relationed_foreign` (`person_id_relationed`),
  KEY `cta_cte_cliente_details_period_id_foreign` (`period_id`),
  KEY `cta_cte_cliente_details_tipo_asiento_id_foreign` (`tipo_asiento_id`),
  KEY `cta_cte_cliente_details_saldo_id_foreign` (`saldo_id`),
  KEY `cta_cte_cliente_details_cta_cte_tesoreria_cuenta_id_foreign` (`cta_cte_tesoreria_cuenta_id`),
  CONSTRAINT `cta_cte_cliente_details_cta_cte_cliente_id_foreign` FOREIGN KEY (`cta_cte_cliente_id`) REFERENCES `cta_cte_cliente` (`id`),
  CONSTRAINT `cta_cte_cliente_details_cta_cte_tesoreria_cuenta_id_foreign` FOREIGN KEY (`cta_cte_tesoreria_cuenta_id`) REFERENCES `cta_cte_tesoreria_cuentas` (`id`),
  CONSTRAINT `cta_cte_cliente_details_period_id_foreign` FOREIGN KEY (`period_id`) REFERENCES `periods` (`id`),
  CONSTRAINT `cta_cte_cliente_details_person_id_foreign` FOREIGN KEY (`person_id`) REFERENCES `persons` (`id`),
  CONSTRAINT `cta_cte_cliente_details_person_id_relationed_foreign` FOREIGN KEY (`person_id_relationed`) REFERENCES `persons` (`id`),
  CONSTRAINT `cta_cte_cliente_details_saldo_id_foreign` FOREIGN KEY (`saldo_id`) REFERENCES `conta_tipo_saldos` (`id`),
  CONSTRAINT `cta_cte_cliente_details_tipo_asiento_id_foreign` FOREIGN KEY (`tipo_asiento_id`) REFERENCES `conta_tipo_asientos` (`id`)
) ENGINE=InnoDB AUTO_INCREMENT=3 DEFAULT CHARSET=utf8mb4 COLLATE=utf8mb4_unicode_ci;

--
-- Dumping data for table `cta_cte_cliente_details`
--

INSERT INTO `cta_cte_cliente_details` VALUES (1,8522,1252,40718,3,13,1521,20,2,10000.00,'2023-03-01 11:25:20','2023-03-01 11:25:20',NULL),(2,8522,1252,40718,3,758,1521,20,1,10000.00,'2023-03-01 11:25:20','2023-03-01 11:25:20',NULL);

--
-- Table structure for table `cta_cte_cliente_pivot_receipt`
--

CREATE TABLE `cta_cte_cliente_pivot_receipt` (
  `id` int(10) unsigned NOT NULL AUTO_INCREMENT,
  `user_id` int(10) unsigned DEFAULT NULL,
  `cta_cte_cliente_id` int(10) unsigned NOT NULL,
  `receipt_id` int(11) DEFAULT NULL,
  `importe` decimal(16,2) DEFAULT NULL,
  `is_a_cuenta` tinyint(1) unsigned NOT NULL DEFAULT '0',
  `cccpr_a_cuenta_id` int(10) unsigned DEFAULT NULL,
  `created_at` timestamp NULL DEFAULT NULL,
  `updated_at` timestamp NULL DEFAULT NULL,
  `deleted_at` timestamp NULL DEFAULT NULL,
  PRIMARY KEY (`id`),
  KEY `fk_cccpr_a_cuenta_id` (`cccpr_a_cuenta_id`),
  CONSTRAINT `fk_cccpr_a_cuenta_id` FOREIGN KEY (`cccpr_a_cuenta_id`) REFERENCES `cta_cte_cliente_pivot_receipt` (`id`)
) ENGINE=InnoDB AUTO_INCREMENT=1467 DEFAULT CHARSET=utf8mb4 COLLATE=utf8mb4_unicode_ci;

--
-- Dumping data for table `cta_cte_cliente_pivot_receipt`
--

INSERT INTO `cta_cte_cliente_pivot_receipt` VALUES (2,8522,2,2,NULL,0,NULL,'2023-02-24 15:05:30','2023-02-24 15:05:30',NULL),(3,8522,3,3,NULL,0,NULL,'2023-02-24 15:05:30','2023-02-24 15:05:30',NULL),(4,8522,4,4,NULL,0,NULL,'2023-02-24 15:05:30','2023-02-24 15:05:30',NULL),(5,8522,5,5,NULL,0,NULL,'2023-02-24 15:05:30','2023-02-24 15:05:30',NULL),(6,8522,6,6,NULL,0,NULL,'2023-02-24 15:05:30','2023-02-24 15:05:30',NULL),(7,8522,7,7,NULL,0,NULL,'2023-02-24 15:05:30','2023-02-24 15:05:30',NULL),(8,8522,8,8,NULL,0,NULL,'2023-02-24 15:05:30','2023-02-24 15:05:30',NULL),(9,8522,9,9,NULL,0,NULL,'2023-02-24 15:05:30','2023-02-24 15:05:30',NULL),(10,8522,10,10,NULL,0,NULL,'2023-02-24 15:05:30','2023-02-24 15:05:30',NULL),(11,8522,11,11,NULL,0,NULL,'2023-02-24 15:05:30','2023-02-24 15:05:30',NULL),(12,8522,12,12,NULL,0,NULL,'2023-02-24 15:05:30','2023-02-24 15:05:30',NULL),(13,8522,13,13,NULL,0,NULL,'2023-02-24 15:05:30','2023-02-24 15:05:30',NULL),(14,8522,14,14,NULL,0,NULL,'2023-02-24 15:05:31','2023-02-24 15:05:31',NULL),(15,8522,15,15,NULL,0,NULL,'2023-02-24 15:05:31','2023-02-24 15:05:31',NULL),(16,8522,16,16,NULL,0,NULL,'2023-02-24 15:05:31','2023-02-24 15:05:31',NULL),(17,8522,17,17,NULL,0,NULL,'2023-02-24 15:05:31','2023-02-24 15:05:31',NULL),(18,8522,18,18,NULL,0,NULL,'2023-02-24 15:05:31','2023-02-24 15:05:31',NULL),(19,8522,19,19,NULL,0,NULL,'2023-02-24 15:05:31','2023-02-24 15:05:31',NULL),(20,8522,20,20,NULL,0,NULL,'2023-02-24 15:05:31','2023-02-24 15:05:31',NULL),(21,8522,21,21,NULL,0,NULL,'2023-02-24 15:05:31','2023-02-24 15:05:31',NULL),(22,8522,22,22,NULL,0,NULL,'2023-02-24 15:05:31','2023-02-24 15:05:31',NULL),(23,8522,23,23,NULL,0,NULL,'2023-02-24 15:05:31','2023-02-24 15:05:31',NULL),(24,8522,24,24,NULL,0,NULL,'2023-02-24 15:05:31','2023-02-24 15:05:31',NULL),(25,8522,25,25,NULL,0,NULL,'2023-02-24 15:05:31','2023-02-24 15:05:31',NULL),(26,8522,26,26,NULL,0,NULL,'2023-02-24 15:05:31','2023-02-24 15:05:31',NULL),(27,8522,27,27,NULL,0,NULL,'2023-02-24 15:05:31','2023-02-24 15:05:31',NULL),(28,8522,28,28,NULL,0,NULL,'2023-02-24 15:05:31','2023-02-24 15:05:31',NULL),(29,8522,29,29,NULL,0,NULL,'2023-02-24 15:05:32','2023-02-24 15:05:32',NULL),(30,8522,30,30,NULL,0,NULL,'2023-02-24 15:05:32','2023-02-24 15:05:32',NULL),(31,8522,31,31,NULL,0,NULL,'2023-02-24 15:05:32','2023-02-24 15:05:32',NULL),(32,8522,32,32,NULL,0,NULL,'2023-02-24 15:05:32','2023-02-24 15:05:32',NULL),(33,8522,33,33,NULL,0,NULL,'2023-02-24 15:05:32','2023-02-24 15:05:32',NULL),(34,8522,34,34,NULL,0,NULL,'2023-02-24 15:05:32','2023-02-24 15:05:32',NULL),(35,8522,35,35,NULL,0,NULL,'2023-02-24 15:05:32','2023-02-24 15:05:32',NULL),(36,8522,36,36,NULL,0,NULL,'2023-02-24 15:05:32','2023-02-24 15:05:32',NULL),(37,8522,37,37,NULL,0,NULL,'2023-02-24 15:05:32','2023-02-24 15:05:32',NULL),(38,8522,38,38,NULL,0,NULL,'2023-02-24 15:05:32','2023-02-24 15:05:32',NULL),(39,8522,39,39,NULL,0,NULL,'2023-02-24 15:05:32','2023-02-24 15:05:32',NULL),(40,8522,40,40,NULL,0,NULL,'2023-02-24 15:05:32','2023-02-24 15:05:32',NULL),(41,8522,41,41,NULL,0,NULL,'2023-02-24 15:05:32','2023-02-24 15:05:32',NULL),(42,8522,42,42,NULL,0,NULL,'2023-02-24 15:05:32','2023-02-24 15:05:32',NULL),(43,8522,43,43,NULL,0,NULL,'2023-02-24 15:05:32','2023-02-24 15:05:32',NULL),(44,8522,44,44,NULL,0,NULL,'2023-02-24 15:05:32','2023-02-24 15:05:32',NULL),(45,8522,45,45,NULL,0,NULL,'2023-02-24 15:05:32','2023-02-24 15:05:32',NULL),(46,8522,46,46,NULL,0,NULL,'2023-02-24 15:05:32','2023-02-24 15:05:32',NULL),(47,8522,47,47,NULL,0,NULL,'2023-02-24 15:05:32','2023-02-24 15:05:32',NULL),(48,8522,48,48,NULL,0,NULL,'2023-02-24 15:05:32','2023-02-24 15:05:32',NULL),(49,8522,49,49,NULL,0,NULL,'2023-02-24 15:05:32','2023-02-24 15:05:32',NULL),(50,8522,50,50,NULL,0,NULL,'2023-02-24 15:05:33','2023-02-24 15:05:33',NULL),(51,8522,51,51,NULL,0,NULL,'2023-02-24 15:05:33','2023-02-24 15:05:33',NULL),(52,8522,52,52,NULL,0,NULL,'2023-02-24 15:05:33','2023-02-24 15:05:33',NULL),(53,8522,53,53,NULL,0,NULL,'2023-02-24 15:05:33','2023-02-24 15:05:33',NULL);
INSERT INTO `cta_cte_cliente_pivot_receipt` VALUES (54,8522,54,54,NULL,0,NULL,'2023-02-24 15:05:33','2023-02-24 15:05:33',NULL),(55,8522,55,55,NULL,0,NULL,'2023-02-24 15:05:33','2023-02-24 15:05:33',NULL),(56,8522,56,56,NULL,0,NULL,'2023-02-24 15:05:33','2023-02-24 15:05:33',NULL),(57,8522,57,57,NULL,0,NULL,'2023-02-24 15:05:33','2023-02-24 15:05:33',NULL),(58,8522,58,58,NULL,0,NULL,'2023-02-24 15:05:33','2023-02-24 15:05:33',NULL),(59,8522,59,59,NULL,0,NULL,'2023-02-24 15:05:33','2023-02-24 15:05:33',NULL),(60,8522,60,60,NULL,0,NULL,'2023-02-24 15:05:33','2023-02-24 15:05:33',NULL),(61,8522,61,61,NULL,0,NULL,'2023-02-24 15:05:33','2023-02-24 15:05:33',NULL),(62,8522,62,62,NULL,0,NULL,'2023-02-24 15:05:33','2023-02-24 15:05:33',NULL),(63,8522,63,63,NULL,0,NULL,'2023-02-24 15:05:33','2023-02-24 15:05:33',NULL),(64,8522,64,64,NULL,0,NULL,'2023-02-24 15:05:33','2023-02-24 15:05:33',NULL),(65,8522,65,65,NULL,0,NULL,'2023-02-24 15:05:33','2023-02-24 15:05:33',NULL),(66,8522,66,66,NULL,0,NULL,'2023-02-24 15:05:33','2023-02-24 15:05:33',NULL),(67,8522,67,67,NULL,0,NULL,'2023-02-24 15:05:33','2023-02-24 15:05:33',NULL),(68,8522,68,68,NULL,0,NULL,'2023-02-24 15:05:33','2023-02-24 15:05:33',NULL),(69,8522,69,69,NULL,0,NULL,'2023-02-24 15:05:33','2023-02-24 15:05:33',NULL),(70,8522,70,70,NULL,0,NULL,'2023-02-24 15:05:33','2023-02-24 15:05:33',NULL),(71,8522,71,71,NULL,0,NULL,'2023-02-24 15:05:33','2023-02-24 15:05:33',NULL),(72,8522,72,72,NULL,0,NULL,'2023-02-24 15:05:33','2023-02-24 15:05:33',NULL),(73,8522,73,73,NULL,0,NULL,'2023-02-24 15:05:33','2023-02-24 15:05:33',NULL),(74,8522,74,74,NULL,0,NULL,'2023-02-24 15:05:33','2023-02-24 15:05:33',NULL),(75,8522,75,75,NULL,0,NULL,'2023-02-24 15:05:34','2023-02-24 15:05:34',NULL),(76,8522,76,76,NULL,0,NULL,'2023-02-24 15:05:34','2023-02-24 15:05:34',NULL),(77,8522,77,77,NULL,0,NULL,'2023-02-24 15:05:34','2023-02-24 15:05:34',NULL),(78,8522,78,78,NULL,0,NULL,'2023-02-24 15:05:34','2023-02-24 15:05:34',NULL),(79,8522,79,79,NULL,0,NULL,'2023-02-24 15:05:34','2023-02-24 15:05:34',NULL),(80,8522,80,80,NULL,0,NULL,'2023-02-24 15:05:34','2023-02-24 15:05:34',NULL),(81,8522,81,81,NULL,0,NULL,'2023-02-24 15:05:34','2023-02-24 15:05:34',NULL),(82,8522,82,82,NULL,0,NULL,'2023-02-24 15:05:34','2023-02-24 15:05:34',NULL),(83,8522,83,83,NULL,0,NULL,'2023-02-24 15:05:34','2023-02-24 15:05:34',NULL),(84,8522,84,84,NULL,0,NULL,'2023-02-24 15:05:34','2023-02-24 15:05:34',NULL),(85,8522,85,85,NULL,0,NULL,'2023-02-24 15:05:34','2023-02-24 15:05:34',NULL),(86,8522,86,86,NULL,0,NULL,'2023-02-24 15:05:34','2023-02-24 15:05:34',NULL),(87,8522,87,87,NULL,0,NULL,'2023-02-24 15:05:34','2023-02-24 15:05:34',NULL),(88,8522,88,88,NULL,0,NULL,'2023-02-24 15:05:34','2023-02-24 15:05:34',NULL),(89,8522,89,89,NULL,0,NULL,'2023-02-24 15:05:34','2023-02-24 15:05:34',NULL),(90,8522,90,90,NULL,0,NULL,'2023-02-24 15:05:34','2023-02-24 15:05:34',NULL),(91,8522,91,91,NULL,0,NULL,'2023-02-24 15:05:34','2023-02-24 15:05:34',NULL),(92,8522,92,92,NULL,0,NULL,'2023-02-24 15:05:34','2023-02-24 15:05:34',NULL),(93,8522,93,93,NULL,0,NULL,'2023-02-24 15:05:34','2023-02-24 15:05:34',NULL),(94,8522,94,94,NULL,0,NULL,'2023-02-24 15:05:34','2023-02-24 15:05:34',NULL),(95,8522,95,95,NULL,0,NULL,'2023-02-24 15:05:34','2023-02-24 15:05:34',NULL),(96,8522,96,96,NULL,0,NULL,'2023-02-24 15:05:34','2023-02-24 15:05:34',NULL),(97,8522,97,97,NULL,0,NULL,'2023-02-24 15:05:34','2023-02-24 15:05:34',NULL),(98,8522,98,98,NULL,0,NULL,'2023-02-24 15:05:34','2023-02-24 15:05:34',NULL),(99,8522,99,99,NULL,0,NULL,'2023-02-24 15:05:34','2023-02-24 15:05:34',NULL),(100,8522,100,100,NULL,0,NULL,'2023-02-24 15:05:34','2023-02-24 15:05:34',NULL),(101,8522,101,101,NULL,0,NULL,'2023-02-24 15:05:35','2023-02-24 15:05:35',NULL),(102,8522,102,102,NULL,0,NULL,'2023-02-24 15:05:35','2023-02-24 15:05:35',NULL),(103,8522,103,103,NULL,0,NULL,'2023-02-24 15:05:35','2023-02-24 15:05:35',NULL),(104,8522,104,104,NULL,0,NULL,'2023-02-24 15:05:35','2023-02-24 15:05:35',NULL);
INSERT INTO `cta_cte_cliente_pivot_receipt` VALUES (105,8522,105,105,NULL,0,NULL,'2023-02-24 15:05:35','2023-02-24 15:05:35',NULL),(106,8522,106,106,NULL,0,NULL,'2023-02-24 15:05:35','2023-02-24 15:05:35',NULL),(107,8522,107,107,NULL,0,NULL,'2023-02-24 15:05:35','2023-02-24 15:05:35',NULL),(108,8522,108,108,NULL,0,NULL,'2023-02-24 15:05:35','2023-02-24 15:05:35',NULL),(109,8522,109,109,NULL,0,NULL,'2023-02-24 15:05:35','2023-02-24 15:05:35',NULL),(110,8522,110,110,NULL,0,NULL,'2023-02-24 15:05:35','2023-02-24 15:05:35',NULL),(111,8522,111,111,NULL,0,NULL,'2023-02-24 15:05:35','2023-02-24 15:05:35',NULL),(112,8522,112,112,NULL,0,NULL,'2023-02-24 15:05:35','2023-02-24 15:05:35',NULL),(113,8522,113,113,NULL,0,NULL,'2023-02-24 15:05:35','2023-02-24 15:05:35',NULL),(114,8522,114,114,NULL,0,NULL,'2023-02-24 15:05:35','2023-02-24 15:05:35',NULL),(115,8522,115,115,NULL,0,NULL,'2023-02-24 15:05:35','2023-02-24 15:05:35',NULL),(116,8522,116,116,NULL,0,NULL,'2023-02-24 15:05:35','2023-02-24 15:05:35',NULL),(117,8522,117,117,NULL,0,NULL,'2023-02-24 15:05:35','2023-02-24 15:05:35',NULL),(368,8522,368,368,NULL,0,NULL,'2023-02-24 15:56:06','2023-02-24 15:56:06',NULL),(369,8522,369,369,NULL,0,NULL,'2023-02-24 15:56:06','2023-02-24 15:56:06',NULL),(370,8522,370,370,NULL,0,NULL,'2023-02-24 15:56:06','2023-02-24 15:56:06',NULL),(371,8522,371,371,NULL,0,NULL,'2023-02-24 15:56:06','2023-02-24 15:56:06',NULL),(372,8522,372,372,NULL,0,NULL,'2023-02-24 15:56:06','2023-02-24 15:56:06',NULL),(373,8522,373,373,NULL,0,NULL,'2023-02-24 15:56:06','2023-02-24 15:56:06',NULL),(374,8522,374,374,NULL,0,NULL,'2023-02-24 15:56:06','2023-02-24 15:56:06',NULL),(375,8522,375,375,NULL,0,NULL,'2023-02-24 15:56:06','2023-02-24 15:56:06',NULL),(376,8522,376,376,NULL,0,NULL,'2023-02-24 15:56:06','2023-02-24 15:56:06',NULL),(377,8522,377,377,NULL,0,NULL,'2023-02-24 15:56:06','2023-02-24 15:56:06',NULL),(378,8522,378,378,NULL,0,NULL,'2023-02-24 15:56:06','2023-02-24 15:56:06',NULL),(379,8522,379,379,NULL,0,NULL,'2023-02-24 15:56:06','2023-02-24 15:56:06',NULL),(380,8522,380,380,NULL,0,NULL,'2023-02-24 15:56:07','2023-02-24 15:56:07',NULL),(381,8522,381,381,NULL,0,NULL,'2023-02-24 15:56:07','2023-02-24 15:56:07',NULL),(382,8522,382,382,NULL,0,NULL,'2023-02-24 15:56:07','2023-02-24 15:56:07',NULL),(383,8522,383,383,NULL,0,NULL,'2023-02-24 15:56:07','2023-02-24 15:56:07',NULL),(384,8522,384,384,NULL,0,NULL,'2023-02-24 15:56:07','2023-02-24 15:56:07',NULL),(385,8522,385,385,NULL,0,NULL,'2023-02-24 15:56:07','2023-02-24 15:56:07',NULL),(386,8522,386,386,NULL,0,NULL,'2023-02-24 15:56:07','2023-02-24 15:56:07',NULL),(387,8522,387,387,NULL,0,NULL,'2023-02-24 15:56:07','2023-02-24 15:56:07',NULL),(388,8522,388,388,NULL,0,NULL,'2023-02-24 15:56:07','2023-02-24 15:56:07',NULL),(389,8522,389,389,NULL,0,NULL,'2023-02-24 15:56:07','2023-02-24 15:56:07',NULL),(390,8522,390,390,NULL,0,NULL,'2023-02-24 15:56:07','2023-02-24 15:56:07',NULL),(391,8522,391,391,NULL,0,NULL,'2023-02-24 15:56:07','2023-02-24 15:56:07',NULL),(392,8522,392,392,NULL,0,NULL,'2023-02-24 15:56:07','2023-02-24 15:56:07',NULL),(393,8522,393,393,NULL,0,NULL,'2023-02-24 15:56:07','2023-02-24 15:56:07',NULL),(394,8522,394,394,NULL,0,NULL,'2023-02-24 15:56:07','2023-02-24 15:56:07',NULL),(395,8522,395,395,NULL,0,NULL,'2023-02-24 15:56:07','2023-02-24 15:56:07',NULL),(396,8522,396,396,NULL,0,NULL,'2023-02-24 15:56:07','2023-02-24 15:56:07',NULL),(397,8522,397,397,NULL,0,NULL,'2023-02-24 15:56:07','2023-02-24 15:56:07',NULL),(398,8522,398,398,NULL,0,NULL,'2023-02-24 15:56:07','2023-02-24 15:56:07',NULL),(399,8522,399,399,NULL,0,NULL,'2023-02-24 15:56:07','2023-02-24 15:56:07',NULL),(400,8522,400,400,NULL,0,NULL,'2023-02-24 15:56:07','2023-02-24 15:56:07',NULL),(401,8522,401,401,NULL,0,NULL,'2023-02-24 15:56:07','2023-02-24 15:56:07',NULL),(402,8522,402,402,NULL,0,NULL,'2023-02-24 15:56:07','2023-02-24 15:56:07',NULL),(403,8522,403,403,NULL,0,NULL,'2023-02-24 15:56:07','2023-02-24 15:56:07',NULL);
INSERT INTO `cta_cte_cliente_pivot_receipt` VALUES (404,8522,404,404,NULL,0,NULL,'2023-02-24 15:56:07','2023-02-24 15:56:07',NULL),(405,8522,405,405,NULL,0,NULL,'2023-02-24 15:56:08','2023-02-24 15:56:08',NULL),(406,8522,406,406,NULL,0,NULL,'2023-02-24 15:56:08','2023-02-24 15:56:08',NULL),(407,8522,407,407,NULL,0,NULL,'2023-02-24 15:56:08','2023-02-24 15:56:08',NULL),(408,8522,408,408,NULL,0,NULL,'2023-02-24 15:56:08','2023-02-24 15:56:08',NULL),(409,8522,409,409,NULL,0,NULL,'2023-02-24 15:56:08','2023-02-24 15:56:08',NULL),(410,8522,410,410,NULL,0,NULL,'2023-02-24 15:56:08','2023-02-24 15:56:08',NULL),(411,8522,411,411,NULL,0,NULL,'2023-02-24 15:56:08','2023-02-24 15:56:08',NULL),(412,8522,412,412,NULL,0,NULL,'2023-02-24 15:56:08','2023-02-24 15:56:08',NULL),(413,8522,413,413,NULL,0,NULL,'2023-02-24 15:56:08','2023-02-24 15:56:08',NULL),(414,8522,414,414,NULL,0,NULL,'2023-02-24 15:56:08','2023-02-24 15:56:08',NULL),(415,8522,415,415,NULL,0,NULL,'2023-02-24 15:56:08','2023-02-24 15:56:08',NULL),(416,8522,416,416,NULL,0,NULL,'2023-02-24 15:56:08','2023-02-24 15:56:08',NULL),(417,8522,417,417,NULL,0,NULL,'2023-02-24 15:56:08','2023-02-24 15:56:08',NULL),(418,8522,418,418,NULL,0,NULL,'2023-02-24 15:56:08','2023-02-24 15:56:08',NULL),(419,8522,419,419,NULL,0,NULL,'2023-02-24 15:56:08','2023-02-24 15:56:08',NULL),(420,8522,420,420,NULL,0,NULL,'2023-02-24 15:56:08','2023-02-24 15:56:08',NULL),(421,8522,421,421,NULL,0,NULL,'2023-02-24 15:56:08','2023-02-24 15:56:08',NULL),(422,8522,422,422,NULL,0,NULL,'2023-02-24 15:56:08','2023-02-24 15:56:08',NULL),(423,8522,423,423,NULL,0,NULL,'2023-02-24 15:56:08','2023-02-24 15:56:08',NULL),(424,8522,424,424,NULL,0,NULL,'2023-02-24 15:56:08','2023-02-24 15:56:08',NULL),(425,8522,425,425,NULL,0,NULL,'2023-02-24 15:56:08','2023-02-24 15:56:08',NULL),(426,8522,426,426,NULL,0,NULL,'2023-02-24 15:56:08','2023-02-24 15:56:08',NULL),(427,8522,427,427,NULL,0,NULL,'2023-02-24 15:56:08','2023-02-24 15:56:08',NULL),(428,8522,428,428,NULL,0,NULL,'2023-02-24 15:56:08','2023-02-24 15:56:08',NULL),(429,8522,429,429,NULL,0,NULL,'2023-02-24 15:56:09','2023-02-24 15:56:09',NULL),(430,8522,430,430,NULL,0,NULL,'2023-02-24 15:56:09','2023-02-24 15:56:09',NULL),(431,8522,431,431,NULL,0,NULL,'2023-02-24 15:56:09','2023-02-24 15:56:09',NULL),(432,8522,432,432,NULL,0,NULL,'2023-02-24 15:56:09','2023-02-24 15:56:09',NULL),(433,8522,433,433,NULL,0,NULL,'2023-02-24 15:56:09','2023-02-24 15:56:09',NULL),(434,8522,434,434,NULL,0,NULL,'2023-02-24 15:56:09','2023-02-24 15:56:09',NULL),(435,8522,435,435,NULL,0,NULL,'2023-02-24 15:56:09','2023-02-24 15:56:09',NULL),(436,8522,436,436,NULL,0,NULL,'2023-02-24 15:56:09','2023-02-24 15:56:09',NULL),(437,8522,437,437,NULL,0,NULL,'2023-02-24 15:56:09','2023-02-24 15:56:09',NULL),(438,8522,438,438,NULL,0,NULL,'2023-02-24 15:56:09','2023-02-24 15:56:09',NULL),(439,8522,439,439,NULL,0,NULL,'2023-02-24 15:56:09','2023-02-24 15:56:09',NULL),(440,8522,440,440,NULL,0,NULL,'2023-02-24 15:56:09','2023-02-24 15:56:09',NULL),(441,8522,441,441,NULL,0,NULL,'2023-02-24 15:56:09','2023-02-24 15:56:09',NULL),(442,8522,442,442,NULL,0,NULL,'2023-02-24 15:56:09','2023-02-24 15:56:09',NULL),(443,8522,443,443,NULL,0,NULL,'2023-02-24 15:56:09','2023-02-24 15:56:09',NULL),(444,8522,444,444,NULL,0,NULL,'2023-02-24 15:56:09','2023-02-24 15:56:09',NULL),(445,8522,445,445,NULL,0,NULL,'2023-02-24 15:56:09','2023-02-24 15:56:09',NULL),(446,8522,446,446,NULL,0,NULL,'2023-02-24 15:56:09','2023-02-24 15:56:09',NULL),(447,8522,447,447,NULL,0,NULL,'2023-02-24 15:56:09','2023-02-24 15:56:09',NULL),(448,8522,448,448,NULL,0,NULL,'2023-02-24 15:56:09','2023-02-24 15:56:09',NULL),(449,8522,449,449,NULL,0,NULL,'2023-02-24 15:56:09','2023-02-24 15:56:09',NULL),(450,8522,450,450,NULL,0,NULL,'2023-02-24 15:56:09','2023-02-24 15:56:09',NULL),(451,8522,451,451,NULL,0,NULL,'2023-02-24 15:56:09','2023-02-24 15:56:09',NULL),(452,8522,452,452,NULL,0,NULL,'2023-02-24 15:56:09','2023-02-24 15:56:09',NULL);
INSERT INTO `cta_cte_cliente_pivot_receipt` VALUES (453,8522,453,453,NULL,0,NULL,'2023-02-24 15:56:10','2023-02-24 15:56:10',NULL),(454,8522,454,454,NULL,0,NULL,'2023-02-24 15:56:10','2023-02-24 15:56:10',NULL),(455,8522,455,455,NULL,0,NULL,'2023-02-24 15:56:10','2023-02-24 15:56:10',NULL),(456,8522,456,456,NULL,0,NULL,'2023-02-24 15:56:10','2023-02-24 15:56:10',NULL),(457,8522,457,457,NULL,0,NULL,'2023-02-24 15:56:10','2023-02-24 15:56:10',NULL),(458,8522,458,458,NULL,0,NULL,'2023-02-24 15:56:10','2023-02-24 15:56:10',NULL),(459,8522,459,459,NULL,0,NULL,'2023-02-24 15:56:10','2023-02-24 15:56:10',NULL),(460,8522,460,460,NULL,0,NULL,'2023-02-24 15:56:10','2023-02-24 15:56:10',NULL),(461,8522,461,461,NULL,0,NULL,'2023-02-24 15:56:10','2023-02-24 15:56:10',NULL),(462,8522,462,462,NULL,0,NULL,'2023-02-24 15:56:10','2023-02-24 15:56:10',NULL),(463,8522,463,463,NULL,0,NULL,'2023-02-24 15:56:10','2023-02-24 15:56:10',NULL),(464,8522,464,464,NULL,0,NULL,'2023-02-24 15:56:10','2023-02-24 15:56:10',NULL),(465,8522,465,465,NULL,0,NULL,'2023-02-24 15:56:10','2023-02-24 15:56:10',NULL),(466,8522,466,466,NULL,0,NULL,'2023-02-24 15:56:10','2023-02-24 15:56:10',NULL),(467,8522,467,467,NULL,0,NULL,'2023-02-24 15:56:10','2023-02-24 15:56:10',NULL),(468,8522,468,468,NULL,0,NULL,'2023-02-24 15:56:10','2023-02-24 15:56:10',NULL),(469,8522,469,469,NULL,0,NULL,'2023-02-24 15:56:10','2023-02-24 15:56:10',NULL),(470,8522,470,470,NULL,0,NULL,'2023-02-24 15:56:10','2023-02-24 15:56:10',NULL),(471,8522,471,471,NULL,0,NULL,'2023-02-24 15:56:10','2023-02-24 15:56:10',NULL),(472,8522,472,472,NULL,0,NULL,'2023-02-24 15:56:10','2023-02-24 15:56:10',NULL),(473,8522,473,473,NULL,0,NULL,'2023-02-24 15:56:10','2023-02-24 15:56:10',NULL),(474,8522,474,474,NULL,0,NULL,'2023-02-24 15:56:10','2023-02-24 15:56:10',NULL),(475,8522,475,475,NULL,0,NULL,'2023-02-24 15:56:10','2023-02-24 15:56:10',NULL),(476,8522,476,476,NULL,0,NULL,'2023-02-24 15:56:10','2023-02-24 15:56:10',NULL),(477,8522,477,477,NULL,0,NULL,'2023-02-24 15:56:11','2023-02-24 15:56:11',NULL),(478,8522,478,478,NULL,0,NULL,'2023-02-24 15:56:11','2023-02-24 15:56:11',NULL),(479,8522,479,479,NULL,0,NULL,'2023-02-24 15:56:11','2023-02-24 15:56:11',NULL),(480,8522,480,480,NULL,0,NULL,'2023-02-24 15:56:11','2023-02-24 15:56:11',NULL),(481,8522,481,481,NULL,0,NULL,'2023-02-24 15:56:11','2023-02-24 15:56:11',NULL),(482,8522,482,482,NULL,0,NULL,'2023-02-24 15:56:11','2023-02-24 15:56:11',NULL),(483,8522,483,483,NULL,0,NULL,'2023-02-24 15:56:11','2023-02-24 15:56:11',NULL),(484,8522,484,484,NULL,0,NULL,'2023-02-24 15:56:11','2023-02-24 15:56:11',NULL),(485,8522,485,485,NULL,0,NULL,'2023-02-24 15:56:11','2023-02-24 15:56:11',NULL),(486,8522,486,486,NULL,0,NULL,'2023-02-24 15:56:11','2023-02-24 15:56:11',NULL),(487,8522,487,487,NULL,0,NULL,'2023-02-24 15:56:11','2023-02-24 15:56:11',NULL),(488,8522,488,488,NULL,0,NULL,'2023-02-24 15:56:11','2023-02-24 15:56:11',NULL),(489,8522,489,489,NULL,0,NULL,'2023-02-24 15:56:11','2023-02-24 15:56:11',NULL),(490,8522,490,490,NULL,0,NULL,'2023-02-24 15:56:11','2023-02-24 15:56:11',NULL),(491,8522,491,491,NULL,0,NULL,'2023-02-24 15:56:11','2023-02-24 15:56:11',NULL),(492,8522,492,492,NULL,0,NULL,'2023-02-24 15:56:11','2023-02-24 15:56:11',NULL),(493,8522,493,493,NULL,0,NULL,'2023-02-24 15:56:11','2023-02-24 15:56:11',NULL),(494,8522,494,494,NULL,0,NULL,'2023-02-24 15:56:11','2023-02-24 15:56:11',NULL),(495,8522,495,495,NULL,0,NULL,'2023-02-24 15:56:11','2023-02-24 15:56:11',NULL),(496,8522,496,496,NULL,0,NULL,'2023-02-24 15:56:11','2023-02-24 15:56:11',NULL),(873,NULL,873,873,NULL,0,NULL,'2023-02-24 16:16:35','2023-02-24 16:16:35',NULL),(874,NULL,874,874,NULL,0,NULL,'2023-02-24 16:16:35','2023-02-24 16:16:35',NULL),(875,NULL,875,875,NULL,0,NULL,'2023-02-24 16:16:35','2023-02-24 16:16:35',NULL),(876,NULL,876,876,NULL,0,NULL,'2023-02-24 16:16:35','2023-02-24 16:16:35',NULL),(877,NULL,877,877,NULL,0,NULL,'2023-02-24 16:16:35','2023-02-24 16:16:35',NULL);
INSERT INTO `cta_cte_cliente_pivot_receipt` VALUES (878,NULL,878,878,NULL,0,NULL,'2023-02-24 16:16:35','2023-02-24 16:16:35',NULL),(879,NULL,879,879,NULL,0,NULL,'2023-02-24 16:16:35','2023-02-24 16:16:35',NULL),(880,NULL,880,880,NULL,0,NULL,'2023-02-24 16:16:35','2023-02-24 16:16:35',NULL),(881,NULL,881,881,NULL,0,NULL,'2023-02-24 16:16:36','2023-02-24 16:16:36',NULL),(882,NULL,882,882,NULL,0,NULL,'2023-02-24 16:16:36','2023-02-24 16:16:36',NULL),(883,NULL,883,883,NULL,0,NULL,'2023-02-24 16:16:36','2023-02-24 16:16:36',NULL),(884,NULL,884,884,NULL,0,NULL,'2023-02-24 16:16:36','2023-02-24 16:16:36',NULL),(885,NULL,885,885,NULL,0,NULL,'2023-02-24 16:16:36','2023-02-24 16:16:36',NULL),(886,NULL,886,886,NULL,0,NULL,'2023-02-24 16:16:36','2023-02-24 16:16:36',NULL),(887,NULL,887,887,NULL,0,NULL,'2023-02-24 16:16:36','2023-02-24 16:16:36',NULL),(888,NULL,888,888,NULL,0,NULL,'2023-02-24 16:16:36','2023-02-24 16:16:36',NULL),(889,NULL,889,889,NULL,0,NULL,'2023-02-24 16:16:36','2023-02-24 16:16:36',NULL),(890,NULL,890,890,NULL,0,NULL,'2023-02-24 16:16:36','2023-02-24 16:16:36',NULL),(891,NULL,891,891,NULL,0,NULL,'2023-02-24 16:16:36','2023-02-24 16:16:36',NULL),(892,NULL,892,892,NULL,0,NULL,'2023-02-24 16:16:36','2023-02-24 16:16:36',NULL),(893,NULL,893,893,NULL,0,NULL,'2023-02-24 16:16:36','2023-02-24 16:16:36',NULL),(894,NULL,894,894,NULL,0,NULL,'2023-02-24 16:16:36','2023-02-24 16:16:36',NULL),(895,NULL,895,895,NULL,0,NULL,'2023-02-24 16:16:36','2023-02-24 16:16:36',NULL),(896,NULL,896,896,NULL,0,NULL,'2023-02-24 16:16:36','2023-02-24 16:16:36',NULL),(897,NULL,897,897,NULL,0,NULL,'2023-02-24 16:16:36','2023-02-24 16:16:36',NULL),(898,NULL,898,898,NULL,0,NULL,'2023-02-24 16:16:36','2023-02-24 16:16:36',NULL),(899,NULL,899,899,NULL,0,NULL,'2023-02-24 16:16:36','2023-02-24 16:16:36',NULL),(900,NULL,900,900,NULL,0,NULL,'2023-02-24 16:16:36','2023-02-24 16:16:36',NULL),(901,NULL,901,901,NULL,0,NULL,'2023-02-24 16:16:36','2023-02-24 16:16:36',NULL),(902,NULL,902,902,NULL,0,NULL,'2023-02-24 16:16:36','2023-02-24 16:16:36',NULL),(903,NULL,903,903,NULL,0,NULL,'2023-02-24 16:16:36','2023-02-24 16:16:36',NULL),(904,NULL,904,904,NULL,0,NULL,'2023-02-24 16:16:36','2023-02-24 16:16:36',NULL),(905,NULL,905,905,NULL,0,NULL,'2023-02-24 16:16:37','2023-02-24 16:16:37',NULL),(906,NULL,906,906,NULL,0,NULL,'2023-02-24 16:16:37','2023-02-24 16:16:37',NULL),(907,NULL,907,907,NULL,0,NULL,'2023-02-24 16:16:37','2023-02-24 16:16:37',NULL),(908,NULL,908,908,NULL,0,NULL,'2023-02-24 16:16:37','2023-02-24 16:16:37',NULL),(909,NULL,909,909,NULL,0,NULL,'2023-02-24 16:16:37','2023-02-24 16:16:37',NULL),(910,NULL,910,910,NULL,0,NULL,'2023-02-24 16:16:37','2023-02-24 16:16:37',NULL),(911,NULL,911,911,NULL,0,NULL,'2023-02-24 16:16:37','2023-02-24 16:16:37',NULL),(912,NULL,912,912,NULL,0,NULL,'2023-02-24 16:16:37','2023-02-24 16:16:37',NULL),(913,NULL,913,913,NULL,0,NULL,'2023-02-24 16:16:37','2023-02-24 16:16:37',NULL),(914,NULL,914,914,NULL,0,NULL,'2023-02-24 16:16:37','2023-02-24 16:16:37',NULL),(915,NULL,915,915,NULL,0,NULL,'2023-02-24 16:16:37','2023-02-24 16:16:37',NULL),(916,NULL,916,916,NULL,0,NULL,'2023-02-24 16:16:37','2023-02-24 16:16:37',NULL),(917,NULL,917,917,NULL,0,NULL,'2023-02-24 16:16:37','2023-02-24 16:16:37',NULL),(918,NULL,918,918,NULL,0,NULL,'2023-02-24 16:16:37','2023-02-24 16:16:37',NULL),(919,NULL,919,919,NULL,0,NULL,'2023-02-24 16:16:37','2023-02-24 16:16:37',NULL),(920,NULL,920,920,NULL,0,NULL,'2023-02-24 16:16:37','2023-02-24 16:16:37',NULL),(921,NULL,921,921,NULL,0,NULL,'2023-02-24 16:16:37','2023-02-24 16:16:37',NULL),(922,NULL,922,922,NULL,0,NULL,'2023-02-24 16:16:37','2023-02-24 16:16:37',NULL),(923,NULL,923,923,NULL,0,NULL,'2023-02-24 16:16:37','2023-02-24 16:16:37',NULL),(924,NULL,924,924,NULL,0,NULL,'2023-02-24 16:16:37','2023-02-24 16:16:37',NULL),(925,NULL,925,925,NULL,0,NULL,'2023-02-24 16:16:37','2023-02-24 16:16:37',NULL),(926,NULL,926,926,NULL,0,NULL,'2023-02-24 16:16:37','2023-02-24 16:16:37',NULL);
INSERT INTO `cta_cte_cliente_pivot_receipt` VALUES (927,NULL,927,927,NULL,0,NULL,'2023-02-24 16:16:37','2023-02-24 16:16:37',NULL),(928,NULL,928,928,NULL,0,NULL,'2023-02-24 16:16:37','2023-02-24 16:16:37',NULL),(929,NULL,929,929,NULL,0,NULL,'2023-02-24 16:16:37','2023-02-24 16:16:37',NULL),(930,NULL,930,930,NULL,0,NULL,'2023-02-24 16:16:37','2023-02-24 16:16:37',NULL),(931,NULL,931,931,NULL,0,NULL,'2023-02-24 16:16:37','2023-02-24 16:16:37',NULL),(932,NULL,932,932,NULL,0,NULL,'2023-02-24 16:16:38','2023-02-24 16:16:38',NULL),(933,NULL,933,933,NULL,0,NULL,'2023-02-24 16:16:38','2023-02-24 16:16:38',NULL),(934,NULL,934,934,NULL,0,NULL,'2023-02-24 16:16:38','2023-02-24 16:16:38',NULL),(935,NULL,935,935,NULL,0,NULL,'2023-02-24 16:16:38','2023-02-24 16:16:38',NULL),(936,NULL,936,936,NULL,0,NULL,'2023-02-24 16:16:38','2023-02-24 16:16:38',NULL),(937,NULL,937,937,NULL,0,NULL,'2023-02-24 16:16:38','2023-02-24 16:16:38',NULL),(938,NULL,938,938,NULL,0,NULL,'2023-02-24 16:16:38','2023-02-24 16:16:38',NULL),(939,NULL,939,939,NULL,0,NULL,'2023-02-24 16:16:38','2023-02-24 16:16:38',NULL),(940,NULL,940,940,NULL,0,NULL,'2023-02-24 16:16:38','2023-02-24 16:16:38',NULL),(941,NULL,941,941,NULL,0,NULL,'2023-02-24 16:16:38','2023-02-24 16:16:38',NULL),(942,NULL,942,942,NULL,0,NULL,'2023-02-24 16:16:38','2023-02-24 16:16:38',NULL),(943,NULL,943,943,NULL,0,NULL,'2023-02-24 16:16:38','2023-02-24 16:16:38',NULL),(944,NULL,944,944,NULL,0,NULL,'2023-02-24 16:16:38','2023-02-24 16:16:38',NULL),(945,NULL,945,945,NULL,0,NULL,'2023-02-24 16:16:38','2023-02-24 16:16:38',NULL),(946,NULL,946,946,NULL,0,NULL,'2023-02-24 16:16:38','2023-02-24 16:16:38',NULL),(947,NULL,947,947,NULL,0,NULL,'2023-02-24 16:16:38','2023-02-24 16:16:38',NULL),(948,NULL,948,948,NULL,0,NULL,'2023-02-24 16:16:38','2023-02-24 16:16:38',NULL),(949,NULL,949,949,NULL,0,NULL,'2023-02-24 16:16:38','2023-02-24 16:16:38',NULL),(950,NULL,950,950,NULL,0,NULL,'2023-02-24 16:16:38','2023-02-24 16:16:38',NULL),(951,NULL,951,951,NULL,0,NULL,'2023-02-24 16:16:38','2023-02-24 16:16:38',NULL),(952,NULL,952,952,NULL,0,NULL,'2023-02-24 16:16:38','2023-02-24 16:16:38',NULL),(953,NULL,953,953,NULL,0,NULL,'2023-02-24 16:16:38','2023-02-24 16:16:38',NULL),(954,NULL,954,954,NULL,0,NULL,'2023-02-24 16:16:38','2023-02-24 16:16:38',NULL),(955,NULL,955,955,NULL,0,NULL,'2023-02-24 16:16:38','2023-02-24 16:16:38',NULL),(956,NULL,956,956,NULL,0,NULL,'2023-02-24 16:16:38','2023-02-24 16:16:38',NULL),(957,NULL,957,957,NULL,0,NULL,'2023-02-24 16:16:38','2023-02-24 16:16:38',NULL),(958,NULL,958,958,NULL,0,NULL,'2023-02-24 16:16:38','2023-02-24 16:16:38',NULL),(959,NULL,959,959,NULL,0,NULL,'2023-02-24 16:16:38','2023-02-24 16:16:38',NULL),(960,NULL,960,960,NULL,0,NULL,'2023-02-24 16:16:38','2023-02-24 16:16:38',NULL),(961,NULL,961,961,NULL,0,NULL,'2023-02-24 16:16:39','2023-02-24 16:16:39',NULL),(962,NULL,962,962,NULL,0,NULL,'2023-02-24 16:16:39','2023-02-24 16:16:39',NULL),(963,NULL,963,963,NULL,0,NULL,'2023-02-24 16:16:39','2023-02-24 16:16:39',NULL),(964,NULL,964,964,NULL,0,NULL,'2023-02-24 16:16:39','2023-02-24 16:16:39',NULL),(965,NULL,965,965,NULL,0,NULL,'2023-02-24 16:16:39','2023-02-24 16:16:39',NULL),(966,NULL,966,966,NULL,0,NULL,'2023-02-24 16:16:39','2023-02-24 16:16:39',NULL),(967,NULL,967,967,NULL,0,NULL,'2023-02-24 16:16:39','2023-02-24 16:16:39',NULL),(968,NULL,968,968,NULL,0,NULL,'2023-02-24 16:16:39','2023-02-24 16:16:39',NULL),(969,NULL,969,969,NULL,0,NULL,'2023-02-24 16:16:39','2023-02-24 16:16:39',NULL),(970,NULL,970,970,NULL,0,NULL,'2023-02-24 16:16:39','2023-02-24 16:16:39',NULL),(971,NULL,971,971,NULL,0,NULL,'2023-02-24 16:16:39','2023-02-24 16:16:39',NULL),(972,NULL,972,972,NULL,0,NULL,'2023-02-24 16:16:39','2023-02-24 16:16:39',NULL),(973,NULL,973,973,NULL,0,NULL,'2023-02-24 16:16:39','2023-02-24 16:16:39',NULL),(974,NULL,974,974,NULL,0,NULL,'2023-02-24 16:16:39','2023-02-24 16:16:39',NULL),(975,NULL,975,975,NULL,0,NULL,'2023-02-24 16:16:39','2023-02-24 16:16:39',NULL);
INSERT INTO `cta_cte_cliente_pivot_receipt` VALUES (976,NULL,976,976,NULL,0,NULL,'2023-02-24 16:16:39','2023-02-24 16:16:39',NULL),(977,NULL,977,977,NULL,0,NULL,'2023-02-24 16:16:39','2023-02-24 16:16:39',NULL),(978,NULL,978,978,NULL,0,NULL,'2023-02-24 16:16:39','2023-02-24 16:16:39',NULL),(979,NULL,979,979,NULL,0,NULL,'2023-02-24 16:16:39','2023-02-24 16:16:39',NULL),(980,NULL,980,980,NULL,0,NULL,'2023-02-24 16:16:39','2023-02-24 16:16:39',NULL),(981,NULL,981,981,NULL,0,NULL,'2023-02-24 16:16:39','2023-02-24 16:16:39',NULL),(982,NULL,982,982,NULL,0,NULL,'2023-02-24 16:16:39','2023-02-24 16:16:39',NULL),(983,NULL,983,983,NULL,0,NULL,'2023-02-24 16:16:39','2023-02-24 16:16:39',NULL),(984,NULL,984,984,NULL,0,NULL,'2023-02-24 16:16:39','2023-02-24 16:16:39',NULL),(985,NULL,985,985,NULL,0,NULL,'2023-02-24 16:16:40','2023-02-24 16:16:40',NULL),(986,NULL,986,986,NULL,0,NULL,'2023-02-24 16:16:40','2023-02-24 16:16:40',NULL),(987,NULL,987,987,NULL,0,NULL,'2023-02-24 16:16:40','2023-02-24 16:16:40',NULL),(988,NULL,988,988,NULL,0,NULL,'2023-02-24 16:16:40','2023-02-24 16:16:40',NULL),(989,NULL,989,989,NULL,0,NULL,'2023-02-24 16:16:40','2023-02-24 16:16:40',NULL),(990,NULL,990,990,NULL,0,NULL,'2023-02-24 16:16:40','2023-02-24 16:16:40',NULL),(991,NULL,991,991,NULL,0,NULL,'2023-02-24 16:16:40','2023-02-24 16:16:40',NULL),(992,NULL,992,992,NULL,0,NULL,'2023-02-24 16:16:40','2023-02-24 16:16:40',NULL),(993,NULL,993,993,NULL,0,NULL,'2023-02-24 16:16:40','2023-02-24 16:16:40',NULL),(994,NULL,994,994,NULL,0,NULL,'2023-02-24 16:16:40','2023-02-24 16:16:40',NULL),(995,NULL,995,995,NULL,0,NULL,'2023-02-24 16:16:40','2023-02-24 16:16:40',NULL),(996,NULL,996,996,NULL,0,NULL,'2023-02-24 16:16:40','2023-02-24 16:16:40',NULL),(997,NULL,997,997,NULL,0,NULL,'2023-02-24 16:16:40','2023-02-24 16:16:40',NULL),(998,NULL,998,998,NULL,0,NULL,'2023-02-24 16:16:40','2023-02-24 16:16:40',NULL),(999,NULL,999,999,NULL,0,NULL,'2023-02-24 16:16:41','2023-02-24 16:16:41',NULL),(1000,NULL,1000,1000,NULL,0,NULL,'2023-02-24 16:16:41','2023-02-24 16:16:41',NULL),(1001,NULL,1001,1001,NULL,0,NULL,'2023-02-24 16:16:41','2023-02-24 16:16:41',NULL),(1002,NULL,1002,1002,NULL,0,NULL,'2023-02-24 16:16:41','2023-02-24 16:16:41',NULL),(1003,NULL,1003,1003,NULL,0,NULL,'2023-02-24 16:16:41','2023-02-24 16:16:41',NULL),(1004,NULL,1004,1004,NULL,0,NULL,'2023-02-24 16:16:41','2023-02-24 16:16:41',NULL),(1005,NULL,1005,1005,NULL,0,NULL,'2023-02-24 16:16:41','2023-02-24 16:16:41',NULL),(1006,NULL,1006,1006,NULL,0,NULL,'2023-02-24 16:16:41','2023-02-24 16:16:41',NULL),(1007,NULL,1007,1007,NULL,0,NULL,'2023-02-24 16:16:41','2023-02-24 16:16:41',NULL),(1008,NULL,1008,1008,NULL,0,NULL,'2023-02-24 16:16:41','2023-02-24 16:16:41',NULL),(1009,NULL,1009,1009,NULL,0,NULL,'2023-02-24 16:16:41','2023-02-24 16:16:41',NULL),(1010,NULL,1010,1010,NULL,0,NULL,'2023-02-24 16:16:41','2023-02-24 16:16:41',NULL),(1011,NULL,1011,1011,NULL,0,NULL,'2023-02-24 16:16:41','2023-02-24 16:16:41',NULL),(1012,NULL,1012,1012,NULL,0,NULL,'2023-02-24 16:16:41','2023-02-24 16:16:41',NULL),(1013,NULL,1013,1013,NULL,0,NULL,'2023-02-24 16:16:41','2023-02-24 16:16:41',NULL),(1014,NULL,1014,1014,NULL,0,NULL,'2023-02-24 16:16:41','2023-02-24 16:16:41',NULL),(1015,NULL,1015,1015,NULL,0,NULL,'2023-02-24 16:16:41','2023-02-24 16:16:41',NULL),(1016,NULL,1016,1016,NULL,0,NULL,'2023-02-24 16:16:42','2023-02-24 16:16:42',NULL),(1017,NULL,1017,1017,NULL,0,NULL,'2023-02-24 16:16:42','2023-02-24 16:16:42',NULL),(1018,NULL,1018,1018,NULL,0,NULL,'2023-02-24 16:16:42','2023-02-24 16:16:42',NULL),(1019,NULL,1019,1019,NULL,0,NULL,'2023-02-24 16:16:42','2023-02-24 16:16:42',NULL),(1020,NULL,1020,1020,NULL,0,NULL,'2023-02-24 16:16:42','2023-02-24 16:16:42',NULL),(1021,NULL,1021,1021,NULL,0,NULL,'2023-02-24 16:16:42','2023-02-24 16:16:42',NULL),(1022,NULL,1022,1022,NULL,0,NULL,'2023-02-24 16:16:42','2023-02-24 16:16:42',NULL),(1023,NULL,1023,1023,NULL,0,NULL,'2023-02-24 16:16:42','2023-02-24 16:16:42',NULL);
INSERT INTO `cta_cte_cliente_pivot_receipt` VALUES (1024,NULL,1024,1024,NULL,0,NULL,'2023-02-24 16:16:42','2023-02-24 16:16:42',NULL),(1025,NULL,1025,1025,NULL,0,NULL,'2023-02-24 16:16:42','2023-02-24 16:16:42',NULL),(1026,NULL,1026,1026,NULL,0,NULL,'2023-02-24 16:16:42','2023-02-24 16:16:42',NULL),(1027,NULL,1027,1027,NULL,0,NULL,'2023-02-24 16:16:42','2023-02-24 16:16:42',NULL),(1028,NULL,1028,1028,NULL,0,NULL,'2023-02-24 16:16:42','2023-02-24 16:16:42',NULL),(1029,NULL,1029,1029,NULL,0,NULL,'2023-02-24 16:16:42','2023-02-24 16:16:42',NULL),(1030,NULL,1030,1030,NULL,0,NULL,'2023-02-24 16:16:42','2023-02-24 16:16:42',NULL),(1031,NULL,1031,1031,NULL,0,NULL,'2023-02-24 16:16:42','2023-02-24 16:16:42',NULL),(1032,NULL,1032,1032,NULL,0,NULL,'2023-02-24 16:16:42','2023-02-24 16:16:42',NULL),(1033,NULL,1033,1033,NULL,0,NULL,'2023-02-24 16:16:42','2023-02-24 16:16:42',NULL),(1034,NULL,1034,1034,NULL,0,NULL,'2023-02-24 16:16:42','2023-02-24 16:16:42',NULL),(1035,NULL,1035,1035,NULL,0,NULL,'2023-02-24 16:16:42','2023-02-24 16:16:42',NULL),(1036,NULL,1036,1036,NULL,0,NULL,'2023-02-24 16:16:42','2023-02-24 16:16:42',NULL),(1037,NULL,1037,1037,NULL,0,NULL,'2023-02-24 16:16:42','2023-02-24 16:16:42',NULL),(1038,NULL,1038,1038,NULL,0,NULL,'2023-02-24 16:16:42','2023-02-24 16:16:42',NULL),(1039,NULL,1039,1039,NULL,0,NULL,'2023-02-24 16:16:42','2023-02-24 16:16:42',NULL),(1040,NULL,1040,1040,NULL,0,NULL,'2023-02-24 16:16:42','2023-02-24 16:16:42',NULL),(1041,NULL,1041,1041,NULL,0,NULL,'2023-02-24 16:16:42','2023-02-24 16:16:42',NULL),(1042,NULL,1042,1042,NULL,0,NULL,'2023-02-24 16:16:42','2023-02-24 16:16:42',NULL),(1043,NULL,1043,1043,NULL,0,NULL,'2023-02-24 16:16:42','2023-02-24 16:16:42',NULL),(1044,NULL,1044,1044,NULL,0,NULL,'2023-02-24 16:16:42','2023-02-24 16:16:42',NULL),(1045,NULL,1045,1045,NULL,0,NULL,'2023-02-24 16:16:43','2023-02-24 16:16:43',NULL),(1046,NULL,1046,1046,NULL,0,NULL,'2023-02-24 16:16:43','2023-02-24 16:16:43',NULL),(1047,NULL,1047,1047,NULL,0,NULL,'2023-02-24 16:16:43','2023-02-24 16:16:43',NULL),(1048,NULL,1048,1048,NULL,0,NULL,'2023-02-24 16:16:43','2023-02-24 16:16:43',NULL),(1049,NULL,1049,1049,NULL,0,NULL,'2023-02-24 16:16:43','2023-02-24 16:16:43',NULL),(1050,NULL,1050,1050,NULL,0,NULL,'2023-02-24 16:16:43','2023-02-24 16:16:43',NULL),(1051,NULL,1051,1051,NULL,0,NULL,'2023-02-24 16:16:43','2023-02-24 16:16:43',NULL),(1052,NULL,1052,1052,NULL,0,NULL,'2023-02-24 16:16:43','2023-02-24 16:16:43',NULL),(1053,NULL,1053,1053,NULL,0,NULL,'2023-02-24 16:16:43','2023-02-24 16:16:43',NULL),(1054,NULL,1054,1054,NULL,0,NULL,'2023-02-24 16:16:43','2023-02-24 16:16:43',NULL),(1055,NULL,1055,1055,NULL,0,NULL,'2023-02-24 16:16:43','2023-02-24 16:16:43',NULL),(1056,NULL,1056,1056,NULL,0,NULL,'2023-02-24 16:16:43','2023-02-24 16:16:43',NULL),(1057,NULL,1057,1057,NULL,0,NULL,'2023-02-24 16:16:43','2023-02-24 16:16:43',NULL),(1058,NULL,1058,1058,NULL,0,NULL,'2023-02-24 16:16:43','2023-02-24 16:16:43',NULL),(1059,NULL,1059,1059,NULL,0,NULL,'2023-02-24 16:16:43','2023-02-24 16:16:43',NULL),(1060,NULL,1060,1060,NULL,0,NULL,'2023-02-24 16:16:43','2023-02-24 16:16:43',NULL),(1061,NULL,1061,1061,NULL,0,NULL,'2023-02-24 16:16:43','2023-02-24 16:16:43',NULL),(1062,NULL,1062,1062,NULL,0,NULL,'2023-02-24 16:16:43','2023-02-24 16:16:43',NULL),(1063,NULL,1063,1063,NULL,0,NULL,'2023-02-24 16:16:43','2023-02-24 16:16:43',NULL),(1064,NULL,1064,1064,NULL,0,NULL,'2023-02-24 16:16:43','2023-02-24 16:16:43',NULL),(1065,NULL,1065,1065,NULL,0,NULL,'2023-02-24 16:16:43','2023-02-24 16:16:43',NULL),(1066,NULL,1066,1066,NULL,0,NULL,'2023-02-24 16:16:43','2023-02-24 16:16:43',NULL),(1067,NULL,1067,1067,NULL,0,NULL,'2023-02-24 16:16:43','2023-02-24 16:16:43',NULL),(1068,NULL,1068,1068,NULL,0,NULL,'2023-02-24 16:16:43','2023-02-24 16:16:43',NULL),(1069,NULL,1069,1069,NULL,0,NULL,'2023-02-24 16:16:43','2023-02-24 16:16:43',NULL),(1070,NULL,1070,1070,NULL,0,NULL,'2023-02-24 16:16:43','2023-02-24 16:16:43',NULL),(1071,NULL,1071,1071,NULL,0,NULL,'2023-02-24 16:16:43','2023-02-24 16:16:43',NULL);
INSERT INTO `cta_cte_cliente_pivot_receipt` VALUES (1072,NULL,1072,1072,NULL,0,NULL,'2023-02-24 16:16:44','2023-02-24 16:16:44',NULL),(1073,NULL,1073,1073,NULL,0,NULL,'2023-02-24 16:16:44','2023-02-24 16:16:44',NULL),(1074,NULL,1074,1074,NULL,0,NULL,'2023-02-24 16:16:44','2023-02-24 16:16:44',NULL),(1075,NULL,1075,1075,NULL,0,NULL,'2023-02-24 16:16:44','2023-02-24 16:16:44',NULL),(1076,NULL,1076,1076,NULL,0,NULL,'2023-02-24 16:16:44','2023-02-24 16:16:44',NULL),(1077,NULL,1077,1077,NULL,0,NULL,'2023-02-24 16:16:44','2023-02-24 16:16:44',NULL),(1078,NULL,1078,1078,NULL,0,NULL,'2023-02-24 16:16:44','2023-02-24 16:16:44',NULL),(1079,NULL,1079,1079,NULL,0,NULL,'2023-02-24 16:16:44','2023-02-24 16:16:44',NULL),(1080,NULL,1080,1080,NULL,0,NULL,'2023-02-24 16:16:44','2023-02-24 16:16:44',NULL),(1081,NULL,1081,1081,NULL,0,NULL,'2023-02-24 16:16:44','2023-02-24 16:16:44',NULL),(1082,NULL,1082,1082,NULL,0,NULL,'2023-02-24 16:16:44','2023-02-24 16:16:44',NULL),(1083,NULL,1083,1083,NULL,0,NULL,'2023-02-24 16:16:44','2023-02-24 16:16:44',NULL),(1084,NULL,1084,1084,NULL,0,NULL,'2023-02-24 16:16:44','2023-02-24 16:16:44',NULL),(1085,NULL,1085,1085,NULL,0,NULL,'2023-02-24 16:16:44','2023-02-24 16:16:44',NULL),(1086,NULL,1086,1086,NULL,0,NULL,'2023-02-24 16:16:44','2023-02-24 16:16:44',NULL),(1087,NULL,1087,1087,NULL,0,NULL,'2023-02-24 16:16:44','2023-02-24 16:16:44',NULL),(1088,NULL,1088,1088,NULL,0,NULL,'2023-02-24 16:16:44','2023-02-24 16:16:44',NULL),(1089,NULL,1089,1089,NULL,0,NULL,'2023-02-24 16:16:44','2023-02-24 16:16:44',NULL),(1090,NULL,1090,1090,NULL,0,NULL,'2023-02-24 16:16:44','2023-02-24 16:16:44',NULL),(1091,NULL,1091,1091,NULL,0,NULL,'2023-02-24 16:16:44','2023-02-24 16:16:44',NULL),(1092,NULL,1092,1092,NULL,0,NULL,'2023-02-24 16:16:44','2023-02-24 16:16:44',NULL),(1093,NULL,1093,1093,NULL,0,NULL,'2023-02-24 16:16:44','2023-02-24 16:16:44',NULL),(1094,NULL,1094,1094,NULL,0,NULL,'2023-02-24 16:16:44','2023-02-24 16:16:44',NULL),(1095,NULL,1095,1095,NULL,0,NULL,'2023-02-24 16:16:44','2023-02-24 16:16:44',NULL),(1096,NULL,1096,1096,NULL,0,NULL,'2023-02-24 16:16:44','2023-02-24 16:16:44',NULL),(1097,NULL,1097,1097,NULL,0,NULL,'2023-02-24 16:16:44','2023-02-24 16:16:44',NULL),(1098,NULL,1098,1098,NULL,0,NULL,'2023-02-24 16:16:44','2023-02-24 16:16:44',NULL),(1099,NULL,1099,1099,NULL,0,NULL,'2023-02-24 16:16:45','2023-02-24 16:16:45',NULL),(1100,NULL,1100,1100,NULL,0,NULL,'2023-02-24 16:16:45','2023-02-24 16:16:45',NULL),(1101,NULL,1101,1101,NULL,0,NULL,'2023-02-24 16:16:45','2023-02-24 16:16:45',NULL),(1102,NULL,1102,1102,NULL,0,NULL,'2023-02-24 16:16:45','2023-02-24 16:16:45',NULL),(1103,NULL,1103,1103,NULL,0,NULL,'2023-02-24 16:16:45','2023-02-24 16:16:45',NULL),(1104,NULL,1104,1104,NULL,0,NULL,'2023-02-24 16:16:45','2023-02-24 16:16:45',NULL),(1105,NULL,1105,1105,NULL,0,NULL,'2023-02-24 16:16:45','2023-02-24 16:16:45',NULL),(1106,NULL,1106,1106,NULL,0,NULL,'2023-02-24 16:16:45','2023-02-24 16:16:45',NULL),(1107,NULL,1107,1107,NULL,0,NULL,'2023-02-24 16:16:45','2023-02-24 16:16:45',NULL),(1108,NULL,1108,1108,NULL,0,NULL,'2023-02-24 16:16:45','2023-02-24 16:16:45',NULL),(1109,NULL,1109,1109,NULL,0,NULL,'2023-02-24 16:16:45','2023-02-24 16:16:45',NULL),(1110,NULL,1110,1110,NULL,0,NULL,'2023-02-24 16:16:45','2023-02-24 16:16:45',NULL),(1111,NULL,1111,1111,NULL,0,NULL,'2023-02-24 16:16:45','2023-02-24 16:16:45',NULL),(1112,NULL,1112,1112,NULL,0,NULL,'2023-02-24 16:16:45','2023-02-24 16:16:45',NULL),(1113,NULL,1113,1113,NULL,0,NULL,'2023-02-24 16:16:45','2023-02-24 16:16:45',NULL),(1114,NULL,1114,1114,NULL,0,NULL,'2023-02-24 16:16:45','2023-02-24 16:16:45',NULL),(1115,NULL,1115,1115,NULL,0,NULL,'2023-02-24 16:16:45','2023-02-24 16:16:45',NULL),(1116,NULL,1116,1116,NULL,0,NULL,'2023-02-24 16:16:45','2023-02-24 16:16:45',NULL),(1117,NULL,1117,1117,NULL,0,NULL,'2023-02-24 16:16:45','2023-02-24 16:16:45',NULL),(1118,NULL,1118,1118,NULL,0,NULL,'2023-02-24 16:16:45','2023-02-24 16:16:45',NULL),(1119,NULL,1119,1119,NULL,0,NULL,'2023-02-24 16:16:45','2023-02-24 16:16:45',NULL);
INSERT INTO `cta_cte_cliente_pivot_receipt` VALUES (1120,NULL,1120,1120,NULL,0,NULL,'2023-02-24 16:16:45','2023-02-24 16:16:45',NULL),(1121,NULL,1121,1121,NULL,0,NULL,'2023-02-24 16:16:45','2023-02-24 16:16:45',NULL),(1122,NULL,1122,1122,NULL,0,NULL,'2023-02-24 16:16:45','2023-02-24 16:16:45',NULL),(1123,8522,1123,1129,NULL,0,NULL,'2023-02-27 11:33:10','2023-02-27 11:33:10',NULL),(1124,8522,1124,1130,NULL,0,NULL,'2023-02-27 11:33:10','2023-02-27 11:33:10',NULL),(1125,8522,1125,1131,NULL,0,NULL,'2023-02-27 11:33:10','2023-02-27 11:33:10',NULL),(1126,8522,1126,1132,NULL,0,NULL,'2023-02-27 11:33:10','2023-02-27 11:33:10',NULL),(1127,8522,1127,1133,NULL,0,NULL,'2023-02-27 11:33:11','2023-02-27 11:33:11',NULL),(1128,8522,1128,1134,NULL,0,NULL,'2023-02-27 11:33:11','2023-02-27 11:33:11',NULL),(1129,8522,1129,1135,NULL,0,NULL,'2023-02-27 11:33:11','2023-02-27 11:33:11',NULL),(1130,8522,1130,1136,NULL,0,NULL,'2023-02-27 11:33:11','2023-02-27 11:33:11',NULL),(1131,8522,1131,1137,NULL,0,NULL,'2023-02-27 11:33:11','2023-02-27 11:33:11',NULL),(1132,8522,1132,1138,NULL,0,NULL,'2023-02-27 11:33:11','2023-02-27 11:33:11',NULL),(1133,8522,1133,1139,NULL,0,NULL,'2023-02-27 11:33:11','2023-02-27 11:33:11',NULL),(1134,8522,1134,1140,NULL,0,NULL,'2023-02-27 11:33:11','2023-02-27 11:33:11',NULL),(1135,8522,1135,1141,NULL,0,NULL,'2023-02-27 11:33:11','2023-02-27 11:33:11',NULL),(1136,8522,1136,1142,NULL,0,NULL,'2023-02-27 11:33:11','2023-02-27 11:33:11',NULL),(1137,8522,1137,1143,NULL,0,NULL,'2023-02-27 11:33:11','2023-02-27 11:33:11',NULL),(1138,8522,1138,1144,NULL,0,NULL,'2023-02-27 11:33:11','2023-02-27 11:33:11',NULL),(1139,8522,1139,1145,NULL,0,NULL,'2023-02-27 11:33:11','2023-02-27 11:33:11',NULL),(1140,8522,1140,1146,NULL,0,NULL,'2023-02-27 11:33:11','2023-02-27 11:33:11',NULL),(1141,8522,1141,1147,NULL,0,NULL,'2023-02-27 11:33:11','2023-02-27 11:33:11',NULL),(1142,8522,1142,1148,NULL,0,NULL,'2023-02-27 11:33:11','2023-02-27 11:33:11',NULL),(1143,8522,1143,1149,NULL,0,NULL,'2023-02-27 11:33:11','2023-02-27 11:33:11',NULL),(1144,8522,1144,1150,NULL,0,NULL,'2023-02-27 11:33:11','2023-02-27 11:33:11',NULL),(1145,8522,1145,1151,NULL,0,NULL,'2023-02-27 11:33:11','2023-02-27 11:33:11',NULL),(1146,8522,1146,1152,NULL,0,NULL,'2023-02-27 11:33:12','2023-02-27 11:33:12',NULL),(1147,8522,1147,1153,NULL,0,NULL,'2023-02-27 11:33:12','2023-02-27 11:33:12',NULL),(1148,8522,1148,1154,NULL,0,NULL,'2023-02-27 11:33:12','2023-02-27 11:33:12',NULL),(1149,8522,1149,1155,NULL,0,NULL,'2023-02-27 11:33:12','2023-02-27 11:33:12',NULL),(1150,8522,1150,1156,NULL,0,NULL,'2023-02-27 11:33:12','2023-02-27 11:33:12',NULL),(1151,8522,1151,1157,NULL,0,NULL,'2023-02-27 11:33:12','2023-02-27 11:33:12',NULL),(1152,8522,1152,1158,NULL,0,NULL,'2023-02-27 11:33:12','2023-02-27 11:33:12',NULL),(1153,8522,1153,1159,NULL,0,NULL,'2023-02-27 11:33:12','2023-02-27 11:33:12',NULL),(1154,8522,1154,1160,NULL,0,NULL,'2023-02-27 11:33:12','2023-02-27 11:33:12',NULL),(1155,8522,1155,1161,NULL,0,NULL,'2023-02-27 11:33:12','2023-02-27 11:33:12',NULL),(1156,8522,1156,1162,NULL,0,NULL,'2023-02-27 11:33:12','2023-02-27 11:33:12',NULL),(1157,8522,1157,1163,NULL,0,NULL,'2023-02-27 11:33:12','2023-02-27 11:33:12',NULL),(1158,8522,1158,1164,NULL,0,NULL,'2023-02-27 11:33:12','2023-02-27 11:33:12',NULL),(1159,8522,1159,1165,NULL,0,NULL,'2023-02-27 11:33:12','2023-02-27 11:33:12',NULL),(1160,8522,1160,1166,NULL,0,NULL,'2023-02-27 11:33:12','2023-02-27 11:33:12',NULL),(1161,8522,1161,1167,NULL,0,NULL,'2023-02-27 11:33:12','2023-02-27 11:33:12',NULL),(1162,8522,1162,1168,NULL,0,NULL,'2023-02-27 11:33:12','2023-02-27 11:33:12',NULL),(1163,8522,1163,1169,NULL,0,NULL,'2023-02-27 11:33:12','2023-02-27 11:33:12',NULL),(1164,8522,1164,1170,NULL,0,NULL,'2023-02-27 11:33:13','2023-02-27 11:33:13',NULL),(1165,8522,1165,1171,NULL,0,NULL,'2023-02-27 11:33:13','2023-02-27 11:33:13',NULL),(1166,8522,1166,1172,NULL,0,NULL,'2023-02-27 11:33:13','2023-02-27 11:33:13',NULL),(1167,8522,1167,1173,NULL,0,NULL,'2023-02-27 11:33:13','2023-02-27 11:33:13',NULL);
INSERT INTO `cta_cte_cliente_pivot_receipt` VALUES (1168,8522,1168,1174,NULL,0,NULL,'2023-02-27 11:33:13','2023-02-27 11:33:13',NULL),(1169,8522,1169,1175,NULL,0,NULL,'2023-02-27 11:33:13','2023-02-27 11:33:13',NULL),(1170,8522,1170,1176,NULL,0,NULL,'2023-02-27 11:33:13','2023-02-27 11:33:13',NULL),(1171,8522,1171,1177,NULL,0,NULL,'2023-02-27 11:33:13','2023-02-27 11:33:13',NULL),(1172,8522,1172,1178,NULL,0,NULL,'2023-02-27 11:33:13','2023-02-27 11:33:13',NULL),(1173,8522,1173,1179,NULL,0,NULL,'2023-02-27 11:33:13','2023-02-27 11:33:13',NULL),(1174,8522,1174,1180,NULL,0,NULL,'2023-02-27 11:33:13','2023-02-27 11:33:13',NULL),(1175,8522,1175,1181,NULL,0,NULL,'2023-02-27 11:33:13','2023-02-27 11:33:13',NULL),(1176,8522,1176,1182,NULL,0,NULL,'2023-02-27 11:33:13','2023-02-27 11:33:13',NULL),(1177,8522,1177,1183,NULL,0,NULL,'2023-02-27 11:33:13','2023-02-27 11:33:13',NULL),(1178,8522,1178,1184,NULL,0,NULL,'2023-02-27 11:33:14','2023-02-27 11:33:14',NULL),(1179,8522,1179,1185,NULL,0,NULL,'2023-02-27 11:33:14','2023-02-27 11:33:14',NULL),(1180,8522,1180,1186,NULL,0,NULL,'2023-02-27 11:33:14','2023-02-27 11:33:14',NULL),(1181,8522,1181,1187,NULL,0,NULL,'2023-02-27 11:33:14','2023-02-27 11:33:14',NULL),(1182,8522,1182,1188,NULL,0,NULL,'2023-02-27 11:33:14','2023-02-27 11:33:14',NULL),(1183,8522,1183,1189,NULL,0,NULL,'2023-02-27 11:33:14','2023-02-27 11:33:14',NULL),(1184,8522,1184,1190,NULL,0,NULL,'2023-02-27 11:33:14','2023-02-27 11:33:14',NULL),(1185,8522,1185,1191,NULL,0,NULL,'2023-02-27 11:33:14','2023-02-27 11:33:14',NULL),(1186,8522,1186,1192,NULL,0,NULL,'2023-02-27 11:33:14','2023-02-27 11:33:14',NULL),(1187,8522,1187,1193,NULL,0,NULL,'2023-02-27 11:33:14','2023-02-27 11:33:14',NULL),(1188,8522,1188,1194,NULL,0,NULL,'2023-02-27 11:33:14','2023-02-27 11:33:14',NULL),(1189,8522,1189,1195,NULL,0,NULL,'2023-02-27 11:33:14','2023-02-27 11:33:14',NULL),(1190,8522,1190,1196,NULL,0,NULL,'2023-02-27 11:33:14','2023-02-27 11:33:14',NULL),(1191,8522,1191,1197,NULL,0,NULL,'2023-02-27 11:33:14','2023-02-27 11:33:14',NULL),(1192,8522,1192,1198,NULL,0,NULL,'2023-02-27 11:33:14','2023-02-27 11:33:14',NULL),(1193,8522,1193,1199,NULL,0,NULL,'2023-02-27 11:33:14','2023-02-27 11:33:14',NULL),(1194,8522,1194,1200,NULL,0,NULL,'2023-02-27 11:33:14','2023-02-27 11:33:14',NULL),(1195,8522,1195,1201,NULL,0,NULL,'2023-02-27 11:33:14','2023-02-27 11:33:14',NULL),(1196,8522,1196,1202,NULL,0,NULL,'2023-02-27 11:33:14','2023-02-27 11:33:14',NULL),(1197,8522,1197,1203,NULL,0,NULL,'2023-02-27 11:33:14','2023-02-27 11:33:14',NULL),(1198,8522,1198,1204,NULL,0,NULL,'2023-02-27 11:33:15','2023-02-27 11:33:15',NULL),(1199,8522,1199,1205,NULL,0,NULL,'2023-02-27 11:33:15','2023-02-27 11:33:15',NULL),(1200,8522,1200,1206,NULL,0,NULL,'2023-02-27 11:33:15','2023-02-27 11:33:15',NULL),(1201,8522,1201,1207,NULL,0,NULL,'2023-02-27 11:33:15','2023-02-27 11:33:15',NULL),(1202,8522,1202,1208,NULL,0,NULL,'2023-02-27 11:33:15','2023-02-27 11:33:15',NULL),(1203,8522,1203,1209,NULL,0,NULL,'2023-02-27 11:33:15','2023-02-27 11:33:15',NULL),(1204,8522,1204,1210,NULL,0,NULL,'2023-02-27 11:33:15','2023-02-27 11:33:15',NULL),(1205,8522,1205,1211,NULL,0,NULL,'2023-02-27 11:33:15','2023-02-27 11:33:15',NULL),(1206,8522,1206,1212,NULL,0,NULL,'2023-02-27 11:33:15','2023-02-27 11:33:15',NULL),(1207,8522,1207,1213,NULL,0,NULL,'2023-02-27 11:33:15','2023-02-27 11:33:15',NULL),(1208,8522,1208,1214,NULL,0,NULL,'2023-02-27 11:33:15','2023-02-27 11:33:15',NULL),(1209,8522,1209,1215,NULL,0,NULL,'2023-02-27 11:33:15','2023-02-27 11:33:15',NULL),(1210,8522,1210,1216,NULL,0,NULL,'2023-02-27 11:33:15','2023-02-27 11:33:15',NULL),(1211,8522,1211,1217,NULL,0,NULL,'2023-02-27 11:33:15','2023-02-27 11:33:15',NULL),(1212,8522,1212,1218,NULL,0,NULL,'2023-02-27 11:33:15','2023-02-27 11:33:15',NULL),(1213,8522,1213,1219,NULL,0,NULL,'2023-02-27 11:33:15','2023-02-27 11:33:15',NULL),(1214,8522,1214,1220,NULL,0,NULL,'2023-02-27 11:33:15','2023-02-27 11:33:15',NULL),(1215,8522,1215,1221,NULL,0,NULL,'2023-02-27 11:33:15','2023-02-27 11:33:15',NULL);
INSERT INTO `cta_cte_cliente_pivot_receipt` VALUES (1216,8522,1216,1222,NULL,0,NULL,'2023-02-27 11:33:15','2023-02-27 11:33:15',NULL),(1217,8522,1217,1223,NULL,0,NULL,'2023-02-27 11:33:15','2023-02-27 11:33:15',NULL),(1218,8522,1218,1224,NULL,0,NULL,'2023-02-27 11:33:15','2023-02-27 11:33:15',NULL),(1219,8522,1219,1225,NULL,0,NULL,'2023-02-27 11:33:15','2023-02-27 11:33:15',NULL),(1220,8522,1220,1226,NULL,0,NULL,'2023-02-27 11:33:15','2023-02-27 11:33:15',NULL),(1221,8522,1221,1227,NULL,0,NULL,'2023-02-27 11:33:15','2023-02-27 11:33:15',NULL),(1222,8522,1222,1228,NULL,0,NULL,'2023-02-27 11:33:15','2023-02-27 11:33:15',NULL),(1223,8522,1223,1229,NULL,0,NULL,'2023-02-27 11:33:16','2023-02-27 11:33:16',NULL),(1224,8522,1224,1230,NULL,0,NULL,'2023-02-27 11:33:16','2023-02-27 11:33:16',NULL),(1225,8522,1225,1231,NULL,0,NULL,'2023-02-27 11:33:16','2023-02-27 11:33:16',NULL),(1226,8522,1226,1232,NULL,0,NULL,'2023-02-27 11:33:16','2023-02-27 11:33:16',NULL),(1227,8522,1227,1233,NULL,0,NULL,'2023-02-27 11:33:16','2023-02-27 11:33:16',NULL),(1228,8522,1228,1234,NULL,0,NULL,'2023-02-27 11:33:16','2023-02-27 11:33:16',NULL),(1229,8522,1229,1235,NULL,0,NULL,'2023-02-27 11:33:16','2023-02-27 11:33:16',NULL),(1230,8522,1230,1236,NULL,0,NULL,'2023-02-27 11:33:16','2023-02-27 11:33:16',NULL),(1231,8522,1231,1237,NULL,0,NULL,'2023-02-27 11:33:16','2023-02-27 11:33:16',NULL),(1232,8522,1232,1238,NULL,0,NULL,'2023-02-27 11:33:16','2023-02-27 11:33:16',NULL),(1233,8522,1233,1239,NULL,0,NULL,'2023-02-27 11:33:16','2023-02-27 11:33:16',NULL),(1234,8522,1234,1240,NULL,0,NULL,'2023-02-27 11:33:16','2023-02-27 11:33:16',NULL),(1235,8522,1235,1241,NULL,0,NULL,'2023-02-27 11:33:16','2023-02-27 11:33:16',NULL),(1236,8522,1236,1242,NULL,0,NULL,'2023-02-27 11:33:16','2023-02-27 11:33:16',NULL),(1237,8522,1237,1243,NULL,0,NULL,'2023-02-27 11:33:16','2023-02-27 11:33:16',NULL),(1238,8522,1238,1244,NULL,0,NULL,'2023-02-27 11:33:17','2023-02-27 11:33:17',NULL),(1239,8522,1239,1245,NULL,0,NULL,'2023-02-27 11:33:17','2023-02-27 11:33:17',NULL),(1240,8522,1240,1246,NULL,0,NULL,'2023-02-27 11:33:17','2023-02-27 11:33:17',NULL),(1241,8522,1241,1247,NULL,0,NULL,'2023-02-27 11:33:17','2023-02-27 11:33:17',NULL),(1242,8522,1242,1248,NULL,0,NULL,'2023-02-27 11:33:17','2023-02-27 11:33:17',NULL),(1243,8522,1243,1249,NULL,0,NULL,'2023-02-27 11:33:17','2023-02-27 11:33:17',NULL),(1244,8522,1244,1250,NULL,0,NULL,'2023-02-27 11:33:17','2023-02-27 11:33:17',NULL),(1245,8522,1245,1251,NULL,0,NULL,'2023-02-27 11:33:17','2023-02-27 11:33:17',NULL),(1246,8522,1246,1252,NULL,0,NULL,'2023-02-27 11:33:17','2023-02-27 11:33:17',NULL),(1247,8522,1247,1253,NULL,0,NULL,'2023-02-27 11:33:17','2023-02-27 11:33:17',NULL),(1248,8522,1248,1254,NULL,0,NULL,'2023-02-27 11:33:17','2023-02-27 11:33:17',NULL),(1249,8522,1249,1255,NULL,0,NULL,'2023-02-27 11:33:17','2023-02-27 11:33:17',NULL),(1250,8522,1250,1256,NULL,0,NULL,'2023-02-27 11:33:17','2023-02-27 11:33:17',NULL),(1251,8522,1251,1257,NULL,0,NULL,'2023-02-27 11:33:17','2023-02-27 11:33:17',NULL),(1252,9172,1254,1258,NULL,0,NULL,'2023-06-21 19:47:04','2023-06-21 19:47:04',NULL),(1253,9172,1255,1259,NULL,0,NULL,'2023-06-21 19:47:04','2023-06-21 19:47:04',NULL),(1254,9172,1256,1260,NULL,0,NULL,'2023-06-21 19:47:04','2023-06-21 19:47:04',NULL),(1255,9172,1257,1261,NULL,0,NULL,'2023-06-21 19:47:04','2023-06-21 19:47:04',NULL),(1256,9172,1258,1262,NULL,0,NULL,'2023-06-21 19:47:04','2023-06-21 19:47:04',NULL),(1257,9172,1259,1263,NULL,0,NULL,'2023-06-21 19:47:04','2023-06-21 19:47:04',NULL),(1258,9172,1260,1264,NULL,0,NULL,'2023-06-21 19:47:04','2023-06-21 19:47:04',NULL),(1259,9172,1261,1265,NULL,0,NULL,'2023-06-21 19:47:04','2023-06-21 19:47:04',NULL),(1260,9172,1262,1266,NULL,0,NULL,'2023-06-21 19:47:04','2023-06-21 19:47:04',NULL),(1261,9172,1263,1267,NULL,0,NULL,'2023-06-21 19:47:04','2023-06-21 19:47:04',NULL),(1262,9172,1264,1268,NULL,0,NULL,'2023-06-21 19:47:04','2023-06-21 19:47:04',NULL),(1263,9172,1265,1269,NULL,0,NULL,'2023-06-21 19:47:04','2023-06-21 19:47:04',NULL);
INSERT INTO `cta_cte_cliente_pivot_receipt` VALUES (1264,9172,1266,1270,NULL,0,NULL,'2023-06-21 19:47:04','2023-06-21 19:47:04',NULL),(1265,9172,1267,1271,NULL,0,NULL,'2023-06-21 19:47:04','2023-06-21 19:47:04',NULL),(1266,9172,1268,1272,NULL,0,NULL,'2023-06-21 19:47:04','2023-06-21 19:47:04',NULL),(1267,9172,1269,1273,NULL,0,NULL,'2023-06-21 19:47:04','2023-06-21 19:47:04',NULL),(1268,9172,1270,1274,NULL,0,NULL,'2023-06-21 19:47:04','2023-06-21 19:47:04',NULL),(1269,9172,1271,1275,NULL,0,NULL,'2023-06-21 19:47:04','2023-06-21 19:47:04',NULL),(1270,9172,1272,1276,NULL,0,NULL,'2023-06-21 19:47:05','2023-06-21 19:47:05',NULL),(1271,9172,1273,1277,NULL,0,NULL,'2023-06-21 19:47:05','2023-06-21 19:47:05',NULL),(1272,9172,1274,1278,NULL,0,NULL,'2023-06-21 19:47:05','2023-06-21 19:47:05',NULL),(1273,9172,1275,1279,NULL,0,NULL,'2023-06-21 19:47:05','2023-06-21 19:47:05',NULL),(1274,9172,1276,1280,NULL,0,NULL,'2023-06-21 19:47:05','2023-06-21 19:47:05',NULL),(1275,9172,1277,1281,NULL,0,NULL,'2023-06-21 19:47:05','2023-06-21 19:47:05',NULL),(1276,9172,1278,1282,NULL,0,NULL,'2023-06-21 19:47:05','2023-06-21 19:47:05',NULL),(1277,9172,1279,1283,NULL,0,NULL,'2023-06-21 19:47:05','2023-06-21 19:47:05',NULL),(1278,9172,1280,1284,NULL,0,NULL,'2023-06-21 19:47:05','2023-06-21 19:47:05',NULL),(1279,9172,1281,1285,NULL,0,NULL,'2023-06-21 19:47:05','2023-06-21 19:47:05',NULL),(1280,9172,1282,1286,NULL,0,NULL,'2023-06-21 19:47:05','2023-06-21 19:47:05',NULL),(1281,9172,1283,1287,NULL,0,NULL,'2023-06-21 19:47:05','2023-06-21 19:47:05',NULL),(1282,9172,1284,1288,NULL,0,NULL,'2023-06-21 19:47:05','2023-06-21 19:47:05',NULL),(1283,9172,1285,1289,NULL,0,NULL,'2023-06-21 19:47:05','2023-06-21 19:47:05',NULL),(1284,9172,1286,1290,NULL,0,NULL,'2023-06-21 19:47:05','2023-06-21 19:47:05',NULL),(1285,9172,1287,1291,NULL,0,NULL,'2023-06-21 19:47:05','2023-06-21 19:47:05',NULL),(1286,9172,1288,1292,NULL,0,NULL,'2023-06-21 19:47:06','2023-06-21 19:47:06',NULL),(1287,9172,1289,1293,NULL,0,NULL,'2023-06-21 19:47:06','2023-06-21 19:47:06',NULL),(1288,9172,1290,1294,NULL,0,NULL,'2023-06-21 19:47:06','2023-06-21 19:47:06',NULL),(1289,9172,1291,1295,NULL,0,NULL,'2023-06-21 19:47:06','2023-06-21 19:47:06',NULL),(1290,9172,1292,1296,NULL,0,NULL,'2023-06-21 19:47:06','2023-06-21 19:47:06',NULL),(1291,9172,1293,1297,NULL,0,NULL,'2023-06-21 19:47:06','2023-06-21 19:47:06',NULL),(1292,9172,1294,1298,NULL,0,NULL,'2023-06-21 19:47:06','2023-06-21 19:47:06',NULL),(1293,9172,1295,1299,NULL,0,NULL,'2023-06-21 19:47:06','2023-06-21 19:47:06',NULL),(1294,9172,1296,1300,NULL,0,NULL,'2023-06-21 19:47:06','2023-06-21 19:47:06',NULL),(1295,9172,1297,1301,NULL,0,NULL,'2023-06-21 19:47:06','2023-06-21 19:47:06',NULL),(1296,9172,1298,1302,NULL,0,NULL,'2023-06-21 19:47:06','2023-06-21 19:47:06',NULL),(1297,9172,1299,1303,NULL,0,NULL,'2023-06-21 19:47:06','2023-06-21 19:47:06',NULL),(1298,9172,1300,1304,NULL,0,NULL,'2023-06-21 19:47:06','2023-06-21 19:47:06',NULL),(1299,9172,1301,1305,NULL,0,NULL,'2023-06-21 19:47:07','2023-06-21 19:47:07',NULL),(1300,9172,1302,1306,NULL,0,NULL,'2023-06-21 19:47:07','2023-06-21 19:47:07',NULL),(1301,9172,1303,1307,NULL,0,NULL,'2023-06-21 19:47:07','2023-06-21 19:47:07',NULL),(1302,9172,1304,1308,NULL,0,NULL,'2023-06-21 19:47:07','2023-06-21 19:47:07',NULL),(1303,9172,1305,1309,NULL,0,NULL,'2023-06-21 19:47:07','2023-06-21 19:47:07',NULL),(1304,9172,1306,1310,NULL,0,NULL,'2023-06-21 19:47:07','2023-06-21 19:47:07',NULL),(1305,9172,1307,1311,NULL,0,NULL,'2023-06-21 19:47:07','2023-06-21 19:47:07',NULL),(1306,9172,1308,1312,NULL,0,NULL,'2023-06-21 19:47:07','2023-06-21 19:47:07',NULL),(1307,9172,1309,1313,NULL,0,NULL,'2023-06-21 19:47:07','2023-06-21 19:47:07',NULL),(1308,9172,1310,1314,NULL,0,NULL,'2023-06-21 19:47:07','2023-06-21 19:47:07',NULL),(1309,9172,1311,1315,NULL,0,NULL,'2023-06-21 19:47:07','2023-06-21 19:47:07',NULL),(1310,9172,1312,1316,NULL,0,NULL,'2023-06-21 19:47:07','2023-06-21 19:47:07',NULL),(1311,9172,1313,1317,NULL,0,NULL,'2023-06-21 19:47:07','2023-06-21 19:47:07',NULL);
INSERT INTO `cta_cte_cliente_pivot_receipt` VALUES (1312,9172,1314,1318,NULL,0,NULL,'2023-06-21 19:47:07','2023-06-21 19:47:07',NULL),(1313,9172,1315,1319,NULL,0,NULL,'2023-06-21 19:47:07','2023-06-21 19:47:07',NULL),(1314,9172,1316,1320,NULL,0,NULL,'2023-06-21 19:47:07','2023-06-21 19:47:07',NULL),(1315,9172,1317,1321,NULL,0,NULL,'2023-06-21 19:47:07','2023-06-21 19:47:07',NULL),(1316,9172,1318,1322,NULL,0,NULL,'2023-06-21 19:47:07','2023-06-21 19:47:07',NULL),(1317,9172,1319,1323,NULL,0,NULL,'2023-06-21 19:47:07','2023-06-21 19:47:07',NULL),(1318,9172,1320,1324,NULL,0,NULL,'2023-06-21 19:47:07','2023-06-21 19:47:07',NULL),(1319,9172,1321,1325,NULL,0,NULL,'2023-06-21 19:47:08','2023-06-21 19:47:08',NULL),(1320,9172,1322,1326,NULL,0,NULL,'2023-06-21 19:47:08','2023-06-21 19:47:08',NULL),(1321,9172,1323,1327,NULL,0,NULL,'2023-06-21 19:47:08','2023-06-21 19:47:08',NULL),(1322,9172,1324,1328,NULL,0,NULL,'2023-06-21 19:47:08','2023-06-21 19:47:08',NULL),(1323,9172,1325,1329,NULL,0,NULL,'2023-06-21 19:47:08','2023-06-21 19:47:08',NULL),(1324,9172,1326,1330,NULL,0,NULL,'2023-06-21 19:47:08','2023-06-21 19:47:08',NULL),(1325,9172,1327,1331,NULL,0,NULL,'2023-06-21 19:47:08','2023-06-21 19:47:08',NULL),(1326,9172,1328,1332,NULL,0,NULL,'2023-06-21 19:47:08','2023-06-21 19:47:08',NULL),(1327,9172,1329,1333,NULL,0,NULL,'2023-06-21 19:47:08','2023-06-21 19:47:08',NULL),(1328,9172,1330,1334,NULL,0,NULL,'2023-06-21 19:47:08','2023-06-21 19:47:08',NULL),(1329,9172,1331,1335,NULL,0,NULL,'2023-06-21 19:47:08','2023-06-21 19:47:08',NULL),(1330,9172,1332,1336,NULL,0,NULL,'2023-06-21 19:47:08','2023-06-21 19:47:08',NULL),(1331,9172,1333,1337,NULL,0,NULL,'2023-06-21 19:47:08','2023-06-21 19:47:08',NULL),(1332,9172,1334,1338,NULL,0,NULL,'2023-06-21 19:47:08','2023-06-21 19:47:08',NULL),(1333,9172,1335,1339,NULL,0,NULL,'2023-06-21 19:47:08','2023-06-21 19:47:08',NULL),(1334,9172,1336,1340,NULL,0,NULL,'2023-06-21 19:47:08','2023-06-21 19:47:08',NULL),(1335,9172,1337,1341,NULL,0,NULL,'2023-06-21 19:47:08','2023-06-21 19:47:08',NULL),(1336,9172,1338,1342,NULL,0,NULL,'2023-06-21 19:47:08','2023-06-21 19:47:08',NULL),(1337,9172,1339,1343,NULL,0,NULL,'2023-06-21 19:47:08','2023-06-21 19:47:08',NULL),(1338,9172,1340,1344,NULL,0,NULL,'2023-06-21 19:47:08','2023-06-21 19:47:08',NULL),(1339,9172,1341,1345,NULL,0,NULL,'2023-06-21 19:47:08','2023-06-21 19:47:08',NULL),(1340,9172,1342,1346,NULL,0,NULL,'2023-06-21 19:47:09','2023-06-21 19:47:09',NULL),(1341,9172,1343,1347,NULL,0,NULL,'2023-06-21 19:47:09','2023-06-21 19:47:09',NULL),(1342,9172,1344,1348,NULL,0,NULL,'2023-06-21 19:47:09','2023-06-21 19:47:09',NULL),(1343,9172,1345,1349,NULL,0,NULL,'2023-06-21 19:47:09','2023-06-21 19:47:09',NULL),(1344,9172,1346,1350,NULL,0,NULL,'2023-06-21 19:47:09','2023-06-21 19:47:09',NULL),(1345,9172,1347,1351,NULL,0,NULL,'2023-06-21 19:47:09','2023-06-21 19:47:09',NULL),(1346,9172,1348,1352,NULL,0,NULL,'2023-06-21 19:47:09','2023-06-21 19:47:09',NULL),(1347,9172,1349,1353,NULL,0,NULL,'2023-06-21 19:47:09','2023-06-21 19:47:09',NULL),(1348,9172,1350,1354,NULL,0,NULL,'2023-06-21 19:47:09','2023-06-21 19:47:09',NULL),(1349,9172,1351,1355,NULL,0,NULL,'2023-06-21 19:47:10','2023-06-21 19:47:10',NULL),(1350,9172,1352,1356,NULL,0,NULL,'2023-06-21 19:47:10','2023-06-21 19:47:10',NULL),(1351,9172,1353,1357,NULL,0,NULL,'2023-06-21 19:47:10','2023-06-21 19:47:10',NULL),(1352,9172,1354,1358,NULL,0,NULL,'2023-06-21 19:47:10','2023-06-21 19:47:10',NULL),(1353,9172,1355,1359,NULL,0,NULL,'2023-06-21 19:47:10','2023-06-21 19:47:10',NULL),(1354,9172,1356,1360,NULL,0,NULL,'2023-06-21 19:47:10','2023-06-21 19:47:10',NULL),(1355,9172,1357,1361,NULL,0,NULL,'2023-06-21 19:47:10','2023-06-21 19:47:10',NULL),(1356,9172,1358,1362,NULL,0,NULL,'2023-06-21 19:47:10','2023-06-21 19:47:10',NULL),(1357,9172,1359,1363,NULL,0,NULL,'2023-06-21 19:47:10','2023-06-21 19:47:10',NULL),(1358,9172,1360,1364,NULL,0,NULL,'2023-06-21 19:47:10','2023-06-21 19:47:10',NULL),(1359,9172,1361,1365,NULL,0,NULL,'2023-06-21 19:47:10','2023-06-21 19:47:10',NULL);
INSERT INTO `cta_cte_cliente_pivot_receipt` VALUES (1360,9172,1362,1366,NULL,0,NULL,'2023-06-21 19:47:10','2023-06-21 19:47:10',NULL),(1361,9172,1363,1367,NULL,0,NULL,'2023-06-21 19:47:10','2023-06-21 19:47:10',NULL),(1362,9172,1364,1368,NULL,0,NULL,'2023-06-21 19:47:10','2023-06-21 19:47:10',NULL),(1363,9172,1365,1369,NULL,0,NULL,'2023-06-21 19:47:10','2023-06-21 19:47:10',NULL),(1364,9172,1366,1370,NULL,0,NULL,'2023-06-21 19:47:10','2023-06-21 19:47:10',NULL),(1365,9172,1367,1371,NULL,0,NULL,'2023-06-21 19:47:10','2023-06-21 19:47:10',NULL),(1366,9172,1368,1372,NULL,0,NULL,'2023-06-21 19:47:10','2023-06-21 19:47:10',NULL),(1367,9172,1369,1373,NULL,0,NULL,'2023-06-21 19:47:11','2023-06-21 19:47:11',NULL),(1368,9172,1370,1374,NULL,0,NULL,'2023-06-21 19:47:11','2023-06-21 19:47:11',NULL),(1369,9172,1371,1375,NULL,0,NULL,'2023-06-21 19:47:11','2023-06-21 19:47:11',NULL),(1370,9172,1372,1376,NULL,0,NULL,'2023-06-21 19:47:11','2023-06-21 19:47:11',NULL),(1371,9172,1373,1377,NULL,0,NULL,'2023-06-21 19:47:11','2023-06-21 19:47:11',NULL),(1372,9172,1374,1378,NULL,0,NULL,'2023-06-21 19:47:11','2023-06-21 19:47:11',NULL),(1373,9172,1375,1379,NULL,0,NULL,'2023-06-21 19:47:11','2023-06-21 19:47:11',NULL),(1374,9172,1376,1380,NULL,0,NULL,'2023-06-21 19:47:11','2023-06-21 19:47:11',NULL),(1375,9172,1377,1381,NULL,0,NULL,'2023-06-21 19:47:11','2023-06-21 19:47:11',NULL),(1376,9172,1378,1382,NULL,0,NULL,'2023-06-21 19:47:11','2023-06-21 19:47:11',NULL),(1377,9172,1379,1383,NULL,0,NULL,'2023-06-21 19:47:11','2023-06-21 19:47:11',NULL),(1378,9172,1380,1384,NULL,0,NULL,'2023-06-21 19:47:11','2023-06-21 19:47:11',NULL),(1379,9172,1381,1385,NULL,0,NULL,'2023-06-21 19:47:11','2023-06-21 19:47:11',NULL),(1380,9172,1382,1386,NULL,0,NULL,'2023-06-21 19:47:11','2023-06-21 19:47:11',NULL),(1381,9172,1383,1387,NULL,0,NULL,'2023-06-21 19:47:11','2023-06-21 19:47:11',NULL),(1382,9172,1384,1388,NULL,0,NULL,'2023-06-21 19:47:11','2023-06-21 19:47:11',NULL),(1383,9172,1385,1389,NULL,0,NULL,'2023-06-21 19:47:11','2023-06-21 19:47:11',NULL),(1384,9172,1386,1390,NULL,0,NULL,'2023-06-21 19:47:12','2023-06-21 19:47:12',NULL),(1385,9172,1387,1391,NULL,0,NULL,'2023-06-21 19:47:12','2023-06-21 19:47:12',NULL),(1386,9172,1388,1392,NULL,0,NULL,'2023-06-21 19:47:12','2023-06-21 19:47:12',NULL),(1387,9172,1389,1393,NULL,0,NULL,'2023-06-21 19:47:12','2023-06-21 19:47:12',NULL),(1388,9172,1390,1394,NULL,0,NULL,'2023-06-21 19:47:12','2023-06-21 19:47:12',NULL),(1389,9172,1391,1395,NULL,0,NULL,'2023-06-21 19:47:12','2023-06-21 19:47:12',NULL),(1390,9172,1392,1396,NULL,0,NULL,'2023-06-21 19:47:12','2023-06-21 19:47:12',NULL),(1391,9172,1393,1397,NULL,0,NULL,'2023-06-21 19:47:12','2023-06-21 19:47:12',NULL),(1392,9172,1394,1398,NULL,0,NULL,'2023-06-21 19:47:12','2023-06-21 19:47:12',NULL),(1393,9172,1395,1399,NULL,0,NULL,'2023-06-21 19:47:12','2023-06-21 19:47:12',NULL),(1394,9172,1396,1400,NULL,0,NULL,'2023-06-21 19:47:12','2023-06-21 19:47:12',NULL),(1395,9172,1397,1401,NULL,0,NULL,'2023-06-21 19:47:12','2023-06-21 19:47:12',NULL),(1396,9172,1398,1402,NULL,0,NULL,'2023-06-21 19:47:12','2023-06-21 19:47:12',NULL),(1397,9172,1399,1403,NULL,0,NULL,'2023-06-21 19:47:12','2023-06-21 19:47:12',NULL),(1398,9172,1400,1404,NULL,0,NULL,'2023-06-21 19:47:12','2023-06-21 19:47:12',NULL),(1399,9172,1401,1405,NULL,0,NULL,'2023-06-21 19:47:12','2023-06-21 19:47:12',NULL),(1400,9172,1402,1406,NULL,0,NULL,'2023-06-21 19:47:12','2023-06-21 19:47:12',NULL),(1401,9172,1403,1407,NULL,0,NULL,'2023-06-21 19:47:12','2023-06-21 19:47:12',NULL),(1402,9172,1404,1408,NULL,0,NULL,'2023-06-21 19:47:12','2023-06-21 19:47:12',NULL),(1403,9172,1405,1409,NULL,0,NULL,'2023-06-21 19:47:12','2023-06-21 19:47:12',NULL),(1404,9172,1406,1410,NULL,0,NULL,'2023-06-21 19:47:12','2023-06-21 19:47:12',NULL),(1405,9172,1407,1411,NULL,0,NULL,'2023-06-21 19:47:12','2023-06-21 19:47:12',NULL),(1406,9172,1408,1412,NULL,0,NULL,'2023-06-21 19:47:12','2023-06-21 19:47:12',NULL),(1407,9172,1409,1413,NULL,0,NULL,'2023-06-21 19:47:13','2023-06-21 19:47:13',NULL);
INSERT INTO `cta_cte_cliente_pivot_receipt` VALUES (1408,9172,1410,1414,NULL,0,NULL,'2023-06-21 19:47:13','2023-06-21 19:47:13',NULL),(1409,9172,1411,1415,NULL,0,NULL,'2023-06-21 19:47:13','2023-06-21 19:47:13',NULL),(1410,9172,1412,1416,NULL,0,NULL,'2023-06-21 19:47:13','2023-06-21 19:47:13',NULL),(1411,9172,1413,1417,NULL,0,NULL,'2023-06-21 19:47:13','2023-06-21 19:47:13',NULL),(1412,9172,1414,1418,NULL,0,NULL,'2023-06-21 19:47:13','2023-06-21 19:47:13',NULL),(1413,9172,1415,1419,NULL,0,NULL,'2023-06-21 19:47:13','2023-06-21 19:47:13',NULL),(1414,9172,1416,1420,NULL,0,NULL,'2023-06-21 19:47:13','2023-06-21 19:47:13',NULL),(1415,9172,1417,1421,NULL,0,NULL,'2023-06-21 19:47:13','2023-06-21 19:47:13',NULL),(1416,9172,1418,1422,NULL,0,NULL,'2023-06-21 19:47:13','2023-06-21 19:47:13',NULL),(1417,9172,1419,1423,NULL,0,NULL,'2023-06-21 19:47:13','2023-06-21 19:47:13',NULL),(1418,9172,1420,1424,NULL,0,NULL,'2023-06-21 19:47:13','2023-06-21 19:47:13',NULL),(1419,9172,1421,1425,NULL,0,NULL,'2023-06-21 19:47:14','2023-06-21 19:47:14',NULL),(1420,9172,1422,1426,NULL,0,NULL,'2023-06-21 19:47:14','2023-06-21 19:47:14',NULL),(1421,9172,1423,1427,NULL,0,NULL,'2023-06-21 19:47:14','2023-06-21 19:47:14',NULL),(1422,9172,1424,1428,NULL,0,NULL,'2023-06-21 19:47:14','2023-06-21 19:47:14',NULL),(1423,9172,1425,1429,NULL,0,NULL,'2023-06-21 19:47:14','2023-06-21 19:47:14',NULL),(1424,9172,1426,1430,NULL,0,NULL,'2023-06-21 19:47:14','2023-06-21 19:47:14',NULL),(1425,9172,1427,1431,NULL,0,NULL,'2023-06-21 19:47:14','2023-06-21 19:47:14',NULL),(1426,9172,1428,1432,NULL,0,NULL,'2023-06-21 19:47:14','2023-06-21 19:47:14',NULL),(1427,9172,1429,1433,NULL,0,NULL,'2023-06-21 19:47:14','2023-06-21 19:47:14',NULL),(1428,9172,1430,1434,NULL,0,NULL,'2023-06-21 19:47:14','2023-06-21 19:47:14',NULL),(1429,9172,1431,1435,NULL,0,NULL,'2023-06-21 19:47:14','2023-06-21 19:47:14',NULL),(1430,9172,1432,1436,NULL,0,NULL,'2023-06-21 19:47:14','2023-06-21 19:47:14',NULL),(1431,9172,1433,1437,NULL,0,NULL,'2023-06-21 19:47:14','2023-06-21 19:47:14',NULL),(1432,9172,1434,1438,NULL,0,NULL,'2023-06-21 19:47:14','2023-06-21 19:47:14',NULL),(1433,9172,1435,1439,NULL,0,NULL,'2023-06-21 19:47:14','2023-06-21 19:47:14',NULL),(1434,9172,1436,1440,NULL,0,NULL,'2023-06-21 19:47:14','2023-06-21 19:47:14',NULL),(1435,9172,1437,1441,NULL,0,NULL,'2023-06-21 19:47:14','2023-06-21 19:47:14',NULL),(1436,9172,1438,1442,NULL,0,NULL,'2023-06-21 19:47:14','2023-06-21 19:47:14',NULL),(1437,9172,1439,1443,NULL,0,NULL,'2023-06-21 19:47:14','2023-06-21 19:47:14',NULL),(1438,9172,1440,1444,NULL,0,NULL,'2023-06-21 19:47:15','2023-06-21 19:47:15',NULL),(1439,9172,1441,1445,NULL,0,NULL,'2023-06-21 19:47:15','2023-06-21 19:47:15',NULL),(1440,9172,1442,1446,NULL,0,NULL,'2023-06-21 19:47:15','2023-06-21 19:47:15',NULL),(1441,9172,1443,1447,NULL,0,NULL,'2023-06-21 19:48:05','2023-06-21 19:48:05',NULL),(1442,9172,1444,1448,NULL,0,NULL,'2023-06-21 19:48:05','2023-06-21 19:48:05',NULL),(1443,9172,1445,1449,NULL,0,NULL,'2023-06-21 19:48:05','2023-06-21 19:48:05',NULL),(1444,9172,1446,1450,NULL,0,NULL,'2023-06-21 19:48:05','2023-06-21 19:48:05',NULL),(1445,9172,1447,1451,NULL,0,NULL,'2023-06-21 19:48:05','2023-06-21 19:48:05',NULL),(1446,9172,1448,1452,NULL,0,NULL,'2023-06-21 19:48:05','2023-06-21 19:48:05',NULL),(1447,9172,1449,1453,NULL,0,NULL,'2023-06-21 19:48:05','2023-06-21 19:48:05',NULL),(1448,9172,1450,1454,NULL,0,NULL,'2023-06-21 19:48:05','2023-06-21 19:48:05',NULL),(1449,9172,1451,1455,NULL,0,NULL,'2023-06-21 19:48:05','2023-06-21 19:48:05',NULL),(1450,9172,1452,1456,NULL,0,NULL,'2023-06-21 19:48:05','2023-06-21 19:48:05',NULL),(1451,9172,1453,1457,NULL,0,NULL,'2023-06-21 19:48:05','2023-06-21 19:48:05',NULL),(1452,9172,1454,1458,NULL,0,NULL,'2023-06-21 19:48:06','2023-06-21 19:48:06',NULL),(1453,9172,1455,1459,NULL,0,NULL,'2023-06-21 19:48:06','2023-06-21 19:48:06',NULL),(1454,9172,1456,1460,NULL,0,NULL,'2023-06-21 19:48:06','2023-06-21 19:48:06',NULL),(1455,9172,1457,1461,NULL,0,NULL,'2023-06-21 19:48:06','2023-06-21 19:48:06',NULL);
INSERT INTO `cta_cte_cliente_pivot_receipt` VALUES (1456,9172,1458,1462,NULL,0,NULL,'2023-06-21 19:48:06','2023-06-21 19:48:06',NULL),(1457,9172,1459,1463,NULL,0,NULL,'2023-06-21 19:48:06','2023-06-21 19:48:06',NULL),(1458,9172,1460,1464,NULL,0,NULL,'2023-06-21 19:48:06','2023-06-21 19:48:06',NULL),(1459,9172,1461,1465,NULL,0,NULL,'2023-06-21 19:48:06','2023-06-21 19:48:06',NULL),(1460,9172,1462,1466,NULL,0,NULL,'2023-06-21 19:48:06','2023-06-21 19:48:06',NULL),(1461,9172,1463,1467,NULL,0,NULL,'2023-06-21 19:48:06','2023-06-21 19:48:06',NULL),(1462,9172,1464,1468,NULL,0,NULL,'2023-06-21 19:48:06','2023-06-21 19:48:06',NULL),(1463,9172,1465,1469,NULL,0,NULL,'2023-06-21 19:48:07','2023-06-21 19:48:07',NULL),(1464,9172,1466,1470,NULL,0,NULL,'2023-06-21 19:48:07','2023-06-21 19:48:07',NULL),(1465,9172,1467,1471,NULL,0,NULL,'2023-06-21 19:48:07','2023-06-21 19:48:07',NULL),(1466,9172,1468,1472,NULL,0,NULL,'2023-06-21 19:48:07','2023-06-21 19:48:07',NULL);

--
-- Table structure for table `cta_cte_tesoreria`
--

CREATE TABLE `cta_cte_tesoreria` (
  `id` int(10) unsigned NOT NULL AUTO_INCREMENT,
  `user_id` int(10) unsigned DEFAULT NULL,
  `person_id` int(10) unsigned NOT NULL,
  `cta_cte_cliente_id` int(10) unsigned DEFAULT NULL,
  `nf_cta_cte_id` int(10) unsigned DEFAULT NULL,
  `cta_cte_tesoreria_cuenta_id` int(10) unsigned NOT NULL,
  `period_id` int(10) unsigned NOT NULL,
  `fecha` date DEFAULT NULL,
  `total` decimal(16,2) NOT NULL,
  `moneda_id` int(10) unsigned NOT NULL DEFAULT '1',
  `cotizacion` decimal(9,2) NOT NULL DEFAULT '1.00',
  `comentario` varchar(191) COLLATE utf8mb4_unicode_ci DEFAULT NULL,
  `file` varchar(191) COLLATE utf8mb4_unicode_ci DEFAULT NULL,
  `created_at` timestamp NULL DEFAULT NULL,
  `updated_at` timestamp NULL DEFAULT NULL,
  `deleted_at` timestamp NULL DEFAULT NULL,
  `ticket_id` bigint(20) unsigned DEFAULT NULL,
  PRIMARY KEY (`id`),
  KEY `cta_cte_tesoreria_person_id_foreign` (`person_id`),
  KEY `cta_cte_tesoreria_cta_cte_cliente_id_foreign` (`cta_cte_cliente_id`),
  KEY `cta_cte_tesoreria_cta_cte_tesoreria_cuenta_id_foreign` (`cta_cte_tesoreria_cuenta_id`),
  KEY `cta_cte_tesoreria_period_id_foreign` (`period_id`),
  KEY `cta_cte_tesoreria_nf_cta_cte_id_foreign` (`nf_cta_cte_id`),
  KEY `cta_cte_tesoreria_moneda_id_foreign` (`moneda_id`),
  KEY `cta_cte_tesoreria_ticket_id_foreign` (`ticket_id`),
  CONSTRAINT `cta_cte_tesoreria_cta_cte_cliente_id_foreign` FOREIGN KEY (`cta_cte_cliente_id`) REFERENCES `cta_cte_cliente` (`id`),
  CONSTRAINT `cta_cte_tesoreria_cta_cte_tesoreria_cuenta_id_foreign` FOREIGN KEY (`cta_cte_tesoreria_cuenta_id`) REFERENCES `cta_cte_tesoreria_cuentas` (`id`),
  CONSTRAINT `cta_cte_tesoreria_moneda_id_foreign` FOREIGN KEY (`moneda_id`) REFERENCES `monedas` (`id`),
  CONSTRAINT `cta_cte_tesoreria_nf_cta_cte_id_foreign` FOREIGN KEY (`nf_cta_cte_id`) REFERENCES `nf_cta_cte` (`id`),
  CONSTRAINT `cta_cte_tesoreria_period_id_foreign` FOREIGN KEY (`period_id`) REFERENCES `periods` (`id`),
  CONSTRAINT `cta_cte_tesoreria_person_id_foreign` FOREIGN KEY (`person_id`) REFERENCES `persons` (`id`),
  CONSTRAINT `cta_cte_tesoreria_ticket_id_foreign` FOREIGN KEY (`ticket_id`) REFERENCES `tickets` (`id`)
) ENGINE=InnoDB AUTO_INCREMENT=4 DEFAULT CHARSET=utf8mb4 COLLATE=utf8mb4_unicode_ci;

--
-- Dumping data for table `cta_cte_tesoreria`
--

INSERT INTO `cta_cte_tesoreria` VALUES (1,8522,40718,NULL,NULL,757,1520,'2023-02-28',155000.00,1,1.00,'Saldo Inicial',NULL,'2023-02-28 14:21:22','2023-02-28 14:21:22',NULL,NULL),(2,8522,40718,1252,NULL,13,1521,'2023-03-01',10000.00,1,1.00,NULL,NULL,'2023-03-01 11:25:20','2023-03-01 11:25:20',NULL,NULL),(3,8522,40718,NULL,4,13,1521,'2023-03-03',150.00,1,1.00,NULL,NULL,'2023-03-02 22:15:32','2023-03-02 22:15:54','2023-03-02 22:15:54',NULL);

--
-- Table structure for table `cta_cte_tesoreria_banco_cheq`
--

CREATE TABLE `cta_cte_tesoreria_banco_cheq` (
  `id` int(10) unsigned NOT NULL AUTO_INCREMENT,
  `user_id` int(10) unsigned DEFAULT NULL,
  `person_id` int(10) unsigned NOT NULL,
  `cta_cte_tesoreria_cuenta_id` int(10) unsigned NOT NULL,
  `cta_cte_tesoreria_banco_id` int(10) unsigned NOT NULL,
  `chequera_tipo_id` int(10) unsigned NOT NULL,
  `serie` text COLLATE utf8mb4_unicode_ci,
  `numero_cheque` int(11) DEFAULT NULL,
  `habilitado` tinyint(1) NOT NULL DEFAULT '1',
  `created_at` timestamp NULL DEFAULT NULL,
  `updated_at` timestamp NULL DEFAULT NULL,
  `deleted_at` timestamp NULL DEFAULT NULL,
  PRIMARY KEY (`id`),
  KEY `cta_cte_tesoreria_banco_cheq_person_id_foreign` (`person_id`),
  KEY `cta_cte_tesoreria_banco_cheq_cta_cte_tesoreria_cuenta_id_foreign` (`cta_cte_tesoreria_cuenta_id`),
  KEY `cta_cte_tesoreria_banco_cheq_cta_cte_tesoreria_banco_id_foreign` (`cta_cte_tesoreria_banco_id`),
  KEY `cta_cte_tesoreria_banco_cheq_chequera_tipo_id_foreign` (`chequera_tipo_id`),
  CONSTRAINT `cta_cte_tesoreria_banco_cheq_chequera_tipo_id_foreign` FOREIGN KEY (`chequera_tipo_id`) REFERENCES `chequeras_tipos` (`id`),
  CONSTRAINT `cta_cte_tesoreria_banco_cheq_cta_cte_tesoreria_banco_id_foreign` FOREIGN KEY (`cta_cte_tesoreria_banco_id`) REFERENCES `cta_cte_tesoreria_bancos` (`id`),
  CONSTRAINT `cta_cte_tesoreria_banco_cheq_cta_cte_tesoreria_cuenta_id_foreign` FOREIGN KEY (`cta_cte_tesoreria_cuenta_id`) REFERENCES `cta_cte_tesoreria_cuentas` (`id`),
  CONSTRAINT `cta_cte_tesoreria_banco_cheq_person_id_foreign` FOREIGN KEY (`person_id`) REFERENCES `persons` (`id`)
) ENGINE=InnoDB DEFAULT CHARSET=utf8mb4 COLLATE=utf8mb4_unicode_ci;

--
-- Dumping data for table `cta_cte_tesoreria_banco_cheq`
--


--
-- Table structure for table `cta_cte_tesoreria_banco_claves`
--

CREATE TABLE `cta_cte_tesoreria_banco_claves` (
  `id` int(10) unsigned NOT NULL AUTO_INCREMENT,
  `user_id` int(10) unsigned DEFAULT NULL,
  `person_id` int(10) unsigned NOT NULL,
  `cta_cte_tesoreria_cuenta_id` int(10) unsigned NOT NULL,
  `cta_cte_tesoreria_banco_id` int(10) unsigned NOT NULL,
  `descripcion` longtext COLLATE utf8mb4_unicode_ci,
  `created_at` timestamp NULL DEFAULT NULL,
  `updated_at` timestamp NULL DEFAULT NULL,
  `deleted_at` timestamp NULL DEFAULT NULL,
  PRIMARY KEY (`id`),
  KEY `cta_cte_tesoreria_banco_claves_person_id_foreign` (`person_id`),
  KEY `ct_cuenta_id` (`cta_cte_tesoreria_cuenta_id`),
  KEY `ct_banco_id` (`cta_cte_tesoreria_banco_id`),
  CONSTRAINT `ct_banco_id` FOREIGN KEY (`cta_cte_tesoreria_banco_id`) REFERENCES `cta_cte_tesoreria_bancos` (`id`),
  CONSTRAINT `ct_cuenta_id` FOREIGN KEY (`cta_cte_tesoreria_cuenta_id`) REFERENCES `cta_cte_tesoreria_cuentas` (`id`),
  CONSTRAINT `cta_cte_tesoreria_banco_claves_person_id_foreign` FOREIGN KEY (`person_id`) REFERENCES `persons` (`id`)
) ENGINE=InnoDB DEFAULT CHARSET=utf8mb4 COLLATE=utf8mb4_unicode_ci;

--
-- Dumping data for table `cta_cte_tesoreria_banco_claves`
--


--
-- Table structure for table `cta_cte_tesoreria_bancos`
--

CREATE TABLE `cta_cte_tesoreria_bancos` (
  `id` int(10) unsigned NOT NULL AUTO_INCREMENT,
  `user_id` int(10) unsigned DEFAULT NULL,
  `person_id` int(10) unsigned NOT NULL,
  `cta_cte_tesoreria_cuenta_id` int(10) unsigned NOT NULL,
  `ctacte_banco_id` int(10) unsigned NOT NULL,
  `persona_empresa` int(11) NOT NULL DEFAULT '1',
  `zone_id` int(10) unsigned NOT NULL,
  `cuenta_contable_id` int(10) unsigned NOT NULL,
  `cuenta_contable_id_diferido` int(10) unsigned DEFAULT NULL,
  `cuenta_contable_id_pend_acred` int(10) unsigned DEFAULT NULL,
  `numero_cuenta` text COLLATE utf8mb4_unicode_ci,
  `cbu` text COLLATE utf8mb4_unicode_ci,
  `alias` text COLLATE utf8mb4_unicode_ci,
  `habilitado` tinyint(1) NOT NULL DEFAULT '1',
  `created_at` timestamp NULL DEFAULT NULL,
  `updated_at` timestamp NULL DEFAULT NULL,
  `deleted_at` timestamp NULL DEFAULT NULL,
  PRIMARY KEY (`id`),
  KEY `cta_cte_tesoreria_bancos_person_id_foreign` (`person_id`),
  KEY `cta_cte_tesoreria_bancos_cta_cte_tesoreria_cuenta_id_foreign` (`cta_cte_tesoreria_cuenta_id`),
  KEY `cta_cte_tesoreria_bancos_ctacte_banco_id_foreign` (`ctacte_banco_id`),
  KEY `cta_cte_tesoreria_bancos_zone_id_foreign` (`zone_id`),
  KEY `cta_cte_tesoreria_bancos_cuenta_contable_id_foreign` (`cuenta_contable_id`),
  KEY `cta_cte_tesoreria_bancos_cuenta_contable_id_diferido_foreign` (`cuenta_contable_id_diferido`),
  KEY `cta_cte_tesoreria_bancos_cuenta_contable_id_pend_acred_foreign` (`cuenta_contable_id_pend_acred`),
  CONSTRAINT `cta_cte_tesoreria_bancos_cta_cte_tesoreria_cuenta_id_foreign` FOREIGN KEY (`cta_cte_tesoreria_cuenta_id`) REFERENCES `cta_cte_tesoreria_cuentas` (`id`),
  CONSTRAINT `cta_cte_tesoreria_bancos_ctacte_banco_id_foreign` FOREIGN KEY (`ctacte_banco_id`) REFERENCES `ctacte_bancos` (`id`),
  CONSTRAINT `cta_cte_tesoreria_bancos_cuenta_contable_id_diferido_foreign` FOREIGN KEY (`cuenta_contable_id_diferido`) REFERENCES `conta_plan_cuenta` (`id`),
  CONSTRAINT `cta_cte_tesoreria_bancos_cuenta_contable_id_foreign` FOREIGN KEY (`cuenta_contable_id`) REFERENCES `conta_plan_cuenta` (`id`),
  CONSTRAINT `cta_cte_tesoreria_bancos_cuenta_contable_id_pend_acred_foreign` FOREIGN KEY (`cuenta_contable_id_pend_acred`) REFERENCES `conta_plan_cuenta` (`id`),
  CONSTRAINT `cta_cte_tesoreria_bancos_person_id_foreign` FOREIGN KEY (`person_id`) REFERENCES `persons` (`id`),
  CONSTRAINT `cta_cte_tesoreria_bancos_zone_id_foreign` FOREIGN KEY (`zone_id`) REFERENCES `zones` (`id`)
) ENGINE=InnoDB DEFAULT CHARSET=utf8mb4 COLLATE=utf8mb4_unicode_ci;

--
-- Dumping data for table `cta_cte_tesoreria_bancos`
--


--
-- Table structure for table `cta_cte_tesoreria_cuenta_tipos`
--

CREATE TABLE `cta_cte_tesoreria_cuenta_tipos` (
  `id` int(10) unsigned NOT NULL AUTO_INCREMENT,
  `user_id` int(10) unsigned DEFAULT NULL,
  `descripcion` text COLLATE utf8mb4_unicode_ci NOT NULL,
  `habilitado` tinyint(1) NOT NULL DEFAULT '1',
  `created_at` timestamp NULL DEFAULT NULL,
  `updated_at` timestamp NULL DEFAULT NULL,
  `deleted_at` timestamp NULL DEFAULT NULL,
  PRIMARY KEY (`id`)
) ENGINE=InnoDB AUTO_INCREMENT=11 DEFAULT CHARSET=utf8mb4 COLLATE=utf8mb4_unicode_ci;

--
-- Dumping data for table `cta_cte_tesoreria_cuenta_tipos`
--

INSERT INTO `cta_cte_tesoreria_cuenta_tipos` VALUES (1,NULL,'CAJA',1,NULL,NULL,NULL),(2,NULL,'BANCOS',1,NULL,NULL,NULL),(3,NULL,'CHEQUES',1,NULL,NULL,NULL),(4,NULL,'RETENCIONES EFECTUADAS',1,NULL,'2024-05-26 21:06:40',NULL),(5,NULL,'PERCEPCIONES EFECTUADAS',1,NULL,'2024-05-26 21:06:40',NULL),(6,NULL,'RESULTADO NEGATIVO',1,NULL,NULL,NULL),(7,NULL,'RESULTADO POSITIVO',1,NULL,NULL,NULL),(8,NULL,'MOVIMIENTO',1,NULL,NULL,NULL),(9,NULL,'RETENCIONES SUFRIDAS',1,NULL,NULL,NULL),(10,NULL,'PERCEPCIONES SUFRIDAS',1,NULL,NULL,NULL);

--
-- Table structure for table `cta_cte_tesoreria_cuentas`
--

CREATE TABLE `cta_cte_tesoreria_cuentas` (
  `id` int(10) unsigned NOT NULL AUTO_INCREMENT,
  `user_id` int(10) unsigned DEFAULT NULL,
  `moneda_id` int(10) unsigned NOT NULL DEFAULT '1',
  `plan_cuenta_id` int(10) unsigned NOT NULL,
  `person_id` int(10) unsigned DEFAULT NULL,
  `cta_cte_tesoreria_cuenta_tipo_id` int(10) unsigned NOT NULL DEFAULT '8',
  `retention_type_id` int(10) unsigned DEFAULT NULL,
  `nombre` varchar(191) COLLATE utf8mb4_unicode_ci NOT NULL,
  `cuit` text COLLATE utf8mb4_unicode_ci,
  `cheque3ros` tinyint(1) NOT NULL DEFAULT '0',
  `cheque_emitidos` tinyint(1) NOT NULL DEFAULT '0',
  `tes_cta_cte` tinyint(1) NOT NULL DEFAULT '0',
  `tes_cuenta_origen` tinyint(1) NOT NULL DEFAULT '0',
  `tes_cuenta_destino` tinyint(1) NOT NULL DEFAULT '0',
  `conta_asientos` tinyint(1) NOT NULL DEFAULT '0',
  `habilitado` tinyint(1) NOT NULL DEFAULT '1',
  `created_at` timestamp NULL DEFAULT NULL,
  `updated_at` timestamp NULL DEFAULT NULL,
  `deleted_at` timestamp NULL DEFAULT NULL,
  PRIMARY KEY (`id`),
  KEY `cta_cte_tesoreria_cuentas_person_id_foreign` (`person_id`),
  KEY `cta_cte_tesoreria_cuentas_plan_cuenta_id_foreign` (`plan_cuenta_id`),
  KEY `cta_tes_tipo_id_foreign` (`cta_cte_tesoreria_cuenta_tipo_id`),
  KEY `cta_cte_tesoreria_cuentas_moneda_id_foreign` (`moneda_id`),
  KEY `cta_cte_tesoreria_cuentas_retention_type_id_foreign` (`retention_type_id`),
  CONSTRAINT `cta_cte_tesoreria_cuentas_moneda_id_foreign` FOREIGN KEY (`moneda_id`) REFERENCES `monedas` (`id`),
  CONSTRAINT `cta_cte_tesoreria_cuentas_person_id_foreign` FOREIGN KEY (`person_id`) REFERENCES `persons` (`id`),
  CONSTRAINT `cta_cte_tesoreria_cuentas_plan_cuenta_id_foreign` FOREIGN KEY (`plan_cuenta_id`) REFERENCES `conta_plan_cuenta` (`id`),
  CONSTRAINT `cta_cte_tesoreria_cuentas_retention_type_id_foreign` FOREIGN KEY (`retention_type_id`) REFERENCES `retention_types` (`id`),
  CONSTRAINT `cta_tes_tipo_id_foreign` FOREIGN KEY (`cta_cte_tesoreria_cuenta_tipo_id`) REFERENCES `cta_cte_tesoreria_cuenta_tipos` (`id`)
) ENGINE=InnoDB AUTO_INCREMENT=759 DEFAULT CHARSET=utf8mb4 COLLATE=utf8mb4_unicode_ci;

--
-- Dumping data for table `cta_cte_tesoreria_cuentas`
--

INSERT INTO `cta_cte_tesoreria_cuentas` VALUES (13,NULL,1,13,NULL,8,NULL,'Clientes - Deudores',NULL,0,0,0,0,0,0,1,'2019-10-19 02:10:24','2019-10-19 02:10:24',NULL),(20,NULL,1,20,NULL,8,NULL,'Anticipos Impuesto a las Ganancias',NULL,0,0,0,0,1,0,1,'2019-10-19 02:10:24','2019-10-19 02:10:24',NULL),(23,NULL,1,23,NULL,4,NULL,'Retenciones Impuesto a las Ganancias',NULL,0,0,1,0,0,0,1,'2019-10-19 02:10:24','2023-06-18 01:42:48',NULL),(25,NULL,1,25,NULL,4,NULL,'Retenciones de IVA',NULL,0,0,1,0,0,0,1,'2019-10-19 02:10:24','2023-06-18 01:42:48',NULL),(57,NULL,1,57,NULL,8,NULL,'Proveedores en Cta. Cte. locales',NULL,0,0,0,0,0,0,1,'2019-10-19 02:10:24','2019-10-19 02:10:24',NULL),(60,NULL,1,60,NULL,3,NULL,'Cheques emitidos ',NULL,0,1,1,1,1,0,1,'2019-10-19 02:10:24','2023-06-18 01:42:48',NULL),(62,NULL,1,62,NULL,8,NULL,'Sueldos y Jornales a pagar',NULL,0,0,0,0,1,0,1,'2019-10-19 02:10:24','2019-10-19 02:10:24',NULL),(140,NULL,1,140,NULL,6,NULL,'Intereses y Gastos bancarios',NULL,0,0,0,0,1,0,1,'2019-10-19 02:10:24','2023-06-18 01:42:48',NULL),(162,NULL,1,162,NULL,4,NULL,'Retenciones SUSS',NULL,0,0,1,0,0,0,1,'2019-10-19 02:10:24','2023-06-18 01:42:48',NULL),(176,NULL,1,176,NULL,3,NULL,'Cheques en Cartera',NULL,1,0,1,1,1,0,1,'2019-10-19 02:10:24','2023-06-18 01:42:48',NULL),(201,NULL,1,201,NULL,6,NULL,'Monotributo',NULL,0,0,0,0,1,0,1,'2019-10-19 02:10:24','2023-06-18 01:42:48',NULL),(203,NULL,1,203,NULL,6,NULL,'Autonomos',NULL,0,0,0,0,1,0,1,'2019-10-19 02:10:24','2023-06-18 01:42:48',NULL),(219,NULL,1,219,NULL,8,NULL,'Pagos AFIP',NULL,0,0,0,0,1,0,1,'2019-10-19 02:10:24','2019-10-19 02:10:24',NULL),(251,NULL,1,251,NULL,4,NULL,'Retenciones de IIBB Buenos Aires',NULL,0,0,1,0,0,0,1,'2019-10-19 02:10:24','2023-06-18 01:42:48',NULL),(252,NULL,1,252,NULL,4,NULL,'Retenciones de IIBB Capital Federal',NULL,0,0,1,0,0,0,1,'2019-10-19 02:10:24','2023-06-18 01:42:48',NULL),(253,NULL,1,253,NULL,4,NULL,'Retenciones de IIBB Catamarca',NULL,0,0,1,0,0,0,1,'2019-10-19 02:10:24','2023-06-18 01:42:48',NULL),(254,NULL,1,254,NULL,4,NULL,'Retenciones de IIBB Chaco',NULL,0,0,1,0,0,0,1,'2019-10-19 02:10:24','2023-06-18 01:42:48',NULL),(255,NULL,1,255,NULL,4,NULL,'Retenciones de IIBB Chubut',NULL,0,0,1,0,0,0,1,'2019-10-19 02:10:24','2023-06-18 01:42:48',NULL),(256,NULL,1,256,NULL,4,NULL,'Retenciones de IIBB Córdoba',NULL,0,0,1,0,0,0,1,'2019-10-19 02:10:24','2023-06-18 01:42:48',NULL),(257,NULL,1,257,NULL,4,NULL,'Retenciones de IIBB Corrientes',NULL,0,0,1,0,0,0,1,'2019-10-19 02:10:24','2023-06-18 01:42:48',NULL),(258,NULL,1,258,NULL,4,NULL,'Retenciones de IIBB Entre Ríos',NULL,0,0,1,0,0,0,1,'2019-10-19 02:10:24','2023-06-18 01:42:48',NULL),(259,NULL,1,259,NULL,4,NULL,'Retenciones de IIBB Formosa',NULL,0,0,1,0,0,0,1,'2019-10-19 02:10:24','2023-06-18 01:42:48',NULL),(260,NULL,1,260,NULL,4,NULL,'Retenciones de IIBB Jujuy',NULL,0,0,1,0,0,0,1,'2019-10-19 02:10:24','2023-06-18 01:42:48',NULL),(261,NULL,1,261,NULL,4,NULL,'Retenciones de IIBB La Pampa',NULL,0,0,1,0,0,0,1,'2019-10-19 02:10:24','2023-06-18 01:42:48',NULL),(262,NULL,1,262,NULL,4,NULL,'Retenciones de IIBB La Rioja',NULL,0,0,1,0,0,0,1,'2019-10-19 02:10:24','2023-06-18 01:42:48',NULL),(263,NULL,1,263,NULL,4,NULL,'Retenciones de IIBB Mendoza',NULL,0,0,1,0,0,0,1,'2019-10-19 02:10:24','2023-06-18 01:42:48',NULL),(264,NULL,1,264,NULL,4,NULL,'Retenciones de IIBB Misiones',NULL,0,0,1,0,0,0,1,'2019-10-19 02:10:24','2023-06-18 01:42:48',NULL),(265,NULL,1,265,NULL,4,NULL,'Retenciones de IIBB Neuquén',NULL,0,0,1,0,0,0,1,'2019-10-19 02:10:24','2023-06-18 01:42:48',NULL),(266,NULL,1,266,NULL,4,NULL,'Retenciones de IIBB Pascua Lama',NULL,0,0,1,0,0,0,1,'2019-10-19 02:10:24','2023-06-18 01:42:48',NULL),(267,NULL,1,267,NULL,4,NULL,'Retenciones de IIBB Río Negro',NULL,0,0,1,0,0,0,1,'2019-10-19 02:10:24','2023-06-18 01:42:48',NULL),(268,NULL,1,268,NULL,4,NULL,'Retenciones de IIBB Salta',NULL,0,0,1,0,0,0,1,'2019-10-19 02:10:24','2023-06-18 01:42:48',NULL),(269,NULL,1,269,NULL,4,NULL,'Retenciones de IIBB San Juan',NULL,0,0,1,0,0,0,1,'2019-10-19 02:10:24','2023-06-18 01:42:48',NULL);
INSERT INTO `cta_cte_tesoreria_cuentas` VALUES (270,NULL,1,270,NULL,4,NULL,'Retenciones de IIBB San Luis',NULL,0,0,1,0,0,0,1,'2019-10-19 02:10:24','2023-06-18 01:42:48',NULL),(271,NULL,1,271,NULL,4,NULL,'Retenciones de IIBB Santa Cruz',NULL,0,0,1,0,0,0,1,'2019-10-19 02:10:24','2023-06-18 01:42:48',NULL),(272,NULL,1,272,NULL,4,NULL,'Retenciones de IIBB Santa Fe',NULL,0,0,1,0,0,0,1,'2019-10-19 02:10:24','2023-06-18 01:42:48',NULL),(273,NULL,1,273,NULL,4,NULL,'Retenciones de IIBB Santiago del Estero',NULL,0,0,1,0,0,0,1,'2019-10-19 02:10:24','2023-06-18 01:42:48',NULL),(274,NULL,1,274,NULL,4,NULL,'Retenciones de IIBB Tierra del Fuego',NULL,0,0,1,0,0,0,1,'2019-10-19 02:10:24','2023-06-18 01:42:48',NULL),(275,NULL,1,275,NULL,4,NULL,'Retenciones de IIBB Tucuman',NULL,0,0,1,0,0,0,1,'2019-10-19 02:10:24','2023-06-18 01:42:48',NULL),(351,NULL,1,351,NULL,8,NULL,'BANCO SIRCREB',NULL,0,0,0,0,1,0,1,'2019-10-19 02:10:24','2019-10-19 02:10:24',NULL),(359,NULL,1,359,NULL,8,NULL,'Caja en Pesos',NULL,0,0,1,1,1,0,1,'2019-10-19 02:10:24','2023-06-18 01:42:47','2023-06-18 01:42:47'),(360,NULL,1,360,NULL,8,NULL,'Retenciones Bancarias de Ganancias a Favor',NULL,0,0,0,0,1,0,1,'2019-10-19 02:10:24','2019-10-19 02:10:24',NULL),(364,NULL,1,364,NULL,8,NULL,'Anticipo de Clientes',NULL,0,0,0,0,1,0,1,'2019-10-19 02:10:24','2019-10-19 02:10:24',NULL),(384,NULL,1,384,NULL,8,NULL,'Caja en Dolares',NULL,0,0,1,1,1,0,1,'2019-10-19 02:10:24','2023-06-18 01:42:47','2023-06-18 01:42:47'),(409,NULL,1,409,NULL,6,NULL,'IVA Crédito Fiscal No computable',NULL,0,0,0,0,1,0,1,'2019-10-19 02:10:24','2023-06-18 01:42:48',NULL),(418,NULL,1,418,NULL,8,NULL,'Deudas Bancarias',NULL,0,0,0,1,1,0,1,'2019-10-19 02:10:24','2019-10-19 02:10:24',NULL),(433,NULL,1,433,NULL,8,NULL,'Préstamo',NULL,0,0,0,1,1,0,1,'2019-10-19 02:10:24','2019-10-19 02:10:24',NULL),(441,NULL,1,441,NULL,8,NULL,'Leasing',NULL,0,0,0,1,1,0,1,'2019-10-19 02:10:24','2019-10-19 02:10:24',NULL),(448,NULL,1,448,NULL,8,NULL,'Planes de Pagos AFIP',NULL,0,0,0,1,1,0,1,'2019-10-19 02:10:24','2019-10-19 02:10:24',NULL),(450,NULL,1,450,NULL,3,NULL,'Cheques Rechazados',NULL,0,0,0,0,1,0,1,'2019-10-19 02:10:24','2023-06-18 01:42:48',NULL),(467,NULL,1,467,NULL,6,NULL,'Interés',NULL,0,0,0,0,1,0,1,'2019-10-19 02:10:24','2023-06-18 01:42:48',NULL),(468,NULL,1,14,NULL,8,NULL,'Deudores por ventas comunes',NULL,0,0,0,0,0,1,1,'2020-02-06 17:23:07','2023-06-18 01:42:48',NULL),(469,NULL,1,15,NULL,8,NULL,'Deudores por ventas morosos',NULL,0,0,0,0,0,1,1,'2020-02-06 17:23:07','2023-06-18 01:42:48',NULL),(470,NULL,1,16,NULL,8,NULL,'Deudores en gestión judicial',NULL,0,0,0,0,0,1,1,'2020-02-06 17:23:07','2023-06-18 01:42:48',NULL),(471,NULL,1,17,NULL,8,NULL,'Previsión deudores incobrables',NULL,0,0,0,0,0,1,1,'2020-02-06 17:23:07','2023-06-18 01:42:48',NULL),(472,NULL,1,22,NULL,8,NULL,'Anticipo Impto.Ganancia Mínima Presunta',NULL,0,0,0,0,0,1,1,'2020-02-06 17:23:07','2023-06-18 01:42:48',NULL),(473,NULL,1,24,NULL,4,NULL,'Impuesto a las Ganancias (Saldo a favor)',NULL,0,0,0,0,0,1,0,'2020-02-06 17:23:07','2023-06-18 01:42:53',NULL),(474,NULL,1,27,NULL,8,NULL,'Anticipos de proveedores',NULL,0,0,0,0,0,1,1,'2020-02-06 17:23:07','2023-06-18 01:42:48',NULL),(475,NULL,1,28,NULL,8,NULL,'Depósito en garantía alquileres',NULL,0,0,0,0,0,1,1,'2020-02-06 17:23:07','2023-06-18 01:42:48',NULL),(476,NULL,1,29,NULL,8,NULL,'Derechos adquiridos a devengar',NULL,0,0,0,0,0,1,1,'2020-02-06 17:23:07','2023-06-18 01:42:48',NULL),(477,NULL,1,30,NULL,8,NULL,'Intereses a devengar',NULL,0,0,0,0,0,1,1,'2020-02-06 17:23:07','2023-06-18 01:42:48',NULL),(478,NULL,1,31,NULL,8,NULL,'Cuentas a rendir - Directores',NULL,0,0,0,0,0,1,1,'2020-02-06 17:23:07','2023-06-18 01:42:48',NULL),(479,NULL,1,32,NULL,8,NULL,'Alquileres no devengados',NULL,0,0,0,0,0,1,1,'2020-02-06 17:23:07','2023-06-18 01:42:48',NULL),(480,NULL,1,38,NULL,8,NULL,'Equipos de computación valores históricos',NULL,0,0,0,0,0,1,1,'2020-02-06 17:23:07','2023-06-18 01:42:48',NULL);
INSERT INTO `cta_cte_tesoreria_cuentas` VALUES (481,NULL,1,39,NULL,8,NULL,'Equipos de computación ajuste',NULL,0,0,0,0,0,1,1,'2020-02-06 17:23:07','2023-06-18 01:42:48',NULL),(482,NULL,1,40,NULL,8,NULL,'Amortización Acumulada Equipos de comput.',NULL,0,0,0,0,0,1,1,'2020-02-06 17:23:07','2023-06-18 01:42:48',NULL),(483,NULL,1,42,NULL,8,NULL,'Instalaciones valores históricos',NULL,0,0,0,0,0,1,1,'2020-02-06 17:23:07','2023-06-18 01:42:48',NULL),(484,NULL,1,43,NULL,8,NULL,'Instalaciones ajuste',NULL,0,0,0,0,0,1,1,'2020-02-06 17:23:07','2023-06-18 01:42:48',NULL),(485,NULL,1,44,NULL,8,NULL,'Amortización Acumulada Instalaciones',NULL,0,0,0,0,0,1,1,'2020-02-06 17:23:07','2023-06-18 01:42:48',NULL),(486,NULL,1,46,NULL,8,NULL,'Muebles y utiles valores históricos',NULL,0,0,0,0,0,1,1,'2020-02-06 17:23:07','2023-06-18 01:42:48',NULL),(487,NULL,1,47,NULL,8,NULL,'Muebles y utiles ajuste',NULL,0,0,0,0,0,1,1,'2020-02-06 17:23:07','2023-06-18 01:42:48',NULL),(488,NULL,1,48,NULL,8,NULL,'Amortización Acumulada Muebles y Útiles',NULL,0,0,0,0,0,1,1,'2020-02-06 17:23:07','2023-06-18 01:42:48',NULL),(489,NULL,1,50,NULL,8,NULL,'Gastos de organización valores historicos',NULL,0,0,0,0,0,1,1,'2020-02-06 17:23:07','2023-06-18 01:42:48',NULL),(490,NULL,1,51,NULL,8,NULL,'Gastos de organización ajuste',NULL,0,0,0,0,0,1,1,'2020-02-06 17:23:07','2023-06-18 01:42:48',NULL),(491,NULL,1,52,NULL,8,NULL,'Amortización acumulada gs. de organización',NULL,0,0,0,0,0,1,1,'2020-02-06 17:23:07','2023-06-18 01:42:48',NULL),(492,NULL,1,58,NULL,8,NULL,'Proveedores en cta. cte. exterior',NULL,0,0,0,0,0,1,1,'2020-02-06 17:23:07','2023-06-18 01:42:48',NULL),(493,NULL,1,59,NULL,8,NULL,'Derechos de exhibición a devengar',NULL,0,0,0,0,0,1,1,'2020-02-06 17:23:07','2023-06-18 01:42:48',NULL),(494,NULL,1,63,NULL,8,NULL,'Cargas sociales a pagar',NULL,0,0,0,0,0,1,1,'2020-02-06 17:23:07','2023-06-18 01:42:48',NULL),(495,NULL,1,64,NULL,8,NULL,'Sindicatos a Pagar',NULL,0,0,0,0,0,1,1,'2020-02-06 17:23:07','2023-06-18 01:42:48',NULL),(496,NULL,1,67,NULL,8,NULL,'IVA Debito Fiscal',NULL,0,0,0,0,0,1,1,'2020-02-06 17:23:07','2023-06-18 01:42:48',NULL),(497,NULL,1,68,NULL,8,NULL,'IVA Credito Fiscal',NULL,0,0,0,0,0,1,1,'2020-02-06 17:23:07','2023-06-18 01:42:48',NULL),(498,NULL,1,69,NULL,8,NULL,'Impuestos Internos',NULL,0,0,0,0,0,1,1,'2020-02-06 17:23:07','2023-06-18 01:42:48',NULL),(499,NULL,1,70,NULL,8,NULL,'Impuestos al Combustible',NULL,0,0,0,0,0,1,1,'2020-02-06 17:23:07','2023-06-18 01:42:48',NULL),(500,NULL,1,71,NULL,8,NULL,'IVA Retenciones de terceros',NULL,0,0,0,0,0,1,1,'2020-02-06 17:23:07','2023-06-18 01:42:48',NULL),(501,NULL,1,72,NULL,5,NULL,'IVA Percepciones realiz.por terceros',NULL,0,0,0,0,0,1,1,'2020-02-06 17:23:07','2023-06-18 01:42:48',NULL),(502,NULL,1,73,NULL,8,NULL,'IVA Saldo a favor',NULL,0,0,0,0,0,1,1,'2020-02-06 17:23:07','2023-06-18 01:42:48',NULL),(503,NULL,1,74,NULL,8,NULL,'IVA a pagar',NULL,0,0,0,0,0,1,1,'2020-02-06 17:23:07','2023-06-18 01:42:48',NULL),(504,NULL,1,75,NULL,5,NULL,'Percepciones Ingresos Brutos',NULL,0,0,0,0,0,1,1,'2020-02-06 17:23:07','2023-06-18 01:42:48',NULL),(505,NULL,1,76,NULL,8,NULL,'Otros Pagos AFIP',NULL,0,0,0,0,0,1,1,'2020-02-06 17:23:07','2023-06-18 01:42:48',NULL),(506,NULL,1,78,NULL,8,NULL,'Impuesto a los Ingresos Brutos Pasivo',NULL,0,0,0,0,0,1,1,'2020-02-06 17:23:07','2023-06-18 01:42:48',NULL),(507,NULL,1,79,NULL,8,NULL,'Impuesto a las Ganancias',NULL,0,0,0,0,0,1,1,'2020-02-06 17:23:07','2023-06-18 01:42:48',NULL),(508,NULL,1,80,NULL,8,NULL,'Impuesto a la Ganancia Mínima Presunta',NULL,0,0,0,0,0,1,1,'2020-02-06 17:23:07','2023-06-18 01:42:48',NULL),(509,NULL,1,81,NULL,8,NULL,'AFIP - Retenciones Impuesto a las Ganancias',NULL,0,0,0,0,0,1,1,'2020-02-06 17:23:07','2023-06-18 01:42:48',NULL),(510,NULL,1,82,NULL,8,NULL,'AFIP - Plan de Facilidades Decreto 338/02',NULL,0,0,0,0,0,1,1,'2020-02-06 17:23:07','2023-06-18 01:42:48',NULL),(511,NULL,1,87,NULL,8,NULL,'Acciones en circulación',NULL,0,0,0,0,0,1,1,'2020-02-06 17:23:07','2023-06-18 01:42:48',NULL);
INSERT INTO `cta_cte_tesoreria_cuentas` VALUES (512,NULL,1,88,NULL,8,NULL,'Ajuste del Capital',NULL,0,0,0,0,0,1,1,'2020-02-06 17:23:07','2023-06-18 01:42:48',NULL),(513,NULL,1,89,NULL,8,NULL,'Aportes Irrevocables Futuras Suscripciones',NULL,0,0,0,0,0,1,1,'2020-02-06 17:23:07','2023-06-18 01:42:48',NULL),(514,NULL,1,91,NULL,8,NULL,'Resultado del ejercicio',NULL,0,0,0,0,0,1,1,'2020-02-06 17:23:07','2023-06-18 01:42:48',NULL),(515,NULL,1,92,NULL,8,NULL,'Resultado ejercicios anteriores',NULL,0,0,0,0,0,1,1,'2020-02-06 17:23:07','2023-06-18 01:42:48',NULL),(516,NULL,1,93,NULL,8,NULL,'A.R.E.A.',NULL,0,0,0,0,0,1,1,'2020-02-06 17:23:07','2023-06-18 01:42:48',NULL),(517,NULL,1,96,NULL,7,NULL,'VENTAS',NULL,0,0,0,0,1,1,1,'2020-02-06 17:23:07','2023-06-18 01:42:48',NULL),(518,NULL,1,97,NULL,7,NULL,'Honorarios',NULL,0,0,0,0,1,1,1,'2020-02-06 17:23:07','2023-06-18 01:42:48',NULL),(519,NULL,1,99,NULL,7,NULL,'Descuentos obtenidos',NULL,0,0,0,0,1,1,1,'2020-02-06 17:23:07','2023-06-18 01:42:48',NULL),(520,NULL,1,100,NULL,7,NULL,'Reintegros por exportaciones',NULL,0,0,0,0,1,1,1,'2020-02-06 17:23:07','2023-06-18 01:42:48',NULL),(521,NULL,1,102,NULL,7,NULL,'Intereses Cobrados',NULL,0,0,0,0,1,1,1,'2020-02-06 17:23:07','2023-06-18 01:42:48',NULL),(522,NULL,1,103,NULL,7,NULL,'Diferencias de cambio',NULL,0,0,0,0,1,1,1,'2020-02-06 17:23:07','2023-06-18 01:42:48',NULL),(523,NULL,1,104,NULL,7,NULL,'Descuentos obtenidos',NULL,0,0,0,0,1,1,1,'2020-02-06 17:23:07','2023-06-18 01:42:48',NULL),(524,NULL,1,110,NULL,6,NULL,'Sueldos',NULL,0,0,0,0,0,1,1,'2020-02-06 17:23:07','2023-06-18 01:42:48',NULL),(525,NULL,1,111,NULL,6,NULL,'Contribuciones',NULL,0,0,0,0,0,1,1,'2020-02-06 17:23:07','2023-06-18 01:42:48',NULL),(526,NULL,1,112,NULL,6,NULL,'Sindicato',NULL,0,0,0,0,0,1,1,'2020-02-06 17:23:07','2023-06-18 01:42:48',NULL),(527,NULL,1,114,NULL,8,NULL,'ACA',NULL,0,0,0,0,0,1,1,'2020-02-06 17:23:07','2023-06-18 01:42:48',NULL),(528,NULL,1,115,NULL,6,NULL,'Aereos',NULL,0,0,0,0,0,1,1,'2020-02-06 17:23:07','2023-06-18 01:42:48',NULL),(529,NULL,1,116,NULL,6,NULL,'Alquiler',NULL,0,0,0,0,0,1,1,'2020-02-06 17:23:07','2023-06-18 01:42:48',NULL),(530,NULL,1,117,NULL,8,NULL,'AGUA AYSA',NULL,0,0,0,0,0,1,1,'2020-02-06 17:23:07','2023-06-18 01:42:48',NULL),(531,NULL,1,118,NULL,8,NULL,'TV Cablevision',NULL,0,0,0,0,0,1,1,'2020-02-06 17:23:07','2023-06-18 01:42:48',NULL),(532,NULL,1,119,NULL,1,NULL,'Caja Jubilacion Consejo',NULL,0,0,0,0,0,1,1,'2020-02-06 17:23:07','2023-06-18 01:42:48',NULL),(533,NULL,1,120,NULL,6,NULL,'Celulares',NULL,0,0,0,0,0,1,1,'2020-02-06 17:23:07','2023-06-18 01:42:48',NULL),(534,NULL,1,121,NULL,3,NULL,'Cheques',NULL,0,0,0,0,0,1,1,'2020-02-06 17:23:07','2023-06-18 01:42:48',NULL),(535,NULL,1,123,NULL,8,NULL,'Comida',NULL,0,0,0,0,0,1,1,'2020-02-06 17:23:07','2023-06-18 01:42:48',NULL),(536,NULL,1,126,NULL,6,NULL,'Fletes y acarreos',NULL,0,0,0,0,0,1,1,'2020-02-06 17:23:07','2023-06-18 01:42:48',NULL),(537,NULL,1,127,NULL,8,NULL,'Luz Edesur',NULL,0,0,0,0,0,1,1,'2020-02-06 17:23:07','2023-06-18 01:42:48',NULL),(538,NULL,1,128,NULL,6,NULL,'Movilidad y Viáticos',NULL,0,0,0,0,0,1,1,'2020-02-06 17:23:07','2023-06-18 01:42:48',NULL),(539,NULL,1,129,NULL,8,NULL,'Mantenimiento',NULL,0,0,0,0,0,1,1,'2020-02-06 17:23:07','2023-06-18 01:42:48',NULL),(540,NULL,1,130,NULL,8,NULL,'IVA No Computable',NULL,0,0,0,0,0,1,1,'2020-02-06 17:23:07','2023-06-18 01:42:48',NULL),(541,NULL,1,131,NULL,8,NULL,'Entretenimiento',NULL,0,0,0,0,0,1,1,'2020-02-06 17:23:07','2023-06-18 01:42:48',NULL),(542,NULL,1,132,NULL,6,NULL,'Amortización Bienes de Uso',NULL,0,0,0,0,0,1,1,'2020-02-06 17:23:07','2023-06-18 01:42:48',NULL),(543,NULL,1,135,NULL,6,NULL,'Gastos varios',NULL,0,0,0,0,0,1,1,'2020-02-06 17:23:07','2023-06-18 01:42:48',NULL),(544,NULL,1,136,NULL,6,NULL,'Ajuste por redondeo',NULL,0,0,0,0,0,1,1,'2020-02-06 17:23:07','2023-06-18 01:42:48',NULL),(545,NULL,1,137,NULL,6,NULL,'Deudores Incobrables',NULL,0,0,0,0,0,1,1,'2020-02-06 17:23:07','2023-06-18 01:42:48',NULL);
INSERT INTO `cta_cte_tesoreria_cuentas` VALUES (546,NULL,1,141,NULL,6,NULL,'Intereses Proveedores',NULL,0,0,0,0,0,1,1,'2020-02-06 17:23:07','2023-06-18 01:42:48',NULL),(547,NULL,1,143,NULL,6,NULL,'Diferencias de cambio',NULL,0,0,0,0,0,1,1,'2020-02-06 17:23:07','2023-06-18 01:42:48',NULL),(548,NULL,1,144,NULL,8,NULL,'Diferencia de Cambio Bces. en M.Extranjera',NULL,0,0,0,0,0,1,1,'2020-02-06 17:23:07','2023-06-18 01:42:48',NULL),(549,NULL,1,145,NULL,6,NULL,'Diferencia tipo cambio Vendedor/Comprador',NULL,0,0,0,0,0,1,1,'2020-02-06 17:23:07','2023-06-18 01:42:48',NULL),(550,NULL,1,146,NULL,8,NULL,'Diferencia por conversion en Bce. en Mon. Extranj.',NULL,0,0,0,0,0,1,1,'2020-02-06 17:23:07','2023-06-18 01:42:48',NULL),(551,NULL,1,147,NULL,8,NULL,'Diferencia de cambio CMV',NULL,0,0,0,0,0,1,1,'2020-02-06 17:23:07','2023-06-18 01:42:48',NULL),(552,NULL,1,148,NULL,8,NULL,'Diferencia de cambio PT',NULL,0,0,0,0,0,1,1,'2020-02-06 17:23:07','2023-06-18 01:42:48',NULL),(553,NULL,1,149,NULL,8,NULL,'Resultado por Exposición a la Inflación',NULL,0,0,0,0,0,1,1,'2020-02-06 17:23:07','2023-06-18 01:42:48',NULL),(554,NULL,1,150,NULL,8,NULL,'Diferencia de cambio PE',NULL,0,0,0,0,0,1,1,'2020-02-06 17:23:07','2023-06-18 01:42:49',NULL),(555,NULL,1,151,NULL,8,NULL,'Diferencia de cambio Ds.Vtas.',NULL,0,0,0,0,0,1,1,'2020-02-06 17:23:07','2023-06-18 01:42:49',NULL),(556,NULL,1,152,NULL,6,NULL,'Diferencia de cambio ME',NULL,0,0,0,0,0,1,1,'2020-02-06 17:23:07','2023-06-18 01:42:49',NULL),(557,NULL,1,153,NULL,6,NULL,'Descuentos otorgados',NULL,0,0,0,0,0,1,1,'2020-02-06 17:23:07','2023-06-18 01:42:49',NULL),(558,NULL,1,155,NULL,6,NULL,'Impuesto a las Ganancias',NULL,0,0,0,0,0,1,1,'2020-02-06 17:23:07','2023-06-18 01:42:49',NULL),(559,NULL,1,156,NULL,6,NULL,'Impuesto a los Ingresos Brutos',NULL,0,0,0,0,0,1,1,'2020-02-06 17:23:07','2023-06-18 01:42:49',NULL),(560,NULL,1,157,NULL,6,NULL,'Impuesto al Debito y Credito Bancario',NULL,0,0,0,0,0,1,1,'2020-02-06 17:23:07','2023-06-18 01:42:49',NULL),(561,NULL,1,159,NULL,6,NULL,'Pérdida por venta bienes de uso',NULL,0,0,0,0,0,1,1,'2020-02-06 17:23:07','2023-06-18 01:42:49',NULL),(562,NULL,1,160,NULL,6,NULL,'Inversiones',NULL,0,0,0,0,0,1,1,'2020-02-06 17:23:07','2023-06-18 01:42:49',NULL),(563,NULL,1,161,NULL,6,NULL,'Amortizaciones extraordinarias',NULL,0,0,0,0,0,1,1,'2020-02-06 17:23:07','2023-06-18 01:42:49',NULL),(564,NULL,1,178,NULL,8,NULL,'Google',NULL,0,0,0,0,0,1,1,'2020-02-06 17:23:07','2023-06-18 01:42:49',NULL),(565,NULL,1,188,NULL,6,NULL,'Publicidad',NULL,0,0,0,0,0,1,1,'2020-02-06 17:23:07','2023-06-18 01:42:49',NULL),(566,NULL,1,191,NULL,6,NULL,'Cargas Sociales',NULL,0,0,0,0,0,1,1,'2020-02-06 17:23:07','2023-06-18 01:42:49',NULL),(567,NULL,1,192,NULL,6,NULL,'Honorarios',NULL,0,0,0,0,0,1,1,'2020-02-06 17:23:07','2023-06-18 01:42:49',NULL),(568,NULL,1,193,NULL,6,NULL,'Telefono Fijo',NULL,0,0,0,0,0,1,1,'2020-02-06 17:23:07','2023-06-18 01:42:49',NULL),(569,NULL,1,198,NULL,6,NULL,'Seguros',NULL,0,0,0,0,0,1,1,'2020-02-06 17:23:07','2023-06-18 01:42:49',NULL),(570,NULL,1,199,NULL,6,NULL,'Internet',NULL,0,0,0,0,0,1,1,'2020-02-06 17:23:07','2023-06-18 01:42:49',NULL),(571,NULL,1,204,NULL,6,NULL,'Multas Impositivas',NULL,0,0,0,0,0,1,1,'2020-02-06 17:23:07','2023-06-18 01:42:49',NULL),(572,NULL,1,208,NULL,6,NULL,'Impuesto a los Ingresos Brutos - BS AS',NULL,0,0,0,0,0,1,1,'2020-02-06 17:23:07','2023-06-18 01:42:49',NULL),(573,NULL,1,209,NULL,6,NULL,'SIRCREB',NULL,0,0,0,0,0,1,1,'2020-02-06 17:23:07','2023-06-18 01:42:49',NULL),(574,NULL,1,212,NULL,6,NULL,'Tarjeta Visa',NULL,0,0,0,0,0,1,1,'2020-02-06 17:23:07','2023-06-18 01:42:49',NULL),(575,NULL,1,213,NULL,6,NULL,'Tarjeta American Express',NULL,0,0,0,0,0,1,1,'2020-02-06 17:23:07','2023-06-18 01:42:49',NULL),(576,NULL,1,214,NULL,6,NULL,'Tarjeta Mastercard',NULL,0,0,0,0,0,1,1,'2020-02-06 17:23:07','2023-06-18 01:42:49',NULL),(577,NULL,1,215,NULL,8,NULL,'Tarjeta Shopping',NULL,0,0,0,0,0,1,1,'2020-02-06 17:23:07','2023-06-18 01:42:49',NULL);
INSERT INTO `cta_cte_tesoreria_cuentas` VALUES (578,NULL,1,216,NULL,6,NULL,'Tarjeta Cencosud',NULL,0,0,0,0,0,1,1,'2020-02-06 17:23:07','2023-06-18 01:42:49',NULL),(579,NULL,1,217,NULL,6,NULL,'Compras',NULL,0,0,0,0,0,1,1,'2020-02-06 17:23:07','2023-06-18 01:42:49',NULL),(580,NULL,1,218,NULL,7,NULL,'Ventas No Gravadas',NULL,0,0,0,0,1,1,1,'2020-02-06 17:23:07','2023-06-18 01:42:49',NULL),(581,NULL,1,220,NULL,5,NULL,'Perc IVA -RG3337',NULL,0,0,0,0,0,1,0,'2020-02-06 17:23:07','2023-06-18 01:42:53',NULL),(582,NULL,1,221,NULL,6,NULL,'Imps. Internos',NULL,0,0,0,0,0,1,1,'2020-02-06 17:23:07','2023-06-18 01:42:49',NULL),(583,NULL,1,222,NULL,6,NULL,'Imp. Gasoil',NULL,0,0,0,0,0,1,1,'2020-02-06 17:23:07','2023-06-18 01:42:49',NULL),(584,NULL,1,223,NULL,6,NULL,'Imp. Hídricos',NULL,0,0,0,0,0,1,1,'2020-02-06 17:23:07','2023-06-18 01:42:49',NULL),(585,NULL,1,224,NULL,6,NULL,'ITC',NULL,0,0,0,0,0,1,1,'2020-02-06 17:23:07','2023-06-18 01:42:49',NULL),(586,NULL,1,225,NULL,5,NULL,'Perc IIBB  Buenos Aires',NULL,0,0,0,0,0,1,1,'2020-02-06 17:23:07','2023-06-18 01:42:49',NULL),(587,NULL,1,226,NULL,5,NULL,'Perc IIBB  Capital Federal',NULL,0,0,0,0,0,1,1,'2020-02-06 17:23:07','2023-06-18 01:42:49',NULL),(588,NULL,1,227,NULL,5,NULL,'Perc IIBB  Catamarca',NULL,0,0,0,0,0,1,1,'2020-02-06 17:23:07','2023-06-18 01:42:49',NULL),(589,NULL,1,228,NULL,5,NULL,'Perc IIBB  Chaco',NULL,0,0,0,0,0,1,1,'2020-02-06 17:23:07','2023-06-18 01:42:49',NULL),(590,NULL,1,229,NULL,5,NULL,'Perc IIBB  Chubut',NULL,0,0,0,0,0,1,1,'2020-02-06 17:23:07','2023-06-18 01:42:49',NULL),(591,NULL,1,230,NULL,5,NULL,'Perc IIBB  Córdoba',NULL,0,0,0,0,0,1,1,'2020-02-06 17:23:07','2023-06-18 01:42:49',NULL),(592,NULL,1,231,NULL,5,NULL,'Perc IIBB  Corrientes',NULL,0,0,0,0,0,1,1,'2020-02-06 17:23:07','2023-06-18 01:42:49',NULL),(593,NULL,1,232,NULL,5,NULL,'Perc IIBB  Entre Ríos',NULL,0,0,0,0,0,1,1,'2020-02-06 17:23:07','2023-06-18 01:42:49',NULL),(594,NULL,1,233,NULL,5,NULL,'Perc IIBB  Formosa',NULL,0,0,0,0,0,1,1,'2020-02-06 17:23:07','2023-06-18 01:42:49',NULL),(595,NULL,1,234,NULL,5,NULL,'Perc IIBB  Jujuy',NULL,0,0,0,0,0,1,1,'2020-02-06 17:23:07','2023-06-18 01:42:49',NULL),(596,NULL,1,235,NULL,5,NULL,'Perc IIBB  La Pampa',NULL,0,0,0,0,0,1,1,'2020-02-06 17:23:07','2023-06-18 01:42:49',NULL),(597,NULL,1,236,NULL,5,NULL,'Perc IIBB  La Rioja',NULL,0,0,0,0,0,1,1,'2020-02-06 17:23:07','2023-06-18 01:42:49',NULL),(598,NULL,1,237,NULL,5,NULL,'Perc IIBB  Mendoza',NULL,0,0,0,0,0,1,1,'2020-02-06 17:23:07','2023-06-18 01:42:49',NULL),(599,NULL,1,238,NULL,5,NULL,'Perc IIBB  Misiones',NULL,0,0,0,0,0,1,1,'2020-02-06 17:23:07','2023-06-18 01:42:49',NULL),(600,NULL,1,239,NULL,5,NULL,'Perc IIBB  Neuquén',NULL,0,0,0,0,0,1,1,'2020-02-06 17:23:07','2023-06-18 01:42:49',NULL),(601,NULL,1,240,NULL,5,NULL,'Perc IIBB  Pascua Lama',NULL,0,0,0,0,0,1,1,'2020-02-06 17:23:07','2023-06-18 01:42:49',NULL),(602,NULL,1,241,NULL,5,NULL,'Perc IIBB  Río Negro',NULL,0,0,0,0,0,1,1,'2020-02-06 17:23:07','2023-06-18 01:42:49',NULL),(603,NULL,1,242,NULL,5,NULL,'Perc IIBB  Salta',NULL,0,0,0,0,0,1,1,'2020-02-06 17:23:07','2023-06-18 01:42:49',NULL),(604,NULL,1,243,NULL,5,NULL,'Perc IIBB  San Juan',NULL,0,0,0,0,0,1,1,'2020-02-06 17:23:07','2023-06-18 01:42:49',NULL),(605,NULL,1,244,NULL,5,NULL,'Perc IIBB  San Luis',NULL,0,0,0,0,0,1,1,'2020-02-06 17:23:07','2023-06-18 01:42:49',NULL),(606,NULL,1,245,NULL,5,NULL,'Perc IIBB  Santa Cruz',NULL,0,0,0,0,0,1,1,'2020-02-06 17:23:07','2023-06-18 01:42:49',NULL),(607,NULL,1,246,NULL,5,NULL,'Perc IIBB  Santa Fe',NULL,0,0,0,0,0,1,1,'2020-02-06 17:23:07','2023-06-18 01:42:49',NULL),(608,NULL,1,247,NULL,5,NULL,'Perc IIBB  Santiago del Estero',NULL,0,0,0,0,0,1,1,'2020-02-06 17:23:07','2023-06-18 01:42:49',NULL),(609,NULL,1,248,NULL,5,NULL,'Perc IIBB  Tierra del Fuego',NULL,0,0,0,0,0,1,1,'2020-02-06 17:23:07','2023-06-18 01:42:49',NULL),(610,NULL,1,249,NULL,5,NULL,'Perc IIBB  Tucuman',NULL,0,0,0,0,0,1,1,'2020-02-06 17:23:07','2023-06-18 01:42:49',NULL);
INSERT INTO `cta_cte_tesoreria_cuentas` VALUES (611,NULL,1,250,NULL,6,NULL,'Compras No Gravadas',NULL,0,0,0,0,0,1,1,'2020-02-06 17:23:07','2023-06-18 01:42:49',NULL),(612,NULL,1,276,NULL,6,NULL,'SIRCREB Buenos Aires',NULL,0,0,0,0,0,1,1,'2020-02-06 17:23:07','2023-06-18 01:42:49',NULL),(613,NULL,1,277,NULL,6,NULL,'SIRCREB Capital Federal',NULL,0,0,0,0,0,1,1,'2020-02-06 17:23:07','2023-06-18 01:42:49',NULL),(614,NULL,1,278,NULL,6,NULL,'SIRCREB Catamarca',NULL,0,0,0,0,0,1,1,'2020-02-06 17:23:07','2023-06-18 01:42:49',NULL),(615,NULL,1,279,NULL,6,NULL,'SIRCREB Chaco',NULL,0,0,0,0,0,1,1,'2020-02-06 17:23:07','2023-06-18 01:42:49',NULL),(616,NULL,1,280,NULL,6,NULL,'SIRCREB Chubut',NULL,0,0,0,0,0,1,1,'2020-02-06 17:23:07','2023-06-18 01:42:49',NULL),(617,NULL,1,281,NULL,6,NULL,'SIRCREB Córdoba',NULL,0,0,0,0,0,1,1,'2020-02-06 17:23:07','2023-06-18 01:42:49',NULL),(618,NULL,1,282,NULL,6,NULL,'SIRCREB Corrientes',NULL,0,0,0,0,0,1,1,'2020-02-06 17:23:07','2023-06-18 01:42:49',NULL),(619,NULL,1,283,NULL,6,NULL,'SIRCREB Entre Ríos',NULL,0,0,0,0,0,1,1,'2020-02-06 17:23:07','2023-06-18 01:42:49',NULL),(620,NULL,1,284,NULL,6,NULL,'SIRCREB Formosa',NULL,0,0,0,0,0,1,1,'2020-02-06 17:23:07','2023-06-18 01:42:49',NULL),(621,NULL,1,285,NULL,6,NULL,'SIRCREB Jujuy',NULL,0,0,0,0,0,1,1,'2020-02-06 17:23:07','2023-06-18 01:42:49',NULL),(622,NULL,1,286,NULL,6,NULL,'SIRCREB La Pampa',NULL,0,0,0,0,0,1,1,'2020-02-06 17:23:07','2023-06-18 01:42:49',NULL),(623,NULL,1,287,NULL,6,NULL,'SIRCREB La Rioja',NULL,0,0,0,0,0,1,1,'2020-02-06 17:23:07','2023-06-18 01:42:49',NULL),(624,NULL,1,288,NULL,6,NULL,'SIRCREB Mendoza',NULL,0,0,0,0,0,1,1,'2020-02-06 17:23:07','2023-06-18 01:42:49',NULL),(625,NULL,1,289,NULL,6,NULL,'SIRCREB Misiones',NULL,0,0,0,0,0,1,1,'2020-02-06 17:23:07','2023-06-18 01:42:49',NULL),(626,NULL,1,290,NULL,6,NULL,'SIRCREB Neuquén',NULL,0,0,0,0,0,1,1,'2020-02-06 17:23:07','2023-06-18 01:42:49',NULL),(627,NULL,1,291,NULL,6,NULL,'SIRCREB Pascua Lama',NULL,0,0,0,0,0,1,1,'2020-02-06 17:23:07','2023-06-18 01:42:49',NULL),(628,NULL,1,292,NULL,6,NULL,'SIRCREB Río Negro',NULL,0,0,0,0,0,1,1,'2020-02-06 17:23:07','2023-06-18 01:42:49',NULL),(629,NULL,1,293,NULL,6,NULL,'SIRCREB Salta',NULL,0,0,0,0,0,1,1,'2020-02-06 17:23:07','2023-06-18 01:42:49',NULL),(630,NULL,1,294,NULL,6,NULL,'SIRCREB San Juan',NULL,0,0,0,0,0,1,1,'2020-02-06 17:23:07','2023-06-18 01:42:49',NULL),(631,NULL,1,295,NULL,6,NULL,'SIRCREB San Luis',NULL,0,0,0,0,0,1,1,'2020-02-06 17:23:07','2023-06-18 01:42:49',NULL),(632,NULL,1,296,NULL,6,NULL,'SIRCREB Santa Cruz',NULL,0,0,0,0,0,1,1,'2020-02-06 17:23:07','2023-06-18 01:42:49',NULL),(633,NULL,1,297,NULL,6,NULL,'SIRCREB Santa Fe',NULL,0,0,0,0,0,1,1,'2020-02-06 17:23:07','2023-06-18 01:42:49',NULL),(634,NULL,1,298,NULL,6,NULL,'SIRCREB Santiago del Estero',NULL,0,0,0,0,0,1,1,'2020-02-06 17:23:07','2023-06-18 01:42:49',NULL),(635,NULL,1,299,NULL,6,NULL,'SIRCREB Tierra del Fuego',NULL,0,0,0,0,0,1,1,'2020-02-06 17:23:07','2023-06-18 01:42:49',NULL),(636,NULL,1,300,NULL,6,NULL,'SIRCREB Tucuman',NULL,0,0,0,0,0,1,1,'2020-02-06 17:23:07','2023-06-18 01:42:49',NULL),(637,NULL,1,301,NULL,8,NULL,'IIBB a Favor Buenos Aires',NULL,0,0,0,0,0,1,1,'2020-02-06 17:23:07','2023-06-18 01:42:49',NULL),(638,NULL,1,302,NULL,8,NULL,'IIBB a Favor Capital Federal',NULL,0,0,0,0,0,1,1,'2020-02-06 17:23:07','2023-06-18 01:42:49',NULL),(639,NULL,1,303,NULL,8,NULL,'IIBB a Favor Catamarca',NULL,0,0,0,0,0,1,1,'2020-02-06 17:23:07','2023-06-18 01:42:49',NULL),(640,NULL,1,304,NULL,8,NULL,'IIBB a Favor Chaco',NULL,0,0,0,0,0,1,1,'2020-02-06 17:23:07','2023-06-18 01:42:49',NULL),(641,NULL,1,305,NULL,8,NULL,'IIBB a Favor Chubut',NULL,0,0,0,0,0,1,1,'2020-02-06 17:23:07','2023-06-18 01:42:49',NULL),(642,NULL,1,306,NULL,8,NULL,'IIBB a Favor Córdoba',NULL,0,0,0,0,0,1,1,'2020-02-06 17:23:07','2023-06-18 01:42:49',NULL),(643,NULL,1,307,NULL,8,NULL,'IIBB a Favor Corrientes',NULL,0,0,0,0,0,1,1,'2020-02-06 17:23:07','2023-06-18 01:42:49',NULL);
INSERT INTO `cta_cte_tesoreria_cuentas` VALUES (644,NULL,1,308,NULL,8,NULL,'IIBB a Favor Entre Ríos',NULL,0,0,0,0,0,1,1,'2020-02-06 17:23:07','2023-06-18 01:42:49',NULL),(645,NULL,1,309,NULL,8,NULL,'IIBB a Favor Formosa',NULL,0,0,0,0,0,1,1,'2020-02-06 17:23:07','2023-06-18 01:42:49',NULL),(646,NULL,1,310,NULL,8,NULL,'IIBB a Favor Jujuy',NULL,0,0,0,0,0,1,1,'2020-02-06 17:23:07','2023-06-18 01:42:49',NULL),(647,NULL,1,311,NULL,8,NULL,'IIBB a Favor La Pampa',NULL,0,0,0,0,0,1,1,'2020-02-06 17:23:07','2023-06-18 01:42:50',NULL),(648,NULL,1,312,NULL,8,NULL,'IIBB a Favor La Rioja',NULL,0,0,0,0,0,1,1,'2020-02-06 17:23:07','2023-06-18 01:42:50',NULL),(649,NULL,1,313,NULL,8,NULL,'IIBB a Favor Mendoza',NULL,0,0,0,0,0,1,1,'2020-02-06 17:23:07','2023-06-18 01:42:50',NULL),(650,NULL,1,314,NULL,8,NULL,'IIBB a Favor Misiones',NULL,0,0,0,0,0,1,1,'2020-02-06 17:23:08','2023-06-18 01:42:50',NULL),(651,NULL,1,315,NULL,8,NULL,'IIBB a Favor Neuquén',NULL,0,0,0,0,0,1,1,'2020-02-06 17:23:08','2023-06-18 01:42:50',NULL),(652,NULL,1,316,NULL,8,NULL,'IIBB a Favor Pascua Lama',NULL,0,0,0,0,0,1,1,'2020-02-06 17:23:08','2023-06-18 01:42:50',NULL),(653,NULL,1,317,NULL,8,NULL,'IIBB a Favor Río Negro',NULL,0,0,0,0,0,1,1,'2020-02-06 17:23:08','2023-06-18 01:42:50',NULL),(654,NULL,1,318,NULL,8,NULL,'IIBB a Favor Salta',NULL,0,0,0,0,0,1,1,'2020-02-06 17:23:08','2023-06-18 01:42:50',NULL),(655,NULL,1,319,NULL,8,NULL,'IIBB a Favor San Juan',NULL,0,0,0,0,0,1,1,'2020-02-06 17:23:08','2023-06-18 01:42:50',NULL),(656,NULL,1,320,NULL,8,NULL,'IIBB a Favor San Luis',NULL,0,0,0,0,0,1,1,'2020-02-06 17:23:08','2023-06-18 01:42:50',NULL),(657,NULL,1,321,NULL,8,NULL,'IIBB a Favor Santa Cruz',NULL,0,0,0,0,0,1,1,'2020-02-06 17:23:08','2023-06-18 01:42:50',NULL),(658,NULL,1,322,NULL,8,NULL,'IIBB a Favor Santa Fe',NULL,0,0,0,0,0,1,1,'2020-02-06 17:23:08','2023-06-18 01:42:50',NULL),(659,NULL,1,323,NULL,8,NULL,'IIBB a Favor Santiago del Estero',NULL,0,0,0,0,0,1,1,'2020-02-06 17:23:08','2023-06-18 01:42:50',NULL),(660,NULL,1,324,NULL,8,NULL,'IIBB a Favor Tierra del Fuego',NULL,0,0,0,0,0,1,1,'2020-02-06 17:23:08','2023-06-18 01:42:50',NULL),(661,NULL,1,325,NULL,8,NULL,'IIBB a Favor Tucuman',NULL,0,0,0,0,0,1,1,'2020-02-06 17:23:08','2023-06-18 01:42:50',NULL),(662,NULL,1,326,NULL,8,NULL,'IIBB a Pagar Buenos Aires',NULL,0,0,0,0,0,1,1,'2020-02-06 17:23:08','2023-06-18 01:42:50',NULL),(663,NULL,1,327,NULL,8,NULL,'IIBB a Pagar Capital Federal',NULL,0,0,0,0,0,1,1,'2020-02-06 17:23:08','2023-06-18 01:42:50',NULL),(664,NULL,1,328,NULL,8,NULL,'IIBB a Pagar Catamarca',NULL,0,0,0,0,0,1,1,'2020-02-06 17:23:08','2023-06-18 01:42:50',NULL),(665,NULL,1,329,NULL,8,NULL,'IIBB a Pagar Chaco',NULL,0,0,0,0,0,1,1,'2020-02-06 17:23:08','2023-06-18 01:42:50',NULL),(666,NULL,1,330,NULL,8,NULL,'IIBB a Pagar Chubut',NULL,0,0,0,0,0,1,1,'2020-02-06 17:23:08','2023-06-18 01:42:50',NULL),(667,NULL,1,331,NULL,8,NULL,'IIBB a Pagar Córdoba',NULL,0,0,0,0,0,1,1,'2020-02-06 17:23:08','2023-06-18 01:42:50',NULL),(668,NULL,1,332,NULL,8,NULL,'IIBB a Pagar Corrientes',NULL,0,0,0,0,0,1,1,'2020-02-06 17:23:08','2023-06-18 01:42:50',NULL),(669,NULL,1,333,NULL,8,NULL,'IIBB a Pagar Entre Ríos',NULL,0,0,0,0,0,1,1,'2020-02-06 17:23:08','2023-06-18 01:42:50',NULL),(670,NULL,1,334,NULL,8,NULL,'IIBB a Pagar Formosa',NULL,0,0,0,0,0,1,1,'2020-02-06 17:23:08','2023-06-18 01:42:50',NULL),(671,NULL,1,335,NULL,8,NULL,'IIBB a Pagar Jujuy',NULL,0,0,0,0,0,1,1,'2020-02-06 17:23:08','2023-06-18 01:42:50',NULL),(672,NULL,1,336,NULL,8,NULL,'IIBB a Pagar La Pampa',NULL,0,0,0,0,0,1,1,'2020-02-06 17:23:08','2023-06-18 01:42:50',NULL),(673,NULL,1,337,NULL,8,NULL,'IIBB a Pagar La Rioja',NULL,0,0,0,0,0,1,1,'2020-02-06 17:23:08','2023-06-18 01:42:50',NULL),(674,NULL,1,338,NULL,8,NULL,'IIBB a Pagar Mendoza',NULL,0,0,0,0,0,1,1,'2020-02-06 17:23:08','2023-06-18 01:42:50',NULL),(675,NULL,1,339,NULL,8,NULL,'IIBB a Pagar Misiones',NULL,0,0,0,0,0,1,1,'2020-02-06 17:23:08','2023-06-18 01:42:50',NULL);
INSERT INTO `cta_cte_tesoreria_cuentas` VALUES (676,NULL,1,340,NULL,8,NULL,'IIBB a Pagar Neuquén',NULL,0,0,0,0,0,1,1,'2020-02-06 17:23:08','2023-06-18 01:42:50',NULL),(677,NULL,1,341,NULL,8,NULL,'IIBB a Pagar Pascua Lama',NULL,0,0,0,0,0,1,1,'2020-02-06 17:23:08','2023-06-18 01:42:50',NULL),(678,NULL,1,342,NULL,8,NULL,'IIBB a Pagar Río Negro',NULL,0,0,0,0,0,1,1,'2020-02-06 17:23:08','2023-06-18 01:42:50',NULL),(679,NULL,1,343,NULL,8,NULL,'IIBB a Pagar Salta',NULL,0,0,0,0,0,1,1,'2020-02-06 17:23:08','2023-06-18 01:42:50',NULL),(680,NULL,1,344,NULL,8,NULL,'IIBB a Pagar San Juan',NULL,0,0,0,0,0,1,1,'2020-02-06 17:23:08','2023-06-18 01:42:50',NULL),(681,NULL,1,345,NULL,8,NULL,'IIBB a Pagar San Luis',NULL,0,0,0,0,0,1,1,'2020-02-06 17:23:08','2023-06-18 01:42:50',NULL),(682,NULL,1,346,NULL,8,NULL,'IIBB a Pagar Santa Cruz',NULL,0,0,0,0,0,1,1,'2020-02-06 17:23:08','2023-06-18 01:42:50',NULL),(683,NULL,1,347,NULL,8,NULL,'IIBB a Pagar Santa Fe',NULL,0,0,0,0,0,1,1,'2020-02-06 17:23:08','2023-06-18 01:42:50',NULL),(684,NULL,1,348,NULL,8,NULL,'IIBB a Pagar Santiago del Estero',NULL,0,0,0,0,0,1,1,'2020-02-06 17:23:08','2023-06-18 01:42:50',NULL),(685,NULL,1,349,NULL,8,NULL,'IIBB a Pagar Tierra del Fuego',NULL,0,0,0,0,0,1,1,'2020-02-06 17:23:08','2023-06-18 01:42:50',NULL),(686,NULL,1,350,NULL,8,NULL,'IIBB a Pagar Tucuman',NULL,0,0,0,0,0,1,1,'2020-02-06 17:23:08','2023-06-18 01:42:50',NULL),(687,NULL,1,352,NULL,8,NULL,'Compensacion',NULL,0,0,0,0,0,1,1,'2020-02-06 17:23:08','2023-06-18 01:42:50',NULL),(688,NULL,1,353,NULL,8,NULL,'IVA Saldo Tecnico',NULL,0,0,0,0,0,1,1,'2020-02-06 17:23:08','2023-06-18 01:42:50',NULL),(689,NULL,1,354,NULL,8,NULL,'IVA Saldo Libre Disponibilidad',NULL,0,0,0,0,0,1,1,'2020-02-06 17:23:08','2023-06-18 01:42:50',NULL),(690,NULL,1,361,NULL,8,NULL,'Equipos de Computación',NULL,0,0,0,0,0,1,1,'2020-02-06 17:23:08','2023-06-18 01:42:50',NULL),(691,NULL,1,362,NULL,8,NULL,'Computadoras',NULL,0,0,0,0,0,1,1,'2020-02-06 17:23:08','2023-06-18 01:42:50',NULL),(692,NULL,1,363,NULL,8,NULL,'Muebles y Utiles',NULL,0,0,0,0,0,1,1,'2020-02-06 17:23:08','2023-06-18 01:42:50',NULL),(693,NULL,1,365,NULL,8,NULL,'Provision Honorarios',NULL,0,0,0,0,0,1,1,'2020-02-06 17:23:08','2023-06-18 01:42:50',NULL),(694,NULL,1,366,NULL,8,NULL,'Cta. Cte Directores',NULL,0,0,0,0,0,1,1,'2020-02-06 17:23:08','2023-06-18 01:42:50',NULL),(695,NULL,1,367,NULL,8,NULL,'Provisión Honorarios Directores',NULL,0,0,0,0,0,1,1,'2020-02-06 17:23:08','2023-06-18 01:42:50',NULL),(696,NULL,1,368,NULL,8,NULL,'Cuenta Particular Socio 1',NULL,0,0,0,0,0,1,1,'2020-02-06 17:23:08','2023-06-18 01:42:50',NULL),(697,NULL,1,369,NULL,8,NULL,'Capital',NULL,0,0,0,0,0,1,1,'2020-02-06 17:23:08','2023-06-18 01:42:50',NULL),(698,NULL,1,380,NULL,8,NULL,'Instalaciones',NULL,0,0,0,0,0,1,1,'2020-02-06 17:23:08','2023-06-18 01:42:50',NULL),(699,NULL,1,381,NULL,8,NULL,'Reserva Legal',NULL,0,0,0,0,0,1,1,'2020-02-06 17:23:08','2023-06-18 01:42:50',NULL),(700,NULL,1,382,NULL,8,NULL,'Reserva Legal',NULL,0,0,0,0,0,1,1,'2020-02-06 17:23:08','2023-06-18 01:42:50',NULL),(701,NULL,1,383,NULL,8,NULL,'Resultado no asignado',NULL,0,0,0,0,0,1,1,'2020-02-06 17:23:08','2023-06-18 01:42:50',NULL),(702,NULL,1,386,NULL,8,NULL,'PLAZO FIJO',NULL,0,0,0,0,0,1,1,'2020-02-06 17:23:08','2023-06-18 01:42:50',NULL),(703,NULL,1,388,NULL,8,NULL,'ACCIONES',NULL,0,0,0,0,0,1,1,'2020-02-06 17:23:08','2023-06-18 01:42:50',NULL),(704,NULL,1,389,NULL,8,NULL,'Inmuebles',NULL,0,0,0,0,0,1,1,'2020-02-06 17:23:08','2023-06-18 01:42:50',NULL),(705,NULL,1,390,NULL,8,NULL,'Vehiculos',NULL,0,0,0,0,0,1,1,'2020-02-06 17:23:08','2023-06-18 01:42:50',NULL),(706,NULL,1,391,NULL,8,NULL,'Maquinarias',NULL,0,0,0,0,0,1,1,'2020-02-06 17:23:08','2023-06-18 01:42:50',NULL),(707,NULL,1,392,NULL,8,NULL,'MERCADERIAS',NULL,0,0,0,0,0,1,1,'2020-02-06 17:23:08','2023-06-18 01:42:50',NULL),(708,NULL,1,393,NULL,8,NULL,'OTROS',NULL,0,0,0,0,0,1,1,'2020-02-06 17:23:08','2023-06-18 01:42:50',NULL);
INSERT INTO `cta_cte_tesoreria_cuentas` VALUES (709,NULL,1,395,NULL,8,NULL,'Cuenta Particular Socio 2',NULL,0,0,0,0,0,1,1,'2020-02-06 17:23:08','2023-06-18 01:42:50',NULL),(710,NULL,1,396,NULL,6,NULL,'Comisiones Y gastos Bancarios',NULL,0,0,0,0,0,1,1,'2020-02-06 17:23:08','2023-06-18 01:42:50',NULL),(711,NULL,1,411,NULL,8,NULL,'Provisión Impuesto a las Ganancias',NULL,0,0,0,0,0,1,1,'2020-02-06 17:23:08','2023-06-18 01:42:50',NULL),(712,NULL,1,412,NULL,6,NULL,'Amortización Muebles y Útiles',NULL,0,0,0,0,0,1,1,'2020-02-06 17:23:08','2023-06-18 01:42:50',NULL),(713,NULL,1,413,NULL,6,NULL,'Amortización Equipos',NULL,0,0,0,0,0,1,1,'2020-02-06 17:23:08','2023-06-18 01:42:50',NULL),(714,NULL,1,414,NULL,8,NULL,'Amortizacion Acumulada Equipos',NULL,0,0,0,0,0,1,1,'2020-02-06 17:23:08','2023-06-18 01:42:50',NULL),(715,NULL,1,415,NULL,8,NULL,'Amortización Acumulada Maquinarias',NULL,0,0,0,0,0,1,1,'2020-02-06 17:23:08','2023-06-18 01:42:50',NULL),(716,NULL,1,416,NULL,8,NULL,'Materias Primas',NULL,0,0,0,0,0,1,1,'2020-02-06 17:23:08','2023-06-18 01:42:50',NULL),(717,NULL,1,419,NULL,8,NULL,'Rodados',NULL,0,0,0,0,0,1,1,'2020-02-06 17:23:08','2023-06-18 01:42:50',NULL),(718,NULL,1,420,NULL,8,NULL,'Amortización Acumulada Rodados',NULL,0,0,0,0,0,1,1,'2020-02-06 17:23:08','2023-06-18 01:42:50',NULL),(719,NULL,1,421,NULL,8,NULL,'Amortización Rodados',NULL,0,0,0,0,0,1,1,'2020-02-06 17:23:08','2023-06-18 01:42:50',NULL),(720,NULL,1,422,NULL,8,NULL,'Amortización Maquinarias',NULL,0,0,0,0,0,1,1,'2020-02-06 17:23:08','2023-06-18 01:42:50',NULL),(721,NULL,1,423,NULL,8,NULL,'Accesorios',NULL,0,0,0,0,0,1,1,'2020-02-06 17:23:08','2023-06-18 01:42:50',NULL),(722,NULL,1,424,NULL,8,NULL,'Amortización Acumulada Accesorios',NULL,0,0,0,0,0,1,1,'2020-02-06 17:23:08','2023-06-18 01:42:50',NULL),(723,NULL,1,426,NULL,8,NULL,'Reserva Facultativa',NULL,0,0,0,0,0,1,1,'2020-02-06 17:23:08','2023-06-18 01:42:50',NULL),(724,NULL,1,427,NULL,8,NULL,'Créditos por Impuestos Diferidos',NULL,0,0,0,0,0,1,1,'2020-02-06 17:23:08','2023-06-18 01:42:50',NULL),(725,NULL,1,428,NULL,8,NULL,'Fondo de Comercio',NULL,0,0,0,0,0,1,1,'2020-02-06 17:23:08','2023-06-18 01:42:50',NULL),(726,NULL,1,429,NULL,8,NULL,'Amortizacion Acumulada Fondo de Comercio',NULL,0,0,0,0,0,1,1,'2020-02-06 17:23:08','2023-06-18 01:42:50',NULL),(727,NULL,1,430,NULL,8,NULL,'Intereses a devengar AGIP',NULL,0,0,0,0,0,1,1,'2020-02-06 17:23:08','2023-06-18 01:42:50',NULL),(728,NULL,1,431,NULL,8,NULL,'PFP IIBB',NULL,0,0,0,0,0,1,1,'2020-02-06 17:23:08','2023-06-18 01:42:50',NULL),(729,NULL,1,434,NULL,8,NULL,'Productos',NULL,0,0,0,0,0,1,1,'2020-02-06 17:23:08','2023-06-18 01:42:50',NULL),(730,NULL,1,435,NULL,8,NULL,'Intereses a devengar PFP',NULL,0,0,0,0,0,1,1,'2020-02-06 17:23:08','2023-06-18 01:42:50',NULL),(731,NULL,1,437,NULL,8,NULL,'Imp. Ley 25413 Cred 0.6%',NULL,0,0,0,0,0,1,1,'2020-02-06 17:23:08','2023-06-18 01:42:50',NULL),(732,NULL,1,438,NULL,8,NULL,'Honorarios Directorio a Pagar',NULL,0,0,0,0,0,1,1,'2020-02-06 17:23:08','2023-06-18 01:42:50',NULL),(733,NULL,1,439,NULL,8,NULL,'Reserva para Futuras Inversiones',NULL,0,0,0,0,0,1,1,'2020-02-06 17:23:08','2023-06-18 01:42:50',NULL),(734,NULL,1,440,NULL,8,NULL,'TEAC - Trabajos Ejecutados a Certificar',NULL,0,0,0,0,0,1,1,'2020-02-06 17:23:08','2023-06-18 01:42:50',NULL),(735,NULL,1,444,NULL,8,NULL,'Banco Santander Rio Cta Cte',NULL,0,0,0,0,0,1,1,'2020-02-06 17:23:08','2023-06-18 01:42:50',NULL),(736,NULL,1,449,NULL,8,NULL,'Leasing',NULL,0,0,0,0,0,1,1,'2020-02-06 17:23:08','2023-06-18 01:42:50',NULL),(737,NULL,1,453,NULL,8,NULL,'Inversión Central Caribe',NULL,0,0,0,0,0,1,1,'2020-02-06 17:23:08','2023-06-18 01:42:50',NULL),(738,NULL,1,454,NULL,8,NULL,'Otras Inversiones',NULL,0,0,0,0,0,1,1,'2020-02-06 17:23:08','2023-06-18 01:42:50',NULL),(739,NULL,1,455,NULL,8,NULL,'Otros Créditos',NULL,0,0,0,0,0,1,1,'2020-02-06 17:23:08','2023-06-18 01:42:50',NULL),(740,NULL,1,456,NULL,8,NULL,'Provisión Honorarios Socio Gerente',NULL,0,0,0,0,0,1,1,'2020-02-06 17:23:08','2023-06-18 01:42:50',NULL);
INSERT INTO `cta_cte_tesoreria_cuentas` VALUES (741,NULL,1,459,NULL,8,NULL,'Moratoria SUSS a pagar',NULL,0,0,0,0,0,1,1,'2020-02-06 17:23:08','2023-06-18 01:42:50',NULL),(742,NULL,1,460,NULL,8,NULL,'Impuestos Municipales a Pagar',NULL,0,0,0,0,0,1,1,'2020-02-06 17:23:08','2023-06-18 01:42:50',NULL),(743,NULL,1,461,NULL,6,NULL,'Amortización Instalaciones',NULL,0,0,0,0,0,1,1,'2020-02-06 17:23:08','2023-06-18 01:42:50',NULL),(744,NULL,1,462,NULL,8,NULL,'Amortización Equipos de comput.',NULL,0,0,0,0,0,1,1,'2020-02-06 17:23:08','2023-06-18 01:42:50',NULL),(745,NULL,1,463,NULL,8,NULL,'Cuenta Particular Socio 3',NULL,0,0,0,0,0,1,1,'2020-02-06 17:23:08','2023-06-18 01:42:50',NULL),(746,NULL,1,464,NULL,8,NULL,'Cuenta Particular Socio 4',NULL,0,0,0,0,0,1,1,'2020-02-06 17:23:08','2023-06-18 01:42:50',NULL),(747,NULL,1,465,NULL,8,NULL,'Otras Reservas',NULL,0,0,0,0,0,1,1,'2020-02-06 17:23:08','2023-06-18 01:42:50',NULL),(748,NULL,1,466,NULL,8,NULL,'IGMP (Saldo a Favor)',NULL,0,0,0,0,0,1,1,'2020-02-06 17:23:08','2023-06-18 01:42:50',NULL),(749,NULL,1,468,NULL,8,NULL,'Productos en Proceso',NULL,0,0,0,0,0,1,1,'2020-02-06 17:23:08','2023-06-18 01:42:50',NULL),(750,NULL,1,469,NULL,8,NULL,'Depósitos en Garantía Socio Gerente',NULL,0,0,0,0,0,1,1,'2020-02-06 17:23:08','2023-06-18 01:42:50',NULL),(751,NULL,1,470,NULL,8,NULL,'Fondos Embargados',NULL,0,0,0,0,0,1,1,'2020-02-06 17:23:08','2023-06-18 01:42:50',NULL),(752,NULL,1,471,NULL,8,NULL,'Cuota Solid.',NULL,0,0,0,0,0,1,1,'2020-02-06 17:23:08','2023-06-18 01:42:50',NULL),(753,NULL,1,472,NULL,8,NULL,'Anticipo Honorarios Directores',NULL,0,0,0,0,0,1,1,'2020-02-06 17:23:08','2023-06-18 01:42:51',NULL),(754,NULL,1,473,NULL,8,NULL,'SICORE a Pagar',NULL,0,0,0,0,0,1,1,'2020-02-06 17:23:08','2023-06-18 01:42:51',NULL),(755,NULL,1,476,NULL,6,NULL,'RECPAM',NULL,0,0,0,0,0,1,1,'2020-02-06 17:23:08','2023-06-18 01:42:51',NULL),(756,NULL,1,478,NULL,6,NULL,'CO2 - Imp. Al Carbono',NULL,0,0,0,0,0,1,1,'2020-02-06 17:23:08','2023-06-18 01:42:51',NULL),(757,NULL,1,359,40718,1,NULL,'Caja',NULL,0,0,1,1,1,0,1,'2023-02-28 14:21:22','2023-06-18 01:42:51',NULL),(758,NULL,1,176,40718,3,NULL,'Cheques',NULL,1,1,1,1,1,0,1,'2023-03-01 11:23:19','2023-06-18 01:42:51',NULL);

--
