INSERT INTO `cta_cte_cliente` VALUES (1288,5604,0,NULL,NULL,3,40720,40808,57,1567,2,0,'2024-08-27','2024-08-27',131769.00,1,1.00,'Factura A N°: 0004-00003716',NULL,NULL,'2024-11-19 06:33:40','2024-11-19 06:33:40',NULL),(1289,5604,0,NULL,NULL,3,40720,40724,57,1567,2,0,'2024-08-28','2024-08-28',535712.00,1,1.00,'Factura A N°: 0013-00020159',NULL,NULL,'2024-11-19 06:33:40','2024-11-19 06:33:40',NULL),(1290,5604,0,NULL,NULL,3,40720,40724,57,1567,2,0,'2024-08-29','2024-08-29',131140.00,1,1.00,'Factura A N°: 0013-00020202',NULL,NULL,'2024-11-19 06:33:40','2024-11-19 06:33:40',NULL),(1291,5604,0,NULL,NULL,3,40720,40967,57,1567,2,0,'2024-08-29','2024-08-29',10715.00,1,1.00,'Factura A N°: 0006-00032372',NULL,NULL,'2024-11-19 06:33:40','2024-11-19 06:33:40',NULL),(1292,5604,0,NULL,NULL,3,40720,40724,57,1567,2,0,'2024-08-29','2024-08-29',137467.00,1,1.00,'Factura A N°: 0013-00020185',NULL,NULL,'2024-11-19 06:33:40','2024-11-19 06:33:40',NULL),(1293,5604,0,NULL,NULL,3,40720,40945,57,1567,2,0,'2024-08-29','2024-08-29',16334.00,1,1.00,'Factura A N°: 0002-00003009',NULL,NULL,'2024-11-19 06:33:40','2024-11-19 06:33:40',NULL),(1294,5604,0,NULL,NULL,3,40720,40724,57,1567,2,0,'2024-08-30','2024-08-30',470000.00,1,1.00,'Factura A N°: 0013-00020246',NULL,NULL,'2024-11-19 06:33:40','2024-11-19 06:33:40',NULL),(1295,5604,0,NULL,NULL,3,40720,40913,57,1567,2,0,'2024-08-30','2024-08-30',318000.00,1,1.00,'Factura A N°: 0008-00000186',NULL,NULL,'2024-11-19 06:33:40','2024-11-19 06:33:40',NULL),(1296,5604,0,NULL,NULL,3,40720,40724,57,1567,2,0,'2024-08-31','2024-08-31',15905.00,1,1.00,'Factura A N°: 0013-00020287',NULL,NULL,'2024-11-19 06:33:40','2024-11-19 06:33:40',NULL),(1297,5604,0,NULL,NULL,3,40720,40904,57,1568,2,0,'2024-09-02','2024-09-02',37000.00,1,1.00,'Factura A N°: 0002-00000246',NULL,NULL,'2024-11-19 06:35:45','2024-11-19 06:35:45',NULL),(1298,5604,0,NULL,NULL,3,40720,40857,57,1568,2,0,'2024-09-02','2024-09-02',1032372.00,1,1.00,'Factura A N°: 0001-00036397',NULL,NULL,'2024-11-19 06:35:45','2024-11-19 06:35:45',NULL),(1299,5604,0,NULL,NULL,3,40720,40824,57,1568,2,0,'2024-09-02','2024-09-02',514250.00,1,1.00,'Factura A N°: 0002-00000680',NULL,NULL,'2024-11-19 06:35:45','2024-11-19 06:35:45',NULL),(1300,5604,0,NULL,NULL,3,40720,40912,57,1568,2,0,'2024-09-02','2024-09-02',1229543.00,1,1.00,'Factura C N°: 0003-00000036',NULL,NULL,'2024-11-19 06:35:45','2024-11-19 06:35:45',NULL),(1301,5604,0,NULL,NULL,3,40720,40908,57,1568,2,0,'2024-09-03','2024-09-03',514250.00,1,1.00,'Factura A N°: 0002-00001216',NULL,NULL,'2024-11-19 06:35:45','2024-11-19 06:35:45',NULL),(1302,5604,0,NULL,NULL,3,40720,40897,57,1568,2,0,'2024-09-04','2024-09-04',479870.27,1,1.00,'Factura A N°: 0005-00017550',NULL,NULL,'2024-11-19 06:35:45','2024-11-19 06:35:45',NULL),(1303,5604,0,NULL,NULL,3,40720,40963,57,1568,2,0,'2024-09-04','2024-09-04',294705.00,1,1.00,'Factura A N°: 0003-00000017',NULL,NULL,'2024-11-19 06:35:45','2024-11-19 06:35:45',NULL),(1304,5604,0,NULL,NULL,3,40720,40724,57,1568,2,0,'2024-09-05','2024-09-05',53934.00,1,1.00,'Factura A N°: 0013-00020351',NULL,NULL,'2024-11-19 06:35:45','2024-11-19 06:35:45',NULL),(1305,5604,0,NULL,NULL,3,40720,40812,57,1568,2,0,'2024-09-05','2024-09-05',1063997.00,1,1.00,'Factura C N°: 0002-00000076',NULL,NULL,'2024-11-19 06:35:45','2024-11-19 06:35:45',NULL),(1306,5604,0,NULL,NULL,3,40720,40970,57,1568,2,0,'2024-09-10','2024-09-10',10267.00,1,1.00,'Factura A N°: 0011-00007547',NULL,NULL,'2024-11-19 06:35:45','2024-11-19 06:35:45',NULL),(1307,5604,0,NULL,NULL,3,40720,40805,57,1568,2,0,'2024-09-14','2024-09-14',43904.99,1,1.00,'Factura A N°: 2467-01208408',NULL,NULL,'2024-11-19 06:35:45','2024-11-19 06:35:45',NULL),(1308,5604,0,NULL,NULL,3,40720,40811,57,1568,2,0,'2024-09-14','2024-09-14',39400.01,1,1.00,'Factura A N°: 0005-00010430',NULL,NULL,'2024-11-19 06:35:45','2024-11-19 06:35:45',NULL),(1309,5604,0,NULL,NULL,3,40720,40959,57,1568,2,0,'2024-09-20','2024-09-20',333178.30,1,1.00,'Factura A N°: 1007-00013579',NULL,NULL,'2024-11-19 06:35:46','2024-11-19 06:35:46',NULL);
INSERT INTO `cta_cte_cliente` VALUES (1310,5604,0,NULL,NULL,3,40720,40808,57,1568,2,0,'2024-09-25','2024-09-25',45738.00,1,1.00,'Factura A N°: 0004-00003812',NULL,NULL,'2024-11-19 06:35:46','2024-11-19 06:35:46',NULL),(1311,5604,0,NULL,NULL,3,40720,40724,57,1568,2,0,'2024-09-27','2024-09-27',289524.00,1,1.00,'Factura A N°: 0013-00020659',NULL,NULL,'2024-11-19 06:35:46','2024-11-19 06:35:46',NULL),(1312,5604,0,NULL,NULL,3,40720,40959,57,1568,2,0,'2024-09-27','2024-09-27',1255.25,1,1.00,'Nota de débito A N°: 1007-00010494',NULL,NULL,'2024-11-19 06:35:46','2024-11-19 06:35:46',NULL),(1313,5604,0,NULL,NULL,3,40720,40724,57,1568,2,0,'2024-09-30','2024-09-30',22225.00,1,1.00,'Factura A N°: 0013-00020744',NULL,NULL,'2024-11-19 06:35:46','2024-11-19 06:35:46',NULL),(1314,5604,0,NULL,NULL,3,40720,40918,57,1568,2,0,'2024-09-30','2024-09-30',822800.00,1,1.00,'Factura A N°: 0003-00000145',NULL,NULL,'2024-11-19 06:35:46','2024-11-19 06:35:46',NULL),(1315,5604,0,NULL,NULL,3,40720,40812,57,1568,2,0,'2024-09-30','2024-09-30',1936481.00,1,1.00,'Factura C N°: 0002-00000077',NULL,NULL,'2024-11-19 06:35:46','2024-11-19 06:35:46',NULL),(1316,5604,0,NULL,NULL,3,40720,40963,57,1569,2,0,'2024-10-01','2024-10-01',294446.02,1,1.00,'Factura A N°: 0004-00000191',NULL,NULL,'2024-11-19 06:36:47','2024-11-19 06:36:47',NULL),(1317,5604,0,NULL,NULL,3,40720,40963,57,1569,2,0,'2024-10-01','2024-10-01',403506.99,1,1.00,'Factura A N°: 0004-00000192',NULL,NULL,'2024-11-19 06:36:47','2024-11-19 06:36:47',NULL),(1318,5604,0,NULL,NULL,3,40720,40897,57,1569,2,0,'2024-10-01','2024-10-01',556429.39,1,1.00,'Factura A N°: 0005-00017657',NULL,NULL,'2024-11-19 06:36:47','2024-11-19 06:36:47',NULL),(1319,5604,0,NULL,NULL,3,40720,40811,57,1569,2,0,'2024-10-01','2024-10-01',28140.01,1,1.00,'Factura A N°: 0005-00010531',NULL,NULL,'2024-11-19 06:36:47','2024-11-19 06:36:47',NULL),(1320,5604,0,NULL,NULL,3,40720,40963,57,1569,1,0,'2024-10-01','2024-10-01',294446.02,1,1.00,'Nota de crédito A N°: 0004-00000005',NULL,NULL,'2024-11-19 06:36:47','2024-11-19 06:36:47',NULL),(1321,5604,0,NULL,NULL,3,40720,40904,57,1569,2,0,'2024-10-02','2024-10-02',35000.00,1,1.00,'Factura A N°: 0002-00000297',NULL,NULL,'2024-11-19 06:36:47','2024-11-19 06:36:47',NULL),(1322,5604,0,NULL,NULL,3,40720,40800,57,1569,2,0,'2024-10-02','2024-10-02',267900.00,1,1.00,'Factura A N°: 0003-00000963',NULL,NULL,'2024-11-19 06:36:47','2024-11-19 06:36:47',NULL),(1323,5604,0,NULL,NULL,3,40720,40724,57,1569,2,0,'2024-10-03','2024-10-03',42765.00,1,1.00,'Factura A N°: 0013-00020808',NULL,NULL,'2024-11-19 06:36:47','2024-11-19 06:36:47',NULL),(1324,5604,0,NULL,NULL,3,40720,40912,57,1569,2,0,'2024-10-03','2024-10-03',1184728.00,1,1.00,'Factura C N°: 0003-00000045',NULL,NULL,'2024-11-19 06:36:47','2024-11-19 06:36:47',NULL),(1325,5604,0,NULL,NULL,3,40720,40971,57,1569,2,0,'2024-10-07','2024-10-07',39000.00,1,1.00,'Factura A N°: 0005-00000331',NULL,NULL,'2024-11-19 06:36:47','2024-11-19 06:36:47',NULL),(1326,5604,0,NULL,NULL,3,40720,40919,57,1569,2,0,'2024-10-08','2024-10-08',194774.93,1,1.00,'Factura A N°: 0003-00007684',NULL,NULL,'2024-11-19 06:36:47','2024-11-19 06:36:47',NULL),(1327,5604,0,NULL,NULL,3,40720,40972,57,1569,2,0,'2024-10-09','2024-10-09',164000.00,1,1.00,'Factura A N°: 0002-00009842',NULL,NULL,'2024-11-19 06:36:48','2024-11-19 06:36:48',NULL),(1328,5604,0,NULL,NULL,3,40720,40959,57,1569,2,0,'2024-10-10','2024-10-10',482144.00,1,1.00,'Factura A N°: 1007-00013703',NULL,NULL,'2024-11-19 06:36:48','2024-11-19 06:36:48',NULL),(1329,5604,0,NULL,NULL,3,40720,40928,57,1569,2,0,'2024-10-10','2024-10-10',320000.00,1,1.00,'Factura C N°: 0003-00000146',NULL,NULL,'2024-11-19 06:36:48','2024-11-19 06:36:48',NULL),(1330,5604,0,NULL,NULL,3,40720,40800,57,1569,2,0,'2024-10-14','2024-10-14',39999.00,1,1.00,'Factura A N°: 0003-00000970',NULL,NULL,'2024-11-19 06:36:48','2024-11-19 06:36:48',NULL);
INSERT INTO `cta_cte_cliente` VALUES (1331,5604,0,NULL,NULL,3,40720,40800,57,1569,2,0,'2024-10-14','2024-10-14',1208999.07,1,1.00,'Factura A N°: 0003-00000971',NULL,NULL,'2024-11-19 06:36:48','2024-11-19 06:36:48',NULL),(1332,5604,0,NULL,NULL,3,40720,40805,57,1569,2,0,'2024-10-14','2024-10-14',46724.71,1,1.00,'Factura A N°: 2467-01220918',NULL,NULL,'2024-11-19 06:36:48','2024-11-19 06:36:48',NULL),(1333,5604,0,NULL,NULL,3,40720,40811,57,1569,2,0,'2024-10-14','2024-10-14',19000.01,1,1.00,'Factura A N°: 0005-00010601',NULL,NULL,'2024-11-19 06:36:48','2024-11-19 06:36:48',NULL),(1334,5604,0,NULL,NULL,3,40720,40973,57,1569,2,0,'2024-10-16','2024-10-16',200013.00,1,1.00,'Factura A N°: 0003-00000110',NULL,NULL,'2024-11-19 06:36:48','2024-11-19 06:36:48',NULL),(1335,5604,0,NULL,NULL,3,40720,40847,57,1569,2,0,'2024-10-17','2024-10-17',534000.00,1,1.00,'Factura A N°: 0003-00000377',NULL,NULL,'2024-11-19 06:36:48','2024-11-19 06:36:48',NULL),(1336,5604,0,NULL,NULL,3,40720,40811,57,1569,2,0,'2024-10-18','2024-10-18',57785.00,1,1.00,'Factura A N°: 0005-00010647',NULL,NULL,'2024-11-19 06:36:48','2024-11-19 06:36:48',NULL),(1337,5604,0,NULL,NULL,3,40720,40810,57,1569,2,0,'2024-10-19','2024-10-19',41029.02,1,1.00,'Factura A N°: 6874-00030251',NULL,NULL,'2024-11-19 06:36:48','2024-11-19 06:36:48',NULL),(1338,5604,0,NULL,NULL,3,40720,40974,57,1569,2,0,'2024-10-25','2024-10-25',143629.99,1,1.00,'Factura A N°: 0004-00000333',NULL,NULL,'2024-11-19 06:36:48','2024-11-19 06:36:48',NULL),(1339,5604,0,NULL,NULL,3,40720,40724,57,1569,2,0,'2024-10-26','2024-10-26',215359.76,1,1.00,'Factura A N°: 0013-00021194',NULL,NULL,'2024-11-19 06:36:48','2024-11-19 06:36:48',NULL),(1340,5604,0,NULL,NULL,3,40720,40975,57,1569,2,0,'2024-10-28','2024-10-28',41200.02,1,1.00,'Factura A N°: 0005-00006424',NULL,NULL,'2024-11-19 06:36:48','2024-11-19 06:36:48',NULL),(1341,5604,0,NULL,NULL,3,40720,40810,57,1569,2,0,'2024-10-29','2024-10-29',61517.00,1,1.00,'Factura A N°: 6872-00023459',NULL,NULL,'2024-11-19 06:36:48','2024-11-19 06:36:48',NULL),(1342,5604,0,NULL,NULL,3,40720,40896,57,1569,2,0,'2024-10-31','2024-10-31',450000.00,1,1.00,'Factura A N°: 0008-00000613',NULL,NULL,'2024-11-19 06:36:49','2024-11-19 06:36:49',NULL),(1343,5604,0,NULL,NULL,3,40720,40724,57,1569,2,0,'2024-10-31','2024-10-31',41902.00,1,1.00,'Factura A N°: 0013-00021328',NULL,NULL,'2024-11-19 06:36:49','2024-11-19 06:36:49',NULL),(1344,5604,0,NULL,NULL,3,40720,40812,57,1569,2,0,'2024-10-31','2024-10-31',2101514.80,1,1.00,'Factura C N°: 0002-00000078',NULL,NULL,'2024-11-19 06:36:49','2024-11-19 06:36:49',NULL),(1345,5604,0,NULL,NULL,3,40720,40976,57,1567,2,0,'2024-08-02','2024-08-31',50008.43,1,1.00,'Tique Factura A N°: 0018-00024841',NULL,NULL,'2024-11-20 22:38:22','2024-11-20 22:38:22',NULL),(1346,5604,0,NULL,NULL,3,40720,40977,57,1567,2,0,'2024-08-03','2024-08-31',49004.03,1,1.00,'Tique Factura A N°: 0027-00026104',NULL,NULL,'2024-11-20 22:52:13','2024-11-20 22:52:13',NULL),(1347,5604,0,NULL,NULL,3,40720,40957,57,1567,2,0,'2024-07-31','2024-08-31',98401.85,1,1.00,'Tique Factura A N°: 27510-00014830',NULL,NULL,'2024-11-20 22:55:39','2024-11-20 22:55:39',NULL),(1348,5604,0,NULL,NULL,3,40720,40810,57,1567,2,0,'2024-08-01','2024-08-31',75000.02,1,1.00,'Tique Factura A N°: 7160-00064972',NULL,NULL,'2024-11-20 23:02:18','2024-11-20 23:02:18',NULL),(1349,5604,0,NULL,NULL,3,40720,40978,57,1567,2,0,'2024-08-04','2024-08-31',90000.00,1,1.00,'Tique Factura A N°: 0010-00051575',NULL,NULL,'2024-11-20 23:04:09','2024-11-20 23:04:09',NULL),(1350,5604,0,NULL,NULL,3,40720,40977,57,1567,2,0,'2024-08-05','2024-08-31',42580.05,1,1.00,'Tique Factura A N°: 0027-00026174',NULL,NULL,'2024-11-20 23:06:14','2024-11-20 23:06:14',NULL),(1351,5604,0,NULL,NULL,3,40720,40976,57,1567,2,0,'2024-08-06','2024-08-31',35001.46,1,1.00,'Tique Factura A N°: 0017-00035713',NULL,NULL,'2024-11-20 23:07:41','2024-11-20 23:07:41',NULL);
INSERT INTO `cta_cte_cliente` VALUES (1352,5604,0,NULL,NULL,3,40720,40979,57,1567,2,0,'2024-07-31','2024-08-31',40000.38,1,1.00,'Tique Factura A N°: 0113-03039306',NULL,NULL,'2024-11-20 23:12:57','2024-11-20 23:12:57',NULL),(1353,5604,0,NULL,NULL,3,40720,40979,57,1567,2,0,'2024-08-04','2024-08-31',30000.64,1,1.00,'Tique Factura A N°: 0113-00039464',NULL,NULL,'2024-11-20 23:16:09','2024-11-20 23:16:09',NULL),(1354,5604,0,NULL,NULL,3,40720,40979,57,1567,2,0,'2024-08-08','2024-08-31',30000.51,1,1.00,'Tique Factura A N°: 0113-00039576',NULL,NULL,'2024-11-20 23:16:56','2024-11-20 23:16:56',NULL),(1355,5604,0,NULL,NULL,3,40720,40959,57,1570,2,0,'2024-11-01','2024-11-01',343033.60,1,1.00,'Factura A N°: 1007-00013872',NULL,NULL,'2025-01-08 10:45:10','2025-01-08 10:45:10',NULL),(1356,5604,0,NULL,NULL,3,40720,40904,57,1570,2,0,'2024-11-01','2024-11-01',35000.00,1,1.00,'Factura A N°: 0002-00000347',NULL,NULL,'2025-01-08 10:45:10','2025-01-08 10:45:10',NULL),(1357,5604,0,NULL,NULL,3,40720,40963,57,1570,2,0,'2024-11-01','2024-11-01',323144.98,1,1.00,'Factura A N°: 0004-00000252',NULL,NULL,'2025-01-08 10:45:10','2025-01-08 10:45:10',NULL),(1358,5604,0,NULL,NULL,3,40720,40824,57,1570,2,0,'2024-11-01','2024-11-01',505175.00,1,1.00,'Factura A N°: 0002-00000698',NULL,NULL,'2025-01-08 10:45:10','2025-01-08 10:45:10',NULL),(1359,5604,0,NULL,NULL,3,40720,40912,57,1570,2,0,'2024-11-02','2024-11-02',1194042.50,1,1.00,'Factura C N°: 0003-00000047',NULL,NULL,'2025-01-08 10:45:10','2025-01-08 10:45:10',NULL),(1360,5604,0,NULL,NULL,3,40720,40980,57,1570,2,0,'2024-11-03','2024-11-03',30433.99,1,1.00,'Factura A N°: 0001-00000297',NULL,NULL,'2025-01-08 10:45:10','2025-01-08 10:45:10',NULL),(1361,5604,0,NULL,NULL,3,40720,40815,57,1570,2,0,'2024-11-04','2024-11-04',223824.10,1,1.00,'Factura A N°: 0005-00024959',NULL,NULL,'2025-01-08 10:45:10','2025-01-08 10:45:10',NULL),(1362,5604,0,NULL,NULL,3,40720,40724,57,1570,2,0,'2024-11-05','2024-11-05',73753.30,1,1.00,'Factura A N°: 0013-00021437',NULL,NULL,'2025-01-08 10:45:11','2025-01-08 10:45:11',NULL),(1363,5604,0,NULL,NULL,3,40720,40811,57,1570,2,0,'2024-11-05','2024-11-05',63335.01,1,1.00,'Factura A N°: 0005-00010774',NULL,NULL,'2025-01-08 10:45:11','2025-01-08 10:45:11',NULL),(1364,5604,0,NULL,NULL,3,40720,40800,57,1570,2,0,'2024-11-11','2024-11-11',317000.00,1,1.00,'Factura A N°: 0003-00000995',NULL,NULL,'2025-01-08 10:45:11','2025-01-08 10:45:11',NULL),(1365,5604,0,NULL,NULL,3,40720,40959,57,1570,2,0,'2024-11-13','2024-11-13',135.47,1,1.00,'Nota de débito A N°: 1007-00010633',NULL,NULL,'2025-01-08 10:45:11','2025-01-08 10:45:11',NULL),(1366,5604,0,NULL,NULL,3,40720,40897,57,1570,2,0,'2024-11-14','2024-11-14',606452.00,1,1.00,'Factura A N°: 0005-00017831',NULL,NULL,'2025-01-08 10:45:11','2025-01-08 10:45:11',NULL),(1367,5604,0,NULL,NULL,3,40720,40805,57,1570,2,0,'2024-11-14','2024-11-14',49808.21,1,1.00,'Factura A N°: 2467-01239639',NULL,NULL,'2025-01-08 10:45:11','2025-01-08 10:45:11',NULL),(1368,5604,0,NULL,NULL,3,40720,40959,57,1570,1,0,'2024-11-15','2024-11-15',1645.79,1,1.00,'Nota de crédito A N°: 1007-00006411',NULL,NULL,'2025-01-08 10:45:11','2025-01-08 10:45:11',NULL),(1369,5604,0,NULL,NULL,3,40720,40981,57,1570,2,0,'2024-11-19','2024-11-19',173750.00,1,1.00,'Factura A N°: 0003-00003114',NULL,NULL,'2025-01-08 10:45:11','2025-01-08 10:45:11',NULL),(1370,5604,0,NULL,NULL,3,40720,40805,57,1570,2,0,'2024-11-21','2024-11-21',4800.00,1,1.00,'Factura A N°: 3268-00058954',NULL,NULL,'2025-01-08 10:45:11','2025-01-08 10:45:11',NULL),(1371,5604,0,NULL,NULL,3,40720,40808,57,1570,2,0,'2024-11-23','2024-11-23',123299.00,1,1.00,'Factura A N°: 0004-00003972',NULL,NULL,'2025-01-08 10:45:11','2025-01-08 10:45:11',NULL),(1372,5604,0,NULL,NULL,3,40720,40982,57,1570,2,0,'2024-11-28','2024-11-28',564998.00,1,1.00,'Factura A N°: 3628-00000863',NULL,NULL,'2025-01-08 10:45:11','2025-01-08 10:45:11',NULL);
INSERT INTO `cta_cte_cliente` VALUES (1373,5604,0,NULL,NULL,3,40720,40724,57,1570,2,0,'2024-11-28','2024-11-28',81518.50,1,1.00,'Factura A N°: 0013-00021798',NULL,NULL,'2025-01-08 10:45:11','2025-01-08 10:45:11',NULL),(1374,5604,0,NULL,NULL,3,40720,40724,57,1570,2,0,'2024-11-29','2024-11-29',19800.00,1,1.00,'Factura A N°: 0013-00021862',NULL,NULL,'2025-01-08 10:45:11','2025-01-08 10:45:11',NULL),(1375,5604,0,NULL,NULL,3,40720,40946,57,1570,2,0,'2024-11-30','2024-11-30',12000.00,1,1.00,'Factura C N°: 0001-00000313',NULL,NULL,'2025-01-08 10:45:11','2025-01-08 10:45:11',NULL),(1376,5604,0,NULL,NULL,3,40720,40904,57,1571,2,0,'2024-12-01','2024-12-01',35000.00,1,1.00,'Factura A N°: 0002-00000394',NULL,NULL,'2025-01-08 10:45:41','2025-01-08 10:45:41',NULL),(1377,5604,0,NULL,NULL,3,40720,40897,57,1571,2,0,'2024-12-02','2024-12-02',592479.04,1,1.00,'Factura A N°: 0005-00017926',NULL,NULL,'2025-01-08 10:45:41','2025-01-08 10:45:41',NULL),(1378,5604,0,NULL,NULL,3,40720,40972,57,1571,2,0,'2024-12-02','2024-12-02',144800.00,1,1.00,'Factura A N°: 0002-00010311',NULL,NULL,'2025-01-08 10:45:42','2025-01-08 10:45:42',NULL),(1379,5604,0,NULL,NULL,3,40720,40912,57,1571,2,0,'2024-12-02','2024-12-02',1282131.25,1,1.00,'Factura C N°: 0003-00000049',NULL,NULL,'2025-01-08 10:45:42','2025-01-08 10:45:42',NULL),(1380,5604,0,NULL,NULL,3,40720,40812,57,1571,2,0,'2024-12-03','2024-12-03',2256551.00,1,1.00,'Factura C N°: 0002-00000079',NULL,NULL,'2025-01-08 10:45:42','2025-01-08 10:45:42',NULL),(1381,5604,0,NULL,NULL,3,40720,40874,57,1571,2,0,'2024-12-03','2024-12-03',275000.00,1,1.00,'Factura C N°: 0004-00000115',NULL,NULL,'2025-01-08 10:45:42','2025-01-08 10:45:42',NULL),(1382,5604,0,NULL,NULL,3,40720,40963,57,1571,2,0,'2024-12-04','2024-12-04',281148.01,1,1.00,'Factura A N°: 0004-00000307',NULL,NULL,'2025-01-08 10:45:42','2025-01-08 10:45:42',NULL),(1383,5604,0,NULL,NULL,3,40720,40983,57,1571,2,0,'2024-12-05','2024-12-05',6000.00,1,1.00,'Factura A N°: 0002-00051608',NULL,NULL,'2025-01-08 10:45:42','2025-01-08 10:45:42',NULL),(1384,5604,0,NULL,NULL,3,40720,40811,57,1571,2,0,'2024-12-05','2024-12-05',38370.00,1,1.00,'Factura A N°: 0005-00011014',NULL,NULL,'2025-01-08 10:45:42','2025-01-08 10:45:42',NULL),(1385,5604,0,NULL,NULL,3,40720,40805,57,1571,2,0,'2024-12-06','2024-12-06',4800.00,1,1.00,'Factura A N°: 3268-00066191',NULL,NULL,'2025-01-08 10:45:42','2025-01-08 10:45:42',NULL),(1386,5604,0,NULL,NULL,3,40720,40983,57,1571,2,0,'2024-12-10','2024-12-10',6000.00,1,1.00,'Factura A N°: 0002-00051645',NULL,NULL,'2025-01-08 10:45:42','2025-01-08 10:45:42',NULL),(1387,5604,0,NULL,NULL,3,40720,40915,57,1571,2,0,'2024-12-10','2024-12-10',106000.00,1,1.00,'Factura C N°: 0005-00000081',NULL,NULL,'2025-01-08 10:45:43','2025-01-08 10:45:43',NULL),(1388,5604,0,NULL,NULL,3,40720,40805,57,1571,2,0,'2024-12-11','2024-12-11',4800.00,1,1.00,'Factura A N°: 3268-00068694',NULL,NULL,'2025-01-08 10:45:43','2025-01-08 10:45:43',NULL),(1389,5604,0,NULL,NULL,3,40720,40917,57,1571,2,0,'2024-12-12','2024-12-12',339999.98,1,1.00,'Factura A N°: 0007-00000579',NULL,NULL,'2025-01-08 10:45:43','2025-01-08 10:45:43',NULL),(1390,5604,0,NULL,NULL,3,40720,40724,57,1571,2,0,'2024-12-13','2024-12-13',252292.00,1,1.00,'Factura A N°: 0013-00022046',NULL,NULL,'2025-01-08 10:45:43','2025-01-08 10:45:43',NULL),(1391,5604,0,NULL,NULL,3,40720,40805,57,1571,2,0,'2024-12-14','2024-12-14',53569.23,1,1.00,'Factura A N°: 2467-01261071',NULL,NULL,'2025-01-08 10:45:43','2025-01-08 10:45:43',NULL),(1392,5604,0,NULL,NULL,3,40720,40804,57,1571,2,0,'2024-12-16','2024-12-16',841275.66,1,1.00,'Factura A N°: 0117-00017248',NULL,NULL,'2025-01-08 10:45:43','2025-01-08 10:45:43',NULL),(1393,5604,0,NULL,NULL,3,40720,40810,57,1571,2,0,'2024-12-17','2024-12-17',19999.94,1,1.00,'Factura A N°: 6874-00031623',NULL,NULL,'2025-01-08 10:45:43','2025-01-08 10:45:43',NULL),(1394,5604,0,NULL,NULL,3,40720,40808,57,1571,2,0,'2024-12-19','2024-12-19',345818.00,1,1.00,'Factura A N°: 0004-00004088',NULL,NULL,'2025-01-08 10:45:43','2025-01-08 10:45:43',NULL);
INSERT INTO `cta_cte_cliente` VALUES (1395,5604,0,NULL,NULL,3,40720,40810,57,1571,2,0,'2024-12-23','2024-12-23',19999.94,1,1.00,'Factura A N°: 6872-00024481',NULL,NULL,'2025-01-08 10:45:43','2025-01-08 10:45:43',NULL),(1396,5604,0,NULL,NULL,3,40720,40917,57,1571,2,0,'2024-12-23','2024-12-23',190000.01,1,1.00,'Factura A N°: 0007-00000610',NULL,NULL,'2025-01-08 10:45:43','2025-01-08 10:45:43',NULL),(1397,5604,0,NULL,NULL,3,40720,40984,57,1571,2,0,'2024-12-23','2024-12-23',490000.00,1,1.00,'Factura C N°: 0001-00000031',NULL,NULL,'2025-01-08 10:45:43','2025-01-08 10:45:43',NULL),(1398,5604,0,NULL,NULL,3,40720,40811,57,1571,2,0,'2024-12-24','2024-12-24',48100.00,1,1.00,'Factura A N°: 0005-00011194',NULL,NULL,'2025-01-08 10:45:44','2025-01-08 10:45:44',NULL),(1399,5604,0,NULL,NULL,3,40720,40808,57,1571,2,0,'2024-12-26','2024-12-26',170731.00,1,1.00,'Factura A N°: 0004-00004143',NULL,NULL,'2025-01-08 10:45:44','2025-01-08 10:45:44',NULL),(1400,5604,0,NULL,NULL,3,40720,40835,57,1571,2,0,'2024-12-26','2024-12-26',920000.00,1,1.00,'Factura C N°: 0004-00003471',NULL,NULL,'2025-01-08 10:45:44','2025-01-08 10:45:44',NULL),(1401,5604,0,NULL,NULL,3,40720,40724,57,1571,2,0,'2024-12-27','2024-12-27',91502.00,1,1.00,'Factura A N°: 0013-00022226',NULL,NULL,'2025-01-08 10:45:44','2025-01-08 10:45:44',NULL),(1402,5604,0,NULL,NULL,3,40720,40724,57,1571,2,0,'2024-12-31','2024-12-31',381938.00,1,1.00,'Factura A N°: 0013-00022355',NULL,NULL,'2025-01-08 10:45:44','2025-01-08 10:45:44',NULL),(1403,5604,0,NULL,NULL,2,40720,40727,13,1567,1,0,'2024-08-01','2025-01-09',37761920.00,1,1.00,'Cuenta de Venta y Líquido Producto A N°: 0005-00010169',NULL,NULL,'2025-01-09 18:28:49','2025-01-09 18:28:49',NULL),(1404,5604,0,NULL,NULL,2,40720,40727,13,1569,1,0,'2024-10-08','2025-01-09',7477147.48,1,1.00,'Cuenta de Venta y Líquido Producto A N°: 0005-00010458',NULL,NULL,'2025-01-09 18:39:16','2025-01-09 18:39:16',NULL),(1405,5604,0,NULL,NULL,2,40720,40727,13,1569,1,0,'2024-10-08','2025-01-09',18873100.00,1,1.00,'Cuenta de Venta y Líquido Producto A N°: 0005-00010438',NULL,NULL,'2025-01-09 18:40:49','2025-01-09 18:40:49',NULL),(1406,5604,0,NULL,NULL,2,40720,40723,13,1570,1,0,'2024-11-20','2025-01-09',25828270.00,1,1.00,'Cuenta de Venta y Líquido Producto A N°: 0331-00006442',NULL,NULL,'2025-01-09 18:42:26','2025-01-09 18:42:26',NULL),(1407,5604,0,NULL,NULL,3,40720,40727,57,1567,2,0,'2024-08-01','2025-01-09',1856400.00,1,1.00,'Cuenta de Venta y Líquido Producto A N°: 0005-00010169',NULL,NULL,'2025-01-09 18:50:44','2025-01-09 18:50:44',NULL),(1408,5604,0,NULL,NULL,3,40720,40727,57,1569,2,0,'2024-10-08','2025-01-09',1038627.99,1,1.00,'Cuenta de Venta y Líquido Producto A N°: 0005-00010458',NULL,NULL,'2025-01-09 18:55:00','2025-01-09 18:55:00',NULL),(1409,5604,0,NULL,NULL,3,40720,40727,57,1569,2,0,'2024-10-08','2025-01-09',927923.75,1,1.00,'Cuenta de Venta y Líquido Producto A N°: 0005-00010438',NULL,NULL,'2025-01-09 18:57:54','2025-01-09 18:57:54',NULL),(1410,5604,0,NULL,NULL,3,40720,40727,57,1570,2,0,'2024-11-20','2025-01-09',1162272.15,1,1.00,'Cuenta de Venta y Líquido Producto A N°: 0331-00006442',NULL,NULL,'2025-01-09 18:59:47','2025-01-09 18:59:47',NULL),(1411,5604,0,NULL,NULL,3,40720,40828,57,1569,2,0,'2024-10-31','2024-10-31',108978.41,1,1.00,'Factura A N°: 2110-00064495',NULL,NULL,'2025-01-09 19:46:41','2025-01-09 19:46:41',NULL),(1412,5604,0,NULL,NULL,3,40720,40828,57,1569,2,0,'2024-10-25','2024-10-31',140332.01,1,1.00,'Factura A N°: 5690-00082540',NULL,NULL,'2025-01-09 19:54:37','2025-01-09 19:54:37',NULL),(1413,5604,0,NULL,NULL,3,40720,40985,57,1569,2,0,'2024-10-16','2024-10-31',71000.00,1,1.00,'Factura A N°: 0015-00003528',NULL,NULL,'2025-01-09 20:01:36','2025-01-09 20:01:36',NULL),(1414,5604,0,NULL,NULL,3,40720,40986,57,1569,2,0,'2024-10-19','2024-10-31',52000.01,1,1.00,'Tique Factura A N°: 0080-00033475',NULL,NULL,'2025-01-09 20:04:47','2025-01-09 20:04:47',NULL);
INSERT INTO `cta_cte_cliente` VALUES (1415,5604,0,NULL,NULL,3,40720,40810,57,1569,2,0,'2024-10-19','2024-10-31',41029.02,1,1.00,'Tique Factura A N°: 6478-00030251',NULL,NULL,'2025-01-09 20:07:32','2025-01-09 20:07:32',NULL),(1416,5604,0,NULL,NULL,3,40720,40905,57,1569,2,0,'2024-10-20','2024-10-31',30020.05,1,1.00,'Tique Factura A N°: 0019-00021712',NULL,NULL,'2025-01-09 20:11:15','2025-01-09 20:11:15',NULL),(1417,5604,0,NULL,NULL,3,40720,40810,57,1569,2,0,'2024-10-29','2024-10-31',61517.00,1,1.00,'Tique Factura A N°: 6872-00023459',NULL,NULL,'2025-01-09 20:13:32','2025-01-09 20:13:32',NULL),(1418,5604,0,NULL,NULL,3,40720,40907,57,1570,2,0,'2024-11-24','2024-11-30',29001.62,1,1.00,'Factura A N°: 0024-00030547',NULL,NULL,'2025-01-09 20:53:21','2025-01-09 20:53:21',NULL),(1419,5604,0,NULL,NULL,3,40720,40813,57,1570,2,0,'2024-11-24','2024-11-30',112444.99,1,1.00,'Factura A N°: 0020-00067100',NULL,NULL,'2025-01-09 20:56:32','2025-01-09 20:56:32',NULL),(1420,5604,0,NULL,NULL,3,40720,40813,57,1570,2,0,'2024-10-20','2024-11-30',39999.99,1,1.00,'Factura A N°: 0020-00064461',NULL,NULL,'2025-01-09 21:02:45','2025-01-09 21:02:45',NULL),(1421,5604,0,NULL,NULL,3,40720,40813,57,1570,2,0,'2024-10-12','2024-11-30',30000.39,1,1.00,'Factura A N°: 0020-00063883',NULL,NULL,'2025-01-09 21:10:34','2025-01-09 21:10:34',NULL),(1422,5604,0,NULL,NULL,3,40720,40813,57,1570,2,0,'2024-11-14','2024-11-30',29999.53,1,1.00,'Tique Factura A N°: 0028-00037552',NULL,NULL,'2025-01-09 21:25:39','2025-01-09 21:25:39',NULL),(1423,5604,0,NULL,NULL,3,40720,40813,57,1570,2,0,'2024-11-10','2024-11-30',30000.00,1,1.00,'Tique Factura A N°: 0030-00018660',NULL,NULL,'2025-01-09 21:26:45','2025-01-09 21:26:45',NULL),(1424,5604,0,NULL,NULL,3,40720,40813,57,1570,2,0,'2024-11-02','2024-11-30',29008.21,1,1.00,'Tique Factura A N°: 0028-00036891',NULL,NULL,'2025-01-09 21:27:42','2025-01-09 21:27:42',NULL),(1425,5604,0,NULL,NULL,3,40720,40813,57,1570,2,0,'2024-11-09','2024-11-30',150000.01,1,1.00,'Tique Factura A N°: 0028-00037274',NULL,NULL,'2025-01-09 21:28:38','2025-01-09 21:28:38',NULL),(1426,5604,0,NULL,NULL,3,40720,40813,57,1570,2,0,'2024-11-17','2024-11-30',46560.00,1,1.00,'Tique Factura A N°: 0030-00020802',NULL,NULL,'2025-01-09 21:30:54','2025-01-09 21:30:54',NULL),(1427,5604,0,NULL,NULL,3,40720,40813,57,1571,2,0,'2024-12-26','2024-12-31',30000.01,1,1.00,'Tique Factura A N°: 0032-00023617',NULL,NULL,'2025-01-09 21:34:17','2025-01-09 21:34:17',NULL),(1428,5604,0,NULL,NULL,3,40720,40813,57,1571,2,0,'2024-12-09','2024-12-31',56840.00,1,1.00,'Tique Factura A N°: 0020-00067917',NULL,NULL,'2025-01-09 21:35:33','2025-01-09 21:35:33',NULL),(1429,5604,0,NULL,NULL,3,40720,40813,57,1571,2,0,'2024-12-27','2024-12-31',40740.01,1,1.00,'Tique Factura A N°: 0020-00069099',NULL,NULL,'2025-01-09 21:37:04','2025-01-09 21:37:04',NULL),(1430,5604,0,NULL,NULL,3,40720,40813,57,1570,2,0,'2024-11-30','2024-12-31',56080.00,1,1.00,'Tique Factura A N°: 0020-00067261',NULL,NULL,'2025-01-09 21:53:37','2025-01-09 21:53:37',NULL),(1431,5604,0,NULL,NULL,3,40720,40905,57,1570,2,0,'2024-11-14','2024-12-31',15001.97,1,1.00,'Tique Factura A N°: 0020-00022232',NULL,NULL,'2025-01-09 21:57:44','2025-01-09 21:57:44',NULL),(1432,5604,0,NULL,NULL,3,40720,40905,57,1570,2,0,'2024-11-19','2024-12-31',20018.99,1,1.00,'Tique Factura A N°: 0019-00022037',NULL,NULL,'2025-01-09 21:59:31','2025-01-09 21:59:31',NULL),(1433,5604,0,NULL,NULL,3,40720,40905,57,1570,2,0,'2024-11-14','2024-12-31',20018.99,1,1.00,'Tique Factura A N°: 0019-00022232',NULL,NULL,'2025-01-09 22:09:56','2025-01-09 22:09:56',NULL),(1434,5604,0,NULL,NULL,3,40720,40987,57,1570,2,0,'2024-11-14','2024-12-31',62100.01,1,1.00,'Tique Factura A N°: 0016-00052174',NULL,NULL,'2025-01-09 22:11:41','2025-01-09 22:11:41',NULL),(1435,5604,0,NULL,NULL,3,40720,40988,57,1570,2,0,'2024-11-16','2024-12-31',29825.97,1,1.00,'Tique Factura A N°: 0022-00016144',NULL,NULL,'2025-01-09 22:16:14','2025-01-09 22:16:14',NULL);
INSERT INTO `cta_cte_cliente` VALUES (1436,5604,0,NULL,NULL,3,40720,40989,57,1570,2,0,'2024-11-16','2024-12-31',65841.16,1,1.00,'Tique Factura A N°: 0016-00008650',NULL,NULL,'2025-01-09 22:23:51','2025-01-09 22:23:51',NULL),(1437,5604,0,NULL,NULL,3,40720,40990,57,1570,2,0,'2024-11-20','2024-12-31',54802.15,1,1.00,'Tique Factura A N°: 0009-00013919',NULL,NULL,'2025-01-09 22:29:07','2025-01-09 22:29:07',NULL),(1438,5604,0,NULL,NULL,3,40720,40957,57,1570,2,0,'2024-11-20','2024-12-31',30662.36,1,1.00,'Tique Factura A N°: 5102-00016045',NULL,NULL,'2025-01-09 22:35:08','2025-01-09 22:35:08',NULL),(1439,5604,0,NULL,NULL,3,40720,40905,57,1570,2,0,'2024-11-27','2024-12-31',30028.99,1,1.00,'Tique Factura A N°: 0019-00022473',NULL,NULL,'2025-01-09 22:36:13','2025-01-09 22:36:13',NULL),(1440,5604,0,NULL,NULL,3,40720,40957,57,1570,2,0,'2024-11-13','2024-12-31',53064.67,1,1.00,'Tique Factura A N°: 5333-00009187',NULL,NULL,'2025-01-09 22:48:26','2025-01-09 22:48:26',NULL),(1441,5604,0,NULL,NULL,3,40720,40810,57,1570,2,0,'2024-11-17','2024-12-31',19999.93,1,1.00,'Tique Factura A N°: 6874-00031623',NULL,NULL,'2025-01-09 22:51:05','2025-01-09 22:51:05',NULL),(1442,5604,0,NULL,NULL,3,40720,40988,57,1571,2,0,'2024-12-19','2024-12-31',66807.04,1,1.00,'Tique Factura A N°: 0022-00016809',NULL,NULL,'2025-01-09 22:56:40','2025-01-09 22:56:40',NULL),(1443,5604,0,NULL,NULL,3,40720,40810,57,1571,2,0,'2024-12-23','2024-12-31',19999.94,1,1.00,'Tique Factura A N°: 6872-00024481',NULL,NULL,'2025-01-09 23:00:39','2025-01-09 23:00:39',NULL),(1444,5604,0,NULL,NULL,3,40720,40991,57,1571,2,0,'2024-12-24','2024-12-31',63003.01,1,1.00,'Tique Factura A N°: 0026-00005273',NULL,NULL,'2025-01-09 23:02:10','2025-01-09 23:02:10',NULL),(1445,5604,0,NULL,NULL,3,40720,40957,57,1571,2,0,'2024-12-03','2024-12-31',38498.26,1,1.00,'Tique Factura A N°: 5345-00004386',NULL,NULL,'2025-01-09 23:06:26','2025-01-09 23:06:26',NULL),(1446,5604,0,NULL,NULL,3,40720,40957,57,1571,2,0,'2024-12-09','2024-12-31',59571.44,1,1.00,'Tique Factura A N°: 5345-00004451',NULL,NULL,'2025-01-09 23:07:12','2025-01-09 23:07:12',NULL),(1447,5604,0,NULL,NULL,3,40720,40828,57,1571,2,0,'2024-12-09','2024-12-31',6137.34,1,1.00,'Factura A N°: 2110-00088232',NULL,NULL,'2025-01-09 23:11:47','2025-01-09 23:11:47',NULL),(1448,5604,0,NULL,NULL,3,40720,40904,57,1575,2,0,'2025-01-01','2025-01-01',37000.00,1,1.00,'Factura A N°: 0002-00000440',NULL,NULL,'2025-01-25 16:53:09','2025-01-25 16:53:09',NULL),(1449,5604,0,NULL,NULL,3,40720,40812,57,1575,2,0,'2025-01-01','2025-01-01',2400000.00,1,1.00,'Factura C N°: 0002-00000080',NULL,NULL,'2025-01-25 16:53:09','2025-01-25 16:53:09',NULL),(1450,5604,0,NULL,NULL,3,40720,40805,57,1575,2,0,'2025-01-02','2025-01-02',5000.00,1,1.00,'Factura A N°: 3268-00081451',NULL,NULL,'2025-01-25 16:53:09','2025-01-25 16:53:09',NULL),(1451,5604,0,NULL,NULL,3,40720,40811,57,1575,2,0,'2025-01-02','2025-01-02',82690.00,1,1.00,'Factura A N°: 0005-00011238',NULL,NULL,'2025-01-25 16:53:10','2025-01-25 16:53:10',NULL),(1452,5604,0,NULL,NULL,3,40720,40912,57,1575,2,0,'2025-01-02','2025-01-02',1425536.00,1,1.00,'Factura C N°: 0003-00000050',NULL,NULL,'2025-01-25 16:53:10','2025-01-25 16:53:10',NULL),(1453,5604,0,NULL,NULL,3,40720,40810,57,1575,2,0,'2025-01-03','2025-01-03',29999.94,1,1.00,'Factura A N°: 6872-00024634',NULL,NULL,'2025-01-25 16:53:10','2025-01-25 16:53:10',NULL),(1454,5604,0,NULL,NULL,3,40720,40963,57,1575,2,0,'2025-01-04','2025-01-04',569990.07,1,1.00,'Factura A N°: 0004-00000360',NULL,NULL,'2025-01-25 16:53:10','2025-01-25 16:53:10',NULL),(1455,5604,0,NULL,NULL,3,40720,40897,57,1575,2,0,'2025-01-06','2025-01-06',834319.20,1,1.00,'Factura A N°: 0005-00018118',NULL,NULL,'2025-01-25 16:53:10','2025-01-25 16:53:10',NULL),(1456,5604,0,NULL,NULL,3,40720,40810,57,1575,2,0,'2025-01-12','2025-01-12',33503.94,1,1.00,'Factura A N°: 7316-00048500',NULL,NULL,'2025-01-25 16:53:10','2025-01-25 16:53:10',NULL);
INSERT INTO `cta_cte_cliente` VALUES (1457,5604,0,NULL,NULL,3,40720,40724,57,1575,2,0,'2025-01-13','2025-01-13',89673.80,1,1.00,'Factura A N°: 0013-00022543',NULL,NULL,'2025-01-25 16:53:10','2025-01-25 16:53:10',NULL),(1458,5604,0,NULL,NULL,3,40720,40805,57,1575,2,0,'2025-01-14','2025-01-14',55965.22,1,1.00,'Factura A N°: 2467-01266657',NULL,NULL,'2025-01-25 16:53:10','2025-01-25 16:53:10',NULL),(1459,5604,0,NULL,NULL,3,40720,40810,57,1575,2,0,'2025-01-15','2025-01-15',100001.04,1,1.00,'Factura A N°: 6872-00024823',NULL,NULL,'2025-01-25 16:53:10','2025-01-25 16:53:10',NULL),(1460,5604,0,NULL,NULL,3,40720,40982,57,1575,2,0,'2025-01-16','2025-01-16',599999.00,1,1.00,'Factura A N°: 3628-00000953',NULL,NULL,'2025-01-25 16:53:10','2025-01-25 16:53:10',NULL),(1461,5604,0,NULL,NULL,3,40720,40811,57,1575,2,0,'2025-01-17','2025-01-17',104330.00,1,1.00,'Factura A N°: 0005-00011312',NULL,NULL,'2025-01-25 16:53:10','2025-01-25 16:53:10',NULL),(1462,5604,0,NULL,NULL,3,40720,40992,57,1575,2,0,'2025-01-20','2025-01-20',108416.00,1,1.00,'Factura A N°: 0005-00001508',NULL,NULL,'2025-01-25 16:53:10','2025-01-25 16:53:10',NULL),(1463,5604,0,NULL,NULL,3,40720,40993,57,1575,2,0,'2025-01-20','2025-01-20',422500.00,1,1.00,'Factura A N°: 0003-00000624',NULL,NULL,'2025-01-25 16:53:10','2025-01-25 16:53:10',NULL),(1464,5604,0,NULL,NULL,3,40720,40919,57,1575,2,0,'2025-01-21','2025-01-21',3163.22,1,1.00,'Factura A N°: 0003-00008335',NULL,NULL,'2025-01-25 16:53:11','2025-01-25 16:53:11',NULL),(1465,5604,0,NULL,NULL,3,40720,40811,57,1575,2,0,'2025-01-21','2025-01-21',38000.00,1,1.00,'Factura A N°: 0005-00011369',NULL,NULL,'2025-01-25 16:53:11','2025-01-25 16:53:11',NULL),(1466,5604,0,NULL,NULL,3,40720,40994,57,1575,2,0,'2025-01-22','2025-01-22',56100.00,1,1.00,'Factura B N°: 0013-00058605',NULL,NULL,'2025-01-25 16:53:11','2025-01-25 16:53:11',NULL),(1467,5604,0,NULL,NULL,3,40720,40910,57,1575,2,0,'2025-01-24','2025-01-24',1926015.00,1,1.00,'Factura A N°: 0002-00000098',NULL,NULL,'2025-01-25 16:53:11','2025-01-25 16:53:11',NULL),(1468,5604,0,NULL,NULL,3,40720,40811,57,1575,2,0,'2025-01-24','2025-01-24',30850.00,1,1.00,'Factura A N°: 0005-00011397',NULL,NULL,'2025-01-25 16:53:11','2025-01-25 16:53:11',NULL),(1469,5604,0,NULL,NULL,3,40720,40982,57,1575,2,0,'2025-01-25','2025-01-25',789999.00,1,1.00,'Factura A N°: 3621-00001365',NULL,NULL,'2025-02-06 00:16:53','2025-02-06 00:16:53',NULL),(1470,5604,0,NULL,NULL,3,40720,40808,57,1575,2,0,'2025-01-27','2025-01-27',51546.00,1,1.00,'Factura A N°: 0004-00004186',NULL,NULL,'2025-02-06 00:16:53','2025-02-06 00:16:53',NULL),(1471,5604,0,NULL,NULL,3,40720,40808,57,1575,2,0,'2025-01-27','2025-01-27',225919.10,1,1.00,'Factura A N°: 0004-00004193',NULL,NULL,'2025-02-06 00:16:53','2025-02-06 00:16:53',NULL),(1472,5604,0,NULL,NULL,3,40720,40724,57,1575,2,0,'2025-01-28','2025-01-28',96890.00,1,1.00,'Factura A N°: 0013-00022779',NULL,NULL,'2025-02-06 00:16:54','2025-02-06 00:16:54',NULL),(1473,5604,0,NULL,NULL,3,40720,40993,57,1575,2,0,'2025-01-29','2025-01-29',93000.01,1,1.00,'Factura A N°: 0003-00000625',NULL,NULL,'2025-02-06 00:16:54','2025-02-06 00:16:54',NULL),(1474,5604,0,NULL,NULL,3,40720,40915,57,1575,2,0,'2025-01-29','2025-01-29',154000.00,1,1.00,'Factura C N°: 0005-00000132',NULL,NULL,'2025-02-06 00:16:54','2025-02-06 00:16:54',NULL),(1475,5604,0,NULL,NULL,3,40720,40724,57,1575,2,0,'2025-01-31','2025-01-31',39041.00,1,1.00,'Factura A N°: 0013-00022965',NULL,NULL,'2025-02-06 00:16:54','2025-02-06 00:16:54',NULL),(1476,5604,0,NULL,NULL,3,40720,40957,57,1575,2,0,'2025-01-07','2025-02-06',20437.68,1,1.00,'Tique Factura A N°: 5102-00016616',NULL,NULL,'2025-02-06 00:35:15','2025-02-06 00:35:15',NULL),(1477,5604,0,NULL,NULL,3,40720,40810,57,1575,2,0,'2025-01-12','2025-02-06',33503.94,1,1.00,'Tique Factura A N°: 7316-00048500',NULL,NULL,'2025-02-06 00:36:55','2025-02-06 00:36:55',NULL),(1478,5604,0,NULL,NULL,3,40720,40995,57,1575,2,0,'2025-01-12','2025-02-06',98021.02,1,1.00,'Tique Factura A N°: 0024-00004001',NULL,NULL,'2025-02-06 00:39:26','2025-02-06 00:39:26',NULL);
INSERT INTO `cta_cte_cliente` VALUES (1479,5604,0,NULL,NULL,3,40720,40813,57,1575,2,0,'2025-01-26','2025-02-06',60011.15,1,1.00,'Tique Factura A N°: 0026-00063526',NULL,NULL,'2025-02-06 00:42:23','2025-02-06 00:42:23',NULL),(1480,5604,0,NULL,NULL,3,40720,40813,57,1575,2,0,'2025-01-26','2025-02-06',175402.00,1,1.00,'Tique Factura A N°: 0021-00053414',NULL,NULL,'2025-02-06 00:44:55','2025-02-06 00:44:55',NULL),(1481,5604,0,NULL,NULL,3,40720,40813,57,1575,2,0,'2025-01-31','2025-02-06',31002.18,1,1.00,'Tique Factura A N°: 0021-00053415',NULL,NULL,'2025-02-06 00:48:32','2025-02-06 00:48:32',NULL),(1482,5604,0,NULL,NULL,3,40720,40996,57,1575,2,0,'2025-01-15','2025-02-06',80002.15,1,1.00,'Factura A N°: 0034-00066096',NULL,NULL,'2025-02-06 00:54:27','2025-02-06 00:54:27',NULL);

--
-- Table structure for table `cta_cte_cliente_details`
--

CREATE TABLE `cta_cte_cliente_details` (
  `id` int(10) unsigned NOT NULL AUTO_INCREMENT,
  `user_id` int(10) unsigned DEFAULT NULL,
  `cta_cte_cliente_id` int(10) unsigned NOT NULL,
  `person_id` int(10) unsigned DEFAULT NULL,
  `person_id_relationed` int(10) unsigned DEFAULT NULL,
  `cta_cte_tesoreria_cuenta_id` int(10) unsigned DEFAULT NULL,
  `period_id` int(10) unsigned DEFAULT NULL,
  `tipo_asiento_id` int(10) unsigned NOT NULL,
  `saldo_id` int(10) unsigned NOT NULL,
  `monto` decimal(16,2) NOT NULL,
  `created_at` timestamp NULL DEFAULT NULL,
  `updated_at` timestamp NULL DEFAULT NULL,
  `deleted_at` timestamp NULL DEFAULT NULL,
  PRIMARY KEY (`id`),
  KEY `cta_cte_cliente_details_cta_cte_cliente_id_foreign` (`cta_cte_cliente_id`),
  KEY `cta_cte_cliente_details_person_id_foreign` (`person_id`),
  KEY `cta_cte_cliente_details_person_id_relationed_foreign` (`person_id_relationed`),
  KEY `cta_cte_cliente_details_period_id_foreign` (`period_id`),
  KEY `cta_cte_cliente_details_tipo_asiento_id_foreign` (`tipo_asiento_id`),
  KEY `cta_cte_cliente_details_saldo_id_foreign` (`saldo_id`),
  KEY `cta_cte_cliente_details_cta_cte_tesoreria_cuenta_id_foreign` (`cta_cte_tesoreria_cuenta_id`),
  CONSTRAINT `cta_cte_cliente_details_cta_cte_cliente_id_foreign` FOREIGN KEY (`cta_cte_cliente_id`) REFERENCES `cta_cte_cliente` (`id`),
  CONSTRAINT `cta_cte_cliente_details_cta_cte_tesoreria_cuenta_id_foreign` FOREIGN KEY (`cta_cte_tesoreria_cuenta_id`) REFERENCES `cta_cte_tesoreria_cuentas` (`id`),
  CONSTRAINT `cta_cte_cliente_details_period_id_foreign` FOREIGN KEY (`period_id`) REFERENCES `periods` (`id`),
  CONSTRAINT `cta_cte_cliente_details_person_id_foreign` FOREIGN KEY (`person_id`) REFERENCES `persons` (`id`),
  CONSTRAINT `cta_cte_cliente_details_person_id_relationed_foreign` FOREIGN KEY (`person_id_relationed`) REFERENCES `persons` (`id`),
  CONSTRAINT `cta_cte_cliente_details_saldo_id_foreign` FOREIGN KEY (`saldo_id`) REFERENCES `conta_tipo_saldos` (`id`),
  CONSTRAINT `cta_cte_cliente_details_tipo_asiento_id_foreign` FOREIGN KEY (`tipo_asiento_id`) REFERENCES `conta_tipo_asientos` (`id`)
) ENGINE=InnoDB DEFAULT CHARSET=utf8mb4 COLLATE=utf8mb4_unicode_ci;

--
-- Dumping data for table `cta_cte_cliente_details`
--


--
-- Table structure for table `cta_cte_cliente_pivot_receipt`
--

CREATE TABLE `cta_cte_cliente_pivot_receipt` (
  `id` int(10) unsigned NOT NULL AUTO_INCREMENT,
  `user_id` int(10) unsigned DEFAULT NULL,
  `cta_cte_cliente_id` int(10) unsigned NOT NULL,
  `receipt_id` int(11) DEFAULT NULL,
  `importe` decimal(16,2) DEFAULT NULL,
  `is_a_cuenta` tinyint(1) unsigned NOT NULL DEFAULT '0',
  `cccpr_a_cuenta_id` int(10) unsigned DEFAULT NULL,
  `created_at` timestamp NULL DEFAULT NULL,
  `updated_at` timestamp NULL DEFAULT NULL,
  `deleted_at` timestamp NULL DEFAULT NULL,
  PRIMARY KEY (`id`),
  KEY `fk_cccpr_a_cuenta_id` (`cccpr_a_cuenta_id`),
  CONSTRAINT `fk_cccpr_a_cuenta_id` FOREIGN KEY (`cccpr_a_cuenta_id`) REFERENCES `cta_cte_cliente_pivot_receipt` (`id`)
) ENGINE=InnoDB AUTO_INCREMENT=1475 DEFAULT CHARSET=utf8mb4 COLLATE=utf8mb4_unicode_ci;

--
-- Dumping data for table `cta_cte_cliente_pivot_receipt`
--

INSERT INTO `cta_cte_cliente_pivot_receipt` VALUES (1,NULL,2,2,NULL,0,NULL,NULL,NULL,NULL),(2,NULL,3,3,NULL,0,NULL,NULL,NULL,NULL),(3,NULL,4,4,NULL,0,NULL,NULL,NULL,NULL),(4,NULL,5,5,NULL,0,NULL,NULL,NULL,NULL),(5,NULL,6,5,NULL,0,NULL,NULL,NULL,NULL),(6,NULL,7,5,NULL,0,NULL,NULL,NULL,NULL),(7,NULL,8,6,NULL,0,NULL,NULL,NULL,NULL),(8,NULL,9,8,NULL,0,NULL,NULL,NULL,NULL),(19,NULL,20,19,NULL,0,NULL,NULL,NULL,NULL),(20,NULL,21,20,NULL,0,NULL,NULL,NULL,NULL),(21,NULL,22,21,NULL,0,NULL,NULL,NULL,NULL),(22,NULL,23,22,NULL,0,NULL,NULL,NULL,NULL),(23,NULL,24,23,NULL,0,NULL,NULL,NULL,NULL),(24,NULL,25,24,NULL,0,NULL,NULL,NULL,NULL),(25,NULL,26,25,NULL,0,NULL,NULL,NULL,NULL),(26,NULL,27,26,NULL,0,NULL,NULL,NULL,NULL),(27,NULL,28,27,NULL,0,NULL,NULL,NULL,NULL),(28,NULL,29,28,NULL,0,NULL,NULL,NULL,NULL),(29,NULL,30,29,NULL,0,NULL,NULL,NULL,NULL),(30,NULL,31,30,NULL,0,NULL,NULL,NULL,NULL),(31,NULL,32,31,NULL,0,NULL,NULL,NULL,NULL),(32,NULL,33,32,NULL,0,NULL,NULL,NULL,NULL),(33,NULL,34,33,NULL,0,NULL,NULL,NULL,NULL),(34,NULL,35,34,NULL,0,NULL,NULL,NULL,NULL),(35,NULL,36,35,NULL,0,NULL,NULL,NULL,NULL),(36,NULL,37,36,NULL,0,NULL,NULL,NULL,NULL),(37,NULL,38,37,NULL,0,NULL,NULL,NULL,NULL),(38,NULL,39,38,NULL,0,NULL,NULL,NULL,NULL),(39,NULL,40,28,NULL,0,NULL,NULL,NULL,NULL),(40,NULL,41,29,NULL,0,NULL,NULL,NULL,NULL),(41,NULL,42,30,NULL,0,NULL,NULL,NULL,NULL),(42,NULL,43,33,NULL,0,NULL,NULL,NULL,NULL),(43,NULL,44,34,NULL,0,NULL,NULL,NULL,NULL),(44,NULL,45,36,NULL,0,NULL,NULL,NULL,NULL),(45,NULL,46,38,NULL,0,NULL,NULL,NULL,NULL),(46,NULL,47,39,NULL,0,NULL,NULL,NULL,NULL),(47,NULL,48,40,NULL,0,NULL,NULL,NULL,NULL),(48,NULL,49,41,NULL,0,NULL,NULL,NULL,NULL),(49,NULL,50,42,NULL,0,NULL,NULL,NULL,NULL),(50,NULL,51,42,NULL,0,NULL,NULL,NULL,NULL),(51,NULL,52,43,NULL,0,NULL,NULL,NULL,NULL),(52,NULL,53,44,NULL,0,NULL,NULL,NULL,NULL),(53,NULL,54,45,NULL,0,NULL,NULL,NULL,NULL),(54,NULL,55,46,NULL,0,NULL,NULL,NULL,NULL),(55,NULL,56,47,NULL,0,NULL,NULL,NULL,NULL),(56,NULL,57,48,NULL,0,NULL,NULL,NULL,NULL),(57,NULL,58,49,NULL,0,NULL,NULL,NULL,NULL),(58,NULL,59,50,NULL,0,NULL,NULL,NULL,NULL),(59,NULL,60,51,NULL,0,NULL,NULL,NULL,NULL),(60,NULL,61,52,NULL,0,NULL,NULL,NULL,NULL),(61,NULL,62,53,NULL,0,NULL,NULL,NULL,NULL),(62,NULL,63,54,NULL,0,NULL,NULL,NULL,NULL),(63,NULL,64,55,NULL,0,NULL,NULL,NULL,NULL),(64,NULL,65,56,NULL,0,NULL,NULL,NULL,NULL),(65,NULL,66,57,NULL,0,NULL,NULL,NULL,NULL),(66,NULL,67,58,NULL,0,NULL,NULL,NULL,NULL),(67,NULL,68,59,NULL,0,NULL,NULL,NULL,NULL),(68,NULL,69,60,NULL,0,NULL,NULL,NULL,NULL),(69,NULL,70,61,NULL,0,NULL,NULL,NULL,NULL),(70,NULL,71,62,NULL,0,NULL,NULL,NULL,NULL),(71,NULL,72,63,NULL,0,NULL,NULL,NULL,NULL),(72,NULL,73,64,NULL,0,NULL,NULL,NULL,NULL),(73,NULL,74,65,NULL,0,NULL,NULL,NULL,NULL),(74,NULL,75,66,NULL,0,NULL,NULL,NULL,NULL),(75,NULL,76,67,NULL,0,NULL,NULL,NULL,NULL),(76,NULL,77,68,NULL,0,NULL,NULL,NULL,NULL),(101,NULL,102,93,NULL,0,NULL,NULL,NULL,NULL),(102,NULL,103,94,NULL,0,NULL,NULL,NULL,NULL),(103,NULL,104,95,NULL,0,NULL,NULL,NULL,NULL),(104,NULL,105,96,NULL,0,NULL,NULL,NULL,NULL),(105,NULL,106,97,NULL,0,NULL,NULL,NULL,NULL),(106,NULL,107,98,NULL,0,NULL,NULL,NULL,NULL),(107,NULL,108,99,NULL,0,NULL,NULL,NULL,NULL),(108,NULL,109,100,NULL,0,NULL,NULL,NULL,NULL),(109,NULL,110,101,NULL,0,NULL,NULL,NULL,NULL),(110,NULL,111,102,NULL,0,NULL,NULL,NULL,NULL),(111,NULL,112,103,NULL,0,NULL,NULL,NULL,NULL),(112,NULL,113,104,NULL,0,NULL,NULL,NULL,NULL),(113,NULL,114,105,NULL,0,NULL,NULL,NULL,NULL),(114,NULL,115,106,NULL,0,NULL,NULL,NULL,NULL),(115,NULL,116,107,NULL,0,NULL,NULL,NULL,NULL),(116,NULL,117,108,NULL,0,NULL,NULL,NULL,NULL),(117,NULL,118,109,NULL,0,NULL,NULL,NULL,NULL),(118,NULL,119,110,NULL,0,NULL,NULL,NULL,NULL),(119,NULL,120,111,NULL,0,NULL,NULL,NULL,NULL),(120,NULL,121,112,NULL,0,NULL,NULL,NULL,NULL),(121,NULL,122,113,NULL,0,NULL,NULL,NULL,NULL),(122,NULL,123,114,NULL,0,NULL,NULL,NULL,NULL),(123,NULL,124,115,NULL,0,NULL,NULL,NULL,NULL),(124,NULL,125,116,NULL,0,NULL,NULL,NULL,NULL);
INSERT INTO `cta_cte_cliente_pivot_receipt` VALUES (125,NULL,126,94,NULL,0,NULL,NULL,NULL,NULL),(126,NULL,127,117,NULL,0,NULL,NULL,NULL,NULL),(127,NULL,128,117,NULL,0,NULL,NULL,NULL,NULL),(128,NULL,129,118,NULL,0,NULL,NULL,NULL,NULL),(129,NULL,130,119,NULL,0,NULL,NULL,NULL,NULL),(130,NULL,131,120,NULL,0,NULL,NULL,NULL,NULL),(131,NULL,132,121,NULL,0,NULL,NULL,NULL,NULL),(132,NULL,133,122,NULL,0,NULL,NULL,NULL,NULL),(133,NULL,134,123,NULL,0,NULL,NULL,NULL,NULL),(134,NULL,135,124,NULL,0,NULL,NULL,NULL,NULL),(135,NULL,136,125,NULL,0,NULL,NULL,NULL,NULL),(136,NULL,137,126,NULL,0,NULL,NULL,NULL,NULL),(137,NULL,138,127,NULL,0,NULL,NULL,NULL,NULL),(138,NULL,139,128,NULL,0,NULL,NULL,NULL,NULL),(139,NULL,140,129,NULL,0,NULL,NULL,NULL,NULL),(140,NULL,141,130,NULL,0,NULL,NULL,NULL,NULL),(141,NULL,142,131,NULL,0,NULL,NULL,NULL,NULL),(142,NULL,143,132,NULL,0,NULL,NULL,NULL,NULL),(143,NULL,144,133,NULL,0,NULL,NULL,NULL,NULL),(144,NULL,145,134,NULL,0,NULL,NULL,NULL,NULL),(145,NULL,146,135,NULL,0,NULL,NULL,NULL,NULL),(146,NULL,147,136,NULL,0,NULL,NULL,NULL,NULL),(147,NULL,148,137,NULL,0,NULL,NULL,NULL,NULL),(148,NULL,149,138,NULL,0,NULL,NULL,NULL,NULL),(149,NULL,150,139,NULL,0,NULL,NULL,NULL,NULL),(150,NULL,151,140,NULL,0,NULL,NULL,NULL,NULL),(151,NULL,152,141,NULL,0,NULL,NULL,NULL,NULL),(152,NULL,153,142,NULL,0,NULL,NULL,NULL,NULL),(153,NULL,154,143,NULL,0,NULL,NULL,NULL,NULL),(154,NULL,155,144,NULL,0,NULL,NULL,NULL,NULL),(155,NULL,156,145,NULL,0,NULL,NULL,NULL,NULL),(156,NULL,164,146,NULL,0,NULL,NULL,NULL,NULL),(157,NULL,165,147,NULL,0,NULL,NULL,NULL,NULL),(158,NULL,166,148,NULL,0,NULL,NULL,NULL,NULL),(159,NULL,167,149,NULL,0,NULL,NULL,NULL,NULL),(160,NULL,168,150,NULL,0,NULL,NULL,NULL,NULL),(161,NULL,169,151,NULL,0,NULL,NULL,NULL,NULL),(162,NULL,170,152,NULL,0,NULL,NULL,NULL,NULL),(163,NULL,171,153,NULL,0,NULL,NULL,NULL,NULL),(164,NULL,172,154,NULL,0,NULL,NULL,NULL,NULL),(165,NULL,173,155,NULL,0,NULL,NULL,NULL,NULL),(166,NULL,174,156,NULL,0,NULL,NULL,NULL,NULL),(167,NULL,175,157,NULL,0,NULL,NULL,NULL,NULL),(168,NULL,176,158,NULL,0,NULL,NULL,NULL,NULL),(169,NULL,177,159,NULL,0,NULL,NULL,NULL,NULL),(170,NULL,178,160,NULL,0,NULL,NULL,NULL,NULL),(171,NULL,179,161,NULL,0,NULL,NULL,NULL,NULL),(172,NULL,180,162,NULL,0,NULL,NULL,NULL,NULL),(173,NULL,181,163,NULL,0,NULL,NULL,NULL,NULL),(174,NULL,182,164,NULL,0,NULL,NULL,NULL,NULL),(175,NULL,183,165,NULL,0,NULL,NULL,NULL,NULL),(176,NULL,184,166,NULL,0,NULL,NULL,NULL,NULL),(177,NULL,185,167,NULL,0,NULL,NULL,NULL,NULL),(178,NULL,186,168,NULL,0,NULL,NULL,NULL,NULL),(179,NULL,187,169,NULL,0,NULL,NULL,NULL,NULL),(180,NULL,188,170,NULL,0,NULL,NULL,NULL,NULL),(181,NULL,189,171,NULL,0,NULL,NULL,NULL,NULL),(182,NULL,190,172,NULL,0,NULL,NULL,NULL,NULL),(183,NULL,191,173,NULL,0,NULL,NULL,NULL,NULL),(184,NULL,192,174,NULL,0,NULL,NULL,NULL,NULL),(185,NULL,193,175,NULL,0,NULL,NULL,NULL,NULL),(186,NULL,194,176,NULL,0,NULL,NULL,NULL,NULL),(187,NULL,195,177,NULL,0,NULL,NULL,NULL,NULL),(188,NULL,196,178,NULL,0,NULL,NULL,NULL,NULL),(189,NULL,197,179,NULL,0,NULL,NULL,NULL,NULL),(190,NULL,198,180,NULL,0,NULL,NULL,NULL,NULL),(191,NULL,199,181,NULL,0,NULL,NULL,NULL,NULL),(192,NULL,200,182,NULL,0,NULL,NULL,NULL,NULL),(193,NULL,201,183,NULL,0,NULL,NULL,NULL,NULL),(194,NULL,202,184,NULL,0,NULL,NULL,NULL,NULL),(195,NULL,203,185,NULL,0,NULL,NULL,NULL,NULL),(196,NULL,204,186,NULL,0,NULL,NULL,NULL,NULL),(197,NULL,205,187,NULL,0,NULL,NULL,NULL,NULL),(198,NULL,206,188,NULL,0,NULL,NULL,NULL,NULL),(199,NULL,207,189,NULL,0,NULL,NULL,NULL,NULL),(200,NULL,208,190,NULL,0,NULL,NULL,NULL,NULL),(201,NULL,209,191,NULL,0,NULL,NULL,NULL,NULL),(202,NULL,210,192,NULL,0,NULL,NULL,NULL,NULL),(203,NULL,211,193,NULL,0,NULL,NULL,NULL,NULL),(204,NULL,212,194,NULL,0,NULL,NULL,NULL,NULL),(205,NULL,213,195,NULL,0,NULL,NULL,NULL,NULL),(206,NULL,214,196,NULL,0,NULL,NULL,NULL,NULL),(207,5604,215,197,NULL,0,NULL,'2022-07-19 19:49:10','2022-07-19 19:49:10',NULL),(208,5604,216,198,NULL,0,NULL,'2022-07-19 19:49:10','2022-07-19 19:49:10',NULL);
INSERT INTO `cta_cte_cliente_pivot_receipt` VALUES (209,5604,217,199,NULL,0,NULL,'2022-07-19 19:49:10','2022-07-19 19:49:10',NULL),(210,5604,218,200,NULL,0,NULL,'2022-07-19 19:49:10','2022-07-19 19:49:10',NULL),(211,5604,219,201,NULL,0,NULL,'2022-07-19 19:49:10','2022-07-19 19:49:10',NULL),(212,5604,220,202,NULL,0,NULL,'2022-07-19 19:49:10','2022-07-19 19:49:10',NULL),(213,5604,221,203,NULL,0,NULL,'2022-07-19 19:49:11','2022-07-19 19:49:11',NULL),(214,5604,222,204,NULL,0,NULL,'2022-07-19 19:49:11','2022-07-19 19:49:11',NULL),(215,5604,223,205,NULL,0,NULL,'2022-07-19 19:49:11','2022-07-19 19:49:11',NULL),(216,5604,224,206,NULL,0,NULL,'2022-07-19 19:49:11','2022-07-19 19:49:11',NULL),(217,5604,225,207,NULL,0,NULL,'2022-07-19 19:49:11','2022-07-19 19:49:11',NULL),(218,5604,226,208,NULL,0,NULL,'2022-07-19 19:49:11','2022-07-19 19:49:11',NULL),(219,5604,227,209,NULL,0,NULL,'2022-07-19 19:49:11','2022-07-19 19:49:11',NULL),(220,5604,228,210,NULL,0,NULL,'2022-07-19 19:49:11','2022-07-19 19:49:11',NULL),(221,5604,229,211,NULL,0,NULL,'2022-07-19 19:49:11','2022-07-19 19:49:11',NULL),(222,5604,230,212,NULL,0,NULL,'2022-07-19 19:49:11','2022-07-19 19:49:11',NULL),(223,5604,231,213,NULL,0,NULL,'2022-07-19 19:49:11','2022-07-19 19:49:11',NULL),(224,5604,232,214,NULL,0,NULL,'2022-07-19 19:49:11','2022-07-19 19:49:11',NULL),(225,5604,233,215,NULL,0,NULL,'2022-07-19 19:49:11','2022-07-19 19:49:11',NULL),(226,5604,234,216,NULL,0,NULL,'2022-07-19 19:49:11','2022-07-19 19:49:11',NULL),(227,6695,235,217,NULL,0,NULL,'2022-10-05 21:15:41','2022-10-05 21:15:41',NULL),(228,6695,236,218,NULL,0,NULL,'2022-10-05 21:25:01','2022-10-05 21:25:01',NULL),(229,6695,237,219,NULL,0,NULL,'2022-10-05 21:29:44','2022-10-05 21:29:44',NULL),(230,6695,238,220,NULL,0,NULL,'2022-10-05 21:32:03','2022-10-24 18:45:37','2022-10-24 18:45:37'),(231,6695,239,221,NULL,0,NULL,'2022-10-05 22:05:56','2022-10-05 22:05:56',NULL),(232,6695,240,222,NULL,0,NULL,'2022-10-05 22:08:21','2022-10-05 22:08:21',NULL),(233,6695,241,223,NULL,0,NULL,'2022-10-05 22:11:34','2022-10-05 22:11:34',NULL),(234,5604,242,224,NULL,0,NULL,'2022-10-16 23:10:42','2022-10-16 23:10:42',NULL),(235,5604,243,225,NULL,0,NULL,'2022-10-16 23:10:42','2022-10-16 23:10:42',NULL),(236,5604,244,226,NULL,0,NULL,'2022-10-16 23:10:42','2022-10-16 23:10:42',NULL),(237,5604,245,227,NULL,0,NULL,'2022-10-16 23:10:42','2022-10-16 23:10:42',NULL),(238,5604,246,228,NULL,0,NULL,'2022-10-16 23:10:43','2022-10-16 23:10:43',NULL),(239,5604,247,229,NULL,0,NULL,'2022-10-16 23:10:43','2022-10-16 23:10:43',NULL),(240,5604,248,230,NULL,0,NULL,'2022-10-16 23:10:43','2022-10-16 23:10:43',NULL),(241,5604,249,231,NULL,0,NULL,'2022-10-16 23:10:43','2022-10-16 23:10:43',NULL),(242,5604,250,232,NULL,0,NULL,'2022-10-16 23:10:43','2022-10-16 23:10:43',NULL),(243,5604,251,233,NULL,0,NULL,'2022-10-16 23:10:43','2022-10-16 23:10:43',NULL),(244,5604,252,234,NULL,0,NULL,'2022-10-16 23:10:43','2022-10-16 23:10:43',NULL),(245,5604,253,235,NULL,0,NULL,'2022-10-16 23:10:43','2022-10-16 23:10:43',NULL),(246,5604,254,236,NULL,0,NULL,'2022-10-16 23:10:43','2022-10-16 23:10:43',NULL),(247,5604,255,237,NULL,0,NULL,'2022-10-16 23:10:43','2022-10-16 23:10:43',NULL),(248,5604,256,238,NULL,0,NULL,'2022-10-16 23:10:43','2022-10-16 23:10:43',NULL),(249,5604,257,239,NULL,0,NULL,'2022-10-16 23:10:43','2022-10-16 23:10:43',NULL),(250,5604,258,240,NULL,0,NULL,'2022-10-16 23:10:43','2022-10-16 23:10:43',NULL),(251,5604,259,241,NULL,0,NULL,'2022-10-16 23:10:43','2022-10-16 23:10:43',NULL),(252,5604,260,242,NULL,0,NULL,'2022-10-16 23:13:16','2022-10-16 23:13:16',NULL),(253,5604,261,243,NULL,0,NULL,'2022-10-16 23:13:16','2022-10-16 23:13:16',NULL),(254,5604,262,244,NULL,0,NULL,'2022-10-16 23:13:16','2022-10-16 23:13:16',NULL),(255,5604,263,245,NULL,0,NULL,'2022-10-16 23:13:16','2022-10-16 23:13:16',NULL),(256,5604,264,246,NULL,0,NULL,'2022-10-16 23:13:16','2022-10-16 23:13:16',NULL),(257,5604,265,247,NULL,0,NULL,'2022-10-16 23:13:16','2022-10-16 23:13:16',NULL);
INSERT INTO `cta_cte_cliente_pivot_receipt` VALUES (258,5604,266,248,NULL,0,NULL,'2022-10-16 23:13:16','2022-10-16 23:13:16',NULL),(259,5604,267,249,NULL,0,NULL,'2022-10-16 23:13:16','2022-10-16 23:13:16',NULL),(260,5604,268,250,NULL,0,NULL,'2022-10-16 23:13:16','2022-10-16 23:13:16',NULL),(261,5604,269,251,NULL,0,NULL,'2022-10-16 23:13:16','2022-10-16 23:13:16',NULL),(262,5604,270,252,NULL,0,NULL,'2022-10-16 23:13:16','2022-10-16 23:13:16',NULL),(263,5604,271,253,NULL,0,NULL,'2022-10-16 23:13:16','2022-10-16 23:13:16',NULL),(264,5604,272,254,NULL,0,NULL,'2022-10-16 23:13:16','2022-10-16 23:13:16',NULL),(265,5604,273,255,NULL,0,NULL,'2022-10-16 23:13:16','2022-10-16 23:13:16',NULL),(266,5604,274,256,NULL,0,NULL,'2022-10-16 23:13:16','2022-10-16 23:13:16',NULL),(267,5604,275,257,NULL,0,NULL,'2022-10-16 23:13:17','2022-10-16 23:13:17',NULL),(268,5604,276,258,NULL,0,NULL,'2022-10-16 23:13:17','2022-10-16 23:13:17',NULL),(269,5604,277,259,NULL,0,NULL,'2022-10-16 23:13:17','2022-10-16 23:13:17',NULL),(270,5604,278,260,NULL,0,NULL,'2022-10-16 23:17:14','2022-10-16 23:17:14',NULL),(271,5604,279,261,NULL,0,NULL,'2022-10-16 23:17:14','2022-10-16 23:17:14',NULL),(272,5604,280,262,NULL,0,NULL,'2022-10-16 23:17:14','2022-10-16 23:17:14',NULL),(273,5604,281,263,NULL,0,NULL,'2022-10-16 23:17:14','2022-10-16 23:17:14',NULL),(274,5604,282,264,NULL,0,NULL,'2022-10-16 23:17:14','2022-10-16 23:17:14',NULL),(275,5604,283,265,NULL,0,NULL,'2022-10-16 23:17:14','2022-10-16 23:17:14',NULL),(276,5604,284,266,NULL,0,NULL,'2022-10-16 23:17:14','2022-10-16 23:17:14',NULL),(277,5604,285,267,NULL,0,NULL,'2022-10-16 23:17:14','2022-10-16 23:17:14',NULL),(278,5604,286,268,NULL,0,NULL,'2022-10-16 23:17:15','2022-10-16 23:17:15',NULL),(279,5604,287,269,NULL,0,NULL,'2022-10-16 23:17:15','2022-10-16 23:17:15',NULL),(280,5604,288,270,NULL,0,NULL,'2022-10-16 23:17:15','2022-10-16 23:17:15',NULL),(281,5604,289,271,NULL,0,NULL,'2022-10-16 23:17:15','2022-10-16 23:17:15',NULL),(282,5604,290,272,NULL,0,NULL,'2022-10-16 23:17:15','2022-10-16 23:17:15',NULL),(283,5604,291,273,NULL,0,NULL,'2022-10-16 23:17:15','2022-10-16 23:17:15',NULL),(284,5604,292,274,NULL,0,NULL,'2022-10-23 22:06:37','2022-10-23 22:06:37',NULL),(285,5604,293,275,NULL,0,NULL,'2022-10-23 22:15:55','2022-10-23 22:15:55',NULL),(286,6695,294,220,NULL,0,NULL,'2022-10-24 18:45:37','2022-10-24 18:45:37',NULL),(287,5604,295,276,NULL,0,NULL,'2022-10-24 18:52:14','2022-10-24 18:52:14',NULL),(288,6695,296,277,NULL,0,NULL,'2022-10-24 18:59:33','2022-10-24 18:59:33',NULL),(289,6695,297,278,NULL,0,NULL,'2022-10-24 19:04:33','2022-10-24 19:04:33',NULL),(290,5604,298,279,NULL,0,NULL,'2022-10-24 19:53:44','2022-10-24 19:53:44',NULL),(291,5604,299,280,NULL,0,NULL,'2022-10-24 20:03:41','2022-10-24 20:03:41',NULL),(292,5604,300,281,NULL,0,NULL,'2022-10-24 20:07:22','2022-10-24 20:07:22',NULL),(293,5604,301,282,NULL,0,NULL,'2022-10-24 20:10:18','2022-10-24 20:10:18',NULL),(294,5604,302,283,NULL,0,NULL,'2022-10-24 20:18:09','2022-10-24 20:18:09',NULL),(295,5604,303,284,NULL,0,NULL,'2022-10-24 20:21:12','2022-10-24 20:21:12',NULL),(296,5604,304,285,NULL,0,NULL,'2022-10-24 20:24:37','2022-10-24 20:24:37',NULL),(297,5604,305,286,NULL,0,NULL,'2022-10-24 20:26:09','2022-10-24 20:26:09',NULL),(298,5604,306,287,NULL,0,NULL,'2022-10-24 20:29:02','2022-10-24 20:29:02',NULL),(299,5604,307,288,NULL,0,NULL,'2022-10-24 20:36:10','2022-10-24 20:36:10',NULL),(300,5604,308,289,NULL,0,NULL,'2022-10-24 20:38:28','2022-10-24 20:38:28',NULL),(301,5604,309,290,NULL,0,NULL,'2022-10-24 20:41:59','2022-10-24 20:41:59',NULL),(302,5604,310,291,NULL,0,NULL,'2022-10-24 20:44:18','2022-10-24 20:44:18',NULL),(303,5604,311,292,NULL,0,NULL,'2022-10-24 20:46:37','2022-10-24 20:46:37',NULL),(304,5604,312,293,NULL,0,NULL,'2022-10-24 20:49:01','2022-10-24 20:49:01',NULL),(305,5604,313,294,NULL,0,NULL,'2022-10-24 23:24:05','2022-10-24 23:24:05',NULL),(306,5604,314,295,NULL,0,NULL,'2022-10-25 16:01:10','2022-10-25 16:01:10',NULL);
INSERT INTO `cta_cte_cliente_pivot_receipt` VALUES (307,5604,315,296,NULL,0,NULL,'2022-10-25 16:04:34','2022-10-25 16:04:34',NULL),(308,5604,316,297,NULL,0,NULL,'2022-10-25 16:06:59','2022-10-25 16:06:59',NULL),(309,5604,317,298,NULL,0,NULL,'2022-10-25 16:17:22','2022-10-25 16:17:22',NULL),(310,5604,318,299,NULL,0,NULL,'2022-10-25 16:21:02','2022-10-25 16:21:02',NULL),(311,6695,319,300,NULL,0,NULL,'2022-10-25 19:38:25','2022-10-25 19:38:25',NULL),(312,6695,320,301,NULL,0,NULL,'2022-10-25 19:39:54','2022-10-25 19:39:54',NULL),(313,6695,321,302,NULL,0,NULL,'2022-10-25 19:41:26','2022-10-25 19:41:26',NULL),(314,6695,322,303,NULL,0,NULL,'2022-10-25 19:42:19','2022-10-25 19:42:19',NULL),(315,6695,323,304,NULL,0,NULL,'2022-10-25 19:43:12','2022-10-25 19:43:12',NULL),(316,6695,324,305,NULL,0,NULL,'2022-10-25 19:44:19','2022-10-25 19:44:19',NULL),(317,6695,325,306,NULL,0,NULL,'2022-10-25 19:45:09','2022-10-25 19:45:09',NULL),(318,6695,326,307,NULL,0,NULL,'2022-10-25 19:47:52','2022-10-25 19:47:52',NULL),(319,6695,327,308,NULL,0,NULL,'2022-10-25 19:48:58','2022-10-25 19:48:58',NULL),(320,6695,328,309,NULL,0,NULL,'2022-10-25 19:50:17','2022-10-25 19:50:17',NULL),(321,6695,329,310,NULL,0,NULL,'2022-10-25 19:53:56','2022-10-25 19:53:56',NULL),(322,6695,330,311,NULL,0,NULL,'2022-10-25 19:55:59','2022-10-25 19:55:59',NULL),(323,6695,331,312,NULL,0,NULL,'2022-10-25 19:57:09','2022-10-25 19:57:09',NULL),(324,6695,332,313,NULL,0,NULL,'2022-10-25 19:58:23','2022-10-25 19:58:23',NULL),(325,6695,333,314,NULL,0,NULL,'2022-10-25 19:59:36','2022-10-25 19:59:36',NULL),(326,6695,334,315,NULL,0,NULL,'2022-10-25 20:00:43','2022-10-25 20:00:43',NULL),(327,6695,335,316,NULL,0,NULL,'2022-10-25 20:04:43','2022-10-25 20:04:43',NULL),(328,5604,336,317,NULL,0,NULL,'2022-10-26 22:07:13','2022-10-26 22:07:13',NULL),(329,5604,337,318,NULL,0,NULL,'2022-10-26 22:10:02','2022-10-26 22:26:42','2022-10-26 22:26:42'),(330,5604,338,319,NULL,0,NULL,'2022-10-26 22:16:15','2022-10-26 22:25:55','2022-10-26 22:25:55'),(331,5604,339,319,NULL,0,NULL,'2022-10-26 22:25:55','2022-10-26 22:25:55',NULL),(332,5604,340,318,NULL,0,NULL,'2022-10-26 22:26:42','2022-10-26 22:26:42',NULL),(333,5604,341,320,NULL,0,NULL,'2022-11-07 17:15:26','2022-11-07 17:15:26',NULL),(334,5604,342,321,NULL,0,NULL,'2022-11-07 17:15:26','2022-11-07 17:15:26',NULL),(335,5604,343,322,NULL,0,NULL,'2022-11-07 17:15:26','2022-11-07 17:15:26',NULL),(336,5604,344,323,NULL,0,NULL,'2022-11-07 17:15:26','2022-11-07 17:15:26',NULL),(337,5604,345,324,NULL,0,NULL,'2022-11-07 17:15:26','2022-11-07 17:15:26',NULL),(338,5604,346,325,NULL,0,NULL,'2022-11-07 17:15:26','2022-11-07 17:15:26',NULL),(339,5604,347,326,NULL,0,NULL,'2022-11-07 17:15:26','2022-11-07 17:15:26',NULL),(340,5604,348,327,NULL,0,NULL,'2022-11-07 17:15:26','2022-11-07 17:15:26',NULL),(341,5604,349,328,NULL,0,NULL,'2022-11-07 17:15:26','2022-11-07 17:15:26',NULL),(342,5604,350,329,NULL,0,NULL,'2022-11-07 17:15:26','2022-11-07 17:15:26',NULL),(343,5604,351,330,NULL,0,NULL,'2022-11-07 17:15:26','2022-11-07 17:15:26',NULL),(344,5604,352,331,NULL,0,NULL,'2022-11-07 17:15:26','2022-11-07 17:15:26',NULL),(345,5604,353,332,NULL,0,NULL,'2022-11-07 17:15:26','2022-11-07 17:15:26',NULL),(346,5604,354,333,NULL,0,NULL,'2022-11-07 17:15:26','2022-11-07 17:15:26',NULL),(347,5604,355,334,NULL,0,NULL,'2022-11-07 17:15:26','2022-11-07 17:15:26',NULL),(348,5604,356,335,NULL,0,NULL,'2022-11-07 17:15:27','2022-11-07 17:15:27',NULL),(349,5604,357,336,NULL,0,NULL,'2022-11-07 17:15:27','2022-11-07 17:15:27',NULL),(350,5604,358,337,NULL,0,NULL,'2022-11-07 17:15:27','2022-11-07 17:15:27',NULL),(351,5604,359,338,NULL,0,NULL,'2022-11-07 17:15:27','2022-11-07 17:15:27',NULL),(352,5604,360,339,NULL,0,NULL,'2022-11-07 17:15:27','2022-11-07 17:15:27',NULL),(353,5604,361,340,NULL,0,NULL,'2022-11-07 17:15:27','2022-11-07 17:15:27',NULL),(354,5604,362,341,NULL,0,NULL,'2022-11-07 17:15:27','2022-11-07 17:15:27',NULL),(355,5604,363,342,NULL,0,NULL,'2022-11-07 17:15:27','2022-11-07 17:15:27',NULL);
INSERT INTO `cta_cte_cliente_pivot_receipt` VALUES (356,5604,364,343,NULL,0,NULL,'2022-11-07 17:15:27','2022-11-07 17:15:27',NULL),(357,5604,365,344,NULL,0,NULL,'2022-11-07 17:15:27','2022-11-07 17:15:27',NULL),(358,5604,366,345,NULL,0,NULL,'2022-11-07 17:15:27','2022-11-07 17:15:27',NULL),(359,5604,367,346,NULL,0,NULL,'2022-11-07 17:15:27','2022-11-07 17:15:27',NULL),(360,5604,368,347,NULL,0,NULL,'2022-11-07 17:15:27','2022-11-07 17:15:27',NULL),(361,5604,369,348,NULL,0,NULL,'2022-11-07 18:04:24','2022-11-07 18:04:24',NULL),(362,5604,370,349,NULL,0,NULL,'2022-11-07 18:04:47','2022-11-07 18:04:47',NULL),(363,5604,371,350,NULL,0,NULL,'2022-11-07 18:04:47','2022-11-07 18:04:47',NULL),(364,5604,372,351,NULL,0,NULL,'2023-03-16 17:10:22','2023-03-16 17:10:22',NULL),(365,5604,373,352,NULL,0,NULL,'2023-03-16 17:10:22','2023-03-16 17:10:22',NULL),(366,5604,374,353,NULL,0,NULL,'2023-03-16 17:10:22','2023-03-16 17:10:22',NULL),(367,5604,375,354,NULL,0,NULL,'2023-03-16 17:10:22','2023-03-16 17:10:22',NULL),(368,5604,376,355,NULL,0,NULL,'2023-03-16 17:10:22','2023-03-16 17:10:22',NULL),(369,5604,377,356,NULL,0,NULL,'2023-03-16 17:10:22','2023-03-16 17:10:22',NULL),(370,5604,378,357,NULL,0,NULL,'2023-03-16 17:10:22','2023-03-16 17:10:22',NULL),(371,5604,379,358,NULL,0,NULL,'2023-03-16 17:10:22','2023-03-16 17:10:22',NULL),(372,5604,380,359,NULL,0,NULL,'2023-03-16 17:10:22','2023-03-16 17:10:22',NULL),(373,5604,381,360,NULL,0,NULL,'2023-03-16 17:10:22','2023-03-16 17:10:22',NULL),(374,5604,382,361,NULL,0,NULL,'2023-03-16 17:10:22','2023-03-16 17:10:22',NULL),(375,5604,383,362,NULL,0,NULL,'2023-03-16 17:10:22','2023-03-16 17:10:22',NULL),(376,5604,384,363,NULL,0,NULL,'2023-03-16 17:10:23','2023-03-16 17:10:23',NULL),(377,5604,385,364,NULL,0,NULL,'2023-03-16 17:10:23','2023-03-16 17:10:23',NULL),(378,5604,386,365,NULL,0,NULL,'2023-03-16 17:10:23','2023-03-16 17:10:23',NULL),(379,5604,387,366,NULL,0,NULL,'2023-03-16 17:10:23','2023-03-16 17:10:23',NULL),(380,5604,388,367,NULL,0,NULL,'2023-03-16 17:10:23','2023-03-16 17:10:23',NULL),(381,5604,389,368,NULL,0,NULL,'2023-03-16 17:10:23','2023-03-16 17:10:23',NULL),(382,5604,390,369,NULL,0,NULL,'2023-03-16 17:10:23','2023-03-16 17:10:23',NULL),(383,5604,391,370,NULL,0,NULL,'2023-03-16 17:10:23','2023-03-16 17:10:23',NULL),(384,5604,392,371,NULL,0,NULL,'2023-03-16 17:10:23','2023-03-16 17:10:23',NULL),(385,5604,393,372,NULL,0,NULL,'2023-03-16 17:10:23','2023-03-16 17:10:23',NULL),(386,5604,394,373,NULL,0,NULL,'2023-03-16 17:10:23','2023-03-16 17:10:23',NULL),(387,5604,395,374,NULL,0,NULL,'2023-03-16 17:10:23','2023-03-16 17:10:23',NULL),(388,5604,396,375,NULL,0,NULL,'2023-03-16 17:10:23','2023-03-16 17:10:23',NULL),(389,5604,397,376,NULL,0,NULL,'2023-03-16 17:10:23','2023-03-16 17:10:23',NULL),(390,5604,398,377,NULL,0,NULL,'2023-03-16 17:10:24','2023-03-16 17:10:24',NULL),(391,5604,399,378,NULL,0,NULL,'2023-03-16 17:10:24','2023-03-16 17:10:24',NULL),(392,5604,400,379,NULL,0,NULL,'2023-03-16 17:10:24','2023-03-16 17:10:24',NULL),(393,5604,401,380,NULL,0,NULL,'2023-03-16 17:20:20','2023-03-16 17:20:20',NULL),(394,5604,402,381,NULL,0,NULL,'2023-03-16 17:20:20','2023-03-16 17:20:20',NULL),(395,5604,403,382,NULL,0,NULL,'2023-03-16 17:20:20','2023-03-16 17:20:20',NULL),(396,5604,404,383,NULL,0,NULL,'2023-03-16 17:20:20','2023-03-16 17:20:20',NULL),(397,5604,405,384,NULL,0,NULL,'2023-03-16 17:20:21','2023-03-16 17:20:21',NULL),(398,5604,406,385,NULL,0,NULL,'2023-03-16 17:20:21','2023-03-16 17:20:21',NULL),(399,5604,407,386,NULL,0,NULL,'2023-03-16 17:20:21','2023-03-16 17:20:21',NULL),(400,5604,408,387,NULL,0,NULL,'2023-03-16 17:20:21','2023-03-16 17:20:21',NULL),(401,5604,409,388,NULL,0,NULL,'2023-03-16 17:20:21','2023-03-16 17:20:21',NULL),(402,5604,410,389,NULL,0,NULL,'2023-03-16 17:20:21','2023-03-16 17:20:21',NULL),(403,5604,411,390,NULL,0,NULL,'2023-03-16 17:20:21','2023-03-16 17:20:21',NULL),(404,5604,412,391,NULL,0,NULL,'2023-03-16 17:20:21','2023-03-16 17:20:21',NULL);
INSERT INTO `cta_cte_cliente_pivot_receipt` VALUES (405,5604,413,392,NULL,0,NULL,'2023-03-16 17:20:21','2023-03-16 17:20:21',NULL),(406,5604,414,393,NULL,0,NULL,'2023-03-16 17:20:21','2023-03-16 17:20:21',NULL),(407,5604,415,394,NULL,0,NULL,'2023-03-16 17:20:21','2023-03-16 17:20:21',NULL),(408,5604,416,395,NULL,0,NULL,'2023-03-16 17:20:21','2023-03-16 17:20:21',NULL),(409,5604,417,396,NULL,0,NULL,'2023-03-16 17:20:21','2023-03-16 17:20:21',NULL),(410,5604,418,397,NULL,0,NULL,'2023-03-16 17:20:21','2023-03-16 17:20:21',NULL),(411,5604,419,398,NULL,0,NULL,'2023-03-16 17:20:21','2023-03-16 17:20:21',NULL),(412,5604,420,399,NULL,0,NULL,'2023-03-16 17:20:21','2023-03-16 17:20:21',NULL),(413,5604,421,400,NULL,0,NULL,'2023-03-16 17:20:21','2023-03-16 17:20:21',NULL),(414,5604,422,401,NULL,0,NULL,'2023-03-16 17:20:21','2023-03-16 17:20:21',NULL),(415,5604,423,402,NULL,0,NULL,'2023-03-16 17:20:21','2023-03-16 17:20:21',NULL),(416,5604,424,403,NULL,0,NULL,'2023-03-16 17:20:21','2023-03-16 17:20:21',NULL),(417,5604,425,404,NULL,0,NULL,'2023-03-16 17:20:21','2023-03-16 17:20:21',NULL),(418,5604,426,405,NULL,0,NULL,'2023-03-16 17:20:21','2023-03-16 17:20:21',NULL),(419,5604,427,406,NULL,0,NULL,'2023-03-16 17:24:47','2023-03-16 17:24:47',NULL),(420,5604,428,407,NULL,0,NULL,'2023-03-16 17:24:47','2023-03-16 17:24:47',NULL),(421,5604,429,408,NULL,0,NULL,'2023-03-16 17:24:47','2023-03-16 17:24:47',NULL),(422,5604,430,409,NULL,0,NULL,'2023-03-16 17:24:47','2023-03-16 17:24:47',NULL),(423,5604,431,410,NULL,0,NULL,'2023-03-16 17:24:47','2023-03-16 17:24:47',NULL),(424,5604,432,411,NULL,0,NULL,'2023-03-16 17:24:47','2023-03-16 17:24:47',NULL),(425,5604,433,412,NULL,0,NULL,'2023-03-16 17:24:47','2023-03-16 17:24:47',NULL),(426,5604,434,413,NULL,0,NULL,'2023-03-16 17:24:47','2023-03-16 17:24:47',NULL),(427,5604,435,414,NULL,0,NULL,'2023-03-16 17:24:47','2023-03-16 17:24:47',NULL),(428,5604,436,415,NULL,0,NULL,'2023-03-16 17:24:48','2023-03-16 17:24:48',NULL),(429,5604,437,416,NULL,0,NULL,'2023-03-16 17:24:48','2023-03-16 17:24:48',NULL),(430,5604,438,417,NULL,0,NULL,'2023-03-16 17:24:48','2023-03-16 17:24:48',NULL),(431,5604,439,418,NULL,0,NULL,'2023-03-16 17:24:48','2023-03-16 17:24:48',NULL),(432,5604,440,419,NULL,0,NULL,'2023-03-16 17:24:48','2023-03-16 17:24:48',NULL),(433,5604,441,420,NULL,0,NULL,'2023-03-16 17:24:48','2023-03-16 17:24:48',NULL),(434,5604,442,421,NULL,0,NULL,'2023-03-16 17:24:48','2023-03-16 17:24:48',NULL),(435,5604,443,422,NULL,0,NULL,'2023-03-16 17:24:48','2023-03-16 17:24:48',NULL),(436,5604,444,423,NULL,0,NULL,'2023-03-16 17:24:48','2023-03-16 17:24:48',NULL),(437,5604,445,424,NULL,0,NULL,'2023-03-16 17:24:48','2023-03-16 17:24:48',NULL),(438,6695,446,425,NULL,0,NULL,'2023-05-02 20:55:31','2023-05-02 20:55:31',NULL),(439,6695,447,426,NULL,0,NULL,'2023-05-02 21:03:27','2023-05-02 21:03:27',NULL),(440,6695,448,427,NULL,0,NULL,'2023-05-02 21:08:58','2023-05-02 21:08:58',NULL),(441,6695,449,428,NULL,0,NULL,'2023-05-02 21:10:44','2023-05-02 21:10:44',NULL),(442,6695,450,429,NULL,0,NULL,'2023-05-02 21:13:54','2023-05-02 21:13:54',NULL),(443,6695,451,430,NULL,0,NULL,'2023-05-02 21:19:10','2023-05-02 21:19:10',NULL),(444,6695,452,431,NULL,0,NULL,'2023-05-02 21:23:43','2023-05-02 21:23:43',NULL),(445,6695,453,432,NULL,0,NULL,'2023-05-02 21:29:35','2023-05-02 21:29:35',NULL),(446,6695,454,433,NULL,0,NULL,'2023-05-02 22:52:25','2023-05-02 22:52:25',NULL),(447,6695,455,434,NULL,0,NULL,'2023-05-02 22:52:25','2023-05-02 22:52:25',NULL),(448,6695,456,435,NULL,0,NULL,'2023-05-02 22:52:25','2023-05-02 22:52:25',NULL),(449,6695,457,436,NULL,0,NULL,'2023-05-02 22:52:25','2023-05-02 22:52:25',NULL),(450,6695,458,437,NULL,0,NULL,'2023-05-02 22:52:25','2023-05-02 22:52:25',NULL),(451,6695,459,438,NULL,0,NULL,'2023-05-02 22:52:25','2023-05-02 22:52:25',NULL),(452,6695,460,439,NULL,0,NULL,'2023-05-02 22:52:25','2023-05-02 22:52:25',NULL),(453,6695,461,440,NULL,0,NULL,'2023-05-02 22:52:25','2023-05-02 22:52:25',NULL);
INSERT INTO `cta_cte_cliente_pivot_receipt` VALUES (454,6695,462,441,NULL,0,NULL,'2023-05-02 22:52:25','2023-05-02 22:52:25',NULL),(455,6695,463,442,NULL,0,NULL,'2023-05-02 22:52:25','2023-05-02 22:52:25',NULL),(456,6695,464,443,NULL,0,NULL,'2023-05-02 22:52:25','2023-05-02 22:52:25',NULL),(457,5604,465,444,NULL,0,NULL,'2023-05-02 23:33:38','2023-05-02 23:33:38',NULL),(458,5604,466,445,NULL,0,NULL,'2023-05-02 23:35:52','2023-05-02 23:35:52',NULL),(459,5604,467,446,NULL,0,NULL,'2023-05-02 23:41:06','2023-05-02 23:41:06',NULL),(460,5604,468,447,NULL,0,NULL,'2023-05-02 23:42:54','2023-05-02 23:42:54',NULL),(461,5604,469,448,NULL,0,NULL,'2023-05-02 23:44:58','2023-05-02 23:44:58',NULL),(462,5604,470,449,NULL,0,NULL,'2023-05-02 23:46:16','2023-05-02 23:46:16',NULL),(463,5604,471,450,NULL,0,NULL,'2023-05-02 23:47:30','2023-05-02 23:47:30',NULL),(464,5604,472,451,NULL,0,NULL,'2023-05-02 23:50:24','2023-05-02 23:50:24',NULL),(465,5604,473,452,NULL,0,NULL,'2023-05-02 23:52:14','2023-05-02 23:52:14',NULL),(466,5604,474,453,NULL,0,NULL,'2023-05-02 23:53:28','2023-05-02 23:53:28',NULL),(467,5604,475,454,NULL,0,NULL,'2023-05-02 23:55:19','2023-05-02 23:55:19',NULL),(468,5604,476,455,NULL,0,NULL,'2023-05-02 23:56:07','2023-05-02 23:56:07',NULL),(469,5604,477,456,NULL,0,NULL,'2023-05-02 23:57:04','2023-05-02 23:57:04',NULL),(470,5604,478,457,NULL,0,NULL,'2023-05-04 19:26:41','2023-05-04 19:26:41',NULL),(471,5604,479,458,NULL,0,NULL,'2023-06-08 18:57:50','2023-06-08 18:57:50',NULL),(472,5604,480,459,NULL,0,NULL,'2023-06-08 18:57:50','2023-06-08 18:57:50',NULL),(473,5604,481,460,NULL,0,NULL,'2023-06-08 18:57:50','2023-06-08 18:57:50',NULL),(474,5604,482,461,NULL,0,NULL,'2023-06-08 18:57:50','2023-06-08 18:57:50',NULL),(475,5604,483,462,NULL,0,NULL,'2023-06-08 18:57:50','2023-06-08 18:57:50',NULL),(476,5604,484,463,NULL,0,NULL,'2023-06-08 18:57:50','2023-06-08 18:57:50',NULL),(477,5604,485,464,NULL,0,NULL,'2023-06-08 18:57:50','2023-06-08 18:57:50',NULL),(478,5604,486,465,NULL,0,NULL,'2023-06-08 18:57:50','2023-06-08 18:57:50',NULL),(479,5604,487,466,NULL,0,NULL,'2023-06-08 18:57:50','2023-06-08 18:57:50',NULL),(480,5604,488,467,NULL,0,NULL,'2023-06-08 18:57:50','2023-06-08 18:57:50',NULL),(481,5604,489,468,NULL,0,NULL,'2023-06-08 18:57:51','2023-06-08 18:57:51',NULL),(482,5604,490,469,NULL,0,NULL,'2023-06-08 18:57:51','2023-06-08 18:57:51',NULL),(483,5604,491,470,NULL,0,NULL,'2023-06-08 18:57:51','2023-06-08 18:57:51',NULL),(484,5604,492,471,NULL,0,NULL,'2023-06-08 19:02:21','2023-06-08 19:02:21',NULL),(485,5604,493,472,NULL,0,NULL,'2023-06-08 19:02:21','2023-06-08 19:02:21',NULL),(486,5604,494,473,NULL,0,NULL,'2023-06-08 19:02:21','2023-06-08 19:02:21',NULL),(487,5604,495,474,NULL,0,NULL,'2023-06-08 19:02:21','2023-06-08 19:02:21',NULL),(488,5604,496,475,NULL,0,NULL,'2023-06-08 19:02:21','2023-06-08 19:02:21',NULL),(489,5604,497,476,NULL,0,NULL,'2023-06-08 19:02:21','2023-06-08 19:02:21',NULL),(490,5604,498,477,NULL,0,NULL,'2023-06-08 19:02:21','2023-06-08 19:02:21',NULL),(491,5604,499,478,NULL,0,NULL,'2023-06-08 19:02:22','2023-06-08 19:02:22',NULL),(492,5604,500,479,NULL,0,NULL,'2023-06-08 19:02:22','2023-06-08 19:02:22',NULL),(493,5604,501,480,NULL,0,NULL,'2023-06-08 19:02:22','2023-06-08 19:02:22',NULL),(494,5604,502,481,NULL,0,NULL,'2023-06-08 19:02:22','2023-06-08 19:02:22',NULL),(495,5604,503,482,NULL,0,NULL,'2023-06-08 19:02:22','2023-06-08 19:02:22',NULL),(496,5604,504,483,NULL,0,NULL,'2023-06-08 19:02:22','2023-06-08 19:02:22',NULL),(497,5604,505,484,NULL,0,NULL,'2023-06-08 19:02:22','2023-06-08 19:02:22',NULL),(498,5604,506,485,NULL,0,NULL,'2023-06-08 19:02:22','2023-06-08 19:02:22',NULL),(499,5604,507,486,NULL,0,NULL,'2023-06-08 19:02:22','2023-06-08 19:02:22',NULL),(500,5604,508,487,NULL,0,NULL,'2023-06-08 19:02:22','2023-06-08 19:02:22',NULL),(501,5604,509,488,NULL,0,NULL,'2023-06-08 19:02:22','2023-06-08 19:02:22',NULL),(502,5604,510,489,NULL,0,NULL,'2023-06-08 19:02:22','2023-06-08 19:02:22',NULL);
INSERT INTO `cta_cte_cliente_pivot_receipt` VALUES (503,5604,511,490,NULL,0,NULL,'2023-06-08 19:02:22','2023-06-08 19:02:22',NULL),(504,5604,512,491,NULL,0,NULL,'2023-06-08 19:02:22','2023-06-08 19:02:22',NULL),(505,5604,513,492,NULL,0,NULL,'2023-06-08 19:02:22','2023-06-08 19:02:22',NULL),(506,5604,514,493,NULL,0,NULL,'2023-06-08 19:02:22','2023-06-08 19:02:22',NULL),(507,5604,515,494,NULL,0,NULL,'2023-06-08 19:03:48','2023-06-08 19:03:48',NULL),(508,5604,516,495,NULL,0,NULL,'2023-06-08 19:03:48','2023-06-08 19:03:48',NULL),(509,5604,517,496,NULL,0,NULL,'2023-06-08 19:03:48','2023-06-08 19:03:48',NULL),(510,5604,518,497,NULL,0,NULL,'2023-06-08 19:03:48','2023-06-08 19:03:48',NULL),(511,5604,519,498,NULL,0,NULL,'2023-06-08 19:03:48','2023-06-08 19:03:48',NULL),(512,5604,520,499,NULL,0,NULL,'2023-06-08 19:03:48','2023-06-08 19:03:48',NULL),(513,5604,521,500,NULL,0,NULL,'2023-06-08 19:03:48','2023-06-08 19:03:48',NULL),(514,5604,522,501,NULL,0,NULL,'2023-06-08 19:03:48','2023-06-08 19:03:48',NULL),(515,5604,523,502,NULL,0,NULL,'2023-06-08 19:03:49','2023-06-08 19:03:49',NULL),(516,5604,524,503,NULL,0,NULL,'2023-06-08 19:03:49','2023-06-08 19:03:49',NULL),(517,5604,525,504,NULL,0,NULL,'2023-06-08 19:50:18','2023-06-08 19:50:18',NULL),(518,5604,526,505,NULL,0,NULL,'2023-06-08 19:59:32','2023-06-08 19:59:32',NULL),(519,5604,527,506,NULL,0,NULL,'2023-06-08 20:02:56','2023-06-08 20:02:56',NULL),(520,5604,528,507,NULL,0,NULL,'2023-06-08 20:11:01','2023-06-08 20:11:01',NULL),(521,5604,529,508,NULL,0,NULL,'2023-06-08 20:12:49','2023-06-08 20:12:49',NULL),(522,5604,530,509,NULL,0,NULL,'2023-06-08 20:15:09','2023-06-08 20:15:09',NULL),(523,5604,531,510,NULL,0,NULL,'2023-06-24 09:50:16','2023-06-24 09:50:16',NULL),(524,5604,532,511,NULL,0,NULL,'2023-06-24 10:01:22','2023-06-24 10:03:46','2023-06-24 10:03:46'),(525,5604,533,511,NULL,0,NULL,'2023-06-24 10:03:46','2023-06-24 10:03:46',NULL),(526,5604,534,512,NULL,0,NULL,'2023-06-24 10:05:49','2023-06-24 10:05:49',NULL),(527,5604,535,513,NULL,0,NULL,'2023-06-24 10:07:07','2023-06-24 10:07:07',NULL),(528,5604,536,514,NULL,0,NULL,'2023-06-24 10:08:37','2023-06-24 10:08:37',NULL),(529,5604,537,515,NULL,0,NULL,'2023-06-24 10:10:01','2023-06-24 10:10:01',NULL),(530,5604,538,516,NULL,0,NULL,'2023-06-24 10:10:49','2023-06-24 10:10:49',NULL),(531,5604,539,517,NULL,0,NULL,'2023-06-24 10:11:52','2023-06-24 10:11:52',NULL),(532,5604,540,518,NULL,0,NULL,'2023-06-24 10:13:02','2023-06-24 10:13:02',NULL),(533,5604,541,519,NULL,0,NULL,'2023-06-24 10:15:05','2023-06-24 10:15:05',NULL),(534,5604,542,520,NULL,0,NULL,'2023-06-24 10:16:12','2023-06-24 10:16:12',NULL),(535,5604,543,521,NULL,0,NULL,'2023-06-24 10:17:14','2023-06-24 10:17:14',NULL),(536,5604,544,522,NULL,0,NULL,'2023-06-24 10:18:09','2023-06-24 10:18:09',NULL),(537,5604,545,523,NULL,0,NULL,'2023-06-24 10:18:55','2023-06-24 10:18:55',NULL),(538,5604,546,524,NULL,0,NULL,'2023-06-24 10:20:18','2023-06-24 10:20:18',NULL),(539,5604,547,525,NULL,0,NULL,'2023-06-24 10:21:05','2023-06-24 10:21:05',NULL),(540,5604,548,526,NULL,0,NULL,'2023-06-24 10:26:56','2023-06-24 10:26:56',NULL),(541,5604,549,527,NULL,0,NULL,'2023-06-24 10:27:42','2023-06-24 10:27:42',NULL),(542,5604,550,528,NULL,0,NULL,'2023-06-24 10:28:32','2023-06-24 10:28:32',NULL),(543,5604,551,529,NULL,0,NULL,'2023-06-24 10:29:34','2023-06-24 10:29:34',NULL),(544,5604,552,530,NULL,0,NULL,'2023-06-24 10:31:38','2023-06-24 10:34:49','2023-06-24 10:34:49'),(545,5604,553,530,NULL,0,NULL,'2023-06-24 10:34:49','2023-06-24 10:34:49',NULL),(546,5604,554,531,NULL,0,NULL,'2023-06-24 10:44:54','2023-06-24 10:44:54',NULL),(547,5604,555,532,NULL,0,NULL,'2023-06-24 11:04:02','2023-06-24 11:04:02',NULL),(548,5604,556,533,NULL,0,NULL,'2023-06-24 11:08:52','2023-06-24 11:08:52',NULL),(549,5604,557,534,NULL,0,NULL,'2023-06-24 11:09:45','2023-06-24 11:09:45',NULL),(550,5604,558,535,NULL,0,NULL,'2023-06-24 11:10:37','2023-06-24 11:10:37',NULL),(551,5604,559,536,NULL,0,NULL,'2023-06-24 11:20:16','2023-06-24 11:20:16',NULL);
INSERT INTO `cta_cte_cliente_pivot_receipt` VALUES (552,5604,560,537,NULL,0,NULL,'2023-06-24 11:45:31','2023-06-24 11:45:31',NULL),(553,5604,561,538,NULL,0,NULL,'2023-06-24 11:47:37','2023-06-24 11:49:51','2023-06-24 11:49:51'),(554,5604,562,539,NULL,0,NULL,'2023-06-24 11:49:15','2023-06-24 11:49:15',NULL),(555,5604,563,538,NULL,0,NULL,'2023-06-24 11:49:51','2023-06-24 11:49:51',NULL),(556,5604,564,540,NULL,0,NULL,'2023-06-24 11:52:01','2023-06-24 11:54:59','2023-06-24 11:54:59'),(557,5604,565,541,NULL,0,NULL,'2023-06-24 11:53:20','2023-06-24 11:54:22','2023-06-24 11:54:22'),(558,5604,566,541,NULL,0,NULL,'2023-06-24 11:54:22','2023-06-24 11:54:22',NULL),(559,5604,567,540,NULL,0,NULL,'2023-06-24 11:54:59','2023-06-24 11:54:59',NULL),(560,5604,568,542,NULL,0,NULL,'2023-06-24 11:56:38','2023-06-24 11:56:38',NULL),(561,5604,569,543,NULL,0,NULL,'2023-06-24 11:57:54','2023-06-24 11:57:54',NULL),(562,5604,570,544,NULL,0,NULL,'2023-06-24 11:59:16','2023-06-24 11:59:16',NULL),(563,5604,571,545,NULL,0,NULL,'2023-06-24 12:00:05','2023-06-24 12:00:05',NULL),(564,5604,572,546,NULL,0,NULL,'2023-06-24 12:00:54','2023-06-24 12:00:54',NULL),(565,5604,573,547,NULL,0,NULL,'2023-06-24 12:02:35','2023-06-24 12:02:35',NULL),(566,5604,574,548,NULL,0,NULL,'2023-06-24 12:05:03','2023-06-24 12:05:03',NULL),(567,6695,575,549,NULL,0,NULL,'2023-06-24 12:28:03','2023-06-24 12:28:03',NULL),(568,5604,576,550,NULL,0,NULL,'2023-06-27 19:17:44','2023-06-27 19:19:36','2023-06-27 19:19:36'),(569,5604,577,550,NULL,0,NULL,'2023-06-27 19:19:36','2023-06-27 19:19:36',NULL),(570,5604,578,551,NULL,0,NULL,'2023-06-27 19:23:27','2023-06-27 19:23:27',NULL),(571,5604,579,552,NULL,0,NULL,'2023-06-27 19:26:22','2023-06-27 19:26:22',NULL),(572,5604,580,553,NULL,0,NULL,'2023-06-27 19:29:32','2023-06-27 19:29:32',NULL),(573,5604,581,554,NULL,0,NULL,'2023-06-27 19:31:51','2023-06-27 19:31:51',NULL),(574,5604,582,555,NULL,0,NULL,'2023-06-27 19:33:27','2023-06-27 19:33:27',NULL),(575,5604,583,556,NULL,0,NULL,'2023-06-27 19:35:18','2023-06-27 19:35:18',NULL),(576,5604,584,557,NULL,0,NULL,'2023-06-27 19:42:38','2023-06-27 19:42:38',NULL),(577,5604,585,558,NULL,0,NULL,'2023-06-27 19:43:47','2023-06-27 19:43:47',NULL),(578,6695,586,559,NULL,0,NULL,'2023-06-27 19:45:25','2023-07-25 19:19:12','2023-07-25 19:19:12'),(579,5604,587,560,NULL,0,NULL,'2023-06-28 08:41:02','2023-06-28 08:41:02',NULL),(580,5604,588,561,NULL,0,NULL,'2023-06-28 08:44:50','2023-06-28 08:44:50',NULL),(581,5604,589,562,NULL,0,NULL,'2023-06-28 08:47:11','2023-06-28 08:47:11',NULL),(582,5604,590,563,NULL,0,NULL,'2023-06-28 08:54:24','2023-06-28 08:54:24',NULL),(583,5604,591,564,NULL,0,NULL,'2023-06-28 09:00:27','2023-06-28 09:00:27',NULL),(584,5604,592,565,NULL,0,NULL,'2023-06-28 10:55:52','2023-06-28 10:55:52',NULL),(585,5604,593,566,NULL,0,NULL,'2023-06-28 10:57:25','2023-06-28 10:57:25',NULL),(586,5604,594,567,NULL,0,NULL,'2023-06-28 10:59:42','2023-06-28 10:59:42',NULL),(587,5604,595,568,NULL,0,NULL,'2023-06-28 11:01:46','2023-06-28 11:03:52','2023-06-28 11:03:52'),(588,6695,596,569,NULL,0,NULL,'2023-06-28 11:03:17','2023-07-25 20:01:50','2023-07-25 20:01:50'),(589,5604,597,568,NULL,0,NULL,'2023-06-28 11:03:52','2023-06-28 11:03:52',NULL),(590,5604,598,570,NULL,0,NULL,'2023-06-28 11:35:37','2023-06-28 11:35:37',NULL),(591,5604,599,571,NULL,0,NULL,'2023-06-28 12:12:09','2023-06-28 12:12:09',NULL),(592,6695,600,572,NULL,0,NULL,'2023-06-28 16:50:53','2023-06-28 16:50:53',NULL),(593,6695,601,573,NULL,0,NULL,'2023-06-28 16:53:15','2023-06-28 16:53:15',NULL),(594,6695,602,574,NULL,0,NULL,'2023-06-28 16:59:28','2023-06-28 16:59:28',NULL),(595,5604,603,575,NULL,0,NULL,'2023-06-28 17:25:36','2023-06-28 17:25:36',NULL),(596,6695,604,576,NULL,0,NULL,'2023-06-28 19:25:20','2023-06-28 19:25:20',NULL),(597,6695,605,577,NULL,0,NULL,'2023-06-28 20:17:17','2023-06-28 20:17:17',NULL),(598,6695,606,578,NULL,0,NULL,'2023-06-28 20:18:50','2023-06-28 20:18:50',NULL),(599,6695,607,579,NULL,0,NULL,'2023-06-28 20:20:38','2023-06-28 20:20:38',NULL);
INSERT INTO `cta_cte_cliente_pivot_receipt` VALUES (600,6695,608,580,NULL,0,NULL,'2023-06-28 20:21:51','2023-06-28 20:21:51',NULL),(601,6695,609,581,NULL,0,NULL,'2023-06-28 20:23:15','2023-06-28 20:23:15',NULL),(602,6695,610,582,NULL,0,NULL,'2023-06-28 20:25:26','2023-06-28 20:25:26',NULL),(603,6695,611,583,NULL,0,NULL,'2023-06-28 20:27:07','2023-06-28 20:27:07',NULL),(604,6695,612,584,NULL,0,NULL,'2023-06-28 20:29:06','2023-06-28 20:29:06',NULL),(605,6695,613,585,NULL,0,NULL,'2023-06-28 20:30:31','2023-06-28 20:30:31',NULL),(606,6695,614,586,NULL,0,NULL,'2023-06-28 20:32:05','2023-06-28 20:32:05',NULL),(607,6695,615,587,NULL,0,NULL,'2023-06-28 20:33:32','2023-06-28 20:33:32',NULL),(608,6695,616,588,NULL,0,NULL,'2023-06-28 20:34:51','2023-06-28 20:34:51',NULL),(609,6695,617,589,NULL,0,NULL,'2023-06-28 20:36:42','2023-06-28 20:36:42',NULL),(610,6695,618,590,NULL,0,NULL,'2023-06-28 20:40:17','2023-06-28 20:40:17',NULL),(611,6695,619,591,NULL,0,NULL,'2023-06-28 20:53:03','2023-06-28 20:53:03',NULL),(612,6695,620,592,NULL,0,NULL,'2023-06-28 20:53:03','2023-06-28 20:53:03',NULL),(613,6695,621,593,NULL,0,NULL,'2023-06-28 20:53:03','2023-06-28 20:53:03',NULL),(614,6695,622,594,NULL,0,NULL,'2023-06-28 20:53:03','2023-06-28 20:53:03',NULL),(615,6695,623,595,NULL,0,NULL,'2023-06-28 20:53:03','2023-06-28 20:53:03',NULL),(616,6695,624,596,NULL,0,NULL,'2023-06-28 20:53:03','2023-06-28 20:53:03',NULL),(617,6695,625,597,NULL,0,NULL,'2023-06-28 20:53:03','2023-06-28 20:53:03',NULL),(618,6695,626,598,NULL,0,NULL,'2023-06-28 20:53:03','2023-06-28 20:53:03',NULL),(619,6695,627,599,NULL,0,NULL,'2023-06-28 20:53:03','2023-06-28 20:53:03',NULL),(620,6695,628,600,NULL,0,NULL,'2023-06-28 20:53:03','2023-06-28 20:53:03',NULL),(621,6695,629,601,NULL,0,NULL,'2023-06-28 20:53:03','2023-06-28 20:53:03',NULL),(622,6695,630,602,NULL,0,NULL,'2023-06-28 20:53:03','2023-06-28 20:53:03',NULL),(623,6695,631,603,NULL,0,NULL,'2023-06-28 20:53:03','2023-06-28 20:53:03',NULL),(624,6695,632,604,NULL,0,NULL,'2023-06-28 20:53:04','2023-06-28 20:53:04',NULL),(625,6695,633,605,NULL,0,NULL,'2023-06-28 20:53:04','2023-06-28 20:53:04',NULL),(626,6695,634,606,NULL,0,NULL,'2023-06-28 20:53:04','2023-06-28 20:53:04',NULL),(627,6695,635,607,NULL,0,NULL,'2023-06-28 20:53:04','2023-06-28 20:53:04',NULL),(628,5604,636,608,NULL,0,NULL,'2023-06-29 20:28:13','2023-06-29 20:30:29','2023-06-29 20:30:29'),(629,5604,637,608,NULL,0,NULL,'2023-06-29 20:30:29','2023-07-10 11:52:29','2023-07-10 11:52:29'),(630,5604,638,609,NULL,0,NULL,'2023-06-29 20:36:03','2023-07-10 11:51:36','2023-07-10 11:51:36'),(631,5604,639,610,NULL,0,NULL,'2023-06-29 20:37:52','2023-07-10 11:49:45','2023-07-10 11:49:45'),(632,5604,640,611,NULL,0,NULL,'2023-06-29 20:39:43','2023-07-10 11:47:08','2023-07-10 11:47:08'),(633,5604,641,612,NULL,0,NULL,'2023-06-29 20:41:11','2023-07-10 11:46:04','2023-07-10 11:46:04'),(634,5604,642,613,NULL,0,NULL,'2023-06-29 20:43:57','2023-07-10 11:45:18','2023-07-10 11:45:18'),(635,5604,643,614,NULL,0,NULL,'2023-06-29 20:57:45','2023-07-10 11:44:21','2023-07-10 11:44:21'),(636,5604,644,615,NULL,0,NULL,'2023-06-29 20:59:49','2023-07-10 11:42:55','2023-07-10 11:42:55'),(637,5604,645,616,NULL,0,NULL,'2023-06-29 21:03:24','2023-07-10 11:53:55','2023-07-10 11:53:55'),(638,5604,646,617,NULL,0,NULL,'2023-06-29 21:05:40','2023-07-10 11:57:06','2023-07-10 11:57:06'),(639,5604,647,618,NULL,0,NULL,'2023-06-29 21:07:37','2023-07-10 11:55:38','2023-07-10 11:55:38'),(640,6695,648,619,NULL,0,NULL,'2023-07-02 19:20:28','2023-07-02 19:20:28',NULL),(641,6695,649,620,NULL,0,NULL,'2023-07-03 19:11:23','2023-07-03 19:11:23',NULL),(642,6695,650,621,NULL,0,NULL,'2023-07-03 19:18:59','2023-07-03 19:18:59',NULL),(643,5604,651,622,NULL,0,NULL,'2023-07-04 19:08:21','2023-07-04 19:08:21',NULL),(644,6695,652,623,NULL,0,NULL,'2023-07-04 19:24:27','2023-07-25 20:05:55','2023-07-25 20:05:55'),(645,6695,653,624,NULL,0,NULL,'2023-07-04 19:37:41','2023-07-25 20:05:30','2023-07-25 20:05:30');
INSERT INTO `cta_cte_cliente_pivot_receipt` VALUES (646,6695,654,625,NULL,0,NULL,'2023-07-04 19:40:13','2023-07-25 20:04:53','2023-07-25 20:04:53'),(647,5604,655,626,NULL,0,NULL,'2023-07-04 19:49:53','2023-07-04 19:49:53',NULL),(648,5604,656,627,NULL,0,NULL,'2023-07-04 19:51:01','2023-07-04 19:51:01',NULL),(649,5604,657,628,NULL,0,NULL,'2023-07-04 19:54:45','2023-07-04 19:54:45',NULL),(650,5604,658,629,NULL,0,NULL,'2023-07-04 19:55:59','2023-07-04 19:55:59',NULL),(651,5604,659,630,NULL,0,NULL,'2023-07-04 19:57:47','2023-07-04 19:57:47',NULL),(652,5604,660,631,NULL,0,NULL,'2023-07-04 20:02:37','2023-07-04 20:02:37',NULL),(653,5604,661,632,NULL,0,NULL,'2023-07-04 20:03:53','2023-07-04 20:03:53',NULL),(654,6695,662,633,NULL,0,NULL,'2023-07-04 20:30:04','2023-07-04 20:30:04',NULL),(655,6695,663,634,NULL,0,NULL,'2023-07-04 20:34:48','2023-08-23 21:04:22','2023-08-23 21:04:22'),(656,6695,664,635,NULL,0,NULL,'2023-07-04 20:37:56','2023-07-04 20:37:56',NULL),(657,6695,665,636,NULL,0,NULL,'2023-07-04 20:42:30','2023-07-04 20:42:30',NULL),(658,6695,666,637,NULL,0,NULL,'2023-07-04 20:45:10','2023-07-04 21:13:37','2023-07-04 21:13:37'),(659,6695,667,638,NULL,0,NULL,'2023-07-04 20:47:24','2023-07-04 21:13:14','2023-07-04 21:13:14'),(660,5604,668,639,NULL,0,NULL,'2023-07-04 20:49:53','2023-07-04 20:49:53',NULL),(661,6695,669,640,NULL,0,NULL,'2023-07-04 20:50:01','2023-07-04 21:12:51','2023-07-04 21:12:51'),(662,6695,670,641,NULL,0,NULL,'2023-07-04 20:51:14','2023-07-04 21:12:31','2023-07-04 21:12:31'),(663,5604,671,642,NULL,0,NULL,'2023-07-04 20:53:12','2023-07-10 11:40:43','2023-07-10 11:40:43'),(664,5604,672,643,NULL,0,NULL,'2023-07-04 20:53:37','2023-07-04 20:53:37',NULL),(665,5604,673,644,NULL,0,NULL,'2023-07-04 20:55:29','2023-07-10 11:39:42','2023-07-10 11:39:42'),(666,5604,674,645,NULL,0,NULL,'2023-07-04 20:57:43','2023-07-10 11:38:27','2023-07-10 11:38:27'),(667,6695,675,646,NULL,0,NULL,'2023-07-04 21:00:37','2023-07-04 21:00:37',NULL),(668,6695,676,647,NULL,0,NULL,'2023-07-04 21:03:18','2023-07-04 21:03:18',NULL),(669,6695,677,648,NULL,0,NULL,'2023-07-04 21:04:43','2023-07-04 21:04:43',NULL),(670,6695,678,649,NULL,0,NULL,'2023-07-04 21:06:18','2023-07-04 21:06:18',NULL),(671,6695,679,650,NULL,0,NULL,'2023-07-04 21:09:17','2023-07-04 21:09:17',NULL),(672,6695,680,651,NULL,0,NULL,'2023-07-04 21:11:00','2023-07-04 21:11:00',NULL),(673,6695,681,641,NULL,0,NULL,'2023-07-04 21:12:31','2023-07-04 21:12:31',NULL),(674,6695,682,640,NULL,0,NULL,'2023-07-04 21:12:51','2023-07-04 21:12:51',NULL),(675,6695,683,638,NULL,0,NULL,'2023-07-04 21:13:14','2023-07-04 21:13:14',NULL),(676,6695,684,637,NULL,0,NULL,'2023-07-04 21:13:37','2023-07-04 21:13:37',NULL),(677,6695,685,652,NULL,0,NULL,'2023-07-04 21:23:20','2023-07-04 21:25:05','2023-07-04 21:25:05'),(678,6695,686,652,NULL,0,NULL,'2023-07-04 21:25:05','2023-07-04 21:25:05',NULL),(679,6695,687,653,NULL,0,NULL,'2023-07-05 18:04:35','2023-07-05 18:04:35',NULL),(680,6695,688,654,NULL,0,NULL,'2023-07-05 18:06:27','2023-07-05 18:14:23','2023-07-05 18:14:23'),(681,6695,689,655,NULL,0,NULL,'2023-07-05 18:08:46','2023-07-05 18:14:07','2023-07-05 18:14:07'),(682,6695,690,656,NULL,0,NULL,'2023-07-05 18:11:25','2023-07-05 18:11:25',NULL),(683,6695,691,657,NULL,0,NULL,'2023-07-05 18:13:27','2023-07-05 18:13:27',NULL),(684,6695,692,655,NULL,0,NULL,'2023-07-05 18:14:07','2023-07-05 18:14:07',NULL),(685,6695,693,654,NULL,0,NULL,'2023-07-05 18:14:23','2023-07-05 18:14:23',NULL),(686,6695,694,658,NULL,0,NULL,'2023-07-05 18:18:49','2023-07-05 18:18:49',NULL),(687,6695,695,659,NULL,0,NULL,'2023-07-05 18:19:48','2023-07-05 18:19:48',NULL),(688,5604,696,660,NULL,0,NULL,'2023-07-06 19:33:22','2023-07-06 19:33:22',NULL),(689,5604,697,661,NULL,0,NULL,'2023-07-06 19:36:10','2023-07-06 19:36:10',NULL),(690,5604,698,662,NULL,0,NULL,'2023-07-06 19:40:17','2023-07-06 22:03:51','2023-07-06 22:03:51'),(691,6695,699,663,NULL,0,NULL,'2023-07-06 19:42:34','2023-07-25 20:03:48','2023-07-25 20:03:48');
INSERT INTO `cta_cte_cliente_pivot_receipt` VALUES (692,5604,700,664,NULL,0,NULL,'2023-07-06 19:53:21','2023-07-06 19:53:21',NULL),(693,6695,701,665,NULL,0,NULL,'2023-07-06 19:56:06','2023-07-25 20:02:53','2023-07-25 20:02:53'),(694,5604,702,666,NULL,0,NULL,'2023-07-06 19:59:09','2023-07-06 19:59:09',NULL),(695,5604,703,667,NULL,0,NULL,'2023-07-06 20:01:11','2023-07-06 20:01:11',NULL),(696,5604,704,668,NULL,0,NULL,'2023-07-06 20:17:02','2023-07-06 22:15:34','2023-07-06 22:15:34'),(697,5604,705,669,NULL,0,NULL,'2023-07-06 20:18:42','2023-07-06 20:18:42',NULL),(698,5604,706,670,NULL,0,NULL,'2023-07-06 20:21:29','2023-07-06 20:21:29',NULL),(699,5604,707,671,NULL,0,NULL,'2023-07-06 20:48:48','2023-07-06 21:58:28','2023-07-06 21:58:28'),(700,5604,708,672,NULL,0,NULL,'2023-07-06 20:58:49','2023-07-06 20:58:49',NULL),(701,5604,709,673,NULL,0,NULL,'2023-07-06 21:06:37','2023-07-06 21:06:37',NULL),(702,5604,710,674,NULL,0,NULL,'2023-07-06 21:08:59','2023-07-06 21:19:10','2023-07-06 21:19:10'),(703,5604,711,675,NULL,0,NULL,'2023-07-06 21:12:06','2023-07-06 21:12:06',NULL),(704,5604,712,676,NULL,0,NULL,'2023-07-06 21:13:27','2023-07-06 21:13:27',NULL),(705,5604,713,674,NULL,0,NULL,'2023-07-06 21:19:10','2023-07-06 21:19:10',NULL),(706,5604,714,677,NULL,0,NULL,'2023-07-06 21:26:58','2023-07-06 21:26:58',NULL),(707,5604,715,671,NULL,0,NULL,'2023-07-06 21:58:28','2023-07-06 21:58:28',NULL),(708,5604,716,662,NULL,0,NULL,'2023-07-06 22:03:51','2023-07-06 22:03:51',NULL),(709,5604,717,668,NULL,0,NULL,'2023-07-06 22:15:34','2023-07-06 22:15:34',NULL),(710,5604,718,645,NULL,0,NULL,'2023-07-10 11:38:27','2023-07-10 11:38:27',NULL),(711,5604,719,644,NULL,0,NULL,'2023-07-10 11:39:42','2023-07-10 11:39:42',NULL),(712,5604,720,642,NULL,0,NULL,'2023-07-10 11:40:43','2023-07-10 11:40:43',NULL),(713,5604,721,615,NULL,0,NULL,'2023-07-10 11:42:55','2023-07-10 11:42:55',NULL),(714,5604,722,614,NULL,0,NULL,'2023-07-10 11:44:21','2023-07-10 11:44:21',NULL),(715,5604,723,613,NULL,0,NULL,'2023-07-10 11:45:18','2023-07-10 11:45:18',NULL),(716,5604,724,612,NULL,0,NULL,'2023-07-10 11:46:04','2023-07-10 11:46:04',NULL),(717,5604,725,611,NULL,0,NULL,'2023-07-10 11:47:08','2023-07-10 11:47:08',NULL),(718,5604,726,610,NULL,0,NULL,'2023-07-10 11:49:45','2023-07-10 11:49:45',NULL),(719,5604,727,609,NULL,0,NULL,'2023-07-10 11:51:36','2023-07-10 11:51:36',NULL),(720,5604,728,608,NULL,0,NULL,'2023-07-10 11:52:29','2023-07-10 11:52:29',NULL),(721,5604,729,616,NULL,0,NULL,'2023-07-10 11:53:55','2023-07-10 11:53:55',NULL),(722,5604,730,618,NULL,0,NULL,'2023-07-10 11:55:38','2023-07-10 11:55:38',NULL),(723,5604,731,617,NULL,0,NULL,'2023-07-10 11:57:06','2023-07-10 11:57:06',NULL),(724,5604,732,678,NULL,0,NULL,'2023-07-17 17:05:18','2023-07-17 17:05:18',NULL),(725,5604,733,679,NULL,0,NULL,'2023-07-17 17:45:25','2023-07-17 17:45:25',NULL),(726,5604,734,680,NULL,0,NULL,'2023-07-17 17:53:49','2023-07-17 17:53:49',NULL),(727,5604,735,681,NULL,0,NULL,'2023-07-17 17:53:49','2023-07-17 17:53:49',NULL),(728,5604,736,682,NULL,0,NULL,'2023-07-17 17:53:50','2023-07-17 17:53:50',NULL),(729,5604,737,683,NULL,0,NULL,'2023-07-17 17:53:50','2023-07-17 17:53:50',NULL),(730,5604,738,684,NULL,0,NULL,'2023-07-17 17:53:50','2023-07-17 17:53:50',NULL),(731,5604,739,685,NULL,0,NULL,'2023-07-17 17:53:50','2023-07-17 17:53:50',NULL),(732,5604,740,686,NULL,0,NULL,'2023-07-17 17:53:50','2023-07-17 17:53:50',NULL),(733,5604,741,687,NULL,0,NULL,'2023-07-17 17:53:50','2023-07-17 17:53:50',NULL),(734,5604,742,688,NULL,0,NULL,'2023-07-17 17:53:50','2023-07-17 17:53:50',NULL),(735,5604,743,689,NULL,0,NULL,'2023-07-17 17:53:50','2023-07-17 17:53:50',NULL),(736,6695,744,559,NULL,0,NULL,'2023-07-25 19:19:12','2023-07-25 19:19:12',NULL),(737,6695,745,690,NULL,0,NULL,'2023-07-25 19:32:01','2023-07-25 19:32:01',NULL),(738,6695,746,691,NULL,0,NULL,'2023-07-25 19:34:40','2023-07-25 19:34:40',NULL),(739,6695,747,692,NULL,0,NULL,'2023-07-25 19:38:24','2023-07-25 19:38:24',NULL),(740,6695,748,693,NULL,0,NULL,'2023-07-25 19:41:39','2023-07-25 19:41:39',NULL);
INSERT INTO `cta_cte_cliente_pivot_receipt` VALUES (741,6695,749,694,NULL,0,NULL,'2023-07-25 19:43:26','2023-07-25 19:43:26',NULL),(742,6695,750,695,NULL,0,NULL,'2023-07-25 19:46:04','2023-07-25 19:46:04',NULL),(743,6695,751,696,NULL,0,NULL,'2023-07-25 19:48:02','2023-07-25 19:48:02',NULL),(744,6695,752,697,NULL,0,NULL,'2023-07-25 19:49:40','2023-07-25 19:49:40',NULL),(745,6695,753,698,NULL,0,NULL,'2023-07-25 19:52:03','2023-07-25 19:52:03',NULL),(746,6695,754,569,NULL,0,NULL,'2023-07-25 20:01:50','2023-07-25 20:01:50',NULL),(747,6695,755,665,NULL,0,NULL,'2023-07-25 20:02:53','2023-07-25 20:02:53',NULL),(748,6695,756,663,NULL,0,NULL,'2023-07-25 20:03:48','2023-07-25 20:03:48',NULL),(749,6695,757,625,NULL,0,NULL,'2023-07-25 20:04:53','2023-07-25 20:04:53',NULL),(750,6695,758,624,NULL,0,NULL,'2023-07-25 20:05:30','2023-07-25 20:05:30',NULL),(751,6695,759,623,NULL,0,NULL,'2023-07-25 20:05:56','2023-07-25 20:05:56',NULL),(752,6695,760,699,NULL,0,NULL,'2023-07-27 22:13:00','2023-07-27 22:13:00',NULL),(753,6695,761,700,NULL,0,NULL,'2023-07-27 22:16:41','2023-07-27 22:16:41',NULL),(754,6695,762,701,NULL,0,NULL,'2023-08-22 22:05:03','2023-08-22 22:05:03',NULL),(755,6695,763,702,NULL,0,NULL,'2023-08-22 22:07:22','2023-08-22 22:07:22',NULL),(756,6695,764,703,NULL,0,NULL,'2023-08-22 22:08:48','2023-08-22 22:08:48',NULL),(757,6695,765,704,NULL,0,NULL,'2023-08-22 22:10:16','2023-08-22 22:10:16',NULL),(758,6695,766,705,NULL,0,NULL,'2023-08-22 22:11:47','2023-08-22 22:11:47',NULL),(759,6695,767,706,NULL,0,NULL,'2023-08-22 22:13:19','2023-08-22 22:13:19',NULL),(760,6695,768,707,NULL,0,NULL,'2023-08-22 22:15:41','2023-08-22 22:15:41',NULL),(761,6695,769,708,NULL,0,NULL,'2023-08-22 22:17:24','2023-08-22 22:17:24',NULL),(762,6695,770,709,NULL,0,NULL,'2023-08-22 22:18:55','2023-08-22 22:18:55',NULL),(763,6695,771,710,NULL,0,NULL,'2023-08-22 22:20:13','2023-08-22 22:20:13',NULL),(764,6695,772,634,NULL,0,NULL,'2023-08-23 21:04:22','2023-08-23 21:04:22',NULL),(765,6695,773,711,NULL,0,NULL,'2023-08-26 20:37:01','2023-08-26 20:37:01',NULL),(766,6695,774,712,NULL,0,NULL,'2023-08-26 20:38:01','2023-08-26 20:38:01',NULL),(767,6695,775,713,NULL,0,NULL,'2023-08-26 20:40:38','2023-08-26 20:40:38',NULL),(768,6695,776,714,NULL,0,NULL,'2023-08-26 20:43:20','2023-08-26 20:43:57','2023-08-26 20:43:57'),(769,6695,777,714,NULL,0,NULL,'2023-08-26 20:43:57','2023-08-26 20:43:57',NULL),(770,6695,778,715,NULL,0,NULL,'2023-09-01 15:02:52','2023-09-01 15:02:52',NULL),(771,6695,779,716,NULL,0,NULL,'2023-09-01 15:07:35','2023-09-01 15:07:35',NULL),(772,6695,780,717,NULL,0,NULL,'2023-09-01 15:09:37','2023-09-01 15:09:37',NULL),(773,6695,781,718,NULL,0,NULL,'2023-09-01 15:27:11','2023-09-01 15:27:11',NULL),(774,6695,782,719,NULL,0,NULL,'2023-09-01 15:30:40','2023-09-01 15:30:40',NULL),(775,6695,783,720,NULL,0,NULL,'2023-09-01 17:17:56','2023-09-01 17:17:56',NULL),(776,6695,784,721,NULL,0,NULL,'2023-09-01 17:17:57','2023-09-01 17:17:57',NULL),(777,6695,785,722,NULL,0,NULL,'2023-09-01 17:17:57','2023-09-01 17:17:57',NULL),(778,6695,786,723,NULL,0,NULL,'2023-09-01 17:17:57','2023-09-01 17:17:57',NULL),(779,6695,787,724,NULL,0,NULL,'2023-09-01 17:17:57','2023-09-01 17:17:57',NULL),(780,6695,788,725,NULL,0,NULL,'2023-09-01 17:17:57','2023-09-01 17:17:57',NULL),(781,6695,789,726,NULL,0,NULL,'2023-09-01 17:17:57','2023-09-01 17:17:57',NULL),(782,6695,790,727,NULL,0,NULL,'2023-09-01 17:17:57','2023-09-01 17:17:57',NULL),(783,6695,791,728,NULL,0,NULL,'2023-09-01 17:17:57','2023-09-01 17:17:57',NULL),(784,6695,792,729,NULL,0,NULL,'2023-09-01 17:17:57','2023-09-01 17:17:57',NULL),(785,6695,793,730,NULL,0,NULL,'2023-09-01 17:17:57','2023-09-01 17:17:57',NULL),(786,6695,794,731,NULL,0,NULL,'2023-09-01 17:17:57','2023-09-01 17:17:57',NULL),(787,6695,795,732,NULL,0,NULL,'2023-09-01 17:17:57','2023-09-01 17:17:57',NULL),(788,6695,796,733,NULL,0,NULL,'2023-09-01 17:17:57','2023-09-01 17:17:57',NULL),(789,6695,797,734,NULL,0,NULL,'2023-09-01 17:17:57','2023-09-01 17:17:57',NULL);
INSERT INTO `cta_cte_cliente_pivot_receipt` VALUES (790,6695,798,735,NULL,0,NULL,'2023-09-01 17:17:57','2023-09-01 17:17:57',NULL),(791,6695,799,736,NULL,0,NULL,'2023-09-01 17:17:57','2023-09-01 17:17:57',NULL),(792,6695,800,737,NULL,0,NULL,'2023-09-01 17:17:57','2023-09-01 17:17:57',NULL),(793,6695,801,738,NULL,0,NULL,'2023-09-01 17:17:58','2023-09-01 17:17:58',NULL),(794,6695,802,739,NULL,0,NULL,'2023-09-01 17:17:58','2023-09-01 17:17:58',NULL),(795,6695,803,740,NULL,0,NULL,'2023-09-01 17:17:58','2023-09-01 17:17:58',NULL),(796,6695,804,741,NULL,0,NULL,'2023-09-01 17:17:58','2023-09-01 17:17:58',NULL),(797,6695,805,742,NULL,0,NULL,'2023-09-01 17:39:28','2023-09-01 17:39:28',NULL),(798,5604,806,743,NULL,0,NULL,'2023-09-01 17:44:10','2024-06-09 22:04:13','2024-06-09 22:04:13'),(799,5604,807,744,NULL,0,NULL,'2023-09-01 17:49:36','2023-12-04 19:45:41','2023-12-04 19:45:41'),(800,5604,808,745,NULL,0,NULL,'2023-09-01 17:50:55','2023-12-04 19:43:22','2023-12-04 19:43:22'),(801,6695,809,746,NULL,0,NULL,'2023-09-04 19:49:12','2023-09-04 19:49:12',NULL),(802,5604,810,747,NULL,0,NULL,'2023-11-29 06:34:20','2023-11-29 06:34:20',NULL),(803,5604,811,748,NULL,0,NULL,'2023-11-29 06:34:20','2023-11-29 06:34:20',NULL),(804,5604,812,749,NULL,0,NULL,'2023-11-29 06:34:20','2023-11-29 06:34:20',NULL),(805,5604,813,750,NULL,0,NULL,'2023-11-29 06:34:20','2023-11-29 06:34:20',NULL),(806,5604,814,751,NULL,0,NULL,'2023-11-29 06:34:20','2023-11-29 06:34:20',NULL),(807,5604,815,752,NULL,0,NULL,'2023-11-29 06:34:20','2023-11-29 06:34:20',NULL),(808,5604,816,753,NULL,0,NULL,'2023-11-29 06:34:20','2023-11-29 06:34:20',NULL),(809,5604,817,754,NULL,0,NULL,'2023-11-29 06:34:20','2023-11-29 06:34:20',NULL),(810,5604,818,755,NULL,0,NULL,'2023-11-29 06:34:20','2023-11-29 06:34:20',NULL),(811,5604,819,756,NULL,0,NULL,'2023-11-29 06:34:20','2023-11-29 06:34:20',NULL),(812,5604,820,757,NULL,0,NULL,'2023-11-29 06:34:21','2023-11-29 06:34:21',NULL),(813,5604,821,758,NULL,0,NULL,'2023-11-29 06:34:21','2023-11-29 06:34:21',NULL),(814,5604,822,759,NULL,0,NULL,'2023-11-29 06:34:21','2023-11-29 06:34:21',NULL),(815,5604,823,760,NULL,0,NULL,'2023-11-29 06:34:21','2023-11-29 06:34:21',NULL),(816,5604,824,761,NULL,0,NULL,'2023-11-29 06:34:21','2023-11-29 06:34:21',NULL),(817,5604,825,762,NULL,0,NULL,'2023-11-29 06:34:21','2023-11-29 06:34:21',NULL),(818,5604,826,763,NULL,0,NULL,'2023-11-29 06:34:21','2023-11-29 06:34:21',NULL),(819,5604,827,764,NULL,0,NULL,'2023-11-29 06:34:21','2023-11-29 06:34:21',NULL),(820,5604,828,765,NULL,0,NULL,'2023-11-29 06:34:21','2023-11-29 06:34:21',NULL),(821,5604,829,766,NULL,0,NULL,'2023-11-29 16:53:45','2023-11-29 16:53:45',NULL),(822,5604,830,767,NULL,0,NULL,'2023-11-29 16:53:45','2023-11-29 16:53:45',NULL),(823,5604,831,768,NULL,0,NULL,'2023-11-29 16:53:45','2023-11-29 16:53:45',NULL),(824,5604,832,769,NULL,0,NULL,'2023-11-29 16:53:45','2023-11-29 16:53:45',NULL),(825,5604,833,770,NULL,0,NULL,'2023-11-29 16:53:46','2023-11-29 16:53:46',NULL),(826,5604,834,771,NULL,0,NULL,'2023-11-29 16:53:46','2023-11-29 16:53:46',NULL),(827,5604,835,772,NULL,0,NULL,'2023-11-29 16:53:46','2023-11-29 16:53:46',NULL),(828,5604,836,773,NULL,0,NULL,'2023-11-29 16:53:46','2023-11-29 16:53:46',NULL),(829,5604,837,774,NULL,0,NULL,'2023-11-29 16:53:46','2023-11-29 16:53:46',NULL),(830,5604,838,775,NULL,0,NULL,'2023-11-29 16:53:46','2023-11-29 16:53:46',NULL),(831,5604,839,776,NULL,0,NULL,'2023-11-29 16:53:46','2023-11-29 16:53:46',NULL),(832,5604,840,777,NULL,0,NULL,'2023-11-29 16:53:46','2023-11-29 16:53:46',NULL),(833,5604,841,778,NULL,0,NULL,'2023-11-29 16:53:46','2023-11-29 16:53:46',NULL),(834,5604,842,779,NULL,0,NULL,'2023-11-29 16:53:46','2023-11-29 16:53:46',NULL),(835,5604,843,780,NULL,0,NULL,'2023-11-29 16:53:46','2023-11-29 16:53:46',NULL),(836,5604,844,781,NULL,0,NULL,'2023-11-29 16:53:46','2023-11-29 16:53:46',NULL),(837,5604,845,782,NULL,0,NULL,'2023-11-29 16:53:46','2023-11-29 16:53:46',NULL),(838,5604,846,783,NULL,0,NULL,'2023-11-29 16:53:47','2023-11-29 16:53:47',NULL);
INSERT INTO `cta_cte_cliente_pivot_receipt` VALUES (839,5604,847,784,NULL,0,NULL,'2023-11-29 17:06:04','2023-11-29 17:06:04',NULL),(840,5604,848,785,NULL,0,NULL,'2023-12-03 18:50:17','2023-12-03 18:50:17',NULL),(841,5604,849,786,NULL,0,NULL,'2023-12-03 18:51:15','2023-12-03 18:51:15',NULL),(842,5604,850,787,NULL,0,NULL,'2023-12-03 18:52:42','2023-12-03 18:52:42',NULL),(843,5604,851,788,NULL,0,NULL,'2023-12-03 18:54:09','2023-12-03 18:54:09',NULL),(844,5604,852,789,NULL,0,NULL,'2023-12-03 18:55:01','2023-12-03 18:55:01',NULL),(845,5604,853,790,NULL,0,NULL,'2023-12-03 18:56:48','2023-12-03 18:56:48',NULL),(846,5604,854,791,NULL,0,NULL,'2023-12-03 18:57:50','2023-12-03 18:57:50',NULL),(847,5604,855,792,NULL,0,NULL,'2023-12-03 18:59:06','2023-12-03 18:59:06',NULL),(848,5604,856,793,NULL,0,NULL,'2023-12-03 19:00:27','2023-12-03 19:00:27',NULL),(849,5604,857,794,NULL,0,NULL,'2023-12-03 19:01:19','2023-12-03 19:01:19',NULL),(850,5604,858,795,NULL,0,NULL,'2023-12-03 19:02:42','2023-12-03 19:02:42',NULL),(851,5604,859,796,NULL,0,NULL,'2023-12-03 19:04:05','2023-12-03 19:04:05',NULL),(852,5604,860,797,NULL,0,NULL,'2023-12-03 22:30:03','2023-12-03 22:30:03',NULL),(853,5604,861,798,NULL,0,NULL,'2023-12-03 22:31:52','2023-12-03 22:31:52',NULL),(854,5604,862,799,NULL,0,NULL,'2023-12-03 22:34:04','2023-12-03 22:34:04',NULL),(855,5604,863,800,NULL,0,NULL,'2023-12-03 22:36:42','2023-12-03 22:36:42',NULL),(856,5604,864,801,NULL,0,NULL,'2023-12-03 22:39:07','2023-12-03 22:39:07',NULL),(857,5604,865,802,NULL,0,NULL,'2023-12-03 23:28:01','2023-12-03 23:28:01',NULL),(858,5604,866,803,NULL,0,NULL,'2023-12-03 23:28:55','2023-12-03 23:28:55',NULL),(859,5604,867,804,NULL,0,NULL,'2023-12-03 23:30:02','2023-12-03 23:30:02',NULL),(860,5604,868,805,NULL,0,NULL,'2023-12-03 23:32:55','2023-12-03 23:32:55',NULL),(861,5604,869,806,NULL,0,NULL,'2023-12-03 23:35:18','2023-12-03 23:35:18',NULL),(862,5604,870,807,NULL,0,NULL,'2023-12-03 23:39:00','2023-12-03 23:39:00',NULL),(863,5604,871,808,NULL,0,NULL,'2023-12-03 23:40:13','2023-12-03 23:40:13',NULL),(864,5604,872,809,NULL,0,NULL,'2023-12-03 23:42:42','2023-12-03 23:42:42',NULL),(865,5604,873,810,NULL,0,NULL,'2023-12-04 06:45:26','2023-12-04 06:45:26',NULL),(866,5604,874,811,NULL,0,NULL,'2023-12-04 06:46:09','2023-12-04 06:46:09',NULL),(867,5604,875,812,NULL,0,NULL,'2023-12-04 06:50:59','2023-12-04 06:54:43','2023-12-04 06:54:43'),(868,5604,876,813,NULL,0,NULL,'2023-12-04 06:52:58','2023-12-04 06:52:58',NULL),(869,5604,877,812,NULL,0,NULL,'2023-12-04 06:54:44','2023-12-04 06:54:44',NULL),(870,5604,878,745,NULL,0,NULL,'2023-12-04 19:43:22','2023-12-04 19:44:30','2023-12-04 19:44:30'),(871,5604,879,745,NULL,0,NULL,'2023-12-04 19:44:30','2024-06-12 19:43:00','2024-06-12 19:43:00'),(872,5604,880,744,NULL,0,NULL,'2023-12-04 19:45:41','2023-12-04 19:45:41',NULL),(873,5604,881,814,NULL,0,NULL,'2023-12-05 18:42:44','2023-12-05 18:42:44',NULL),(874,5604,882,815,NULL,0,NULL,'2023-12-05 20:47:01','2023-12-05 20:47:01',NULL),(875,5604,883,816,NULL,0,NULL,'2023-12-05 20:52:54','2023-12-05 20:52:54',NULL),(876,5604,884,817,NULL,0,NULL,'2023-12-05 20:55:28','2023-12-05 20:55:28',NULL),(877,5604,885,818,NULL,0,NULL,'2023-12-05 20:56:40','2023-12-05 20:56:40',NULL),(878,5604,886,819,NULL,0,NULL,'2023-12-05 20:58:17','2023-12-05 20:58:17',NULL),(879,5604,887,820,NULL,0,NULL,'2023-12-05 20:59:17','2023-12-05 20:59:17',NULL),(880,5604,888,821,NULL,0,NULL,'2023-12-05 21:05:44','2023-12-05 21:05:44',NULL),(881,5604,889,822,NULL,0,NULL,'2023-12-05 21:06:47','2023-12-05 21:06:47',NULL),(882,5604,890,823,NULL,0,NULL,'2023-12-05 21:16:03','2023-12-05 21:16:03',NULL),(883,5604,891,824,NULL,0,NULL,'2023-12-05 21:16:59','2023-12-05 21:16:59',NULL),(884,5604,892,825,NULL,0,NULL,'2023-12-05 21:19:06','2023-12-05 21:19:06',NULL),(885,5604,893,826,NULL,0,NULL,'2023-12-05 21:21:17','2023-12-05 21:21:17',NULL),(886,5604,894,827,NULL,0,NULL,'2023-12-05 21:22:37','2023-12-05 21:22:37',NULL),(887,5604,895,828,NULL,0,NULL,'2023-12-05 21:24:07','2023-12-05 21:24:07',NULL);
INSERT INTO `cta_cte_cliente_pivot_receipt` VALUES (888,5604,896,829,NULL,0,NULL,'2023-12-05 21:25:55','2023-12-05 21:25:55',NULL),(889,5604,897,830,NULL,0,NULL,'2023-12-22 12:30:48','2023-12-22 12:30:48',NULL),(890,5604,898,831,NULL,0,NULL,'2023-12-22 12:30:48','2023-12-22 12:30:48',NULL),(891,5604,899,832,NULL,0,NULL,'2023-12-22 12:30:48','2023-12-22 12:30:48',NULL),(892,5604,900,833,NULL,0,NULL,'2023-12-22 12:30:48','2023-12-22 12:30:48',NULL),(893,5604,901,834,NULL,0,NULL,'2023-12-22 12:30:48','2023-12-22 12:30:48',NULL),(894,5604,902,835,NULL,0,NULL,'2023-12-22 12:30:48','2023-12-22 12:30:48',NULL),(895,5604,903,836,NULL,0,NULL,'2023-12-22 12:30:48','2023-12-22 12:30:48',NULL),(896,5604,904,837,NULL,0,NULL,'2023-12-22 12:30:48','2023-12-22 12:30:48',NULL),(897,5604,905,838,NULL,0,NULL,'2023-12-22 12:30:48','2023-12-22 12:30:48',NULL),(898,5604,906,839,NULL,0,NULL,'2023-12-22 12:30:49','2023-12-22 12:30:49',NULL),(899,5604,907,840,NULL,0,NULL,'2023-12-22 12:30:49','2023-12-22 12:30:49',NULL),(900,5604,908,841,NULL,0,NULL,'2023-12-22 12:30:49','2023-12-22 12:30:49',NULL),(901,5604,909,842,NULL,0,NULL,'2023-12-22 12:30:49','2023-12-22 12:30:49',NULL),(902,5604,910,843,NULL,0,NULL,'2023-12-22 12:30:49','2023-12-22 12:30:49',NULL),(903,5604,911,844,NULL,0,NULL,'2023-12-22 12:30:49','2023-12-22 12:30:49',NULL),(904,5604,912,845,NULL,0,NULL,'2023-12-22 12:30:49','2023-12-22 12:30:49',NULL),(905,5604,913,846,NULL,0,NULL,'2023-12-22 12:30:49','2023-12-22 12:30:49',NULL),(906,5604,914,847,NULL,0,NULL,'2023-12-22 12:30:49','2023-12-22 12:30:49',NULL),(907,5604,915,848,NULL,0,NULL,'2023-12-22 12:30:49','2023-12-22 12:30:49',NULL),(908,5604,916,849,NULL,0,NULL,'2023-12-22 12:30:50','2023-12-22 12:30:50',NULL),(909,5604,917,850,NULL,0,NULL,'2023-12-22 12:30:50','2023-12-22 12:30:50',NULL),(910,5604,918,851,NULL,0,NULL,'2023-12-22 12:30:50','2023-12-22 12:30:50',NULL),(911,5604,919,852,NULL,0,NULL,'2023-12-22 12:30:50','2023-12-22 12:30:50',NULL),(912,5604,920,853,NULL,0,NULL,'2023-12-22 12:30:50','2023-12-22 12:30:50',NULL),(913,5604,921,854,NULL,0,NULL,'2023-12-22 12:30:50','2023-12-22 12:30:50',NULL),(914,5604,922,855,NULL,0,NULL,'2023-12-26 16:41:50','2023-12-26 16:41:50',NULL),(915,5604,923,856,NULL,0,NULL,'2023-12-26 16:45:04','2023-12-26 16:45:04',NULL),(916,5604,924,857,NULL,0,NULL,'2023-12-29 00:24:38','2023-12-29 00:24:38',NULL),(917,5604,925,858,NULL,0,NULL,'2023-12-29 00:27:33','2023-12-29 00:27:33',NULL),(918,5604,926,859,NULL,0,NULL,'2023-12-29 00:45:20','2023-12-29 00:45:20',NULL),(919,5604,927,860,NULL,0,NULL,'2023-12-29 00:48:28','2023-12-29 00:48:28',NULL),(920,5604,928,861,NULL,0,NULL,'2023-12-29 00:51:48','2023-12-29 00:51:48',NULL),(921,5604,929,862,NULL,0,NULL,'2023-12-29 00:54:49','2023-12-29 00:54:49',NULL),(922,5604,930,863,NULL,0,NULL,'2023-12-31 11:58:40','2023-12-31 11:58:40',NULL),(923,5604,931,864,NULL,0,NULL,'2023-12-31 12:06:25','2023-12-31 12:06:25',NULL),(924,5604,932,865,NULL,0,NULL,'2024-01-22 17:24:46','2024-01-22 17:24:46',NULL),(925,5604,933,866,NULL,0,NULL,'2024-01-22 17:24:46','2024-01-22 17:24:46',NULL),(926,5604,934,867,NULL,0,NULL,'2024-01-22 17:24:46','2024-01-22 17:24:46',NULL),(927,5604,935,868,NULL,0,NULL,'2024-01-22 17:24:46','2024-01-22 17:24:46',NULL),(928,5604,936,869,NULL,0,NULL,'2024-01-22 17:24:46','2024-01-22 17:24:46',NULL),(929,5604,937,870,NULL,0,NULL,'2024-01-22 17:24:46','2024-01-22 17:24:46',NULL),(930,5604,938,871,NULL,0,NULL,'2024-01-22 17:24:46','2024-01-22 17:24:46',NULL),(931,5604,939,872,NULL,0,NULL,'2024-01-22 17:24:46','2024-01-22 17:24:46',NULL),(932,5604,940,873,NULL,0,NULL,'2024-01-22 17:24:46','2024-01-22 17:24:46',NULL),(933,5604,941,874,NULL,0,NULL,'2024-01-22 17:24:46','2024-01-22 17:24:46',NULL),(934,5604,942,875,NULL,0,NULL,'2024-01-22 17:24:47','2024-01-22 17:24:47',NULL),(935,5604,943,876,NULL,0,NULL,'2024-01-22 17:24:47','2024-01-22 17:24:47',NULL),(936,5604,944,877,NULL,0,NULL,'2024-01-22 17:24:47','2024-01-22 17:24:47',NULL);
INSERT INTO `cta_cte_cliente_pivot_receipt` VALUES (937,5604,945,878,NULL,0,NULL,'2024-01-22 17:24:47','2024-01-22 17:24:47',NULL),(938,5604,946,879,NULL,0,NULL,'2024-01-22 17:24:47','2024-01-22 17:24:47',NULL),(939,5604,947,880,NULL,0,NULL,'2024-01-22 17:24:47','2024-01-22 17:24:47',NULL),(940,5604,948,881,NULL,0,NULL,'2024-01-22 17:24:47','2024-01-22 17:24:47',NULL),(941,5604,949,882,NULL,0,NULL,'2024-01-22 17:24:47','2024-01-22 17:24:47',NULL),(942,5604,950,883,NULL,0,NULL,'2024-01-22 17:24:47','2024-01-22 17:24:47',NULL),(943,5604,951,884,NULL,0,NULL,'2024-01-22 17:24:47','2024-01-22 17:24:47',NULL),(944,5604,952,885,NULL,0,NULL,'2024-01-22 17:24:47','2024-01-22 17:24:47',NULL),(945,5604,953,886,NULL,0,NULL,'2024-01-22 17:24:47','2024-01-22 17:24:47',NULL),(946,5604,954,887,NULL,0,NULL,'2024-01-22 17:24:47','2024-01-22 17:24:47',NULL),(947,5604,955,888,NULL,0,NULL,'2024-01-28 13:22:23','2024-01-28 13:22:23',NULL),(948,5604,956,889,NULL,0,NULL,'2024-01-28 13:28:10','2024-01-28 13:28:10',NULL),(949,5604,957,890,NULL,0,NULL,'2024-01-28 13:53:56','2024-01-28 13:57:10','2024-01-28 13:57:10'),(950,5604,958,890,NULL,0,NULL,'2024-01-28 13:57:10','2024-01-28 14:00:59','2024-01-28 14:00:59'),(951,5604,959,890,NULL,0,NULL,'2024-01-28 14:00:59','2024-01-28 14:05:58','2024-01-28 14:05:58'),(952,5604,960,890,NULL,0,NULL,'2024-01-28 14:05:58','2024-01-28 14:07:58','2024-01-28 14:07:58'),(953,5604,961,890,NULL,0,NULL,'2024-01-28 14:07:58','2024-01-28 14:10:29','2024-01-28 14:10:29'),(954,5604,962,890,NULL,0,NULL,'2024-01-28 14:10:29','2024-01-28 14:15:36','2024-01-28 14:15:36'),(955,5604,963,890,NULL,0,NULL,'2024-01-28 14:15:36','2024-01-28 14:20:21','2024-01-28 14:20:21'),(956,5604,964,890,NULL,0,NULL,'2024-01-28 14:20:21','2024-01-28 15:33:19','2024-01-28 15:33:19'),(957,5604,965,890,NULL,0,NULL,'2024-01-28 15:33:19','2024-01-28 15:34:36','2024-01-28 15:34:36'),(958,5604,966,890,NULL,0,NULL,'2024-01-28 15:34:36','2024-01-28 15:35:55','2024-01-28 15:35:55'),(959,5604,967,890,NULL,0,NULL,'2024-01-28 15:35:55','2024-01-28 15:37:51','2024-01-28 15:37:51'),(960,5604,968,890,NULL,0,NULL,'2024-01-28 15:37:51','2024-01-28 15:39:14','2024-01-28 15:39:14'),(961,5604,969,890,NULL,0,NULL,'2024-01-28 15:39:14','2024-01-28 15:40:33','2024-01-28 15:40:33'),(962,5604,970,890,NULL,0,NULL,'2024-01-28 15:40:33','2024-01-28 15:42:15','2024-01-28 15:42:15'),(963,5604,971,890,NULL,0,NULL,'2024-01-28 15:42:15','2024-01-28 15:43:20','2024-01-28 15:43:20'),(964,5604,972,890,NULL,0,NULL,'2024-01-28 15:43:20','2024-01-28 15:45:46','2024-01-28 15:45:46'),(965,5604,973,890,NULL,0,NULL,'2024-01-28 15:45:46','2024-01-28 15:47:20','2024-01-28 15:47:20'),(966,5604,974,890,NULL,0,NULL,'2024-01-28 15:47:20','2024-01-28 15:50:11','2024-01-28 15:50:11'),(967,5604,975,890,NULL,0,NULL,'2024-01-28 15:50:11','2024-01-28 15:51:26','2024-01-28 15:51:26'),(968,5604,976,890,NULL,0,NULL,'2024-01-28 15:51:26','2024-01-28 15:51:26',NULL),(969,5604,977,891,NULL,0,NULL,'2024-05-15 02:16:31','2024-05-15 02:16:31',NULL),(970,5604,978,892,NULL,0,NULL,'2024-05-15 02:17:31','2024-05-15 02:17:31',NULL),(971,5604,979,893,NULL,0,NULL,'2024-05-15 02:24:25','2024-05-15 02:24:25',NULL),(972,5604,980,894,NULL,0,NULL,'2024-05-15 02:26:59','2024-05-15 02:26:59',NULL),(973,5604,981,895,NULL,0,NULL,'2024-05-15 02:33:25','2024-05-15 02:33:25',NULL),(974,5604,982,896,NULL,0,NULL,'2024-05-15 02:43:03','2024-05-15 02:43:03',NULL),(975,5604,983,897,NULL,0,NULL,'2024-05-15 02:46:42','2024-06-17 10:34:27','2024-06-17 10:34:27'),(976,5604,984,743,NULL,0,NULL,'2024-06-09 22:04:13','2024-06-09 22:11:03','2024-06-09 22:11:03'),(977,5604,985,743,NULL,0,NULL,'2024-06-09 22:11:03','2024-06-12 19:41:46','2024-06-12 19:41:46'),(978,5604,986,743,NULL,0,NULL,'2024-06-12 19:41:46','2024-06-12 19:41:46',NULL),(979,5604,987,745,NULL,0,NULL,'2024-06-12 19:43:00','2024-06-12 19:53:03','2024-06-12 19:53:03'),(980,5604,988,745,NULL,0,NULL,'2024-06-12 19:53:03','2024-06-12 19:53:03',NULL),(981,5604,989,897,NULL,0,NULL,'2024-06-17 10:34:27','2024-06-17 10:34:27',NULL);
INSERT INTO `cta_cte_cliente_pivot_receipt` VALUES (982,5604,990,898,NULL,0,NULL,'2024-06-17 21:51:08','2024-06-17 21:51:08',NULL),(983,5604,991,899,NULL,0,NULL,'2024-06-17 21:51:08','2024-06-17 21:51:08',NULL),(984,5604,992,900,NULL,0,NULL,'2024-06-17 21:51:08','2024-06-17 21:51:08',NULL),(985,5604,993,901,NULL,0,NULL,'2024-06-17 21:51:08','2024-06-17 21:51:08',NULL),(986,5604,994,902,NULL,0,NULL,'2024-06-17 21:51:08','2024-06-17 21:51:08',NULL),(987,5604,995,903,NULL,0,NULL,'2024-06-17 21:51:08','2024-06-17 21:51:08',NULL),(988,5604,996,904,NULL,0,NULL,'2024-06-17 21:51:08','2024-06-17 21:51:08',NULL),(989,5604,997,905,NULL,0,NULL,'2024-06-17 21:51:08','2024-06-17 21:51:08',NULL),(990,5604,998,906,NULL,0,NULL,'2024-06-17 21:51:08','2024-06-17 21:51:08',NULL),(991,5604,999,907,NULL,0,NULL,'2024-06-17 21:51:08','2024-06-17 21:51:08',NULL),(992,5604,1000,908,NULL,0,NULL,'2024-06-17 21:51:08','2024-06-17 21:51:08',NULL),(993,5604,1001,909,NULL,0,NULL,'2024-06-17 21:51:08','2024-06-17 21:51:08',NULL),(994,5604,1002,910,NULL,0,NULL,'2024-06-17 21:51:08','2024-06-17 21:51:08',NULL),(995,5604,1003,911,NULL,0,NULL,'2024-06-17 21:51:08','2024-06-17 21:51:08',NULL),(996,5604,1004,912,NULL,0,NULL,'2024-06-17 21:51:09','2024-06-17 21:51:09',NULL),(997,5604,1005,913,NULL,0,NULL,'2024-06-17 21:57:26','2024-06-17 21:57:26',NULL),(998,5604,1006,914,NULL,0,NULL,'2024-06-17 21:57:26','2024-06-17 21:57:26',NULL),(999,5604,1007,915,NULL,0,NULL,'2024-06-17 21:57:26','2024-06-17 21:57:26',NULL),(1000,5604,1008,916,NULL,0,NULL,'2024-06-17 21:57:26','2024-06-17 21:57:26',NULL),(1001,5604,1009,917,NULL,0,NULL,'2024-06-17 21:57:26','2024-06-17 21:57:26',NULL),(1002,5604,1010,918,NULL,0,NULL,'2024-06-17 21:57:26','2024-06-17 21:57:26',NULL),(1003,5604,1011,919,NULL,0,NULL,'2024-06-17 21:57:26','2024-06-17 21:57:26',NULL),(1004,5604,1012,920,NULL,0,NULL,'2024-06-17 21:57:26','2024-06-17 21:57:26',NULL),(1005,5604,1013,921,NULL,0,NULL,'2024-06-17 21:57:26','2024-06-17 21:57:26',NULL),(1006,5604,1014,922,NULL,0,NULL,'2024-06-17 21:57:26','2024-06-17 21:57:26',NULL),(1007,5604,1015,923,NULL,0,NULL,'2024-06-17 21:57:26','2024-06-17 21:57:26',NULL),(1008,5604,1016,924,NULL,0,NULL,'2024-06-17 21:57:27','2024-06-17 21:57:27',NULL),(1009,5604,1017,925,NULL,0,NULL,'2024-06-17 21:57:27','2024-06-17 21:57:27',NULL),(1010,5604,1018,926,NULL,0,NULL,'2024-06-17 21:57:27','2024-06-17 21:57:27',NULL),(1011,5604,1019,927,NULL,0,NULL,'2024-06-17 21:57:27','2024-06-17 21:57:27',NULL),(1012,5604,1020,928,NULL,0,NULL,'2024-06-17 21:57:27','2024-06-17 21:57:27',NULL),(1013,5604,1021,929,NULL,0,NULL,'2024-06-17 21:57:27','2024-06-17 21:57:27',NULL),(1014,5604,1022,930,NULL,0,NULL,'2024-06-17 21:57:27','2024-06-17 21:57:27',NULL),(1015,5604,1023,931,NULL,0,NULL,'2024-06-17 21:57:27','2024-06-17 21:57:27',NULL),(1016,5604,1024,932,NULL,0,NULL,'2024-06-17 21:58:39','2024-06-17 21:58:39',NULL),(1017,5604,1025,933,NULL,0,NULL,'2024-06-17 21:58:39','2024-06-17 21:58:39',NULL),(1018,5604,1026,934,NULL,0,NULL,'2024-06-17 21:58:39','2024-06-17 21:58:39',NULL),(1019,5604,1027,935,NULL,0,NULL,'2024-06-17 21:58:39','2024-06-17 21:58:39',NULL),(1020,5604,1028,936,NULL,0,NULL,'2024-06-17 21:58:39','2024-06-17 21:58:39',NULL),(1021,5604,1029,937,NULL,0,NULL,'2024-06-17 21:58:39','2024-06-17 21:58:39',NULL),(1022,5604,1030,938,NULL,0,NULL,'2024-06-17 21:58:40','2024-06-17 21:58:40',NULL),(1023,5604,1031,939,NULL,0,NULL,'2024-06-17 21:58:40','2024-06-17 21:58:40',NULL),(1024,5604,1032,940,NULL,0,NULL,'2024-06-17 21:58:40','2024-06-17 21:58:40',NULL),(1025,5604,1033,941,NULL,0,NULL,'2024-06-17 21:58:40','2024-06-17 21:58:40',NULL),(1026,5604,1034,942,NULL,0,NULL,'2024-06-17 21:58:40','2024-06-17 21:58:40',NULL),(1027,5604,1035,943,NULL,0,NULL,'2024-06-17 21:58:40','2024-06-17 21:58:40',NULL),(1028,5604,1036,944,NULL,0,NULL,'2024-06-17 21:58:40','2024-06-17 21:58:40',NULL),(1029,5604,1037,945,NULL,0,NULL,'2024-06-17 21:58:40','2024-06-17 21:58:40',NULL),(1030,5604,1038,946,NULL,0,NULL,'2024-06-17 21:58:40','2024-06-17 21:58:40',NULL);
INSERT INTO `cta_cte_cliente_pivot_receipt` VALUES (1031,5604,1039,947,NULL,0,NULL,'2024-06-17 21:58:40','2024-06-17 21:58:40',NULL),(1032,5604,1040,948,NULL,0,NULL,'2024-06-17 21:58:40','2024-06-17 21:58:40',NULL),(1033,5604,1041,949,NULL,0,NULL,'2024-06-17 21:58:40','2024-06-17 21:58:40',NULL),(1034,5604,1042,950,NULL,0,NULL,'2024-06-17 22:00:24','2024-06-17 22:00:24',NULL),(1035,5604,1043,951,NULL,0,NULL,'2024-06-17 22:00:24','2024-06-17 22:00:24',NULL),(1036,5604,1044,952,NULL,0,NULL,'2024-06-17 22:00:25','2024-06-17 22:00:25',NULL),(1037,5604,1045,953,NULL,0,NULL,'2024-06-17 22:00:25','2024-06-17 22:00:25',NULL),(1038,5604,1046,954,NULL,0,NULL,'2024-06-17 22:00:25','2024-06-17 22:00:25',NULL),(1039,5604,1047,955,NULL,0,NULL,'2024-06-17 22:00:25','2024-06-17 22:00:25',NULL),(1040,5604,1048,956,NULL,0,NULL,'2024-06-17 22:00:25','2024-06-17 22:00:25',NULL),(1041,5604,1049,957,NULL,0,NULL,'2024-06-17 22:00:25','2024-06-17 22:00:25',NULL),(1042,5604,1050,958,NULL,0,NULL,'2024-06-17 22:00:25','2024-06-17 22:00:25',NULL),(1043,5604,1051,959,NULL,0,NULL,'2024-06-17 22:00:25','2024-06-17 22:00:25',NULL),(1044,5604,1052,960,NULL,0,NULL,'2024-06-17 22:00:25','2024-06-17 22:00:25',NULL),(1045,5604,1053,961,NULL,0,NULL,'2024-06-17 22:00:25','2024-06-17 22:00:25',NULL),(1046,5604,1054,962,NULL,0,NULL,'2024-06-17 22:00:25','2024-06-17 22:00:25',NULL),(1047,5604,1055,963,NULL,0,NULL,'2024-06-17 22:01:57','2024-06-17 22:01:57',NULL),(1048,5604,1056,964,NULL,0,NULL,'2024-06-17 22:01:57','2024-06-17 22:01:57',NULL),(1049,5604,1057,965,NULL,0,NULL,'2024-06-17 22:01:57','2024-06-17 22:01:57',NULL),(1050,5604,1058,966,NULL,0,NULL,'2024-06-17 22:01:57','2024-06-17 22:01:57',NULL),(1051,5604,1059,967,NULL,0,NULL,'2024-06-17 22:01:57','2024-06-17 22:01:57',NULL),(1052,5604,1060,968,NULL,0,NULL,'2024-06-17 22:01:57','2024-06-17 22:01:57',NULL),(1053,5604,1061,969,NULL,0,NULL,'2024-06-17 22:01:57','2024-06-17 22:01:57',NULL),(1054,5604,1062,970,NULL,0,NULL,'2024-06-17 22:01:57','2024-06-17 22:01:57',NULL),(1055,5604,1063,971,NULL,0,NULL,'2024-06-17 22:01:57','2024-06-17 22:01:57',NULL),(1056,5604,1064,972,NULL,0,NULL,'2024-06-17 22:23:07','2024-06-17 22:23:07',NULL),(1057,5604,1065,973,NULL,0,NULL,'2024-06-17 22:27:02','2024-06-17 22:27:02',NULL),(1058,5604,1066,974,NULL,0,NULL,'2024-06-17 22:28:22','2024-06-17 22:28:22',NULL),(1059,5604,1067,975,NULL,0,NULL,'2024-06-17 22:34:46','2024-06-17 22:34:46',NULL),(1060,5604,1068,976,NULL,0,NULL,'2024-06-17 22:42:19','2024-06-17 22:42:19',NULL),(1061,5604,1069,977,NULL,0,NULL,'2024-06-26 23:18:09','2024-06-26 23:18:09',NULL),(1062,5604,1070,978,NULL,0,NULL,'2024-06-26 23:21:34','2024-06-26 23:21:34',NULL),(1063,5604,1071,979,NULL,0,NULL,'2024-06-26 23:29:24','2024-06-26 23:29:24',NULL),(1064,5604,1072,980,NULL,0,NULL,'2024-06-26 23:30:25','2024-06-26 23:30:25',NULL),(1065,5604,1073,981,NULL,0,NULL,'2024-06-26 23:31:46','2024-06-26 23:31:46',NULL),(1066,5604,1074,982,NULL,0,NULL,'2024-06-26 23:35:17','2024-06-26 23:35:17',NULL),(1067,5604,1075,983,NULL,0,NULL,'2024-06-26 23:36:06','2024-06-26 23:36:06',NULL),(1068,5604,1076,984,NULL,0,NULL,'2024-06-26 23:38:23','2024-06-26 23:38:23',NULL),(1069,5604,1077,985,NULL,0,NULL,'2024-06-26 23:39:09','2024-06-26 23:39:09',NULL),(1070,5604,1078,986,NULL,0,NULL,'2024-06-26 23:43:33','2024-06-26 23:43:33',NULL),(1071,5604,1079,987,NULL,0,NULL,'2024-06-26 23:45:30','2024-06-26 23:45:30',NULL),(1072,5604,1080,988,NULL,0,NULL,'2024-06-26 23:48:35','2024-06-26 23:48:35',NULL),(1073,5604,1081,989,NULL,0,NULL,'2024-06-26 23:50:27','2024-06-26 23:50:27',NULL),(1074,5604,1082,990,NULL,0,NULL,'2024-06-26 23:52:13','2024-06-26 23:52:13',NULL),(1075,5604,1083,991,NULL,0,NULL,'2024-06-26 23:53:35','2024-06-26 23:53:35',NULL),(1076,5604,1084,992,NULL,0,NULL,'2024-06-26 23:54:23','2024-06-26 23:54:23',NULL),(1077,5604,1085,993,NULL,0,NULL,'2024-06-26 23:55:28','2024-06-26 23:55:28',NULL),(1078,5604,1086,994,NULL,0,NULL,'2024-06-26 23:57:07','2024-06-26 23:57:07',NULL);
INSERT INTO `cta_cte_cliente_pivot_receipt` VALUES (1079,5604,1087,995,NULL,0,NULL,'2024-06-27 00:03:54','2024-06-27 00:03:54',NULL),(1080,5604,1088,996,NULL,0,NULL,'2024-06-27 00:08:46','2024-06-27 00:08:46',NULL),(1081,5604,1089,997,NULL,0,NULL,'2024-06-27 00:09:47','2024-06-27 00:09:47',NULL),(1082,5604,1090,998,NULL,0,NULL,'2024-06-27 00:13:06','2024-06-27 00:23:20','2024-06-27 00:23:20'),(1083,5604,1091,999,NULL,0,NULL,'2024-06-27 00:15:08','2024-06-27 00:15:08',NULL),(1084,5604,1092,1000,NULL,0,NULL,'2024-06-27 00:19:11','2024-06-27 00:25:58','2024-06-27 00:25:58'),(1085,5604,1093,998,NULL,0,NULL,'2024-06-27 00:23:20','2024-06-27 00:23:20',NULL),(1086,5604,1094,1000,NULL,0,NULL,'2024-06-27 00:25:58','2024-06-27 00:25:58',NULL),(1087,5604,1095,1001,NULL,0,NULL,'2024-06-27 00:35:55','2024-06-27 00:35:55',NULL),(1088,5604,1096,1002,NULL,0,NULL,'2024-06-27 00:37:05','2024-06-27 00:37:05',NULL),(1089,5604,1097,1003,NULL,0,NULL,'2024-06-27 00:38:15','2024-06-27 00:38:15',NULL),(1090,5604,1098,1004,NULL,0,NULL,'2024-06-27 00:39:45','2024-06-27 00:39:45',NULL),(1091,5604,1099,1005,NULL,0,NULL,'2024-06-27 00:41:07','2024-06-27 00:41:07',NULL),(1092,5604,1100,1006,NULL,0,NULL,'2024-06-27 00:41:56','2024-06-27 00:41:56',NULL),(1093,5604,1101,1007,NULL,0,NULL,'2024-06-27 00:42:52','2024-06-27 00:42:52',NULL),(1094,5604,1102,1008,NULL,0,NULL,'2024-06-27 01:02:51','2024-06-27 01:02:51',NULL),(1095,5604,1103,1009,NULL,0,NULL,'2024-06-27 01:04:45','2024-06-27 01:04:45',NULL),(1096,5604,1104,1010,NULL,0,NULL,'2024-06-27 01:06:02','2024-06-27 01:06:02',NULL),(1097,5604,1105,1011,NULL,0,NULL,'2024-06-27 01:06:54','2024-06-27 01:06:54',NULL),(1098,5604,1106,1012,NULL,0,NULL,'2024-06-27 01:07:43','2024-06-27 01:07:43',NULL),(1099,5604,1107,1013,NULL,0,NULL,'2024-06-27 01:08:45','2024-06-27 01:08:45',NULL),(1100,5604,1108,1014,NULL,0,NULL,'2024-06-27 01:09:42','2024-06-27 01:09:42',NULL),(1101,5604,1109,1015,NULL,0,NULL,'2024-06-27 01:11:12','2024-06-27 01:11:12',NULL),(1102,5604,1110,1016,NULL,0,NULL,'2024-06-27 01:11:54','2024-06-27 01:11:54',NULL),(1103,5604,1111,1017,NULL,0,NULL,'2024-06-27 01:13:07','2024-06-27 01:13:07',NULL),(1104,5604,1112,1018,NULL,0,NULL,'2024-06-27 01:15:27','2024-06-27 01:15:27',NULL),(1105,5604,1113,1019,NULL,0,NULL,'2024-06-27 01:17:07','2024-06-27 01:17:07',NULL),(1106,5604,1114,1020,NULL,0,NULL,'2024-06-27 01:19:01','2024-06-27 01:19:01',NULL),(1107,5604,1115,1021,NULL,0,NULL,'2024-06-27 01:22:43','2024-06-27 01:22:43',NULL),(1108,5604,1116,1022,NULL,0,NULL,'2024-06-27 01:23:30','2024-06-27 01:23:30',NULL),(1109,5604,1117,1023,NULL,0,NULL,'2024-06-27 01:24:47','2024-06-27 01:24:47',NULL),(1110,5604,1118,1024,NULL,0,NULL,'2024-06-27 01:25:36','2024-06-27 01:25:36',NULL),(1111,5604,1119,1025,NULL,0,NULL,'2024-06-27 01:26:38','2024-06-27 01:26:38',NULL),(1112,5604,1120,1026,NULL,0,NULL,'2024-06-27 01:27:35','2024-06-27 01:27:35',NULL),(1113,5604,1121,1027,NULL,0,NULL,'2024-06-27 01:28:48','2024-06-27 01:28:48',NULL),(1114,5604,1122,1028,NULL,0,NULL,'2024-06-27 01:29:28','2024-06-27 01:29:28',NULL),(1115,5604,1123,1029,NULL,0,NULL,'2024-06-27 01:30:17','2024-06-27 01:30:17',NULL),(1116,5604,1124,1030,NULL,0,NULL,'2024-06-27 01:31:23','2024-06-27 01:31:23',NULL),(1117,5604,1125,1031,NULL,0,NULL,'2024-06-27 01:32:14','2024-06-27 01:32:14',NULL),(1118,5604,1126,1032,NULL,0,NULL,'2024-06-27 01:33:34','2024-06-27 01:33:34',NULL),(1119,5604,1127,1033,NULL,0,NULL,'2024-06-27 01:34:47','2024-06-27 01:34:47',NULL),(1120,5604,1128,1034,NULL,0,NULL,'2024-06-27 01:35:34','2024-06-27 01:35:34',NULL),(1121,5604,1129,1035,NULL,0,NULL,'2024-06-27 01:36:17','2024-06-27 01:36:17',NULL),(1122,5604,1130,1036,NULL,0,NULL,'2024-06-27 01:50:08','2024-06-27 01:50:08',NULL),(1123,5604,1131,1037,NULL,0,NULL,'2024-06-27 01:52:38','2024-06-27 01:52:38',NULL),(1124,5604,1132,1038,NULL,0,NULL,'2024-06-27 01:54:09','2024-06-27 01:54:09',NULL),(1125,5604,1133,1039,NULL,0,NULL,'2024-06-27 01:55:31','2024-06-27 01:55:31',NULL);
INSERT INTO `cta_cte_cliente_pivot_receipt` VALUES (1126,5604,1134,1040,NULL,0,NULL,'2024-06-27 01:56:57','2024-06-27 01:56:57',NULL),(1127,5604,1135,1041,NULL,0,NULL,'2024-06-27 01:59:06','2024-06-27 01:59:06',NULL),(1128,5604,1136,1042,NULL,0,NULL,'2024-06-27 02:02:12','2024-06-27 02:02:12',NULL),(1129,5604,1137,1043,NULL,0,NULL,'2024-06-27 02:04:17','2024-06-27 02:04:17',NULL),(1130,5604,1138,1044,NULL,0,NULL,'2024-06-27 02:05:53','2024-06-27 02:05:53',NULL),(1131,5604,1139,1045,NULL,0,NULL,'2024-06-27 02:06:55','2024-06-27 02:06:55',NULL),(1132,5604,1140,1046,NULL,0,NULL,'2024-06-27 02:09:22','2024-06-27 02:09:22',NULL),(1133,5604,1141,1047,NULL,0,NULL,'2024-06-27 02:11:19','2024-06-27 02:11:19',NULL),(1134,5604,1142,1048,NULL,0,NULL,'2024-06-27 02:12:27','2024-06-27 02:12:27',NULL),(1135,5604,1143,1049,NULL,0,NULL,'2024-06-27 02:13:36','2024-06-27 02:13:36',NULL),(1136,5604,1144,1050,NULL,0,NULL,'2024-06-27 02:14:56','2024-06-27 02:14:56',NULL),(1137,5604,1145,1051,NULL,0,NULL,'2024-06-27 02:16:25','2024-06-27 02:16:25',NULL),(1138,5604,1146,1052,NULL,0,NULL,'2024-06-27 02:18:14','2024-06-27 02:18:14',NULL),(1139,5604,1147,1053,NULL,0,NULL,'2024-06-27 02:20:11','2024-06-27 02:20:11',NULL),(1140,5604,1148,1054,NULL,0,NULL,'2024-06-27 02:21:26','2024-06-27 02:21:26',NULL),(1141,5604,1149,1055,NULL,0,NULL,'2024-06-27 02:22:17','2024-06-27 02:22:17',NULL),(1142,5604,1150,1056,NULL,0,NULL,'2024-06-27 02:24:39','2024-06-27 02:24:39',NULL),(1143,5604,1151,1057,NULL,0,NULL,'2024-06-27 02:26:06','2024-06-27 02:26:06',NULL),(1144,5604,1152,1058,NULL,0,NULL,'2024-06-27 02:27:57','2024-06-27 02:27:57',NULL),(1145,5604,1153,1059,NULL,0,NULL,'2024-06-27 02:31:19','2024-06-27 02:31:19',NULL),(1146,5604,1154,1060,NULL,0,NULL,'2024-06-27 02:39:57','2024-06-27 02:39:57',NULL),(1147,5604,1155,1061,NULL,0,NULL,'2024-06-27 02:41:24','2024-06-27 02:41:24',NULL),(1148,5604,1156,1062,NULL,0,NULL,'2024-06-27 02:42:53','2024-06-27 02:42:53',NULL),(1149,5604,1157,1063,NULL,0,NULL,'2024-06-27 02:44:52','2024-06-27 02:44:52',NULL),(1150,5604,1158,1064,NULL,0,NULL,'2024-06-27 02:47:01','2024-06-27 02:47:01',NULL),(1151,5604,1159,1065,NULL,0,NULL,'2024-07-02 16:24:30','2024-07-02 16:24:30',NULL),(1152,5604,1160,1066,NULL,0,NULL,'2024-07-02 16:27:13','2024-07-02 16:27:13',NULL),(1153,5604,1161,1067,NULL,0,NULL,'2024-07-02 16:29:15','2024-07-02 16:29:15',NULL),(1154,5604,1162,1068,NULL,0,NULL,'2024-07-02 16:31:07','2024-07-02 16:31:07',NULL),(1155,5604,1163,1069,NULL,0,NULL,'2024-07-02 16:32:19','2024-07-02 16:32:19',NULL),(1156,5604,1164,1070,NULL,0,NULL,'2024-07-02 16:34:08','2024-07-02 16:34:08',NULL),(1157,5604,1165,1071,NULL,0,NULL,'2024-07-02 16:36:40','2024-07-02 16:36:40',NULL),(1158,5604,1166,1072,NULL,0,NULL,'2024-07-02 16:50:16','2024-07-02 16:50:16',NULL),(1159,5604,1167,1073,NULL,0,NULL,'2024-07-02 17:25:03','2024-07-02 17:25:03',NULL),(1160,5604,1168,1074,NULL,0,NULL,'2024-07-02 17:28:51','2024-07-02 17:28:51',NULL),(1161,5604,1169,1075,NULL,0,NULL,'2024-07-02 17:29:58','2024-07-02 17:29:58',NULL),(1162,5604,1170,1076,NULL,0,NULL,'2024-07-02 17:32:05','2024-07-02 17:32:05',NULL),(1163,5604,1171,1077,NULL,0,NULL,'2024-07-02 17:33:17','2024-07-02 17:33:17',NULL),(1164,5604,1172,1078,NULL,0,NULL,'2024-07-02 17:36:38','2024-07-02 17:36:38',NULL),(1165,5604,1173,1079,NULL,0,NULL,'2024-07-02 17:39:03','2024-07-02 17:39:03',NULL),(1166,5604,1174,1080,NULL,0,NULL,'2024-07-02 17:41:14','2024-07-02 17:41:14',NULL),(1167,5604,1175,1095,NULL,0,NULL,'2024-07-26 20:48:44','2024-07-26 20:48:44',NULL),(1168,5604,1176,1096,NULL,0,NULL,'2024-07-26 20:48:44','2024-07-26 20:48:44',NULL),(1169,5604,1177,1097,NULL,0,NULL,'2024-07-26 20:48:44','2024-07-26 20:48:44',NULL),(1170,5604,1178,1098,NULL,0,NULL,'2024-07-26 20:48:44','2024-07-26 20:48:44',NULL),(1171,5604,1179,1099,NULL,0,NULL,'2024-07-26 20:48:44','2024-07-26 20:48:44',NULL),(1172,5604,1180,1100,NULL,0,NULL,'2024-07-26 20:48:44','2024-07-26 20:48:44',NULL),(1173,5604,1181,1101,NULL,0,NULL,'2024-07-26 20:48:44','2024-07-26 20:48:44',NULL);
INSERT INTO `cta_cte_cliente_pivot_receipt` VALUES (1174,5604,1182,1102,NULL,0,NULL,'2024-07-26 20:48:44','2024-07-26 20:48:44',NULL),(1175,5604,1183,1103,NULL,0,NULL,'2024-07-26 20:48:44','2024-07-26 20:48:44',NULL),(1176,5604,1184,1104,NULL,0,NULL,'2024-07-26 20:48:45','2024-07-26 20:48:45',NULL),(1177,5604,1185,1105,NULL,0,NULL,'2024-07-26 20:48:45','2024-07-26 20:48:45',NULL),(1178,5604,1186,1106,NULL,0,NULL,'2024-07-26 20:48:45','2024-07-26 20:48:45',NULL),(1179,5604,1187,1107,NULL,0,NULL,'2024-07-26 20:48:45','2024-07-26 20:48:45',NULL),(1180,5604,1188,1108,NULL,0,NULL,'2024-07-26 20:48:45','2024-07-26 20:48:45',NULL),(1181,5604,1189,1109,NULL,0,NULL,'2024-07-26 20:48:45','2024-07-26 20:48:45',NULL),(1182,5604,1190,1110,NULL,0,NULL,'2024-07-26 20:48:45','2024-07-26 20:48:45',NULL),(1183,5604,1191,1111,NULL,0,NULL,'2024-07-26 20:48:45','2024-07-26 20:48:45',NULL),(1184,5604,1192,1112,NULL,0,NULL,'2024-07-26 20:48:45','2024-07-26 20:48:45',NULL),(1185,5604,1193,1113,NULL,0,NULL,'2024-07-26 20:48:45','2024-07-26 20:48:45',NULL),(1186,5604,1194,1114,NULL,0,NULL,'2024-07-26 22:15:35','2024-07-26 22:15:35',NULL),(1187,5604,1195,1115,NULL,0,NULL,'2024-07-26 22:44:59','2024-07-26 22:44:59',NULL),(1188,5604,1196,1116,NULL,0,NULL,'2024-07-26 22:47:00','2024-07-26 22:47:00',NULL),(1189,5604,1197,1117,NULL,0,NULL,'2024-07-26 22:49:20','2024-07-26 22:49:20',NULL),(1190,5604,1198,1118,NULL,0,NULL,'2024-07-26 22:53:08','2024-07-26 22:53:08',NULL),(1191,5604,1199,1119,NULL,0,NULL,'2024-07-26 22:54:30','2024-07-26 22:54:30',NULL),(1192,5604,1200,1120,NULL,0,NULL,'2024-07-26 22:57:46','2024-07-26 22:57:46',NULL),(1193,5604,1201,1121,NULL,0,NULL,'2024-07-26 22:59:39','2024-07-26 22:59:39',NULL),(1194,5604,1202,1122,NULL,0,NULL,'2024-07-26 23:00:54','2024-07-26 23:00:54',NULL),(1195,5604,1203,1123,NULL,0,NULL,'2024-07-26 23:03:24','2024-07-26 23:03:24',NULL),(1196,5604,1204,1124,NULL,0,NULL,'2024-07-26 23:06:32','2024-07-26 23:06:32',NULL),(1197,5604,1205,1125,NULL,0,NULL,'2024-07-28 00:10:14','2024-07-28 00:10:14',NULL),(1198,5604,1206,1126,NULL,0,NULL,'2024-07-28 00:10:14','2024-07-28 00:10:14',NULL),(1199,5604,1207,1127,NULL,0,NULL,'2024-07-28 00:10:14','2024-07-28 00:10:14',NULL),(1200,5604,1208,1128,NULL,0,NULL,'2024-07-28 00:10:14','2024-07-28 00:10:14',NULL),(1201,5604,1209,1129,NULL,0,NULL,'2024-07-28 00:10:14','2024-07-28 00:10:14',NULL),(1202,5604,1210,1130,NULL,0,NULL,'2024-07-28 00:10:14','2024-07-28 00:10:14',NULL),(1203,5604,1211,1131,NULL,0,NULL,'2024-07-28 00:10:14','2024-07-28 00:10:14',NULL),(1204,5604,1212,1132,NULL,0,NULL,'2024-07-28 00:10:14','2024-07-28 00:10:14',NULL),(1205,5604,1213,1133,NULL,0,NULL,'2024-07-28 00:10:14','2024-07-28 00:10:14',NULL),(1206,5604,1214,1134,NULL,0,NULL,'2024-07-28 00:10:15','2024-07-28 00:10:15',NULL),(1207,5604,1215,1135,NULL,0,NULL,'2024-07-28 00:10:15','2024-07-28 00:10:15',NULL),(1208,5604,1216,1136,NULL,0,NULL,'2024-07-28 00:10:15','2024-07-28 00:10:15',NULL),(1209,5604,1217,1137,NULL,0,NULL,'2024-07-28 00:10:15','2024-07-28 00:10:15',NULL),(1210,5604,1218,1138,NULL,0,NULL,'2024-07-28 00:10:15','2024-07-28 00:10:15',NULL),(1211,5604,1219,1139,NULL,0,NULL,'2024-07-28 00:10:15','2024-07-28 00:10:15',NULL),(1212,5604,1220,1140,NULL,0,NULL,'2024-07-28 00:10:15','2024-07-28 00:10:15',NULL),(1213,5604,1221,1141,NULL,0,NULL,'2024-07-28 00:10:15','2024-07-28 00:10:15',NULL),(1214,5604,1222,1142,NULL,0,NULL,'2024-07-28 00:10:15','2024-07-28 00:10:15',NULL),(1215,5604,1223,1143,NULL,0,NULL,'2024-07-28 00:10:15','2024-07-28 00:10:15',NULL),(1216,5604,1224,1144,NULL,0,NULL,'2024-07-28 00:10:15','2024-07-28 00:10:15',NULL),(1217,5604,1225,1145,NULL,0,NULL,'2024-07-28 00:10:15','2024-07-28 00:10:15',NULL),(1218,5604,1226,1146,NULL,0,NULL,'2024-07-28 00:10:15','2024-07-28 00:10:15',NULL),(1219,5604,1227,1147,NULL,0,NULL,'2024-07-28 00:22:36','2024-07-28 00:22:36',NULL),(1220,5604,1228,1148,NULL,0,NULL,'2024-07-28 00:27:09','2024-07-28 00:27:09',NULL),(1221,5604,1229,1149,NULL,0,NULL,'2024-07-28 00:33:46','2024-07-28 00:33:46',NULL);
INSERT INTO `cta_cte_cliente_pivot_receipt` VALUES (1222,5604,1230,1150,NULL,0,NULL,'2024-07-28 00:35:24','2024-07-28 00:35:24',NULL),(1223,5604,1231,1151,NULL,0,NULL,'2024-07-28 00:38:59','2024-07-28 00:38:59',NULL),(1224,5604,1232,1152,NULL,0,NULL,'2024-07-28 00:44:28','2024-07-28 00:44:28',NULL),(1225,5604,1233,1153,NULL,0,NULL,'2024-07-28 00:46:33','2024-07-28 00:46:33',NULL),(1226,5604,1234,1154,NULL,0,NULL,'2024-08-21 16:23:56','2024-08-21 16:23:56',NULL),(1227,5604,1235,1155,NULL,0,NULL,'2024-08-21 16:23:56','2024-08-21 16:23:56',NULL),(1228,5604,1236,1156,NULL,0,NULL,'2024-08-21 16:23:56','2024-08-21 16:23:56',NULL),(1229,5604,1237,1157,NULL,0,NULL,'2024-08-21 16:23:57','2024-08-21 16:23:57',NULL),(1230,5604,1238,1158,NULL,0,NULL,'2024-08-21 16:23:57','2024-08-21 16:23:57',NULL),(1231,5604,1239,1159,NULL,0,NULL,'2024-08-21 16:23:57','2024-08-21 16:23:57',NULL),(1232,5604,1240,1160,NULL,0,NULL,'2024-08-21 16:23:57','2024-08-21 16:23:57',NULL),(1233,5604,1241,1161,NULL,0,NULL,'2024-08-21 16:23:57','2024-08-21 16:23:57',NULL),(1234,5604,1242,1162,NULL,0,NULL,'2024-08-21 16:27:42','2024-08-21 16:27:42',NULL),(1235,5604,1243,1163,NULL,0,NULL,'2024-08-21 16:32:14','2024-08-21 16:32:14',NULL),(1236,5604,1244,1164,NULL,0,NULL,'2024-08-21 16:34:38','2024-08-21 16:34:38',NULL),(1237,5604,1245,1165,NULL,0,NULL,'2024-08-21 16:36:51','2024-08-21 16:36:51',NULL),(1238,5604,1246,1166,NULL,0,NULL,'2024-08-21 16:39:32','2024-08-21 16:39:32',NULL),(1239,5604,1247,1167,NULL,0,NULL,'2024-08-21 16:41:11','2024-08-21 16:41:11',NULL),(1240,5604,1248,1168,NULL,0,NULL,'2024-08-21 16:42:15','2024-08-21 16:42:15',NULL),(1241,5604,1249,1169,NULL,0,NULL,'2024-08-21 16:46:45','2024-08-21 16:46:45',NULL),(1242,5604,1250,1170,NULL,0,NULL,'2024-08-21 16:47:54','2024-08-21 16:47:54',NULL),(1243,5604,1251,1171,NULL,0,NULL,'2024-08-21 16:52:19','2024-08-21 16:52:19',NULL),(1244,5604,1252,1172,NULL,0,NULL,'2024-08-21 16:54:39','2024-08-21 16:54:39',NULL),(1245,5604,1253,1173,NULL,0,NULL,'2024-08-21 17:00:10','2024-08-21 17:00:10',NULL),(1246,5604,1254,1174,NULL,0,NULL,'2024-08-21 17:02:14','2024-08-21 17:02:14',NULL),(1247,5604,1255,1175,NULL,0,NULL,'2024-08-21 19:48:56','2024-08-21 19:48:56',NULL),(1248,5604,1256,1176,NULL,0,NULL,'2024-08-21 19:53:36','2024-08-21 19:53:36',NULL),(1249,5604,1257,1177,NULL,0,NULL,'2024-11-19 06:33:38','2024-11-19 06:33:38',NULL),(1250,5604,1258,1178,NULL,0,NULL,'2024-11-19 06:33:38','2024-11-19 06:33:38',NULL),(1251,5604,1259,1179,NULL,0,NULL,'2024-11-19 06:33:39','2024-11-19 06:33:39',NULL),(1252,5604,1260,1180,NULL,0,NULL,'2024-11-19 06:33:39','2024-11-19 06:33:39',NULL),(1253,5604,1261,1181,NULL,0,NULL,'2024-11-19 06:33:39','2024-11-19 06:33:39',NULL),(1254,5604,1262,1182,NULL,0,NULL,'2024-11-19 06:33:39','2024-11-19 06:33:39',NULL),(1255,5604,1263,1183,NULL,0,NULL,'2024-11-19 06:33:39','2024-11-19 06:33:39',NULL),(1256,5604,1264,1184,NULL,0,NULL,'2024-11-19 06:33:39','2024-11-19 06:33:39',NULL),(1257,5604,1265,1185,NULL,0,NULL,'2024-11-19 06:33:39','2024-11-19 06:33:39',NULL),(1258,5604,1266,1186,NULL,0,NULL,'2024-11-19 06:33:39','2024-11-19 06:33:39',NULL),(1259,5604,1267,1187,NULL,0,NULL,'2024-11-19 06:33:39','2024-11-19 06:33:39',NULL),(1260,5604,1268,1188,NULL,0,NULL,'2024-11-19 06:33:39','2024-11-19 06:33:39',NULL),(1261,5604,1269,1189,NULL,0,NULL,'2024-11-19 06:33:39','2024-11-19 06:33:39',NULL),(1262,5604,1270,1190,NULL,0,NULL,'2024-11-19 06:33:39','2024-11-19 06:33:39',NULL),(1263,5604,1271,1191,NULL,0,NULL,'2024-11-19 06:33:39','2024-11-19 06:33:39',NULL),(1264,5604,1272,1192,NULL,0,NULL,'2024-11-19 06:33:39','2024-11-19 06:33:39',NULL),(1265,5604,1273,1193,NULL,0,NULL,'2024-11-19 06:33:39','2024-11-19 06:33:39',NULL),(1266,5604,1274,1194,NULL,0,NULL,'2024-11-19 06:33:39','2024-11-19 06:33:39',NULL),(1267,5604,1275,1195,NULL,0,NULL,'2024-11-19 06:33:39','2024-11-19 06:33:39',NULL),(1268,5604,1276,1196,NULL,0,NULL,'2024-11-19 06:33:39','2024-11-19 06:33:39',NULL),(1269,5604,1277,1197,NULL,0,NULL,'2024-11-19 06:33:39','2024-11-19 06:33:39',NULL);
INSERT INTO `cta_cte_cliente_pivot_receipt` VALUES (1270,5604,1278,1198,NULL,0,NULL,'2024-11-19 06:33:40','2024-11-19 06:33:40',NULL),(1271,5604,1279,1199,NULL,0,NULL,'2024-11-19 06:33:40','2024-11-19 06:33:40',NULL),(1272,5604,1280,1200,NULL,0,NULL,'2024-11-19 06:33:40','2024-11-19 06:33:40',NULL),(1273,5604,1281,1201,NULL,0,NULL,'2024-11-19 06:33:40','2024-11-19 06:33:40',NULL),(1274,5604,1282,1202,NULL,0,NULL,'2024-11-19 06:33:40','2024-11-19 06:33:40',NULL),(1275,5604,1283,1203,NULL,0,NULL,'2024-11-19 06:33:40','2024-11-19 06:33:40',NULL),(1276,5604,1284,1204,NULL,0,NULL,'2024-11-19 06:33:40','2024-11-19 06:33:40',NULL),(1277,5604,1285,1205,NULL,0,NULL,'2024-11-19 06:33:40','2024-11-19 06:33:40',NULL),(1278,5604,1286,1206,NULL,0,NULL,'2024-11-19 06:33:40','2024-11-19 06:33:40',NULL),(1279,5604,1287,1207,NULL,0,NULL,'2024-11-19 06:33:40','2024-11-19 06:33:40',NULL),(1280,5604,1288,1208,NULL,0,NULL,'2024-11-19 06:33:40','2024-11-19 06:33:40',NULL),(1281,5604,1289,1209,NULL,0,NULL,'2024-11-19 06:33:40','2024-11-19 06:33:40',NULL),(1282,5604,1290,1210,NULL,0,NULL,'2024-11-19 06:33:40','2024-11-19 06:33:40',NULL),(1283,5604,1291,1211,NULL,0,NULL,'2024-11-19 06:33:40','2024-11-19 06:33:40',NULL),(1284,5604,1292,1212,NULL,0,NULL,'2024-11-19 06:33:40','2024-11-19 06:33:40',NULL),(1285,5604,1293,1213,NULL,0,NULL,'2024-11-19 06:33:40','2024-11-19 06:33:40',NULL),(1286,5604,1294,1214,NULL,0,NULL,'2024-11-19 06:33:40','2024-11-19 06:33:40',NULL),(1287,5604,1295,1215,NULL,0,NULL,'2024-11-19 06:33:40','2024-11-19 06:33:40',NULL),(1288,5604,1296,1216,NULL,0,NULL,'2024-11-19 06:33:40','2024-11-19 06:33:40',NULL),(1289,5604,1297,1217,NULL,0,NULL,'2024-11-19 06:35:45','2024-11-19 06:35:45',NULL),(1290,5604,1298,1218,NULL,0,NULL,'2024-11-19 06:35:45','2024-11-19 06:35:45',NULL),(1291,5604,1299,1219,NULL,0,NULL,'2024-11-19 06:35:45','2024-11-19 06:35:45',NULL),(1292,5604,1300,1220,NULL,0,NULL,'2024-11-19 06:35:45','2024-11-19 06:35:45',NULL),(1293,5604,1301,1221,NULL,0,NULL,'2024-11-19 06:35:45','2024-11-19 06:35:45',NULL),(1294,5604,1302,1222,NULL,0,NULL,'2024-11-19 06:35:45','2024-11-19 06:35:45',NULL),(1295,5604,1303,1223,NULL,0,NULL,'2024-11-19 06:35:45','2024-11-19 06:35:45',NULL),(1296,5604,1304,1224,NULL,0,NULL,'2024-11-19 06:35:45','2024-11-19 06:35:45',NULL),(1297,5604,1305,1225,NULL,0,NULL,'2024-11-19 06:35:45','2024-11-19 06:35:45',NULL),(1298,5604,1306,1226,NULL,0,NULL,'2024-11-19 06:35:45','2024-11-19 06:35:45',NULL),(1299,5604,1307,1227,NULL,0,NULL,'2024-11-19 06:35:45','2024-11-19 06:35:45',NULL),(1300,5604,1308,1228,NULL,0,NULL,'2024-11-19 06:35:45','2024-11-19 06:35:45',NULL),(1301,5604,1309,1229,NULL,0,NULL,'2024-11-19 06:35:46','2024-11-19 06:35:46',NULL),(1302,5604,1310,1230,NULL,0,NULL,'2024-11-19 06:35:46','2024-11-19 06:35:46',NULL),(1303,5604,1311,1231,NULL,0,NULL,'2024-11-19 06:35:46','2024-11-19 06:35:46',NULL),(1304,5604,1312,1232,NULL,0,NULL,'2024-11-19 06:35:46','2024-11-19 06:35:46',NULL),(1305,5604,1313,1233,NULL,0,NULL,'2024-11-19 06:35:46','2024-11-19 06:35:46',NULL),(1306,5604,1314,1234,NULL,0,NULL,'2024-11-19 06:35:46','2024-11-19 06:35:46',NULL),(1307,5604,1315,1235,NULL,0,NULL,'2024-11-19 06:35:46','2024-11-19 06:35:46',NULL),(1308,5604,1316,1236,NULL,0,NULL,'2024-11-19 06:36:47','2024-11-19 06:36:47',NULL),(1309,5604,1317,1237,NULL,0,NULL,'2024-11-19 06:36:47','2024-11-19 06:36:47',NULL),(1310,5604,1318,1238,NULL,0,NULL,'2024-11-19 06:36:47','2024-11-19 06:36:47',NULL),(1311,5604,1319,1239,NULL,0,NULL,'2024-11-19 06:36:47','2024-11-19 06:36:47',NULL),(1312,5604,1320,1240,NULL,0,NULL,'2024-11-19 06:36:47','2024-11-19 06:36:47',NULL),(1313,5604,1321,1241,NULL,0,NULL,'2024-11-19 06:36:47','2024-11-19 06:36:47',NULL),(1314,5604,1322,1242,NULL,0,NULL,'2024-11-19 06:36:47','2024-11-19 06:36:47',NULL),(1315,5604,1323,1243,NULL,0,NULL,'2024-11-19 06:36:47','2024-11-19 06:36:47',NULL),(1316,5604,1324,1244,NULL,0,NULL,'2024-11-19 06:36:47','2024-11-19 06:36:47',NULL),(1317,5604,1325,1245,NULL,0,NULL,'2024-11-19 06:36:47','2024-11-19 06:36:47',NULL);
INSERT INTO `cta_cte_cliente_pivot_receipt` VALUES (1318,5604,1326,1246,NULL,0,NULL,'2024-11-19 06:36:47','2024-11-19 06:36:47',NULL),(1319,5604,1327,1247,NULL,0,NULL,'2024-11-19 06:36:48','2024-11-19 06:36:48',NULL),(1320,5604,1328,1248,NULL,0,NULL,'2024-11-19 06:36:48','2024-11-19 06:36:48',NULL),(1321,5604,1329,1249,NULL,0,NULL,'2024-11-19 06:36:48','2024-11-19 06:36:48',NULL),(1322,5604,1330,1250,NULL,0,NULL,'2024-11-19 06:36:48','2024-11-19 06:36:48',NULL),(1323,5604,1331,1251,NULL,0,NULL,'2024-11-19 06:36:48','2024-11-19 06:36:48',NULL),(1324,5604,1332,1252,NULL,0,NULL,'2024-11-19 06:36:48','2024-11-19 06:36:48',NULL),(1325,5604,1333,1253,NULL,0,NULL,'2024-11-19 06:36:48','2024-11-19 06:36:48',NULL),(1326,5604,1334,1254,NULL,0,NULL,'2024-11-19 06:36:48','2024-11-19 06:36:48',NULL),(1327,5604,1335,1255,NULL,0,NULL,'2024-11-19 06:36:48','2024-11-19 06:36:48',NULL),(1328,5604,1336,1256,NULL,0,NULL,'2024-11-19 06:36:48','2024-11-19 06:36:48',NULL),(1329,5604,1337,1257,NULL,0,NULL,'2024-11-19 06:36:48','2024-11-19 06:36:48',NULL),(1330,5604,1338,1258,NULL,0,NULL,'2024-11-19 06:36:48','2024-11-19 06:36:48',NULL),(1331,5604,1339,1259,NULL,0,NULL,'2024-11-19 06:36:48','2024-11-19 06:36:48',NULL),(1332,5604,1340,1260,NULL,0,NULL,'2024-11-19 06:36:48','2024-11-19 06:36:48',NULL),(1333,5604,1341,1261,NULL,0,NULL,'2024-11-19 06:36:49','2024-11-19 06:36:49',NULL),(1334,5604,1342,1262,NULL,0,NULL,'2024-11-19 06:36:49','2024-11-19 06:36:49',NULL),(1335,5604,1343,1263,NULL,0,NULL,'2024-11-19 06:36:49','2024-11-19 06:36:49',NULL),(1336,5604,1344,1264,NULL,0,NULL,'2024-11-19 06:36:49','2024-11-19 06:36:49',NULL),(1337,5604,1345,1265,NULL,0,NULL,'2024-11-20 22:38:22','2024-11-20 22:38:22',NULL),(1338,5604,1346,1266,NULL,0,NULL,'2024-11-20 22:52:13','2024-11-20 22:52:13',NULL),(1339,5604,1347,1267,NULL,0,NULL,'2024-11-20 22:55:39','2024-11-20 22:55:39',NULL),(1340,5604,1348,1268,NULL,0,NULL,'2024-11-20 23:02:18','2024-11-20 23:02:18',NULL),(1341,5604,1349,1269,NULL,0,NULL,'2024-11-20 23:04:09','2024-11-20 23:04:09',NULL),(1342,5604,1350,1270,NULL,0,NULL,'2024-11-20 23:06:14','2024-11-20 23:06:14',NULL),(1343,5604,1351,1271,NULL,0,NULL,'2024-11-20 23:07:41','2024-11-20 23:07:41',NULL),(1344,5604,1352,1272,NULL,0,NULL,'2024-11-20 23:12:57','2024-11-20 23:12:57',NULL),(1345,5604,1353,1273,NULL,0,NULL,'2024-11-20 23:16:09','2024-11-20 23:16:09',NULL),(1346,5604,1354,1274,NULL,0,NULL,'2024-11-20 23:16:56','2024-11-20 23:16:56',NULL),(1347,5604,1355,1275,NULL,0,NULL,'2025-01-08 10:45:10','2025-01-08 10:45:10',NULL),(1348,5604,1356,1276,NULL,0,NULL,'2025-01-08 10:45:10','2025-01-08 10:45:10',NULL),(1349,5604,1357,1277,NULL,0,NULL,'2025-01-08 10:45:10','2025-01-08 10:45:10',NULL),(1350,5604,1358,1278,NULL,0,NULL,'2025-01-08 10:45:10','2025-01-08 10:45:10',NULL),(1351,5604,1359,1279,NULL,0,NULL,'2025-01-08 10:45:10','2025-01-08 10:45:10',NULL),(1352,5604,1360,1280,NULL,0,NULL,'2025-01-08 10:45:10','2025-01-08 10:45:10',NULL),(1353,5604,1361,1281,NULL,0,NULL,'2025-01-08 10:45:10','2025-01-08 10:45:10',NULL),(1354,5604,1362,1282,NULL,0,NULL,'2025-01-08 10:45:11','2025-01-08 10:45:11',NULL),(1355,5604,1363,1283,NULL,0,NULL,'2025-01-08 10:45:11','2025-01-08 10:45:11',NULL),(1356,5604,1364,1284,NULL,0,NULL,'2025-01-08 10:45:11','2025-01-08 10:45:11',NULL),(1357,5604,1365,1285,NULL,0,NULL,'2025-01-08 10:45:11','2025-01-08 10:45:11',NULL),(1358,5604,1366,1286,NULL,0,NULL,'2025-01-08 10:45:11','2025-01-08 10:45:11',NULL),(1359,5604,1367,1287,NULL,0,NULL,'2025-01-08 10:45:11','2025-01-08 10:45:11',NULL),(1360,5604,1368,1288,NULL,0,NULL,'2025-01-08 10:45:11','2025-01-08 10:45:11',NULL),(1361,5604,1369,1289,NULL,0,NULL,'2025-01-08 10:45:11','2025-01-08 10:45:11',NULL),(1362,5604,1370,1290,NULL,0,NULL,'2025-01-08 10:45:11','2025-01-08 10:45:11',NULL),(1363,5604,1371,1291,NULL,0,NULL,'2025-01-08 10:45:11','2025-01-08 10:45:11',NULL),(1364,5604,1372,1292,NULL,0,NULL,'2025-01-08 10:45:11','2025-01-08 10:45:11',NULL),(1365,5604,1373,1293,NULL,0,NULL,'2025-01-08 10:45:11','2025-01-08 10:45:11',NULL);
INSERT INTO `cta_cte_cliente_pivot_receipt` VALUES (1366,5604,1374,1294,NULL,0,NULL,'2025-01-08 10:45:11','2025-01-08 10:45:11',NULL),(1367,5604,1375,1295,NULL,0,NULL,'2025-01-08 10:45:11','2025-01-08 10:45:11',NULL),(1368,5604,1376,1296,NULL,0,NULL,'2025-01-08 10:45:41','2025-01-08 10:45:41',NULL),(1369,5604,1377,1297,NULL,0,NULL,'2025-01-08 10:45:41','2025-01-08 10:45:41',NULL),(1370,5604,1378,1298,NULL,0,NULL,'2025-01-08 10:45:42','2025-01-08 10:45:42',NULL),(1371,5604,1379,1299,NULL,0,NULL,'2025-01-08 10:45:42','2025-01-08 10:45:42',NULL),(1372,5604,1380,1300,NULL,0,NULL,'2025-01-08 10:45:42','2025-01-08 10:45:42',NULL),(1373,5604,1381,1301,NULL,0,NULL,'2025-01-08 10:45:42','2025-01-08 10:45:42',NULL),(1374,5604,1382,1302,NULL,0,NULL,'2025-01-08 10:45:42','2025-01-08 10:45:42',NULL),(1375,5604,1383,1303,NULL,0,NULL,'2025-01-08 10:45:42','2025-01-08 10:45:42',NULL),(1376,5604,1384,1304,NULL,0,NULL,'2025-01-08 10:45:42','2025-01-08 10:45:42',NULL),(1377,5604,1385,1305,NULL,0,NULL,'2025-01-08 10:45:42','2025-01-08 10:45:42',NULL),(1378,5604,1386,1306,NULL,0,NULL,'2025-01-08 10:45:42','2025-01-08 10:45:42',NULL),(1379,5604,1387,1307,NULL,0,NULL,'2025-01-08 10:45:43','2025-01-08 10:45:43',NULL),(1380,5604,1388,1308,NULL,0,NULL,'2025-01-08 10:45:43','2025-01-08 10:45:43',NULL),(1381,5604,1389,1309,NULL,0,NULL,'2025-01-08 10:45:43','2025-01-08 10:45:43',NULL),(1382,5604,1390,1310,NULL,0,NULL,'2025-01-08 10:45:43','2025-01-08 10:45:43',NULL),(1383,5604,1391,1311,NULL,0,NULL,'2025-01-08 10:45:43','2025-01-08 10:45:43',NULL),(1384,5604,1392,1312,NULL,0,NULL,'2025-01-08 10:45:43','2025-01-08 10:45:43',NULL),(1385,5604,1393,1313,NULL,0,NULL,'2025-01-08 10:45:43','2025-01-08 10:45:43',NULL),(1386,5604,1394,1314,NULL,0,NULL,'2025-01-08 10:45:43','2025-01-08 10:45:43',NULL),(1387,5604,1395,1315,NULL,0,NULL,'2025-01-08 10:45:43','2025-01-08 10:45:43',NULL),(1388,5604,1396,1316,NULL,0,NULL,'2025-01-08 10:45:43','2025-01-08 10:45:43',NULL),(1389,5604,1397,1317,NULL,0,NULL,'2025-01-08 10:45:43','2025-01-08 10:45:43',NULL),(1390,5604,1398,1318,NULL,0,NULL,'2025-01-08 10:45:44','2025-01-08 10:45:44',NULL),(1391,5604,1399,1319,NULL,0,NULL,'2025-01-08 10:45:44','2025-01-08 10:45:44',NULL),(1392,5604,1400,1320,NULL,0,NULL,'2025-01-08 10:45:44','2025-01-08 10:45:44',NULL),(1393,5604,1401,1321,NULL,0,NULL,'2025-01-08 10:45:44','2025-01-08 10:45:44',NULL),(1394,5604,1402,1322,NULL,0,NULL,'2025-01-08 10:45:44','2025-01-08 10:45:44',NULL),(1395,5604,1403,1323,NULL,0,NULL,'2025-01-09 18:28:49','2025-01-09 18:28:49',NULL),(1396,5604,1404,1324,NULL,0,NULL,'2025-01-09 18:39:16','2025-01-09 18:39:16',NULL),(1397,5604,1405,1325,NULL,0,NULL,'2025-01-09 18:40:49','2025-01-09 18:40:49',NULL),(1398,5604,1406,1326,NULL,0,NULL,'2025-01-09 18:42:26','2025-01-09 18:42:26',NULL),(1399,5604,1407,1327,NULL,0,NULL,'2025-01-09 18:50:44','2025-01-09 18:50:44',NULL),(1400,5604,1408,1328,NULL,0,NULL,'2025-01-09 18:55:00','2025-01-09 18:55:00',NULL),(1401,5604,1409,1329,NULL,0,NULL,'2025-01-09 18:57:54','2025-01-09 18:57:54',NULL),(1402,5604,1410,1330,NULL,0,NULL,'2025-01-09 18:59:47','2025-01-09 18:59:47',NULL),(1403,5604,1411,1331,NULL,0,NULL,'2025-01-09 19:46:41','2025-01-09 19:46:41',NULL),(1404,5604,1412,1332,NULL,0,NULL,'2025-01-09 19:54:37','2025-01-09 19:54:37',NULL),(1405,5604,1413,1333,NULL,0,NULL,'2025-01-09 20:01:36','2025-01-09 20:01:36',NULL),(1406,5604,1414,1334,NULL,0,NULL,'2025-01-09 20:04:47','2025-01-09 20:04:47',NULL),(1407,5604,1415,1335,NULL,0,NULL,'2025-01-09 20:07:32','2025-01-09 20:07:32',NULL),(1408,5604,1416,1336,NULL,0,NULL,'2025-01-09 20:11:15','2025-01-09 20:11:15',NULL),(1409,5604,1417,1337,NULL,0,NULL,'2025-01-09 20:13:32','2025-01-09 20:13:32',NULL),(1410,5604,1418,1338,NULL,0,NULL,'2025-01-09 20:53:21','2025-01-09 20:53:21',NULL),(1411,5604,1419,1339,NULL,0,NULL,'2025-01-09 20:56:32','2025-01-09 20:56:32',NULL),(1412,5604,1420,1340,NULL,0,NULL,'2025-01-09 21:02:45','2025-01-09 21:02:45',NULL),(1413,5604,1421,1341,NULL,0,NULL,'2025-01-09 21:10:34','2025-01-09 21:10:34',NULL);
INSERT INTO `cta_cte_cliente_pivot_receipt` VALUES (1414,5604,1422,1342,NULL,0,NULL,'2025-01-09 21:25:39','2025-01-09 21:25:39',NULL),(1415,5604,1423,1343,NULL,0,NULL,'2025-01-09 21:26:45','2025-01-09 21:26:45',NULL),(1416,5604,1424,1344,NULL,0,NULL,'2025-01-09 21:27:42','2025-01-09 21:27:42',NULL),(1417,5604,1425,1345,NULL,0,NULL,'2025-01-09 21:28:38','2025-01-09 21:28:38',NULL),(1418,5604,1426,1346,NULL,0,NULL,'2025-01-09 21:30:54','2025-01-09 21:30:54',NULL),(1419,5604,1427,1347,NULL,0,NULL,'2025-01-09 21:34:17','2025-01-09 21:34:17',NULL),(1420,5604,1428,1348,NULL,0,NULL,'2025-01-09 21:35:33','2025-01-09 21:35:33',NULL),(1421,5604,1429,1349,NULL,0,NULL,'2025-01-09 21:37:04','2025-01-09 21:37:04',NULL),(1422,5604,1430,1350,NULL,0,NULL,'2025-01-09 21:53:37','2025-01-09 21:53:37',NULL),(1423,5604,1431,1351,NULL,0,NULL,'2025-01-09 21:57:44','2025-01-09 21:57:44',NULL),(1424,5604,1432,1352,NULL,0,NULL,'2025-01-09 21:59:31','2025-01-09 21:59:31',NULL),(1425,5604,1433,1353,NULL,0,NULL,'2025-01-09 22:09:56','2025-01-09 22:09:56',NULL),(1426,5604,1434,1354,NULL,0,NULL,'2025-01-09 22:11:41','2025-01-09 22:11:41',NULL),(1427,5604,1435,1355,NULL,0,NULL,'2025-01-09 22:16:14','2025-01-09 22:16:14',NULL),(1428,5604,1436,1356,NULL,0,NULL,'2025-01-09 22:23:51','2025-01-09 22:23:51',NULL),(1429,5604,1437,1357,NULL,0,NULL,'2025-01-09 22:29:07','2025-01-09 22:29:07',NULL),(1430,5604,1438,1358,NULL,0,NULL,'2025-01-09 22:35:08','2025-01-09 22:35:08',NULL),(1431,5604,1439,1359,NULL,0,NULL,'2025-01-09 22:36:13','2025-01-09 22:36:13',NULL),(1432,5604,1440,1360,NULL,0,NULL,'2025-01-09 22:48:26','2025-01-09 22:48:26',NULL),(1433,5604,1441,1361,NULL,0,NULL,'2025-01-09 22:51:05','2025-01-09 22:51:05',NULL),(1434,5604,1442,1362,NULL,0,NULL,'2025-01-09 22:56:40','2025-01-09 22:56:40',NULL),(1435,5604,1443,1363,NULL,0,NULL,'2025-01-09 23:00:39','2025-01-09 23:00:39',NULL),(1436,5604,1444,1364,NULL,0,NULL,'2025-01-09 23:02:10','2025-01-09 23:02:10',NULL),(1437,5604,1445,1365,NULL,0,NULL,'2025-01-09 23:06:26','2025-01-09 23:06:26',NULL),(1438,5604,1446,1366,NULL,0,NULL,'2025-01-09 23:07:13','2025-01-09 23:07:13',NULL),(1439,5604,1447,1367,NULL,0,NULL,'2025-01-09 23:11:47','2025-01-09 23:11:47',NULL),(1440,5604,1448,1368,NULL,0,NULL,'2025-01-25 16:53:09','2025-01-25 16:53:09',NULL),(1441,5604,1449,1369,NULL,0,NULL,'2025-01-25 16:53:09','2025-01-25 16:53:09',NULL),(1442,5604,1450,1370,NULL,0,NULL,'2025-01-25 16:53:09','2025-01-25 16:53:09',NULL),(1443,5604,1451,1371,NULL,0,NULL,'2025-01-25 16:53:10','2025-01-25 16:53:10',NULL),(1444,5604,1452,1372,NULL,0,NULL,'2025-01-25 16:53:10','2025-01-25 16:53:10',NULL),(1445,5604,1453,1373,NULL,0,NULL,'2025-01-25 16:53:10','2025-01-25 16:53:10',NULL),(1446,5604,1454,1374,NULL,0,NULL,'2025-01-25 16:53:10','2025-01-25 16:53:10',NULL),(1447,5604,1455,1375,NULL,0,NULL,'2025-01-25 16:53:10','2025-01-25 16:53:10',NULL),(1448,5604,1456,1376,NULL,0,NULL,'2025-01-25 16:53:10','2025-01-25 16:53:10',NULL),(1449,5604,1457,1377,NULL,0,NULL,'2025-01-25 16:53:10','2025-01-25 16:53:10',NULL),(1450,5604,1458,1378,NULL,0,NULL,'2025-01-25 16:53:10','2025-01-25 16:53:10',NULL),(1451,5604,1459,1379,NULL,0,NULL,'2025-01-25 16:53:10','2025-01-25 16:53:10',NULL),(1452,5604,1460,1380,NULL,0,NULL,'2025-01-25 16:53:10','2025-01-25 16:53:10',NULL),(1453,5604,1461,1381,NULL,0,NULL,'2025-01-25 16:53:10','2025-01-25 16:53:10',NULL),(1454,5604,1462,1382,NULL,0,NULL,'2025-01-25 16:53:10','2025-01-25 16:53:10',NULL),(1455,5604,1463,1383,NULL,0,NULL,'2025-01-25 16:53:10','2025-01-25 16:53:10',NULL),(1456,5604,1464,1384,NULL,0,NULL,'2025-01-25 16:53:11','2025-01-25 16:53:11',NULL),(1457,5604,1465,1385,NULL,0,NULL,'2025-01-25 16:53:11','2025-01-25 16:53:11',NULL),(1458,5604,1466,1386,NULL,0,NULL,'2025-01-25 16:53:11','2025-01-25 16:53:11',NULL),(1459,5604,1467,1387,NULL,0,NULL,'2025-01-25 16:53:11','2025-01-25 16:53:11',NULL),(1460,5604,1468,1388,NULL,0,NULL,'2025-01-25 16:53:11','2025-01-25 16:53:11',NULL),(1461,5604,1469,1389,NULL,0,NULL,'2025-02-06 00:16:53','2025-02-06 00:16:53',NULL);
INSERT INTO `cta_cte_cliente_pivot_receipt` VALUES (1462,5604,1470,1390,NULL,0,NULL,'2025-02-06 00:16:53','2025-02-06 00:16:53',NULL),(1463,5604,1471,1391,NULL,0,NULL,'2025-02-06 00:16:53','2025-02-06 00:16:53',NULL),(1464,5604,1472,1392,NULL,0,NULL,'2025-02-06 00:16:54','2025-02-06 00:16:54',NULL),(1465,5604,1473,1393,NULL,0,NULL,'2025-02-06 00:16:54','2025-02-06 00:16:54',NULL),(1466,5604,1474,1394,NULL,0,NULL,'2025-02-06 00:16:54','2025-02-06 00:16:54',NULL),(1467,5604,1475,1395,NULL,0,NULL,'2025-02-06 00:16:54','2025-02-06 00:16:54',NULL),(1468,5604,1476,1396,NULL,0,NULL,'2025-02-06 00:35:15','2025-02-06 00:35:15',NULL),(1469,5604,1477,1397,NULL,0,NULL,'2025-02-06 00:36:55','2025-02-06 00:36:55',NULL),(1470,5604,1478,1398,NULL,0,NULL,'2025-02-06 00:39:26','2025-02-06 00:39:26',NULL),(1471,5604,1479,1399,NULL,0,NULL,'2025-02-06 00:42:23','2025-02-06 00:42:23',NULL),(1472,5604,1480,1400,NULL,0,NULL,'2025-02-06 00:44:55','2025-02-06 00:44:55',NULL),(1473,5604,1481,1401,NULL,0,NULL,'2025-02-06 00:48:32','2025-02-06 00:48:32',NULL),(1474,5604,1482,1402,NULL,0,NULL,'2025-02-06 00:54:27','2025-02-06 00:54:27',NULL);

--
-- Table structure for table `cta_cte_tesoreria`
--

CREATE TABLE `cta_cte_tesoreria` (
  `id` int(10) unsigned NOT NULL AUTO_INCREMENT,
  `bind_apibank_movement_id` bigint(20) unsigned DEFAULT NULL COMMENT 'FK soft a bind_apibank_movements (movimiento que originó este registro)',
  `bind_apibank_transfer_id` bigint(20) unsigned DEFAULT NULL COMMENT 'FK soft a bind_apibank_transfers (transferencia que originó este registro)',
  `bind_sync_status` enum('pending','synced','error') COLLATE utf8mb4_unicode_ci DEFAULT NULL COMMENT 'Estado de sincronización: pending=pendiente, synced=sincronizado, error=error al sincronizar',
  `user_id` int(10) unsigned DEFAULT NULL,
  `person_id` int(10) unsigned NOT NULL,
  `cta_cte_cliente_id` int(10) unsigned DEFAULT NULL,
  `nf_cta_cte_id` int(10) unsigned DEFAULT NULL,
  `cta_cte_tesoreria_cuenta_id` int(10) unsigned NOT NULL,
  `period_id` int(10) unsigned NOT NULL,
  `fecha` date DEFAULT NULL,
  `total` decimal(16,2) NOT NULL,
  `moneda_id` int(10) unsigned NOT NULL DEFAULT '1',
  `cotizacion` decimal(9,2) NOT NULL DEFAULT '1.00',
  `comentario` varchar(191) COLLATE utf8mb4_unicode_ci DEFAULT NULL,
  `file` varchar(191) COLLATE utf8mb4_unicode_ci DEFAULT NULL,
  `created_at` timestamp NULL DEFAULT NULL,
  `updated_at` timestamp NULL DEFAULT NULL,
  `deleted_at` timestamp NULL DEFAULT NULL,
  `ticket_id` bigint(20) unsigned DEFAULT NULL,
  PRIMARY KEY (`id`),
  KEY `cta_cte_tesoreria_person_id_foreign` (`person_id`),
  KEY `cta_cte_tesoreria_cta_cte_cliente_id_foreign` (`cta_cte_cliente_id`),
  KEY `cta_cte_tesoreria_cta_cte_tesoreria_cuenta_id_foreign` (`cta_cte_tesoreria_cuenta_id`),
  KEY `cta_cte_tesoreria_period_id_foreign` (`period_id`),
  KEY `cta_cte_tesoreria_nf_cta_cte_id_foreign` (`nf_cta_cte_id`),
  KEY `cta_cte_tesoreria_moneda_id_foreign` (`moneda_id`),
  KEY `cta_cte_tesoreria_ticket_id_foreign` (`ticket_id`),
  KEY `idx_cct_bind_apibank_mov` (`bind_apibank_movement_id`),
  KEY `idx_cct_bind_apibank_trf` (`bind_apibank_transfer_id`),
  KEY `idx_cct_bind_sync_status` (`bind_sync_status`),
  CONSTRAINT `cta_cte_tesoreria_cta_cte_cliente_id_foreign` FOREIGN KEY (`cta_cte_cliente_id`) REFERENCES `cta_cte_cliente` (`id`),
  CONSTRAINT `cta_cte_tesoreria_cta_cte_tesoreria_cuenta_id_foreign` FOREIGN KEY (`cta_cte_tesoreria_cuenta_id`) REFERENCES `cta_cte_tesoreria_cuentas` (`id`),
  CONSTRAINT `cta_cte_tesoreria_moneda_id_foreign` FOREIGN KEY (`moneda_id`) REFERENCES `monedas` (`id`),
  CONSTRAINT `cta_cte_tesoreria_nf_cta_cte_id_foreign` FOREIGN KEY (`nf_cta_cte_id`) REFERENCES `nf_cta_cte` (`id`),
  CONSTRAINT `cta_cte_tesoreria_period_id_foreign` FOREIGN KEY (`period_id`) REFERENCES `periods` (`id`),
  CONSTRAINT `cta_cte_tesoreria_person_id_foreign` FOREIGN KEY (`person_id`) REFERENCES `persons` (`id`),
  CONSTRAINT `cta_cte_tesoreria_ticket_id_foreign` FOREIGN KEY (`ticket_id`) REFERENCES `tickets` (`id`)
) ENGINE=InnoDB DEFAULT CHARSET=utf8mb4 COLLATE=utf8mb4_unicode_ci;

--
-- Dumping data for table `cta_cte_tesoreria`
--


--
-- Table structure for table `cta_cte_tesoreria_banco_cheq`
--

CREATE TABLE `cta_cte_tesoreria_banco_cheq` (
  `id` int(10) unsigned NOT NULL AUTO_INCREMENT,
  `user_id` int(10) unsigned DEFAULT NULL,
  `person_id` int(10) unsigned NOT NULL,
  `cta_cte_tesoreria_cuenta_id` int(10) unsigned NOT NULL,
  `cta_cte_tesoreria_banco_id` int(10) unsigned NOT NULL,
  `chequera_tipo_id` int(10) unsigned NOT NULL,
  `serie` text COLLATE utf8mb4_unicode_ci,
  `numero_cheque` int(11) DEFAULT NULL,
  `habilitado` tinyint(1) NOT NULL DEFAULT '1',
  `created_at` timestamp NULL DEFAULT NULL,
  `updated_at` timestamp NULL DEFAULT NULL,
  `deleted_at` timestamp NULL DEFAULT NULL,
  PRIMARY KEY (`id`),
  KEY `cta_cte_tesoreria_banco_cheq_person_id_foreign` (`person_id`),
  KEY `cta_cte_tesoreria_banco_cheq_cta_cte_tesoreria_cuenta_id_foreign` (`cta_cte_tesoreria_cuenta_id`),
  KEY `cta_cte_tesoreria_banco_cheq_cta_cte_tesoreria_banco_id_foreign` (`cta_cte_tesoreria_banco_id`),
  KEY `cta_cte_tesoreria_banco_cheq_chequera_tipo_id_foreign` (`chequera_tipo_id`),
  CONSTRAINT `cta_cte_tesoreria_banco_cheq_chequera_tipo_id_foreign` FOREIGN KEY (`chequera_tipo_id`) REFERENCES `chequeras_tipos` (`id`),
  CONSTRAINT `cta_cte_tesoreria_banco_cheq_cta_cte_tesoreria_banco_id_foreign` FOREIGN KEY (`cta_cte_tesoreria_banco_id`) REFERENCES `cta_cte_tesoreria_bancos` (`id`),
  CONSTRAINT `cta_cte_tesoreria_banco_cheq_cta_cte_tesoreria_cuenta_id_foreign` FOREIGN KEY (`cta_cte_tesoreria_cuenta_id`) REFERENCES `cta_cte_tesoreria_cuentas` (`id`),
  CONSTRAINT `cta_cte_tesoreria_banco_cheq_person_id_foreign` FOREIGN KEY (`person_id`) REFERENCES `persons` (`id`)
) ENGINE=InnoDB DEFAULT CHARSET=utf8mb4 COLLATE=utf8mb4_unicode_ci;

--
-- Dumping data for table `cta_cte_tesoreria_banco_cheq`
--


--
-- Table structure for table `cta_cte_tesoreria_banco_claves`
--

CREATE TABLE `cta_cte_tesoreria_banco_claves` (
  `id` int(10) unsigned NOT NULL AUTO_INCREMENT,
  `user_id` int(10) unsigned DEFAULT NULL,
  `person_id` int(10) unsigned NOT NULL,
  `cta_cte_tesoreria_cuenta_id` int(10) unsigned NOT NULL,
  `cta_cte_tesoreria_banco_id` int(10) unsigned NOT NULL,
  `descripcion_name` text COLLATE utf8mb4_unicode_ci,
  `descripcion` longtext COLLATE utf8mb4_unicode_ci,
  `created_at` timestamp NULL DEFAULT NULL,
  `updated_at` timestamp NULL DEFAULT NULL,
  `deleted_at` timestamp NULL DEFAULT NULL,
  PRIMARY KEY (`id`),
  KEY `cta_cte_tesoreria_banco_claves_person_id_foreign` (`person_id`),
  KEY `ct_cuenta_id` (`cta_cte_tesoreria_cuenta_id`),
  KEY `ct_banco_id` (`cta_cte_tesoreria_banco_id`),
  CONSTRAINT `ct_banco_id` FOREIGN KEY (`cta_cte_tesoreria_banco_id`) REFERENCES `cta_cte_tesoreria_bancos` (`id`),
  CONSTRAINT `ct_cuenta_id` FOREIGN KEY (`cta_cte_tesoreria_cuenta_id`) REFERENCES `cta_cte_tesoreria_cuentas` (`id`),
  CONSTRAINT `cta_cte_tesoreria_banco_claves_person_id_foreign` FOREIGN KEY (`person_id`) REFERENCES `persons` (`id`)
) ENGINE=InnoDB DEFAULT CHARSET=utf8mb4 COLLATE=utf8mb4_unicode_ci;

--
-- Dumping data for table `cta_cte_tesoreria_banco_claves`
--


--
-- Table structure for table `cta_cte_tesoreria_banco_comentarios`
--

CREATE TABLE `cta_cte_tesoreria_banco_comentarios` (
  `id` int(10) unsigned NOT NULL AUTO_INCREMENT,
  `user_id` int(10) unsigned DEFAULT NULL,
  `person_id` int(10) unsigned NOT NULL,
  `cta_cte_tesoreria_cuenta_id` int(10) unsigned NOT NULL,
  `cta_cte_tesoreria_banco_id` int(10) unsigned NOT NULL,
  `fecha` datetime NOT NULL,
  `descripcion` longtext COLLATE utf8mb4_unicode_ci NOT NULL,
  `created_at` timestamp NULL DEFAULT NULL,
  `updated_at` timestamp NULL DEFAULT NULL,
  `deleted_at` timestamp NULL DEFAULT NULL,
  PRIMARY KEY (`id`),
  KEY `cta_cte_tesoreria_banco_comentarios_person_id_foreign` (`person_id`),
  KEY `ct_cuentas_id` (`cta_cte_tesoreria_cuenta_id`),
  KEY `ct_bancos_id` (`cta_cte_tesoreria_banco_id`),
  CONSTRAINT `ct_bancos_id` FOREIGN KEY (`cta_cte_tesoreria_banco_id`) REFERENCES `cta_cte_tesoreria_bancos` (`id`),
  CONSTRAINT `ct_cuentas_id` FOREIGN KEY (`cta_cte_tesoreria_cuenta_id`) REFERENCES `cta_cte_tesoreria_cuentas` (`id`),
  CONSTRAINT `cta_cte_tesoreria_banco_comentarios_person_id_foreign` FOREIGN KEY (`person_id`) REFERENCES `persons` (`id`)
) ENGINE=InnoDB DEFAULT CHARSET=utf8mb4 COLLATE=utf8mb4_unicode_ci;

--
-- Dumping data for table `cta_cte_tesoreria_banco_comentarios`
--


--
-- Table structure for table `cta_cte_tesoreria_banco_estados`
--

CREATE TABLE `cta_cte_tesoreria_banco_estados` (
  `id` int(10) unsigned NOT NULL AUTO_INCREMENT,
  `user_id` int(10) unsigned DEFAULT NULL,
  `descripcion` text COLLATE utf8mb4_unicode_ci NOT NULL,
  `habilitado` tinyint(1) NOT NULL,
  `created_at` timestamp NULL DEFAULT NULL,
  `updated_at` timestamp NULL DEFAULT NULL,
  `deleted_at` timestamp NULL DEFAULT NULL,
  PRIMARY KEY (`id`)
) ENGINE=InnoDB AUTO_INCREMENT=6 DEFAULT CHARSET=utf8mb4 COLLATE=utf8mb4_unicode_ci;

--
-- Dumping data for table `cta_cte_tesoreria_banco_estados`
--

INSERT INTO `cta_cte_tesoreria_banco_estados` VALUES (1,NULL,'Habilitado',0,NULL,NULL,NULL),(2,NULL,'En Proceso',0,NULL,NULL,NULL),(3,NULL,'Bloqueado',0,NULL,NULL,NULL),(4,NULL,'Reconocimiento',0,NULL,NULL,NULL),(5,NULL,'Inhabilitado',0,NULL,NULL,NULL);

--
-- Table structure for table `cta_cte_tesoreria_bancos`
--

CREATE TABLE `cta_cte_tesoreria_bancos` (
  `id` int(10) unsigned NOT NULL AUTO_INCREMENT,
  `user_id` int(10) unsigned DEFAULT NULL,
  `person_id` int(10) unsigned NOT NULL,
  `cta_cte_tesoreria_cuenta_id` int(10) unsigned NOT NULL,
  `ctacte_banco_id` int(10) unsigned NOT NULL,
  `persona_empresa` int(11) NOT NULL DEFAULT '1',
  `zone_id` int(10) unsigned NOT NULL,
  `cuenta_contable_id` int(10) unsigned NOT NULL,
  `cuenta_contable_id_diferido` int(10) unsigned DEFAULT NULL,
  `cuenta_contable_id_pend_acred` int(10) unsigned DEFAULT NULL,
  `numero_cuenta` text COLLATE utf8mb4_unicode_ci,
  `cbu` text COLLATE utf8mb4_unicode_ci,
  `alias` text COLLATE utf8mb4_unicode_ci,
  `cta_cte_tesoreria_banco_estado_id` int(10) unsigned DEFAULT NULL,
  `person_id_relationed` int(10) unsigned DEFAULT NULL,
  `habilitado` tinyint(1) NOT NULL DEFAULT '1',
  `created_at` timestamp NULL DEFAULT NULL,
  `updated_at` timestamp NULL DEFAULT NULL,
  `deleted_at` timestamp NULL DEFAULT NULL,
  PRIMARY KEY (`id`),
  KEY `cta_cte_tesoreria_bancos_person_id_foreign` (`person_id`),
  KEY `cta_cte_tesoreria_bancos_cta_cte_tesoreria_cuenta_id_foreign` (`cta_cte_tesoreria_cuenta_id`),
  KEY `cta_cte_tesoreria_bancos_ctacte_banco_id_foreign` (`ctacte_banco_id`),
  KEY `cta_cte_tesoreria_bancos_zone_id_foreign` (`zone_id`),
  KEY `cta_cte_tesoreria_bancos_cuenta_contable_id_foreign` (`cuenta_contable_id`),
  KEY `cta_cte_tesoreria_bancos_cuenta_contable_id_diferido_foreign` (`cuenta_contable_id_diferido`),
  KEY `cta_cte_tesoreria_bancos_cuenta_contable_id_pend_acred_foreign` (`cuenta_contable_id_pend_acred`),
  KEY `cta_cte_tesoreria_bancos_person_id_relationed_foreign` (`person_id_relationed`),
  KEY `ct_banco_estado_id` (`cta_cte_tesoreria_banco_estado_id`),
  CONSTRAINT `ct_banco_estado_id` FOREIGN KEY (`cta_cte_tesoreria_banco_estado_id`) REFERENCES `cta_cte_tesoreria_banco_estados` (`id`),
  CONSTRAINT `cta_cte_tesoreria_bancos_cta_cte_tesoreria_cuenta_id_foreign` FOREIGN KEY (`cta_cte_tesoreria_cuenta_id`) REFERENCES `cta_cte_tesoreria_cuentas` (`id`),
  CONSTRAINT `cta_cte_tesoreria_bancos_ctacte_banco_id_foreign` FOREIGN KEY (`ctacte_banco_id`) REFERENCES `ctacte_bancos` (`id`),
  CONSTRAINT `cta_cte_tesoreria_bancos_cuenta_contable_id_diferido_foreign` FOREIGN KEY (`cuenta_contable_id_diferido`) REFERENCES `conta_plan_cuenta` (`id`),
  CONSTRAINT `cta_cte_tesoreria_bancos_cuenta_contable_id_foreign` FOREIGN KEY (`cuenta_contable_id`) REFERENCES `conta_plan_cuenta` (`id`),
  CONSTRAINT `cta_cte_tesoreria_bancos_cuenta_contable_id_pend_acred_foreign` FOREIGN KEY (`cuenta_contable_id_pend_acred`) REFERENCES `conta_plan_cuenta` (`id`),
  CONSTRAINT `cta_cte_tesoreria_bancos_person_id_foreign` FOREIGN KEY (`person_id`) REFERENCES `persons` (`id`),
  CONSTRAINT `cta_cte_tesoreria_bancos_person_id_relationed_foreign` FOREIGN KEY (`person_id_relationed`) REFERENCES `persons` (`id`),
  CONSTRAINT `cta_cte_tesoreria_bancos_zone_id_foreign` FOREIGN KEY (`zone_id`) REFERENCES `zones` (`id`)
) ENGINE=InnoDB DEFAULT CHARSET=utf8mb4 COLLATE=utf8mb4_unicode_ci;

--
-- Dumping data for table `cta_cte_tesoreria_bancos`
--


--
-- Table structure for table `cta_cte_tesoreria_cuenta_tipos`
--

CREATE TABLE `cta_cte_tesoreria_cuenta_tipos` (
  `id` int(10) unsigned NOT NULL AUTO_INCREMENT,
  `user_id` int(10) unsigned DEFAULT NULL,
  `descripcion` text COLLATE utf8mb4_unicode_ci NOT NULL,
  `habilitado` tinyint(1) NOT NULL DEFAULT '1',
  `created_at` timestamp NULL DEFAULT NULL,
  `updated_at` timestamp NULL DEFAULT NULL,
  `deleted_at` timestamp NULL DEFAULT NULL,
  PRIMARY KEY (`id`)
) ENGINE=InnoDB AUTO_INCREMENT=11 DEFAULT CHARSET=utf8mb4 COLLATE=utf8mb4_unicode_ci;

--
-- Dumping data for table `cta_cte_tesoreria_cuenta_tipos`
--

INSERT INTO `cta_cte_tesoreria_cuenta_tipos` VALUES (1,NULL,'CAJA',1,NULL,NULL,NULL),(2,NULL,'BANCOS',1,NULL,NULL,NULL),(3,NULL,'CHEQUES',1,NULL,NULL,NULL),(4,NULL,'RETENCIONES EFECTUADAS',1,NULL,'2024-05-26 20:55:35',NULL),(5,NULL,'PERCEPCIONES EFECTUADAS',1,NULL,'2024-05-26 20:55:35',NULL),(6,NULL,'RESULTADO NEGATIVO',1,NULL,NULL,NULL),(7,NULL,'RESULTADO POSITIVO',1,NULL,NULL,NULL),(8,NULL,'MOVIMIENTO',1,NULL,NULL,NULL),(9,NULL,'RETENCIONES SUFRIDAS',1,NULL,NULL,NULL),(10,NULL,'PERCEPCIONES SUFRIDAS',1,NULL,NULL,NULL);

--
-- Table structure for table `cta_cte_tesoreria_cuentas`
--

CREATE TABLE `cta_cte_tesoreria_cuentas` (
  `id` int(10) unsigned NOT NULL AUTO_INCREMENT,
  `bind_apibank_enabled` tinyint(1) NOT NULL DEFAULT '0' COMMENT 'Tiene Bind APIBank habilitado?',
  `bind_account_id` varchar(50) COLLATE utf8mb4_unicode_ci DEFAULT NULL COMMENT 'ID de cuenta en Bind APIBank (obtenido al configurar)',
  `user_id` int(10) unsigned DEFAULT NULL,
  `is_no_fiscal` tinyint(1) DEFAULT '0',
  `moneda_id` int(10) unsigned NOT NULL DEFAULT '1',
  `plan_cuenta_id` int(10) unsigned NOT NULL,
  `person_id` int(10) unsigned DEFAULT NULL,
  `cta_cte_tesoreria_cuenta_tipo_id` int(10) unsigned NOT NULL DEFAULT '8',
  `retention_type_id` int(10) unsigned DEFAULT NULL,
  `nombre` varchar(191) COLLATE utf8mb4_unicode_ci NOT NULL,
  `cuit` text COLLATE utf8mb4_unicode_ci,
  `cheque3ros` tinyint(1) NOT NULL DEFAULT '0',
  `cheque_emitidos` tinyint(1) NOT NULL DEFAULT '0',
  `tes_cta_cte` tinyint(1) NOT NULL DEFAULT '0',
  `tes_cuenta_origen` tinyint(1) NOT NULL DEFAULT '0',
  `tes_cuenta_destino` tinyint(1) NOT NULL DEFAULT '0',
  `conta_asientos` tinyint(1) NOT NULL DEFAULT '0',
  `habilitado` tinyint(1) NOT NULL DEFAULT '1',
  `created_at` timestamp NULL DEFAULT NULL,
  `updated_at` timestamp NULL DEFAULT NULL,
  `deleted_at` timestamp NULL DEFAULT NULL,
  PRIMARY KEY (`id`),
  KEY `cta_cte_tesoreria_cuentas_person_id_foreign` (`person_id`),
  KEY `cta_cte_tesoreria_cuentas_plan_cuenta_id_foreign` (`plan_cuenta_id`),
  KEY `cta_tes_tipo_id_foreign` (`cta_cte_tesoreria_cuenta_tipo_id`),
  KEY `cta_cte_tesoreria_cuentas_moneda_id_foreign` (`moneda_id`),
  KEY `cta_cte_tesoreria_cuentas_retention_type_id_foreign` (`retention_type_id`),
  KEY `idx_cctc_bind_apibank_enabled` (`bind_apibank_enabled`),
  KEY `idx_cctc_bind_account_id` (`bind_account_id`),
  CONSTRAINT `cta_cte_tesoreria_cuentas_moneda_id_foreign` FOREIGN KEY (`moneda_id`) REFERENCES `monedas` (`id`),
  CONSTRAINT `cta_cte_tesoreria_cuentas_person_id_foreign` FOREIGN KEY (`person_id`) REFERENCES `persons` (`id`),
  CONSTRAINT `cta_cte_tesoreria_cuentas_plan_cuenta_id_foreign` FOREIGN KEY (`plan_cuenta_id`) REFERENCES `conta_plan_cuenta` (`id`),
  CONSTRAINT `cta_cte_tesoreria_cuentas_retention_type_id_foreign` FOREIGN KEY (`retention_type_id`) REFERENCES `retention_types` (`id`),
  CONSTRAINT `cta_tes_tipo_id_foreign` FOREIGN KEY (`cta_cte_tesoreria_cuenta_tipo_id`) REFERENCES `cta_cte_tesoreria_cuenta_tipos` (`id`)
) ENGINE=InnoDB AUTO_INCREMENT=757 DEFAULT CHARSET=utf8mb4 COLLATE=utf8mb4_unicode_ci;

--
-- Dumping data for table `cta_cte_tesoreria_cuentas`
--

INSERT INTO `cta_cte_tesoreria_cuentas` VALUES (13,0,NULL,NULL,0,1,13,NULL,8,NULL,'Clientes - Deudores',NULL,0,0,0,0,0,0,1,'2019-10-19 02:10:24','2019-10-19 02:10:24',NULL),(20,0,NULL,NULL,0,1,20,NULL,8,NULL,'Anticipos Impuesto a las Ganancias',NULL,0,0,0,0,1,0,1,'2019-10-19 02:10:24','2019-10-19 02:10:24',NULL),(23,0,NULL,NULL,0,1,23,NULL,4,NULL,'Retenciones Impuesto a las Ganancias',NULL,0,0,1,0,0,0,1,'2019-10-19 02:10:24','2023-03-27 00:22:02',NULL),(25,0,NULL,NULL,0,1,25,NULL,4,NULL,'Retenciones de IVA',NULL,0,0,1,0,0,0,1,'2019-10-19 02:10:24','2023-03-27 00:22:02',NULL),(57,0,NULL,NULL,0,1,57,NULL,8,NULL,'Proveedores en Cta. Cte. locales',NULL,0,0,0,0,0,0,1,'2019-10-19 02:10:24','2019-10-19 02:10:24',NULL),(60,0,NULL,NULL,0,1,60,NULL,3,NULL,'Cheques emitidos ',NULL,0,1,1,1,1,0,1,'2019-10-19 02:10:24','2023-03-27 00:22:02',NULL),(62,0,NULL,NULL,0,1,62,NULL,8,NULL,'Sueldos y Jornales a pagar',NULL,0,0,0,0,1,0,1,'2019-10-19 02:10:24','2019-10-19 02:10:24',NULL),(140,0,NULL,NULL,0,1,140,NULL,6,NULL,'Intereses y Gastos bancarios',NULL,0,0,0,0,1,0,1,'2019-10-19 02:10:24','2023-03-27 00:22:02',NULL),(162,0,NULL,NULL,0,1,162,NULL,4,NULL,'Retenciones SUSS',NULL,0,0,1,0,0,0,1,'2019-10-19 02:10:24','2023-03-27 00:22:02',NULL),(176,0,NULL,NULL,0,1,176,NULL,3,NULL,'Cheques en Cartera',NULL,1,0,1,1,1,0,1,'2019-10-19 02:10:24','2023-03-27 00:22:02',NULL),(201,0,NULL,NULL,0,1,201,NULL,6,NULL,'Monotributo',NULL,0,0,0,0,1,0,1,'2019-10-19 02:10:24','2023-03-27 00:22:02',NULL),(203,0,NULL,NULL,0,1,203,NULL,6,NULL,'Autonomos',NULL,0,0,0,0,1,0,1,'2019-10-19 02:10:24','2023-03-27 00:22:02',NULL),(219,0,NULL,NULL,0,1,219,NULL,8,NULL,'Pagos AFIP',NULL,0,0,0,0,1,0,1,'2019-10-19 02:10:24','2019-10-19 02:10:24',NULL),(251,0,NULL,NULL,0,1,251,NULL,4,NULL,'Retenciones de IIBB Buenos Aires',NULL,0,0,1,0,0,0,1,'2019-10-19 02:10:24','2023-03-27 00:22:02',NULL),(252,0,NULL,NULL,0,1,252,NULL,4,NULL,'Retenciones de IIBB Capital Federal',NULL,0,0,1,0,0,0,1,'2019-10-19 02:10:24','2023-03-27 00:22:02',NULL),(253,0,NULL,NULL,0,1,253,NULL,4,NULL,'Retenciones de IIBB Catamarca',NULL,0,0,1,0,0,0,1,'2019-10-19 02:10:24','2023-03-27 00:22:02',NULL),(254,0,NULL,NULL,0,1,254,NULL,4,NULL,'Retenciones de IIBB Chaco',NULL,0,0,1,0,0,0,1,'2019-10-19 02:10:24','2023-03-27 00:22:02',NULL),(255,0,NULL,NULL,0,1,255,NULL,4,NULL,'Retenciones de IIBB Chubut',NULL,0,0,1,0,0,0,1,'2019-10-19 02:10:24','2023-03-27 00:22:02',NULL),(256,0,NULL,NULL,0,1,256,NULL,4,NULL,'Retenciones de IIBB Córdoba',NULL,0,0,1,0,0,0,1,'2019-10-19 02:10:24','2023-03-27 00:22:02',NULL),(257,0,NULL,NULL,0,1,257,NULL,4,NULL,'Retenciones de IIBB Corrientes',NULL,0,0,1,0,0,0,1,'2019-10-19 02:10:24','2023-03-27 00:22:02',NULL),(258,0,NULL,NULL,0,1,258,NULL,4,NULL,'Retenciones de IIBB Entre Ríos',NULL,0,0,1,0,0,0,1,'2019-10-19 02:10:24','2023-03-27 00:22:02',NULL),(259,0,NULL,NULL,0,1,259,NULL,4,NULL,'Retenciones de IIBB Formosa',NULL,0,0,1,0,0,0,1,'2019-10-19 02:10:24','2023-03-27 00:22:02',NULL),(260,0,NULL,NULL,0,1,260,NULL,4,NULL,'Retenciones de IIBB Jujuy',NULL,0,0,1,0,0,0,1,'2019-10-19 02:10:24','2023-03-27 00:22:02',NULL),(261,0,NULL,NULL,0,1,261,NULL,4,NULL,'Retenciones de IIBB La Pampa',NULL,0,0,1,0,0,0,1,'2019-10-19 02:10:24','2023-03-27 00:22:02',NULL),(262,0,NULL,NULL,0,1,262,NULL,4,NULL,'Retenciones de IIBB La Rioja',NULL,0,0,1,0,0,0,1,'2019-10-19 02:10:24','2023-03-27 00:22:02',NULL),(263,0,NULL,NULL,0,1,263,NULL,4,NULL,'Retenciones de IIBB Mendoza',NULL,0,0,1,0,0,0,1,'2019-10-19 02:10:24','2023-03-27 00:22:02',NULL),(264,0,NULL,NULL,0,1,264,NULL,4,NULL,'Retenciones de IIBB Misiones',NULL,0,0,1,0,0,0,1,'2019-10-19 02:10:24','2023-03-27 00:22:02',NULL),(265,0,NULL,NULL,0,1,265,NULL,4,NULL,'Retenciones de IIBB Neuquén',NULL,0,0,1,0,0,0,1,'2019-10-19 02:10:24','2023-03-27 00:22:02',NULL),(266,0,NULL,NULL,0,1,266,NULL,4,NULL,'Retenciones de IIBB Pascua Lama',NULL,0,0,1,0,0,0,1,'2019-10-19 02:10:24','2023-03-27 00:22:02',NULL);
INSERT INTO `cta_cte_tesoreria_cuentas` VALUES (267,0,NULL,NULL,0,1,267,NULL,4,NULL,'Retenciones de IIBB Río Negro',NULL,0,0,1,0,0,0,1,'2019-10-19 02:10:24','2023-03-27 00:22:02',NULL),(268,0,NULL,NULL,0,1,268,NULL,4,NULL,'Retenciones de IIBB Salta',NULL,0,0,1,0,0,0,1,'2019-10-19 02:10:24','2023-03-27 00:22:02',NULL),(269,0,NULL,NULL,0,1,269,NULL,4,NULL,'Retenciones de IIBB San Juan',NULL,0,0,1,0,0,0,1,'2019-10-19 02:10:24','2023-03-27 00:22:02',NULL),(270,0,NULL,NULL,0,1,270,NULL,4,NULL,'Retenciones de IIBB San Luis',NULL,0,0,1,0,0,0,1,'2019-10-19 02:10:24','2023-03-27 00:22:02',NULL),(271,0,NULL,NULL,0,1,271,NULL,4,NULL,'Retenciones de IIBB Santa Cruz',NULL,0,0,1,0,0,0,1,'2019-10-19 02:10:24','2023-03-27 00:22:02',NULL),(272,0,NULL,NULL,0,1,272,NULL,4,NULL,'Retenciones de IIBB Santa Fe',NULL,0,0,1,0,0,0,1,'2019-10-19 02:10:24','2023-03-27 00:22:02',NULL),(273,0,NULL,NULL,0,1,273,NULL,4,NULL,'Retenciones de IIBB Santiago del Estero',NULL,0,0,1,0,0,0,1,'2019-10-19 02:10:24','2023-03-27 00:22:02',NULL),(274,0,NULL,NULL,0,1,274,NULL,4,NULL,'Retenciones de IIBB Tierra del Fuego',NULL,0,0,1,0,0,0,1,'2019-10-19 02:10:24','2023-03-27 00:22:02',NULL),(275,0,NULL,NULL,0,1,275,NULL,4,NULL,'Retenciones de IIBB Tucuman',NULL,0,0,1,0,0,0,1,'2019-10-19 02:10:24','2023-03-27 00:22:02',NULL),(351,0,NULL,NULL,0,1,351,NULL,8,NULL,'BANCO SIRCREB',NULL,0,0,0,0,1,0,1,'2019-10-19 02:10:24','2019-10-19 02:10:24',NULL),(359,0,NULL,NULL,0,1,359,NULL,8,NULL,'Caja en Pesos',NULL,0,0,1,1,1,0,1,'2019-10-19 02:10:24','2023-03-20 23:16:27','2023-03-20 23:16:27'),(360,0,NULL,NULL,0,1,360,NULL,8,NULL,'Retenciones Bancarias de Ganancias a Favor',NULL,0,0,0,0,1,0,1,'2019-10-19 02:10:24','2019-10-19 02:10:24',NULL),(364,0,NULL,NULL,0,1,364,NULL,8,NULL,'Anticipo de Clientes',NULL,0,0,0,0,1,0,1,'2019-10-19 02:10:24','2019-10-19 02:10:24',NULL),(384,0,NULL,NULL,0,1,384,NULL,8,NULL,'Caja en Dolares',NULL,0,0,1,1,1,0,1,'2019-10-19 02:10:24','2023-03-20 23:16:27','2023-03-20 23:16:27'),(409,0,NULL,NULL,0,1,409,NULL,6,NULL,'IVA Crédito Fiscal No computable',NULL,0,0,0,0,1,0,1,'2019-10-19 02:10:24','2023-03-27 00:22:02',NULL),(418,0,NULL,NULL,0,1,418,NULL,8,NULL,'Deudas Bancarias',NULL,0,0,0,1,1,0,1,'2019-10-19 02:10:24','2019-10-19 02:10:24',NULL),(433,0,NULL,NULL,0,1,433,NULL,8,NULL,'Préstamo',NULL,0,0,0,1,1,0,1,'2019-10-19 02:10:24','2019-10-19 02:10:24',NULL),(441,0,NULL,NULL,0,1,441,NULL,8,NULL,'Leasing',NULL,0,0,0,1,1,0,1,'2019-10-19 02:10:24','2019-10-19 02:10:24',NULL),(448,0,NULL,NULL,0,1,448,NULL,8,NULL,'Planes de Pagos AFIP',NULL,0,0,0,1,1,0,1,'2019-10-19 02:10:24','2019-10-19 02:10:24',NULL),(450,0,NULL,NULL,0,1,450,NULL,3,NULL,'Cheques Rechazados',NULL,0,0,0,0,1,0,1,'2019-10-19 02:10:24','2023-03-27 00:22:02',NULL),(467,0,NULL,NULL,0,1,467,NULL,6,NULL,'Interés',NULL,0,0,0,0,1,0,1,'2019-10-19 02:10:24','2023-03-27 00:22:02',NULL),(468,0,NULL,NULL,0,1,14,NULL,8,NULL,'Deudores por ventas comunes',NULL,0,0,0,0,0,1,1,'2020-02-06 17:23:07','2023-03-27 00:22:02',NULL),(469,0,NULL,NULL,0,1,15,NULL,8,NULL,'Deudores por ventas morosos',NULL,0,0,0,0,0,1,1,'2020-02-06 17:23:07','2023-03-27 00:22:02',NULL),(470,0,NULL,NULL,0,1,16,NULL,8,NULL,'Deudores en gestión judicial',NULL,0,0,0,0,0,1,1,'2020-02-06 17:23:07','2023-03-27 00:22:02',NULL),(471,0,NULL,NULL,0,1,17,NULL,8,NULL,'Previsión deudores incobrables',NULL,0,0,0,0,0,1,1,'2020-02-06 17:23:07','2023-03-27 00:22:02',NULL),(472,0,NULL,NULL,0,1,22,NULL,8,NULL,'Anticipo Impto.Ganancia Mínima Presunta',NULL,0,0,0,0,0,1,1,'2020-02-06 17:23:07','2023-03-27 00:22:02',NULL),(473,0,NULL,NULL,0,1,24,NULL,4,NULL,'Impuesto a las Ganancias (Saldo a favor)',NULL,0,0,0,0,0,1,0,'2020-02-06 17:23:07','2023-06-02 07:56:27',NULL),(474,0,NULL,NULL,0,1,27,NULL,8,NULL,'Anticipos de proveedores',NULL,0,0,0,0,0,1,1,'2020-02-06 17:23:07','2023-03-27 00:22:02',NULL),(475,0,NULL,NULL,0,1,28,NULL,8,NULL,'Depósito en garantía alquileres',NULL,0,0,0,0,0,1,1,'2020-02-06 17:23:07','2023-03-27 00:22:02',NULL);
INSERT INTO `cta_cte_tesoreria_cuentas` VALUES (476,0,NULL,NULL,0,1,29,NULL,8,NULL,'Derechos adquiridos a devengar',NULL,0,0,0,0,0,1,1,'2020-02-06 17:23:07','2023-03-27 00:22:02',NULL),(477,0,NULL,NULL,0,1,30,NULL,8,NULL,'Intereses a devengar',NULL,0,0,0,0,0,1,1,'2020-02-06 17:23:07','2023-03-27 00:22:02',NULL),(478,0,NULL,NULL,0,1,31,NULL,8,NULL,'Cuentas a rendir - Directores',NULL,0,0,0,0,0,1,1,'2020-02-06 17:23:07','2023-03-27 00:22:02',NULL),(479,0,NULL,NULL,0,1,32,NULL,8,NULL,'Alquileres no devengados',NULL,0,0,0,0,0,1,1,'2020-02-06 17:23:07','2023-03-27 00:22:02',NULL),(480,0,NULL,NULL,0,1,38,NULL,8,NULL,'Equipos de computación valores históricos',NULL,0,0,0,0,0,1,1,'2020-02-06 17:23:07','2023-03-27 00:22:02',NULL),(481,0,NULL,NULL,0,1,39,NULL,8,NULL,'Equipos de computación ajuste',NULL,0,0,0,0,0,1,1,'2020-02-06 17:23:07','2023-03-27 00:22:02',NULL),(482,0,NULL,NULL,0,1,40,NULL,8,NULL,'Amortización Acumulada Equipos de comput.',NULL,0,0,0,0,0,1,1,'2020-02-06 17:23:07','2023-03-27 00:22:02',NULL),(483,0,NULL,NULL,0,1,42,NULL,8,NULL,'Instalaciones valores históricos',NULL,0,0,0,0,0,1,1,'2020-02-06 17:23:07','2023-03-27 00:22:02',NULL),(484,0,NULL,NULL,0,1,43,NULL,8,NULL,'Instalaciones ajuste',NULL,0,0,0,0,0,1,1,'2020-02-06 17:23:07','2023-03-27 00:22:02',NULL),(485,0,NULL,NULL,0,1,44,NULL,8,NULL,'Amortización Acumulada Instalaciones',NULL,0,0,0,0,0,1,1,'2020-02-06 17:23:07','2023-03-27 00:22:02',NULL),(486,0,NULL,NULL,0,1,46,NULL,8,NULL,'Muebles y utiles valores históricos',NULL,0,0,0,0,0,1,1,'2020-02-06 17:23:07','2023-03-27 00:22:02',NULL),(487,0,NULL,NULL,0,1,47,NULL,8,NULL,'Muebles y utiles ajuste',NULL,0,0,0,0,0,1,1,'2020-02-06 17:23:07','2023-03-27 00:22:02',NULL),(488,0,NULL,NULL,0,1,48,NULL,8,NULL,'Amortización Acumulada Muebles y Útiles',NULL,0,0,0,0,0,1,1,'2020-02-06 17:23:07','2023-03-27 00:22:02',NULL),(489,0,NULL,NULL,0,1,50,NULL,6,NULL,'Gastos de organización valores historicos',NULL,0,0,0,0,0,1,1,'2020-02-06 17:23:07','2023-03-27 00:22:02',NULL),(490,0,NULL,NULL,0,1,51,NULL,6,NULL,'Gastos de organización ajuste',NULL,0,0,0,0,0,1,1,'2020-02-06 17:23:07','2023-03-27 00:22:02',NULL),(491,0,NULL,NULL,0,1,52,NULL,8,NULL,'Amortización acumulada gs. de organización',NULL,0,0,0,0,0,1,1,'2020-02-06 17:23:07','2023-03-27 00:22:02',NULL),(492,0,NULL,NULL,0,1,58,NULL,8,NULL,'Proveedores en cta. cte. exterior',NULL,0,0,0,0,0,1,1,'2020-02-06 17:23:07','2023-03-27 00:22:02',NULL),(493,0,NULL,NULL,0,1,59,NULL,8,NULL,'Derechos de exhibición a devengar',NULL,0,0,0,0,0,1,1,'2020-02-06 17:23:07','2023-03-27 00:22:02',NULL),(494,0,NULL,NULL,0,1,63,NULL,8,NULL,'Cargas sociales a pagar',NULL,0,0,0,0,0,1,1,'2020-02-06 17:23:07','2023-03-27 00:22:02',NULL),(495,0,NULL,NULL,0,1,64,NULL,8,NULL,'Sindicatos a Pagar',NULL,0,0,0,0,0,1,1,'2020-02-06 17:23:07','2023-03-27 00:22:02',NULL),(496,0,NULL,NULL,0,1,67,NULL,8,NULL,'IVA Debito Fiscal',NULL,0,0,0,0,0,1,1,'2020-02-06 17:23:07','2023-03-27 00:22:02',NULL),(497,0,NULL,NULL,0,1,68,NULL,8,NULL,'IVA Credito Fiscal',NULL,0,0,0,0,0,1,1,'2020-02-06 17:23:07','2023-03-27 00:22:02',NULL),(498,0,NULL,NULL,0,1,69,NULL,8,NULL,'Impuestos Internos',NULL,0,0,0,0,0,1,1,'2020-02-06 17:23:07','2023-03-27 00:22:02',NULL),(499,0,NULL,NULL,0,1,70,NULL,8,NULL,'Impuestos al Combustible',NULL,0,0,0,0,0,1,1,'2020-02-06 17:23:07','2023-03-27 00:22:02',NULL),(500,0,NULL,NULL,0,1,71,NULL,8,NULL,'IVA Retenciones de terceros',NULL,0,0,0,0,0,1,1,'2020-02-06 17:23:07','2023-03-27 00:22:02',NULL),(501,0,NULL,NULL,0,1,72,NULL,5,NULL,'IVA Percepciones realiz.por terceros',NULL,0,0,0,0,0,1,1,'2020-02-06 17:23:07','2023-03-27 00:22:02',NULL),(502,0,NULL,NULL,0,1,73,NULL,8,NULL,'IVA Saldo a favor',NULL,0,0,0,0,0,1,1,'2020-02-06 17:23:07','2023-03-27 00:22:02',NULL),(503,0,NULL,NULL,0,1,74,NULL,8,NULL,'IVA a pagar',NULL,0,0,0,0,0,1,1,'2020-02-06 17:23:07','2023-03-27 00:22:02',NULL),(504,0,NULL,NULL,0,1,75,NULL,5,NULL,'Percepciones Ingresos Brutos',NULL,0,0,0,0,0,1,1,'2020-02-06 17:23:07','2023-03-27 00:22:02',NULL);
INSERT INTO `cta_cte_tesoreria_cuentas` VALUES (505,0,NULL,NULL,0,1,76,NULL,8,NULL,'Otros Pagos AFIP',NULL,0,0,0,0,0,1,1,'2020-02-06 17:23:07','2023-03-27 00:22:02',NULL),(506,0,NULL,NULL,0,1,78,NULL,8,NULL,'Impuesto a los Ingresos Brutos Pasivo',NULL,0,0,0,0,0,1,1,'2020-02-06 17:23:07','2023-03-27 00:22:02',NULL),(507,0,NULL,NULL,0,1,79,NULL,8,NULL,'Impuesto a las Ganancias',NULL,0,0,0,0,0,1,1,'2020-02-06 17:23:07','2023-03-27 00:22:02',NULL),(508,0,NULL,NULL,0,1,80,NULL,8,NULL,'Impuesto a la Ganancia Mínima Presunta',NULL,0,0,0,0,0,1,1,'2020-02-06 17:23:07','2023-03-27 00:22:02',NULL),(509,0,NULL,NULL,0,1,81,NULL,8,NULL,'AFIP - Retenciones Impuesto a las Ganancias',NULL,0,0,0,0,0,1,1,'2020-02-06 17:23:07','2023-03-27 00:22:02',NULL),(510,0,NULL,NULL,0,1,82,NULL,8,NULL,'AFIP - Plan de Facilidades Decreto 338/02',NULL,0,0,0,0,0,1,1,'2020-02-06 17:23:07','2023-03-27 00:22:02',NULL),(511,0,NULL,NULL,0,1,87,NULL,8,NULL,'Acciones en circulación',NULL,0,0,0,0,0,1,1,'2020-02-06 17:23:07','2023-03-27 00:22:02',NULL),(512,0,NULL,NULL,0,1,88,NULL,8,NULL,'Ajuste del Capital',NULL,0,0,0,0,0,1,1,'2020-02-06 17:23:07','2023-03-27 00:22:02',NULL),(513,0,NULL,NULL,0,1,89,NULL,8,NULL,'Aportes Irrevocables Futuras Suscripciones',NULL,0,0,0,0,0,1,1,'2020-02-06 17:23:07','2023-03-27 00:22:02',NULL),(514,0,NULL,NULL,0,1,91,NULL,8,NULL,'Resultado del ejercicio',NULL,0,0,0,0,0,1,1,'2020-02-06 17:23:07','2023-03-27 00:22:02',NULL),(515,0,NULL,NULL,0,1,92,NULL,8,NULL,'Resultado ejercicios anteriores',NULL,0,0,0,0,0,1,1,'2020-02-06 17:23:07','2023-03-27 00:22:02',NULL),(516,0,NULL,NULL,0,1,93,NULL,8,NULL,'A.R.E.A.',NULL,0,0,0,0,0,1,1,'2020-02-06 17:23:07','2023-03-27 00:22:02',NULL),(517,0,NULL,NULL,0,1,96,NULL,7,NULL,'VENTAS',NULL,0,0,0,0,1,1,1,'2020-02-06 17:23:07','2023-03-27 00:22:02',NULL),(518,0,NULL,NULL,0,1,97,NULL,7,NULL,'Honorarios',NULL,0,0,0,0,1,1,1,'2020-02-06 17:23:07','2023-03-27 00:22:02',NULL),(519,0,NULL,NULL,0,1,99,NULL,7,NULL,'Descuentos obtenidos',NULL,0,0,0,0,1,1,1,'2020-02-06 17:23:07','2023-03-27 00:22:02',NULL),(520,0,NULL,NULL,0,1,100,NULL,7,NULL,'Reintegros por exportaciones',NULL,0,0,0,0,1,1,1,'2020-02-06 17:23:07','2023-03-27 00:22:02',NULL),(521,0,NULL,NULL,0,1,102,NULL,7,NULL,'Intereses Cobrados',NULL,0,0,0,0,1,1,1,'2020-02-06 17:23:07','2023-03-27 00:22:02',NULL),(522,0,NULL,NULL,0,1,103,NULL,7,NULL,'Diferencias de cambio',NULL,0,0,0,0,1,1,1,'2020-02-06 17:23:07','2023-03-27 00:22:02',NULL),(523,0,NULL,NULL,0,1,104,NULL,7,NULL,'Descuentos obtenidos',NULL,0,0,0,0,1,1,1,'2020-02-06 17:23:07','2023-03-27 00:22:02',NULL),(524,0,NULL,NULL,0,1,110,NULL,6,NULL,'Sueldos',NULL,0,0,0,0,0,1,1,'2020-02-06 17:23:07','2023-03-27 00:22:02',NULL),(525,0,NULL,NULL,0,1,111,NULL,6,NULL,'Contribuciones',NULL,0,0,0,0,0,1,1,'2020-02-06 17:23:07','2023-03-27 00:22:02',NULL),(526,0,NULL,NULL,0,1,112,NULL,6,NULL,'Sindicato',NULL,0,0,0,0,0,1,1,'2020-02-06 17:23:07','2023-03-27 00:22:02',NULL),(527,0,NULL,NULL,0,1,114,NULL,8,NULL,'ACA',NULL,0,0,0,0,0,1,1,'2020-02-06 17:23:07','2023-03-27 00:22:02',NULL),(528,0,NULL,NULL,0,1,115,NULL,6,NULL,'Aereos',NULL,0,0,0,0,0,1,1,'2020-02-06 17:23:07','2023-03-27 00:22:02',NULL),(529,0,NULL,NULL,0,1,116,NULL,6,NULL,'Alquiler',NULL,0,0,0,0,0,1,1,'2020-02-06 17:23:07','2023-03-27 00:22:02',NULL),(530,0,NULL,NULL,0,1,117,NULL,8,NULL,'AGUA AYSA',NULL,0,0,0,0,0,1,1,'2020-02-06 17:23:07','2023-03-27 00:22:02',NULL),(531,0,NULL,NULL,0,1,118,NULL,8,NULL,'TV Cablevision',NULL,0,0,0,0,0,1,1,'2020-02-06 17:23:07','2023-03-27 00:22:02',NULL),(532,0,NULL,NULL,0,1,119,NULL,1,NULL,'Caja Jubilacion Consejo',NULL,0,0,0,0,0,1,1,'2020-02-06 17:23:07','2023-03-27 00:22:02',NULL),(533,0,NULL,NULL,0,1,120,NULL,6,NULL,'Celulares',NULL,0,0,0,0,0,1,1,'2020-02-06 17:23:07','2023-03-27 00:22:02',NULL),(534,0,NULL,NULL,0,1,121,NULL,3,NULL,'Cheques',NULL,0,0,0,0,0,1,1,'2020-02-06 17:23:07','2023-03-27 00:22:02',NULL),(535,0,NULL,NULL,0,1,123,NULL,8,NULL,'Comida',NULL,0,0,0,0,0,1,1,'2020-02-06 17:23:07','2023-03-27 00:22:02',NULL);
INSERT INTO `cta_cte_tesoreria_cuentas` VALUES (536,0,NULL,NULL,0,1,126,NULL,6,NULL,'Fletes y acarreos',NULL,0,0,0,0,0,1,1,'2020-02-06 17:23:07','2023-03-27 00:22:02',NULL),(537,0,NULL,NULL,0,1,127,NULL,8,NULL,'Luz Edesur',NULL,0,0,0,0,0,1,1,'2020-02-06 17:23:07','2023-03-27 00:22:02',NULL),(538,0,NULL,NULL,0,1,128,NULL,6,NULL,'Movilidad y Viáticos',NULL,0,0,0,0,0,1,1,'2020-02-06 17:23:07','2023-03-27 00:22:02',NULL),(539,0,NULL,NULL,0,1,129,NULL,8,NULL,'Mantenimiento',NULL,0,0,0,0,0,1,1,'2020-02-06 17:23:07','2023-03-27 00:22:02',NULL),(540,0,NULL,NULL,0,1,130,NULL,8,NULL,'IVA No Computable',NULL,0,0,0,0,0,1,1,'2020-02-06 17:23:07','2023-03-27 00:22:02',NULL),(541,0,NULL,NULL,0,1,131,NULL,8,NULL,'Entretenimiento',NULL,0,0,0,0,0,1,1,'2020-02-06 17:23:07','2023-03-27 00:22:02',NULL),(542,0,NULL,NULL,0,1,132,NULL,6,NULL,'Amortización Bienes de Uso',NULL,0,0,0,0,0,1,1,'2020-02-06 17:23:07','2023-03-27 00:22:02',NULL),(543,0,NULL,NULL,0,1,135,NULL,6,NULL,'Gastos varios',NULL,0,0,0,0,0,1,1,'2020-02-06 17:23:07','2023-03-27 00:22:02',NULL),(544,0,NULL,NULL,0,1,136,NULL,6,NULL,'Ajuste por redondeo',NULL,0,0,0,0,0,1,1,'2020-02-06 17:23:07','2023-03-27 00:22:02',NULL),(545,0,NULL,NULL,0,1,137,NULL,6,NULL,'Deudores Incobrables',NULL,0,0,0,0,0,1,1,'2020-02-06 17:23:07','2023-03-27 00:22:02',NULL),(546,0,NULL,NULL,0,1,141,NULL,6,NULL,'Intereses Proveedores',NULL,0,0,0,0,0,1,1,'2020-02-06 17:23:07','2023-03-27 00:22:02',NULL),(547,0,NULL,NULL,0,1,143,NULL,6,NULL,'Diferencias de cambio',NULL,0,0,0,0,0,1,1,'2020-02-06 17:23:07','2023-03-27 00:22:02',NULL),(548,0,NULL,NULL,0,1,144,NULL,8,NULL,'Diferencia de Cambio Bces. en M.Extranjera',NULL,0,0,0,0,0,1,1,'2020-02-06 17:23:07','2023-03-27 00:22:02',NULL),(549,0,NULL,NULL,0,1,145,NULL,6,NULL,'Diferencia tipo cambio Vendedor/Comprador',NULL,0,0,0,0,0,1,1,'2020-02-06 17:23:07','2023-03-27 00:22:02',NULL),(550,0,NULL,NULL,0,1,146,NULL,8,NULL,'Diferencia por conversion en Bce. en Mon. Extranj.',NULL,0,0,0,0,0,1,1,'2020-02-06 17:23:07','2023-03-27 00:22:02',NULL),(551,0,NULL,NULL,0,1,147,NULL,8,NULL,'Diferencia de cambio CMV',NULL,0,0,0,0,0,1,1,'2020-02-06 17:23:07','2023-03-27 00:22:02',NULL),(552,0,NULL,NULL,0,1,148,NULL,8,NULL,'Diferencia de cambio PT',NULL,0,0,0,0,0,1,1,'2020-02-06 17:23:07','2023-03-27 00:22:02',NULL),(553,0,NULL,NULL,0,1,149,NULL,8,NULL,'Resultado por Exposición a la Inflación',NULL,0,0,0,0,0,1,1,'2020-02-06 17:23:07','2023-03-27 00:22:02',NULL),(554,0,NULL,NULL,0,1,150,NULL,8,NULL,'Diferencia de cambio PE',NULL,0,0,0,0,0,1,1,'2020-02-06 17:23:07','2023-03-27 00:22:02',NULL),(555,0,NULL,NULL,0,1,151,NULL,8,NULL,'Diferencia de cambio Ds.Vtas.',NULL,0,0,0,0,0,1,1,'2020-02-06 17:23:07','2023-03-27 00:22:03',NULL),(556,0,NULL,NULL,0,1,152,NULL,6,NULL,'Diferencia de cambio ME',NULL,0,0,0,0,0,1,1,'2020-02-06 17:23:07','2023-03-27 00:22:03',NULL),(557,0,NULL,NULL,0,1,153,NULL,6,NULL,'Descuentos otorgados',NULL,0,0,0,0,0,1,1,'2020-02-06 17:23:07','2023-03-27 00:22:03',NULL),(558,0,NULL,NULL,0,1,155,NULL,6,NULL,'Impuesto a las Ganancias',NULL,0,0,0,0,0,1,1,'2020-02-06 17:23:07','2023-03-27 00:22:03',NULL),(559,0,NULL,NULL,0,1,156,NULL,6,NULL,'Impuesto a los Ingresos Brutos',NULL,0,0,0,0,0,1,1,'2020-02-06 17:23:07','2023-03-27 00:22:03',NULL),(560,0,NULL,NULL,0,1,157,NULL,6,NULL,'Impuesto al Debito y Credito Bancario',NULL,0,0,0,0,0,1,1,'2020-02-06 17:23:07','2023-03-27 00:22:03',NULL),(561,0,NULL,NULL,0,1,159,NULL,6,NULL,'Pérdida por venta bienes de uso',NULL,0,0,0,0,0,1,1,'2020-02-06 17:23:07','2023-03-27 00:22:03',NULL),(562,0,NULL,NULL,0,1,160,NULL,6,NULL,'Inversiones',NULL,0,0,0,0,0,1,1,'2020-02-06 17:23:07','2023-03-27 00:22:03',NULL),(563,0,NULL,NULL,0,1,161,NULL,6,NULL,'Amortizaciones extraordinarias',NULL,0,0,0,0,0,1,1,'2020-02-06 17:23:07','2023-03-27 00:22:03',NULL),(564,0,NULL,NULL,0,1,178,NULL,8,NULL,'Google',NULL,0,0,0,0,0,1,1,'2020-02-06 17:23:07','2023-03-27 00:22:03',NULL),(565,0,NULL,NULL,0,1,188,NULL,6,NULL,'Publicidad',NULL,0,0,0,0,0,1,1,'2020-02-06 17:23:07','2023-03-27 00:22:03',NULL);
INSERT INTO `cta_cte_tesoreria_cuentas` VALUES (566,0,NULL,NULL,0,1,191,NULL,6,NULL,'Cargas Sociales',NULL,0,0,0,0,0,1,1,'2020-02-06 17:23:07','2023-03-27 00:22:03',NULL),(567,0,NULL,NULL,0,1,192,NULL,6,NULL,'Honorarios',NULL,0,0,0,0,0,1,1,'2020-02-06 17:23:07','2023-03-27 00:22:03',NULL),(568,0,NULL,NULL,0,1,193,NULL,6,NULL,'Telefono Fijo',NULL,0,0,0,0,0,1,1,'2020-02-06 17:23:07','2023-03-27 00:22:03',NULL),(569,0,NULL,NULL,0,1,198,NULL,6,NULL,'Seguros',NULL,0,0,0,0,0,1,1,'2020-02-06 17:23:07','2023-03-27 00:22:03',NULL),(570,0,NULL,NULL,0,1,199,NULL,6,NULL,'Internet',NULL,0,0,0,0,0,1,1,'2020-02-06 17:23:07','2023-03-27 00:22:03',NULL),(571,0,NULL,NULL,0,1,204,NULL,6,NULL,'Multas Impositivas',NULL,0,0,0,0,0,1,1,'2020-02-06 17:23:07','2023-03-27 00:22:03',NULL),(572,0,NULL,NULL,0,1,208,NULL,6,NULL,'Impuesto a los Ingresos Brutos - BS AS',NULL,0,0,0,0,0,1,1,'2020-02-06 17:23:07','2023-03-27 00:22:03',NULL),(573,0,NULL,NULL,0,1,209,NULL,6,NULL,'SIRCREB',NULL,0,0,0,0,0,1,1,'2020-02-06 17:23:07','2023-03-27 00:22:03',NULL),(574,0,NULL,NULL,0,1,212,NULL,6,NULL,'Tarjeta Visa',NULL,0,0,0,0,0,1,1,'2020-02-06 17:23:07','2023-03-27 00:22:03',NULL),(575,0,NULL,NULL,0,1,213,NULL,6,NULL,'Tarjeta American Express',NULL,0,0,0,0,0,1,1,'2020-02-06 17:23:07','2023-03-27 00:22:03',NULL),(576,0,NULL,NULL,0,1,214,NULL,6,NULL,'Tarjeta Mastercard',NULL,0,0,0,0,0,1,1,'2020-02-06 17:23:07','2023-03-27 00:22:03',NULL),(577,0,NULL,NULL,0,1,215,NULL,8,NULL,'Tarjeta Shopping',NULL,0,0,0,0,0,1,1,'2020-02-06 17:23:07','2023-03-27 00:22:03',NULL),(578,0,NULL,NULL,0,1,216,NULL,6,NULL,'Tarjeta Cencosud',NULL,0,0,0,0,0,1,1,'2020-02-06 17:23:07','2023-03-27 00:22:03',NULL),(579,0,NULL,NULL,0,1,217,NULL,6,NULL,'Compras',NULL,0,0,0,0,0,1,1,'2020-02-06 17:23:07','2023-03-27 00:22:03',NULL),(580,0,NULL,NULL,0,1,218,NULL,7,NULL,'Ventas No Gravadas',NULL,0,0,0,0,1,1,1,'2020-02-06 17:23:07','2023-03-27 00:22:03',NULL),(581,0,NULL,NULL,0,1,220,NULL,5,NULL,'Perc IVA -RG3337',NULL,0,0,0,0,0,1,0,'2020-02-06 17:23:07','2023-06-02 07:56:27',NULL),(582,0,NULL,NULL,0,1,221,NULL,6,NULL,'Imps. Internos',NULL,0,0,0,0,0,1,1,'2020-02-06 17:23:07','2023-03-27 00:22:03',NULL),(583,0,NULL,NULL,0,1,222,NULL,6,NULL,'Imp. Gasoil',NULL,0,0,0,0,0,1,1,'2020-02-06 17:23:07','2023-03-27 00:22:03',NULL),(584,0,NULL,NULL,0,1,223,NULL,6,NULL,'Imp. Hídricos',NULL,0,0,0,0,0,1,1,'2020-02-06 17:23:07','2023-03-27 00:22:03',NULL),(585,0,NULL,NULL,0,1,224,NULL,6,NULL,'ITC',NULL,0,0,0,0,0,1,1,'2020-02-06 17:23:07','2023-03-27 00:22:03',NULL),(586,0,NULL,NULL,0,1,225,NULL,5,NULL,'Perc IIBB  Buenos Aires',NULL,0,0,0,0,0,1,1,'2020-02-06 17:23:07','2023-03-27 00:22:03',NULL),(587,0,NULL,NULL,0,1,226,NULL,5,NULL,'Perc IIBB  Capital Federal',NULL,0,0,0,0,0,1,1,'2020-02-06 17:23:07','2023-03-27 00:22:03',NULL),(588,0,NULL,NULL,0,1,227,NULL,5,NULL,'Perc IIBB  Catamarca',NULL,0,0,0,0,0,1,1,'2020-02-06 17:23:07','2023-03-27 00:22:03',NULL),(589,0,NULL,NULL,0,1,228,NULL,5,NULL,'Perc IIBB  Chaco',NULL,0,0,0,0,0,1,1,'2020-02-06 17:23:07','2023-03-27 00:22:03',NULL),(590,0,NULL,NULL,0,1,229,NULL,5,NULL,'Perc IIBB  Chubut',NULL,0,0,0,0,0,1,1,'2020-02-06 17:23:07','2023-03-27 00:22:03',NULL),(591,0,NULL,NULL,0,1,230,NULL,5,NULL,'Perc IIBB  Córdoba',NULL,0,0,0,0,0,1,1,'2020-02-06 17:23:07','2023-03-27 00:22:03',NULL),(592,0,NULL,NULL,0,1,231,NULL,5,NULL,'Perc IIBB  Corrientes',NULL,0,0,0,0,0,1,1,'2020-02-06 17:23:07','2023-03-27 00:22:03',NULL),(593,0,NULL,NULL,0,1,232,NULL,5,NULL,'Perc IIBB  Entre Ríos',NULL,0,0,0,0,0,1,1,'2020-02-06 17:23:07','2023-03-27 00:22:03',NULL),(594,0,NULL,NULL,0,1,233,NULL,5,NULL,'Perc IIBB  Formosa',NULL,0,0,0,0,0,1,1,'2020-02-06 17:23:07','2023-03-27 00:22:03',NULL),(595,0,NULL,NULL,0,1,234,NULL,5,NULL,'Perc IIBB  Jujuy',NULL,0,0,0,0,0,1,1,'2020-02-06 17:23:07','2023-03-27 00:22:03',NULL),(596,0,NULL,NULL,0,1,235,NULL,5,NULL,'Perc IIBB  La Pampa',NULL,0,0,0,0,0,1,1,'2020-02-06 17:23:07','2023-03-27 00:22:03',NULL),(597,0,NULL,NULL,0,1,236,NULL,5,NULL,'Perc IIBB  La Rioja',NULL,0,0,0,0,0,1,1,'2020-02-06 17:23:07','2023-03-27 00:22:03',NULL);
INSERT INTO `cta_cte_tesoreria_cuentas` VALUES (598,0,NULL,NULL,0,1,237,NULL,5,NULL,'Perc IIBB  Mendoza',NULL,0,0,0,0,0,1,1,'2020-02-06 17:23:07','2023-03-27 00:22:03',NULL),(599,0,NULL,NULL,0,1,238,NULL,5,NULL,'Perc IIBB  Misiones',NULL,0,0,0,0,0,1,1,'2020-02-06 17:23:07','2023-03-27 00:22:03',NULL),(600,0,NULL,NULL,0,1,239,NULL,5,NULL,'Perc IIBB  Neuquén',NULL,0,0,0,0,0,1,1,'2020-02-06 17:23:07','2023-03-27 00:22:03',NULL),(601,0,NULL,NULL,0,1,240,NULL,5,NULL,'Perc IIBB  Pascua Lama',NULL,0,0,0,0,0,1,1,'2020-02-06 17:23:07','2023-03-27 00:22:03',NULL),(602,0,NULL,NULL,0,1,241,NULL,5,NULL,'Perc IIBB  Río Negro',NULL,0,0,0,0,0,1,1,'2020-02-06 17:23:07','2023-03-27 00:22:03',NULL),(603,0,NULL,NULL,0,1,242,NULL,5,NULL,'Perc IIBB  Salta',NULL,0,0,0,0,0,1,1,'2020-02-06 17:23:07','2023-03-27 00:22:03',NULL),(604,0,NULL,NULL,0,1,243,NULL,5,NULL,'Perc IIBB  San Juan',NULL,0,0,0,0,0,1,1,'2020-02-06 17:23:07','2023-03-27 00:22:03',NULL),(605,0,NULL,NULL,0,1,244,NULL,5,NULL,'Perc IIBB  San Luis',NULL,0,0,0,0,0,1,1,'2020-02-06 17:23:07','2023-03-27 00:22:03',NULL),(606,0,NULL,NULL,0,1,245,NULL,5,NULL,'Perc IIBB  Santa Cruz',NULL,0,0,0,0,0,1,1,'2020-02-06 17:23:07','2023-03-27 00:22:03',NULL),(607,0,NULL,NULL,0,1,246,NULL,5,NULL,'Perc IIBB  Santa Fe',NULL,0,0,0,0,0,1,1,'2020-02-06 17:23:07','2023-03-27 00:22:03',NULL),(608,0,NULL,NULL,0,1,247,NULL,5,NULL,'Perc IIBB  Santiago del Estero',NULL,0,0,0,0,0,1,1,'2020-02-06 17:23:07','2023-03-27 00:22:03',NULL),(609,0,NULL,NULL,0,1,248,NULL,5,NULL,'Perc IIBB  Tierra del Fuego',NULL,0,0,0,0,0,1,1,'2020-02-06 17:23:07','2023-03-27 00:22:03',NULL),(610,0,NULL,NULL,0,1,249,NULL,5,NULL,'Perc IIBB  Tucuman',NULL,0,0,0,0,0,1,1,'2020-02-06 17:23:07','2023-03-27 00:22:03',NULL),(611,0,NULL,NULL,0,1,250,NULL,6,NULL,'Compras No Gravadas',NULL,0,0,0,0,0,1,1,'2020-02-06 17:23:07','2023-03-27 00:22:03',NULL),(612,0,NULL,NULL,0,1,276,NULL,6,NULL,'SIRCREB Buenos Aires',NULL,0,0,0,0,0,1,1,'2020-02-06 17:23:07','2023-03-27 00:22:03',NULL),(613,0,NULL,NULL,0,1,277,NULL,6,NULL,'SIRCREB Capital Federal',NULL,0,0,0,0,0,1,1,'2020-02-06 17:23:07','2023-03-27 00:22:03',NULL),(614,0,NULL,NULL,0,1,278,NULL,6,NULL,'SIRCREB Catamarca',NULL,0,0,0,0,0,1,1,'2020-02-06 17:23:07','2023-03-27 00:22:03',NULL),(615,0,NULL,NULL,0,1,279,NULL,6,NULL,'SIRCREB Chaco',NULL,0,0,0,0,0,1,1,'2020-02-06 17:23:07','2023-03-27 00:22:03',NULL),(616,0,NULL,NULL,0,1,280,NULL,6,NULL,'SIRCREB Chubut',NULL,0,0,0,0,0,1,1,'2020-02-06 17:23:07','2023-03-27 00:22:03',NULL),(617,0,NULL,NULL,0,1,281,NULL,6,NULL,'SIRCREB Córdoba',NULL,0,0,0,0,0,1,1,'2020-02-06 17:23:07','2023-03-27 00:22:03',NULL),(618,0,NULL,NULL,0,1,282,NULL,6,NULL,'SIRCREB Corrientes',NULL,0,0,0,0,0,1,1,'2020-02-06 17:23:07','2023-03-27 00:22:03',NULL),(619,0,NULL,NULL,0,1,283,NULL,6,NULL,'SIRCREB Entre Ríos',NULL,0,0,0,0,0,1,1,'2020-02-06 17:23:07','2023-03-27 00:22:03',NULL),(620,0,NULL,NULL,0,1,284,NULL,6,NULL,'SIRCREB Formosa',NULL,0,0,0,0,0,1,1,'2020-02-06 17:23:07','2023-03-27 00:22:03',NULL),(621,0,NULL,NULL,0,1,285,NULL,6,NULL,'SIRCREB Jujuy',NULL,0,0,0,0,0,1,1,'2020-02-06 17:23:07','2023-03-27 00:22:03',NULL),(622,0,NULL,NULL,0,1,286,NULL,6,NULL,'SIRCREB La Pampa',NULL,0,0,0,0,0,1,1,'2020-02-06 17:23:07','2023-03-27 00:22:03',NULL),(623,0,NULL,NULL,0,1,287,NULL,6,NULL,'SIRCREB La Rioja',NULL,0,0,0,0,0,1,1,'2020-02-06 17:23:07','2023-03-27 00:22:03',NULL),(624,0,NULL,NULL,0,1,288,NULL,6,NULL,'SIRCREB Mendoza',NULL,0,0,0,0,0,1,1,'2020-02-06 17:23:07','2023-03-27 00:22:03',NULL),(625,0,NULL,NULL,0,1,289,NULL,6,NULL,'SIRCREB Misiones',NULL,0,0,0,0,0,1,1,'2020-02-06 17:23:07','2023-03-27 00:22:03',NULL),(626,0,NULL,NULL,0,1,290,NULL,6,NULL,'SIRCREB Neuquén',NULL,0,0,0,0,0,1,1,'2020-02-06 17:23:07','2023-03-27 00:22:03',NULL),(627,0,NULL,NULL,0,1,291,NULL,6,NULL,'SIRCREB Pascua Lama',NULL,0,0,0,0,0,1,1,'2020-02-06 17:23:07','2023-03-27 00:22:03',NULL),(628,0,NULL,NULL,0,1,292,NULL,6,NULL,'SIRCREB Río Negro',NULL,0,0,0,0,0,1,1,'2020-02-06 17:23:07','2023-03-27 00:22:03',NULL);
INSERT INTO `cta_cte_tesoreria_cuentas` VALUES (629,0,NULL,NULL,0,1,293,NULL,6,NULL,'SIRCREB Salta',NULL,0,0,0,0,0,1,1,'2020-02-06 17:23:07','2023-03-27 00:22:03',NULL),(630,0,NULL,NULL,0,1,294,NULL,6,NULL,'SIRCREB San Juan',NULL,0,0,0,0,0,1,1,'2020-02-06 17:23:07','2023-03-27 00:22:03',NULL),(631,0,NULL,NULL,0,1,295,NULL,6,NULL,'SIRCREB San Luis',NULL,0,0,0,0,0,1,1,'2020-02-06 17:23:07','2023-03-27 00:22:03',NULL),(632,0,NULL,NULL,0,1,296,NULL,6,NULL,'SIRCREB Santa Cruz',NULL,0,0,0,0,0,1,1,'2020-02-06 17:23:07','2023-03-27 00:22:03',NULL),(633,0,NULL,NULL,0,1,297,NULL,6,NULL,'SIRCREB Santa Fe',NULL,0,0,0,0,0,1,1,'2020-02-06 17:23:07','2023-03-27 00:22:03',NULL),(634,0,NULL,NULL,0,1,298,NULL,6,NULL,'SIRCREB Santiago del Estero',NULL,0,0,0,0,0,1,1,'2020-02-06 17:23:07','2023-03-27 00:22:03',NULL),(635,0,NULL,NULL,0,1,299,NULL,6,NULL,'SIRCREB Tierra del Fuego',NULL,0,0,0,0,0,1,1,'2020-02-06 17:23:07','2023-03-27 00:22:03',NULL),(636,0,NULL,NULL,0,1,300,NULL,6,NULL,'SIRCREB Tucuman',NULL,0,0,0,0,0,1,1,'2020-02-06 17:23:07','2023-03-27 00:22:03',NULL),(637,0,NULL,NULL,0,1,301,NULL,8,NULL,'IIBB a Favor Buenos Aires',NULL,0,0,0,0,0,1,1,'2020-02-06 17:23:07','2023-03-27 00:22:03',NULL),(638,0,NULL,NULL,0,1,302,NULL,8,NULL,'IIBB a Favor Capital Federal',NULL,0,0,0,0,0,1,1,'2020-02-06 17:23:07','2023-03-27 00:22:03',NULL),(639,0,NULL,NULL,0,1,303,NULL,8,NULL,'IIBB a Favor Catamarca',NULL,0,0,0,0,0,1,1,'2020-02-06 17:23:07','2023-03-27 00:22:03',NULL),(640,0,NULL,NULL,0,1,304,NULL,8,NULL,'IIBB a Favor Chaco',NULL,0,0,0,0,0,1,1,'2020-02-06 17:23:07','2023-03-27 00:22:03',NULL),(641,0,NULL,NULL,0,1,305,NULL,8,NULL,'IIBB a Favor Chubut',NULL,0,0,0,0,0,1,1,'2020-02-06 17:23:07','2023-03-27 00:22:03',NULL),(642,0,NULL,NULL,0,1,306,NULL,8,NULL,'IIBB a Favor Córdoba',NULL,0,0,0,0,0,1,1,'2020-02-06 17:23:07','2023-03-27 00:22:03',NULL),(643,0,NULL,NULL,0,1,307,NULL,8,NULL,'IIBB a Favor Corrientes',NULL,0,0,0,0,0,1,1,'2020-02-06 17:23:07','2023-03-27 00:22:03',NULL),(644,0,NULL,NULL,0,1,308,NULL,8,NULL,'IIBB a Favor Entre Ríos',NULL,0,0,0,0,0,1,1,'2020-02-06 17:23:07','2023-03-27 00:22:03',NULL),(645,0,NULL,NULL,0,1,309,NULL,8,NULL,'IIBB a Favor Formosa',NULL,0,0,0,0,0,1,1,'2020-02-06 17:23:07','2023-03-27 00:22:03',NULL),(646,0,NULL,NULL,0,1,310,NULL,8,NULL,'IIBB a Favor Jujuy',NULL,0,0,0,0,0,1,1,'2020-02-06 17:23:07','2023-03-27 00:22:03',NULL),(647,0,NULL,NULL,0,1,311,NULL,8,NULL,'IIBB a Favor La Pampa',NULL,0,0,0,0,0,1,1,'2020-02-06 17:23:07','2023-03-27 00:22:03',NULL),(648,0,NULL,NULL,0,1,312,NULL,8,NULL,'IIBB a Favor La Rioja',NULL,0,0,0,0,0,1,1,'2020-02-06 17:23:07','2023-03-27 00:22:03',NULL),(649,0,NULL,NULL,0,1,313,NULL,8,NULL,'IIBB a Favor Mendoza',NULL,0,0,0,0,0,1,1,'2020-02-06 17:23:07','2023-03-27 00:22:03',NULL),(650,0,NULL,NULL,0,1,314,NULL,8,NULL,'IIBB a Favor Misiones',NULL,0,0,0,0,0,1,1,'2020-02-06 17:23:08','2023-03-27 00:22:03',NULL),(651,0,NULL,NULL,0,1,315,NULL,8,NULL,'IIBB a Favor Neuquén',NULL,0,0,0,0,0,1,1,'2020-02-06 17:23:08','2023-03-27 00:22:03',NULL),(652,0,NULL,NULL,0,1,316,NULL,8,NULL,'IIBB a Favor Pascua Lama',NULL,0,0,0,0,0,1,1,'2020-02-06 17:23:08','2023-03-27 00:22:03',NULL),(653,0,NULL,NULL,0,1,317,NULL,8,NULL,'IIBB a Favor Río Negro',NULL,0,0,0,0,0,1,1,'2020-02-06 17:23:08','2023-03-27 00:22:03',NULL),(654,0,NULL,NULL,0,1,318,NULL,8,NULL,'IIBB a Favor Salta',NULL,0,0,0,0,0,1,1,'2020-02-06 17:23:08','2023-03-27 00:22:03',NULL),(655,0,NULL,NULL,0,1,319,NULL,8,NULL,'IIBB a Favor San Juan',NULL,0,0,0,0,0,1,1,'2020-02-06 17:23:08','2023-03-27 00:22:03',NULL),(656,0,NULL,NULL,0,1,320,NULL,8,NULL,'IIBB a Favor San Luis',NULL,0,0,0,0,0,1,1,'2020-02-06 17:23:08','2023-03-27 00:22:03',NULL),(657,0,NULL,NULL,0,1,321,NULL,8,NULL,'IIBB a Favor Santa Cruz',NULL,0,0,0,0,0,1,1,'2020-02-06 17:23:08','2023-03-27 00:22:03',NULL),(658,0,NULL,NULL,0,1,322,NULL,8,NULL,'IIBB a Favor Santa Fe',NULL,0,0,0,0,0,1,1,'2020-02-06 17:23:08','2023-03-27 00:22:03',NULL);
INSERT INTO `cta_cte_tesoreria_cuentas` VALUES (659,0,NULL,NULL,0,1,323,NULL,8,NULL,'IIBB a Favor Santiago del Estero',NULL,0,0,0,0,0,1,1,'2020-02-06 17:23:08','2023-03-27 00:22:03',NULL),(660,0,NULL,NULL,0,1,324,NULL,8,NULL,'IIBB a Favor Tierra del Fuego',NULL,0,0,0,0,0,1,1,'2020-02-06 17:23:08','2023-03-27 00:22:03',NULL),(661,0,NULL,NULL,0,1,325,NULL,8,NULL,'IIBB a Favor Tucuman',NULL,0,0,0,0,0,1,1,'2020-02-06 17:23:08','2023-03-27 00:22:03',NULL),(662,0,NULL,NULL,0,1,326,NULL,8,NULL,'IIBB a Pagar Buenos Aires',NULL,0,0,0,0,0,1,1,'2020-02-06 17:23:08','2023-03-27 00:22:03',NULL),(663,0,NULL,NULL,0,1,327,NULL,8,NULL,'IIBB a Pagar Capital Federal',NULL,0,0,0,0,0,1,1,'2020-02-06 17:23:08','2023-03-27 00:22:03',NULL),(664,0,NULL,NULL,0,1,328,NULL,8,NULL,'IIBB a Pagar Catamarca',NULL,0,0,0,0,0,1,1,'2020-02-06 17:23:08','2023-03-27 00:22:03',NULL),(665,0,NULL,NULL,0,1,329,NULL,8,NULL,'IIBB a Pagar Chaco',NULL,0,0,0,0,0,1,1,'2020-02-06 17:23:08','2023-03-27 00:22:03',NULL),(666,0,NULL,NULL,0,1,330,NULL,8,NULL,'IIBB a Pagar Chubut',NULL,0,0,0,0,0,1,1,'2020-02-06 17:23:08','2023-03-27 00:22:03',NULL),(667,0,NULL,NULL,0,1,331,NULL,8,NULL,'IIBB a Pagar Córdoba',NULL,0,0,0,0,0,1,1,'2020-02-06 17:23:08','2023-03-27 00:22:03',NULL),(668,0,NULL,NULL,0,1,332,NULL,8,NULL,'IIBB a Pagar Corrientes',NULL,0,0,0,0,0,1,1,'2020-02-06 17:23:08','2023-03-27 00:22:03',NULL),(669,0,NULL,NULL,0,1,333,NULL,8,NULL,'IIBB a Pagar Entre Ríos',NULL,0,0,0,0,0,1,1,'2020-02-06 17:23:08','2023-03-27 00:22:03',NULL),(670,0,NULL,NULL,0,1,334,NULL,8,NULL,'IIBB a Pagar Formosa',NULL,0,0,0,0,0,1,1,'2020-02-06 17:23:08','2023-03-27 00:22:03',NULL),(671,0,NULL,NULL,0,1,335,NULL,8,NULL,'IIBB a Pagar Jujuy',NULL,0,0,0,0,0,1,1,'2020-02-06 17:23:08','2023-03-27 00:22:03',NULL),(672,0,NULL,NULL,0,1,336,NULL,8,NULL,'IIBB a Pagar La Pampa',NULL,0,0,0,0,0,1,1,'2020-02-06 17:23:08','2023-03-27 00:22:03',NULL),(673,0,NULL,NULL,0,1,337,NULL,8,NULL,'IIBB a Pagar La Rioja',NULL,0,0,0,0,0,1,1,'2020-02-06 17:23:08','2023-03-27 00:22:03',NULL),(674,0,NULL,NULL,0,1,338,NULL,8,NULL,'IIBB a Pagar Mendoza',NULL,0,0,0,0,0,1,1,'2020-02-06 17:23:08','2023-03-27 00:22:03',NULL),(675,0,NULL,NULL,0,1,339,NULL,8,NULL,'IIBB a Pagar Misiones',NULL,0,0,0,0,0,1,1,'2020-02-06 17:23:08','2023-03-27 00:22:03',NULL),(676,0,NULL,NULL,0,1,340,NULL,8,NULL,'IIBB a Pagar Neuquén',NULL,0,0,0,0,0,1,1,'2020-02-06 17:23:08','2023-03-27 00:22:03',NULL),(677,0,NULL,NULL,0,1,341,NULL,8,NULL,'IIBB a Pagar Pascua Lama',NULL,0,0,0,0,0,1,1,'2020-02-06 17:23:08','2023-03-27 00:22:03',NULL),(678,0,NULL,NULL,0,1,342,NULL,8,NULL,'IIBB a Pagar Río Negro',NULL,0,0,0,0,0,1,1,'2020-02-06 17:23:08','2023-03-27 00:22:03',NULL),(679,0,NULL,NULL,0,1,343,NULL,8,NULL,'IIBB a Pagar Salta',NULL,0,0,0,0,0,1,1,'2020-02-06 17:23:08','2023-03-27 00:22:03',NULL),(680,0,NULL,NULL,0,1,344,NULL,8,NULL,'IIBB a Pagar San Juan',NULL,0,0,0,0,0,1,1,'2020-02-06 17:23:08','2023-03-27 00:22:03',NULL),(681,0,NULL,NULL,0,1,345,NULL,8,NULL,'IIBB a Pagar San Luis',NULL,0,0,0,0,0,1,1,'2020-02-06 17:23:08','2023-03-27 00:22:03',NULL),(682,0,NULL,NULL,0,1,346,NULL,8,NULL,'IIBB a Pagar Santa Cruz',NULL,0,0,0,0,0,1,1,'2020-02-06 17:23:08','2023-03-27 00:22:03',NULL),(683,0,NULL,NULL,0,1,347,NULL,8,NULL,'IIBB a Pagar Santa Fe',NULL,0,0,0,0,0,1,1,'2020-02-06 17:23:08','2023-03-27 00:22:03',NULL),(684,0,NULL,NULL,0,1,348,NULL,8,NULL,'IIBB a Pagar Santiago del Estero',NULL,0,0,0,0,0,1,1,'2020-02-06 17:23:08','2023-03-27 00:22:03',NULL),(685,0,NULL,NULL,0,1,349,NULL,8,NULL,'IIBB a Pagar Tierra del Fuego',NULL,0,0,0,0,0,1,1,'2020-02-06 17:23:08','2023-03-27 00:22:03',NULL),(686,0,NULL,NULL,0,1,350,NULL,8,NULL,'IIBB a Pagar Tucuman',NULL,0,0,0,0,0,1,1,'2020-02-06 17:23:08','2023-03-27 00:22:03',NULL),(687,0,NULL,NULL,0,1,352,NULL,8,NULL,'Compensacion',NULL,0,0,0,0,0,1,1,'2020-02-06 17:23:08','2023-03-27 00:22:03',NULL),(688,0,NULL,NULL,0,1,353,NULL,8,NULL,'IVA Saldo Tecnico',NULL,0,0,0,0,0,1,1,'2020-02-06 17:23:08','2023-03-27 00:22:03',NULL);
INSERT INTO `cta_cte_tesoreria_cuentas` VALUES (689,0,NULL,NULL,0,1,354,NULL,8,NULL,'IVA Saldo Libre Disponibilidad',NULL,0,0,0,0,0,1,1,'2020-02-06 17:23:08','2023-03-27 00:22:03',NULL),(690,0,NULL,NULL,0,1,361,NULL,8,NULL,'Equipos de Computación',NULL,0,0,0,0,0,1,1,'2020-02-06 17:23:08','2023-03-27 00:22:03',NULL),(691,0,NULL,NULL,0,1,362,NULL,8,NULL,'Computadoras',NULL,0,0,0,0,0,1,1,'2020-02-06 17:23:08','2023-03-27 00:22:03',NULL),(692,0,NULL,NULL,0,1,363,NULL,8,NULL,'Muebles y Utiles',NULL,0,0,0,0,0,1,1,'2020-02-06 17:23:08','2023-03-27 00:22:03',NULL),(693,0,NULL,NULL,0,1,365,NULL,8,NULL,'Provision Honorarios',NULL,0,0,0,0,0,1,1,'2020-02-06 17:23:08','2023-03-27 00:22:03',NULL),(694,0,NULL,NULL,0,1,366,NULL,8,NULL,'Cta. Cte Directores',NULL,0,0,0,0,0,1,1,'2020-02-06 17:23:08','2023-03-27 00:22:03',NULL),(695,0,NULL,NULL,0,1,367,NULL,8,NULL,'Provisión Honorarios Directores',NULL,0,0,0,0,0,1,1,'2020-02-06 17:23:08','2023-03-27 00:22:03',NULL),(696,0,NULL,NULL,0,1,368,NULL,8,NULL,'Cuenta Particular Socio 1',NULL,0,0,0,0,0,1,1,'2020-02-06 17:23:08','2023-03-27 00:22:03',NULL),(697,0,NULL,NULL,0,1,369,NULL,8,NULL,'Capital',NULL,0,0,0,0,0,1,1,'2020-02-06 17:23:08','2023-03-27 00:22:03',NULL),(698,0,NULL,NULL,0,1,380,NULL,8,NULL,'Instalaciones',NULL,0,0,0,0,0,1,1,'2020-02-06 17:23:08','2023-03-27 00:22:03',NULL),(699,0,NULL,NULL,0,1,381,NULL,8,NULL,'Reserva Legal',NULL,0,0,0,0,0,1,1,'2020-02-06 17:23:08','2023-03-27 00:22:03',NULL),(700,0,NULL,NULL,0,1,382,NULL,8,NULL,'Reserva Legal',NULL,0,0,0,0,0,1,1,'2020-02-06 17:23:08','2023-03-27 00:22:03',NULL),(701,0,NULL,NULL,0,1,383,NULL,8,NULL,'Resultado no asignado',NULL,0,0,0,0,0,1,1,'2020-02-06 17:23:08','2023-03-27 00:22:03',NULL),(702,0,NULL,NULL,0,1,386,NULL,8,NULL,'PLAZO FIJO',NULL,0,0,0,0,0,1,1,'2020-02-06 17:23:08','2023-03-27 00:22:03',NULL),(703,0,NULL,NULL,0,1,388,NULL,8,NULL,'ACCIONES',NULL,0,0,0,0,0,1,1,'2020-02-06 17:23:08','2023-03-27 00:22:03',NULL),(704,0,NULL,NULL,0,1,389,NULL,8,NULL,'Inmuebles',NULL,0,0,0,0,0,1,1,'2020-02-06 17:23:08','2023-03-27 00:22:03',NULL),(705,0,NULL,NULL,0,1,390,NULL,8,NULL,'Vehiculos',NULL,0,0,0,0,0,1,1,'2020-02-06 17:23:08','2023-03-27 00:22:03',NULL),(706,0,NULL,NULL,0,1,391,NULL,8,NULL,'Maquinarias',NULL,0,0,0,0,0,1,1,'2020-02-06 17:23:08','2023-03-27 00:22:03',NULL),(707,0,NULL,NULL,0,1,392,NULL,8,NULL,'MERCADERIAS',NULL,0,0,0,0,0,1,1,'2020-02-06 17:23:08','2023-03-27 00:22:03',NULL),(708,0,NULL,NULL,0,1,393,NULL,8,NULL,'OTROS',NULL,0,0,0,0,0,1,1,'2020-02-06 17:23:08','2023-03-27 00:22:03',NULL),(709,0,NULL,NULL,0,1,395,NULL,8,NULL,'Cuenta Particular Socio 2',NULL,0,0,0,0,0,1,1,'2020-02-06 17:23:08','2023-03-27 00:22:03',NULL),(710,0,NULL,NULL,0,1,396,NULL,6,NULL,'Comisiones Y gastos Bancarios',NULL,0,0,0,0,0,1,1,'2020-02-06 17:23:08','2023-03-27 00:22:03',NULL),(711,0,NULL,NULL,0,1,411,NULL,8,NULL,'Provisión Impuesto a las Ganancias',NULL,0,0,0,0,0,1,1,'2020-02-06 17:23:08','2023-03-27 00:22:03',NULL),(712,0,NULL,NULL,0,1,412,NULL,6,NULL,'Amortización Muebles y Útiles',NULL,0,0,0,0,0,1,1,'2020-02-06 17:23:08','2023-03-27 00:22:03',NULL),(713,0,NULL,NULL,0,1,413,NULL,6,NULL,'Amortización Equipos',NULL,0,0,0,0,0,1,1,'2020-02-06 17:23:08','2023-03-27 00:22:03',NULL),(714,0,NULL,NULL,0,1,414,NULL,8,NULL,'Amortizacion Acumulada Equipos',NULL,0,0,0,0,0,1,1,'2020-02-06 17:23:08','2023-03-27 00:22:03',NULL),(715,0,NULL,NULL,0,1,415,NULL,8,NULL,'Amortización Acumulada Maquinarias',NULL,0,0,0,0,0,1,1,'2020-02-06 17:23:08','2023-03-27 00:22:03',NULL),(716,0,NULL,NULL,0,1,416,NULL,8,NULL,'Materias Primas',NULL,0,0,0,0,0,1,1,'2020-02-06 17:23:08','2023-03-27 00:22:03',NULL),(717,0,NULL,NULL,0,1,419,NULL,8,NULL,'Rodados',NULL,0,0,0,0,0,1,1,'2020-02-06 17:23:08','2023-03-27 00:22:03',NULL),(718,0,NULL,NULL,0,1,420,NULL,8,NULL,'Amortización Acumulada Rodados',NULL,0,0,0,0,0,1,1,'2020-02-06 17:23:08','2023-03-27 00:22:03',NULL),(719,0,NULL,NULL,0,1,421,NULL,8,NULL,'Amortización Rodados',NULL,0,0,0,0,0,1,1,'2020-02-06 17:23:08','2023-03-27 00:22:03',NULL);
INSERT INTO `cta_cte_tesoreria_cuentas` VALUES (720,0,NULL,NULL,0,1,422,NULL,8,NULL,'Amortización Maquinarias',NULL,0,0,0,0,0,1,1,'2020-02-06 17:23:08','2023-03-27 00:22:03',NULL),(721,0,NULL,NULL,0,1,423,NULL,8,NULL,'Accesorios',NULL,0,0,0,0,0,1,1,'2020-02-06 17:23:08','2023-03-27 00:22:03',NULL),(722,0,NULL,NULL,0,1,424,NULL,8,NULL,'Amortización Acumulada Accesorios',NULL,0,0,0,0,0,1,1,'2020-02-06 17:23:08','2023-03-27 00:22:03',NULL),(723,0,NULL,NULL,0,1,426,NULL,8,NULL,'Reserva Facultativa',NULL,0,0,0,0,0,1,1,'2020-02-06 17:23:08','2023-03-27 00:22:03',NULL),(724,0,NULL,NULL,0,1,427,NULL,8,NULL,'Créditos por Impuestos Diferidos',NULL,0,0,0,0,0,1,1,'2020-02-06 17:23:08','2023-03-27 00:22:03',NULL),(725,0,NULL,NULL,0,1,428,NULL,8,NULL,'Fondo de Comercio',NULL,0,0,0,0,0,1,1,'2020-02-06 17:23:08','2023-03-27 00:22:03',NULL),(726,0,NULL,NULL,0,1,429,NULL,8,NULL,'Amortizacion Acumulada Fondo de Comercio',NULL,0,0,0,0,0,1,1,'2020-02-06 17:23:08','2023-03-27 00:22:03',NULL),(727,0,NULL,NULL,0,1,430,NULL,8,NULL,'Intereses a devengar AGIP',NULL,0,0,0,0,0,1,1,'2020-02-06 17:23:08','2023-03-27 00:22:03',NULL),(728,0,NULL,NULL,0,1,431,NULL,8,NULL,'PFP IIBB',NULL,0,0,0,0,0,1,1,'2020-02-06 17:23:08','2023-03-27 00:22:03',NULL),(729,0,NULL,NULL,0,1,434,NULL,8,NULL,'Productos',NULL,0,0,0,0,0,1,1,'2020-02-06 17:23:08','2023-03-27 00:22:03',NULL),(730,0,NULL,NULL,0,1,435,NULL,8,NULL,'Intereses a devengar PFP',NULL,0,0,0,0,0,1,1,'2020-02-06 17:23:08','2023-03-27 00:22:03',NULL),(731,0,NULL,NULL,0,1,437,NULL,8,NULL,'Imp. Ley 25413 Cred 0.6%',NULL,0,0,0,0,0,1,1,'2020-02-06 17:23:08','2023-03-27 00:22:03',NULL),(732,0,NULL,NULL,0,1,438,NULL,8,NULL,'Honorarios Directorio a Pagar',NULL,0,0,0,0,0,1,1,'2020-02-06 17:23:08','2023-03-27 00:22:03',NULL),(733,0,NULL,NULL,0,1,439,NULL,8,NULL,'Reserva para Futuras Inversiones',NULL,0,0,0,0,0,1,1,'2020-02-06 17:23:08','2023-03-27 00:22:03',NULL),(734,0,NULL,NULL,0,1,440,NULL,8,NULL,'TEAC - Trabajos Ejecutados a Certificar',NULL,0,0,0,0,0,1,1,'2020-02-06 17:23:08','2023-03-27 00:22:03',NULL),(735,0,NULL,NULL,0,1,444,NULL,8,NULL,'Banco Santander Rio Cta Cte',NULL,0,0,0,0,0,1,1,'2020-02-06 17:23:08','2023-03-27 00:22:03',NULL),(736,0,NULL,NULL,0,1,449,NULL,8,NULL,'Leasing',NULL,0,0,0,0,0,1,1,'2020-02-06 17:23:08','2023-03-27 00:22:03',NULL),(737,0,NULL,NULL,0,1,453,NULL,8,NULL,'Inversión Central Caribe',NULL,0,0,0,0,0,1,1,'2020-02-06 17:23:08','2023-03-27 00:22:03',NULL),(738,0,NULL,NULL,0,1,454,NULL,8,NULL,'Otras Inversiones',NULL,0,0,0,0,0,1,1,'2020-02-06 17:23:08','2023-03-27 00:22:03',NULL),(739,0,NULL,NULL,0,1,455,NULL,8,NULL,'Otros Créditos',NULL,0,0,0,0,0,1,1,'2020-02-06 17:23:08','2023-03-27 00:22:03',NULL),(740,0,NULL,NULL,0,1,456,NULL,8,NULL,'Provisión Honorarios Socio Gerente',NULL,0,0,0,0,0,1,1,'2020-02-06 17:23:08','2023-03-27 00:22:03',NULL),(741,0,NULL,NULL,0,1,459,NULL,8,NULL,'Moratoria SUSS a pagar',NULL,0,0,0,0,0,1,1,'2020-02-06 17:23:08','2023-03-27 00:22:03',NULL),(742,0,NULL,NULL,0,1,460,NULL,8,NULL,'Impuestos Municipales a Pagar',NULL,0,0,0,0,0,1,1,'2020-02-06 17:23:08','2023-03-27 00:22:03',NULL),(743,0,NULL,NULL,0,1,461,NULL,6,NULL,'Amortización Instalaciones',NULL,0,0,0,0,0,1,1,'2020-02-06 17:23:08','2023-03-27 00:22:03',NULL),(744,0,NULL,NULL,0,1,462,NULL,8,NULL,'Amortización Equipos de comput.',NULL,0,0,0,0,0,1,1,'2020-02-06 17:23:08','2023-03-27 00:22:03',NULL),(745,0,NULL,NULL,0,1,463,NULL,8,NULL,'Cuenta Particular Socio 3',NULL,0,0,0,0,0,1,1,'2020-02-06 17:23:08','2023-03-27 00:22:03',NULL),(746,0,NULL,NULL,0,1,464,NULL,8,NULL,'Cuenta Particular Socio 4',NULL,0,0,0,0,0,1,1,'2020-02-06 17:23:08','2023-03-27 00:22:03',NULL),(747,0,NULL,NULL,0,1,465,NULL,8,NULL,'Otras Reservas',NULL,0,0,0,0,0,1,1,'2020-02-06 17:23:08','2023-03-27 00:22:03',NULL),(748,0,NULL,NULL,0,1,466,NULL,8,NULL,'IGMP (Saldo a Favor)',NULL,0,0,0,0,0,1,1,'2020-02-06 17:23:08','2023-03-27 00:22:03',NULL),(749,0,NULL,NULL,0,1,468,NULL,8,NULL,'Productos en Proceso',NULL,0,0,0,0,0,1,1,'2020-02-06 17:23:08','2023-03-27 00:22:03',NULL);
INSERT INTO `cta_cte_tesoreria_cuentas` VALUES (750,0,NULL,NULL,0,1,469,NULL,8,NULL,'Depósitos en Garantía Socio Gerente',NULL,0,0,0,0,0,1,1,'2020-02-06 17:23:08','2023-03-27 00:22:04',NULL),(751,0,NULL,NULL,0,1,470,NULL,8,NULL,'Fondos Embargados',NULL,0,0,0,0,0,1,1,'2020-02-06 17:23:08','2023-03-27 00:22:04',NULL),(752,0,NULL,NULL,0,1,471,NULL,8,NULL,'Cuota Solid.',NULL,0,0,0,0,0,1,1,'2020-02-06 17:23:08','2023-03-27 00:22:04',NULL),(753,0,NULL,NULL,0,1,472,NULL,8,NULL,'Anticipo Honorarios Directores',NULL,0,0,0,0,0,1,1,'2020-02-06 17:23:08','2023-03-27 00:22:04',NULL),(754,0,NULL,NULL,0,1,473,NULL,8,NULL,'SICORE a Pagar',NULL,0,0,0,0,0,1,1,'2020-02-06 17:23:08','2023-03-27 00:22:04',NULL),(755,0,NULL,NULL,0,1,476,NULL,6,NULL,'RECPAM',NULL,0,0,0,0,0,1,1,'2020-02-06 17:23:08','2023-03-27 00:22:04',NULL),(756,0,NULL,NULL,0,1,478,NULL,6,NULL,'CO2 - Imp. Al Carbono',NULL,0,0,0,0,0,1,1,'2020-02-06 17:23:08','2023-03-27 00:22:04',NULL);

--
-- Table structure for table `cta_cte_tesoreria_detail`
--

CREATE TABLE `cta_cte_tesoreria_detail` (
  `id` int(10) unsigned NOT NULL AUTO_INCREMENT,
  `user_id` int(10) unsigned DEFAULT NULL,
  `cta_cte_tesoreria_id` int(10) unsigned NOT NULL,
  `cta_cte_tesoreria_cuenta_id` int(10) unsigned NOT NULL,
  `person_id` int(10) unsigned DEFAULT NULL,
  `period_id` int(10) unsigned DEFAULT NULL,
  `saldo_id` int(10) unsigned NOT NULL,
  `monto` decimal(16,2) NOT NULL,
  `is_conciliado` tinyint(1) NOT NULL DEFAULT '0',
  `fecha` date DEFAULT NULL,
  `created_at` timestamp NULL DEFAULT NULL,
  `updated_at` timestamp NULL DEFAULT NULL,
  `deleted_at` timestamp NULL DEFAULT NULL,
  PRIMARY KEY (`id`),
  KEY `cta_cte_tesoreria_detail_cta_cte_tesoreria_id_foreign` (`cta_cte_tesoreria_id`),
  KEY `cta_cte_tesoreria_detail_cta_cte_tesoreria_cuenta_id_foreign` (`cta_cte_tesoreria_cuenta_id`),
  KEY `cta_cte_tesoreria_detail_person_id_foreign` (`person_id`),
  KEY `cta_cte_tesoreria_detail_period_id_foreign` (`period_id`),
  KEY `cta_cte_tesoreria_detail_saldo_id_foreign` (`saldo_id`),
  CONSTRAINT `cta_cte_tesoreria_detail_cta_cte_tesoreria_cuenta_id_foreign` FOREIGN KEY (`cta_cte_tesoreria_cuenta_id`) REFERENCES `cta_cte_tesoreria_cuentas` (`id`),
  CONSTRAINT `cta_cte_tesoreria_detail_cta_cte_tesoreria_id_foreign` FOREIGN KEY (`cta_cte_tesoreria_id`) REFERENCES `cta_cte_tesoreria` (`id`),
  CONSTRAINT `cta_cte_tesoreria_detail_period_id_foreign` FOREIGN KEY (`period_id`) REFERENCES `periods` (`id`),
  CONSTRAINT `cta_cte_tesoreria_detail_person_id_foreign` FOREIGN KEY (`person_id`) REFERENCES `persons` (`id`),
  CONSTRAINT `cta_cte_tesoreria_detail_saldo_id_foreign` FOREIGN KEY (`saldo_id`) REFERENCES `conta_tipo_saldos` (`id`)
) ENGINE=InnoDB DEFAULT CHARSET=utf8mb4 COLLATE=utf8mb4_unicode_ci;

--
-- Dumping data for table `cta_cte_tesoreria_detail`
--


--
-- Table structure for table `ctacte_bancos`
--

CREATE TABLE `ctacte_bancos` (
  `id` int(10) unsigned NOT NULL AUTO_INCREMENT,
  `user_id` int(10) unsigned DEFAULT NULL,
  `nombre` varchar(255) COLLATE utf8mb4_unicode_ci DEFAULT NULL,
  `codigoBCRA` int(11) DEFAULT NULL,
  `cuit` varchar(191) COLLATE utf8mb4_unicode_ci DEFAULT NULL,
  `created_at` timestamp NULL DEFAULT NULL,
  `updated_at` timestamp NULL DEFAULT NULL,
  `deleted_at` timestamp NULL DEFAULT NULL,
  PRIMARY KEY (`id`)
) ENGINE=InnoDB AUTO_INCREMENT=82 DEFAULT CHARSET=utf8mb4 COLLATE=utf8mb4_unicode_ci;

--
-- Dumping data for table `ctacte_bancos`
--

INSERT INTO `ctacte_bancos` VALUES (1,NULL,'BANCO DE GALICIA Y BUENOS AIRES S.A.',7,'30-50000173-5',NULL,NULL,NULL),(2,NULL,'BANCO DE LA NACION ARGENTINA',11,'30-50001091-2',NULL,NULL,NULL),(3,NULL,'BANCO DE LA PROVINCIA DE BUENOS AIRES',14,'33-99924210-9',NULL,NULL,NULL),(4,NULL,'INDUSTRIAL AND COMMERCIAL BANK OF CHINA',15,'30-70944784-6',NULL,NULL,NULL),(5,NULL,'CITIBANK N.A.',16,'30-50000562-5',NULL,NULL,NULL),(6,NULL,'BBVA BANCO FRANCES S.A.',17,'30-50000319-3',NULL,NULL,NULL),(7,NULL,'THE BANK OF TOKYO-MITSUBISHI UFJ, LTD.',18,'30-50001183-8',NULL,NULL,NULL),(8,NULL,'BANCO DE LA PROVINCIA DE CORDOBA S.A.',20,'30-99922856-5',NULL,NULL,NULL),(9,NULL,'BANCO SUPERVIELLE S.A.',27,'33-50000517-9',NULL,NULL,NULL),(10,NULL,'BANCO DE LA CIUDAD DE BUENOS AIRES',29,'30-99903208-3',NULL,NULL,NULL),(11,NULL,'BANCO PATAGONIA S.A.',34,'30-50000661-3',NULL,NULL,NULL),(12,NULL,'BANCO HIPOTECARIO S.A.',44,'30-50001107-2',NULL,NULL,NULL),(13,NULL,'BANCO DE SAN JUAN S.A.',45,'30-50000944-2',NULL,NULL,NULL),(14,NULL,'BANCO DEL TUCUMAN S.A.',60,'30-51794820-5',NULL,NULL,NULL),(15,NULL,'BANCO MUNICIPAL DE ROSARIO',65,'33-99918181-9',NULL,NULL,NULL),(16,NULL,'BANCO SANTANDER RIO S.A.',72,'30-50000845-4',NULL,NULL,NULL),(17,NULL,'BANCO DEL CHUBUT S.A.',83,'30-50001299-0',NULL,NULL,NULL),(18,NULL,'BANCO DE SANTA CRUZ S.A.',86,'30-50009880-1',NULL,NULL,NULL),(19,NULL,'BANCO DE LA PAMPA SOCIEDAD DE ECONOMÍA M',93,'30-50001251-6',NULL,NULL,NULL),(20,NULL,'BANCO DE CORRIENTES S.A.',94,'30-50001060-2',NULL,NULL,NULL),(21,NULL,'BANCO PROVINCIA DEL NEUQUÉN SOCIEDAD ANÓ',97,'30-50001404-7',NULL,NULL,NULL),(22,NULL,'BANCO INTERFINANZAS S.A.',147,'30-52271441-7',NULL,NULL,NULL),(23,NULL,'HSBC BANK ARGENTINA S.A.',150,'33-53718600-9',NULL,NULL,NULL),(24,NULL,'JPMORGAN CHASE BANK, NATIONAL ASSOCIATIO',165,'30-58313794-3',NULL,NULL,NULL),(25,NULL,'BANCO CREDICOOP COOPERATIVO LIMITADO',191,'30-57142135-2',NULL,NULL,NULL),(26,NULL,'BANCO DE VALORES S.A.',198,'30-57612427-5',NULL,NULL,NULL),(27,NULL,'BANCO ROELA S.A.',247,'30-53561044-0',NULL,NULL,NULL),(28,NULL,'BANCO MARIVA S.A.',254,'30-51642044-4',NULL,NULL,NULL),(29,NULL,'BANCO ITAU ARGENTINA S.A.',259,'30-58018941-1',NULL,NULL,NULL),(30,NULL,'BANK OF AMERICA, NATIONAL ASSOCIATION',262,'30-50005055-8',NULL,NULL,NULL),(31,NULL,'BNP PARIBAS',266,'30-58472756-6',NULL,NULL,NULL),(32,NULL,'BANCO PROVINCIA DE TIERRA DEL FUEGO',268,'30-57565578-1',NULL,NULL,NULL),(33,NULL,'BANCO DE LA REPUBLICA ORIENTAL DEL URUGU',269,'30-58833784-3',NULL,NULL,NULL),(34,NULL,'BANCO SAENZ S.A.',277,'30-53467243-4',NULL,NULL,NULL),(35,NULL,'BANCO MERIDIAN S.A.',281,'30-53448749-1',NULL,NULL,NULL),(36,NULL,'BANCO MACRO S.A.',285,'30-50001008-4',NULL,NULL,NULL),(37,NULL,'BANCO COMAFI SOCIEDAD ANONIMA',299,'30-60473101-8',NULL,NULL,NULL),(38,NULL,'BANCO DE INVERSION Y COMERCIO EXTERIOR S',300,'30-65112908-3',NULL,NULL,NULL),(39,NULL,'BANCO PIANO S.A.',301,'30-56915176-3',NULL,NULL,NULL),(40,NULL,'BANCO JULIO SOCIEDAD ANONIMA',305,'30-65744121-6',NULL,NULL,NULL),(41,NULL,'BANCO RIOJA SOCIEDAD ANONIMA UNIPERSONAL',309,'30-67185933-9',NULL,NULL,NULL),(42,NULL,'BANCO DEL SOL S.A.',310,'30-67793756-0',NULL,NULL,NULL),(43,NULL,'NUEVO BANCO DEL CHACO S. A.',311,'30-67015779-9',NULL,NULL,NULL),(44,NULL,'BANCO VOII S.A.',312,'30-54674163-6',NULL,NULL,NULL),(45,NULL,'BANCO DE FORMOSA S.A.',315,'30-67137590-0',NULL,NULL,NULL),(46,NULL,'BANCO CMF S.A.',319,'30-57661429-9',NULL,NULL,NULL),(47,NULL,'BANCO DE SANTIAGO DEL ESTERO S.A.',321,'33-68666464-9',NULL,NULL,NULL),(48,NULL,'BANCO INDUSTRIAL S.A.',322,'30-68502995-9',NULL,NULL,NULL),(49,NULL,'NUEVO BANCO DE SANTA FE SOCIEDAD ANONIMA',330,'30-69243266-1',NULL,NULL,NULL),(50,NULL,'BANCO CETELEM ARGENTINA S.A.',331,'30-69730636-2',NULL,NULL,NULL),(51,NULL,'BANCO DE SERVICIOS FINANCIEROS S.A.',332,'30-69726589-5',NULL,NULL,NULL),(52,NULL,'BANCO BRADESCO ARGENTINA S.A.U.',336,'30-70125555-7',NULL,NULL,NULL),(53,NULL,'BANCO DE SERVICIOS Y TRANSACCIONES S.A.',338,'30-70496099-5',NULL,NULL,NULL);
INSERT INTO `ctacte_bancos` VALUES (54,NULL,'RCI BANQUE S.A.',339,'30-70710834-3',NULL,NULL,NULL),(55,NULL,'BACS BANCO DE CREDITO Y SECURITIZACION S',340,'30-70722741-5',NULL,NULL,NULL),(56,NULL,'BANCO MASVENTAS S.A.',341,'30-54061826-3',NULL,NULL,NULL),(57,NULL,'BANCO WANAP S.A.',384,'30-71565463-2',NULL,NULL,NULL),(58,NULL,'NUEVO BANCO DE ENTRE RÍOS S.A.',386,'33-70799551-9',NULL,NULL,NULL),(59,NULL,'BANCO COLUMBIA S.A.',389,'30-51763749-8',NULL,NULL,NULL),(60,NULL,'BANCO BICA S.A.',426,'30-71233123-9',NULL,NULL,NULL),(61,NULL,'BANCO COINAG S.A.',431,'30-71419596-0',NULL,NULL,NULL),(62,NULL,'BANCO DE COMERCIO S.A.',432,'30-54203363-7',NULL,NULL,NULL),(63,NULL,'FORD CREDIT COMPAÑIA FINANCIERA S.A.',44059,'30-51654454-2',NULL,NULL,NULL),(64,NULL,'COMPAÑIA FINANCIERA ARGENTINA S.A.',44077,'30-53800640-4',NULL,NULL,NULL),(65,NULL,'VOLKWAGEN FINANCIAL SERVICES CIA.FIN.S.A',44088,'30-68241957-8',NULL,NULL,NULL),(66,NULL,'CORDIAL COMPAÑÍA FINANCIERA S.A.',44090,'30-70181085-2',NULL,NULL,NULL),(67,NULL,'FCA COMPAÑIA FINANCIERA S.A.',44092,'30-69230488-4',NULL,NULL,NULL),(68,NULL,'GPAT COMPAÑIA FINANCIERA S.A.',44093,'30-67856482-2',NULL,NULL,NULL),(69,NULL,'MERCEDES-BENZ COMPAÑÍA FINANCIERA ARGENT',44094,'30-70700229-4',NULL,NULL,NULL),(70,NULL,'ROMBO COMPAÑÍA FINANCIERA S.A.',44095,'33-70712490-9',NULL,NULL,NULL),(71,NULL,'JOHN DEERE CREDIT COMPAÑÍA FINANCIERA S.',44096,'30-70702485-9',NULL,NULL,NULL),(72,NULL,'PSA FINANCE ARGENTINA COMPAÑÍA FINANCIER',44098,'30-70784736-7',NULL,NULL,NULL),(73,NULL,'TOYOTA COMPAÑÍA FINANCIERA DE ARGENTINA',44099,'30-70900042-6',NULL,NULL,NULL),(74,NULL,'FINANDINO COMPAÑIA FINANCIERA S.A.',44100,'30-71259240-7',NULL,NULL,NULL),(75,NULL,'MONTEMAR COMPAÑIA FINANCIERA S.A.',45056,'30-58138551-6',NULL,NULL,NULL),(76,NULL,'MULTIFINANZAS COMPAÑIA FINANCIERA S.A.',45072,'30-62828435-7',NULL,NULL,NULL),(77,NULL,'CAJA DE CREDITO \"CUENCA\" COOPERATIVA LIM',65203,'30-71622694-4',NULL,NULL,NULL),(78,NULL,'MERCADO PAGO',NULL,NULL,NULL,NULL,NULL),(79,NULL,'UALA',NULL,NULL,NULL,NULL,NULL),(80,NULL,'ICBC',NULL,NULL,NULL,NULL,NULL),(81,NULL,'BMA SAU',NULL,NULL,NULL,NULL,NULL);

--
-- Table structure for table `ctacte_bancos_datos`
--

CREATE TABLE `ctacte_bancos_datos` (
  `id` int(10) unsigned NOT NULL AUTO_INCREMENT,
  `cuenta_conta_id` int(10) unsigned DEFAULT NULL,
  `nombre` varchar(255) COLLATE utf8mb4_unicode_ci DEFAULT NULL,
  `cuit` varchar(255) COLLATE utf8mb4_unicode_ci DEFAULT NULL,
  `titular` varchar(255) COLLATE utf8mb4_unicode_ci DEFAULT NULL,
  `cuenta` varchar(255) COLLATE utf8mb4_unicode_ci DEFAULT NULL,
  `num_cuenta` varchar(255) COLLATE utf8mb4_unicode_ci DEFAULT NULL,
  `cbu` varchar(255) COLLATE utf8mb4_unicode_ci DEFAULT NULL,
  `alias` varchar(255) COLLATE utf8mb4_unicode_ci DEFAULT NULL,
  `status` int(11) NOT NULL DEFAULT '1',
  `created_at` timestamp NULL DEFAULT NULL,
  `updated_at` timestamp NULL DEFAULT NULL,
  PRIMARY KEY (`id`),
  KEY `ctacte_bancos_datos_cuenta_conta_id_foreign` (`cuenta_conta_id`),
  CONSTRAINT `ctacte_bancos_datos_cuenta_conta_id_foreign` FOREIGN KEY (`cuenta_conta_id`) REFERENCES `conta_plan_cuenta` (`id`)
) ENGINE=InnoDB DEFAULT CHARSET=utf8mb4 COLLATE=utf8mb4_unicode_ci;

--
-- Dumping data for table `ctacte_bancos_datos`
--


--
-- Table structure for table `ctacte_cheques`
--

CREATE TABLE `ctacte_cheques` (
  `id` int(10) unsigned NOT NULL AUTO_INCREMENT,
  `user_id` int(10) unsigned DEFAULT NULL,
  `asiento_id` varchar(191) COLLATE utf8mb4_unicode_ci DEFAULT NULL,
  `cuenta_conta_id` int(10) unsigned DEFAULT NULL,
  `cta_cte_tesoreria_cuenta_id` int(10) unsigned DEFAULT NULL,
  `cta_cte_tesoreria_id` int(10) unsigned DEFAULT NULL,
  `cta_cte_tesoreria_detail_id` int(10) unsigned DEFAULT NULL,
  `cta_cte_cliente_id` int(10) unsigned DEFAULT NULL,
  `cta_cte_cliente_id2` int(10) unsigned DEFAULT NULL,
  `cta_cte_cliente_detail_id` int(10) unsigned DEFAULT NULL,
  `nf_cta_cte_id2` int(10) unsigned DEFAULT NULL,
  `nf_cta_cte_id` int(10) unsigned DEFAULT NULL,
  `monto` decimal(16,2) DEFAULT NULL,
  `cheque3ros` tinyint(1) NOT NULL DEFAULT '0',
  `cheque_emitidos` tinyint(1) NOT NULL DEFAULT '0',
  `fecha` date DEFAULT NULL,
  `fecha_cobro` date DEFAULT NULL,
  `banco_id` int(10) unsigned NOT NULL,
  `person_id` int(10) unsigned DEFAULT NULL,
  `cuit` text COLLATE utf8mb4_unicode_ci,
  `titular` varchar(255) COLLATE utf8mb4_unicode_ci DEFAULT NULL,
  `abierto_cruzado` int(11) NOT NULL DEFAULT '1',
  `is_no_a_la_orden` tinyint(1) NOT NULL DEFAULT '0',
  `numero` int(10) unsigned DEFAULT NULL,
  `foto` varchar(255) COLLATE utf8mb4_unicode_ci DEFAULT NULL,
  `comentario` varchar(255) COLLATE utf8mb4_unicode_ci DEFAULT NULL,
  `status` int(11) NOT NULL DEFAULT '1',
  `created_at` timestamp NULL DEFAULT NULL,
  `updated_at` timestamp NULL DEFAULT NULL,
  `deleted_at` timestamp NULL DEFAULT NULL,
  PRIMARY KEY (`id`),
  KEY `ctacte_cheques_asiento_id_foreign` (`asiento_id`),
  KEY `ctacte_cheques_cuenta_conta_id_foreign` (`cuenta_conta_id`),
  KEY `ctacte_cheques_banco_id_foreign` (`banco_id`),
  KEY `ctacte_cheques_person_id_foreign` (`person_id`),
  KEY `ctacte_cheques_cta_cte_cliente_id2_foreign` (`cta_cte_cliente_id2`),
  KEY `ctacte_cheques_cta_cte_cliente_id_foreign` (`cta_cte_cliente_id`),
  KEY `cta_cte_tesorer_id` (`cta_cte_tesoreria_id`),
  KEY `ctacte_cheques_nf_cta_cte_id_foreign` (`nf_cta_cte_id`),
  KEY `ctacte_cheques_nf_cta_cte_id2_foreign` (`nf_cta_cte_id2`),
  KEY `ctacte_cheques_cta_cte_tesoreria_cuenta_id_foreign` (`cta_cte_tesoreria_cuenta_id`),
  KEY `ctacte_cheques_cta_cte_cliente_detail_id_foreign` (`cta_cte_cliente_detail_id`),
  KEY `ctacte_cheques_cta_cte_tesoreria_detail_id_foreign` (`cta_cte_tesoreria_detail_id`),
  CONSTRAINT `cta_cte_tesorer_id` FOREIGN KEY (`cta_cte_tesoreria_id`) REFERENCES `cta_cte_tesoreria` (`id`),
  CONSTRAINT `ctacte_cheques_banco_id_foreign` FOREIGN KEY (`banco_id`) REFERENCES `ctacte_bancos` (`id`),
  CONSTRAINT `ctacte_cheques_cta_cte_cliente_detail_id_foreign` FOREIGN KEY (`cta_cte_cliente_detail_id`) REFERENCES `cta_cte_cliente_details` (`id`),
  CONSTRAINT `ctacte_cheques_cta_cte_cliente_id2_foreign` FOREIGN KEY (`cta_cte_cliente_id2`) REFERENCES `cta_cte_cliente` (`id`),
  CONSTRAINT `ctacte_cheques_cta_cte_cliente_id_foreign` FOREIGN KEY (`cta_cte_cliente_id`) REFERENCES `cta_cte_cliente` (`id`),
  CONSTRAINT `ctacte_cheques_cta_cte_tesoreria_cuenta_id_foreign` FOREIGN KEY (`cta_cte_tesoreria_cuenta_id`) REFERENCES `cta_cte_tesoreria_cuentas` (`id`),
  CONSTRAINT `ctacte_cheques_cta_cte_tesoreria_detail_id_foreign` FOREIGN KEY (`cta_cte_tesoreria_detail_id`) REFERENCES `cta_cte_tesoreria_detail` (`id`),
  CONSTRAINT `ctacte_cheques_cuenta_conta_id_foreign` FOREIGN KEY (`cuenta_conta_id`) REFERENCES `conta_plan_cuenta` (`id`),
  CONSTRAINT `ctacte_cheques_nf_cta_cte_id2_foreign` FOREIGN KEY (`nf_cta_cte_id2`) REFERENCES `nf_cta_cte` (`id`),
  CONSTRAINT `ctacte_cheques_nf_cta_cte_id_foreign` FOREIGN KEY (`nf_cta_cte_id`) REFERENCES `nf_cta_cte` (`id`),
  CONSTRAINT `ctacte_cheques_person_id_foreign` FOREIGN KEY (`person_id`) REFERENCES `persons` (`id`)
) ENGINE=InnoDB DEFAULT CHARSET=utf8mb4 COLLATE=utf8mb4_unicode_ci;

--
-- Dumping data for table `ctacte_cheques`
--


--
-- Table structure for table `ctactegastos_centrocosto`
--

CREATE TABLE `ctactegastos_centrocosto` (
  `id` int(10) unsigned NOT NULL AUTO_INCREMENT,
  `user_id` int(10) unsigned DEFAULT NULL,
  `nombre` varchar(255) COLLATE utf8mb4_unicode_ci NOT NULL,
  `created_at` timestamp NULL DEFAULT NULL,
  `updated_at` timestamp NULL DEFAULT NULL,
  `deleted_at` timestamp NULL DEFAULT NULL,
  PRIMARY KEY (`id`)
) ENGINE=InnoDB AUTO_INCREMENT=9 DEFAULT CHARSET=utf8mb4 COLLATE=utf8mb4_unicode_ci;

--
-- Dumping data for table `ctactegastos_centrocosto`
--

INSERT INTO `ctactegastos_centrocosto` VALUES (1,NULL,'OFICINA',NULL,NULL,NULL),(2,NULL,'FIJO',NULL,NULL,NULL),(3,NULL,'VARIABLE',NULL,NULL,NULL),(4,NULL,'GISELA',NULL,NULL,NULL),(5,NULL,'LIA',NULL,NULL,NULL),(6,NULL,'PADRES',NULL,NULL,NULL),(7,NULL,'CASA',NULL,NULL,NULL),(8,NULL,'VANESA',NULL,NULL,NULL);

--
-- Table structure for table `ctactegastos_cuenta_tipo`
--

CREATE TABLE `ctactegastos_cuenta_tipo` (
  `idCuentaTipo` int(10) unsigned NOT NULL AUTO_INCREMENT,
  `user_id` int(10) unsigned DEFAULT NULL,
  `cta_cte_tesoreria_cuenta_id` int(10) unsigned DEFAULT NULL,
  `idTipo` int(10) unsigned NOT NULL,
  `created_at` timestamp NULL DEFAULT NULL,
  `updated_at` timestamp NULL DEFAULT NULL,
  `deleted_at` timestamp NULL DEFAULT NULL,
  PRIMARY KEY (`idCuentaTipo`),
  KEY `ctactegastos_cuenta_tipo_idtipo_foreign` (`idTipo`),
  KEY `ctactegastos_cuenta_tipo_cta_cte_tesoreria_cuenta_id_foreign` (`cta_cte_tesoreria_cuenta_id`),
  CONSTRAINT `ctactegastos_cuenta_tipo_cta_cte_tesoreria_cuenta_id_foreign` FOREIGN KEY (`cta_cte_tesoreria_cuenta_id`) REFERENCES `cta_cte_tesoreria_cuentas` (`id`),
  CONSTRAINT `ctactegastos_cuenta_tipo_idtipo_foreign` FOREIGN KEY (`idTipo`) REFERENCES `ctactegastos_tiposdegastos` (`id`)
) ENGINE=InnoDB AUTO_INCREMENT=18 DEFAULT CHARSET=utf8mb4 COLLATE=utf8mb4_unicode_ci;

--
-- Dumping data for table `ctactegastos_cuenta_tipo`
--

INSERT INTO `ctactegastos_cuenta_tipo` VALUES (1,NULL,NULL,3,NULL,NULL,NULL),(2,NULL,NULL,6,NULL,NULL,NULL),(3,NULL,NULL,3,NULL,NULL,NULL),(4,NULL,NULL,4,NULL,NULL,NULL),(5,NULL,NULL,5,NULL,NULL,NULL),(6,NULL,NULL,3,NULL,NULL,NULL),(7,NULL,NULL,4,NULL,NULL,NULL),(8,NULL,NULL,3,NULL,NULL,NULL),(9,NULL,NULL,4,NULL,NULL,NULL),(10,NULL,NULL,7,NULL,NULL,NULL),(11,NULL,NULL,8,NULL,NULL,NULL),(12,NULL,NULL,3,NULL,NULL,NULL),(13,NULL,NULL,3,NULL,NULL,NULL),(14,NULL,NULL,4,NULL,NULL,NULL),(15,NULL,NULL,1,NULL,NULL,NULL),(16,NULL,NULL,2,NULL,NULL,NULL),(17,NULL,NULL,5,NULL,NULL,NULL);

--
-- Table structure for table `ctactegastos_mensuales`
--

CREATE TABLE `ctactegastos_mensuales` (
  `id` int(10) unsigned NOT NULL AUTO_INCREMENT,
  `user_id` int(10) unsigned DEFAULT NULL,
  `CuentaTipo_id` int(10) unsigned NOT NULL,
  `cta_cte_tesoreria_cuenta_id` int(10) unsigned NOT NULL DEFAULT '13',
  `TipoDeGasto_id` int(10) unsigned NOT NULL,
  `CentroCosto_id` int(10) unsigned NOT NULL,
  `gasto_cta_cte_tesoreria_cuenta_id` int(10) unsigned NOT NULL DEFAULT '13',
  `monto` decimal(16,2) DEFAULT NULL,
  `comentario` varchar(255) COLLATE utf8mb4_unicode_ci DEFAULT NULL,
  `status` int(11) NOT NULL DEFAULT '1',
  `created_at` timestamp NULL DEFAULT NULL,
  `updated_at` timestamp NULL DEFAULT NULL,
  `deleted_at` timestamp NULL DEFAULT NULL,
  PRIMARY KEY (`id`),
  KEY `ctactegastos_mensuales_cuentatipo_id_foreign` (`CuentaTipo_id`),
  KEY `ctactegastos_mensuales_tipodegasto_id_foreign` (`TipoDeGasto_id`),
  KEY `ctactegastos_mensuales_centrocosto_id_foreign` (`CentroCosto_id`),
  KEY `ctactegastos_mensuales_cta_cte_tesoreria_cuenta_id_foreign` (`cta_cte_tesoreria_cuenta_id`),
  KEY `ctactegastos_mensuales_gasto_cta_cte_tesoreria_cuenta_id_foreign` (`gasto_cta_cte_tesoreria_cuenta_id`),
  CONSTRAINT `ctactegastos_mensuales_centrocosto_id_foreign` FOREIGN KEY (`CentroCosto_id`) REFERENCES `ctactegastos_centrocosto` (`id`),
  CONSTRAINT `ctactegastos_mensuales_cta_cte_tesoreria_cuenta_id_foreign` FOREIGN KEY (`cta_cte_tesoreria_cuenta_id`) REFERENCES `cta_cte_tesoreria_cuentas` (`id`),
  CONSTRAINT `ctactegastos_mensuales_cuentatipo_id_foreign` FOREIGN KEY (`CuentaTipo_id`) REFERENCES `ctactegastos_cuenta_tipo` (`idCuentaTipo`),
  CONSTRAINT `ctactegastos_mensuales_gasto_cta_cte_tesoreria_cuenta_id_foreign` FOREIGN KEY (`gasto_cta_cte_tesoreria_cuenta_id`) REFERENCES `cta_cte_tesoreria_cuentas` (`id`),
  CONSTRAINT `ctactegastos_mensuales_tipodegasto_id_foreign` FOREIGN KEY (`TipoDeGasto_id`) REFERENCES `ctactegastos_tiposdegastos` (`id`)
) ENGINE=InnoDB DEFAULT CHARSET=utf8mb4 COLLATE=utf8mb4_unicode_ci;

--
-- Dumping data for table `ctactegastos_mensuales`
--


--
-- Table structure for table `ctactegastos_tiposdegastos`
--

CREATE TABLE `ctactegastos_tiposdegastos` (
  `id` int(10) unsigned NOT NULL AUTO_INCREMENT,
  `user_id` int(10) unsigned DEFAULT NULL,
  `nombre` varchar(255) COLLATE utf8mb4_unicode_ci DEFAULT NULL,
  `created_at` timestamp NULL DEFAULT NULL,
  `updated_at` timestamp NULL DEFAULT NULL,
  `deleted_at` timestamp NULL DEFAULT NULL,
  PRIMARY KEY (`id`)
) ENGINE=InnoDB AUTO_INCREMENT=11 DEFAULT CHARSET=utf8mb4 COLLATE=utf8mb4_unicode_ci;

--
-- Dumping data for table `ctactegastos_tiposdegastos`
--

INSERT INTO `ctactegastos_tiposdegastos` VALUES (1,NULL,'Oficina',NULL,NULL,NULL),(2,NULL,'Personales',NULL,NULL,NULL),(3,NULL,'Tarjeta VISA',NULL,NULL,NULL),(4,NULL,'Tarjeta Mastercard',NULL,NULL,NULL),(5,NULL,'Debito Automatico',NULL,NULL,NULL),(6,NULL,'American Express',NULL,NULL,NULL),(7,NULL,'Tarjeta Shopping',NULL,NULL,NULL),(8,NULL,'Tarjeta Cencosud',NULL,NULL,NULL),(9,NULL,'Tarjeta Coto',NULL,NULL,NULL),(10,NULL,'Tarjeta Nativa',NULL,NULL,NULL);

--
-- Table structure for table `cursos`
--

CREATE TABLE `cursos` (
  `id` int(10) unsigned NOT NULL AUTO_INCREMENT,
  `nombre` varchar(191) COLLATE utf8mb4_unicode_ci NOT NULL,
  `descripcion` longtext COLLATE utf8mb4_unicode_ci NOT NULL,
  `fecha` date DEFAULT NULL,
  `hora` varchar(191) COLLATE utf8mb4_unicode_ci DEFAULT NULL,
  `profesor` varchar(191) COLLATE utf8mb4_unicode_ci DEFAULT NULL,
  `cant_clases` varchar(191) COLLATE utf8mb4_unicode_ci DEFAULT NULL,
  `duracion` varchar(191) COLLATE utf8mb4_unicode_ci DEFAULT NULL,
  `adjuntos` varchar(191) COLLATE utf8mb4_unicode_ci DEFAULT NULL,
  `link_zoom` longtext COLLATE utf8mb4_unicode_ci,
  `cod_zoom` varchar(191) COLLATE utf8mb4_unicode_ci DEFAULT NULL,
  `contraseña_zoom` varchar(191) COLLATE utf8mb4_unicode_ci DEFAULT NULL,
  `link_youtube` varchar(191) COLLATE utf8mb4_unicode_ci DEFAULT NULL,
  `materiales` varchar(191) COLLATE utf8mb4_unicode_ci DEFAULT NULL,
  `habilitado` tinyint(1) NOT NULL DEFAULT '1',
  `created_at` timestamp NULL DEFAULT NULL,
  `updated_at` timestamp NULL DEFAULT NULL,
  `deleted_at` timestamp NULL DEFAULT NULL,
  PRIMARY KEY (`id`)
) ENGINE=InnoDB DEFAULT CHARSET=utf8mb4 COLLATE=utf8mb4_unicode_ci;

--
-- Dumping data for table `cursos`
--


--
-- Table structure for table `cursos_detail`
--

CREATE TABLE `cursos_detail` (
  `id` int(10) unsigned NOT NULL AUTO_INCREMENT,
  `curso_id` int(10) unsigned NOT NULL,
  `field_name1` varchar(191) COLLATE utf8mb4_unicode_ci NOT NULL,
  `email` varchar(191) COLLATE utf8mb4_unicode_ci NOT NULL,
  `celular` int(11) NOT NULL,
  `created_at` timestamp NULL DEFAULT NULL,
  `updated_at` timestamp NULL DEFAULT NULL,
  `deleted_at` timestamp NULL DEFAULT NULL,
  PRIMARY KEY (`id`),
  KEY `cursos_detail_curso_id_foreign` (`curso_id`),
  CONSTRAINT `cursos_detail_curso_id_foreign` FOREIGN KEY (`curso_id`) REFERENCES `cursos` (`id`)
) ENGINE=InnoDB DEFAULT CHARSET=utf8mb4 COLLATE=utf8mb4_unicode_ci;

--
-- Dumping data for table `cursos_detail`
--


--
-- Table structure for table `data_types`
--

CREATE TABLE `data_types` (
  `id` int(10) unsigned NOT NULL AUTO_INCREMENT,
  `description` varchar(180) COLLATE utf8mb4_unicode_ci NOT NULL,
  `class` int(10) unsigned NOT NULL,
  `class_description` varchar(180) COLLATE utf8mb4_unicode_ci NOT NULL,
  `data_type` varchar(100) COLLATE utf8mb4_unicode_ci NOT NULL,
  `path` varchar(255) COLLATE utf8mb4_unicode_ci DEFAULT NULL,
  `created_at` timestamp NULL DEFAULT NULL,
  `updated_at` timestamp NULL DEFAULT NULL,
  PRIMARY KEY (`id`),
  UNIQUE KEY `data_types_description_unique` (`description`)
) ENGINE=InnoDB AUTO_INCREMENT=9 DEFAULT CHARSET=utf8mb4 COLLATE=utf8mb4_unicode_ci;

--
-- Dumping data for table `data_types`
--

INSERT INTO `data_types` VALUES (1,'Comprobantes XLS',1,'Importación','XLS','data/imports/receipts/xls',NULL,NULL),(2,'CITI-Ventas',1,'Importación','TXT','data/imports/receipts/CitiVentas',NULL,NULL),(3,'CITI Compras',2,'Exportación','TXT','data/exports/receipts/citi',NULL,NULL),(4,'CITI Ventas',2,'Exportación','TXT','data/exports/receipts/CitiVentasExport',NULL,NULL),(5,'Convenio Multilateral',2,'Exportación','TXT','data/exports/receipts/convenio',NULL,NULL),(6,'Libro IVA Digital',2,'Exportación','TXT','data/exports/receipts/libro_iva_digital',NULL,'2019-11-20 21:43:44'),(7,'Mis Comprobantes',1,'Importacion','','data/imports/receipts/mis_comprobantes',NULL,NULL),(8,'Consulta AFIP',3,'AFIP','','data/afip/index','2019-12-06 14:49:55','2019-12-06 14:49:55');

--
-- Table structure for table `dc_estados`
--

CREATE TABLE `dc_estados` (
  `id` bigint(20) unsigned NOT NULL AUTO_INCREMENT,
  `user_id` int(10) unsigned DEFAULT NULL,
  `descripcion` text COLLATE utf8mb4_unicode_ci NOT NULL,
  `habilitado` tinyint(1) NOT NULL DEFAULT '1',
  `created_at` timestamp NULL DEFAULT NULL,
  `updated_at` timestamp NULL DEFAULT NULL,
  `deleted_at` timestamp NULL DEFAULT NULL,
  PRIMARY KEY (`id`)
) ENGINE=InnoDB AUTO_INCREMENT=6 DEFAULT CHARSET=utf8mb4 COLLATE=utf8mb4_unicode_ci;

--
-- Dumping data for table `dc_estados`
--

INSERT INTO `dc_estados` VALUES (1,NULL,'BORRADOR',1,NULL,'2023-08-07 00:02:08',NULL),(2,NULL,'TERMINADO',1,NULL,'2023-08-07 00:02:08',NULL),(3,NULL,'ELIMINADO',1,NULL,'2023-08-13 09:19:02',NULL),(4,NULL,'PAGADO',1,NULL,'2023-08-07 00:02:08','2023-08-07 00:02:08'),(5,NULL,'CONCILIADO',1,NULL,'2023-08-07 00:02:08','2023-08-07 00:02:08');

--
-- Table structure for table `dc_estados_decisiones`
--

CREATE TABLE `dc_estados_decisiones` (
  `id` bigint(20) unsigned NOT NULL AUTO_INCREMENT,
  `user_id` int(10) unsigned DEFAULT NULL,
  `dc_orden_tipo_id` bigint(20) unsigned NOT NULL,
  `descripcion` varchar(191) COLLATE utf8mb4_unicode_ci NOT NULL,
  `habilitado` tinyint(1) NOT NULL DEFAULT '1',
  `created_at` timestamp NULL DEFAULT NULL,
  `updated_at` timestamp NULL DEFAULT NULL,
  `deleted_at` timestamp NULL DEFAULT NULL,
  PRIMARY KEY (`id`),
  KEY `dc_estados_decisiones_dc_orden_tipo_id_foreign` (`dc_orden_tipo_id`),
  CONSTRAINT `dc_estados_decisiones_dc_orden_tipo_id_foreign` FOREIGN KEY (`dc_orden_tipo_id`) REFERENCES `dc_ordenes_tipos` (`id`)
) ENGINE=InnoDB AUTO_INCREMENT=5 DEFAULT CHARSET=utf8mb4 COLLATE=utf8mb4_unicode_ci;

--
-- Dumping data for table `dc_estados_decisiones`
--

INSERT INTO `dc_estados_decisiones` VALUES (1,NULL,3,'Pendiente',1,NULL,NULL,NULL),(2,NULL,3,'Aprobado',1,NULL,NULL,NULL),(3,NULL,3,'Rechazado',1,NULL,NULL,NULL),(4,NULL,3,'Cancelado',1,NULL,NULL,NULL);

--
-- Table structure for table `dc_firmas`
--

CREATE TABLE `dc_firmas` (
  `id` bigint(20) unsigned NOT NULL AUTO_INCREMENT,
  `user_id` int(10) unsigned DEFAULT NULL,
  `descripcion` text COLLATE utf8mb4_unicode_ci NOT NULL,
  `show_firmante_dc` tinyint(1) NOT NULL DEFAULT '0',
  `show_create_dc` tinyint(1) NOT NULL DEFAULT '0',
  `faltan_firmas` tinyint(1) NOT NULL DEFAULT '0',
  `habilitado` tinyint(1) NOT NULL DEFAULT '1',
  `created_at` timestamp NULL DEFAULT NULL,
  `updated_at` timestamp NULL DEFAULT NULL,
  `deleted_at` timestamp NULL DEFAULT NULL,
  PRIMARY KEY (`id`)
) ENGINE=InnoDB AUTO_INCREMENT=6 DEFAULT CHARSET=utf8mb4 COLLATE=utf8mb4_unicode_ci;

--
-- Dumping data for table `dc_firmas`
--

INSERT INTO `dc_firmas` VALUES (1,NULL,'NO',1,1,0,1,NULL,'2023-08-07 00:02:08',NULL),(2,NULL,'RECHAZADO',1,1,0,1,NULL,'2023-08-07 00:02:08',NULL),(3,NULL,'ACEPTADO',1,0,0,1,NULL,'2023-08-07 00:02:08',NULL),(4,NULL,'FALTAN FIRMAS',0,0,1,1,'2023-08-07 00:02:08','2023-08-07 00:02:08',NULL),(5,NULL,'EMITIDO',1,0,0,1,'2023-10-12 08:09:45','2023-10-12 08:09:45',NULL);

--
-- Table structure for table `dc_firmas_ordenes`
--

CREATE TABLE `dc_firmas_ordenes` (
  `id` bigint(20) unsigned NOT NULL AUTO_INCREMENT,
  `user_id` int(10) unsigned DEFAULT NULL,
  `person_id` int(10) unsigned NOT NULL,
  `dc_orden_id` bigint(20) unsigned NOT NULL,
  `user_id_que_firma` int(10) unsigned NOT NULL,
  `dc_firma_id` bigint(20) unsigned NOT NULL,
  `created_at` timestamp NULL DEFAULT NULL,
  `updated_at` timestamp NULL DEFAULT NULL,
  `deleted_at` timestamp NULL DEFAULT NULL,
  PRIMARY KEY (`id`),
  KEY `dc_firmas_ordenes_person_id_foreign` (`person_id`),
  KEY `dc_firmas_ordenes_dc_orden_id_foreign` (`dc_orden_id`),
  KEY `dc_firmas_ordenes_dc_firma_id_foreign` (`dc_firma_id`),
  CONSTRAINT `dc_firmas_ordenes_dc_firma_id_foreign` FOREIGN KEY (`dc_firma_id`) REFERENCES `dc_firmas` (`id`),
  CONSTRAINT `dc_firmas_ordenes_dc_orden_id_foreign` FOREIGN KEY (`dc_orden_id`) REFERENCES `dc_ordenes` (`id`),
  CONSTRAINT `dc_firmas_ordenes_person_id_foreign` FOREIGN KEY (`person_id`) REFERENCES `persons` (`id`)
) ENGINE=InnoDB DEFAULT CHARSET=utf8mb4 COLLATE=utf8mb4_unicode_ci;

--
-- Dumping data for table `dc_firmas_ordenes`
--


--
-- Table structure for table `dc_firmas_reglas`
--

CREATE TABLE `dc_firmas_reglas` (
  `id` bigint(20) unsigned NOT NULL AUTO_INCREMENT,
  `user_id` int(10) unsigned DEFAULT NULL,
  `person_id` int(10) unsigned NOT NULL,
  `dc_orden_id` bigint(20) unsigned NOT NULL,
  `importe` decimal(16,2) NOT NULL,
  `grupos_users_ids` longtext COLLATE utf8mb4_unicode_ci,
  `created_at` timestamp NULL DEFAULT NULL,
  `updated_at` timestamp NULL DEFAULT NULL,
  `deleted_at` timestamp NULL DEFAULT NULL,
  PRIMARY KEY (`id`),
  KEY `dc_firmas_reglas_person_id_foreign` (`person_id`),
  KEY `dc_firmas_reglas_dc_orden_id_foreign` (`dc_orden_id`),
  CONSTRAINT `dc_firmas_reglas_dc_orden_id_foreign` FOREIGN KEY (`dc_orden_id`) REFERENCES `dc_ordenes` (`id`),
  CONSTRAINT `dc_firmas_reglas_person_id_foreign` FOREIGN KEY (`person_id`) REFERENCES `persons` (`id`)
) ENGINE=InnoDB DEFAULT CHARSET=utf8mb4 COLLATE=utf8mb4_unicode_ci;

--
-- Dumping data for table `dc_firmas_reglas`
--


--
-- Table structure for table `dc_orden_de_pago`
--

CREATE TABLE `dc_orden_de_pago` (
  `id` bigint(20) unsigned NOT NULL AUTO_INCREMENT,
  `user_id` int(10) unsigned DEFAULT NULL,
  `fecha` datetime NOT NULL DEFAULT '2023-09-28 16:32:42',
  `dc_orden_id` bigint(20) unsigned NOT NULL DEFAULT '10',
  `person_id` int(10) unsigned NOT NULL,
  `person_id_relationed` int(10) unsigned NOT NULL,
  `request` longtext COLLATE utf8mb4_unicode_ci NOT NULL,
  `dc_estado_id` bigint(20) unsigned NOT NULL DEFAULT '1',
  `dc_firma_id` bigint(20) unsigned NOT NULL DEFAULT '1',
  `created_at` timestamp NULL DEFAULT NULL,
  `updated_at` timestamp NULL DEFAULT NULL,
  `deleted_at` timestamp NULL DEFAULT NULL,
  PRIMARY KEY (`id`),
  KEY `dc_orden_de_pago_person_id_foreign` (`person_id`),
  KEY `dc_orden_de_pago_person_id_relationed_foreign` (`person_id_relationed`),
  KEY `dc_orden_de_pago_dc_orden_id_foreign` (`dc_orden_id`),
  KEY `dc_orden_de_pago_dc_firma_id_foreign` (`dc_firma_id`),
  KEY `dc_orden_de_pago_dc_estado_id_foreign` (`dc_estado_id`),
  CONSTRAINT `dc_orden_de_pago_dc_estado_id_foreign` FOREIGN KEY (`dc_estado_id`) REFERENCES `dc_estados` (`id`),
  CONSTRAINT `dc_orden_de_pago_dc_firma_id_foreign` FOREIGN KEY (`dc_firma_id`) REFERENCES `dc_firmas` (`id`),
  CONSTRAINT `dc_orden_de_pago_dc_orden_id_foreign` FOREIGN KEY (`dc_orden_id`) REFERENCES `dc_ordenes` (`id`),
  CONSTRAINT `dc_orden_de_pago_person_id_foreign` FOREIGN KEY (`person_id`) REFERENCES `persons` (`id`),
  CONSTRAINT `dc_orden_de_pago_person_id_relationed_foreign` FOREIGN KEY (`person_id_relationed`) REFERENCES `persons` (`id`)
) ENGINE=InnoDB DEFAULT CHARSET=utf8mb4 COLLATE=utf8mb4_unicode_ci;

--
-- Dumping data for table `dc_orden_de_pago`
--


--
-- Table structure for table `dc_orden_de_pago_cheques`
--

CREATE TABLE `dc_orden_de_pago_cheques` (
  `id` bigint(20) unsigned NOT NULL AUTO_INCREMENT,
  `user_id` int(10) unsigned DEFAULT NULL,
  `dc_orden_de_pago_id` bigint(20) unsigned NOT NULL,
  `ctacte_cheque_id` int(10) unsigned NOT NULL,
  `created_at` timestamp NULL DEFAULT NULL,
  `updated_at` timestamp NULL DEFAULT NULL,
  `deleted_at` timestamp NULL DEFAULT NULL,
  PRIMARY KEY (`id`),
  KEY `dc_orden_de_pago_cheques_dc_orden_de_pago_id_foreign` (`dc_orden_de_pago_id`),
  KEY `dc_orden_de_pago_cheques_ctacte_cheque_id_foreign` (`ctacte_cheque_id`),
  CONSTRAINT `dc_orden_de_pago_cheques_ctacte_cheque_id_foreign` FOREIGN KEY (`ctacte_cheque_id`) REFERENCES `ctacte_cheques` (`id`),
  CONSTRAINT `dc_orden_de_pago_cheques_dc_orden_de_pago_id_foreign` FOREIGN KEY (`dc_orden_de_pago_id`) REFERENCES `dc_orden_de_pago` (`id`)
) ENGINE=InnoDB DEFAULT CHARSET=utf8mb4 COLLATE=utf8mb4_unicode_ci;

--
-- Dumping data for table `dc_orden_de_pago_cheques`
--


--
-- Table structure for table `dc_orden_de_pago_receipts`
--

CREATE TABLE `dc_orden_de_pago_receipts` (
  `id` bigint(20) unsigned NOT NULL AUTO_INCREMENT,
  `user_id` int(10) unsigned DEFAULT NULL,
  `dc_orden_de_pago_id` bigint(20) unsigned NOT NULL,
  `receipt_id` int(10) unsigned DEFAULT NULL,
  `importe` decimal(16,2) NOT NULL,
  `created_at` timestamp NULL DEFAULT NULL,
  `updated_at` timestamp NULL DEFAULT NULL,
  `deleted_at` timestamp NULL DEFAULT NULL,
  PRIMARY KEY (`id`),
  KEY `dc_orden_de_pago_receipts_dc_orden_de_pago_id_foreign` (`dc_orden_de_pago_id`),
  KEY `dc_orden_de_pago_receipts_receipt_id_foreign` (`receipt_id`),
  CONSTRAINT `dc_orden_de_pago_receipts_dc_orden_de_pago_id_foreign` FOREIGN KEY (`dc_orden_de_pago_id`) REFERENCES `dc_orden_de_pago` (`id`),
  CONSTRAINT `dc_orden_de_pago_receipts_receipt_id_foreign` FOREIGN KEY (`receipt_id`) REFERENCES `receipts` (`id`)
) ENGINE=InnoDB DEFAULT CHARSET=utf8mb4 COLLATE=utf8mb4_unicode_ci;

--
-- Dumping data for table `dc_orden_de_pago_receipts`
--


--
-- Table structure for table `dc_orden_files`
--

CREATE TABLE `dc_orden_files` (
  `id` bigint(20) unsigned NOT NULL AUTO_INCREMENT,
  `user_id` int(10) unsigned DEFAULT NULL,
  `dc_orden_id` bigint(20) unsigned NOT NULL,
  `file` text COLLATE utf8mb4_unicode_ci NOT NULL,
  `original_name` text COLLATE utf8mb4_unicode_ci,
  `created_at` timestamp NULL DEFAULT NULL,
  `updated_at` timestamp NULL DEFAULT NULL,
  `deleted_at` timestamp NULL DEFAULT NULL,
  PRIMARY KEY (`id`),
  KEY `dc_orden_files_dc_orden_id_foreign` (`dc_orden_id`),
  CONSTRAINT `dc_orden_files_dc_orden_id_foreign` FOREIGN KEY (`dc_orden_id`) REFERENCES `dc_ordenes` (`id`)
) ENGINE=InnoDB DEFAULT CHARSET=utf8mb4 COLLATE=utf8mb4_unicode_ci;

--
-- Dumping data for table `dc_orden_files`
--


--
-- Table structure for table `dc_ordenes`
--

CREATE TABLE `dc_ordenes` (
  `id` bigint(20) unsigned NOT NULL AUTO_INCREMENT,
  `user_id` int(10) unsigned DEFAULT NULL,
  `dc_orden_tipo_id` bigint(20) unsigned NOT NULL,
  `person_id` int(10) unsigned NOT NULL,
  `person_id_relationed` int(10) unsigned DEFAULT NULL,
  `titulo` text COLLATE utf8mb4_unicode_ci,
  `sucursal` int(11) NOT NULL DEFAULT '1',
  `numero` int(11) NOT NULL,
  `numero_text` varchar(255) COLLATE utf8mb4_unicode_ci DEFAULT NULL,
  `sector` varchar(191) COLLATE utf8mb4_unicode_ci DEFAULT NULL,
  `solicitante` varchar(191) COLLATE utf8mb4_unicode_ci DEFAULT NULL,
  `syj_empleado_id` int(10) unsigned DEFAULT NULL,
  `fecha` date NOT NULL,
  `fecha_entrega` date DEFAULT NULL,
  `fecha_asignacion` datetime DEFAULT NULL,
  `fecha_cumplido` datetime DEFAULT NULL,
  `condicion_venta_id` int(10) unsigned DEFAULT NULL,
  `is_pago_adelantado` tinyint(1) DEFAULT NULL,
  `is_garantia` tinyint(1) NOT NULL DEFAULT '0',
  `forma_de_entrega_id` int(10) unsigned DEFAULT NULL,
  `plazo_de_pago_id` int(10) unsigned DEFAULT NULL,
  `cantidades` decimal(16,2) NOT NULL,
  `moneda_id` int(10) unsigned NOT NULL DEFAULT '1',
  `cotizacion` decimal(16,2) NOT NULL DEFAULT '1.00',
  `neto` decimal(16,2) NOT NULL,
  `iva` decimal(16,2) NOT NULL,
  `total` decimal(16,2) NOT NULL,
  `facturada` decimal(16,2) NOT NULL DEFAULT '0.00',
  `is_pagada` tinyint(1) NOT NULL,
  `garantia` varchar(100) COLLATE utf8mb4_unicode_ci DEFAULT NULL,
  `mant_oferta` varchar(100) COLLATE utf8mb4_unicode_ci DEFAULT NULL,
  `comen_para_cliente` text COLLATE utf8mb4_unicode_ci,
  `comentario` longtext COLLATE utf8mb4_unicode_ci NOT NULL,
  `dc_ov_origen_id` bigint(20) unsigned DEFAULT NULL,
  `dc_ov_status_cobranza_id` bigint(20) unsigned DEFAULT NULL,
  `dc_ov_status_factura_id` bigint(20) unsigned DEFAULT NULL,
  `dc_ov_status_entrega_id` bigint(20) unsigned DEFAULT NULL,
  `dc_ov_status_venta_id` bigint(20) unsigned DEFAULT NULL,
  `dc_estado_id` bigint(20) unsigned NOT NULL,
  `dc_estado_decision_id` bigint(20) unsigned DEFAULT NULL,
  `inv_orden_trabajo_id` bigint(20) unsigned DEFAULT NULL,
  `conta_cc_id` bigint(20) unsigned DEFAULT NULL,
  `origendestinoable_type` text COLLATE utf8mb4_unicode_ci,
  `origendestinoable_id` int(10) unsigned DEFAULT NULL,
  `is_multiples_ot` tinyint(1) unsigned NOT NULL DEFAULT '0',
  `dc_orden_origen_destino_id` bigint(20) unsigned DEFAULT NULL,
  `is_completado` tinyint(1) NOT NULL DEFAULT '0',
  `is_credit` tinyint(1) DEFAULT NULL,
  `dc_firma_id` bigint(20) unsigned NOT NULL DEFAULT '1',
  `created_at` timestamp NULL DEFAULT NULL,
  `updated_at` timestamp NULL DEFAULT NULL,
  `deleted_at` timestamp NULL DEFAULT NULL,
  PRIMARY KEY (`id`),
  KEY `dc_ordenes_dc_orden_tipo_id_foreign` (`dc_orden_tipo_id`),
  KEY `dc_ordenes_person_id_foreign` (`person_id`),
  KEY `dc_ordenes_person_id_relationed_foreign` (`person_id_relationed`),
  KEY `dc_ordenes_dc_estado_id_foreign` (`dc_estado_id`),
  KEY `dc_ordenes_conta_cc_id_foreign` (`conta_cc_id`),
  KEY `dc_ordenes_inv_orden_trabajo_id_foreign` (`inv_orden_trabajo_id`),
  KEY `dc_ordenes_dc_orden_origen_destino_id_foreign` (`dc_orden_origen_destino_id`),
  KEY `dc_ordenes_moneda_id_foreign` (`moneda_id`),
  KEY `dc_ordenes_dc_firma_id_foreign` (`dc_firma_id`),
  KEY `dc_ordenes_syj_empleado_id_foreign` (`syj_empleado_id`),
  KEY `dc_ordenes_dc_estado_decision_id_foreign` (`dc_estado_decision_id`),
  KEY `dc_ordenes_dc_ov_origen_id_foreign` (`dc_ov_origen_id`),
  KEY `dc_ordenes_dc_ov_status_venta_id_foreign` (`dc_ov_status_venta_id`),
  KEY `dc_ordenes_dc_ov_status_entrega_id_foreign` (`dc_ov_status_entrega_id`),
  KEY `dc_ordenes_dc_ov_status_factura_id_foreign` (`dc_ov_status_factura_id`),
  KEY `dc_ordenes_dc_ov_status_cobranza_id_foreign` (`dc_ov_status_cobranza_id`),
  CONSTRAINT `dc_ordenes_conta_cc_id_foreign` FOREIGN KEY (`conta_cc_id`) REFERENCES `conta_centro_costos` (`id`),
  CONSTRAINT `dc_ordenes_dc_estado_decision_id_foreign` FOREIGN KEY (`dc_estado_decision_id`) REFERENCES `dc_estados_decisiones` (`id`),
  CONSTRAINT `dc_ordenes_dc_estado_id_foreign` FOREIGN KEY (`dc_estado_id`) REFERENCES `dc_estados` (`id`),
  CONSTRAINT `dc_ordenes_dc_firma_id_foreign` FOREIGN KEY (`dc_firma_id`) REFERENCES `dc_firmas` (`id`),
  CONSTRAINT `dc_ordenes_dc_orden_origen_destino_id_foreign` FOREIGN KEY (`dc_orden_origen_destino_id`) REFERENCES `dc_ordenes_origen_destino` (`id`),
  CONSTRAINT `dc_ordenes_dc_orden_tipo_id_foreign` FOREIGN KEY (`dc_orden_tipo_id`) REFERENCES `dc_ordenes_tipos` (`id`),
  CONSTRAINT `dc_ordenes_dc_ov_origen_id_foreign` FOREIGN KEY (`dc_ov_origen_id`) REFERENCES `dc_ov_origenes` (`id`),
  CONSTRAINT `dc_ordenes_dc_ov_status_cobranza_id_foreign` FOREIGN KEY (`dc_ov_status_cobranza_id`) REFERENCES `dc_ov_status_cobranza` (`id`),
  CONSTRAINT `dc_ordenes_dc_ov_status_entrega_id_foreign` FOREIGN KEY (`dc_ov_status_entrega_id`) REFERENCES `dc_ov_status_entrega` (`id`),
  CONSTRAINT `dc_ordenes_dc_ov_status_factura_id_foreign` FOREIGN KEY (`dc_ov_status_factura_id`) REFERENCES `dc_ov_status_factura` (`id`),
  CONSTRAINT `dc_ordenes_dc_ov_status_venta_id_foreign` FOREIGN KEY (`dc_ov_status_venta_id`) REFERENCES `dc_ov_status_venta` (`id`),
  CONSTRAINT `dc_ordenes_inv_orden_trabajo_id_foreign` FOREIGN KEY (`inv_orden_trabajo_id`) REFERENCES `inv_orden_trabajos` (`id`),
  CONSTRAINT `dc_ordenes_moneda_id_foreign` FOREIGN KEY (`moneda_id`) REFERENCES `monedas` (`id`),
  CONSTRAINT `dc_ordenes_person_id_foreign` FOREIGN KEY (`person_id`) REFERENCES `persons` (`id`),
  CONSTRAINT `dc_ordenes_person_id_relationed_foreign` FOREIGN KEY (`person_id_relationed`) REFERENCES `persons` (`id`),
  CONSTRAINT `dc_ordenes_syj_empleado_id_foreign` FOREIGN KEY (`syj_empleado_id`) REFERENCES `syj_empleados` (`id`)
) ENGINE=InnoDB DEFAULT CHARSET=utf8mb4 COLLATE=utf8mb4_unicode_ci;

--
