INSERT INTO `periods` VALUES (3075,NULL,'2075-11',2075,11,'2075-11-01','2075-11-30',NULL,NULL,40739,0,NULL,1,0,0,1),(3076,NULL,'2075-12',2075,12,'2075-12-01','2075-12-31',NULL,NULL,40739,0,NULL,1,0,0,1),(3080,NULL,'2076-01',2076,1,'2076-01-01','2076-01-31',NULL,NULL,40739,0,NULL,1,0,0,1),(3081,NULL,'2076-02',2076,2,'2076-02-01','2076-02-28',NULL,NULL,40739,0,NULL,1,0,0,1),(3082,NULL,'2076-03',2076,3,'2076-03-01','2076-03-31',NULL,NULL,40739,0,NULL,1,0,0,1),(3083,NULL,'2076-04',2076,4,'2076-04-01','2076-04-30',NULL,NULL,40739,0,NULL,1,0,0,1),(3084,NULL,'2076-05',2076,5,'2076-05-01','2076-05-31',NULL,NULL,40739,0,NULL,1,0,0,1),(3085,NULL,'2076-06',2076,6,'2076-06-01','2076-06-30',NULL,NULL,40739,0,NULL,1,0,0,1),(3086,NULL,'2076-07',2076,7,'2076-07-01','2076-07-31',NULL,NULL,40739,0,NULL,1,0,0,1),(3087,NULL,'2076-08',2076,8,'2076-08-01','2076-08-31',NULL,NULL,40739,0,NULL,1,0,0,1),(3088,NULL,'2076-09',2076,9,'2076-09-01','2076-09-30',NULL,NULL,40739,0,NULL,1,0,0,1),(3089,NULL,'2076-10',2076,10,'2076-10-01','2076-10-31',NULL,NULL,40739,0,NULL,1,0,0,1),(3090,NULL,'2076-11',2076,11,'2076-11-01','2076-11-30',NULL,NULL,40739,0,NULL,1,0,0,1),(3091,NULL,'2076-12',2076,12,'2076-12-01','2076-12-31',NULL,NULL,40739,0,NULL,1,0,0,1),(3095,NULL,'2077-01',2077,1,'2077-01-01','2077-01-31',NULL,NULL,40739,0,NULL,1,0,0,1),(3096,NULL,'2077-02',2077,2,'2077-02-01','2077-02-28',NULL,NULL,40739,0,NULL,1,0,0,1),(3097,NULL,'2077-03',2077,3,'2077-03-01','2077-03-31',NULL,NULL,40739,0,NULL,1,0,0,1),(3098,NULL,'2077-04',2077,4,'2077-04-01','2077-04-30',NULL,NULL,40739,0,NULL,1,0,0,1),(3099,NULL,'2077-05',2077,5,'2077-05-01','2077-05-31',NULL,NULL,40739,0,NULL,1,0,0,1),(3100,NULL,'2077-06',2077,6,'2077-06-01','2077-06-30',NULL,NULL,40739,0,NULL,1,0,0,1),(3101,NULL,'2077-07',2077,7,'2077-07-01','2077-07-31',NULL,NULL,40739,0,NULL,1,0,0,1),(3102,NULL,'2077-08',2077,8,'2077-08-01','2077-08-31',NULL,NULL,40739,0,NULL,1,0,0,1),(3103,NULL,'2077-09',2077,9,'2077-09-01','2077-09-30',NULL,NULL,40739,0,NULL,1,0,0,1),(3104,NULL,'2077-10',2077,10,'2077-10-01','2077-10-31',NULL,NULL,40739,0,NULL,1,0,0,1),(3105,NULL,'2077-11',2077,11,'2077-11-01','2077-11-30',NULL,NULL,40739,0,NULL,1,0,0,1),(3106,NULL,'2077-12',2077,12,'2077-12-01','2077-12-31',NULL,NULL,40739,0,NULL,1,0,0,1),(3110,NULL,'2078-01',2078,1,'2078-01-01','2078-01-31',NULL,NULL,40739,0,NULL,1,0,0,1),(3111,NULL,'2078-02',2078,2,'2078-02-01','2078-02-28',NULL,NULL,40739,0,NULL,1,0,0,1),(3112,NULL,'2078-03',2078,3,'2078-03-01','2078-03-31',NULL,NULL,40739,0,NULL,1,0,0,1),(3113,NULL,'2078-04',2078,4,'2078-04-01','2078-04-30',NULL,NULL,40739,0,NULL,1,0,0,1),(3114,NULL,'2078-05',2078,5,'2078-05-01','2078-05-31',NULL,NULL,40739,0,NULL,1,0,0,1),(3115,NULL,'2078-06',2078,6,'2078-06-01','2078-06-30',NULL,NULL,40739,0,NULL,1,0,0,1),(3116,NULL,'2078-07',2078,7,'2078-07-01','2078-07-31',NULL,NULL,40739,0,NULL,1,0,0,1),(3117,NULL,'2078-08',2078,8,'2078-08-01','2078-08-31',NULL,NULL,40739,0,NULL,1,0,0,1),(3118,NULL,'2078-09',2078,9,'2078-09-01','2078-09-30',NULL,NULL,40739,0,NULL,1,0,0,1),(3119,NULL,'2078-10',2078,10,'2078-10-01','2078-10-31',NULL,NULL,40739,0,NULL,1,0,0,1),(3120,NULL,'2078-11',2078,11,'2078-11-01','2078-11-30',NULL,NULL,40739,0,NULL,1,0,0,1),(3121,NULL,'2078-12',2078,12,'2078-12-01','2078-12-31',NULL,NULL,40739,0,NULL,1,0,0,1),(3125,NULL,'2079-01',2079,1,'2079-01-01','2079-01-31',NULL,NULL,40739,0,NULL,1,0,0,1),(3126,NULL,'2079-02',2079,2,'2079-02-01','2079-02-28',NULL,NULL,40739,0,NULL,1,0,0,1),(3127,NULL,'2079-03',2079,3,'2079-03-01','2079-03-31',NULL,NULL,40739,0,NULL,1,0,0,1),(3128,NULL,'2079-04',2079,4,'2079-04-01','2079-04-30',NULL,NULL,40739,0,NULL,1,0,0,1),(3129,NULL,'2079-05',2079,5,'2079-05-01','2079-05-31',NULL,NULL,40739,0,NULL,1,0,0,1),(3130,NULL,'2079-06',2079,6,'2079-06-01','2079-06-30',NULL,NULL,40739,0,NULL,1,0,0,1),(3131,NULL,'2079-07',2079,7,'2079-07-01','2079-07-31',NULL,NULL,40739,0,NULL,1,0,0,1),(3132,NULL,'2079-08',2079,8,'2079-08-01','2079-08-31',NULL,NULL,40739,0,NULL,1,0,0,1);
INSERT INTO `periods` VALUES (3133,NULL,'2079-09',2079,9,'2079-09-01','2079-09-30',NULL,NULL,40739,0,NULL,1,0,0,1),(3134,NULL,'2079-10',2079,10,'2079-10-01','2079-10-31',NULL,NULL,40739,0,NULL,1,0,0,1),(3135,NULL,'2079-11',2079,11,'2079-11-01','2079-11-30',NULL,NULL,40739,0,NULL,1,0,0,1),(3136,NULL,'2079-12',2079,12,'2079-12-01','2079-12-31',NULL,NULL,40739,0,NULL,1,0,0,1),(3140,NULL,'2080-01',2080,1,'2080-01-01','2080-01-31',NULL,NULL,40739,0,NULL,1,0,0,1),(3141,NULL,'2080-02',2080,2,'2080-02-01','2080-02-28',NULL,NULL,40739,0,NULL,1,0,0,1),(3142,NULL,'2080-03',2080,3,'2080-03-01','2080-03-31',NULL,NULL,40739,0,NULL,1,0,0,1),(3143,NULL,'2080-04',2080,4,'2080-04-01','2080-04-30',NULL,NULL,40739,0,NULL,1,0,0,1),(3144,NULL,'2080-05',2080,5,'2080-05-01','2080-05-31',NULL,NULL,40739,0,NULL,1,0,0,1),(3145,NULL,'2080-06',2080,6,'2080-06-01','2080-06-30',NULL,NULL,40739,0,NULL,1,0,0,1),(3146,NULL,'2080-07',2080,7,'2080-07-01','2080-07-31',NULL,NULL,40739,0,NULL,1,0,0,1),(3147,NULL,'2080-08',2080,8,'2080-08-01','2080-08-31',NULL,NULL,40739,0,NULL,1,0,0,1),(3148,NULL,'2080-09',2080,9,'2080-09-01','2080-09-30',NULL,NULL,40739,0,NULL,1,0,0,1),(3149,NULL,'2080-10',2080,10,'2080-10-01','2080-10-31',NULL,NULL,40739,0,NULL,1,0,0,1),(3150,NULL,'2080-11',2080,11,'2080-11-01','2080-11-30',NULL,NULL,40739,0,NULL,1,0,0,1),(3151,NULL,'2080-12',2080,12,'2080-12-01','2080-12-31',NULL,NULL,40739,0,NULL,1,0,0,1),(3155,NULL,'2081-01',2081,1,'2081-01-01','2081-01-31',NULL,NULL,40739,0,NULL,1,0,0,1),(3156,NULL,'2081-02',2081,2,'2081-02-01','2081-02-28',NULL,NULL,40739,0,NULL,1,0,0,1),(3157,NULL,'2081-03',2081,3,'2081-03-01','2081-03-31',NULL,NULL,40739,0,NULL,1,0,0,1),(3158,NULL,'2081-04',2081,4,'2081-04-01','2081-04-30',NULL,NULL,40739,0,NULL,1,0,0,1),(3159,NULL,'2081-05',2081,5,'2081-05-01','2081-05-31',NULL,NULL,40739,0,NULL,1,0,0,1),(3160,NULL,'2081-06',2081,6,'2081-06-01','2081-06-30',NULL,NULL,40739,0,NULL,1,0,0,1),(3161,NULL,'2081-07',2081,7,'2081-07-01','2081-07-31',NULL,NULL,40739,0,NULL,1,0,0,1),(3162,NULL,'2081-08',2081,8,'2081-08-01','2081-08-31',NULL,NULL,40739,0,NULL,1,0,0,1),(3163,NULL,'2081-09',2081,9,'2081-09-01','2081-09-30',NULL,NULL,40739,0,NULL,1,0,0,1),(3164,NULL,'2081-10',2081,10,'2081-10-01','2081-10-31',NULL,NULL,40739,0,NULL,1,0,0,1),(3165,NULL,'2081-11',2081,11,'2081-11-01','2081-11-30',NULL,NULL,40739,0,NULL,1,0,0,1),(3166,NULL,'2081-12',2081,12,'2081-12-01','2081-12-31',NULL,NULL,40739,0,NULL,1,0,0,1),(3170,NULL,'2082-01',2082,1,'2082-01-01','2082-01-31',NULL,NULL,40739,0,NULL,1,0,0,1),(3171,NULL,'2082-02',2082,2,'2082-02-01','2082-02-28',NULL,NULL,40739,0,NULL,1,0,0,1),(3172,NULL,'2082-03',2082,3,'2082-03-01','2082-03-31',NULL,NULL,40739,0,NULL,1,0,0,1),(3173,NULL,'2082-04',2082,4,'2082-04-01','2082-04-30',NULL,NULL,40739,0,NULL,1,0,0,1),(3174,NULL,'2082-05',2082,5,'2082-05-01','2082-05-31',NULL,NULL,40739,0,NULL,1,0,0,1),(3175,NULL,'2082-06',2082,6,'2082-06-01','2082-06-30',NULL,NULL,40739,0,NULL,1,0,0,1),(3176,NULL,'2082-07',2082,7,'2082-07-01','2082-07-31',NULL,NULL,40739,0,NULL,1,0,0,1),(3177,NULL,'2082-08',2082,8,'2082-08-01','2082-08-31',NULL,NULL,40739,0,NULL,1,0,0,1),(3178,NULL,'2082-09',2082,9,'2082-09-01','2082-09-30',NULL,NULL,40739,0,NULL,1,0,0,1),(3179,NULL,'2082-10',2082,10,'2082-10-01','2082-10-31',NULL,NULL,40739,0,NULL,1,0,0,1),(3180,NULL,'2082-11',2082,11,'2082-11-01','2082-11-30',NULL,NULL,40739,0,NULL,1,0,0,1),(3181,NULL,'2082-12',2082,12,'2082-12-01','2082-12-31',NULL,NULL,40739,0,NULL,1,0,0,1),(3185,NULL,'2083-01',2083,1,'2083-01-01','2083-01-31',NULL,NULL,40739,0,NULL,1,0,0,1),(3186,NULL,'2083-02',2083,2,'2083-02-01','2083-02-28',NULL,NULL,40739,0,NULL,1,0,0,1),(3187,NULL,'2083-03',2083,3,'2083-03-01','2083-03-31',NULL,NULL,40739,0,NULL,1,0,0,1),(3188,NULL,'2083-04',2083,4,'2083-04-01','2083-04-30',NULL,NULL,40739,0,NULL,1,0,0,1),(3189,NULL,'2083-05',2083,5,'2083-05-01','2083-05-31',NULL,NULL,40739,0,NULL,1,0,0,1),(3190,NULL,'2083-06',2083,6,'2083-06-01','2083-06-30',NULL,NULL,40739,0,NULL,1,0,0,1);
INSERT INTO `periods` VALUES (3191,NULL,'2083-07',2083,7,'2083-07-01','2083-07-31',NULL,NULL,40739,0,NULL,1,0,0,1),(3192,NULL,'2083-08',2083,8,'2083-08-01','2083-08-31',NULL,NULL,40739,0,NULL,1,0,0,1),(3193,NULL,'2083-09',2083,9,'2083-09-01','2083-09-30',NULL,NULL,40739,0,NULL,1,0,0,1),(3194,NULL,'2083-10',2083,10,'2083-10-01','2083-10-31',NULL,NULL,40739,0,NULL,1,0,0,1),(3195,NULL,'2083-11',2083,11,'2083-11-01','2083-11-30',NULL,NULL,40739,0,NULL,1,0,0,1),(3196,NULL,'2083-12',2083,12,'2083-12-01','2083-12-31',NULL,NULL,40739,0,NULL,1,0,0,1),(3200,NULL,'2084-01',2084,1,'2084-01-01','2084-01-31',NULL,NULL,40739,0,NULL,1,0,0,1),(3201,NULL,'2084-02',2084,2,'2084-02-01','2084-02-28',NULL,NULL,40739,0,NULL,1,0,0,1),(3202,NULL,'2084-03',2084,3,'2084-03-01','2084-03-31',NULL,NULL,40739,0,NULL,1,0,0,1),(3203,NULL,'2084-04',2084,4,'2084-04-01','2084-04-30',NULL,NULL,40739,0,NULL,1,0,0,1),(3204,NULL,'2084-05',2084,5,'2084-05-01','2084-05-31',NULL,NULL,40739,0,NULL,1,0,0,1),(3205,NULL,'2084-06',2084,6,'2084-06-01','2084-06-30',NULL,NULL,40739,0,NULL,1,0,0,1),(3206,NULL,'2084-07',2084,7,'2084-07-01','2084-07-31',NULL,NULL,40739,0,NULL,1,0,0,1),(3207,NULL,'2084-08',2084,8,'2084-08-01','2084-08-31',NULL,NULL,40739,0,NULL,1,0,0,1),(3208,NULL,'2084-09',2084,9,'2084-09-01','2084-09-30',NULL,NULL,40739,0,NULL,1,0,0,1),(3209,NULL,'2084-10',2084,10,'2084-10-01','2084-10-31',NULL,NULL,40739,0,NULL,1,0,0,1),(3210,NULL,'2084-11',2084,11,'2084-11-01','2084-11-30',NULL,NULL,40739,0,NULL,1,0,0,1),(3211,NULL,'2084-12',2084,12,'2084-12-01','2084-12-31',NULL,NULL,40739,0,NULL,1,0,0,1),(3215,NULL,'2085-01',2085,1,'2085-01-01','2085-01-31',NULL,NULL,40739,0,NULL,1,0,0,1),(3216,NULL,'2085-02',2085,2,'2085-02-01','2085-02-28',NULL,NULL,40739,0,NULL,1,0,0,1),(3217,NULL,'2085-03',2085,3,'2085-03-01','2085-03-31',NULL,NULL,40739,0,NULL,1,0,0,1),(3218,NULL,'2085-04',2085,4,'2085-04-01','2085-04-30',NULL,NULL,40739,0,NULL,1,0,0,1),(3219,NULL,'2085-05',2085,5,'2085-05-01','2085-05-31',NULL,NULL,40739,0,NULL,1,0,0,1),(3220,NULL,'2085-06',2085,6,'2085-06-01','2085-06-30',NULL,NULL,40739,0,NULL,1,0,0,1),(3221,NULL,'2085-07',2085,7,'2085-07-01','2085-07-31',NULL,NULL,40739,0,NULL,1,0,0,1),(3222,NULL,'2085-08',2085,8,'2085-08-01','2085-08-31',NULL,NULL,40739,0,NULL,1,0,0,1),(3223,NULL,'2085-09',2085,9,'2085-09-01','2085-09-30',NULL,NULL,40739,0,NULL,1,0,0,1),(3224,NULL,'2085-10',2085,10,'2085-10-01','2085-10-31',NULL,NULL,40739,0,NULL,1,0,0,1),(3225,NULL,'2085-11',2085,11,'2085-11-01','2085-11-30',NULL,NULL,40739,0,NULL,1,0,0,1),(3226,NULL,'2085-12',2085,12,'2085-12-01','2085-12-31',NULL,NULL,40739,0,NULL,1,0,0,1),(3230,NULL,'2086-01',2086,1,'2086-01-01','2086-01-31',NULL,NULL,40739,0,NULL,1,0,0,1),(3231,NULL,'2086-02',2086,2,'2086-02-01','2086-02-28',NULL,NULL,40739,0,NULL,1,0,0,1),(3232,NULL,'2086-03',2086,3,'2086-03-01','2086-03-31',NULL,NULL,40739,0,NULL,1,0,0,1),(3233,NULL,'2086-04',2086,4,'2086-04-01','2086-04-30',NULL,NULL,40739,0,NULL,1,0,0,1),(3234,NULL,'2086-05',2086,5,'2086-05-01','2086-05-31',NULL,NULL,40739,0,NULL,1,0,0,1),(3235,NULL,'2086-06',2086,6,'2086-06-01','2086-06-30',NULL,NULL,40739,0,NULL,1,0,0,1),(3236,NULL,'2086-07',2086,7,'2086-07-01','2086-07-31',NULL,NULL,40739,0,NULL,1,0,0,1),(3237,NULL,'2086-08',2086,8,'2086-08-01','2086-08-31',NULL,NULL,40739,0,NULL,1,0,0,1),(3238,NULL,'2086-09',2086,9,'2086-09-01','2086-09-30',NULL,NULL,40739,0,NULL,1,0,0,1),(3239,NULL,'2086-10',2086,10,'2086-10-01','2086-10-31',NULL,NULL,40739,0,NULL,1,0,0,1),(3240,NULL,'2086-11',2086,11,'2086-11-01','2086-11-30',NULL,NULL,40739,0,NULL,1,0,0,1),(3241,NULL,'2086-12',2086,12,'2086-12-01','2086-12-31',NULL,NULL,40739,0,NULL,1,0,0,1),(3245,NULL,'2087-01',2087,1,'2087-01-01','2087-01-31',NULL,NULL,40739,0,NULL,1,0,0,1),(3246,NULL,'2087-02',2087,2,'2087-02-01','2087-02-28',NULL,NULL,40739,0,NULL,1,0,0,1),(3247,NULL,'2087-03',2087,3,'2087-03-01','2087-03-31',NULL,NULL,40739,0,NULL,1,0,0,1),(3248,NULL,'2087-04',2087,4,'2087-04-01','2087-04-30',NULL,NULL,40739,0,NULL,1,0,0,1);
INSERT INTO `periods` VALUES (3249,NULL,'2087-05',2087,5,'2087-05-01','2087-05-31',NULL,NULL,40739,0,NULL,1,0,0,1),(3250,NULL,'2087-06',2087,6,'2087-06-01','2087-06-30',NULL,NULL,40739,0,NULL,1,0,0,1),(3251,NULL,'2087-07',2087,7,'2087-07-01','2087-07-31',NULL,NULL,40739,0,NULL,1,0,0,1),(3252,NULL,'2087-08',2087,8,'2087-08-01','2087-08-31',NULL,NULL,40739,0,NULL,1,0,0,1),(3253,NULL,'2087-09',2087,9,'2087-09-01','2087-09-30',NULL,NULL,40739,0,NULL,1,0,0,1),(3254,NULL,'2087-10',2087,10,'2087-10-01','2087-10-31',NULL,NULL,40739,0,NULL,1,0,0,1),(3255,NULL,'2087-11',2087,11,'2087-11-01','2087-11-30',NULL,NULL,40739,0,NULL,1,0,0,1),(3256,NULL,'2087-12',2087,12,'2087-12-01','2087-12-31',NULL,NULL,40739,0,NULL,1,0,0,1),(3260,NULL,'2088-01',2088,1,'2088-01-01','2088-01-31',NULL,NULL,40739,0,NULL,1,0,0,1),(3261,NULL,'2088-02',2088,2,'2088-02-01','2088-02-28',NULL,NULL,40739,0,NULL,1,0,0,1),(3262,NULL,'2088-03',2088,3,'2088-03-01','2088-03-31',NULL,NULL,40739,0,NULL,1,0,0,1),(3263,NULL,'2088-04',2088,4,'2088-04-01','2088-04-30',NULL,NULL,40739,0,NULL,1,0,0,1),(3264,NULL,'2088-05',2088,5,'2088-05-01','2088-05-31',NULL,NULL,40739,0,NULL,1,0,0,1),(3265,NULL,'2088-06',2088,6,'2088-06-01','2088-06-30',NULL,NULL,40739,0,NULL,1,0,0,1),(3266,NULL,'2088-07',2088,7,'2088-07-01','2088-07-31',NULL,NULL,40739,0,NULL,1,0,0,1),(3267,NULL,'2088-08',2088,8,'2088-08-01','2088-08-31',NULL,NULL,40739,0,NULL,1,0,0,1),(3268,NULL,'2088-09',2088,9,'2088-09-01','2088-09-30',NULL,NULL,40739,0,NULL,1,0,0,1),(3269,NULL,'2088-10',2088,10,'2088-10-01','2088-10-31',NULL,NULL,40739,0,NULL,1,0,0,1),(3270,NULL,'2088-11',2088,11,'2088-11-01','2088-11-30',NULL,NULL,40739,0,NULL,1,0,0,1),(3271,NULL,'2088-12',2088,12,'2088-12-01','2088-12-31',NULL,NULL,40739,0,NULL,1,0,0,1),(3275,NULL,'2089-01',2089,1,'2089-01-01','2089-01-31',NULL,NULL,40739,0,NULL,1,0,0,1),(3276,NULL,'2089-02',2089,2,'2089-02-01','2089-02-28',NULL,NULL,40739,0,NULL,1,0,0,1),(3277,NULL,'2089-03',2089,3,'2089-03-01','2089-03-31',NULL,NULL,40739,0,NULL,1,0,0,1),(3278,NULL,'2089-04',2089,4,'2089-04-01','2089-04-30',NULL,NULL,40739,0,NULL,1,0,0,1),(3279,NULL,'2089-05',2089,5,'2089-05-01','2089-05-31',NULL,NULL,40739,0,NULL,1,0,0,1),(3280,NULL,'2089-06',2089,6,'2089-06-01','2089-06-30',NULL,NULL,40739,0,NULL,1,0,0,1),(3281,NULL,'2089-07',2089,7,'2089-07-01','2089-07-31',NULL,NULL,40739,0,NULL,1,0,0,1),(3282,NULL,'2089-08',2089,8,'2089-08-01','2089-08-31',NULL,NULL,40739,0,NULL,1,0,0,1),(3283,NULL,'2089-09',2089,9,'2089-09-01','2089-09-30',NULL,NULL,40739,0,NULL,1,0,0,1),(3284,NULL,'2089-10',2089,10,'2089-10-01','2089-10-31',NULL,NULL,40739,0,NULL,1,0,0,1),(3285,NULL,'2089-11',2089,11,'2089-11-01','2089-11-30',NULL,NULL,40739,0,NULL,1,0,0,1),(3286,NULL,'2089-12',2089,12,'2089-12-01','2089-12-31',NULL,NULL,40739,0,NULL,1,0,0,1),(3290,NULL,'2090-01',2090,1,'2090-01-01','2090-01-31',NULL,NULL,40739,0,NULL,1,0,0,1),(3291,NULL,'2090-02',2090,2,'2090-02-01','2090-02-28',NULL,NULL,40739,0,NULL,1,0,0,1),(3292,NULL,'2090-03',2090,3,'2090-03-01','2090-03-31',NULL,NULL,40739,0,NULL,1,0,0,1),(3293,NULL,'2090-04',2090,4,'2090-04-01','2090-04-30',NULL,NULL,40739,0,NULL,1,0,0,1),(3294,NULL,'2090-05',2090,5,'2090-05-01','2090-05-31',NULL,NULL,40739,0,NULL,1,0,0,1),(3295,NULL,'2090-06',2090,6,'2090-06-01','2090-06-30',NULL,NULL,40739,0,NULL,1,0,0,1),(3296,NULL,'2090-07',2090,7,'2090-07-01','2090-07-31',NULL,NULL,40739,0,NULL,1,0,0,1),(3297,NULL,'2090-08',2090,8,'2090-08-01','2090-08-31',NULL,NULL,40739,0,NULL,1,0,0,1),(3298,NULL,'2090-09',2090,9,'2090-09-01','2090-09-30',NULL,NULL,40739,0,NULL,1,0,0,1),(3299,NULL,'2090-10',2090,10,'2090-10-01','2090-10-31',NULL,NULL,40739,0,NULL,1,0,0,1),(3300,NULL,'2090-11',2090,11,'2090-11-01','2090-11-30',NULL,NULL,40739,0,NULL,1,0,0,1),(3301,NULL,'2090-12',2090,12,'2090-12-01','2090-12-31',NULL,NULL,40739,0,NULL,1,0,0,1),(3305,NULL,'2091-01',2091,1,'2091-01-01','2091-01-31',NULL,NULL,40739,0,NULL,1,0,0,1),(3306,NULL,'2091-02',2091,2,'2091-02-01','2091-02-28',NULL,NULL,40739,0,NULL,1,0,0,1);
INSERT INTO `periods` VALUES (3307,NULL,'2091-03',2091,3,'2091-03-01','2091-03-31',NULL,NULL,40739,0,NULL,1,0,0,1),(3308,NULL,'2091-04',2091,4,'2091-04-01','2091-04-30',NULL,NULL,40739,0,NULL,1,0,0,1),(3309,NULL,'2091-05',2091,5,'2091-05-01','2091-05-31',NULL,NULL,40739,0,NULL,1,0,0,1),(3310,NULL,'2091-06',2091,6,'2091-06-01','2091-06-30',NULL,NULL,40739,0,NULL,1,0,0,1),(3311,NULL,'2091-07',2091,7,'2091-07-01','2091-07-31',NULL,NULL,40739,0,NULL,1,0,0,1),(3312,NULL,'2091-08',2091,8,'2091-08-01','2091-08-31',NULL,NULL,40739,0,NULL,1,0,0,1),(3313,NULL,'2091-09',2091,9,'2091-09-01','2091-09-30',NULL,NULL,40739,0,NULL,1,0,0,1),(3314,NULL,'2091-10',2091,10,'2091-10-01','2091-10-31',NULL,NULL,40739,0,NULL,1,0,0,1),(3315,NULL,'2091-11',2091,11,'2091-11-01','2091-11-30',NULL,NULL,40739,0,NULL,1,0,0,1),(3316,NULL,'2091-12',2091,12,'2091-12-01','2091-12-31',NULL,NULL,40739,0,NULL,1,0,0,1),(3320,NULL,'2092-01',2092,1,'2092-01-01','2092-01-31',NULL,NULL,40739,0,NULL,1,0,0,1),(3321,NULL,'2092-02',2092,2,'2092-02-01','2092-02-28',NULL,NULL,40739,0,NULL,1,0,0,1),(3322,NULL,'2092-03',2092,3,'2092-03-01','2092-03-31',NULL,NULL,40739,0,NULL,1,0,0,1),(3323,NULL,'2092-04',2092,4,'2092-04-01','2092-04-30',NULL,NULL,40739,0,NULL,1,0,0,1),(3324,NULL,'2092-05',2092,5,'2092-05-01','2092-05-31',NULL,NULL,40739,0,NULL,1,0,0,1),(3325,NULL,'2092-06',2092,6,'2092-06-01','2092-06-30',NULL,NULL,40739,0,NULL,1,0,0,1),(3326,NULL,'2092-07',2092,7,'2092-07-01','2092-07-31',NULL,NULL,40739,0,NULL,1,0,0,1),(3327,NULL,'2092-08',2092,8,'2092-08-01','2092-08-31',NULL,NULL,40739,0,NULL,1,0,0,1),(3328,NULL,'2092-09',2092,9,'2092-09-01','2092-09-30',NULL,NULL,40739,0,NULL,1,0,0,1),(3329,NULL,'2092-10',2092,10,'2092-10-01','2092-10-31',NULL,NULL,40739,0,NULL,1,0,0,1),(3330,NULL,'2092-11',2092,11,'2092-11-01','2092-11-30',NULL,NULL,40739,0,NULL,1,0,0,1),(3331,NULL,'2092-12',2092,12,'2092-12-01','2092-12-31',NULL,NULL,40739,0,NULL,1,0,0,1),(3335,NULL,'2093-01',2093,1,'2093-01-01','2093-01-31',NULL,NULL,40739,0,NULL,1,0,0,1),(3336,NULL,'2093-02',2093,2,'2093-02-01','2093-02-28',NULL,NULL,40739,0,NULL,1,0,0,1),(3337,NULL,'2093-03',2093,3,'2093-03-01','2093-03-31',NULL,NULL,40739,0,NULL,1,0,0,1),(3338,NULL,'2093-04',2093,4,'2093-04-01','2093-04-30',NULL,NULL,40739,0,NULL,1,0,0,1),(3339,NULL,'2093-05',2093,5,'2093-05-01','2093-05-31',NULL,NULL,40739,0,NULL,1,0,0,1),(3340,NULL,'2093-06',2093,6,'2093-06-01','2093-06-30',NULL,NULL,40739,0,NULL,1,0,0,1),(3341,NULL,'2093-07',2093,7,'2093-07-01','2093-07-31',NULL,NULL,40739,0,NULL,1,0,0,1),(3342,NULL,'2093-08',2093,8,'2093-08-01','2093-08-31',NULL,NULL,40739,0,NULL,1,0,0,1),(3343,NULL,'2093-09',2093,9,'2093-09-01','2093-09-30',NULL,NULL,40739,0,NULL,1,0,0,1),(3344,NULL,'2093-10',2093,10,'2093-10-01','2093-10-31',NULL,NULL,40739,0,NULL,1,0,0,1),(3345,NULL,'2093-11',2093,11,'2093-11-01','2093-11-30',NULL,NULL,40739,0,NULL,1,0,0,1),(3346,NULL,'2093-12',2093,12,'2093-12-01','2093-12-31',NULL,NULL,40739,0,NULL,1,0,0,1),(3350,NULL,'2094-01',2094,1,'2094-01-01','2094-01-31',NULL,NULL,40739,0,NULL,1,0,0,1),(3351,NULL,'2094-02',2094,2,'2094-02-01','2094-02-28',NULL,NULL,40739,0,NULL,1,0,0,1),(3352,NULL,'2094-03',2094,3,'2094-03-01','2094-03-31',NULL,NULL,40739,0,NULL,1,0,0,1),(3353,NULL,'2094-04',2094,4,'2094-04-01','2094-04-30',NULL,NULL,40739,0,NULL,1,0,0,1),(3354,NULL,'2094-05',2094,5,'2094-05-01','2094-05-31',NULL,NULL,40739,0,NULL,1,0,0,1),(3355,NULL,'2094-06',2094,6,'2094-06-01','2094-06-30',NULL,NULL,40739,0,NULL,1,0,0,1),(3356,NULL,'2094-07',2094,7,'2094-07-01','2094-07-31',NULL,NULL,40739,0,NULL,1,0,0,1),(3357,NULL,'2094-08',2094,8,'2094-08-01','2094-08-31',NULL,NULL,40739,0,NULL,1,0,0,1),(3358,NULL,'2094-09',2094,9,'2094-09-01','2094-09-30',NULL,NULL,40739,0,NULL,1,0,0,1),(3359,NULL,'2094-10',2094,10,'2094-10-01','2094-10-31',NULL,NULL,40739,0,NULL,1,0,0,1),(3360,NULL,'2094-11',2094,11,'2094-11-01','2094-11-30',NULL,NULL,40739,0,NULL,1,0,0,1),(3361,NULL,'2094-12',2094,12,'2094-12-01','2094-12-31',NULL,NULL,40739,0,NULL,1,0,0,1);
INSERT INTO `periods` VALUES (3365,NULL,'2095-01',2095,1,'2095-01-01','2095-01-31',NULL,NULL,40739,0,NULL,1,0,0,1),(3366,NULL,'2095-02',2095,2,'2095-02-01','2095-02-28',NULL,NULL,40739,0,NULL,1,0,0,1),(3367,NULL,'2095-03',2095,3,'2095-03-01','2095-03-31',NULL,NULL,40739,0,NULL,1,0,0,1),(3368,NULL,'2095-04',2095,4,'2095-04-01','2095-04-30',NULL,NULL,40739,0,NULL,1,0,0,1),(3369,NULL,'2095-05',2095,5,'2095-05-01','2095-05-31',NULL,NULL,40739,0,NULL,1,0,0,1),(3370,NULL,'2095-06',2095,6,'2095-06-01','2095-06-30',NULL,NULL,40739,0,NULL,1,0,0,1),(3371,NULL,'2095-07',2095,7,'2095-07-01','2095-07-31',NULL,NULL,40739,0,NULL,1,0,0,1),(3372,NULL,'2095-08',2095,8,'2095-08-01','2095-08-31',NULL,NULL,40739,0,NULL,1,0,0,1),(3373,NULL,'2095-09',2095,9,'2095-09-01','2095-09-30',NULL,NULL,40739,0,NULL,1,0,0,1),(3374,NULL,'2095-10',2095,10,'2095-10-01','2095-10-31',NULL,NULL,40739,0,NULL,1,0,0,1),(3375,NULL,'2095-11',2095,11,'2095-11-01','2095-11-30',NULL,NULL,40739,0,NULL,1,0,0,1),(3376,NULL,'2095-12',2095,12,'2095-12-01','2095-12-31',NULL,NULL,40739,0,NULL,1,0,0,1),(3380,NULL,'2096-01',2096,1,'2096-01-01','2096-01-31',NULL,NULL,40739,0,NULL,1,0,0,1),(3381,NULL,'2096-02',2096,2,'2096-02-01','2096-02-28',NULL,NULL,40739,0,NULL,1,0,0,1),(3382,NULL,'2096-03',2096,3,'2096-03-01','2096-03-31',NULL,NULL,40739,0,NULL,1,0,0,1),(3383,NULL,'2096-04',2096,4,'2096-04-01','2096-04-30',NULL,NULL,40739,0,NULL,1,0,0,1),(3384,NULL,'2096-05',2096,5,'2096-05-01','2096-05-31',NULL,NULL,40739,0,NULL,1,0,0,1),(3385,NULL,'2096-06',2096,6,'2096-06-01','2096-06-30',NULL,NULL,40739,0,NULL,1,0,0,1),(3386,NULL,'2096-07',2096,7,'2096-07-01','2096-07-31',NULL,NULL,40739,0,NULL,1,0,0,1),(3387,NULL,'2096-08',2096,8,'2096-08-01','2096-08-31',NULL,NULL,40739,0,NULL,1,0,0,1),(3388,NULL,'2096-09',2096,9,'2096-09-01','2096-09-30',NULL,NULL,40739,0,NULL,1,0,0,1),(3389,NULL,'2096-10',2096,10,'2096-10-01','2096-10-31',NULL,NULL,40739,0,NULL,1,0,0,1),(3390,NULL,'2096-11',2096,11,'2096-11-01','2096-11-30',NULL,NULL,40739,0,NULL,1,0,0,1),(3391,NULL,'2096-12',2096,12,'2096-12-01','2096-12-31',NULL,NULL,40739,0,NULL,1,0,0,1),(3395,NULL,'2097-01',2097,1,'2097-01-01','2097-01-31',NULL,NULL,40739,0,NULL,1,0,0,1),(3396,NULL,'2097-02',2097,2,'2097-02-01','2097-02-28',NULL,NULL,40739,0,NULL,1,0,0,1),(3397,NULL,'2097-03',2097,3,'2097-03-01','2097-03-31',NULL,NULL,40739,0,NULL,1,0,0,1),(3398,NULL,'2097-04',2097,4,'2097-04-01','2097-04-30',NULL,NULL,40739,0,NULL,1,0,0,1),(3399,NULL,'2097-05',2097,5,'2097-05-01','2097-05-31',NULL,NULL,40739,0,NULL,1,0,0,1),(3400,NULL,'2097-06',2097,6,'2097-06-01','2097-06-30',NULL,NULL,40739,0,NULL,1,0,0,1),(3401,NULL,'2097-07',2097,7,'2097-07-01','2097-07-31',NULL,NULL,40739,0,NULL,1,0,0,1),(3402,NULL,'2097-08',2097,8,'2097-08-01','2097-08-31',NULL,NULL,40739,0,NULL,1,0,0,1),(3403,NULL,'2097-09',2097,9,'2097-09-01','2097-09-30',NULL,NULL,40739,0,NULL,1,0,0,1),(3404,NULL,'2097-10',2097,10,'2097-10-01','2097-10-31',NULL,NULL,40739,0,NULL,1,0,0,1),(3405,NULL,'2097-11',2097,11,'2097-11-01','2097-11-30',NULL,NULL,40739,0,NULL,1,0,0,1),(3406,NULL,'2097-12',2097,12,'2097-12-01','2097-12-31',NULL,NULL,40739,0,NULL,1,0,0,1),(3410,NULL,'2098-01',2098,1,'2098-01-01','2098-01-31',NULL,NULL,40739,0,NULL,1,0,0,1),(3411,NULL,'2098-02',2098,2,'2098-02-01','2098-02-28',NULL,NULL,40739,0,NULL,1,0,0,1),(3412,NULL,'2098-03',2098,3,'2098-03-01','2098-03-31',NULL,NULL,40739,0,NULL,1,0,0,1),(3413,NULL,'2098-04',2098,4,'2098-04-01','2098-04-30',NULL,NULL,40739,0,NULL,1,0,0,1),(3414,NULL,'2098-05',2098,5,'2098-05-01','2098-05-31',NULL,NULL,40739,0,NULL,1,0,0,1),(3415,NULL,'2098-06',2098,6,'2098-06-01','2098-06-30',NULL,NULL,40739,0,NULL,1,0,0,1),(3416,NULL,'2098-07',2098,7,'2098-07-01','2098-07-31',NULL,NULL,40739,0,NULL,1,0,0,1),(3417,NULL,'2098-08',2098,8,'2098-08-01','2098-08-31',NULL,NULL,40739,0,NULL,1,0,0,1),(3418,NULL,'2098-09',2098,9,'2098-09-01','2098-09-30',NULL,NULL,40739,0,NULL,1,0,0,1),(3419,NULL,'2098-10',2098,10,'2098-10-01','2098-10-31',NULL,NULL,40739,0,NULL,1,0,0,1);
INSERT INTO `periods` VALUES (3420,NULL,'2098-11',2098,11,'2098-11-01','2098-11-30',NULL,NULL,40739,0,NULL,1,0,0,1),(3421,NULL,'2098-12',2098,12,'2098-12-01','2098-12-31',NULL,NULL,40739,0,NULL,1,0,0,1),(3425,NULL,'2099-01',2099,1,'2099-01-01','2099-01-31',NULL,NULL,40739,0,NULL,1,0,0,1),(3426,NULL,'2099-02',2099,2,'2099-02-01','2099-02-28',NULL,NULL,40739,0,NULL,1,0,0,1),(3427,NULL,'2099-03',2099,3,'2099-03-01','2099-03-31',NULL,NULL,40739,0,NULL,1,0,0,1),(3428,NULL,'2099-04',2099,4,'2099-04-01','2099-04-30',NULL,NULL,40739,0,NULL,1,0,0,1),(3429,NULL,'2099-05',2099,5,'2099-05-01','2099-05-31',NULL,NULL,40739,0,NULL,1,0,0,1),(3430,NULL,'2099-06',2099,6,'2099-06-01','2099-06-30',NULL,NULL,40739,0,NULL,1,0,0,1),(3431,NULL,'2099-07',2099,7,'2099-07-01','2099-07-31',NULL,NULL,40739,0,NULL,1,0,0,1),(3432,NULL,'2099-08',2099,8,'2099-08-01','2099-08-31',NULL,NULL,40739,0,NULL,1,0,0,1),(3433,NULL,'2099-09',2099,9,'2099-09-01','2099-09-30',NULL,NULL,40739,0,NULL,1,0,0,1),(3434,NULL,'2099-10',2099,10,'2099-10-01','2099-10-31',NULL,NULL,40739,0,NULL,1,0,0,1),(3435,NULL,'2099-11',2099,11,'2099-11-01','2099-11-30',NULL,NULL,40739,0,NULL,1,0,0,1),(3436,NULL,'2099-12',2099,12,'2099-12-01','2099-12-31',NULL,NULL,40739,0,NULL,1,0,0,1),(3440,NULL,'2100-01',2100,1,'2100-01-01','2100-01-31',NULL,NULL,40739,0,NULL,1,0,0,1),(3441,NULL,'2100-02',2100,2,'2100-02-01','2100-02-28',NULL,NULL,40739,0,NULL,1,0,0,1),(3442,NULL,'2100-03',2100,3,'2100-03-01','2100-03-31',NULL,NULL,40739,0,NULL,1,0,0,1),(3443,NULL,'2100-04',2100,4,'2100-04-01','2100-04-30',NULL,NULL,40739,0,NULL,1,0,0,1),(3444,NULL,'2100-05',2100,5,'2100-05-01','2100-05-31',NULL,NULL,40739,0,NULL,1,0,0,1),(3445,NULL,'2100-06',2100,6,'2100-06-01','2100-06-30',NULL,NULL,40739,0,NULL,1,0,0,1),(3446,NULL,'2100-07',2100,7,'2100-07-01','2100-07-31',NULL,NULL,40739,0,NULL,1,0,0,1),(3447,NULL,'2100-08',2100,8,'2100-08-01','2100-08-31',NULL,NULL,40739,0,NULL,1,0,0,1),(3448,NULL,'2100-09',2100,9,'2100-09-01','2100-09-30',NULL,NULL,40739,0,NULL,1,0,0,1),(3449,NULL,'2100-10',2100,10,'2100-10-01','2100-10-31',NULL,NULL,40739,0,NULL,1,0,0,1),(3450,NULL,'2100-11',2100,11,'2100-11-01','2100-11-30',NULL,NULL,40739,0,NULL,1,0,0,1),(3451,NULL,'2100-12',2100,12,'2100-12-01','2100-12-31',NULL,NULL,40739,0,NULL,1,0,0,1),(3455,NULL,'2101-01',2101,1,'2101-01-01','2101-01-31',NULL,NULL,40739,0,NULL,1,0,0,1),(3456,NULL,'2101-02',2101,2,'2101-02-01','2101-02-28',NULL,NULL,40739,0,NULL,1,0,0,1),(3457,NULL,'2101-03',2101,3,'2101-03-01','2101-03-31',NULL,NULL,40739,0,NULL,1,0,0,1),(3458,NULL,'2101-04',2101,4,'2101-04-01','2101-04-30',NULL,NULL,40739,0,NULL,1,0,0,1),(3459,NULL,'2101-05',2101,5,'2101-05-01','2101-05-31',NULL,NULL,40739,0,NULL,1,0,0,1),(3460,NULL,'2101-06',2101,6,'2101-06-01','2101-06-30',NULL,NULL,40739,0,NULL,1,0,0,1),(3461,NULL,'2101-07',2101,7,'2101-07-01','2101-07-31',NULL,NULL,40739,0,NULL,1,0,0,1),(3462,NULL,'2101-08',2101,8,'2101-08-01','2101-08-31',NULL,NULL,40739,0,NULL,1,0,0,1),(3463,NULL,'2101-09',2101,9,'2101-09-01','2101-09-30',NULL,NULL,40739,0,NULL,1,0,0,1),(3464,NULL,'2101-10',2101,10,'2101-10-01','2101-10-31',NULL,NULL,40739,0,NULL,1,0,0,1),(3465,NULL,'2101-11',2101,11,'2101-11-01','2101-11-30',NULL,NULL,40739,0,NULL,1,0,0,1),(3466,NULL,'2101-12',2101,12,'2101-12-01','2101-12-31',NULL,NULL,40739,0,NULL,1,0,0,1),(3470,NULL,'2102-01',2102,1,'2102-01-01','2102-01-31',NULL,NULL,40739,0,NULL,1,0,0,1),(3471,NULL,'2102-02',2102,2,'2102-02-01','2102-02-28',NULL,NULL,40739,0,NULL,1,0,0,1),(3472,NULL,'2102-03',2102,3,'2102-03-01','2102-03-31',NULL,NULL,40739,0,NULL,1,0,0,1),(3473,NULL,'2102-04',2102,4,'2102-04-01','2102-04-30',NULL,NULL,40739,0,NULL,1,0,0,1),(3474,NULL,'2102-05',2102,5,'2102-05-01','2102-05-31',NULL,NULL,40739,0,NULL,1,0,0,1),(3475,NULL,'2102-06',2102,6,'2102-06-01','2102-06-30',NULL,NULL,40739,0,NULL,1,0,0,1),(3476,NULL,'2102-07',2102,7,'2102-07-01','2102-07-31',NULL,NULL,40739,0,NULL,1,0,0,1),(3477,NULL,'2102-08',2102,8,'2102-08-01','2102-08-31',NULL,NULL,40739,0,NULL,1,0,0,1);
INSERT INTO `periods` VALUES (3478,NULL,'2102-09',2102,9,'2102-09-01','2102-09-30',NULL,NULL,40739,0,NULL,1,0,0,1),(3479,NULL,'2102-10',2102,10,'2102-10-01','2102-10-31',NULL,NULL,40739,0,NULL,1,0,0,1),(3480,NULL,'2102-11',2102,11,'2102-11-01','2102-11-30',NULL,NULL,40739,0,NULL,1,0,0,1),(3481,NULL,'2102-12',2102,12,'2102-12-01','2102-12-31',NULL,NULL,40739,0,NULL,1,0,0,1),(3485,NULL,'2103-01',2103,1,'2103-01-01','2103-01-31',NULL,NULL,40739,0,NULL,1,0,0,1),(3486,NULL,'2103-02',2103,2,'2103-02-01','2103-02-28',NULL,NULL,40739,0,NULL,1,0,0,1),(3487,NULL,'2103-03',2103,3,'2103-03-01','2103-03-31',NULL,NULL,40739,0,NULL,1,0,0,1),(3488,NULL,'2103-04',2103,4,'2103-04-01','2103-04-30',NULL,NULL,40739,0,NULL,1,0,0,1),(3489,NULL,'2103-05',2103,5,'2103-05-01','2103-05-31',NULL,NULL,40739,0,NULL,1,0,0,1),(3490,NULL,'2103-06',2103,6,'2103-06-01','2103-06-30',NULL,NULL,40739,0,NULL,1,0,0,1),(3491,NULL,'2103-07',2103,7,'2103-07-01','2103-07-31',NULL,NULL,40739,0,NULL,1,0,0,1),(3492,NULL,'2103-08',2103,8,'2103-08-01','2103-08-31',NULL,NULL,40739,0,NULL,1,0,0,1),(3493,NULL,'2103-09',2103,9,'2103-09-01','2103-09-30',NULL,NULL,40739,0,NULL,1,0,0,1),(3494,NULL,'2103-10',2103,10,'2103-10-01','2103-10-31',NULL,NULL,40739,0,NULL,1,0,0,1),(3495,NULL,'2103-11',2103,11,'2103-11-01','2103-11-30',NULL,NULL,40739,0,NULL,1,0,0,1),(3496,NULL,'2103-12',2103,12,'2103-12-01','2103-12-31',NULL,NULL,40739,0,NULL,1,0,0,1),(3500,NULL,'2104-01',2104,1,'2104-01-01','2104-01-31',NULL,NULL,40739,0,NULL,1,0,0,1),(3501,NULL,'2104-02',2104,2,'2104-02-01','2104-02-28',NULL,NULL,40739,0,NULL,1,0,0,1),(3502,NULL,'2104-03',2104,3,'2104-03-01','2104-03-31',NULL,NULL,40739,0,NULL,1,0,0,1),(3503,NULL,'2104-04',2104,4,'2104-04-01','2104-04-30',NULL,NULL,40739,0,NULL,1,0,0,1),(3504,NULL,'2104-05',2104,5,'2104-05-01','2104-05-31',NULL,NULL,40739,0,NULL,1,0,0,1),(3505,NULL,'2104-06',2104,6,'2104-06-01','2104-06-30',NULL,NULL,40739,0,NULL,1,0,0,1),(3506,NULL,'2104-07',2104,7,'2104-07-01','2104-07-31',NULL,NULL,40739,0,NULL,1,0,0,1),(3507,NULL,'2104-08',2104,8,'2104-08-01','2104-08-31',NULL,NULL,40739,0,NULL,1,0,0,1),(3508,NULL,'2104-09',2104,9,'2104-09-01','2104-09-30',NULL,NULL,40739,0,NULL,1,0,0,1),(3509,NULL,'2104-10',2104,10,'2104-10-01','2104-10-31',NULL,NULL,40739,0,NULL,1,0,0,1),(3510,NULL,'2104-11',2104,11,'2104-11-01','2104-11-30',NULL,NULL,40739,0,NULL,1,0,0,1),(3511,NULL,'2104-12',2104,12,'2104-12-01','2104-12-31',NULL,NULL,40739,0,NULL,1,0,0,1),(3515,NULL,'2105-01',2105,1,'2105-01-01','2105-01-31',NULL,NULL,40739,0,NULL,1,0,0,1),(3516,NULL,'2105-02',2105,2,'2105-02-01','2105-02-28',NULL,NULL,40739,0,NULL,1,0,0,1),(3517,NULL,'2105-03',2105,3,'2105-03-01','2105-03-31',NULL,NULL,40739,0,NULL,1,0,0,1),(3518,NULL,'2105-04',2105,4,'2105-04-01','2105-04-30',NULL,NULL,40739,0,NULL,1,0,0,1),(3519,NULL,'2105-05',2105,5,'2105-05-01','2105-05-31',NULL,NULL,40739,0,NULL,1,0,0,1),(3520,NULL,'2105-06',2105,6,'2105-06-01','2105-06-30',NULL,NULL,40739,0,NULL,1,0,0,1),(3521,NULL,'2105-07',2105,7,'2105-07-01','2105-07-31',NULL,NULL,40739,0,NULL,1,0,0,1),(3522,NULL,'2105-08',2105,8,'2105-08-01','2105-08-31',NULL,NULL,40739,0,NULL,1,0,0,1),(3523,NULL,'2105-09',2105,9,'2105-09-01','2105-09-30',NULL,NULL,40739,0,NULL,1,0,0,1),(3524,NULL,'2105-10',2105,10,'2105-10-01','2105-10-31',NULL,NULL,40739,0,NULL,1,0,0,1),(3525,NULL,'2105-11',2105,11,'2105-11-01','2105-11-30',NULL,NULL,40739,0,NULL,1,0,0,1),(3526,NULL,'2105-12',2105,12,'2105-12-01','2105-12-31',NULL,NULL,40739,0,NULL,1,0,0,1),(3530,NULL,'2106-01',2106,1,'2106-01-01','2106-01-31',NULL,NULL,40739,0,NULL,1,0,0,1),(3531,NULL,'2106-02',2106,2,'2106-02-01','2106-02-28',NULL,NULL,40739,0,NULL,1,0,0,1),(3532,NULL,'2106-03',2106,3,'2106-03-01','2106-03-31',NULL,NULL,40739,0,NULL,1,0,0,1),(3533,NULL,'2106-04',2106,4,'2106-04-01','2106-04-30',NULL,NULL,40739,0,NULL,1,0,0,1),(3534,NULL,'2106-05',2106,5,'2106-05-01','2106-05-31',NULL,NULL,40739,0,NULL,1,0,0,1),(3535,NULL,'2106-06',2106,6,'2106-06-01','2106-06-30',NULL,NULL,40739,0,NULL,1,0,0,1);
INSERT INTO `periods` VALUES (3536,NULL,'2106-07',2106,7,'2106-07-01','2106-07-31',NULL,NULL,40739,0,NULL,1,0,0,1),(3537,NULL,'2106-08',2106,8,'2106-08-01','2106-08-31',NULL,NULL,40739,0,NULL,1,0,0,1),(3538,NULL,'2106-09',2106,9,'2106-09-01','2106-09-30',NULL,NULL,40739,0,NULL,1,0,0,1),(3539,NULL,'2106-10',2106,10,'2106-10-01','2106-10-31',NULL,NULL,40739,0,NULL,1,0,0,1),(3540,NULL,'2106-11',2106,11,'2106-11-01','2106-11-30',NULL,NULL,40739,0,NULL,1,0,0,1),(3541,NULL,'2106-12',2106,12,'2106-12-01','2106-12-31',NULL,NULL,40739,0,NULL,1,0,0,1),(3545,NULL,'2107-01',2107,1,'2107-01-01','2107-01-31',NULL,NULL,40739,0,NULL,1,0,0,1),(3546,NULL,'2107-02',2107,2,'2107-02-01','2107-02-28',NULL,NULL,40739,0,NULL,1,0,0,1),(3547,NULL,'2107-03',2107,3,'2107-03-01','2107-03-31',NULL,NULL,40739,0,NULL,1,0,0,1),(3548,NULL,'2107-04',2107,4,'2107-04-01','2107-04-30',NULL,NULL,40739,0,NULL,1,0,0,1),(3549,NULL,'2107-05',2107,5,'2107-05-01','2107-05-31',NULL,NULL,40739,0,NULL,1,0,0,1),(3550,NULL,'2107-06',2107,6,'2107-06-01','2107-06-30',NULL,NULL,40739,0,NULL,1,0,0,1),(3551,NULL,'2107-07',2107,7,'2107-07-01','2107-07-31',NULL,NULL,40739,0,NULL,1,0,0,1),(3552,NULL,'2107-08',2107,8,'2107-08-01','2107-08-31',NULL,NULL,40739,0,NULL,1,0,0,1),(3553,NULL,'2107-09',2107,9,'2107-09-01','2107-09-30',NULL,NULL,40739,0,NULL,1,0,0,1),(3554,NULL,'2107-10',2107,10,'2107-10-01','2107-10-31',NULL,NULL,40739,0,NULL,1,0,0,1),(3555,NULL,'2107-11',2107,11,'2107-11-01','2107-11-30',NULL,NULL,40739,0,NULL,1,0,0,1),(3556,NULL,'2107-12',2107,12,'2107-12-01','2107-12-31',NULL,NULL,40739,0,NULL,1,0,0,1),(3560,NULL,'2108-01',2108,1,'2108-01-01','2108-01-31',NULL,NULL,40739,0,NULL,1,0,0,1),(3561,NULL,'2108-02',2108,2,'2108-02-01','2108-02-28',NULL,NULL,40739,0,NULL,1,0,0,1),(3562,NULL,'2108-03',2108,3,'2108-03-01','2108-03-31',NULL,NULL,40739,0,NULL,1,0,0,1),(3563,NULL,'2108-04',2108,4,'2108-04-01','2108-04-30',NULL,NULL,40739,0,NULL,1,0,0,1),(3564,NULL,'2108-05',2108,5,'2108-05-01','2108-05-31',NULL,NULL,40739,0,NULL,1,0,0,1),(3565,NULL,'2108-06',2108,6,'2108-06-01','2108-06-30',NULL,NULL,40739,0,NULL,1,0,0,1),(3566,NULL,'2108-07',2108,7,'2108-07-01','2108-07-31',NULL,NULL,40739,0,NULL,1,0,0,1),(3567,NULL,'2108-08',2108,8,'2108-08-01','2108-08-31',NULL,NULL,40739,0,NULL,1,0,0,1),(3568,NULL,'2108-09',2108,9,'2108-09-01','2108-09-30',NULL,NULL,40739,0,NULL,1,0,0,1),(3569,NULL,'2108-10',2108,10,'2108-10-01','2108-10-31',NULL,NULL,40739,0,NULL,1,0,0,1),(3570,NULL,'2108-11',2108,11,'2108-11-01','2108-11-30',NULL,NULL,40739,0,NULL,1,0,0,1),(3571,NULL,'2108-12',2108,12,'2108-12-01','2108-12-31',NULL,NULL,40739,0,NULL,1,0,0,1),(3575,NULL,'2109-01',2109,1,'2109-01-01','2109-01-31',NULL,NULL,40739,0,NULL,1,0,0,1),(3576,NULL,'2109-02',2109,2,'2109-02-01','2109-02-28',NULL,NULL,40739,0,NULL,1,0,0,1),(3577,NULL,'2109-03',2109,3,'2109-03-01','2109-03-31',NULL,NULL,40739,0,NULL,1,0,0,1),(3578,NULL,'2109-04',2109,4,'2109-04-01','2109-04-30',NULL,NULL,40739,0,NULL,1,0,0,1),(3579,NULL,'2109-05',2109,5,'2109-05-01','2109-05-31',NULL,NULL,40739,0,NULL,1,0,0,1),(3580,NULL,'2109-06',2109,6,'2109-06-01','2109-06-30',NULL,NULL,40739,0,NULL,1,0,0,1),(3581,NULL,'2109-07',2109,7,'2109-07-01','2109-07-31',NULL,NULL,40739,0,NULL,1,0,0,1),(3582,NULL,'2109-08',2109,8,'2109-08-01','2109-08-31',NULL,NULL,40739,0,NULL,1,0,0,1),(3583,NULL,'2109-09',2109,9,'2109-09-01','2109-09-30',NULL,NULL,40739,0,NULL,1,0,0,1),(3584,NULL,'2109-10',2109,10,'2109-10-01','2109-10-31',NULL,NULL,40739,0,NULL,1,0,0,1),(3585,NULL,'2109-11',2109,11,'2109-11-01','2109-11-30',NULL,NULL,40739,0,NULL,1,0,0,1),(3586,NULL,'2109-12',2109,12,'2109-12-01','2109-12-31',NULL,NULL,40739,0,NULL,1,0,0,1),(3590,NULL,'2110-01',2110,1,'2110-01-01','2110-01-31',NULL,NULL,40739,0,NULL,1,0,0,1),(3591,NULL,'2110-02',2110,2,'2110-02-01','2110-02-28',NULL,NULL,40739,0,NULL,1,0,0,1),(3592,NULL,'2110-03',2110,3,'2110-03-01','2110-03-31',NULL,NULL,40739,0,NULL,1,0,0,1),(3593,NULL,'2110-04',2110,4,'2110-04-01','2110-04-30',NULL,NULL,40739,0,NULL,1,0,0,1);
INSERT INTO `periods` VALUES (3594,NULL,'2110-05',2110,5,'2110-05-01','2110-05-31',NULL,NULL,40739,0,NULL,1,0,0,1),(3595,NULL,'2110-06',2110,6,'2110-06-01','2110-06-30',NULL,NULL,40739,0,NULL,1,0,0,1),(3596,NULL,'2110-07',2110,7,'2110-07-01','2110-07-31',NULL,NULL,40739,0,NULL,1,0,0,1),(3597,NULL,'2110-08',2110,8,'2110-08-01','2110-08-31',NULL,NULL,40739,0,NULL,1,0,0,1),(3598,NULL,'2110-09',2110,9,'2110-09-01','2110-09-30',NULL,NULL,40739,0,NULL,1,0,0,1),(3599,NULL,'2110-10',2110,10,'2110-10-01','2110-10-31',NULL,NULL,40739,0,NULL,1,0,0,1),(3600,NULL,'2110-11',2110,11,'2110-11-01','2110-11-30',NULL,NULL,40739,0,NULL,1,0,0,1),(3601,NULL,'2110-12',2110,12,'2110-12-01','2110-12-31',NULL,NULL,40739,0,NULL,1,0,0,1),(3605,NULL,'2111-01',2111,1,'2111-01-01','2111-01-31',NULL,NULL,40739,0,NULL,1,0,0,1),(3606,NULL,'2111-02',2111,2,'2111-02-01','2111-02-28',NULL,NULL,40739,0,NULL,1,0,0,1),(3607,NULL,'2111-03',2111,3,'2111-03-01','2111-03-31',NULL,NULL,40739,0,NULL,1,0,0,1),(3608,NULL,'2111-04',2111,4,'2111-04-01','2111-04-30',NULL,NULL,40739,0,NULL,1,0,0,1),(3609,NULL,'2111-05',2111,5,'2111-05-01','2111-05-31',NULL,NULL,40739,0,NULL,1,0,0,1),(3610,NULL,'2111-06',2111,6,'2111-06-01','2111-06-30',NULL,NULL,40739,0,NULL,1,0,0,1),(3611,NULL,'2111-07',2111,7,'2111-07-01','2111-07-31',NULL,NULL,40739,0,NULL,1,0,0,1),(3612,NULL,'2111-08',2111,8,'2111-08-01','2111-08-31',NULL,NULL,40739,0,NULL,1,0,0,1),(3613,NULL,'2111-09',2111,9,'2111-09-01','2111-09-30',NULL,NULL,40739,0,NULL,1,0,0,1),(3614,NULL,'2111-10',2111,10,'2111-10-01','2111-10-31',NULL,NULL,40739,0,NULL,1,0,0,1),(3615,NULL,'2111-11',2111,11,'2111-11-01','2111-11-30',NULL,NULL,40739,0,NULL,1,0,0,1),(3616,NULL,'2111-12',2111,12,'2111-12-01','2111-12-31',NULL,NULL,40739,0,NULL,1,0,0,1),(3620,NULL,'2112-01',2112,1,'2112-01-01','2112-01-31',NULL,NULL,40739,0,NULL,1,0,0,1),(3621,NULL,'2112-02',2112,2,'2112-02-01','2112-02-28',NULL,NULL,40739,0,NULL,1,0,0,1),(3622,NULL,'2112-03',2112,3,'2112-03-01','2112-03-31',NULL,NULL,40739,0,NULL,1,0,0,1),(3623,NULL,'2112-04',2112,4,'2112-04-01','2112-04-30',NULL,NULL,40739,0,NULL,1,0,0,1),(3624,NULL,'2112-05',2112,5,'2112-05-01','2112-05-31',NULL,NULL,40739,0,NULL,1,0,0,1),(3625,NULL,'2112-06',2112,6,'2112-06-01','2112-06-30',NULL,NULL,40739,0,NULL,1,0,0,1),(3626,NULL,'2112-07',2112,7,'2112-07-01','2112-07-31',NULL,NULL,40739,0,NULL,1,0,0,1),(3627,NULL,'2112-08',2112,8,'2112-08-01','2112-08-31',NULL,NULL,40739,0,NULL,1,0,0,1),(3628,NULL,'2112-09',2112,9,'2112-09-01','2112-09-30',NULL,NULL,40739,0,NULL,1,0,0,1),(3629,NULL,'2112-10',2112,10,'2112-10-01','2112-10-31',NULL,NULL,40739,0,NULL,1,0,0,1),(3630,NULL,'2112-11',2112,11,'2112-11-01','2112-11-30',NULL,NULL,40739,0,NULL,1,0,0,1),(3631,NULL,'2112-12',2112,12,'2112-12-01','2112-12-31',NULL,NULL,40739,0,NULL,1,0,0,1),(3635,NULL,'2113-01',2113,1,'2113-01-01','2113-01-31',NULL,NULL,40739,0,NULL,1,0,0,1),(3636,NULL,'2113-02',2113,2,'2113-02-01','2113-02-28',NULL,NULL,40739,0,NULL,1,0,0,1),(3637,NULL,'2113-03',2113,3,'2113-03-01','2113-03-31',NULL,NULL,40739,0,NULL,1,0,0,1),(3638,NULL,'2113-04',2113,4,'2113-04-01','2113-04-30',NULL,NULL,40739,0,NULL,1,0,0,1),(3639,NULL,'2113-05',2113,5,'2113-05-01','2113-05-31',NULL,NULL,40739,0,NULL,1,0,0,1),(3640,NULL,'2113-06',2113,6,'2113-06-01','2113-06-30',NULL,NULL,40739,0,NULL,1,0,0,1),(3641,NULL,'2113-07',2113,7,'2113-07-01','2113-07-31',NULL,NULL,40739,0,NULL,1,0,0,1),(3642,NULL,'2113-08',2113,8,'2113-08-01','2113-08-31',NULL,NULL,40739,0,NULL,1,0,0,1),(3643,NULL,'2113-09',2113,9,'2113-09-01','2113-09-30',NULL,NULL,40739,0,NULL,1,0,0,1),(3644,NULL,'2113-10',2113,10,'2113-10-01','2113-10-31',NULL,NULL,40739,0,NULL,1,0,0,1),(3645,NULL,'2113-11',2113,11,'2113-11-01','2113-11-30',NULL,NULL,40739,0,NULL,1,0,0,1),(3646,NULL,'2113-12',2113,12,'2113-12-01','2113-12-31',NULL,NULL,40739,0,NULL,1,0,0,1),(3650,NULL,'2114-01',2114,1,'2114-01-01','2114-01-31',NULL,NULL,40739,0,NULL,1,0,0,1),(3651,NULL,'2114-02',2114,2,'2114-02-01','2114-02-28',NULL,NULL,40739,0,NULL,1,0,0,1);
INSERT INTO `periods` VALUES (3652,NULL,'2114-03',2114,3,'2114-03-01','2114-03-31',NULL,NULL,40739,0,NULL,1,0,0,1),(3653,NULL,'2114-04',2114,4,'2114-04-01','2114-04-30',NULL,NULL,40739,0,NULL,1,0,0,1),(3654,NULL,'2114-05',2114,5,'2114-05-01','2114-05-31',NULL,NULL,40739,0,NULL,1,0,0,1),(3655,NULL,'2114-06',2114,6,'2114-06-01','2114-06-30',NULL,NULL,40739,0,NULL,1,0,0,1),(3656,NULL,'2114-07',2114,7,'2114-07-01','2114-07-31',NULL,NULL,40739,0,NULL,1,0,0,1),(3657,NULL,'2114-08',2114,8,'2114-08-01','2114-08-31',NULL,NULL,40739,0,NULL,1,0,0,1),(3658,NULL,'2114-09',2114,9,'2114-09-01','2114-09-30',NULL,NULL,40739,0,NULL,1,0,0,1),(3659,NULL,'2114-10',2114,10,'2114-10-01','2114-10-31',NULL,NULL,40739,0,NULL,1,0,0,1),(3660,NULL,'2114-11',2114,11,'2114-11-01','2114-11-30',NULL,NULL,40739,0,NULL,1,0,0,1),(3661,NULL,'2114-12',2114,12,'2114-12-01','2114-12-31',NULL,NULL,40739,0,NULL,1,0,0,1),(3665,NULL,'2115-01',2115,1,'2115-01-01','2115-01-31',NULL,NULL,40739,0,NULL,1,0,0,1),(3666,NULL,'2115-02',2115,2,'2115-02-01','2115-02-28',NULL,NULL,40739,0,NULL,1,0,0,1),(3667,NULL,'2115-03',2115,3,'2115-03-01','2115-03-31',NULL,NULL,40739,0,NULL,1,0,0,1),(3668,NULL,'2115-04',2115,4,'2115-04-01','2115-04-30',NULL,NULL,40739,0,NULL,1,0,0,1),(3669,NULL,'2115-05',2115,5,'2115-05-01','2115-05-31',NULL,NULL,40739,0,NULL,1,0,0,1),(3670,NULL,'2115-06',2115,6,'2115-06-01','2115-06-30',NULL,NULL,40739,0,NULL,1,0,0,1),(3671,NULL,'2115-07',2115,7,'2115-07-01','2115-07-31',NULL,NULL,40739,0,NULL,1,0,0,1),(3672,NULL,'2115-08',2115,8,'2115-08-01','2115-08-31',NULL,NULL,40739,0,NULL,1,0,0,1),(3673,NULL,'2115-09',2115,9,'2115-09-01','2115-09-30',NULL,NULL,40739,0,NULL,1,0,0,1),(3674,NULL,'2115-10',2115,10,'2115-10-01','2115-10-31',NULL,NULL,40739,0,NULL,1,0,0,1),(3675,NULL,'2115-11',2115,11,'2115-11-01','2115-11-30',NULL,NULL,40739,0,NULL,1,0,0,1),(3676,NULL,'2115-12',2115,12,'2115-12-01','2115-12-31',NULL,NULL,40739,0,NULL,1,0,0,1),(3680,NULL,'2116-01',2116,1,'2116-01-01','2116-01-31',NULL,NULL,40739,0,NULL,1,0,0,1),(3681,NULL,'2116-02',2116,2,'2116-02-01','2116-02-28',NULL,NULL,40739,0,NULL,1,0,0,1),(3682,NULL,'2116-03',2116,3,'2116-03-01','2116-03-31',NULL,NULL,40739,0,NULL,1,0,0,1),(3683,NULL,'2116-04',2116,4,'2116-04-01','2116-04-30',NULL,NULL,40739,0,NULL,1,0,0,1),(3684,NULL,'2116-05',2116,5,'2116-05-01','2116-05-31',NULL,NULL,40739,0,NULL,1,0,0,1),(3685,NULL,'2116-06',2116,6,'2116-06-01','2116-06-30',NULL,NULL,40739,0,NULL,1,0,0,1),(3686,NULL,'2116-07',2116,7,'2116-07-01','2116-07-31',NULL,NULL,40739,0,NULL,1,0,0,1),(3687,NULL,'2116-08',2116,8,'2116-08-01','2116-08-31',NULL,NULL,40739,0,NULL,1,0,0,1),(3688,NULL,'2116-09',2116,9,'2116-09-01','2116-09-30',NULL,NULL,40739,0,NULL,1,0,0,1),(3689,NULL,'2116-10',2116,10,'2116-10-01','2116-10-31',NULL,NULL,40739,0,NULL,1,0,0,1),(3690,NULL,'2116-11',2116,11,'2116-11-01','2116-11-30',NULL,NULL,40739,0,NULL,1,0,0,1),(3691,NULL,'2116-12',2116,12,'2116-12-01','2116-12-31',NULL,NULL,40739,0,NULL,1,0,0,1),(3695,NULL,'2117-01',2117,1,'2117-01-01','2117-01-31',NULL,NULL,40739,0,NULL,1,0,0,1),(3696,NULL,'2117-02',2117,2,'2117-02-01','2117-02-28',NULL,NULL,40739,0,NULL,1,0,0,1),(3697,NULL,'2117-03',2117,3,'2117-03-01','2117-03-31',NULL,NULL,40739,0,NULL,1,0,0,1),(3698,NULL,'2117-04',2117,4,'2117-04-01','2117-04-30',NULL,NULL,40739,0,NULL,1,0,0,1),(3699,NULL,'2117-05',2117,5,'2117-05-01','2117-05-31',NULL,NULL,40739,0,NULL,1,0,0,1),(3700,NULL,'2117-06',2117,6,'2117-06-01','2117-06-30',NULL,NULL,40739,0,NULL,1,0,0,1),(3701,NULL,'2117-07',2117,7,'2117-07-01','2117-07-31',NULL,NULL,40739,0,NULL,1,0,0,1),(3702,NULL,'2117-08',2117,8,'2117-08-01','2117-08-31',NULL,NULL,40739,0,NULL,1,0,0,1),(3703,NULL,'2117-09',2117,9,'2117-09-01','2117-09-30',NULL,NULL,40739,0,NULL,1,0,0,1),(3704,NULL,'2117-10',2117,10,'2117-10-01','2117-10-31',NULL,NULL,40739,0,NULL,1,0,0,1),(3705,NULL,'2117-11',2117,11,'2117-11-01','2117-11-30',NULL,NULL,40739,0,NULL,1,0,0,1),(3706,NULL,'2117-12',2117,12,'2117-12-01','2117-12-31',NULL,NULL,40739,0,NULL,1,0,0,1);
INSERT INTO `periods` VALUES (3710,NULL,'2118-01',2118,1,'2118-01-01','2118-01-31',NULL,NULL,40739,0,NULL,1,0,0,1),(3711,NULL,'2118-02',2118,2,'2118-02-01','2118-02-28',NULL,NULL,40739,0,NULL,1,0,0,1),(3712,NULL,'2118-03',2118,3,'2118-03-01','2118-03-31',NULL,NULL,40739,0,NULL,1,0,0,1),(3713,NULL,'2118-04',2118,4,'2118-04-01','2118-04-30',NULL,NULL,40739,0,NULL,1,0,0,1),(3714,NULL,'2118-05',2118,5,'2118-05-01','2118-05-31',NULL,NULL,40739,0,NULL,1,0,0,1),(3715,NULL,'2118-06',2118,6,'2118-06-01','2118-06-30',NULL,NULL,40739,0,NULL,1,0,0,1),(3716,NULL,'2118-07',2118,7,'2118-07-01','2118-07-31',NULL,NULL,40739,0,NULL,1,0,0,1),(3717,NULL,'2118-08',2118,8,'2118-08-01','2118-08-31',NULL,NULL,40739,0,NULL,1,0,0,1),(3718,NULL,'2118-09',2118,9,'2118-09-01','2118-09-30',NULL,NULL,40739,0,NULL,1,0,0,1),(3719,NULL,'2118-10',2118,10,'2118-10-01','2118-10-31',NULL,NULL,40739,0,NULL,1,0,0,1),(3720,NULL,'2118-11',2118,11,'2118-11-01','2118-11-30',NULL,NULL,40739,0,NULL,1,0,0,1),(3721,NULL,'2118-12',2118,12,'2118-12-01','2118-12-31',NULL,NULL,40739,0,NULL,1,0,0,1),(3725,NULL,'2119-01',2119,1,'2119-01-01','2119-01-31',NULL,NULL,40739,0,NULL,1,0,0,1),(3726,NULL,'2119-02',2119,2,'2119-02-01','2119-02-28',NULL,NULL,40739,0,NULL,1,0,0,1),(3727,NULL,'2119-03',2119,3,'2119-03-01','2119-03-31',NULL,NULL,40739,0,NULL,1,0,0,1),(3728,NULL,'2119-04',2119,4,'2119-04-01','2119-04-30',NULL,NULL,40739,0,NULL,1,0,0,1),(3729,NULL,'2119-05',2119,5,'2119-05-01','2119-05-31',NULL,NULL,40739,0,NULL,1,0,0,1),(3730,NULL,'2119-06',2119,6,'2119-06-01','2119-06-30',NULL,NULL,40739,0,NULL,1,0,0,1),(3731,NULL,'2119-07',2119,7,'2119-07-01','2119-07-31',NULL,NULL,40739,0,NULL,1,0,0,1),(3732,NULL,'2119-08',2119,8,'2119-08-01','2119-08-31',NULL,NULL,40739,0,NULL,1,0,0,1),(3733,NULL,'2119-09',2119,9,'2119-09-01','2119-09-30',NULL,NULL,40739,0,NULL,1,0,0,1),(3734,NULL,'2119-10',2119,10,'2119-10-01','2119-10-31',NULL,NULL,40739,0,NULL,1,0,0,1),(3735,NULL,'2119-11',2119,11,'2119-11-01','2119-11-30',NULL,NULL,40739,0,NULL,1,0,0,1),(3736,NULL,'2119-12',2119,12,'2119-12-01','2119-12-31',NULL,NULL,40739,0,NULL,1,0,0,1),(3740,NULL,'2120-01',2120,1,'2120-01-01','2120-01-31',NULL,NULL,40739,0,NULL,1,0,0,1),(3741,NULL,'2120-02',2120,2,'2120-02-01','2120-02-28',NULL,NULL,40739,0,NULL,1,0,0,1),(3742,NULL,'2120-03',2120,3,'2120-03-01','2120-03-31',NULL,NULL,40739,0,NULL,1,0,0,1),(3743,NULL,'2120-04',2120,4,'2120-04-01','2120-04-30',NULL,NULL,40739,0,NULL,1,0,0,1),(3744,NULL,'2120-05',2120,5,'2120-05-01','2120-05-31',NULL,NULL,40739,0,NULL,1,0,0,1),(3745,NULL,'2120-06',2120,6,'2120-06-01','2120-06-30',NULL,NULL,40739,0,NULL,1,0,0,1),(3746,NULL,'2120-07',2120,7,'2120-07-01','2120-07-31',NULL,NULL,40739,0,NULL,1,0,0,1),(3747,NULL,'2120-08',2120,8,'2120-08-01','2120-08-31',NULL,NULL,40739,0,NULL,1,0,0,1),(3748,NULL,'2120-09',2120,9,'2120-09-01','2120-09-30',NULL,NULL,40739,0,NULL,1,0,0,1),(3749,NULL,'2120-10',2120,10,'2120-10-01','2120-10-31',NULL,NULL,40739,0,NULL,1,0,0,1),(3750,NULL,'2120-11',2120,11,'2120-11-01','2120-11-30',NULL,NULL,40739,0,NULL,1,0,0,1),(3751,NULL,'2120-12',2120,12,'2120-12-01','2120-12-31',NULL,NULL,40739,0,NULL,1,0,0,1),(3755,NULL,'2121-01',2121,1,'2121-01-01','2121-01-31',NULL,NULL,40739,0,NULL,1,0,0,1),(3756,NULL,'2121-02',2121,2,'2121-02-01','2121-02-28',NULL,NULL,40739,0,NULL,1,0,0,1),(3757,NULL,'2121-03',2121,3,'2121-03-01','2121-03-31',NULL,NULL,40739,0,NULL,1,0,0,1),(3758,NULL,'2121-04',2121,4,'2121-04-01','2121-04-30',NULL,NULL,40739,0,NULL,1,0,0,1),(3759,NULL,'2121-05',2121,5,'2121-05-01','2121-05-31',NULL,NULL,40739,0,NULL,1,0,0,1),(3760,NULL,'2121-06',2121,6,'2121-06-01','2121-06-30',NULL,NULL,40739,0,NULL,1,0,0,1),(3761,NULL,'2121-07',2121,7,'2121-07-01','2121-07-31',NULL,NULL,40739,0,NULL,1,0,0,1),(3762,NULL,'2121-08',2121,8,'2121-08-01','2121-08-31',NULL,NULL,40739,0,NULL,1,0,0,1),(3763,NULL,'2121-09',2121,9,'2121-09-01','2121-09-30',NULL,NULL,40739,0,NULL,1,0,0,1),(3764,NULL,'2121-10',2121,10,'2121-10-01','2121-10-31',NULL,NULL,40739,0,NULL,1,0,0,1);
INSERT INTO `periods` VALUES (3765,NULL,'2121-11',2121,11,'2121-11-01','2121-11-30',NULL,NULL,40739,0,NULL,1,0,0,1),(3766,NULL,'2121-12',2121,12,'2121-12-01','2121-12-31',NULL,NULL,40739,0,NULL,1,0,0,1);

--
-- Table structure for table `person_activities`
--

CREATE TABLE `person_activities` (
  `id` int(10) unsigned NOT NULL AUTO_INCREMENT,
  `user_id` int(10) unsigned DEFAULT NULL,
  `person_id` int(10) unsigned NOT NULL,
  `activity_id` int(10) unsigned NOT NULL,
  `is_principal` tinyint(1) NOT NULL DEFAULT '0',
  `created_at` timestamp NULL DEFAULT NULL,
  `updated_at` timestamp NULL DEFAULT NULL,
  `deleted_at` timestamp NULL DEFAULT NULL,
  PRIMARY KEY (`id`),
  KEY `person_activities_person_id_foreign` (`person_id`),
  KEY `person_activities_activity_id_foreign` (`activity_id`),
  CONSTRAINT `person_activities_activity_id_foreign` FOREIGN KEY (`activity_id`) REFERENCES `activities` (`id`),
  CONSTRAINT `person_activities_person_id_foreign` FOREIGN KEY (`person_id`) REFERENCES `persons` (`id`)
) ENGINE=InnoDB AUTO_INCREMENT=29 DEFAULT CHARSET=utf8mb4 COLLATE=utf8mb4_unicode_ci;

--
-- Dumping data for table `person_activities`
--

INSERT INTO `person_activities` VALUES (20,5508,40735,640,1,'2021-08-28 12:46:11','2021-08-28 12:46:11',NULL),(25,5508,40739,879,1,'2021-08-29 11:06:27','2021-08-29 11:06:27',NULL),(26,5508,40719,580,1,'2021-08-29 20:31:30','2021-08-29 20:31:30',NULL),(27,5508,40719,855,0,'2021-08-29 20:31:30','2021-08-29 20:31:30',NULL),(28,5508,40719,796,0,'2021-08-29 20:31:30','2021-08-29 20:31:30',NULL);

--
-- Table structure for table `person_configurations`
--

CREATE TABLE `person_configurations` (
  `id` int(10) unsigned NOT NULL AUTO_INCREMENT,
  `user_id` int(10) unsigned DEFAULT NULL,
  `person_id` int(10) unsigned NOT NULL,
  `period_id` int(10) unsigned DEFAULT NULL,
  `zone_id` int(10) unsigned DEFAULT NULL,
  `settle_calc_by_coef` int(11) NOT NULL DEFAULT '0',
  `created_at` timestamp NULL DEFAULT NULL,
  `updated_at` timestamp NULL DEFAULT NULL,
  `active` int(10) unsigned DEFAULT NULL,
  `enviarMail` int(11) DEFAULT '1',
  `honorario` decimal(16,2) DEFAULT '0.00',
  `cta_cte_tesoreria_cuenta_id` int(10) unsigned DEFAULT NULL,
  `month_close` int(10) unsigned DEFAULT NULL,
  `iva_condition_id` int(10) unsigned DEFAULT NULL,
  `obligation_sell` int(10) unsigned DEFAULT NULL,
  `obligation_buy` int(10) unsigned DEFAULT NULL,
  `obligation_iva` int(10) unsigned DEFAULT NULL,
  `obligation_electronic_receipt` int(10) unsigned DEFAULT NULL,
  `obligation_iibb` int(10) unsigned DEFAULT NULL,
  `obligation_other_taxes` int(10) unsigned DEFAULT NULL,
  `liquidation_start_period` varchar(7) COLLATE utf8mb4_unicode_ci DEFAULT NULL,
  `obligation_salaries` int(10) unsigned DEFAULT NULL,
  `empleada_domestica` tinyint(1) NOT NULL DEFAULT '0',
  `prorratear_iva` tinyint(1) NOT NULL DEFAULT '0',
  `is_itc` tinyint(1) NOT NULL DEFAULT '0',
  `priority_order` int(10) unsigned DEFAULT NULL,
  `person_id_administrador` int(11) DEFAULT NULL,
  `person_id_titular` int(11) DEFAULT NULL,
  `logo_path` varchar(180) COLLATE utf8mb4_unicode_ci DEFAULT NULL,
  `certificado_afip_path` varchar(180) COLLATE utf8mb4_unicode_ci DEFAULT NULL,
  `llave_afip_path` varchar(180) COLLATE utf8mb4_unicode_ci DEFAULT NULL,
  `access_electronic_receipt` int(10) unsigned DEFAULT '0',
  `ruta_logo_fa` varchar(100) COLLATE utf8mb4_unicode_ci DEFAULT NULL,
  `inicio_actividades` date DEFAULT NULL,
  `iibb` varchar(191) COLLATE utf8mb4_unicode_ci DEFAULT NULL,
  `fe_leyenda` varchar(191) COLLATE utf8mb4_unicode_ci DEFAULT NULL,
  `atencion_iva` tinyint(1) NOT NULL DEFAULT '0',
  `atencion_iva_comentario` varchar(191) COLLATE utf8mb4_unicode_ci DEFAULT NULL,
  `atencion_iibb` tinyint(1) NOT NULL DEFAULT '0',
  `atencion_iibb_comentario` varchar(191) COLLATE utf8mb4_unicode_ci DEFAULT NULL,
  `deleted_at` timestamp NULL DEFAULT NULL,
  PRIMARY KEY (`id`),
  KEY `person_configurations_person_id_foreign` (`person_id`),
  KEY `person_configurations_period_id_foreign` (`period_id`),
  KEY `person_configurations_zone_id_foreign` (`zone_id`),
  KEY `person_configurations_iva_condition_id_foreign` (`iva_condition_id`),
  KEY `person_configurations_cta_cte_tesoreria_cuenta_id_foreign` (`cta_cte_tesoreria_cuenta_id`),
  CONSTRAINT `person_configurations_cta_cte_tesoreria_cuenta_id_foreign` FOREIGN KEY (`cta_cte_tesoreria_cuenta_id`) REFERENCES `cta_cte_tesoreria_cuentas` (`id`),
  CONSTRAINT `person_configurations_iva_condition_id_foreign` FOREIGN KEY (`iva_condition_id`) REFERENCES `iva_conditions` (`id`),
  CONSTRAINT `person_configurations_period_id_foreign` FOREIGN KEY (`period_id`) REFERENCES `periods` (`id`),
  CONSTRAINT `person_configurations_person_id_foreign` FOREIGN KEY (`person_id`) REFERENCES `persons` (`id`),
  CONSTRAINT `person_configurations_zone_id_foreign` FOREIGN KEY (`zone_id`) REFERENCES `zones` (`id`)
) ENGINE=InnoDB AUTO_INCREMENT=5 DEFAULT CHARSET=utf8mb4 COLLATE=utf8mb4_unicode_ci;

--
-- Dumping data for table `person_configurations`
--

INSERT INTO `person_configurations` VALUES (2,5508,40719,NULL,NULL,0,'2021-08-15 19:52:29','2021-08-29 20:31:30',2,1,0.00,NULL,12,1,1,1,0,1,3,NULL,'2021-06',0,0,0,0,1,40719,40719,NULL,NULL,NULL,0,NULL,'2008-08-08','20279643160',NULL,0,NULL,1,NULL,NULL),(3,5508,40735,NULL,NULL,0,'2021-08-27 10:06:28','2021-08-28 12:46:11',2,1,0.00,NULL,12,1,1,1,0,0,3,NULL,'2021-7',0,0,0,0,2,40735,40735,NULL,NULL,NULL,0,NULL,'2021-07-01','27365403347',NULL,0,NULL,1,NULL,NULL),(4,5508,40739,NULL,NULL,0,'2021-08-29 11:05:49','2021-08-29 11:06:27',2,1,0.00,NULL,12,2,1,1,1,1,1,NULL,'2020-01',1,0,0,0,1,40739,40739,NULL,NULL,NULL,0,NULL,'2017-12-11','30-71584906-9',NULL,0,NULL,0,NULL,NULL);

--
-- Table structure for table `person_liquidators`
--

CREATE TABLE `person_liquidators` (
  `id` int(10) unsigned NOT NULL AUTO_INCREMENT,
  `user_id` int(10) unsigned DEFAULT NULL,
  `person_id` int(10) unsigned NOT NULL,
  `liquidator_id` int(10) unsigned NOT NULL,
  `created_at` timestamp NULL DEFAULT NULL,
  `updated_at` timestamp NULL DEFAULT NULL,
  `deleted_at` timestamp NULL DEFAULT NULL,
  PRIMARY KEY (`id`),
  KEY `person_liquidators_person_id_foreign` (`person_id`),
  KEY `person_liquidators_liquidator_id_foreign` (`liquidator_id`),
  CONSTRAINT `person_liquidators_liquidator_id_foreign` FOREIGN KEY (`liquidator_id`) REFERENCES `liquidators` (`id`),
  CONSTRAINT `person_liquidators_person_id_foreign` FOREIGN KEY (`person_id`) REFERENCES `persons` (`id`)
) ENGINE=InnoDB DEFAULT CHARSET=utf8mb4 COLLATE=utf8mb4_unicode_ci;

--
-- Dumping data for table `person_liquidators`
--


--
-- Table structure for table `person_pay_methods`
--

CREATE TABLE `person_pay_methods` (
  `id` int(10) unsigned NOT NULL AUTO_INCREMENT,
  `user_id` int(10) unsigned DEFAULT NULL,
  `person_id` int(10) unsigned NOT NULL,
  `pay_method_id` int(10) unsigned NOT NULL,
  `created_at` timestamp NULL DEFAULT NULL,
  `updated_at` timestamp NULL DEFAULT NULL,
  `deleted_at` timestamp NULL DEFAULT NULL,
  PRIMARY KEY (`id`),
  KEY `person_pay_methods_person_id_foreign` (`person_id`),
  KEY `person_pay_methods_pay_method_id_foreign` (`pay_method_id`),
  CONSTRAINT `person_pay_methods_pay_method_id_foreign` FOREIGN KEY (`pay_method_id`) REFERENCES `pay_methods` (`id`),
  CONSTRAINT `person_pay_methods_person_id_foreign` FOREIGN KEY (`person_id`) REFERENCES `persons` (`id`)
) ENGINE=InnoDB DEFAULT CHARSET=utf8mb4 COLLATE=utf8mb4_unicode_ci;

--
-- Dumping data for table `person_pay_methods`
--


--
-- Table structure for table `person_types`
--

CREATE TABLE `person_types` (
  `id` int(10) unsigned NOT NULL AUTO_INCREMENT,
  `user_id` int(10) unsigned DEFAULT NULL,
  `description` varchar(180) COLLATE utf8mb4_unicode_ci NOT NULL,
  `created_at` timestamp NULL DEFAULT NULL,
  `updated_at` timestamp NULL DEFAULT NULL,
  `deleted_at` timestamp NULL DEFAULT NULL,
  PRIMARY KEY (`id`),
  UNIQUE KEY `person_types_description_unique` (`description`)
) ENGINE=InnoDB AUTO_INCREMENT=3 DEFAULT CHARSET=utf8mb4 COLLATE=utf8mb4_unicode_ci;

--
-- Dumping data for table `person_types`
--

INSERT INTO `person_types` VALUES (1,NULL,'Persona Humana',NULL,NULL,NULL),(2,NULL,'Persona Juridica',NULL,NULL,NULL);

--
-- Table structure for table `person_zone_actividad`
--

CREATE TABLE `person_zone_actividad` (
  `id` int(10) unsigned NOT NULL AUTO_INCREMENT,
  `user_id` int(10) unsigned DEFAULT NULL,
  `person_id` int(10) unsigned NOT NULL,
  `zone_id` int(10) unsigned NOT NULL,
  `actividad_id` int(10) unsigned NOT NULL,
  `calculo_iibb` int(11) NOT NULL,
  `coef` decimal(16,5) NOT NULL DEFAULT '0.00000',
  `alicuota` decimal(16,5) NOT NULL DEFAULT '0.00000',
  `cm_articulo_regimen_id` int(10) unsigned NOT NULL DEFAULT '1',
  `habilitado` tinyint(1) NOT NULL DEFAULT '1',
  `created_at` timestamp NULL DEFAULT NULL,
  `updated_at` timestamp NULL DEFAULT NULL,
  `deleted_at` timestamp NULL DEFAULT NULL,
  PRIMARY KEY (`id`),
  KEY `person_zone_actividad_person_id_foreign` (`person_id`),
  KEY `person_zone_actividad_zone_id_foreign` (`zone_id`),
  KEY `person_zone_actividad_actividad_id_foreign` (`actividad_id`),
  KEY `person_zone_actividad_cm_articulo_regimen_id_foreign` (`cm_articulo_regimen_id`),
  CONSTRAINT `person_zone_actividad_actividad_id_foreign` FOREIGN KEY (`actividad_id`) REFERENCES `activities` (`id`),
  CONSTRAINT `person_zone_actividad_cm_articulo_regimen_id_foreign` FOREIGN KEY (`cm_articulo_regimen_id`) REFERENCES `cm_articulos_regimenes` (`id`),
  CONSTRAINT `person_zone_actividad_person_id_foreign` FOREIGN KEY (`person_id`) REFERENCES `persons` (`id`),
  CONSTRAINT `person_zone_actividad_zone_id_foreign` FOREIGN KEY (`zone_id`) REFERENCES `zones` (`id`)
) ENGINE=InnoDB AUTO_INCREMENT=28 DEFAULT CHARSET=utf8mb4 COLLATE=utf8mb4_unicode_ci;

--
-- Dumping data for table `person_zone_actividad`
--

INSERT INTO `person_zone_actividad` VALUES (19,5508,40735,21,640,2,1.00000,3.50000,1,1,'2021-08-28 12:46:11','2021-08-28 12:46:11',NULL),(24,5508,40739,21,879,1,0.00000,0.00000,1,1,'2021-08-29 11:06:27','2021-08-29 11:06:27',NULL),(25,5508,40719,21,580,2,1.00000,3.50000,1,1,'2021-08-29 20:31:30','2021-08-29 20:31:30',NULL),(26,5508,40719,21,855,2,1.00000,3.50000,1,1,'2021-08-29 20:31:30','2021-08-29 20:31:30',NULL),(27,5508,40719,21,796,2,1.00000,0.00000,1,1,'2021-08-29 20:31:30','2021-08-29 20:31:30',NULL);

--
-- Table structure for table `person_zones`
--

CREATE TABLE `person_zones` (
  `id` int(10) unsigned NOT NULL AUTO_INCREMENT,
  `user_id` int(10) unsigned DEFAULT NULL,
  `sifere_coef` decimal(8,4) NOT NULL DEFAULT '0.0000',
  `iibb_aliquot` decimal(8,4) NOT NULL DEFAULT '0.0000',
  `zone_id` int(10) unsigned NOT NULL,
  `is_principal` tinyint(1) NOT NULL DEFAULT '0',
  `iibb_perception_id` int(10) unsigned DEFAULT NULL,
  `retention_id` int(10) unsigned DEFAULT NULL,
  `activity_id` int(10) unsigned DEFAULT NULL,
  `created_at` timestamp NULL DEFAULT NULL,
  `updated_at` timestamp NULL DEFAULT NULL,
  `person_id` int(10) unsigned NOT NULL,
  `deleted_at` timestamp NULL DEFAULT NULL,
  PRIMARY KEY (`id`),
  KEY `person_zones_zone_id_foreign` (`zone_id`),
  KEY `person_zones_person_id_foreign` (`person_id`),
  CONSTRAINT `person_zones_person_id_foreign` FOREIGN KEY (`person_id`) REFERENCES `persons` (`id`),
  CONSTRAINT `person_zones_zone_id_foreign` FOREIGN KEY (`zone_id`) REFERENCES `zones` (`id`)
) ENGINE=InnoDB AUTO_INCREMENT=14 DEFAULT CHARSET=utf8mb4 COLLATE=utf8mb4_unicode_ci;

--
-- Dumping data for table `person_zones`
--

INSERT INTO `person_zones` VALUES (9,5508,0.0000,0.0000,21,1,NULL,NULL,NULL,'2021-08-28 12:46:11','2021-08-28 12:46:11',40735,NULL),(12,5508,0.0000,0.0000,21,1,NULL,NULL,NULL,'2021-08-29 11:06:27','2021-08-29 11:06:27',40739,NULL),(13,5508,0.0000,0.0000,21,1,NULL,NULL,NULL,'2021-08-29 20:31:30','2021-08-29 20:31:30',40719,NULL);

--
-- Table structure for table `persons`
--

CREATE TABLE `persons` (
  `id` int(10) unsigned NOT NULL AUTO_INCREMENT,
  `user_id` int(10) unsigned DEFAULT NULL,
  `field_name1` varchar(255) COLLATE utf8mb4_unicode_ci NOT NULL,
  `field_name2` varchar(255) COLLATE utf8mb4_unicode_ci DEFAULT NULL,
  `document_type` varchar(10) COLLATE utf8mb4_unicode_ci NOT NULL,
  `document` varchar(30) COLLATE utf8mb4_unicode_ci NOT NULL,
  `cond_frente_al_iva_id` int(10) unsigned DEFAULT NULL,
  `country_id` int(10) unsigned DEFAULT NULL,
  `state_id` int(10) unsigned DEFAULT NULL,
  `zone_id` int(10) unsigned DEFAULT NULL,
  `plan_cuenta_id` int(10) unsigned DEFAULT NULL,
  `iva_creditos_tipo_id` int(10) unsigned DEFAULT NULL,
  `created_at` timestamp NULL DEFAULT NULL,
  `updated_at` timestamp NULL DEFAULT NULL,
  `activity_id` int(10) unsigned DEFAULT NULL,
  `address` varchar(500) COLLATE utf8mb4_unicode_ci DEFAULT NULL,
  `person_type_id` int(10) unsigned DEFAULT NULL,
  `fa_iva_condition_id` int(10) unsigned DEFAULT NULL,
  `fa_codigo_postal` varchar(180) COLLATE utf8mb4_unicode_ci DEFAULT NULL,
  `email` varchar(180) COLLATE utf8mb4_unicode_ci DEFAULT NULL,
  `deleted_at` timestamp NULL DEFAULT NULL,
  PRIMARY KEY (`id`),
  UNIQUE KEY `document_UNIQUE` (`document`),
  KEY `persons_zone_id_foreign` (`zone_id`),
  KEY `persons_person_type_id_foreign` (`person_type_id`),
  KEY `persons_plan_cuenta_id_foreign` (`plan_cuenta_id`),
  KEY `persons_iva_creditos_tipo_id_foreign` (`iva_creditos_tipo_id`),
  KEY `persons_cond_frente_al_iva_id_foreign` (`cond_frente_al_iva_id`),
  CONSTRAINT `persons_cond_frente_al_iva_id_foreign` FOREIGN KEY (`cond_frente_al_iva_id`) REFERENCES `condicion_frente_al_iva` (`id`),
  CONSTRAINT `persons_iva_creditos_tipo_id_foreign` FOREIGN KEY (`iva_creditos_tipo_id`) REFERENCES `iva_creditos_tipos` (`id`),
  CONSTRAINT `persons_person_type_id_foreign` FOREIGN KEY (`person_type_id`) REFERENCES `person_types` (`id`),
  CONSTRAINT `persons_plan_cuenta_id_foreign` FOREIGN KEY (`plan_cuenta_id`) REFERENCES `conta_plan_cuenta` (`id`),
  CONSTRAINT `persons_zone_id_foreign` FOREIGN KEY (`zone_id`) REFERENCES `zones` (`id`)
) ENGINE=InnoDB AUTO_INCREMENT=40751 DEFAULT CHARSET=utf8mb4 COLLATE=utf8mb4_unicode_ci;

--
-- Dumping data for table `persons`
--

INSERT INTO `persons` VALUES (3,NULL,'Larzabal Hernan',NULL,'cuit','20-28468190-9',NULL,NULL,22,22,NULL,NULL,'2018-05-12 20:55:07','2018-05-14 01:54:15',1,NULL,1,NULL,NULL,NULL,NULL),(40717,NULL,'Taxes Software',NULL,'cuit','30-71625124-8',NULL,NULL,22,22,NULL,NULL,NULL,NULL,NULL,NULL,2,NULL,NULL,NULL,NULL),(40718,NULL,'Consumidor Final',NULL,'cuit','20-11111111-2',NULL,NULL,22,22,NULL,NULL,NULL,NULL,NULL,NULL,NULL,NULL,NULL,NULL,NULL),(40719,5508,'LUCERO TOMAS LUIS',NULL,'cuit','20-27964316-0',NULL,NULL,NULL,NULL,NULL,NULL,'2021-08-16 01:52:19','2021-08-27 10:07:19',NULL,NULL,1,NULL,NULL,NULL,NULL),(40720,5508,'99-99999999-9',NULL,'cuit','99-99999999-9',NULL,NULL,NULL,NULL,NULL,NULL,'2021-08-25 18:48:01','2021-08-25 18:48:01',NULL,NULL,NULL,NULL,NULL,NULL,NULL),(40721,5508,'11197218',NULL,'dni','11197218',NULL,NULL,NULL,NULL,NULL,NULL,'2021-08-25 18:48:01','2021-08-25 18:48:01',NULL,NULL,NULL,NULL,NULL,NULL,NULL),(40722,5508,'3246728',NULL,'dni','3246728',NULL,NULL,NULL,NULL,NULL,NULL,'2021-08-25 18:48:02','2021-08-25 18:48:02',NULL,NULL,NULL,NULL,NULL,NULL,NULL),(40723,5508,'TINSA SOCIEDAD ANONIMA',NULL,'cuit','30-70758637-7',NULL,NULL,NULL,NULL,NULL,NULL,'2021-08-25 18:48:02','2021-08-25 18:48:02',NULL,NULL,NULL,NULL,NULL,NULL,NULL),(40724,5508,'5495511',NULL,'dni','5495511',NULL,NULL,NULL,NULL,NULL,NULL,'2021-08-25 18:48:03','2021-08-25 18:48:03',NULL,NULL,NULL,NULL,NULL,NULL,NULL),(40725,5508,'36540334',NULL,'dni','36540334',NULL,NULL,NULL,NULL,NULL,NULL,'2021-08-25 18:48:03','2021-08-25 18:48:03',NULL,NULL,NULL,NULL,NULL,NULL,NULL),(40726,5508,'21332694',NULL,'dni','21332694',NULL,NULL,NULL,NULL,NULL,NULL,'2021-08-25 18:48:05','2021-08-25 18:48:05',NULL,NULL,NULL,NULL,NULL,NULL,NULL),(40727,5508,'SANCOR COOPERATIVA DE SEGUROS LIMITADA',NULL,'cuit','30-50004946-0',NULL,NULL,NULL,NULL,NULL,NULL,'2021-08-25 18:49:23','2021-08-25 18:49:23',NULL,NULL,NULL,NULL,NULL,NULL,NULL),(40728,5508,'ELIAS RUBEN SALOMON',NULL,'cuit','20-34242727-9',NULL,NULL,NULL,NULL,NULL,NULL,'2021-08-25 18:49:23','2021-08-25 18:49:23',NULL,NULL,NULL,NULL,NULL,NULL,NULL),(40729,5508,'SALTA REFRESCOS S A',NULL,'cuit','30-51840868-9',NULL,NULL,NULL,NULL,NULL,NULL,'2021-08-25 18:49:23','2021-08-25 18:49:23',NULL,NULL,NULL,NULL,NULL,NULL,NULL),(40730,5508,'DAVID JUAN CARLOS',NULL,'cuit','20-08064941-0',NULL,NULL,NULL,NULL,NULL,NULL,'2021-08-25 18:49:23','2021-08-25 18:49:23',NULL,NULL,NULL,NULL,NULL,NULL,NULL),(40731,5508,'GLOBAL PACK SA',NULL,'cuit','30-71120783-6',NULL,NULL,NULL,NULL,NULL,NULL,'2021-08-25 18:49:23','2021-08-25 18:49:23',NULL,NULL,NULL,NULL,NULL,NULL,NULL),(40732,5508,'POSNET SOCIEDAD DE RESPONSABILIDAD LIMITADA',NULL,'cuit','30-62017749-7',NULL,NULL,NULL,NULL,NULL,NULL,'2021-08-25 18:49:24','2021-08-25 18:49:24',NULL,NULL,NULL,NULL,NULL,NULL,NULL),(40733,5508,'ROBERTO BASUALDO SA',NULL,'cuit','30-59986043-2',NULL,NULL,NULL,NULL,NULL,NULL,'2021-08-25 18:49:24','2021-08-25 18:49:24',NULL,NULL,NULL,NULL,NULL,NULL,NULL),(40734,5508,'AMX ARGENTINA SOCIEDAD ANONIMA',NULL,'cuit','30-66328849-7',NULL,NULL,NULL,NULL,NULL,NULL,'2021-08-25 18:49:24','2021-08-25 18:49:24',NULL,NULL,NULL,NULL,NULL,NULL,NULL),(40735,5508,'RODRIGUEZ EDITH ISABEL',NULL,'cuit','27-36540334-7',NULL,NULL,NULL,NULL,NULL,NULL,'2021-08-27 10:06:28','2021-08-27 10:06:28',NULL,NULL,1,NULL,NULL,NULL,NULL),(40736,5508,'ESSEN ALUMINIO SOCIEDAD ANONIMA',NULL,'cuit','30-50603846-0',NULL,NULL,22,22,NULL,1,'2021-08-27 10:12:11','2021-08-28 19:01:39',NULL,NULL,2,NULL,NULL,NULL,NULL),(40737,5508,'BERCOVICH S A C I F I A',NULL,'cuit','30-51662596-8',NULL,NULL,NULL,NULL,NULL,NULL,'2021-08-27 10:12:12','2021-08-27 10:12:12',NULL,NULL,NULL,NULL,NULL,NULL,NULL),(40738,5508,'36752180',NULL,'dni','36752180',NULL,NULL,NULL,NULL,NULL,NULL,'2021-08-28 12:58:00','2021-08-28 12:58:00',NULL,NULL,NULL,NULL,NULL,NULL,NULL);
INSERT INTO `persons` VALUES (40739,5508,'Fundacion de Investigacion y Desarrollo Educativo Academico y Social IDEAS',NULL,'cuit','30-71584906-9',NULL,NULL,NULL,NULL,NULL,NULL,'2021-08-29 11:05:49','2021-08-29 11:06:27',NULL,'Isabel Belmont S/N Mz 5 Casa 5 Juan Bautista Alberdi - Tucumán CP 4158',2,NULL,NULL,NULL,NULL),(40740,5508,'EDET SA',NULL,'cuit','30-65865024-2',NULL,NULL,21,21,57,3,'2021-08-29 14:15:15','2021-08-29 14:15:15',NULL,NULL,2,NULL,NULL,NULL,NULL),(40741,5508,'Zurich Santander Seguros',NULL,'cuit','30-69896545-9',NULL,NULL,21,21,198,3,'2021-08-29 15:07:58','2021-08-29 15:07:58',NULL,NULL,2,NULL,NULL,NULL,NULL),(40742,5508,'16687075',NULL,'dni','16687075',NULL,NULL,NULL,NULL,NULL,NULL,'2021-09-01 18:48:23','2021-09-01 18:48:23',NULL,NULL,NULL,NULL,NULL,NULL,NULL),(40743,5508,'CHAVARRIA CRISTIAN MATIAS',NULL,'cuit','23-32562480-9',NULL,NULL,NULL,NULL,NULL,NULL,'2021-09-01 18:48:27','2021-09-01 18:48:27',NULL,NULL,NULL,NULL,NULL,NULL,NULL),(40744,5508,'FIRST LABEL SRL',NULL,'cuit','30-71662063-4',NULL,NULL,NULL,NULL,NULL,NULL,'2021-09-01 18:50:37','2021-09-01 18:50:37',NULL,NULL,NULL,NULL,NULL,NULL,NULL),(40745,5508,'MUNDO FIX SRL',NULL,'cuit','30-71071692-3',NULL,NULL,NULL,NULL,NULL,NULL,'2021-09-01 18:50:37','2021-09-01 18:50:37',NULL,NULL,NULL,NULL,NULL,NULL,NULL),(40746,5508,'EDICIONES DD SRL',NULL,'cuit','30-70875237-8',NULL,NULL,NULL,NULL,NULL,NULL,'2021-09-01 18:50:37','2021-09-01 18:50:37',NULL,NULL,NULL,NULL,NULL,NULL,NULL),(40747,5508,'HOLISTOR SA',NULL,'cuit','30-63772878-0',NULL,NULL,NULL,NULL,NULL,NULL,'2021-09-01 18:50:37','2021-09-01 18:50:37',NULL,NULL,NULL,NULL,NULL,NULL,NULL),(40748,5508,'DORINKA S.R.L.',NULL,'cuit','30-67813830-0',NULL,NULL,NULL,NULL,NULL,NULL,'2021-10-03 12:10:07','2021-10-03 12:10:07',NULL,NULL,NULL,NULL,NULL,NULL,NULL),(40749,5508,'LUCERO VERONICA VALERIA',NULL,'cuit','27-26300855-9',NULL,NULL,NULL,NULL,NULL,NULL,'2021-10-03 12:33:29','2021-10-03 12:33:29',NULL,NULL,NULL,NULL,NULL,NULL,NULL),(40750,5508,'CRETO S.R.L.',NULL,'cuit','33-70955409-9',NULL,NULL,NULL,NULL,NULL,NULL,'2021-10-03 12:34:20','2021-10-03 12:34:20',NULL,NULL,NULL,NULL,NULL,NULL,NULL);

--
-- Table structure for table `presupuesto_config`
--

CREATE TABLE `presupuesto_config` (
  `id` int(10) unsigned NOT NULL AUTO_INCREMENT,
  `user_id` int(10) unsigned DEFAULT NULL,
  `person_id` int(10) unsigned NOT NULL,
  `num_inicial` int(10) unsigned NOT NULL DEFAULT '0',
  `created_at` timestamp NULL DEFAULT NULL,
  `updated_at` timestamp NULL DEFAULT NULL,
  `deleted_at` timestamp NULL DEFAULT NULL,
  PRIMARY KEY (`id`),
  KEY `presupuesto_config_person_id_foreign` (`person_id`),
  CONSTRAINT `presupuesto_config_person_id_foreign` FOREIGN KEY (`person_id`) REFERENCES `persons` (`id`)
) ENGINE=InnoDB AUTO_INCREMENT=2 DEFAULT CHARSET=utf8mb4 COLLATE=utf8mb4_unicode_ci;

--
-- Dumping data for table `presupuesto_config`
--

INSERT INTO `presupuesto_config` VALUES (1,5508,40719,0,'2021-08-16 01:29:03','2021-08-16 01:29:03',NULL);

--
-- Table structure for table `presupuestos`
--

CREATE TABLE `presupuestos` (
  `id` int(10) unsigned NOT NULL AUTO_INCREMENT,
  `user_id` int(10) unsigned NOT NULL,
  `fecha` date NOT NULL DEFAULT '2019-12-23',
  `punto_venta_id` int(10) unsigned NOT NULL,
  `system_tax_id` int(10) unsigned NOT NULL DEFAULT '7',
  `numero` int(10) unsigned NOT NULL,
  `person_id` int(10) unsigned NOT NULL,
  `person_id_receptor` int(10) unsigned NOT NULL DEFAULT '3',
  `texto` longtext COLLATE utf8mb4_unicode_ci,
  `iva_si_no` tinyint(1) NOT NULL DEFAULT '0',
  `neto` decimal(16,2) NOT NULL DEFAULT '0.00',
  `iva` decimal(16,2) NOT NULL DEFAULT '0.00',
  `total` decimal(16,2) NOT NULL DEFAULT '0.00',
  `comentario` varchar(191) COLLATE utf8mb4_unicode_ci DEFAULT NULL,
  `created_at` timestamp NULL DEFAULT NULL,
  `updated_at` timestamp NULL DEFAULT NULL,
  `deleted_at` timestamp NULL DEFAULT NULL,
  PRIMARY KEY (`id`),
  KEY `presupuestos_punto_venta_id_foreign` (`punto_venta_id`),
  KEY `presupuestos_person_id_foreign` (`person_id`),
  KEY `presupuestos_person_id_receptor_foreign` (`person_id_receptor`),
  KEY `presupuestos_system_tax_id_foreign` (`system_tax_id`),
  CONSTRAINT `presupuestos_person_id_foreign` FOREIGN KEY (`person_id`) REFERENCES `persons` (`id`),
  CONSTRAINT `presupuestos_person_id_receptor_foreign` FOREIGN KEY (`person_id_receptor`) REFERENCES `persons` (`id`),
  CONSTRAINT `presupuestos_punto_venta_id_foreign` FOREIGN KEY (`punto_venta_id`) REFERENCES `fact_elec_puntos_venta` (`id`),
  CONSTRAINT `presupuestos_system_tax_id_foreign` FOREIGN KEY (`system_tax_id`) REFERENCES `system_taxes` (`id`)
) ENGINE=InnoDB DEFAULT CHARSET=utf8mb4 COLLATE=utf8mb4_unicode_ci;

--
-- Dumping data for table `presupuestos`
--


--
-- Table structure for table `querys`
--

CREATE TABLE `querys` (
  `id` bigint(20) unsigned NOT NULL AUTO_INCREMENT,
  `user_id` int(10) unsigned DEFAULT NULL,
  `descripcion` varchar(191) COLLATE utf8mb4_unicode_ci DEFAULT NULL,
  `habilitado` tinyint(1) NOT NULL DEFAULT '1',
  `created_at` timestamp NULL DEFAULT NULL,
  `updated_at` timestamp NULL DEFAULT NULL,
  `deleted_at` timestamp NULL DEFAULT NULL,
  PRIMARY KEY (`id`)
) ENGINE=InnoDB AUTO_INCREMENT=2 DEFAULT CHARSET=utf8mb4 COLLATE=utf8mb4_unicode_ci;

--
-- Dumping data for table `querys`
--

INSERT INTO `querys` VALUES (1,NULL,'Factura Electronica Masiva Productos',1,'2022-02-01 18:00:05','2022-02-01 18:00:05',NULL);

--
-- Table structure for table `querys_details`
--

CREATE TABLE `querys_details` (
  `id` bigint(20) unsigned NOT NULL AUTO_INCREMENT,
  `user_id` int(10) unsigned DEFAULT NULL,
  `person_id` int(10) unsigned DEFAULT NULL,
  `query_id` bigint(20) unsigned NOT NULL,
  `descripcion` longtext COLLATE utf8mb4_unicode_ci,
  `created_at` timestamp NULL DEFAULT NULL,
  `updated_at` timestamp NULL DEFAULT NULL,
  `deleted_at` timestamp NULL DEFAULT NULL,
  PRIMARY KEY (`id`),
  KEY `querys_details_query_id_foreign` (`query_id`),
  KEY `querys_details_person_id_foreign` (`person_id`),
  CONSTRAINT `querys_details_person_id_foreign` FOREIGN KEY (`person_id`) REFERENCES `persons` (`id`),
  CONSTRAINT `querys_details_query_id_foreign` FOREIGN KEY (`query_id`) REFERENCES `querys` (`id`)
) ENGINE=InnoDB DEFAULT CHARSET=utf8mb4 COLLATE=utf8mb4_unicode_ci;

--
-- Dumping data for table `querys_details`
--


--
-- Table structure for table `queue_proceso_resultado`
--

CREATE TABLE `queue_proceso_resultado` (
  `id` int(10) unsigned NOT NULL AUTO_INCREMENT,
  `user_id` int(10) unsigned DEFAULT NULL,
  `queue_proceso_id` int(10) unsigned DEFAULT NULL,
  `resultado` longtext COLLATE utf8mb4_unicode_ci,
  `created_at` timestamp NULL DEFAULT NULL,
  `updated_at` timestamp NULL DEFAULT NULL,
  `deleted_at` timestamp NULL DEFAULT NULL,
  PRIMARY KEY (`id`),
  KEY `queue_proceso_resultado_queue_proceso_id_foreign` (`queue_proceso_id`),
  CONSTRAINT `queue_proceso_resultado_queue_proceso_id_foreign` FOREIGN KEY (`queue_proceso_id`) REFERENCES `queue_procesos` (`id`)
) ENGINE=InnoDB DEFAULT CHARSET=utf8mb4 COLLATE=utf8mb4_unicode_ci;

--
-- Dumping data for table `queue_proceso_resultado`
--


--
-- Table structure for table `queue_procesos`
--

CREATE TABLE `queue_procesos` (
  `id` int(10) unsigned NOT NULL AUTO_INCREMENT,
  `user_id` int(10) unsigned DEFAULT NULL,
  `descripcion` text COLLATE utf8mb4_unicode_ci NOT NULL,
  `created_at` timestamp NULL DEFAULT NULL,
  `updated_at` timestamp NULL DEFAULT NULL,
  `deleted_at` timestamp NULL DEFAULT NULL,
  PRIMARY KEY (`id`)
) ENGINE=InnoDB AUTO_INCREMENT=5 DEFAULT CHARSET=utf8mb4 COLLATE=utf8mb4_unicode_ci;

--
-- Dumping data for table `queue_procesos`
--

INSERT INTO `queue_procesos` VALUES (1,NULL,'Importar - Excel',NULL,NULL,NULL),(2,NULL,'Importar - Mis Comprobantes',NULL,NULL,NULL),(3,NULL,'Importar - Portal IVA','2022-03-16 00:39:01','2022-03-16 00:39:01',NULL),(4,NULL,'Importar - Archivos PEM F8011','2022-07-10 23:00:37','2022-07-10 23:00:37',NULL);

--
-- Table structure for table `receipt_taxes`
--

CREATE TABLE `receipt_taxes` (
  `id` int(10) unsigned NOT NULL AUTO_INCREMENT,
  `user_id` int(10) unsigned DEFAULT NULL,
  `receipt_id` int(10) unsigned NOT NULL,
  `tax_id` int(10) unsigned DEFAULT NULL,
  `amount` decimal(16,2) NOT NULL,
  `tax_amount` decimal(16,2) NOT NULL DEFAULT '0.00',
  `taxable_iibb` int(11) NOT NULL DEFAULT '0',
  `iva_iibb` int(11) NOT NULL DEFAULT '0',
  `created_at` timestamp NULL DEFAULT NULL,
  `updated_at` timestamp NULL DEFAULT NULL,
  `deleted_at` timestamp NULL DEFAULT NULL,
  PRIMARY KEY (`id`),
  KEY `receipt_taxes_receipt_id_foreign` (`receipt_id`),
  CONSTRAINT `receipt_taxes_receipt_id_foreign` FOREIGN KEY (`receipt_id`) REFERENCES `receipts` (`id`)
) ENGINE=InnoDB AUTO_INCREMENT=790 DEFAULT CHARSET=utf8mb4 COLLATE=utf8mb4_unicode_ci;

--
-- Dumping data for table `receipt_taxes`
--

INSERT INTO `receipt_taxes` VALUES (1,5508,1,7,800.00,0.00,2,1,'2021-08-25 18:48:01','2021-08-25 18:48:01',NULL),(2,5508,2,7,559.00,0.00,2,1,'2021-08-25 18:48:01','2021-08-25 18:48:01',NULL),(3,5508,3,7,260.00,0.00,2,1,'2021-08-25 18:48:02','2021-08-25 18:48:02',NULL),(4,5508,4,7,330.00,0.00,2,1,'2021-08-25 18:48:02','2021-08-25 18:48:02',NULL),(5,5508,5,7,250.00,0.00,2,1,'2021-08-25 18:48:02','2021-08-25 18:48:02',NULL),(6,5508,6,7,415.00,0.00,2,1,'2021-08-25 18:48:02','2021-08-25 18:48:02',NULL),(7,5508,7,7,325.00,0.00,2,1,'2021-08-25 18:48:02','2021-08-25 18:48:02',NULL),(8,5508,8,7,127.00,0.00,2,1,'2021-08-25 18:48:02','2021-08-25 18:48:02',NULL),(9,5508,9,7,758.00,0.00,2,1,'2021-08-25 18:48:02','2021-08-25 18:48:02',NULL),(10,5508,10,7,539.00,0.00,2,1,'2021-08-25 18:48:02','2021-08-25 18:48:02',NULL),(11,5508,11,7,305.00,0.00,2,1,'2021-08-25 18:48:02','2021-08-25 18:48:02',NULL),(12,5508,12,7,463.81,0.00,2,1,'2021-08-25 18:48:02','2021-08-25 18:48:02',NULL),(13,5508,13,7,245.00,0.00,2,1,'2021-08-25 18:48:02','2021-08-25 18:48:02',NULL),(14,5508,14,7,515.00,0.00,2,1,'2021-08-25 18:48:02','2021-08-25 18:48:02',NULL),(16,5508,16,7,290.00,0.00,2,1,'2021-08-25 18:48:02','2021-08-25 18:48:02',NULL),(17,5508,17,7,355.00,0.00,2,1,'2021-08-25 18:48:02','2021-08-25 18:48:02',NULL),(18,5508,18,7,200.00,0.00,2,1,'2021-08-25 18:48:02','2021-08-25 18:48:02',NULL),(19,5508,19,7,285.00,0.00,2,1,'2021-08-25 18:48:02','2021-08-25 18:48:02',NULL),(20,5508,20,7,538.00,0.00,2,1,'2021-08-25 18:48:02','2021-08-25 18:48:02',NULL),(21,5508,21,7,185.00,0.00,2,1,'2021-08-25 18:48:02','2021-08-25 18:48:02',NULL),(22,5508,22,7,200.00,0.00,2,1,'2021-08-25 18:48:02','2021-08-25 18:48:02',NULL),(23,5508,23,7,950.00,0.00,2,1,'2021-08-25 18:48:02','2021-08-25 18:48:02',NULL),(24,5508,24,7,280.00,0.00,2,1,'2021-08-25 18:48:02','2021-08-25 18:48:02',NULL),(25,5508,25,7,259.66,0.00,2,1,'2021-08-25 18:48:02','2021-08-25 18:48:02',NULL),(26,5508,26,7,285.84,0.00,2,1,'2021-08-25 18:48:02','2021-08-25 18:48:02',NULL),(27,5508,27,7,95.00,0.00,2,1,'2021-08-25 18:48:02','2021-08-25 18:48:02',NULL),(28,5508,28,7,280.00,0.00,2,1,'2021-08-25 18:48:02','2021-08-25 18:48:02',NULL),(29,5508,29,7,400.00,0.00,2,1,'2021-08-25 18:48:02','2021-08-25 18:48:02',NULL),(30,5508,30,7,250.00,0.00,2,1,'2021-08-25 18:48:02','2021-08-25 18:48:02',NULL),(31,5508,31,7,320.00,0.00,2,1,'2021-08-25 18:48:02','2021-08-25 18:48:02',NULL),(32,5508,32,7,475.84,0.00,2,1,'2021-08-25 18:48:03','2021-08-25 18:48:03',NULL),(33,5508,33,7,100.00,0.00,2,1,'2021-08-25 18:48:03','2021-08-25 18:48:03',NULL),(34,5508,34,7,290.00,0.00,2,1,'2021-08-25 18:48:03','2021-08-25 18:48:03',NULL),(35,5508,35,7,595.00,0.00,2,1,'2021-08-25 18:48:03','2021-08-25 18:48:03',NULL),(36,5508,36,7,270.00,0.00,2,1,'2021-08-25 18:48:03','2021-08-25 18:48:03',NULL),(37,5508,37,7,105.00,0.00,2,1,'2021-08-25 18:48:03','2021-08-25 18:48:03',NULL),(38,5508,38,7,289.99,0.00,2,1,'2021-08-25 18:48:03','2021-08-25 18:48:03',NULL),(39,5508,39,7,90.00,0.00,2,1,'2021-08-25 18:48:03','2021-08-25 18:48:03',NULL),(40,5508,40,7,309.91,0.00,2,1,'2021-08-25 18:48:03','2021-08-25 18:48:03',NULL),(41,5508,41,7,145.00,0.00,2,1,'2021-08-25 18:48:03','2021-08-25 18:48:03',NULL),(42,5508,42,7,200.00,0.00,2,1,'2021-08-25 18:48:03','2021-08-25 18:48:03',NULL),(43,5508,43,7,596.80,0.00,2,1,'2021-08-25 18:48:03','2021-08-25 18:48:03',NULL),(44,5508,44,7,300.00,0.00,2,1,'2021-08-25 18:48:03','2021-08-25 18:48:03',NULL),(45,5508,45,7,706.00,0.00,2,1,'2021-08-25 18:48:03','2021-08-25 18:48:03',NULL),(46,5508,46,7,710.00,0.00,2,1,'2021-08-25 18:48:03','2021-08-25 18:48:03',NULL),(47,5508,47,7,1180.00,0.00,2,1,'2021-08-25 18:48:03','2021-08-25 18:48:03',NULL),(48,5508,48,7,277.00,0.00,2,1,'2021-08-25 18:48:03','2021-08-25 18:48:03',NULL),(49,5508,49,7,401.00,0.00,2,1,'2021-08-25 18:48:03','2021-08-25 18:48:03',NULL),(50,5508,50,7,256.88,0.00,2,1,'2021-08-25 18:48:03','2021-08-25 18:48:03',NULL),(51,5508,51,7,3760.00,0.00,2,1,'2021-08-25 18:48:03','2021-08-25 18:48:03',NULL);
INSERT INTO `receipt_taxes` VALUES (52,5508,52,7,500.00,0.00,2,1,'2021-08-25 18:48:03','2021-08-25 18:48:03',NULL),(53,5508,53,7,180.00,0.00,2,1,'2021-08-25 18:48:03','2021-08-25 18:48:03',NULL),(54,5508,54,7,520.00,0.00,2,1,'2021-08-25 18:48:03','2021-08-25 18:48:03',NULL),(55,5508,55,7,378.64,0.00,2,1,'2021-08-25 18:48:03','2021-08-25 18:48:03',NULL),(56,5508,56,7,550.00,0.00,2,1,'2021-08-25 18:48:03','2021-08-25 18:48:03',NULL),(57,5508,57,7,1000.00,0.00,2,1,'2021-08-25 18:48:03','2021-08-25 18:48:03',NULL),(58,5508,58,7,2160.00,0.00,2,1,'2021-08-25 18:48:03','2021-08-25 18:48:03',NULL),(60,5508,60,7,440.00,0.00,2,1,'2021-08-25 18:48:03','2021-08-25 18:48:03',NULL),(61,5508,61,7,200.00,0.00,2,1,'2021-08-25 18:48:03','2021-08-25 18:48:03',NULL),(62,5508,62,7,310.00,0.00,2,1,'2021-08-25 18:48:04','2021-08-25 18:48:04',NULL),(63,5508,63,7,510.00,0.00,2,1,'2021-08-25 18:48:04','2021-08-25 18:48:04',NULL),(64,5508,64,7,100.00,0.00,2,1,'2021-08-25 18:48:04','2021-08-25 18:48:04',NULL),(65,5508,65,7,225.00,0.00,2,1,'2021-08-25 18:48:04','2021-08-25 18:48:04',NULL),(66,5508,66,7,314.72,0.00,2,1,'2021-08-25 18:48:04','2021-08-25 18:48:04',NULL),(67,5508,67,7,340.01,0.00,2,1,'2021-08-25 18:48:04','2021-08-25 18:48:04',NULL),(68,5508,68,7,520.00,0.00,2,1,'2021-08-25 18:48:04','2021-08-25 18:48:04',NULL),(69,5508,69,7,260.00,0.00,2,1,'2021-08-25 18:48:04','2021-08-25 18:48:04',NULL),(70,5508,70,7,98.60,0.00,2,1,'2021-08-25 18:48:04','2021-08-25 18:48:04',NULL),(71,5508,71,7,93.00,0.00,2,1,'2021-08-25 18:48:04','2021-08-25 18:48:04',NULL),(72,5508,72,7,130.00,0.00,2,1,'2021-08-25 18:48:04','2021-08-25 18:48:04',NULL),(73,5508,73,7,365.01,0.00,2,1,'2021-08-25 18:48:04','2021-08-25 18:48:04',NULL),(74,5508,74,7,90.00,0.00,2,1,'2021-08-25 18:48:04','2021-08-25 18:48:04',NULL),(75,5508,75,7,381.00,0.00,2,1,'2021-08-25 18:48:04','2021-08-25 18:48:04',NULL),(76,5508,76,7,330.00,0.00,2,1,'2021-08-25 18:48:04','2021-08-25 18:48:04',NULL),(77,5508,77,7,210.00,0.00,2,1,'2021-08-25 18:48:04','2021-08-25 18:48:04',NULL),(78,5508,78,7,100.00,0.00,2,1,'2021-08-25 18:48:04','2021-08-25 18:48:04',NULL),(79,5508,79,7,195.00,0.00,2,1,'2021-08-25 18:48:04','2021-08-25 18:48:04',NULL),(80,5508,80,7,295.00,0.00,2,1,'2021-08-25 18:48:04','2021-08-25 18:48:04',NULL),(81,5508,81,7,601.00,0.00,2,1,'2021-08-25 18:48:04','2021-08-25 18:48:04',NULL),(82,5508,82,7,310.00,0.00,2,1,'2021-08-25 18:48:04','2021-08-25 18:48:04',NULL),(83,5508,83,7,160.00,0.00,2,1,'2021-08-25 18:48:04','2021-08-25 18:48:04',NULL),(84,5508,84,7,130.00,0.00,2,1,'2021-08-25 18:48:04','2021-08-25 18:48:04',NULL),(85,5508,85,7,135.00,0.00,2,1,'2021-08-25 18:48:04','2021-08-25 18:48:04',NULL),(86,5508,86,7,100.00,0.00,2,1,'2021-08-25 18:48:04','2021-08-25 18:48:04',NULL),(87,5508,87,7,60.00,0.00,2,1,'2021-08-25 18:48:04','2021-08-25 18:48:04',NULL),(88,5508,88,7,200.00,0.00,2,1,'2021-08-25 18:48:04','2021-08-25 18:48:04',NULL),(89,5508,89,7,450.00,0.00,2,1,'2021-08-25 18:48:04','2021-08-25 18:48:04',NULL),(90,5508,90,7,470.00,0.00,2,1,'2021-08-25 18:48:05','2021-08-25 18:48:05',NULL),(91,5508,91,7,370.00,0.00,2,1,'2021-08-25 18:48:05','2021-08-25 18:48:05',NULL),(92,5508,92,7,305.00,0.00,2,1,'2021-08-25 18:48:05','2021-08-25 18:48:05',NULL),(93,5508,93,7,403.87,0.00,2,1,'2021-08-25 18:48:05','2021-08-25 18:48:05',NULL),(94,5508,94,7,200.00,0.00,2,1,'2021-08-25 18:48:05','2021-08-25 18:48:05',NULL),(95,5508,95,7,130.00,0.00,2,1,'2021-08-25 18:48:05','2021-08-25 18:48:05',NULL),(96,5508,96,7,130.00,0.00,2,1,'2021-08-25 18:48:05','2021-08-25 18:48:05',NULL),(97,5508,97,7,345.00,0.00,2,1,'2021-08-25 18:48:05','2021-08-25 18:48:05',NULL),(98,5508,98,7,178.00,0.00,2,1,'2021-08-25 18:48:05','2021-08-25 18:48:05',NULL),(99,5508,99,7,190.00,0.00,2,1,'2021-08-25 18:48:05','2021-08-25 18:48:05',NULL),(100,5508,100,7,230.00,0.00,2,1,'2021-08-25 18:48:05','2021-08-25 18:48:05',NULL),(101,5508,101,7,200.00,0.00,2,1,'2021-08-25 18:48:05','2021-08-25 18:48:05',NULL),(102,5508,102,7,280.00,0.00,2,1,'2021-08-25 18:48:05','2021-08-25 18:48:05',NULL);
INSERT INTO `receipt_taxes` VALUES (103,5508,103,7,383.00,0.00,2,1,'2021-08-25 18:48:05','2021-08-25 18:48:05',NULL),(104,5508,104,7,90.00,0.00,2,1,'2021-08-25 18:48:05','2021-08-25 18:48:05',NULL),(105,5508,105,7,270.00,0.00,2,1,'2021-08-25 18:48:05','2021-08-25 18:48:05',NULL),(106,5508,106,7,70.00,0.00,2,1,'2021-08-25 18:48:05','2021-08-25 18:48:05',NULL),(107,5508,107,7,195.00,0.00,2,1,'2021-08-25 18:48:05','2021-08-25 18:48:05',NULL),(108,5508,108,7,190.00,0.00,2,1,'2021-08-25 18:48:05','2021-08-25 18:48:05',NULL),(109,5508,109,7,571.00,0.00,2,1,'2021-08-25 18:48:05','2021-08-25 18:48:05',NULL),(110,5508,110,7,410.00,0.00,2,1,'2021-08-25 18:48:05','2021-08-25 18:48:05',NULL),(111,5508,111,7,350.00,0.00,2,1,'2021-08-25 18:48:05','2021-08-25 18:48:05',NULL),(112,5508,112,7,642.50,0.00,2,1,'2021-08-25 18:48:05','2021-08-25 18:48:05',NULL),(113,5508,113,7,417.00,0.00,2,1,'2021-08-25 18:48:05','2021-08-25 18:48:05',NULL),(114,5508,114,7,525.00,0.00,2,1,'2021-08-25 18:48:05','2021-08-25 18:48:05',NULL),(115,5508,115,7,595.00,0.00,2,1,'2021-08-25 18:48:05','2021-08-25 18:48:05',NULL),(116,5508,116,7,400.00,0.00,2,1,'2021-08-25 18:48:05','2021-08-25 18:48:05',NULL),(117,5508,117,7,185.00,0.00,2,1,'2021-08-25 18:48:05','2021-08-25 18:48:05',NULL),(118,5508,118,7,250.00,0.00,2,1,'2021-08-25 18:48:05','2021-08-25 18:48:05',NULL),(119,5508,119,7,170.00,0.00,2,1,'2021-08-25 18:48:05','2021-08-25 18:48:05',NULL),(120,5508,120,7,640.00,0.00,2,1,'2021-08-25 18:48:05','2021-08-25 18:48:05',NULL),(121,5508,121,7,160.00,0.00,2,1,'2021-08-25 18:48:06','2021-08-25 18:48:06',NULL),(122,5508,122,7,168.00,0.00,2,1,'2021-08-25 18:48:06','2021-08-25 18:48:06',NULL),(123,5508,123,7,130.00,0.00,2,1,'2021-08-25 18:48:06','2021-08-25 18:48:06',NULL),(124,5508,124,7,585.00,0.00,2,1,'2021-08-25 18:48:06','2021-08-25 18:48:06',NULL),(125,5508,125,7,189.00,0.00,2,1,'2021-08-25 18:48:06','2021-08-25 18:48:06',NULL),(126,5508,126,7,55.00,0.00,2,1,'2021-08-25 18:48:06','2021-08-25 18:48:06',NULL),(127,5508,127,7,530.00,0.00,2,1,'2021-08-25 18:48:06','2021-08-25 18:48:06',NULL),(128,5508,128,7,325.00,0.00,2,1,'2021-08-25 18:48:06','2021-08-25 18:48:06',NULL),(129,5508,129,7,110.00,0.00,2,1,'2021-08-25 18:48:06','2021-08-25 18:48:06',NULL),(130,5508,130,7,380.00,0.00,2,1,'2021-08-25 18:48:06','2021-08-25 18:48:06',NULL),(131,5508,131,7,100.00,0.00,2,1,'2021-08-25 18:48:06','2021-08-25 18:48:06',NULL),(132,5508,132,7,96.00,0.00,2,1,'2021-08-25 18:48:06','2021-08-25 18:48:06',NULL),(133,5508,133,7,260.00,0.00,2,1,'2021-08-25 18:48:06','2021-08-25 18:48:06',NULL),(134,5508,134,7,148.00,0.00,2,1,'2021-08-25 18:48:06','2021-08-25 18:48:06',NULL),(135,5508,135,7,390.00,0.00,2,1,'2021-08-25 18:48:06','2021-08-25 18:48:06',NULL),(136,5508,136,7,85.00,0.00,2,1,'2021-08-25 18:48:06','2021-08-25 18:48:06',NULL),(137,5508,137,7,55.00,0.00,2,1,'2021-08-25 18:48:06','2021-08-25 18:48:06',NULL),(138,5508,138,7,186.00,0.00,2,1,'2021-08-25 18:48:06','2021-08-25 18:48:06',NULL),(139,5508,139,7,230.00,0.00,2,1,'2021-08-25 18:48:06','2021-08-25 18:48:06',NULL),(140,5508,140,7,525.00,0.00,2,1,'2021-08-25 18:48:06','2021-08-25 18:48:06',NULL),(141,5508,141,7,277.00,0.00,2,1,'2021-08-25 18:48:06','2021-08-25 18:48:06',NULL),(142,5508,142,7,110.00,0.00,2,1,'2021-08-25 18:48:06','2021-08-25 18:48:06',NULL),(143,5508,143,7,320.00,0.00,2,1,'2021-08-25 18:48:06','2021-08-25 18:48:06',NULL),(144,5508,144,7,160.00,0.00,2,1,'2021-08-25 18:48:06','2021-08-25 18:48:06',NULL),(145,5508,145,7,270.00,0.00,2,1,'2021-08-25 18:48:06','2021-08-25 18:48:06',NULL),(146,5508,146,7,330.00,0.00,2,1,'2021-08-25 18:48:06','2021-08-25 18:48:06',NULL),(147,5508,147,7,448.00,0.00,2,1,'2021-08-25 18:48:06','2021-08-25 18:48:06',NULL),(148,5508,148,7,140.00,0.00,2,1,'2021-08-25 18:48:06','2021-08-25 18:48:06',NULL),(149,5508,149,7,120.00,0.00,2,1,'2021-08-25 18:48:07','2021-08-25 18:48:07',NULL),(150,5508,150,7,460.00,0.00,2,1,'2021-08-25 18:48:07','2021-08-25 18:48:07',NULL);
INSERT INTO `receipt_taxes` VALUES (151,5508,151,7,275.00,0.00,2,1,'2021-08-25 18:48:07','2021-08-25 18:48:07',NULL),(152,5508,152,7,600.00,0.00,2,1,'2021-08-25 18:48:07','2021-08-25 18:48:07',NULL),(153,5508,153,7,398.00,0.00,2,1,'2021-08-25 18:48:07','2021-08-25 18:48:07',NULL),(154,5508,154,7,60.00,0.00,2,1,'2021-08-25 18:48:07','2021-08-25 18:48:07',NULL),(155,5508,155,7,490.00,0.00,2,1,'2021-08-25 18:48:07','2021-08-25 18:48:07',NULL),(156,5508,156,7,839.85,0.00,2,1,'2021-08-25 18:48:07','2021-08-25 18:48:07',NULL),(198,5508,181,7,3000.00,0.00,2,1,'2021-08-27 10:11:42','2021-08-27 10:11:42',NULL),(199,5508,182,7,4000.00,0.00,2,1,'2021-08-27 10:11:42','2021-08-27 10:11:42',NULL),(200,5508,183,7,4000.00,0.00,2,1,'2021-08-27 10:11:42','2021-08-27 10:11:42',NULL),(201,5508,184,7,4000.00,0.00,2,1,'2021-08-27 10:11:42','2021-08-27 10:11:42',NULL),(202,5508,185,7,3000.00,0.00,2,1,'2021-08-27 10:11:42','2021-08-27 10:11:42',NULL),(215,5508,192,7,3000.00,0.00,2,1,'2021-08-27 10:12:11','2021-08-27 10:12:11',NULL),(258,5508,208,7,5000.00,0.00,2,1,'2021-08-28 12:58:00','2021-08-28 12:58:00',NULL),(259,5508,209,7,5000.00,0.00,2,1,'2021-08-28 12:58:00','2021-08-28 12:58:00',NULL),(260,5508,210,7,20000.00,0.00,2,1,'2021-08-28 12:58:00','2021-08-28 12:58:00',NULL),(261,5508,211,7,5000.00,0.00,2,1,'2021-08-28 12:58:00','2021-08-28 12:58:00',NULL),(262,5508,212,7,5000.00,0.00,2,1,'2021-08-28 12:58:01','2021-08-28 12:58:01',NULL),(263,5508,213,7,5000.00,0.00,2,1,'2021-08-28 12:58:01','2021-08-28 12:58:01',NULL),(264,5508,214,7,5000.00,0.00,2,1,'2021-08-28 12:58:01','2021-08-28 12:58:01',NULL),(273,5508,186,7,2318.21,0.00,2,1,'2021-08-28 17:36:11','2021-08-28 17:36:11',NULL),(274,5508,186,1029,89.25,0.00,2,2,'2021-08-28 17:36:11','2021-08-28 17:36:11',NULL),(275,5508,187,7,17178.72,0.00,2,1,'2021-08-28 17:37:42','2021-08-28 17:37:42',NULL),(276,5508,187,1029,661.38,0.00,2,2,'2021-08-28 17:37:42','2021-08-28 17:37:42',NULL),(277,5508,188,7,20443.02,0.00,2,1,'2021-08-28 17:39:02','2021-08-28 17:39:02',NULL),(278,5508,188,1029,786.67,0.00,2,2,'2021-08-28 17:39:02','2021-08-28 17:39:02',NULL),(279,5508,189,7,365.03,0.00,2,1,'2021-08-28 17:39:45','2021-08-28 17:39:45',NULL),(280,5508,189,1029,14.05,0.00,2,2,'2021-08-28 17:39:45','2021-08-28 17:39:45',NULL),(281,5508,190,7,2738.90,0.00,2,1,'2021-08-28 17:41:34','2021-08-28 17:41:34',NULL),(282,5508,190,1029,105.45,0.00,2,2,'2021-08-28 17:41:34','2021-08-28 17:41:34',NULL),(283,5508,191,7,2363.86,0.00,2,1,'2021-08-28 17:42:30','2021-08-28 17:42:30',NULL),(284,5508,191,1029,91.01,0.00,2,2,'2021-08-28 17:42:30','2021-08-28 17:42:30',NULL),(285,5508,193,7,4041.15,0.00,2,1,'2021-08-28 17:43:33','2021-08-28 17:43:33',NULL),(286,5508,193,1029,155.58,0.00,2,2,'2021-08-28 17:43:33','2021-08-28 17:43:33',NULL),(287,5508,194,7,523.83,0.00,2,1,'2021-08-28 17:44:09','2021-08-28 17:44:09',NULL),(288,5508,194,1029,20.17,0.00,2,2,'2021-08-28 17:44:09','2021-08-28 17:44:09',NULL),(289,5508,195,7,22951.64,0.00,2,1,'2021-08-28 17:45:06','2021-08-28 17:45:06',NULL),(290,5508,195,1029,883.64,0.00,2,2,'2021-08-28 17:45:06','2021-08-28 17:45:06',NULL),(291,5508,196,7,29292.31,0.00,2,1,'2021-08-28 17:46:14','2021-08-28 17:46:14',NULL),(292,5508,196,1029,1127.75,0.00,2,2,'2021-08-28 17:46:14','2021-08-28 17:46:14',NULL),(293,5508,197,7,3890.03,0.00,2,1,'2021-08-28 17:47:00','2021-08-28 17:47:00',NULL),(294,5508,197,1029,149.77,0.00,2,2,'2021-08-28 17:47:00','2021-08-28 17:47:00',NULL),(295,5508,198,7,1128.98,0.00,2,1,'2021-08-28 17:47:44','2021-08-28 17:47:44',NULL),(296,5508,199,7,3058.14,0.00,2,1,'2021-08-28 17:48:09','2021-08-28 17:48:09',NULL),(297,5508,200,7,1656.19,0.00,2,1,'2021-08-28 17:48:31','2021-08-28 17:48:31',NULL),(298,5508,201,7,35424.44,0.00,2,1,'2021-08-28 17:49:07','2021-08-28 17:49:07',NULL),(299,5508,202,7,3299.81,0.00,2,1,'2021-08-28 17:49:33','2021-08-28 17:49:33',NULL),(300,5508,203,7,2189.37,0.00,2,1,'2021-08-28 17:50:06','2021-08-28 17:50:06',NULL),(301,5508,204,7,16244.78,0.00,2,1,'2021-08-28 17:50:33','2021-08-28 17:50:33',NULL);
INSERT INTO `receipt_taxes` VALUES (302,5508,205,7,7324.78,0.00,2,1,'2021-08-28 17:50:51','2021-08-28 17:50:51',NULL),(303,5508,206,7,4636.43,0.00,2,1,'2021-08-28 17:51:12','2021-08-28 17:51:12',NULL),(304,5508,207,7,20433.02,0.00,2,1,'2021-08-28 17:51:42','2021-08-28 17:51:42',NULL),(305,5508,215,7,5982.34,0.00,2,1,'2021-08-28 17:52:03','2021-08-28 17:52:03',NULL),(306,5508,216,7,33607.24,0.00,2,1,'2021-08-28 17:52:22','2021-08-28 17:52:22',NULL),(307,5508,217,7,45817.18,0.00,2,1,'2021-08-28 17:52:54','2021-08-28 17:52:54',NULL),(308,5508,218,7,2724.00,0.00,2,1,'2021-08-28 17:53:08','2021-08-28 17:53:08',NULL),(309,5508,219,7,22032.29,0.00,2,1,'2021-08-28 17:53:37','2021-08-28 17:53:37',NULL),(310,5508,220,7,5365.70,0.00,2,1,'2021-08-28 17:53:59','2021-08-28 17:53:59',NULL),(311,5508,221,7,15068.31,0.00,2,1,'2021-08-28 17:54:21','2021-08-28 17:54:21',NULL),(313,5508,222,7,15853.82,0.00,2,1,'2021-08-28 19:01:53','2021-08-28 19:01:53',NULL),(357,5508,223,7,5203.25,0.00,2,1,'2021-08-29 12:34:36','2021-08-29 12:34:36',NULL),(358,5508,223,1029,136.75,0.00,2,2,'2021-08-29 12:34:36','2021-08-29 12:34:36',NULL),(359,5508,224,7,2147.00,0.00,2,1,'2021-08-29 12:35:07','2021-08-29 12:35:07',NULL),(360,5508,225,7,867.99,0.00,2,1,'2021-08-29 12:37:50','2021-08-29 12:37:50',NULL),(361,5508,225,1029,30.38,0.00,2,2,'2021-08-29 12:37:50','2021-08-29 12:37:50',NULL),(362,5508,226,7,1001.30,0.00,2,1,'2021-08-29 12:38:50','2021-08-29 12:38:50',NULL),(363,5508,226,1029,35.04,0.00,2,2,'2021-08-29 12:38:50','2021-08-29 12:38:50',NULL),(364,5508,232,7,4218.17,0.00,2,1,'2021-08-29 12:39:34','2021-08-29 12:39:34',NULL),(365,5508,233,7,2002.60,0.00,2,1,'2021-08-29 12:40:56','2021-08-29 12:40:56',NULL),(366,5508,233,1029,70.09,0.00,2,2,'2021-08-29 12:40:56','2021-08-29 12:40:56',NULL),(367,5508,234,7,1195.80,0.00,2,1,'2021-08-29 12:41:33','2021-08-29 12:41:33',NULL),(368,5508,235,7,3077.84,0.00,2,1,'2021-08-29 12:43:06','2021-08-29 12:43:06',NULL),(369,5508,235,1029,153.89,0.00,2,2,'2021-08-29 12:43:06','2021-08-29 12:43:06',NULL),(370,5508,236,7,11403.14,0.00,2,1,'2021-08-29 12:43:37','2021-08-29 12:43:37',NULL),(371,5508,237,7,8017.85,0.00,2,1,'2021-08-29 12:53:15','2021-08-29 12:53:15',NULL),(372,5508,237,1029,280.62,0.00,2,2,'2021-08-29 12:53:15','2021-08-29 12:53:15',NULL),(373,5508,238,7,3476.88,0.00,2,1,'2021-08-29 13:06:23','2021-08-29 13:06:23',NULL),(374,5508,238,1029,121.68,0.00,2,2,'2021-08-29 13:06:23','2021-08-29 13:06:23',NULL),(375,5508,239,7,1880.00,0.00,2,1,'2021-08-29 13:06:55','2021-08-29 13:06:55',NULL),(376,5508,227,7,3136.45,0.00,2,1,'2021-08-29 13:08:42','2021-08-29 13:08:42',NULL),(377,5508,227,1029,156.85,0.00,2,2,'2021-08-29 13:08:42','2021-08-29 13:08:42',NULL),(378,5508,228,7,11410.09,0.00,2,1,'2021-08-29 13:09:27','2021-08-29 13:09:27',NULL),(379,5508,229,7,2764.95,0.00,2,1,'2021-08-29 13:09:54','2021-08-29 13:09:54',NULL),(380,5508,230,7,2727.07,0.00,2,1,'2021-08-29 13:11:10','2021-08-29 13:11:10',NULL),(381,5508,230,1029,95.44,0.00,2,2,'2021-08-29 13:11:10','2021-08-29 13:11:10',NULL),(382,5508,231,7,798.60,0.00,2,1,'2021-08-29 13:12:40','2021-08-29 13:12:40',NULL),(383,5508,231,1029,27.95,0.00,2,2,'2021-08-29 13:12:40','2021-08-29 13:12:40',NULL),(384,5508,240,7,1902.47,0.00,2,1,'2021-08-29 14:03:30','2021-08-29 14:03:30',NULL),(385,5508,240,1029,66.58,0.00,2,2,'2021-08-29 14:03:30','2021-08-29 14:03:30',NULL),(386,5508,241,7,1928.15,0.00,2,1,'2021-08-29 14:04:56','2021-08-29 14:04:56',NULL),(387,5508,241,1029,96.41,0.00,2,2,'2021-08-29 14:04:56','2021-08-29 14:04:56',NULL),(388,5508,242,7,552.70,0.00,2,1,'2021-08-29 14:05:18','2021-08-29 14:05:18',NULL),(389,5508,243,7,16525.96,0.00,2,1,'2021-08-29 14:05:53','2021-08-29 14:05:53',NULL),(390,5508,244,7,4138.22,0.00,2,1,'2021-08-29 14:06:43','2021-08-29 14:06:43',NULL),(391,5508,244,1029,113.68,0.00,2,2,'2021-08-29 14:06:43','2021-08-29 14:06:43',NULL),(392,5508,245,7,1774.00,0.00,2,1,'2021-08-29 14:07:04','2021-08-29 14:07:04',NULL);
INSERT INTO `receipt_taxes` VALUES (393,5508,246,7,1381.08,0.00,2,1,'2021-08-29 14:07:51','2021-08-29 14:07:51',NULL),(394,5508,247,7,3060.30,0.00,2,1,'2021-08-29 14:17:03','2021-08-29 14:17:03',NULL),(395,5508,247,1029,59.70,0.00,2,2,'2021-08-29 14:17:03','2021-08-29 14:17:03',NULL),(396,5508,59,7,3000.00,0.00,2,1,'2021-08-29 14:21:08','2021-08-29 14:21:08',NULL),(399,5508,15,7,429.50,0.00,2,1,'2021-08-29 14:37:19','2021-08-29 14:37:19',NULL),(400,5508,248,7,19138.68,0.00,2,1,'2021-08-29 15:10:29','2021-08-29 15:10:29',NULL),(401,5508,248,1029,539.33,0.00,2,2,'2021-08-29 15:10:29','2021-08-29 15:10:29',NULL),(402,5508,251,7,830.00,0.00,2,1,'2021-09-01 18:48:23','2021-09-01 18:48:23',NULL),(403,5508,252,7,730.01,0.00,2,1,'2021-09-01 18:48:23','2021-09-01 18:48:23',NULL),(404,5508,253,7,136.73,0.00,2,1,'2021-09-01 18:48:23','2021-09-01 18:48:23',NULL),(406,5508,255,7,472.00,0.00,2,1,'2021-09-01 18:48:23','2021-09-01 18:48:23',NULL),(407,5508,256,7,180.00,0.00,2,1,'2021-09-01 18:48:23','2021-09-01 18:48:23',NULL),(408,5508,257,7,100.00,0.00,2,1,'2021-09-01 18:48:23','2021-09-01 18:48:23',NULL),(409,5508,258,7,580.00,0.00,2,1,'2021-09-01 18:48:23','2021-09-01 18:48:23',NULL),(410,5508,259,7,430.40,0.00,2,1,'2021-09-01 18:48:23','2021-09-01 18:48:23',NULL),(411,5508,260,7,85.00,0.00,2,1,'2021-09-01 18:48:23','2021-09-01 18:48:23',NULL),(412,5508,261,7,119.60,0.00,2,1,'2021-09-01 18:48:23','2021-09-01 18:48:23',NULL),(413,5508,262,7,165.00,0.00,2,1,'2021-09-01 18:48:23','2021-09-01 18:48:23',NULL),(414,5508,263,7,551.95,0.00,2,1,'2021-09-01 18:48:23','2021-09-01 18:48:23',NULL),(415,5508,264,7,940.00,0.00,2,1,'2021-09-01 18:48:23','2021-09-01 18:48:23',NULL),(416,5508,265,7,428.00,0.00,2,1,'2021-09-01 18:48:24','2021-09-01 18:48:24',NULL),(417,5508,266,7,208.00,0.00,2,1,'2021-09-01 18:48:24','2021-09-01 18:48:24',NULL),(418,5508,267,7,280.00,0.00,2,1,'2021-09-01 18:48:24','2021-09-01 18:48:24',NULL),(419,5508,268,7,622.00,0.00,2,1,'2021-09-01 18:48:24','2021-09-01 18:48:24',NULL),(420,5508,269,7,480.00,0.00,2,1,'2021-09-01 18:48:24','2021-09-01 18:48:24',NULL),(421,5508,270,7,155.00,0.00,2,1,'2021-09-01 18:48:24','2021-09-01 18:48:24',NULL),(422,5508,271,7,370.00,0.00,2,1,'2021-09-01 18:48:24','2021-09-01 18:48:24',NULL),(423,5508,272,7,230.00,0.00,2,1,'2021-09-01 18:48:24','2021-09-01 18:48:24',NULL),(424,5508,273,7,264.00,0.00,2,1,'2021-09-01 18:48:24','2021-09-01 18:48:24',NULL),(425,5508,274,7,550.00,0.00,2,1,'2021-09-01 18:48:24','2021-09-01 18:48:24',NULL),(426,5508,275,7,320.00,0.00,2,1,'2021-09-01 18:48:24','2021-09-01 18:48:24',NULL),(427,5508,276,7,540.00,0.00,2,1,'2021-09-01 18:48:24','2021-09-01 18:48:24',NULL),(428,5508,277,7,275.00,0.00,2,1,'2021-09-01 18:48:24','2021-09-01 18:48:24',NULL),(429,5508,278,7,620.00,0.00,2,1,'2021-09-01 18:48:24','2021-09-01 18:48:24',NULL),(430,5508,279,7,300.00,0.00,2,1,'2021-09-01 18:48:24','2021-09-01 18:48:24',NULL),(431,5508,280,7,357.00,0.00,2,1,'2021-09-01 18:48:24','2021-09-01 18:48:24',NULL),(432,5508,281,7,455.00,0.00,2,1,'2021-09-01 18:48:24','2021-09-01 18:48:24',NULL),(433,5508,282,7,390.00,0.00,2,1,'2021-09-01 18:48:24','2021-09-01 18:48:24',NULL),(434,5508,283,7,105.00,0.00,2,1,'2021-09-01 18:48:24','2021-09-01 18:48:24',NULL),(435,5508,284,7,300.00,0.00,2,1,'2021-09-01 18:48:24','2021-09-01 18:48:24',NULL),(436,5508,285,7,170.00,0.00,2,1,'2021-09-01 18:48:24','2021-09-01 18:48:24',NULL),(437,5508,286,7,390.00,0.00,2,1,'2021-09-01 18:48:24','2021-09-01 18:48:24',NULL),(438,5508,287,7,385.00,0.00,2,1,'2021-09-01 18:48:24','2021-09-01 18:48:24',NULL),(439,5508,288,7,290.00,0.00,2,1,'2021-09-01 18:48:24','2021-09-01 18:48:24',NULL),(440,5508,289,7,140.00,0.00,2,1,'2021-09-01 18:48:25','2021-09-01 18:48:25',NULL),(441,5508,290,7,967.00,0.00,2,1,'2021-09-01 18:48:25','2021-09-01 18:48:25',NULL),(442,5508,291,7,100.00,0.00,2,1,'2021-09-01 18:48:25','2021-09-01 18:48:25',NULL),(443,5508,292,7,60.00,0.00,2,1,'2021-09-01 18:48:25','2021-09-01 18:48:25',NULL);
INSERT INTO `receipt_taxes` VALUES (444,5508,293,7,150.00,0.00,2,1,'2021-09-01 18:48:25','2021-09-01 18:48:25',NULL),(445,5508,294,7,395.00,0.00,2,1,'2021-09-01 18:48:25','2021-09-01 18:48:25',NULL),(446,5508,295,7,180.00,0.00,2,1,'2021-09-01 18:48:25','2021-09-01 18:48:25',NULL),(447,5508,296,7,100.00,0.00,2,1,'2021-09-01 18:48:25','2021-09-01 18:48:25',NULL),(448,5508,297,7,342.26,0.00,2,1,'2021-09-01 18:48:25','2021-09-01 18:48:25',NULL),(449,5508,298,7,100.00,0.00,2,1,'2021-09-01 18:48:25','2021-09-01 18:48:25',NULL),(450,5508,299,7,733.00,0.00,2,1,'2021-09-01 18:48:25','2021-09-01 18:48:25',NULL),(451,5508,300,7,380.00,0.00,2,1,'2021-09-01 18:48:25','2021-09-01 18:48:25',NULL),(452,5508,301,7,400.00,0.00,2,1,'2021-09-01 18:48:25','2021-09-01 18:48:25',NULL),(453,5508,302,7,395.00,0.00,2,1,'2021-09-01 18:48:25','2021-09-01 18:48:25',NULL),(454,5508,303,7,259.20,0.00,2,1,'2021-09-01 18:48:25','2021-09-01 18:48:25',NULL),(455,5508,304,7,210.00,0.00,2,1,'2021-09-01 18:48:25','2021-09-01 18:48:25',NULL),(456,5508,305,7,327.50,0.00,2,1,'2021-09-01 18:48:25','2021-09-01 18:48:25',NULL),(457,5508,306,7,100.00,0.00,2,1,'2021-09-01 18:48:25','2021-09-01 18:48:25',NULL),(458,5508,307,7,200.00,0.00,2,1,'2021-09-01 18:48:25','2021-09-01 18:48:25',NULL),(459,5508,308,7,100.00,0.00,2,1,'2021-09-01 18:48:25','2021-09-01 18:48:25',NULL),(460,5508,309,7,172.00,0.00,2,1,'2021-09-01 18:48:25','2021-09-01 18:48:25',NULL),(461,5508,310,7,468.00,0.00,2,1,'2021-09-01 18:48:25','2021-09-01 18:48:25',NULL),(462,5508,311,7,210.00,0.00,2,1,'2021-09-01 18:48:25','2021-09-01 18:48:25',NULL),(463,5508,312,7,173.51,0.00,2,1,'2021-09-01 18:48:25','2021-09-01 18:48:25',NULL),(464,5508,313,7,424.00,0.00,2,1,'2021-09-01 18:48:25','2021-09-01 18:48:25',NULL),(465,5508,314,7,457.00,0.00,2,1,'2021-09-01 18:48:25','2021-09-01 18:48:25',NULL),(466,5508,315,7,350.00,0.00,2,1,'2021-09-01 18:48:25','2021-09-01 18:48:25',NULL),(467,5508,316,7,195.00,0.00,2,1,'2021-09-01 18:48:26','2021-09-01 18:48:26',NULL),(468,5508,317,7,422.50,0.00,2,1,'2021-09-01 18:48:26','2021-09-01 18:48:26',NULL),(469,5508,318,7,100.00,0.00,2,1,'2021-09-01 18:48:26','2021-09-01 18:48:26',NULL),(470,5508,319,7,170.00,0.00,2,1,'2021-09-01 18:48:26','2021-09-01 18:48:26',NULL),(471,5508,320,7,145.00,0.00,2,1,'2021-09-01 18:48:26','2021-09-01 18:48:26',NULL),(472,5508,321,7,623.08,0.00,2,1,'2021-09-01 18:48:26','2021-09-01 18:48:26',NULL),(473,5508,322,7,200.00,0.00,2,1,'2021-09-01 18:48:26','2021-09-01 18:48:26',NULL),(474,5508,323,7,420.00,0.00,2,1,'2021-09-01 18:48:26','2021-09-01 18:48:26',NULL),(475,5508,324,7,145.00,0.00,2,1,'2021-09-01 18:48:26','2021-09-01 18:48:26',NULL),(476,5508,325,7,270.00,0.00,2,1,'2021-09-01 18:48:26','2021-09-01 18:48:26',NULL),(477,5508,326,7,627.70,0.00,2,1,'2021-09-01 18:48:26','2021-09-01 18:48:26',NULL),(478,5508,327,7,370.02,0.00,2,1,'2021-09-01 18:48:26','2021-09-01 18:48:26',NULL),(479,5508,328,7,225.00,0.00,2,1,'2021-09-01 18:48:26','2021-09-01 18:48:26',NULL),(480,5508,329,7,360.00,0.00,2,1,'2021-09-01 18:48:26','2021-09-01 18:48:26',NULL),(481,5508,330,7,380.00,0.00,2,1,'2021-09-01 18:48:26','2021-09-01 18:48:26',NULL),(482,5508,331,7,350.00,0.00,2,1,'2021-09-01 18:48:26','2021-09-01 18:48:26',NULL),(483,5508,332,7,100.30,0.00,2,1,'2021-09-01 18:48:26','2021-09-01 18:48:26',NULL),(484,5508,333,7,140.00,0.00,2,1,'2021-09-01 18:48:26','2021-09-01 18:48:26',NULL),(485,5508,334,7,338.00,0.00,2,1,'2021-09-01 18:48:26','2021-09-01 18:48:26',NULL),(486,5508,335,7,564.34,0.00,2,1,'2021-09-01 18:48:26','2021-09-01 18:48:26',NULL),(487,5508,336,7,274.53,0.00,2,1,'2021-09-01 18:48:26','2021-09-01 18:48:26',NULL),(488,5508,337,7,200.00,0.00,2,1,'2021-09-01 18:48:26','2021-09-01 18:48:26',NULL),(489,5508,338,7,190.00,0.00,2,1,'2021-09-01 18:48:26','2021-09-01 18:48:26',NULL),(490,5508,339,7,200.00,0.00,2,1,'2021-09-01 18:48:26','2021-09-01 18:48:26',NULL),(491,5508,340,7,305.00,0.00,2,1,'2021-09-01 18:48:26','2021-09-01 18:48:26',NULL);
INSERT INTO `receipt_taxes` VALUES (492,5508,341,7,450.00,0.00,2,1,'2021-09-01 18:48:26','2021-09-01 18:48:26',NULL),(493,5508,342,7,515.00,0.00,2,1,'2021-09-01 18:48:26','2021-09-01 18:48:26',NULL),(494,5508,343,7,305.00,0.00,2,1,'2021-09-01 18:48:26','2021-09-01 18:48:26',NULL),(495,5508,344,7,125.00,0.00,2,1,'2021-09-01 18:48:27','2021-09-01 18:48:27',NULL),(496,5508,345,7,70.00,0.00,2,1,'2021-09-01 18:48:27','2021-09-01 18:48:27',NULL),(497,5508,346,7,215.60,0.00,2,1,'2021-09-01 18:48:27','2021-09-01 18:48:27',NULL),(498,5508,347,7,50.00,0.00,2,1,'2021-09-01 18:48:27','2021-09-01 18:48:27',NULL),(499,5508,348,7,250.00,0.00,2,1,'2021-09-01 18:48:27','2021-09-01 18:48:27',NULL),(500,5508,349,7,305.00,0.00,2,1,'2021-09-01 18:48:27','2021-09-01 18:48:27',NULL),(501,5508,350,7,230.00,0.00,2,1,'2021-09-01 18:48:27','2021-09-01 18:48:27',NULL),(502,5508,351,7,300.00,0.00,2,1,'2021-09-01 18:48:27','2021-09-01 18:48:27',NULL),(503,5508,352,7,145.00,0.00,2,1,'2021-09-01 18:48:27','2021-09-01 18:48:27',NULL),(504,5508,353,7,110.00,0.00,2,1,'2021-09-01 18:48:27','2021-09-01 18:48:27',NULL),(505,5508,354,7,340.00,0.00,2,1,'2021-09-01 18:48:27','2021-09-01 18:48:27',NULL),(506,5508,355,7,650.00,0.00,2,1,'2021-09-01 18:48:27','2021-09-01 18:48:27',NULL),(507,5508,356,7,670.00,0.00,2,1,'2021-09-01 18:48:27','2021-09-01 18:48:27',NULL),(508,5508,357,7,220.00,0.00,2,1,'2021-09-01 18:48:27','2021-09-01 18:48:27',NULL),(509,5508,358,7,120.00,0.00,2,1,'2021-09-01 18:48:27','2021-09-01 18:48:27',NULL),(510,5508,359,7,550.00,0.00,2,1,'2021-09-01 18:48:27','2021-09-01 18:48:27',NULL),(511,5508,360,7,675.00,0.00,2,1,'2021-09-01 18:48:27','2021-09-01 18:48:27',NULL),(512,5508,361,7,259.00,0.00,2,1,'2021-09-01 18:48:27','2021-09-01 18:48:27',NULL),(513,5508,362,7,435.00,0.00,2,1,'2021-09-01 18:48:27','2021-09-01 18:48:27',NULL),(514,5508,363,7,330.00,0.00,2,1,'2021-09-01 18:48:27','2021-09-01 18:48:27',NULL),(515,5508,364,7,332.00,0.00,2,1,'2021-09-01 18:48:27','2021-09-01 18:48:27',NULL),(516,5508,365,7,320.00,0.00,2,1,'2021-09-01 18:48:27','2021-09-01 18:48:27',NULL),(519,5508,368,7,427.25,0.00,2,1,'2021-09-01 18:48:27','2021-09-01 18:48:27',NULL),(520,5508,369,7,515.00,0.00,2,1,'2021-09-01 18:48:27','2021-09-01 18:48:27',NULL),(521,5508,370,7,110.00,0.00,2,1,'2021-09-01 18:48:27','2021-09-01 18:48:27',NULL),(522,5508,371,7,110.00,0.00,2,1,'2021-09-01 18:48:27','2021-09-01 18:48:27',NULL),(523,5508,372,7,155.00,0.00,2,1,'2021-09-01 18:48:27','2021-09-01 18:48:27',NULL),(524,5508,373,7,435.00,0.00,2,1,'2021-09-01 18:48:27','2021-09-01 18:48:27',NULL),(525,5508,374,7,347.20,0.00,2,1,'2021-09-01 18:48:28','2021-09-01 18:48:28',NULL),(526,5508,375,7,246.22,0.00,2,1,'2021-09-01 18:48:28','2021-09-01 18:48:28',NULL),(552,5508,392,7,10275.00,0.00,2,1,'2021-09-01 18:50:37','2021-09-01 18:50:37',NULL),(563,5508,254,7,726.42,0.00,2,1,'2021-09-01 18:52:24','2021-09-01 18:52:24',NULL),(564,5508,367,7,5500.00,0.00,2,1,'2021-09-01 18:52:43','2021-09-01 18:52:43',NULL),(565,5508,366,7,5500.00,0.00,2,1,'2021-09-01 18:53:05','2021-09-01 18:53:05',NULL),(568,5508,384,7,3959.81,0.00,2,1,'2021-09-01 19:11:23','2021-09-01 19:11:23',NULL),(569,5508,384,1029,138.58,0.00,2,2,'2021-09-01 19:11:23','2021-09-01 19:11:23',NULL),(570,5508,380,7,1902.47,0.00,2,1,'2021-09-01 19:12:43','2021-09-01 19:12:43',NULL),(571,5508,380,1029,66.58,0.00,2,2,'2021-09-01 19:12:43','2021-09-01 19:12:43',NULL),(572,5508,376,7,962.50,0.00,2,1,'2021-09-01 19:13:36','2021-09-01 19:13:36',NULL),(573,5508,377,7,3048.20,0.00,2,1,'2021-09-01 19:14:09','2021-09-01 19:14:09',NULL),(574,5508,378,7,3177.44,0.00,2,1,'2021-09-01 19:15:50','2021-09-01 19:15:50',NULL),(575,5508,378,1029,158.88,0.00,2,2,'2021-09-01 19:15:50','2021-09-01 19:15:50',NULL),(576,5508,381,7,798.60,0.00,2,1,'2021-09-01 19:16:54','2021-09-01 19:16:54',NULL),(577,5508,381,1029,27.95,0.00,2,2,'2021-09-01 19:16:54','2021-09-01 19:16:54',NULL),(578,5508,382,7,1436.21,0.00,2,1,'2021-09-01 19:17:14','2021-09-01 19:17:14',NULL);
INSERT INTO `receipt_taxes` VALUES (579,5508,383,7,1146.34,0.00,2,1,'2021-09-01 19:17:47','2021-09-01 19:17:47',NULL),(580,5508,385,7,2031.80,0.00,2,1,'2021-09-01 19:18:09','2021-09-01 19:18:09',NULL),(581,5508,386,7,1735.99,0.00,2,1,'2021-09-01 19:18:49','2021-09-01 19:18:49',NULL),(582,5508,386,1029,60.76,0.00,2,2,'2021-09-01 19:18:49','2021-09-01 19:18:49',NULL),(583,5508,388,7,2106.73,0.00,2,1,'2021-09-01 19:19:38','2021-09-01 19:19:38',NULL),(584,5508,388,1029,105.34,0.00,2,2,'2021-09-01 19:19:38','2021-09-01 19:19:38',NULL),(585,5508,391,7,17135.11,0.00,2,1,'2021-09-01 19:20:11','2021-09-01 19:20:11',NULL),(587,5508,387,7,29999.99,0.00,2,1,'2021-09-01 19:25:31','2021-09-01 19:25:31',NULL),(588,5508,396,7,82292.34,0.00,2,1,'2021-09-01 19:26:08','2021-09-01 19:26:08',NULL),(589,5508,395,7,2342.55,0.00,2,1,'2021-09-01 19:26:58','2021-09-01 19:26:58',NULL),(590,5508,395,1029,117.11,0.00,2,2,'2021-09-01 19:26:58','2021-09-01 19:26:58',NULL),(591,5508,390,7,3049.00,0.00,2,1,'2021-09-01 19:27:44','2021-09-01 19:27:44',NULL),(592,5508,379,7,299.61,0.00,2,1,'2021-09-01 19:48:14','2021-09-01 19:48:14',NULL),(595,5508,393,7,1974.00,0.00,2,1,'2021-09-01 19:51:05','2021-09-01 19:51:05',NULL),(596,5508,397,7,622.33,0.00,2,1,'2021-09-01 19:52:39','2021-09-01 19:52:39',NULL),(597,5508,398,7,622.33,0.00,2,1,'2021-09-01 19:52:53','2021-09-01 19:52:53',NULL),(598,5508,394,7,4138.22,0.00,2,1,'2021-09-01 20:00:12','2021-09-01 20:00:12',NULL),(599,5508,394,1029,113.68,0.00,2,2,'2021-09-01 20:00:12','2021-09-01 20:00:12',NULL),(600,5508,389,7,1706.20,0.00,2,1,'2021-09-19 13:46:04','2021-09-19 13:46:04',NULL),(601,5508,389,1029,59.57,0.00,2,2,'2021-09-19 13:46:04','2021-09-19 13:46:04',NULL),(603,5508,402,2,19326.50,4058.57,2,1,'2021-10-03 12:10:07','2021-10-03 12:10:07',NULL),(604,5508,403,2,2109.22,442.94,2,1,'2021-10-03 12:10:07','2021-10-03 12:10:07',NULL),(605,5508,404,2,20069.55,4214.61,2,1,'2021-10-03 12:10:07','2021-10-03 12:10:07',NULL),(606,5508,405,2,986.01,207.06,2,1,'2021-10-03 12:10:07','2021-10-03 12:10:07',NULL),(607,5508,406,2,7507.08,1576.49,2,1,'2021-10-03 12:10:07','2021-10-03 12:10:07',NULL),(608,5508,407,2,27634.71,5803.29,2,1,'2021-10-03 12:10:07','2021-10-03 12:10:07',NULL),(609,5508,401,7,10894.80,0.00,2,1,'2021-10-03 12:28:35','2021-10-03 12:28:35',NULL),(610,5508,408,7,4750.00,0.00,2,1,'2021-10-03 12:33:25','2021-10-03 12:33:25',NULL),(611,5508,409,7,293.59,0.00,2,1,'2021-10-03 12:33:25','2021-10-03 12:33:25',NULL),(612,5508,410,7,176.80,0.00,2,1,'2021-10-03 12:33:25','2021-10-03 12:33:25',NULL),(613,5508,411,7,230.00,0.00,2,1,'2021-10-03 12:33:25','2021-10-03 12:33:25',NULL),(615,5508,413,7,125.00,0.00,2,1,'2021-10-03 12:33:25','2021-10-03 12:33:25',NULL),(616,5508,414,7,140.00,0.00,2,1,'2021-10-03 12:33:25','2021-10-03 12:33:25',NULL),(617,5508,415,7,250.00,0.00,2,1,'2021-10-03 12:33:25','2021-10-03 12:33:25',NULL),(618,5508,416,7,372.00,0.00,2,1,'2021-10-03 12:33:25','2021-10-03 12:33:25',NULL),(619,5508,417,7,410.00,0.00,2,1,'2021-10-03 12:33:26','2021-10-03 12:33:26',NULL),(620,5508,418,7,300.00,0.00,2,1,'2021-10-03 12:33:26','2021-10-03 12:33:26',NULL),(621,5508,419,7,200.00,0.00,2,1,'2021-10-03 12:33:26','2021-10-03 12:33:26',NULL),(622,5508,420,7,1125.00,0.00,2,1,'2021-10-03 12:33:26','2021-10-03 12:33:26',NULL),(623,5508,421,7,115.00,0.00,2,1,'2021-10-03 12:33:26','2021-10-03 12:33:26',NULL),(624,5508,422,7,380.00,0.00,2,1,'2021-10-03 12:33:26','2021-10-03 12:33:26',NULL),(625,5508,423,7,305.00,0.00,2,1,'2021-10-03 12:33:26','2021-10-03 12:33:26',NULL),(626,5508,424,7,250.00,0.00,2,1,'2021-10-03 12:33:26','2021-10-03 12:33:26',NULL),(627,5508,425,7,160.00,0.00,2,1,'2021-10-03 12:33:26','2021-10-03 12:33:26',NULL),(628,5508,426,7,1844.00,0.00,2,1,'2021-10-03 12:33:26','2021-10-03 12:33:26',NULL),(629,5508,427,7,210.00,0.00,2,1,'2021-10-03 12:33:26','2021-10-03 12:33:26',NULL),(630,5508,428,7,676.00,0.00,2,1,'2021-10-03 12:33:26','2021-10-03 12:33:26',NULL),(631,5508,429,7,330.00,0.00,2,1,'2021-10-03 12:33:26','2021-10-03 12:33:26',NULL);
INSERT INTO `receipt_taxes` VALUES (632,5508,430,7,598.35,0.00,2,1,'2021-10-03 12:33:26','2021-10-03 12:33:26',NULL),(633,5508,431,7,150.00,0.00,2,1,'2021-10-03 12:33:26','2021-10-03 12:33:26',NULL),(634,5508,432,7,440.00,0.00,2,1,'2021-10-03 12:33:26','2021-10-03 12:33:26',NULL),(635,5508,433,7,175.00,0.00,2,1,'2021-10-03 12:33:26','2021-10-03 12:33:26',NULL),(636,5508,434,7,260.00,0.00,2,1,'2021-10-03 12:33:26','2021-10-03 12:33:26',NULL),(637,5508,435,7,255.00,0.00,2,1,'2021-10-03 12:33:26','2021-10-03 12:33:26',NULL),(638,5508,436,7,240.00,0.00,2,1,'2021-10-03 12:33:26','2021-10-03 12:33:26',NULL),(639,5508,437,7,150.00,0.00,2,1,'2021-10-03 12:33:26','2021-10-03 12:33:26',NULL),(640,5508,438,7,315.00,0.00,2,1,'2021-10-03 12:33:26','2021-10-03 12:33:26',NULL),(641,5508,439,7,207.83,0.00,2,1,'2021-10-03 12:33:26','2021-10-03 12:33:26',NULL),(642,5508,440,7,375.00,0.00,2,1,'2021-10-03 12:33:26','2021-10-03 12:33:26',NULL),(643,5508,441,7,1060.00,0.00,2,1,'2021-10-03 12:33:26','2021-10-03 12:33:26',NULL),(644,5508,442,7,118.00,0.00,2,1,'2021-10-03 12:33:26','2021-10-03 12:33:26',NULL),(645,5508,443,7,677.60,0.00,2,1,'2021-10-03 12:33:27','2021-10-03 12:33:27',NULL),(646,5508,444,7,480.01,0.00,2,1,'2021-10-03 12:33:27','2021-10-03 12:33:27',NULL),(647,5508,445,7,355.00,0.00,2,1,'2021-10-03 12:33:27','2021-10-03 12:33:27',NULL),(648,5508,446,7,313.00,0.00,2,1,'2021-10-03 12:33:27','2021-10-03 12:33:27',NULL),(649,5508,447,7,455.00,0.00,2,1,'2021-10-03 12:33:27','2021-10-03 12:33:27',NULL),(650,5508,448,7,238.00,0.00,2,1,'2021-10-03 12:33:27','2021-10-03 12:33:27',NULL),(651,5508,449,7,890.00,0.00,2,1,'2021-10-03 12:33:27','2021-10-03 12:33:27',NULL),(652,5508,450,7,130.00,0.00,2,1,'2021-10-03 12:33:27','2021-10-03 12:33:27',NULL),(653,5508,451,7,350.00,0.00,2,1,'2021-10-03 12:33:27','2021-10-03 12:33:27',NULL),(654,5508,452,7,300.00,0.00,2,1,'2021-10-03 12:33:27','2021-10-03 12:33:27',NULL),(655,5508,453,7,240.00,0.00,2,1,'2021-10-03 12:33:27','2021-10-03 12:33:27',NULL),(656,5508,454,7,400.00,0.00,2,1,'2021-10-03 12:33:27','2021-10-03 12:33:27',NULL),(657,5508,455,7,1350.00,0.00,2,1,'2021-10-03 12:33:27','2021-10-03 12:33:27',NULL),(658,5508,456,7,378.00,0.00,2,1,'2021-10-03 12:33:27','2021-10-03 12:33:27',NULL),(659,5508,457,7,342.10,0.00,2,1,'2021-10-03 12:33:27','2021-10-03 12:33:27',NULL),(660,5508,458,7,185.00,0.00,2,1,'2021-10-03 12:33:27','2021-10-03 12:33:27',NULL),(661,5508,459,7,320.00,0.00,2,1,'2021-10-03 12:33:27','2021-10-03 12:33:27',NULL),(662,5508,460,7,170.00,0.00,2,1,'2021-10-03 12:33:27','2021-10-03 12:33:27',NULL),(663,5508,461,7,370.00,0.00,2,1,'2021-10-03 12:33:27','2021-10-03 12:33:27',NULL),(664,5508,462,7,130.00,0.00,2,1,'2021-10-03 12:33:27','2021-10-03 12:33:27',NULL),(665,5508,463,7,280.00,0.00,2,1,'2021-10-03 12:33:27','2021-10-03 12:33:27',NULL),(666,5508,464,7,285.00,0.00,2,1,'2021-10-03 12:33:27','2021-10-03 12:33:27',NULL),(667,5508,465,7,70.00,0.00,2,1,'2021-10-03 12:33:27','2021-10-03 12:33:27',NULL),(668,5508,466,7,500.00,0.00,2,1,'2021-10-03 12:33:27','2021-10-03 12:33:27',NULL),(669,5508,467,7,491.70,0.00,2,1,'2021-10-03 12:33:27','2021-10-03 12:33:27',NULL),(670,5508,468,7,348.40,0.00,2,1,'2021-10-03 12:33:27','2021-10-03 12:33:27',NULL),(671,5508,469,7,150.00,0.00,2,1,'2021-10-03 12:33:27','2021-10-03 12:33:27',NULL),(672,5508,470,7,210.00,0.00,2,1,'2021-10-03 12:33:28','2021-10-03 12:33:28',NULL),(673,5508,471,7,100.00,0.00,2,1,'2021-10-03 12:33:28','2021-10-03 12:33:28',NULL),(674,5508,472,7,144.50,0.00,2,1,'2021-10-03 12:33:28','2021-10-03 12:33:28',NULL),(675,5508,473,7,232.50,0.00,2,1,'2021-10-03 12:33:28','2021-10-03 12:33:28',NULL),(676,5508,474,7,320.00,0.00,2,1,'2021-10-03 12:33:28','2021-10-03 12:33:28',NULL),(677,5508,475,7,185.00,0.00,2,1,'2021-10-03 12:33:28','2021-10-03 12:33:28',NULL),(678,5508,476,7,220.10,0.00,2,1,'2021-10-03 12:33:28','2021-10-03 12:33:28',NULL),(679,5508,477,7,350.00,0.00,2,1,'2021-10-03 12:33:28','2021-10-03 12:33:28',NULL);
INSERT INTO `receipt_taxes` VALUES (680,5508,478,7,270.00,0.00,2,1,'2021-10-03 12:33:28','2021-10-03 12:33:28',NULL),(681,5508,479,7,210.00,0.00,2,1,'2021-10-03 12:33:28','2021-10-03 12:33:28',NULL),(682,5508,480,7,400.00,0.00,2,1,'2021-10-03 12:33:28','2021-10-03 12:33:28',NULL),(683,5508,481,7,435.00,0.00,2,1,'2021-10-03 12:33:28','2021-10-03 12:33:28',NULL),(684,5508,482,7,815.00,0.00,2,1,'2021-10-03 12:33:28','2021-10-03 12:33:28',NULL),(685,5508,483,7,650.00,0.00,2,1,'2021-10-03 12:33:28','2021-10-03 12:33:28',NULL),(686,5508,484,7,450.00,0.00,2,1,'2021-10-03 12:33:28','2021-10-03 12:33:28',NULL),(687,5508,485,7,240.00,0.00,2,1,'2021-10-03 12:33:28','2021-10-03 12:33:28',NULL),(688,5508,486,7,280.00,0.00,2,1,'2021-10-03 12:33:28','2021-10-03 12:33:28',NULL),(689,5508,487,7,730.00,0.00,2,1,'2021-10-03 12:33:28','2021-10-03 12:33:28',NULL),(690,5508,488,7,150.00,0.00,2,1,'2021-10-03 12:33:28','2021-10-03 12:33:28',NULL),(691,5508,489,7,190.00,0.00,2,1,'2021-10-03 12:33:28','2021-10-03 12:33:28',NULL),(692,5508,490,7,110.00,0.00,2,1,'2021-10-03 12:33:28','2021-10-03 12:33:28',NULL),(693,5508,491,7,252.00,0.00,2,1,'2021-10-03 12:33:28','2021-10-03 12:33:28',NULL),(694,5508,492,7,155.00,0.00,2,1,'2021-10-03 12:33:28','2021-10-03 12:33:28',NULL),(695,5508,493,7,340.00,0.00,2,1,'2021-10-03 12:33:28','2021-10-03 12:33:28',NULL),(696,5508,494,7,402.05,0.00,2,1,'2021-10-03 12:33:28','2021-10-03 12:33:28',NULL),(697,5508,495,7,105.00,0.00,2,1,'2021-10-03 12:33:28','2021-10-03 12:33:28',NULL),(698,5508,496,7,170.00,0.00,2,1,'2021-10-03 12:33:28','2021-10-03 12:33:28',NULL),(699,5508,497,7,145.00,0.00,2,1,'2021-10-03 12:33:29','2021-10-03 12:33:29',NULL),(700,5508,498,7,380.00,0.00,2,1,'2021-10-03 12:33:29','2021-10-03 12:33:29',NULL),(701,5508,499,7,215.00,0.00,2,1,'2021-10-03 12:33:29','2021-10-03 12:33:29',NULL),(702,5508,500,7,405.00,0.00,2,1,'2021-10-03 12:33:29','2021-10-03 12:33:29',NULL),(703,5508,501,7,90.00,0.00,2,1,'2021-10-03 12:33:29','2021-10-03 12:33:29',NULL),(704,5508,502,7,605.00,0.00,2,1,'2021-10-03 12:33:29','2021-10-03 12:33:29',NULL),(705,5508,503,7,355.00,0.00,2,1,'2021-10-03 12:33:29','2021-10-03 12:33:29',NULL),(706,5508,504,7,110.00,0.00,2,1,'2021-10-03 12:33:29','2021-10-03 12:33:29',NULL),(707,5508,505,7,60.00,0.00,2,1,'2021-10-03 12:33:29','2021-10-03 12:33:29',NULL),(708,5508,506,7,383.40,0.00,2,1,'2021-10-03 12:33:29','2021-10-03 12:33:29',NULL),(709,5508,507,7,500.00,0.00,2,1,'2021-10-03 12:33:29','2021-10-03 12:33:29',NULL),(710,5508,508,7,490.00,0.00,2,1,'2021-10-03 12:33:29','2021-10-03 12:33:29',NULL),(711,5508,509,7,370.00,0.00,2,1,'2021-10-03 12:33:29','2021-10-03 12:33:29',NULL),(712,5508,510,7,470.00,0.00,2,1,'2021-10-03 12:33:29','2021-10-03 12:33:29',NULL),(713,5508,511,7,180.00,0.00,2,1,'2021-10-03 12:33:29','2021-10-03 12:33:29',NULL),(714,5508,512,7,304.00,0.00,2,1,'2021-10-03 12:33:29','2021-10-03 12:33:29',NULL),(715,5508,513,7,380.00,0.00,2,1,'2021-10-03 12:33:29','2021-10-03 12:33:29',NULL),(716,5508,514,7,280.00,0.00,2,1,'2021-10-03 12:33:29','2021-10-03 12:33:29',NULL),(717,5508,515,7,650.00,0.00,2,1,'2021-10-03 12:33:29','2021-10-03 12:33:29',NULL),(718,5508,516,7,394.00,0.00,2,1,'2021-10-03 12:33:29','2021-10-03 12:33:29',NULL),(719,5508,517,7,494.10,0.00,2,1,'2021-10-03 12:33:29','2021-10-03 12:33:29',NULL),(720,5508,518,7,360.00,0.00,2,1,'2021-10-03 12:33:29','2021-10-03 12:33:29',NULL),(721,5508,519,7,300.00,0.00,2,1,'2021-10-03 12:33:29','2021-10-03 12:33:29',NULL),(722,5508,520,7,144.25,0.00,2,1,'2021-10-03 12:33:29','2021-10-03 12:33:29',NULL),(723,5508,521,7,220.00,0.00,2,1,'2021-10-03 12:33:29','2021-10-03 12:33:29',NULL),(726,5508,524,7,245.00,0.00,2,1,'2021-10-03 12:33:30','2021-10-03 12:33:30',NULL),(727,5508,525,7,200.00,0.00,2,1,'2021-10-03 12:33:30','2021-10-03 12:33:30',NULL),(728,5508,526,7,375.00,0.00,2,1,'2021-10-03 12:33:30','2021-10-03 12:33:30',NULL),(729,5508,527,7,250.00,0.00,2,1,'2021-10-03 12:33:30','2021-10-03 12:33:30',NULL);
INSERT INTO `receipt_taxes` VALUES (730,5508,528,7,225.00,0.00,2,1,'2021-10-03 12:33:30','2021-10-03 12:33:30',NULL),(750,5508,540,2,1254.30,263.40,2,1,'2021-10-03 12:34:21','2021-10-03 12:34:21',NULL),(751,5508,540,7,140.98,0.00,2,1,'2021-10-03 12:34:21','2021-10-03 12:34:21',NULL),(754,5508,542,2,1254.30,263.40,2,1,'2021-10-03 12:34:21','2021-10-03 12:34:21',NULL),(755,5508,542,7,140.98,0.00,2,1,'2021-10-03 12:34:21','2021-10-03 12:34:21',NULL),(761,5508,545,7,2639.40,0.00,2,1,'2021-10-03 12:36:43','2021-10-03 12:36:43',NULL),(762,5508,544,7,5281.25,0.00,2,1,'2021-10-03 12:37:16','2021-10-03 12:37:16',NULL),(763,5508,523,7,5500.00,0.00,2,1,'2021-10-03 12:43:59','2021-10-03 12:43:59',NULL),(764,5508,522,7,21000.00,0.00,2,1,'2021-10-03 12:47:40','2021-10-03 12:47:40',NULL),(765,5508,412,7,767.38,0.00,2,1,'2021-10-03 12:48:18','2021-10-03 12:48:18',NULL),(766,5508,531,7,798.60,0.00,2,1,'2021-10-03 12:55:19','2021-10-03 12:55:19',NULL),(767,5508,531,1029,27.95,0.00,2,2,'2021-10-03 12:55:19','2021-10-03 12:55:19',NULL),(768,5508,543,7,4138.22,0.00,2,1,'2021-10-03 12:57:22','2021-10-03 12:57:22',NULL),(769,5508,543,1029,113.68,0.00,2,2,'2021-10-03 12:57:22','2021-10-03 12:57:22',NULL),(770,5508,539,7,1072.00,0.00,2,1,'2021-10-03 13:02:23','2021-10-03 13:02:23',NULL),(771,5508,537,7,10548.91,0.00,2,1,'2021-10-03 13:07:52','2021-10-03 13:07:52',NULL),(772,5508,533,7,26712.59,0.00,2,1,'2021-10-03 13:08:47','2021-10-03 13:08:47',NULL),(773,5508,532,7,3187.35,0.00,2,1,'2021-10-03 13:10:30','2021-10-03 13:10:30',NULL),(774,5508,532,1029,159.37,0.00,2,2,'2021-10-03 13:10:30','2021-10-03 13:10:30',NULL),(775,5508,535,7,3090.93,0.00,2,1,'2021-10-03 13:12:08','2021-10-03 13:12:08',NULL),(776,5508,535,1029,154.55,0.00,2,2,'2021-10-03 13:12:08','2021-10-03 13:12:08',NULL),(777,5508,534,7,1560.00,0.00,2,1,'2021-10-03 13:12:45','2021-10-03 13:12:45',NULL),(778,5508,529,7,3753.89,0.00,2,1,'2021-10-04 19:34:48','2021-10-04 19:34:48',NULL),(779,5508,529,1029,131.38,0.00,2,2,'2021-10-04 19:34:48','2021-10-04 19:34:48',NULL),(780,5508,530,7,2035.94,0.00,2,1,'2021-10-04 19:35:42','2021-10-04 19:35:42',NULL),(781,5508,530,1029,71.25,0.00,2,2,'2021-10-04 19:35:42','2021-10-04 19:35:42',NULL),(782,5508,536,7,5333.29,0.00,2,1,'2021-10-04 19:46:41','2021-10-04 19:46:41',NULL),(783,5508,536,1029,186.65,0.00,2,2,'2021-10-04 19:46:41','2021-10-04 19:46:41',NULL),(784,5508,538,7,5698.71,0.00,2,1,'2021-10-04 19:47:46','2021-10-04 19:47:46',NULL),(785,5508,538,1029,199.46,0.00,2,2,'2021-10-04 19:47:46','2021-10-04 19:47:46',NULL),(786,5508,541,7,3649.99,0.00,2,1,'2021-10-04 19:49:47','2021-10-04 19:49:47',NULL),(787,5508,541,1029,127.76,0.00,2,2,'2021-10-04 19:49:47','2021-10-04 19:49:47',NULL),(788,5508,548,7,3780.67,0.00,2,1,'2021-10-23 19:18:14','2021-10-23 19:18:14',NULL),(789,5508,548,1029,79.33,0.00,2,2,'2021-10-23 19:18:14','2021-10-23 19:18:14',NULL);

--
-- Table structure for table `receipt_types`
--

CREATE TABLE `receipt_types` (
  `id` int(10) unsigned NOT NULL AUTO_INCREMENT,
  `user_id` int(10) unsigned DEFAULT NULL,
  `created_at` timestamp NULL DEFAULT NULL,
  `updated_at` timestamp NULL DEFAULT NULL,
  `name` varchar(255) COLLATE utf8mb4_unicode_ci NOT NULL,
  `code` varchar(255) COLLATE utf8mb4_unicode_ci DEFAULT NULL,
  `credit` int(11) DEFAULT '0',
  `agroup_iva_module` int(10) unsigned DEFAULT NULL,
  `sell_no_taxabled` int(11) DEFAULT '0',
  `buy_no_taxabled` int(11) DEFAULT '0',
  `iva_condition_id` int(11) DEFAULT NULL,
  `is_fce_pyme` tinyint(1) NOT NULL DEFAULT '0',
  `afip_comprobante_id` int(11) DEFAULT NULL,
  `tipo` varchar(255) COLLATE utf8mb4_unicode_ci DEFAULT NULL,
  `letra` varchar(255) COLLATE utf8mb4_unicode_ci DEFAULT NULL,
  `facta_electronica` int(10) unsigned NOT NULL DEFAULT '0',
  `is_stock_lpg` tinyint(1) NOT NULL DEFAULT '0',
  `show_from_total` tinyint(1) NOT NULL DEFAULT '0',
  `deleted_at` timestamp NULL DEFAULT NULL,
  PRIMARY KEY (`id`)
) ENGINE=InnoDB AUTO_INCREMENT=62 DEFAULT CHARSET=utf8mb4 COLLATE=utf8mb4_unicode_ci;

--
-- Dumping data for table `receipt_types`
--

INSERT INTO `receipt_types` VALUES (1,NULL,NULL,'2019-07-29 22:19:32','Factura A','1',0,1,0,0,2,0,1,'Factura','A',1,0,0,NULL),(2,NULL,NULL,'2019-07-29 22:19:32','Nota de débito A','2',0,1,0,0,2,0,2,'Nota de Débito','A',1,0,0,NULL),(3,NULL,NULL,'2019-07-29 22:19:32','Nota de crédito A','3',1,NULL,0,0,2,0,3,'Nota de Crédito','A',1,0,0,NULL),(4,NULL,NULL,'2021-08-15 19:52:34','Factura B','6',0,2,0,1,2,0,6,'Factura','B',1,0,1,NULL),(5,NULL,NULL,'2021-08-15 19:52:34','Nota de débito B','7',0,2,0,1,2,0,7,'Nota de Débito','B',1,0,1,NULL),(6,NULL,NULL,'2021-08-15 19:52:34','Nota de crédito B','8',1,NULL,0,1,2,0,8,'Nota de Crédito','B',1,0,1,NULL),(7,NULL,NULL,'2019-07-29 22:19:32','Factura C','11',0,0,1,1,1,0,11,'Factura','C',1,0,0,NULL),(8,NULL,NULL,'2019-07-29 22:19:32','Nota de débito C','12',0,0,1,1,1,0,12,'Nota de Débito','C',1,0,0,NULL),(9,NULL,NULL,'2019-07-29 22:19:32','Nota de crédito C','13',1,NULL,1,1,1,0,13,'Nota de Crédito','C',1,0,0,NULL),(10,NULL,NULL,NULL,'RECIBO A','4',0,1,0,0,2,0,4,'RECIBO','A',0,0,0,NULL),(11,NULL,NULL,'2021-08-15 19:52:34','RECIBO B','9',0,2,0,1,2,0,9,'RECIBO','B',0,0,1,NULL),(12,NULL,NULL,NULL,'RECIBO C','15',0,0,1,1,1,0,15,'RECIBO','C',0,0,0,NULL),(13,NULL,NULL,'2020-02-27 02:46:40','Factura E','19',0,0,1,0,2,0,19,'Factura','E',0,0,0,NULL),(14,NULL,NULL,'2020-02-27 02:46:40','Nota de débito E','20',0,0,1,0,2,0,20,'Nota de Débito','E',0,0,0,NULL),(15,NULL,NULL,'2020-02-27 02:46:40','Nota de Crédito E','21',1,NULL,1,0,2,0,21,'Nota de Crédito','E',0,0,0,NULL),(16,NULL,NULL,'2021-09-16 15:50:10','Factura M','51',0,1,0,0,2,0,51,'Factura','M',1,0,0,NULL),(17,NULL,NULL,'2020-02-27 02:46:40','Despacho de Importacion','66',0,NULL,0,0,0,0,66,NULL,NULL,0,0,0,NULL),(18,NULL,NULL,'2021-09-16 15:50:10','Nota de Credito M','53',1,NULL,0,0,2,0,53,'Nota de Crédito','M',1,0,0,NULL),(19,NULL,NULL,'2021-09-16 15:50:10','Nota de Debito M','52',1,1,0,0,2,0,52,'Nota de Débito','M',1,0,0,NULL),(20,NULL,NULL,NULL,'Recibo M','54',0,1,0,0,2,0,54,'RECIBO','M',0,0,0,NULL),(21,NULL,NULL,NULL,'Recibo E',NULL,1,0,1,0,2,0,NULL,'RECIBO','E',0,0,0,NULL),(22,NULL,'2019-05-14 21:22:16','2021-08-15 19:52:33','Liquidacion Primaria de Granos','33',0,1,0,0,2,0,33,'Liquidacion Primaria de Granos','A',0,1,0,NULL),(23,NULL,'2019-11-05 19:00:05','2019-11-05 19:00:05','FACTURA DE CRÉDITO ELECTRÓNICA MiPyMEs (FCE) A','201',0,1,0,0,2,1,201,'FACTURA DE CRÉDITO ELECTRÓNICA MiPyMEs (FCE)','A',1,0,0,NULL),(24,NULL,'2019-11-05 19:00:05','2019-11-05 19:00:05','NOTA DE DEBITO ELECTRÓNICA MiPyMEs (FCE) A','202',0,1,0,0,2,1,202,'NOTA DEBITO DE CRÉDITO ELECTRÓNICA MiPyMEs (FCE)','A',1,0,0,NULL),(25,NULL,'2019-11-05 19:00:05','2019-11-05 19:00:05','NOTA DE CREDITO ELECTRÓNICA MiPyMEs (FCE) A','203',1,NULL,0,0,2,1,203,'NOTA CREDITO DE CRÉDITO ELECTRÓNICA MiPyMEs (FCE)','A',1,0,0,NULL),(26,NULL,'2019-11-05 19:00:05','2021-08-15 19:52:34','FACTURA DE CRÉDITO ELECTRÓNICA MiPyMEs (FCE) B','206',0,2,0,1,2,1,206,'FACTURA DE CRÉDITO ELECTRÓNICA MiPyMEs (FCE)','B',1,0,1,NULL),(27,NULL,'2019-11-05 19:00:05','2021-08-15 19:52:34','NOTA DE DEBITO ELECTRÓNICA MiPyMEs (FCE) B','207',0,2,0,1,2,1,207,'NOTA DEBITO DE CRÉDITO ELECTRÓNICA MiPyMEs (FCE)','B',1,0,1,NULL),(28,NULL,'2019-11-05 19:00:05','2021-08-15 19:52:34','NOTA DE CREDITO ELECTRÓNICA MiPyMEs (FCE) B','208',1,NULL,0,1,2,1,208,'NOTA CREDITO DE CRÉDITO ELECTRÓNICA MiPyMEs (FCE)','B',1,0,1,NULL),(29,NULL,'2019-11-05 19:00:05','2019-11-05 19:00:05','FACTURA DE CRÉDITO ELECTRÓNICA MiPyMEs (FCE) C','211',0,0,1,1,1,1,211,'FACTURA DE CRÉDITO ELECTRÓNICA MiPyMEs (FCE)','C',1,0,0,NULL),(30,NULL,'2019-11-05 19:00:05','2019-11-05 19:00:05','NOTA DE DEBITO ELECTRÓNICA MiPyMEs (FCE) C','212',0,0,1,1,1,1,212,'NOTA DEBITO DE CRÉDITO ELECTRÓNICA MiPyMEs (FCE)','C',1,0,0,NULL),(31,NULL,'2019-11-05 19:00:05','2019-11-05 19:00:05','NOTA DE CRÉDITO ELECTRÓNICA MiPyMEs (FCE) C','213',1,NULL,1,1,1,1,213,'NOTA CREDITO DE CRÉDITO ELECTRÓNICA MiPyMEs (FCE)','C',1,0,0,NULL);
INSERT INTO `receipt_types` VALUES (32,NULL,'2020-01-28 01:59:55','2021-08-15 19:52:34','Tique (Informe Diario Z)','83',0,2,0,0,2,0,83,'Cierre Diario Informe Z','Z',0,0,1,NULL),(33,NULL,'2020-02-19 04:48:11','2020-02-19 04:48:11','Comprobantes de Compra de Bienes No Registrables a Consumidores Finales','49',0,1,0,0,2,0,49,'Comprobantes de Compra de Bienes No Registrables','a Consumidores Finales',0,0,0,NULL),(34,NULL,'2021-08-15 19:52:31','2021-08-15 19:52:34','Cuentas de Venta y Liquido Producto A','60',0,1,0,0,2,1,60,'Cuentas de Venta y Liquido Producto A','A',1,0,0,NULL),(35,NULL,'2021-08-15 19:52:31','2021-08-15 19:52:34','Cuentas de Venta y Liquido Producto B','61',0,2,0,1,2,1,61,'Cuentas de Venta y Liquido Producto B','B',1,0,1,NULL),(36,NULL,'2021-08-15 19:52:31','2021-08-15 19:52:34','Liquidaciones A','63',0,1,0,0,2,1,63,'Liquidaciones A','A',1,0,0,NULL),(37,NULL,'2021-08-15 19:52:31','2021-08-15 19:52:34','Liquidaciones B','64',0,2,0,1,2,1,64,'Liquidaciones B','B',1,0,1,NULL),(38,NULL,'2021-08-15 19:52:34','2021-08-15 19:52:36','Tique Factura A','81',0,1,0,0,2,1,81,'Tique Factura','A',0,0,0,NULL),(39,NULL,'2021-08-15 19:52:34','2021-08-15 19:52:36','Tique Factura B','82',0,2,0,1,2,1,82,'Tique Factura','B',0,0,1,NULL),(40,NULL,'2021-08-15 19:52:34','2021-08-15 19:52:37','OTROS COMPROBANTES QUE NO CUMPLEN O ESTÁN EXCEPTUADOS DE LA R.G. 1415 Y SUS MODIF','99',0,1,1,1,1,1,99,'OTROS COMPROBANTES QUE NO CUMPLEN O ESTÁN EXCEPTUADOS DE LA R.G. 1415 Y SUS MODIF ','OTROS',0,0,0,NULL),(41,NULL,'2021-08-15 19:52:34','2021-08-15 19:52:34','Liquidacion de Compra A - Sector Pecuario','183',0,1,0,0,2,0,183,'Liquidacion de Compra','A',0,0,0,NULL),(42,NULL,'2021-08-15 19:52:34','2021-08-15 19:52:34','Liquidacion de Compra B - Sector Pecuario','185',0,2,0,1,2,0,185,'Liquidacion de Compra','B',0,0,1,NULL),(43,NULL,'2021-08-15 19:52:35','2021-08-15 19:52:36','Liquidacion de Venta Directa A - Sector Pecuario','190',0,1,0,0,2,1,190,'Liquidacion de Venta Directa','A',0,0,0,NULL),(44,NULL,'2021-08-15 19:52:35','2021-08-15 19:52:36','Liquidacion de Venta Directa B - Sector Pecuario','191',0,2,0,1,2,1,191,'Liquidacion de Venta Directa','B',0,0,0,NULL),(45,NULL,'2021-08-15 19:52:36','2021-08-15 19:52:36','Liquidacion Secundaria de Granos','331',0,1,0,0,2,1,331,'Liquidacion Secundaria de Granos','LSG',0,0,0,NULL),(46,NULL,'2021-08-15 19:52:36','2021-08-15 19:52:36','Certificado de Deposito','332',0,1,0,0,2,1,332,'Certificado de Deposito','CD',0,0,0,NULL),(47,NULL,'2021-08-15 19:52:36','2021-08-15 19:52:36','Liquidacion de Servicios Publicos Clase A','17',0,1,0,0,2,1,17,'Liquidacion de Servicios Publicos Clase A','LSPCA',0,0,0,NULL),(48,NULL,'2021-08-15 19:52:37','2021-08-15 19:52:37','Liquidacion de Servicios Publicos Clase B','18',0,2,0,1,2,1,18,'Liquidacion de Servicios Publicos Clase B','LSPCA',1,0,0,NULL),(49,NULL,NULL,NULL,'Factura Clase T','195',0,1,0,0,2,0,195,'Factura Clase T','T',0,0,0,NULL),(50,NULL,NULL,NULL,'Nota de Debito Clase T','196',0,1,0,0,2,0,196,'Factura Clase T','T',0,0,0,NULL),(51,NULL,NULL,NULL,'Nota de Credito Clase T','197',1,NULL,0,0,2,0,197,'Factura Clase T','T',0,0,0,NULL),(52,NULL,NULL,NULL,'Cuenta de Venta y Líquido Producto A','180',0,1,0,0,2,0,180,'Cuenta de Venta y Líquido Producto A','A',0,0,0,NULL),(53,NULL,NULL,NULL,'Cuenta de Venta y Líquido Producto B','182',0,2,0,1,2,0,182,'Cuenta de Venta y Líquido Producto B','B',0,0,0,NULL),(54,NULL,NULL,NULL,'Liquidación de Compra A','183',0,1,0,0,2,0,183,'Liquidación de Compra A ','A',0,0,0,NULL),(55,NULL,NULL,NULL,'Liquidación de Compra B','185',0,2,0,1,2,0,185,'Liquidación de Compra B ','B',0,0,0,NULL),(56,NULL,NULL,NULL,'Liquidación de Compra Directa A','186',0,1,0,0,2,0,186,'Liquidación de Compra Directa A','A',0,0,0,NULL),(57,NULL,NULL,NULL,'Liquidación de Compra Directa B','188',0,2,0,1,2,0,188,'Liquidación de Compra Directa B ','B',0,0,0,NULL),(58,NULL,NULL,NULL,'Liquidación de Compra Directa C','189',0,0,1,1,1,0,189,'Liquidación de Compra Directa C ','C',0,0,0,NULL);
INSERT INTO `receipt_types` VALUES (59,NULL,NULL,NULL,'Liquidación de Venta Directa A','190',0,1,0,0,2,0,190,'Liquidación de Venta Directa A','A',0,0,0,NULL),(60,NULL,NULL,NULL,'Liquidación de Venta Directa B','191',0,2,0,1,2,0,191,'Liquidación de Venta Directa B ','B',0,0,0,NULL),(61,NULL,NULL,NULL,'Tique Factura C','109',0,0,0,1,1,0,109,NULL,'C',1,0,0,NULL);

--
-- Table structure for table `receipts`
--

CREATE TABLE `receipts` (
  `id` int(10) unsigned NOT NULL AUTO_INCREMENT,
  `user_id` int(10) unsigned DEFAULT NULL,
  `type_id` int(10) unsigned NOT NULL,
  `type_receipt_id` int(10) unsigned DEFAULT NULL,
  `comprobanteAfip` int(11) DEFAULT NULL,
  `fact_elec_receipt_id` int(10) unsigned DEFAULT NULL,
  `period_id` int(10) unsigned NOT NULL,
  `zone_id` int(10) unsigned DEFAULT NULL,
  `plan_cuenta_id` int(10) unsigned DEFAULT NULL,
  `conta_centro_costo_id` bigint(20) unsigned DEFAULT NULL,
  `activity_id` int(10) unsigned DEFAULT NULL,
  `iva_creditos_tipo_id` int(10) unsigned NOT NULL DEFAULT '1',
  `retention_type_id` int(10) unsigned DEFAULT NULL,
  `dc_orden_id` bigint(20) unsigned DEFAULT NULL,
  `person_id_owner` int(10) unsigned NOT NULL,
  `person_id_relationed` int(10) unsigned DEFAULT NULL,
  `number` int(8) unsigned zerofill DEFAULT NULL,
  `hasta` int(8) unsigned zerofill DEFAULT NULL,
  `reference` int(11) DEFAULT NULL,
  `receipt_date` date DEFAULT NULL,
  `expiration_date` date DEFAULT NULL,
  `code_ticket` int(4) unsigned zerofill DEFAULT NULL,
  `status_id` int(10) unsigned DEFAULT NULL,
  `tax_account_id` int(10) unsigned DEFAULT NULL,
  `amount` decimal(16,2) NOT NULL,
  `file` varchar(255) COLLATE utf8mb4_unicode_ci DEFAULT NULL,
  `created_at` timestamp NULL DEFAULT NULL,
  `updated_at` timestamp NULL DEFAULT NULL,
  `deleted_at` timestamp NULL DEFAULT NULL,
  PRIMARY KEY (`id`),
  KEY `receipts_type_id_foreign` (`type_id`),
  KEY `receipts_type_receipt_id_foreign` (`type_receipt_id`),
  KEY `receipts_tax_account_id_foreign` (`tax_account_id`),
  KEY `receipts_zone_id_foreign` (`zone_id`),
  KEY `receipts_activity_id_foreign` (`activity_id`),
  KEY `receipts_retention_type_id_foreign` (`retention_type_id`),
  KEY `receipts_status_id_foreign` (`status_id`),
  KEY `receipts_person_id_owner_foreign` (`person_id_owner`),
  KEY `receipts_person_id_relationed_foreign` (`person_id_relationed`),
  KEY `receipts_period_id_foreign` (`period_id`),
  KEY `receipts_plan_cuenta_id_foreign` (`plan_cuenta_id`),
  KEY `receipts_fact_elec_receipt_id_foreign` (`fact_elec_receipt_id`),
  KEY `receipts_iva_creditos_tipo_id_foreign` (`iva_creditos_tipo_id`),
  KEY `receipts_conta_centro_costo_id_foreign` (`conta_centro_costo_id`),
  KEY `receipts_dc_orden_id_foreign` (`dc_orden_id`),
  CONSTRAINT `receipts_activity_id_foreign` FOREIGN KEY (`activity_id`) REFERENCES `activities` (`id`),
  CONSTRAINT `receipts_conta_centro_costo_id_foreign` FOREIGN KEY (`conta_centro_costo_id`) REFERENCES `conta_centro_costos` (`id`),
  CONSTRAINT `receipts_dc_orden_id_foreign` FOREIGN KEY (`dc_orden_id`) REFERENCES `dc_ordenes` (`id`),
  CONSTRAINT `receipts_fact_elec_receipt_id_foreign` FOREIGN KEY (`fact_elec_receipt_id`) REFERENCES `fact_elec_receipts` (`id`),
  CONSTRAINT `receipts_iva_creditos_tipo_id_foreign` FOREIGN KEY (`iva_creditos_tipo_id`) REFERENCES `iva_creditos_tipos` (`id`),
  CONSTRAINT `receipts_period_id_foreign` FOREIGN KEY (`period_id`) REFERENCES `periods` (`id`),
  CONSTRAINT `receipts_person_id_owner_foreign` FOREIGN KEY (`person_id_owner`) REFERENCES `persons` (`id`),
  CONSTRAINT `receipts_person_id_relationed_foreign` FOREIGN KEY (`person_id_relationed`) REFERENCES `persons` (`id`),
  CONSTRAINT `receipts_plan_cuenta_id_foreign` FOREIGN KEY (`plan_cuenta_id`) REFERENCES `conta_plan_cuenta` (`id`),
  CONSTRAINT `receipts_retention_type_id_foreign` FOREIGN KEY (`retention_type_id`) REFERENCES `retention_types` (`id`),
  CONSTRAINT `receipts_status_id_foreign` FOREIGN KEY (`status_id`) REFERENCES `status` (`id`),
  CONSTRAINT `receipts_tax_account_id_foreign` FOREIGN KEY (`tax_account_id`) REFERENCES `tax_accounts` (`id`),
  CONSTRAINT `receipts_type_id_foreign` FOREIGN KEY (`type_id`) REFERENCES `types` (`id`),
  CONSTRAINT `receipts_type_receipt_id_foreign` FOREIGN KEY (`type_receipt_id`) REFERENCES `receipt_types` (`id`),
  CONSTRAINT `receipts_zone_id_foreign` FOREIGN KEY (`zone_id`) REFERENCES `zones` (`id`)
) ENGINE=InnoDB AUTO_INCREMENT=549 DEFAULT CHARSET=utf8mb4 COLLATE=utf8mb4_unicode_ci;

--
-- Dumping data for table `receipts`
--

INSERT INTO `receipts` VALUES (1,5508,1,7,NULL,NULL,9,21,NULL,NULL,580,1,NULL,NULL,40719,40720,00001179,NULL,NULL,'2021-07-01','2021-07-01',0004,1,NULL,800.00,NULL,'2021-08-25 18:48:01','2021-08-25 18:48:01',NULL),(2,5508,1,7,NULL,NULL,9,21,NULL,NULL,580,1,NULL,NULL,40719,40721,00001180,NULL,NULL,'2021-07-01','2021-07-01',0004,1,NULL,559.00,NULL,'2021-08-25 18:48:01','2021-08-25 18:48:01',NULL),(3,5508,1,7,NULL,NULL,9,21,NULL,NULL,580,1,NULL,NULL,40719,40720,00001181,NULL,NULL,'2021-07-01','2021-07-01',0004,1,NULL,260.00,NULL,'2021-08-25 18:48:02','2021-08-25 18:48:02',NULL),(4,5508,1,7,NULL,NULL,9,21,NULL,NULL,580,1,NULL,NULL,40719,40720,00001182,NULL,NULL,'2021-07-01','2021-07-01',0004,1,NULL,330.00,NULL,'2021-08-25 18:48:02','2021-08-25 18:48:02',NULL),(5,5508,1,7,NULL,NULL,9,21,NULL,NULL,580,1,NULL,NULL,40719,40720,00001183,NULL,NULL,'2021-07-01','2021-07-01',0004,1,NULL,250.00,NULL,'2021-08-25 18:48:02','2021-08-25 18:48:02',NULL),(6,5508,1,7,NULL,NULL,9,21,NULL,NULL,580,1,NULL,NULL,40719,40720,00001184,NULL,NULL,'2021-07-02','2021-07-02',0004,1,NULL,415.00,NULL,'2021-08-25 18:48:02','2021-08-25 18:48:02',NULL),(7,5508,1,7,NULL,NULL,9,21,NULL,NULL,580,1,NULL,NULL,40719,40720,00001185,NULL,NULL,'2021-07-02','2021-07-02',0004,1,NULL,325.00,NULL,'2021-08-25 18:48:02','2021-08-25 18:48:02',NULL),(8,5508,1,7,NULL,NULL,9,21,NULL,NULL,580,1,NULL,NULL,40719,40720,00001186,NULL,NULL,'2021-07-03','2021-07-03',0004,1,NULL,127.00,NULL,'2021-08-25 18:48:02','2021-08-25 18:48:02',NULL),(9,5508,1,7,NULL,NULL,9,21,NULL,NULL,580,1,NULL,NULL,40719,40722,00001187,NULL,NULL,'2021-07-03','2021-07-03',0004,1,NULL,758.00,NULL,'2021-08-25 18:48:02','2021-08-25 18:48:02',NULL),(10,5508,1,7,NULL,NULL,9,21,NULL,NULL,580,1,NULL,NULL,40719,40720,00001188,NULL,NULL,'2021-07-03','2021-07-03',0004,1,NULL,539.00,NULL,'2021-08-25 18:48:02','2021-08-25 18:48:02',NULL),(11,5508,1,7,NULL,NULL,9,21,NULL,NULL,580,1,NULL,NULL,40719,40720,00001189,NULL,NULL,'2021-07-03','2021-07-03',0004,1,NULL,305.00,NULL,'2021-08-25 18:48:02','2021-08-25 18:48:02',NULL),(12,5508,1,7,NULL,NULL,9,21,NULL,NULL,580,1,NULL,NULL,40719,40720,00001190,NULL,NULL,'2021-07-03','2021-07-03',0004,1,NULL,463.81,NULL,'2021-08-25 18:48:02','2021-08-25 18:48:02',NULL),(13,5508,1,7,NULL,NULL,9,21,NULL,NULL,580,1,NULL,NULL,40719,40720,00001191,NULL,NULL,'2021-07-03','2021-07-03',0004,1,NULL,245.00,NULL,'2021-08-25 18:48:02','2021-08-25 18:48:02',NULL),(14,5508,1,7,NULL,NULL,9,21,NULL,NULL,580,1,NULL,NULL,40719,40720,00001192,NULL,NULL,'2021-07-03','2021-07-03',0004,1,NULL,515.00,NULL,'2021-08-25 18:48:02','2021-08-25 18:48:02',NULL),(15,5508,1,7,NULL,NULL,9,21,NULL,NULL,580,1,NULL,NULL,40719,40723,00001749,00001749,NULL,'2021-07-05','2021-07-05',0003,1,NULL,429.50,NULL,'2021-08-25 18:48:02','2021-08-29 14:37:19',NULL),(16,5508,1,7,NULL,NULL,9,21,NULL,NULL,580,1,NULL,NULL,40719,40720,00001193,NULL,NULL,'2021-07-05','2021-07-05',0004,1,NULL,290.00,NULL,'2021-08-25 18:48:02','2021-08-25 18:48:02',NULL),(17,5508,1,7,NULL,NULL,9,21,NULL,NULL,580,1,NULL,NULL,40719,40720,00001194,NULL,NULL,'2021-07-05','2021-07-05',0004,1,NULL,355.00,NULL,'2021-08-25 18:48:02','2021-08-25 18:48:02',NULL),(18,5508,1,7,NULL,NULL,9,21,NULL,NULL,580,1,NULL,NULL,40719,40720,00001195,NULL,NULL,'2021-07-05','2021-07-05',0004,1,NULL,200.00,NULL,'2021-08-25 18:48:02','2021-08-25 18:48:02',NULL),(19,5508,1,7,NULL,NULL,9,21,NULL,NULL,580,1,NULL,NULL,40719,40720,00001196,NULL,NULL,'2021-07-06','2021-07-06',0004,1,NULL,285.00,NULL,'2021-08-25 18:48:02','2021-08-25 18:48:02',NULL),(20,5508,1,7,NULL,NULL,9,21,NULL,NULL,580,1,NULL,NULL,40719,40720,00001197,NULL,NULL,'2021-07-06','2021-07-06',0004,1,NULL,538.00,NULL,'2021-08-25 18:48:02','2021-08-25 18:48:02',NULL),(21,5508,1,7,NULL,NULL,9,21,NULL,NULL,580,1,NULL,NULL,40719,40720,00001198,NULL,NULL,'2021-07-06','2021-07-06',0004,1,NULL,185.00,NULL,'2021-08-25 18:48:02','2021-08-25 18:48:02',NULL);
INSERT INTO `receipts` VALUES (22,5508,1,7,NULL,NULL,9,21,NULL,NULL,580,1,NULL,NULL,40719,40720,00001199,NULL,NULL,'2021-07-06','2021-07-06',0004,1,NULL,200.00,NULL,'2021-08-25 18:48:02','2021-08-25 18:48:02',NULL),(23,5508,1,7,NULL,NULL,9,21,NULL,NULL,580,1,NULL,NULL,40719,40720,00001200,NULL,NULL,'2021-07-06','2021-07-06',0004,1,NULL,950.00,NULL,'2021-08-25 18:48:02','2021-08-25 18:48:02',NULL),(24,5508,1,7,NULL,NULL,9,21,NULL,NULL,580,1,NULL,NULL,40719,40720,00001201,NULL,NULL,'2021-07-07','2021-07-07',0004,1,NULL,280.00,NULL,'2021-08-25 18:48:02','2021-08-25 18:48:02',NULL),(25,5508,1,7,NULL,NULL,9,21,NULL,NULL,580,1,NULL,NULL,40719,40720,00001202,NULL,NULL,'2021-07-07','2021-07-07',0004,1,NULL,259.66,NULL,'2021-08-25 18:48:02','2021-08-25 18:48:02',NULL),(26,5508,1,7,NULL,NULL,9,21,NULL,NULL,580,1,NULL,NULL,40719,40720,00001203,NULL,NULL,'2021-07-07','2021-07-07',0004,1,NULL,285.84,NULL,'2021-08-25 18:48:02','2021-08-25 18:48:02',NULL),(27,5508,1,7,NULL,NULL,9,21,NULL,NULL,580,1,NULL,NULL,40719,40720,00001204,NULL,NULL,'2021-07-07','2021-07-07',0004,1,NULL,95.00,NULL,'2021-08-25 18:48:02','2021-08-25 18:48:02',NULL),(28,5508,1,7,NULL,NULL,9,21,NULL,NULL,580,1,NULL,NULL,40719,40720,00001205,NULL,NULL,'2021-07-07','2021-07-07',0004,1,NULL,280.00,NULL,'2021-08-25 18:48:02','2021-08-25 18:48:02',NULL),(29,5508,1,7,NULL,NULL,9,21,NULL,NULL,580,1,NULL,NULL,40719,40720,00001206,NULL,NULL,'2021-07-07','2021-07-07',0004,1,NULL,400.00,NULL,'2021-08-25 18:48:02','2021-08-25 18:48:02',NULL),(30,5508,1,7,NULL,NULL,9,21,NULL,NULL,580,1,NULL,NULL,40719,40720,00001207,NULL,NULL,'2021-07-08','2021-07-08',0004,1,NULL,250.00,NULL,'2021-08-25 18:48:02','2021-08-25 18:48:02',NULL),(31,5508,1,7,NULL,NULL,9,21,NULL,NULL,580,1,NULL,NULL,40719,40720,00001208,NULL,NULL,'2021-07-08','2021-07-08',0004,1,NULL,320.00,NULL,'2021-08-25 18:48:02','2021-08-25 18:48:02',NULL),(32,5508,1,7,NULL,NULL,9,21,NULL,NULL,580,1,NULL,NULL,40719,40720,00001209,NULL,NULL,'2021-07-08','2021-07-08',0004,1,NULL,475.84,NULL,'2021-08-25 18:48:03','2021-08-25 18:48:03',NULL),(33,5508,1,7,NULL,NULL,9,21,NULL,NULL,580,1,NULL,NULL,40719,40720,00001210,NULL,NULL,'2021-07-08','2021-07-08',0004,1,NULL,100.00,NULL,'2021-08-25 18:48:03','2021-08-25 18:48:03',NULL),(34,5508,1,7,NULL,NULL,9,21,NULL,NULL,580,1,NULL,NULL,40719,40720,00001211,NULL,NULL,'2021-07-08','2021-07-08',0004,1,NULL,290.00,NULL,'2021-08-25 18:48:03','2021-08-25 18:48:03',NULL),(35,5508,1,7,NULL,NULL,9,21,NULL,NULL,580,1,NULL,NULL,40719,40720,00001212,NULL,NULL,'2021-07-09','2021-07-09',0004,1,NULL,595.00,NULL,'2021-08-25 18:48:03','2021-08-25 18:48:03',NULL),(36,5508,1,7,NULL,NULL,9,21,NULL,NULL,580,1,NULL,NULL,40719,40720,00001213,NULL,NULL,'2021-07-09','2021-07-09',0004,1,NULL,270.00,NULL,'2021-08-25 18:48:03','2021-08-25 18:48:03',NULL),(37,5508,1,7,NULL,NULL,9,21,NULL,NULL,580,1,NULL,NULL,40719,40720,00001214,NULL,NULL,'2021-07-10','2021-07-10',0004,1,NULL,105.00,NULL,'2021-08-25 18:48:03','2021-08-25 18:48:03',NULL),(38,5508,1,7,NULL,NULL,9,21,NULL,NULL,580,1,NULL,NULL,40719,40720,00001215,NULL,NULL,'2021-07-10','2021-07-10',0004,1,NULL,289.99,NULL,'2021-08-25 18:48:03','2021-08-25 18:48:03',NULL),(39,5508,1,7,NULL,NULL,9,21,NULL,NULL,580,1,NULL,NULL,40719,40720,00001216,NULL,NULL,'2021-07-10','2021-07-10',0004,1,NULL,90.00,NULL,'2021-08-25 18:48:03','2021-08-25 18:48:03',NULL),(40,5508,1,7,NULL,NULL,9,21,NULL,NULL,580,1,NULL,NULL,40719,40720,00001217,NULL,NULL,'2021-07-10','2021-07-10',0004,1,NULL,309.91,NULL,'2021-08-25 18:48:03','2021-08-25 18:48:03',NULL),(41,5508,1,7,NULL,NULL,9,21,NULL,NULL,580,1,NULL,NULL,40719,40720,00001218,NULL,NULL,'2021-07-10','2021-07-10',0004,1,NULL,145.00,NULL,'2021-08-25 18:48:03','2021-08-25 18:48:03',NULL),(42,5508,1,7,NULL,NULL,9,21,NULL,NULL,580,1,NULL,NULL,40719,40720,00001219,NULL,NULL,'2021-07-10','2021-07-10',0004,1,NULL,200.00,NULL,'2021-08-25 18:48:03','2021-08-25 18:48:03',NULL);
INSERT INTO `receipts` VALUES (43,5508,1,7,NULL,NULL,9,21,NULL,NULL,580,1,NULL,NULL,40719,40720,00001220,NULL,NULL,'2021-07-10','2021-07-10',0004,1,NULL,596.80,NULL,'2021-08-25 18:48:03','2021-08-25 18:48:03',NULL),(44,5508,1,7,NULL,NULL,9,21,NULL,NULL,580,1,NULL,NULL,40719,40720,00001221,NULL,NULL,'2021-07-12','2021-07-12',0004,1,NULL,300.00,NULL,'2021-08-25 18:48:03','2021-08-25 18:48:03',NULL),(45,5508,1,7,NULL,NULL,9,21,NULL,NULL,580,1,NULL,NULL,40719,40720,00001222,NULL,NULL,'2021-07-12','2021-07-12',0004,1,NULL,706.00,NULL,'2021-08-25 18:48:03','2021-08-25 18:48:03',NULL),(46,5508,1,7,NULL,NULL,9,21,NULL,NULL,580,1,NULL,NULL,40719,40720,00001223,NULL,NULL,'2021-07-12','2021-07-12',0004,1,NULL,710.00,NULL,'2021-08-25 18:48:03','2021-08-25 18:48:03',NULL),(47,5508,1,7,NULL,NULL,9,21,NULL,NULL,580,1,NULL,NULL,40719,40722,00001224,NULL,NULL,'2021-07-13','2021-07-13',0004,1,NULL,1180.00,NULL,'2021-08-25 18:48:03','2021-08-25 18:48:03',NULL),(48,5508,1,7,NULL,NULL,9,21,NULL,NULL,580,1,NULL,NULL,40719,40720,00001225,NULL,NULL,'2021-07-13','2021-07-13',0004,1,NULL,277.00,NULL,'2021-08-25 18:48:03','2021-08-25 18:48:03',NULL),(49,5508,1,7,NULL,NULL,9,21,NULL,NULL,580,1,NULL,NULL,40719,40720,00001226,NULL,NULL,'2021-07-13','2021-07-13',0004,1,NULL,401.00,NULL,'2021-08-25 18:48:03','2021-08-25 18:48:03',NULL),(50,5508,1,7,NULL,NULL,9,21,NULL,NULL,580,1,NULL,NULL,40719,40720,00001227,NULL,NULL,'2021-07-14','2021-07-14',0004,1,NULL,256.88,NULL,'2021-08-25 18:48:03','2021-08-25 18:48:03',NULL),(51,5508,1,7,NULL,NULL,9,21,NULL,NULL,580,1,NULL,NULL,40719,40720,00001228,NULL,NULL,'2021-07-14','2021-07-14',0004,1,NULL,3760.00,NULL,'2021-08-25 18:48:03','2021-08-25 18:48:03',NULL),(52,5508,1,7,NULL,NULL,9,21,NULL,NULL,580,1,NULL,NULL,40719,40720,00001229,NULL,NULL,'2021-07-14','2021-07-14',0004,1,NULL,500.00,NULL,'2021-08-25 18:48:03','2021-08-25 18:48:03',NULL),(53,5508,1,7,NULL,NULL,9,21,NULL,NULL,580,1,NULL,NULL,40719,40720,00001230,NULL,NULL,'2021-07-14','2021-07-14',0004,1,NULL,180.00,NULL,'2021-08-25 18:48:03','2021-08-25 18:48:03',NULL),(54,5508,1,7,NULL,NULL,9,21,NULL,NULL,580,1,NULL,NULL,40719,40720,00001231,NULL,NULL,'2021-07-14','2021-07-14',0004,1,NULL,520.00,NULL,'2021-08-25 18:48:03','2021-08-25 18:48:03',NULL),(55,5508,1,7,NULL,NULL,9,21,NULL,NULL,580,1,NULL,NULL,40719,40720,00001232,NULL,NULL,'2021-07-14','2021-07-14',0004,1,NULL,378.64,NULL,'2021-08-25 18:48:03','2021-08-25 18:48:03',NULL),(56,5508,1,7,NULL,NULL,9,21,NULL,NULL,580,1,NULL,NULL,40719,40720,00001233,NULL,NULL,'2021-07-14','2021-07-14',0004,1,NULL,550.00,NULL,'2021-08-25 18:48:03','2021-08-25 18:48:03',NULL),(57,5508,1,7,NULL,NULL,9,21,NULL,NULL,580,1,NULL,NULL,40719,40724,00001234,NULL,NULL,'2021-07-14','2021-07-14',0004,1,NULL,1000.00,NULL,'2021-08-25 18:48:03','2021-08-25 18:48:03',NULL),(58,5508,1,7,NULL,NULL,9,21,NULL,NULL,580,1,NULL,NULL,40719,40720,00001750,NULL,NULL,'2021-07-15','2021-07-15',0003,1,NULL,2160.00,NULL,'2021-08-25 18:48:03','2021-08-25 18:48:03',NULL),(59,5508,1,7,NULL,NULL,9,21,NULL,NULL,796,1,NULL,NULL,40719,40725,00001751,00001751,NULL,'2021-07-15','2021-07-15',0003,1,NULL,3000.00,NULL,'2021-08-25 18:48:03','2021-08-29 14:21:07',NULL),(60,5508,1,7,NULL,NULL,9,21,NULL,NULL,580,1,NULL,NULL,40719,40720,00001235,NULL,NULL,'2021-07-15','2021-07-15',0004,1,NULL,440.00,NULL,'2021-08-25 18:48:03','2021-08-25 18:48:03',NULL),(61,5508,1,7,NULL,NULL,9,21,NULL,NULL,580,1,NULL,NULL,40719,40720,00001236,NULL,NULL,'2021-07-15','2021-07-15',0004,1,NULL,200.00,NULL,'2021-08-25 18:48:03','2021-08-25 18:48:03',NULL),(62,5508,1,7,NULL,NULL,9,21,NULL,NULL,580,1,NULL,NULL,40719,40720,00001237,NULL,NULL,'2021-07-15','2021-07-15',0004,1,NULL,310.00,NULL,'2021-08-25 18:48:04','2021-08-25 18:48:04',NULL),(63,5508,1,7,NULL,NULL,9,21,NULL,NULL,580,1,NULL,NULL,40719,40720,00001238,NULL,NULL,'2021-07-15','2021-07-15',0004,1,NULL,510.00,NULL,'2021-08-25 18:48:04','2021-08-25 18:48:04',NULL);
INSERT INTO `receipts` VALUES (64,5508,1,7,NULL,NULL,9,21,NULL,NULL,580,1,NULL,NULL,40719,40720,00001239,NULL,NULL,'2021-07-15','2021-07-15',0004,1,NULL,100.00,NULL,'2021-08-25 18:48:04','2021-08-25 18:48:04',NULL),(65,5508,1,7,NULL,NULL,9,21,NULL,NULL,580,1,NULL,NULL,40719,40720,00001240,NULL,NULL,'2021-07-16','2021-07-16',0004,1,NULL,225.00,NULL,'2021-08-25 18:48:04','2021-08-25 18:48:04',NULL),(66,5508,1,7,NULL,NULL,9,21,NULL,NULL,580,1,NULL,NULL,40719,40720,00001241,NULL,NULL,'2021-07-16','2021-07-16',0004,1,NULL,314.72,NULL,'2021-08-25 18:48:04','2021-08-25 18:48:04',NULL),(67,5508,1,7,NULL,NULL,9,21,NULL,NULL,580,1,NULL,NULL,40719,40720,00001242,NULL,NULL,'2021-07-16','2021-07-16',0004,1,NULL,340.01,NULL,'2021-08-25 18:48:04','2021-08-25 18:48:04',NULL),(68,5508,1,7,NULL,NULL,9,21,NULL,NULL,580,1,NULL,NULL,40719,40720,00001243,NULL,NULL,'2021-07-16','2021-07-16',0004,1,NULL,520.00,NULL,'2021-08-25 18:48:04','2021-08-25 18:48:04',NULL),(69,5508,1,7,NULL,NULL,9,21,NULL,NULL,580,1,NULL,NULL,40719,40720,00001244,NULL,NULL,'2021-07-16','2021-07-16',0004,1,NULL,260.00,NULL,'2021-08-25 18:48:04','2021-08-25 18:48:04',NULL),(70,5508,1,7,NULL,NULL,9,21,NULL,NULL,580,1,NULL,NULL,40719,40720,00001245,NULL,NULL,'2021-07-16','2021-07-16',0004,1,NULL,98.60,NULL,'2021-08-25 18:48:04','2021-08-25 18:48:04',NULL),(71,5508,1,7,NULL,NULL,9,21,NULL,NULL,580,1,NULL,NULL,40719,40720,00001246,NULL,NULL,'2021-07-16','2021-07-16',0004,1,NULL,93.00,NULL,'2021-08-25 18:48:04','2021-08-25 18:48:04',NULL),(72,5508,1,7,NULL,NULL,9,21,NULL,NULL,580,1,NULL,NULL,40719,40720,00001247,NULL,NULL,'2021-07-16','2021-07-16',0004,1,NULL,130.00,NULL,'2021-08-25 18:48:04','2021-08-25 18:48:04',NULL),(73,5508,1,7,NULL,NULL,9,21,NULL,NULL,580,1,NULL,NULL,40719,40720,00001248,NULL,NULL,'2021-07-17','2021-07-17',0004,1,NULL,365.01,NULL,'2021-08-25 18:48:04','2021-08-25 18:48:04',NULL),(74,5508,1,7,NULL,NULL,9,21,NULL,NULL,580,1,NULL,NULL,40719,40720,00001249,NULL,NULL,'2021-07-17','2021-07-17',0004,1,NULL,90.00,NULL,'2021-08-25 18:48:04','2021-08-25 18:48:04',NULL),(75,5508,1,7,NULL,NULL,9,21,NULL,NULL,580,1,NULL,NULL,40719,40720,00001250,NULL,NULL,'2021-07-17','2021-07-17',0004,1,NULL,381.00,NULL,'2021-08-25 18:48:04','2021-08-25 18:48:04',NULL),(76,5508,1,7,NULL,NULL,9,21,NULL,NULL,580,1,NULL,NULL,40719,40720,00001251,NULL,NULL,'2021-07-17','2021-07-17',0004,1,NULL,330.00,NULL,'2021-08-25 18:48:04','2021-08-25 18:48:04',NULL),(77,5508,1,7,NULL,NULL,9,21,NULL,NULL,580,1,NULL,NULL,40719,40720,00001252,NULL,NULL,'2021-07-17','2021-07-17',0004,1,NULL,210.00,NULL,'2021-08-25 18:48:04','2021-08-25 18:48:04',NULL),(78,5508,1,7,NULL,NULL,9,21,NULL,NULL,580,1,NULL,NULL,40719,40720,00001253,NULL,NULL,'2021-07-17','2021-07-17',0004,1,NULL,100.00,NULL,'2021-08-25 18:48:04','2021-08-25 18:48:04',NULL),(79,5508,1,7,NULL,NULL,9,21,NULL,NULL,580,1,NULL,NULL,40719,40720,00001254,NULL,NULL,'2021-07-17','2021-07-17',0004,1,NULL,195.00,NULL,'2021-08-25 18:48:04','2021-08-25 18:48:04',NULL),(80,5508,1,7,NULL,NULL,9,21,NULL,NULL,580,1,NULL,NULL,40719,40720,00001255,NULL,NULL,'2021-07-17','2021-07-17',0004,1,NULL,295.00,NULL,'2021-08-25 18:48:04','2021-08-25 18:48:04',NULL),(81,5508,1,7,NULL,NULL,9,21,NULL,NULL,580,1,NULL,NULL,40719,40720,00001256,NULL,NULL,'2021-07-19','2021-07-19',0004,1,NULL,601.00,NULL,'2021-08-25 18:48:04','2021-08-25 18:48:04',NULL),(82,5508,1,7,NULL,NULL,9,21,NULL,NULL,580,1,NULL,NULL,40719,40720,00001257,NULL,NULL,'2021-07-19','2021-07-19',0004,1,NULL,310.00,NULL,'2021-08-25 18:48:04','2021-08-25 18:48:04',NULL),(83,5508,1,7,NULL,NULL,9,21,NULL,NULL,580,1,NULL,NULL,40719,40720,00001258,NULL,NULL,'2021-07-19','2021-07-19',0004,1,NULL,160.00,NULL,'2021-08-25 18:48:04','2021-08-25 18:48:04',NULL),(84,5508,1,7,NULL,NULL,9,21,NULL,NULL,580,1,NULL,NULL,40719,40720,00001259,NULL,NULL,'2021-07-19','2021-07-19',0004,1,NULL,130.00,NULL,'2021-08-25 18:48:04','2021-08-25 18:48:04',NULL);
INSERT INTO `receipts` VALUES (85,5508,1,7,NULL,NULL,9,21,NULL,NULL,580,1,NULL,NULL,40719,40720,00001260,NULL,NULL,'2021-07-19','2021-07-19',0004,1,NULL,135.00,NULL,'2021-08-25 18:48:04','2021-08-25 18:48:04',NULL),(86,5508,1,7,NULL,NULL,9,21,NULL,NULL,580,1,NULL,NULL,40719,40720,00001261,NULL,NULL,'2021-07-19','2021-07-19',0004,1,NULL,100.00,NULL,'2021-08-25 18:48:04','2021-08-25 18:48:04',NULL),(87,5508,1,7,NULL,NULL,9,21,NULL,NULL,580,1,NULL,NULL,40719,40720,00001262,NULL,NULL,'2021-07-19','2021-07-19',0004,1,NULL,60.00,NULL,'2021-08-25 18:48:04','2021-08-25 18:48:04',NULL),(88,5508,1,7,NULL,NULL,9,21,NULL,NULL,580,1,NULL,NULL,40719,40720,00001263,NULL,NULL,'2021-07-19','2021-07-19',0004,1,NULL,200.00,NULL,'2021-08-25 18:48:04','2021-08-25 18:48:04',NULL),(89,5508,1,7,NULL,NULL,9,21,NULL,NULL,580,1,NULL,NULL,40719,40720,00001264,NULL,NULL,'2021-07-20','2021-07-20',0004,1,NULL,450.00,NULL,'2021-08-25 18:48:04','2021-08-25 18:48:04',NULL),(90,5508,1,7,NULL,NULL,9,21,NULL,NULL,580,1,NULL,NULL,40719,40720,00001265,NULL,NULL,'2021-07-20','2021-07-20',0004,1,NULL,470.00,NULL,'2021-08-25 18:48:05','2021-08-25 18:48:05',NULL),(91,5508,1,7,NULL,NULL,9,21,NULL,NULL,580,1,NULL,NULL,40719,40720,00001266,NULL,NULL,'2021-07-21','2021-07-21',0004,1,NULL,370.00,NULL,'2021-08-25 18:48:05','2021-08-25 18:48:05',NULL),(92,5508,1,7,NULL,NULL,9,21,NULL,NULL,580,1,NULL,NULL,40719,40720,00001267,NULL,NULL,'2021-07-21','2021-07-21',0004,1,NULL,305.00,NULL,'2021-08-25 18:48:05','2021-08-25 18:48:05',NULL),(93,5508,1,7,NULL,NULL,9,21,NULL,NULL,580,1,NULL,NULL,40719,40720,00001268,NULL,NULL,'2021-07-21','2021-07-21',0004,1,NULL,403.87,NULL,'2021-08-25 18:48:05','2021-08-25 18:48:05',NULL),(94,5508,1,7,NULL,NULL,9,21,NULL,NULL,580,1,NULL,NULL,40719,40720,00001269,NULL,NULL,'2021-07-21','2021-07-21',0004,1,NULL,200.00,NULL,'2021-08-25 18:48:05','2021-08-25 18:48:05',NULL),(95,5508,1,7,NULL,NULL,9,21,NULL,NULL,580,1,NULL,NULL,40719,40720,00001270,NULL,NULL,'2021-07-21','2021-07-21',0004,1,NULL,130.00,NULL,'2021-08-25 18:48:05','2021-08-25 18:48:05',NULL),(96,5508,1,7,NULL,NULL,9,21,NULL,NULL,580,1,NULL,NULL,40719,40720,00001271,NULL,NULL,'2021-07-21','2021-07-21',0004,1,NULL,130.00,NULL,'2021-08-25 18:48:05','2021-08-25 18:48:05',NULL),(97,5508,1,7,NULL,NULL,9,21,NULL,NULL,580,1,NULL,NULL,40719,40720,00001272,NULL,NULL,'2021-07-21','2021-07-21',0004,1,NULL,345.00,NULL,'2021-08-25 18:48:05','2021-08-25 18:48:05',NULL),(98,5508,1,7,NULL,NULL,9,21,NULL,NULL,580,1,NULL,NULL,40719,40720,00001273,NULL,NULL,'2021-07-21','2021-07-21',0004,1,NULL,178.00,NULL,'2021-08-25 18:48:05','2021-08-25 18:48:05',NULL),(99,5508,1,7,NULL,NULL,9,21,NULL,NULL,580,1,NULL,NULL,40719,40720,00001274,NULL,NULL,'2021-07-21','2021-07-21',0004,1,NULL,190.00,NULL,'2021-08-25 18:48:05','2021-08-25 18:48:05',NULL),(100,5508,1,7,NULL,NULL,9,21,NULL,NULL,580,1,NULL,NULL,40719,40720,00001275,NULL,NULL,'2021-07-22','2021-07-22',0004,1,NULL,230.00,NULL,'2021-08-25 18:48:05','2021-08-25 18:48:05',NULL),(101,5508,1,7,NULL,NULL,9,21,NULL,NULL,580,1,NULL,NULL,40719,40720,00001276,NULL,NULL,'2021-07-22','2021-07-22',0004,1,NULL,200.00,NULL,'2021-08-25 18:48:05','2021-08-25 18:48:05',NULL),(102,5508,1,7,NULL,NULL,9,21,NULL,NULL,580,1,NULL,NULL,40719,40720,00001277,NULL,NULL,'2021-07-22','2021-07-22',0004,1,NULL,280.00,NULL,'2021-08-25 18:48:05','2021-08-25 18:48:05',NULL),(103,5508,1,7,NULL,NULL,9,21,NULL,NULL,580,1,NULL,NULL,40719,40720,00001278,NULL,NULL,'2021-07-22','2021-07-22',0004,1,NULL,383.00,NULL,'2021-08-25 18:48:05','2021-08-25 18:48:05',NULL),(104,5508,1,7,NULL,NULL,9,21,NULL,NULL,580,1,NULL,NULL,40719,40720,00001279,NULL,NULL,'2021-07-23','2021-07-23',0004,1,NULL,90.00,NULL,'2021-08-25 18:48:05','2021-08-25 18:48:05',NULL),(105,5508,1,7,NULL,NULL,9,21,NULL,NULL,580,1,NULL,NULL,40719,40720,00001280,NULL,NULL,'2021-07-23','2021-07-23',0004,1,NULL,270.00,NULL,'2021-08-25 18:48:05','2021-08-25 18:48:05',NULL);
INSERT INTO `receipts` VALUES (106,5508,1,7,NULL,NULL,9,21,NULL,NULL,580,1,NULL,NULL,40719,40720,00001281,NULL,NULL,'2021-07-23','2021-07-23',0004,1,NULL,70.00,NULL,'2021-08-25 18:48:05','2021-08-25 18:48:05',NULL),(107,5508,1,7,NULL,NULL,9,21,NULL,NULL,580,1,NULL,NULL,40719,40720,00001282,NULL,NULL,'2021-07-23','2021-07-23',0004,1,NULL,195.00,NULL,'2021-08-25 18:48:05','2021-08-25 18:48:05',NULL),(108,5508,1,7,NULL,NULL,9,21,NULL,NULL,580,1,NULL,NULL,40719,40720,00001283,NULL,NULL,'2021-07-23','2021-07-23',0004,1,NULL,190.00,NULL,'2021-08-25 18:48:05','2021-08-25 18:48:05',NULL),(109,5508,1,7,NULL,NULL,9,21,NULL,NULL,580,1,NULL,NULL,40719,40722,00001284,NULL,NULL,'2021-07-23','2021-07-23',0004,1,NULL,571.00,NULL,'2021-08-25 18:48:05','2021-08-25 18:48:05',NULL),(110,5508,1,7,NULL,NULL,9,21,NULL,NULL,580,1,NULL,NULL,40719,40720,00001285,NULL,NULL,'2021-07-23','2021-07-23',0004,1,NULL,410.00,NULL,'2021-08-25 18:48:05','2021-08-25 18:48:05',NULL),(111,5508,1,7,NULL,NULL,9,21,NULL,NULL,580,1,NULL,NULL,40719,40720,00001286,NULL,NULL,'2021-07-24','2021-07-24',0004,1,NULL,350.00,NULL,'2021-08-25 18:48:05','2021-08-25 18:48:05',NULL),(112,5508,1,7,NULL,NULL,9,21,NULL,NULL,580,1,NULL,NULL,40719,40720,00001287,NULL,NULL,'2021-07-24','2021-07-24',0004,1,NULL,642.50,NULL,'2021-08-25 18:48:05','2021-08-25 18:48:05',NULL),(113,5508,1,7,NULL,NULL,9,21,NULL,NULL,580,1,NULL,NULL,40719,40720,00001288,NULL,NULL,'2021-07-24','2021-07-24',0004,1,NULL,417.00,NULL,'2021-08-25 18:48:05','2021-08-25 18:48:05',NULL),(114,5508,1,7,NULL,NULL,9,21,NULL,NULL,580,1,NULL,NULL,40719,40720,00001289,NULL,NULL,'2021-07-24','2021-07-24',0004,1,NULL,525.00,NULL,'2021-08-25 18:48:05','2021-08-25 18:48:05',NULL),(115,5508,1,7,NULL,NULL,9,21,NULL,NULL,580,1,NULL,NULL,40719,40720,00001290,NULL,NULL,'2021-07-24','2021-07-24',0004,1,NULL,595.00,NULL,'2021-08-25 18:48:05','2021-08-25 18:48:05',NULL),(116,5508,1,7,NULL,NULL,9,21,NULL,NULL,580,1,NULL,NULL,40719,40720,00001291,NULL,NULL,'2021-07-24','2021-07-24',0004,1,NULL,400.00,NULL,'2021-08-25 18:48:05','2021-08-25 18:48:05',NULL),(117,5508,1,7,NULL,NULL,9,21,NULL,NULL,580,1,NULL,NULL,40719,40720,00001292,NULL,NULL,'2021-07-24','2021-07-24',0004,1,NULL,185.00,NULL,'2021-08-25 18:48:05','2021-08-25 18:48:05',NULL),(118,5508,1,7,NULL,NULL,9,21,NULL,NULL,580,1,NULL,NULL,40719,40720,00001293,NULL,NULL,'2021-07-24','2021-07-24',0004,1,NULL,250.00,NULL,'2021-08-25 18:48:05','2021-08-25 18:48:05',NULL),(119,5508,1,7,NULL,NULL,9,21,NULL,NULL,580,1,NULL,NULL,40719,40720,00001294,NULL,NULL,'2021-07-24','2021-07-24',0004,1,NULL,170.00,NULL,'2021-08-25 18:48:05','2021-08-25 18:48:05',NULL),(120,5508,1,7,NULL,NULL,9,21,NULL,NULL,580,1,NULL,NULL,40719,40720,00001295,NULL,NULL,'2021-07-24','2021-07-24',0004,1,NULL,640.00,NULL,'2021-08-25 18:48:05','2021-08-25 18:48:05',NULL),(121,5508,1,7,NULL,NULL,9,21,NULL,NULL,580,1,NULL,NULL,40719,40726,00001296,NULL,NULL,'2021-07-24','2021-07-24',0004,1,NULL,160.00,NULL,'2021-08-25 18:48:05','2021-08-25 18:48:05',NULL),(122,5508,1,7,NULL,NULL,9,21,NULL,NULL,580,1,NULL,NULL,40719,40720,00001297,NULL,NULL,'2021-07-24','2021-07-24',0004,1,NULL,168.00,NULL,'2021-08-25 18:48:06','2021-08-25 18:48:06',NULL),(123,5508,1,7,NULL,NULL,9,21,NULL,NULL,580,1,NULL,NULL,40719,40720,00001298,NULL,NULL,'2021-07-26','2021-07-26',0004,1,NULL,130.00,NULL,'2021-08-25 18:48:06','2021-08-25 18:48:06',NULL),(124,5508,1,7,NULL,NULL,9,21,NULL,NULL,580,1,NULL,NULL,40719,40720,00001299,NULL,NULL,'2021-07-26','2021-07-26',0004,1,NULL,585.00,NULL,'2021-08-25 18:48:06','2021-08-25 18:48:06',NULL),(125,5508,1,7,NULL,NULL,9,21,NULL,NULL,580,1,NULL,NULL,40719,40720,00001300,NULL,NULL,'2021-07-26','2021-07-26',0004,1,NULL,189.00,NULL,'2021-08-25 18:48:06','2021-08-25 18:48:06',NULL),(126,5508,1,7,NULL,NULL,9,21,NULL,NULL,580,1,NULL,NULL,40719,40720,00001301,NULL,NULL,'2021-07-26','2021-07-26',0004,1,NULL,55.00,NULL,'2021-08-25 18:48:06','2021-08-25 18:48:06',NULL);
INSERT INTO `receipts` VALUES (127,5508,1,7,NULL,NULL,9,21,NULL,NULL,580,1,NULL,NULL,40719,40720,00001302,NULL,NULL,'2021-07-26','2021-07-26',0004,1,NULL,530.00,NULL,'2021-08-25 18:48:06','2021-08-25 18:48:06',NULL),(128,5508,1,7,NULL,NULL,9,21,NULL,NULL,580,1,NULL,NULL,40719,40720,00001303,NULL,NULL,'2021-07-27','2021-07-27',0004,1,NULL,325.00,NULL,'2021-08-25 18:48:06','2021-08-25 18:48:06',NULL),(129,5508,1,7,NULL,NULL,9,21,NULL,NULL,580,1,NULL,NULL,40719,40720,00001304,NULL,NULL,'2021-07-27','2021-07-27',0004,1,NULL,110.00,NULL,'2021-08-25 18:48:06','2021-08-25 18:48:06',NULL),(130,5508,1,7,NULL,NULL,9,21,NULL,NULL,580,1,NULL,NULL,40719,40720,00001305,NULL,NULL,'2021-07-27','2021-07-27',0004,1,NULL,380.00,NULL,'2021-08-25 18:48:06','2021-08-25 18:48:06',NULL),(131,5508,1,7,NULL,NULL,9,21,NULL,NULL,580,1,NULL,NULL,40719,40720,00001306,NULL,NULL,'2021-07-27','2021-07-27',0004,1,NULL,100.00,NULL,'2021-08-25 18:48:06','2021-08-25 18:48:06',NULL),(132,5508,1,7,NULL,NULL,9,21,NULL,NULL,580,1,NULL,NULL,40719,40720,00001307,NULL,NULL,'2021-07-27','2021-07-27',0004,1,NULL,96.00,NULL,'2021-08-25 18:48:06','2021-08-25 18:48:06',NULL),(133,5508,1,7,NULL,NULL,9,21,NULL,NULL,580,1,NULL,NULL,40719,40720,00001308,NULL,NULL,'2021-07-28','2021-07-28',0004,1,NULL,260.00,NULL,'2021-08-25 18:48:06','2021-08-25 18:48:06',NULL),(134,5508,1,7,NULL,NULL,9,21,NULL,NULL,580,1,NULL,NULL,40719,40720,00001309,NULL,NULL,'2021-07-28','2021-07-28',0004,1,NULL,148.00,NULL,'2021-08-25 18:48:06','2021-08-25 18:48:06',NULL),(135,5508,1,7,NULL,NULL,9,21,NULL,NULL,580,1,NULL,NULL,40719,40720,00001310,NULL,NULL,'2021-07-28','2021-07-28',0004,1,NULL,390.00,NULL,'2021-08-25 18:48:06','2021-08-25 18:48:06',NULL),(136,5508,1,7,NULL,NULL,9,21,NULL,NULL,580,1,NULL,NULL,40719,40720,00001311,NULL,NULL,'2021-07-28','2021-07-28',0004,1,NULL,85.00,NULL,'2021-08-25 18:48:06','2021-08-25 18:48:06',NULL),(137,5508,1,7,NULL,NULL,9,21,NULL,NULL,580,1,NULL,NULL,40719,40720,00001312,NULL,NULL,'2021-07-28','2021-07-28',0004,1,NULL,55.00,NULL,'2021-08-25 18:48:06','2021-08-25 18:48:06',NULL),(138,5508,1,7,NULL,NULL,9,21,NULL,NULL,580,1,NULL,NULL,40719,40720,00001313,NULL,NULL,'2021-07-28','2021-07-28',0004,1,NULL,186.00,NULL,'2021-08-25 18:48:06','2021-08-25 18:48:06',NULL),(139,5508,1,7,NULL,NULL,9,21,NULL,NULL,580,1,NULL,NULL,40719,40720,00001314,NULL,NULL,'2021-07-28','2021-07-28',0004,1,NULL,230.00,NULL,'2021-08-25 18:48:06','2021-08-25 18:48:06',NULL),(140,5508,1,7,NULL,NULL,9,21,NULL,NULL,580,1,NULL,NULL,40719,40720,00001315,NULL,NULL,'2021-07-29','2021-07-29',0004,1,NULL,525.00,NULL,'2021-08-25 18:48:06','2021-08-25 18:48:06',NULL),(141,5508,1,7,NULL,NULL,9,21,NULL,NULL,580,1,NULL,NULL,40719,40720,00001316,NULL,NULL,'2021-07-29','2021-07-29',0004,1,NULL,277.00,NULL,'2021-08-25 18:48:06','2021-08-25 18:48:06',NULL),(142,5508,1,7,NULL,NULL,9,21,NULL,NULL,580,1,NULL,NULL,40719,40720,00001317,NULL,NULL,'2021-07-29','2021-07-29',0004,1,NULL,110.00,NULL,'2021-08-25 18:48:06','2021-08-25 18:48:06',NULL),(143,5508,1,7,NULL,NULL,9,21,NULL,NULL,580,1,NULL,NULL,40719,40720,00001318,NULL,NULL,'2021-07-29','2021-07-29',0004,1,NULL,320.00,NULL,'2021-08-25 18:48:06','2021-08-25 18:48:06',NULL),(144,5508,1,7,NULL,NULL,9,21,NULL,NULL,580,1,NULL,NULL,40719,40720,00001319,NULL,NULL,'2021-07-30','2021-07-30',0004,1,NULL,160.00,NULL,'2021-08-25 18:48:06','2021-08-25 18:48:06',NULL),(145,5508,1,7,NULL,NULL,9,21,NULL,NULL,580,1,NULL,NULL,40719,40720,00001320,NULL,NULL,'2021-07-30','2021-07-30',0004,1,NULL,270.00,NULL,'2021-08-25 18:48:06','2021-08-25 18:48:06',NULL),(146,5508,1,7,NULL,NULL,9,21,NULL,NULL,580,1,NULL,NULL,40719,40720,00001321,NULL,NULL,'2021-07-30','2021-07-30',0004,1,NULL,330.00,NULL,'2021-08-25 18:48:06','2021-08-25 18:48:06',NULL),(147,5508,1,7,NULL,NULL,9,21,NULL,NULL,580,1,NULL,NULL,40719,40720,00001322,NULL,NULL,'2021-07-30','2021-07-30',0004,1,NULL,448.00,NULL,'2021-08-25 18:48:06','2021-08-25 18:48:06',NULL);
INSERT INTO `receipts` VALUES (148,5508,1,7,NULL,NULL,9,21,NULL,NULL,580,1,NULL,NULL,40719,40720,00001323,NULL,NULL,'2021-07-30','2021-07-30',0004,1,NULL,140.00,NULL,'2021-08-25 18:48:06','2021-08-25 18:48:06',NULL),(149,5508,1,7,NULL,NULL,9,21,NULL,NULL,580,1,NULL,NULL,40719,40720,00001324,NULL,NULL,'2021-07-30','2021-07-30',0004,1,NULL,120.00,NULL,'2021-08-25 18:48:07','2021-08-25 18:48:07',NULL),(150,5508,1,7,NULL,NULL,9,21,NULL,NULL,580,1,NULL,NULL,40719,40720,00001325,NULL,NULL,'2021-07-30','2021-07-30',0004,1,NULL,460.00,NULL,'2021-08-25 18:48:07','2021-08-25 18:48:07',NULL),(151,5508,1,7,NULL,NULL,9,21,NULL,NULL,580,1,NULL,NULL,40719,40720,00001326,NULL,NULL,'2021-07-30','2021-07-30',0004,1,NULL,275.00,NULL,'2021-08-25 18:48:07','2021-08-25 18:48:07',NULL),(152,5508,1,7,NULL,NULL,9,21,NULL,NULL,580,1,NULL,NULL,40719,40720,00001327,NULL,NULL,'2021-07-31','2021-07-31',0004,1,NULL,600.00,NULL,'2021-08-25 18:48:07','2021-08-25 18:48:07',NULL),(153,5508,1,7,NULL,NULL,9,21,NULL,NULL,580,1,NULL,NULL,40719,40720,00001328,NULL,NULL,'2021-07-31','2021-07-31',0004,1,NULL,398.00,NULL,'2021-08-25 18:48:07','2021-08-25 18:48:07',NULL),(154,5508,1,7,NULL,NULL,9,21,NULL,NULL,580,1,NULL,NULL,40719,40720,00001329,NULL,NULL,'2021-07-31','2021-07-31',0004,1,NULL,60.00,NULL,'2021-08-25 18:48:07','2021-08-25 18:48:07',NULL),(155,5508,1,7,NULL,NULL,9,21,NULL,NULL,580,1,NULL,NULL,40719,40720,00001330,NULL,NULL,'2021-07-31','2021-07-31',0004,1,NULL,490.00,NULL,'2021-08-25 18:48:07','2021-08-25 18:48:07',NULL),(156,5508,1,7,NULL,NULL,9,21,NULL,NULL,580,1,NULL,NULL,40719,40720,00001331,NULL,NULL,'2021-07-31','2021-07-31',0004,1,NULL,839.85,NULL,'2021-08-25 18:48:07','2021-08-25 18:48:07',NULL),(157,5508,2,1,NULL,NULL,9,21,217,NULL,580,1,NULL,NULL,40719,40727,00537108,00537108,NULL,'2021-07-01','2021-07-01',0005,1,NULL,5340.00,NULL,'2021-08-25 18:49:23','2021-08-28 20:14:08','2021-08-28 20:14:08'),(158,5508,2,4,NULL,NULL,9,21,217,NULL,580,1,NULL,NULL,40719,40728,00008065,00008065,NULL,'2021-07-02','2021-07-02',0002,1,NULL,2147.00,NULL,'2021-08-25 18:49:23','2021-08-28 20:14:08','2021-08-28 20:14:08'),(159,5508,2,1,NULL,NULL,9,21,217,NULL,580,1,NULL,NULL,40719,40729,00397281,NULL,NULL,'2021-07-02','2021-07-02',5103,1,NULL,898.37,NULL,'2021-08-25 18:49:23','2021-08-28 20:14:08','2021-08-28 20:14:08'),(160,5508,2,1,NULL,NULL,9,21,217,NULL,580,1,NULL,NULL,40719,40729,00397280,NULL,NULL,'2021-07-02','2021-07-02',5103,1,NULL,1036.34,NULL,'2021-08-25 18:49:23','2021-08-28 20:14:08','2021-08-28 20:14:08'),(161,5508,2,1,NULL,NULL,9,21,217,NULL,580,1,NULL,NULL,40719,40730,00092879,NULL,NULL,'2021-07-02','2021-07-02',0011,1,NULL,3293.30,NULL,'2021-08-25 18:49:23','2021-08-28 20:14:08','2021-08-28 20:14:08'),(162,5508,2,1,NULL,NULL,9,21,217,NULL,580,1,NULL,NULL,40719,40731,00015804,NULL,NULL,'2021-07-05','2021-07-05',0003,1,NULL,11410.09,NULL,'2021-08-25 18:49:23','2021-08-28 20:14:08','2021-08-28 20:14:08'),(163,5508,2,4,NULL,NULL,9,21,217,NULL,580,1,NULL,NULL,40719,40728,00008143,NULL,NULL,'2021-07-07','2021-07-07',0002,1,NULL,2764.95,NULL,'2021-08-25 18:49:24','2021-08-28 20:14:08','2021-08-28 20:14:08'),(164,5508,2,1,NULL,NULL,9,21,217,NULL,580,1,NULL,NULL,40719,40729,00399410,NULL,NULL,'2021-07-09','2021-07-09',5103,1,NULL,2822.51,NULL,'2021-08-25 18:49:24','2021-08-28 20:14:08','2021-08-28 20:14:08'),(165,5508,2,4,NULL,NULL,9,21,217,NULL,580,1,NULL,NULL,40719,40732,08326071,NULL,NULL,'2021-07-10','2021-07-10',0006,1,NULL,826.55,NULL,'2021-08-25 18:49:24','2021-08-28 20:14:08','2021-08-28 20:14:08'),(166,5508,2,1,NULL,NULL,9,21,217,NULL,580,1,NULL,NULL,40719,40731,00016892,NULL,NULL,'2021-07-12','2021-07-12',0003,1,NULL,4218.17,NULL,'2021-08-25 18:49:24','2021-08-28 20:14:08','2021-08-28 20:14:08'),(167,5508,2,1,NULL,NULL,9,21,217,NULL,580,1,NULL,NULL,40719,40729,00400975,NULL,NULL,'2021-07-14','2021-07-14',5103,1,NULL,2072.69,NULL,'2021-08-25 18:49:24','2021-08-28 20:14:08','2021-08-28 20:14:08');
INSERT INTO `receipts` VALUES (168,5508,2,4,NULL,NULL,9,21,217,NULL,580,1,NULL,NULL,40719,40728,00008248,NULL,NULL,'2021-07-14','2021-07-14',0002,1,NULL,1195.80,NULL,'2021-08-25 18:49:24','2021-08-28 20:14:08','2021-08-28 20:14:08'),(169,5508,2,1,NULL,NULL,9,21,217,NULL,580,1,NULL,NULL,40719,40730,00094162,NULL,NULL,'2021-07-16','2021-07-16',0011,1,NULL,3231.73,NULL,'2021-08-25 18:49:24','2021-08-28 20:14:08','2021-08-28 20:14:08'),(170,5508,2,1,NULL,NULL,9,21,217,NULL,580,1,NULL,NULL,40719,40731,00018307,NULL,NULL,'2021-07-19','2021-07-19',0003,1,NULL,11403.14,NULL,'2021-08-25 18:49:24','2021-08-28 20:14:08','2021-08-28 20:14:08'),(171,5508,2,1,NULL,NULL,9,21,217,NULL,580,1,NULL,NULL,40719,40733,00000063,NULL,NULL,'2021-07-21','2021-07-21',0216,1,NULL,8298.47,NULL,'2021-08-25 18:49:24','2021-08-28 20:14:08','2021-08-28 20:14:08'),(172,5508,2,1,NULL,NULL,9,21,217,NULL,580,1,NULL,NULL,40719,40729,00403514,NULL,NULL,'2021-07-21','2021-07-21',5103,1,NULL,3598.56,NULL,'2021-08-25 18:49:24','2021-08-28 20:14:08','2021-08-28 20:14:08'),(173,5508,2,4,NULL,NULL,9,21,217,NULL,580,1,NULL,NULL,40719,40728,00008349,NULL,NULL,'2021-07-22','2021-07-22',0002,1,NULL,1880.00,NULL,'2021-08-25 18:49:24','2021-08-28 20:14:08','2021-08-28 20:14:08'),(174,5508,2,1,NULL,NULL,9,21,217,NULL,580,1,NULL,NULL,40719,40729,00404474,NULL,NULL,'2021-07-23','2021-07-23',5103,1,NULL,1969.05,NULL,'2021-08-25 18:49:24','2021-08-28 20:14:08','2021-08-28 20:14:08'),(175,5508,2,1,NULL,NULL,9,21,217,NULL,580,1,NULL,NULL,40719,40730,00095004,NULL,NULL,'2021-07-23','2021-07-23',0011,1,NULL,2024.56,NULL,'2021-08-25 18:49:24','2021-08-28 20:14:08','2021-08-28 20:14:08'),(176,5508,2,1,NULL,NULL,9,21,217,NULL,580,1,NULL,NULL,40719,40730,00095060,NULL,NULL,'2021-07-24','2021-07-24',0011,1,NULL,552.70,NULL,'2021-08-25 18:49:24','2021-08-28 20:14:08','2021-08-28 20:14:08'),(177,5508,2,1,NULL,NULL,9,21,217,NULL,580,1,NULL,NULL,40719,40731,00019741,NULL,NULL,'2021-07-26','2021-07-26',0003,1,NULL,16525.96,NULL,'2021-08-25 18:49:24','2021-08-28 20:14:08','2021-08-28 20:14:08'),(178,5508,2,1,NULL,NULL,9,21,217,NULL,580,1,NULL,NULL,40719,40734,00334565,NULL,NULL,'2021-07-26','2021-07-26',1281,1,NULL,4251.90,NULL,'2021-08-25 18:49:24','2021-08-28 20:14:08','2021-08-28 20:14:08'),(179,5508,2,4,NULL,NULL,9,21,217,NULL,580,1,NULL,NULL,40719,40728,00008464,NULL,NULL,'2021-07-28','2021-07-28',0002,1,NULL,1774.00,NULL,'2021-08-25 18:49:24','2021-08-28 20:14:08','2021-08-28 20:14:08'),(180,5508,2,1,NULL,NULL,9,21,217,NULL,580,1,NULL,NULL,40719,40730,00095807,NULL,NULL,'2021-07-30','2021-07-30',0011,1,NULL,1381.08,NULL,'2021-08-25 18:49:24','2021-08-28 20:14:08','2021-08-28 20:14:08'),(181,5508,1,7,NULL,NULL,1533,21,NULL,NULL,640,1,NULL,NULL,40735,40720,00000001,NULL,NULL,'2021-07-27','2021-07-27',0001,1,NULL,3000.00,NULL,'2021-08-27 10:11:42','2021-08-27 10:11:42',NULL),(182,5508,1,7,NULL,NULL,1533,21,NULL,NULL,640,1,NULL,NULL,40735,40720,00000002,NULL,NULL,'2021-07-27','2021-07-27',0001,1,NULL,4000.00,NULL,'2021-08-27 10:11:42','2021-08-27 10:11:42',NULL),(183,5508,1,7,NULL,NULL,1533,21,NULL,NULL,640,1,NULL,NULL,40735,40720,00000003,NULL,NULL,'2021-07-28','2021-07-28',0001,1,NULL,4000.00,NULL,'2021-08-27 10:11:42','2021-08-27 10:11:42',NULL),(184,5508,1,7,NULL,NULL,1533,21,NULL,NULL,640,1,NULL,NULL,40735,40720,00000004,NULL,NULL,'2021-07-29','2021-07-29',0001,1,NULL,4000.00,NULL,'2021-08-27 10:11:42','2021-08-27 10:11:42',NULL),(185,5508,1,7,NULL,NULL,1533,21,NULL,NULL,640,1,NULL,NULL,40735,40720,00000005,NULL,NULL,'2021-07-29','2021-07-29',0001,1,NULL,3000.00,NULL,'2021-08-27 10:11:42','2021-08-27 10:11:42',NULL),(186,5508,2,2,NULL,NULL,1533,21,217,NULL,640,1,NULL,NULL,40735,40736,00107709,00107709,NULL,'2021-07-06','2021-07-06',0064,1,NULL,2407.46,NULL,'2021-08-27 10:12:11','2021-08-27 10:30:39',NULL),(187,5508,2,1,NULL,NULL,1533,21,217,NULL,640,1,NULL,NULL,40735,40736,00126834,00126834,NULL,'2021-07-08','2021-07-08',0064,1,NULL,17840.10,NULL,'2021-08-27 10:12:11','2021-08-27 10:22:04',NULL);
INSERT INTO `receipts` VALUES (188,5508,2,1,NULL,NULL,1533,21,217,NULL,640,1,NULL,NULL,40735,40736,00128705,00128705,NULL,'2021-07-10','2021-07-10',0064,1,NULL,21229.69,NULL,'2021-08-27 10:12:11','2021-08-28 17:39:02',NULL),(189,5508,2,2,NULL,NULL,1533,21,217,NULL,640,1,NULL,NULL,40735,40736,00110147,00110147,NULL,'2021-07-12','2021-07-12',0064,1,NULL,379.08,NULL,'2021-08-27 10:12:11','2021-08-27 10:31:28',NULL),(190,5508,2,1,NULL,NULL,1533,21,217,NULL,640,1,NULL,NULL,40735,40736,00131066,00131066,NULL,'2021-07-13','2021-07-13',0064,1,NULL,2844.35,NULL,'2021-08-27 10:12:11','2021-08-27 10:32:38',NULL),(191,5508,2,1,NULL,NULL,1533,21,217,NULL,640,1,NULL,NULL,40735,40736,00130528,00130528,NULL,'2021-07-13','2021-07-13',0064,1,NULL,2454.87,NULL,'2021-08-27 10:12:11','2021-08-27 10:33:03',NULL),(192,5508,2,7,NULL,NULL,1533,21,250,NULL,640,1,NULL,NULL,40735,40719,00001751,NULL,NULL,'2021-07-15','2021-07-15',0003,1,NULL,3000.00,NULL,'2021-08-27 10:12:11','2021-08-27 10:12:11',NULL),(193,5508,2,2,NULL,NULL,1533,21,217,NULL,640,1,NULL,NULL,40735,40736,00112222,00112222,NULL,'2021-07-15','2021-07-15',0064,1,NULL,4196.73,NULL,'2021-08-27 10:12:11','2021-08-27 10:33:54',NULL),(194,5508,2,2,NULL,NULL,1533,21,217,NULL,640,1,NULL,NULL,40735,40736,00112663,00112663,NULL,'2021-07-16','2021-07-16',0064,1,NULL,544.00,NULL,'2021-08-27 10:12:11','2021-08-27 10:34:23',NULL),(195,5508,2,1,NULL,NULL,1533,21,217,NULL,640,1,NULL,NULL,40735,40736,00133532,00133532,NULL,'2021-07-16','2021-07-16',0064,1,NULL,23835.28,NULL,'2021-08-27 10:12:11','2021-08-27 10:35:01',NULL),(196,5508,2,1,NULL,NULL,1533,21,217,NULL,640,1,NULL,NULL,40735,40736,00133533,00133533,NULL,'2021-07-16','2021-07-16',0064,1,NULL,30420.06,NULL,'2021-08-27 10:12:11','2021-08-27 10:35:29',NULL),(197,5508,2,1,NULL,NULL,1533,21,217,NULL,640,1,NULL,NULL,40735,40736,00134244,00134244,NULL,'2021-07-17','2021-07-17',0064,1,NULL,4039.80,NULL,'2021-08-27 10:12:11','2021-08-27 10:35:53',NULL),(198,5508,2,2,NULL,NULL,1533,21,217,NULL,640,1,NULL,NULL,40735,40736,00113445,00113445,NULL,'2021-07-19','2021-07-19',0064,1,NULL,1128.98,NULL,'2021-08-27 10:12:12','2021-08-28 17:47:44',NULL),(199,5508,2,2,NULL,NULL,1533,21,217,NULL,640,1,NULL,NULL,40735,40736,00114834,00114834,NULL,'2021-07-22','2021-07-22',0064,1,NULL,3058.14,NULL,'2021-08-27 10:12:12','2021-08-28 17:48:09',NULL),(200,5508,2,2,NULL,NULL,1533,21,217,NULL,640,1,NULL,NULL,40735,40736,00114875,00114875,NULL,'2021-07-22','2021-07-22',0064,1,NULL,1656.19,NULL,'2021-08-27 10:12:12','2021-08-28 17:48:31',NULL),(201,5508,2,1,NULL,NULL,1533,21,217,NULL,640,1,NULL,NULL,40735,40736,00137255,00137255,NULL,'2021-07-23','2021-07-23',0064,1,NULL,35424.44,NULL,'2021-08-27 10:12:12','2021-08-28 17:49:07',NULL),(202,5508,2,4,NULL,NULL,1533,21,217,NULL,640,1,NULL,NULL,40735,40737,00021471,00021471,NULL,'2021-07-26','2021-07-26',0235,1,NULL,3299.81,NULL,'2021-08-27 10:12:12','2021-08-28 17:49:33',NULL),(203,5508,2,2,NULL,NULL,1533,21,217,NULL,640,1,NULL,NULL,40735,40736,00117097,00117097,NULL,'2021-07-27','2021-07-27',0064,1,NULL,2189.37,NULL,'2021-08-27 10:12:12','2021-08-28 17:50:06',NULL),(204,5508,2,1,NULL,NULL,1533,21,217,NULL,640,1,NULL,NULL,40735,40736,00140179,00140179,NULL,'2021-07-28','2021-07-28',0064,1,NULL,16244.78,NULL,'2021-08-27 10:12:12','2021-08-28 17:50:33',NULL),(205,5508,2,2,NULL,NULL,1533,21,217,NULL,640,1,NULL,NULL,40735,40736,00119564,00119564,NULL,'2021-07-30','2021-07-30',0064,1,NULL,7324.78,NULL,'2021-08-27 10:12:12','2021-08-28 17:50:51',NULL),(206,5508,2,2,NULL,NULL,1533,21,217,NULL,640,1,NULL,NULL,40735,40736,00120384,00120384,NULL,'2021-07-31','2021-07-31',0064,1,NULL,4636.43,NULL,'2021-08-27 10:12:12','2021-08-28 17:51:12',NULL),(207,5508,2,1,NULL,NULL,1533,21,217,NULL,640,1,NULL,NULL,40735,40736,00143668,00143668,NULL,'2021-07-31','2021-07-31',0064,1,NULL,20433.02,NULL,'2021-08-27 10:12:12','2021-08-28 17:51:41',NULL);
INSERT INTO `receipts` VALUES (208,5508,1,7,NULL,NULL,1534,21,NULL,NULL,640,1,NULL,NULL,40735,40720,00000006,NULL,NULL,'2021-08-20','2021-08-20',0001,1,NULL,5000.00,NULL,'2021-08-28 12:58:00','2021-08-28 12:58:00',NULL),(209,5508,1,7,NULL,NULL,1534,21,NULL,NULL,640,1,NULL,NULL,40735,40720,00000007,NULL,NULL,'2021-08-20','2021-08-20',0001,1,NULL,5000.00,NULL,'2021-08-28 12:58:00','2021-08-28 12:58:00',NULL),(210,5508,1,7,NULL,NULL,1534,21,NULL,NULL,640,1,NULL,NULL,40735,40738,00000008,NULL,NULL,'2021-08-22','2021-08-22',0001,1,NULL,20000.00,NULL,'2021-08-28 12:58:00','2021-08-28 12:58:00',NULL),(211,5508,1,7,NULL,NULL,1534,21,NULL,NULL,640,1,NULL,NULL,40735,40720,00000009,NULL,NULL,'2021-08-23','2021-08-23',0001,1,NULL,5000.00,NULL,'2021-08-28 12:58:00','2021-08-28 12:58:00',NULL),(212,5508,1,7,NULL,NULL,1534,21,NULL,NULL,640,1,NULL,NULL,40735,40720,00000010,NULL,NULL,'2021-08-23','2021-08-23',0001,1,NULL,5000.00,NULL,'2021-08-28 12:58:01','2021-08-28 12:58:01',NULL),(213,5508,1,7,NULL,NULL,1534,21,NULL,NULL,640,1,NULL,NULL,40735,40720,00000011,NULL,NULL,'2021-08-24','2021-08-24',0001,1,NULL,5000.00,NULL,'2021-08-28 12:58:01','2021-08-28 12:58:01',NULL),(214,5508,1,7,NULL,NULL,1534,21,NULL,NULL,640,1,NULL,NULL,40735,40720,00000012,NULL,NULL,'2021-08-24','2021-08-24',0001,1,NULL,5000.00,NULL,'2021-08-28 12:58:01','2021-08-28 12:58:01',NULL),(215,5508,2,1,NULL,NULL,1534,21,217,NULL,640,1,NULL,NULL,40735,40736,00146372,00146372,NULL,'2021-08-03','2021-08-03',0064,1,NULL,5982.34,NULL,'2021-08-28 12:58:22','2021-08-28 17:52:03',NULL),(216,5508,2,1,NULL,NULL,1534,21,217,NULL,640,1,NULL,NULL,40735,40736,00145649,00145649,NULL,'2021-08-03','2021-08-03',0064,1,NULL,33607.24,NULL,'2021-08-28 12:58:22','2021-08-28 17:52:22',NULL),(217,5508,2,1,NULL,NULL,1534,21,217,NULL,640,1,NULL,NULL,40735,40736,00151854,00151854,NULL,'2021-08-07','2021-08-07',0064,1,NULL,45817.18,NULL,'2021-08-28 12:58:22','2021-08-28 17:52:54',NULL),(218,5508,2,2,NULL,NULL,1534,21,217,NULL,640,1,NULL,NULL,40735,40736,00128766,00128766,NULL,'2021-08-19','2021-08-19',0064,1,NULL,2724.00,NULL,'2021-08-28 12:58:23','2021-08-28 17:53:08',NULL),(219,5508,2,1,NULL,NULL,1534,21,217,NULL,640,1,NULL,NULL,40735,40736,00157985,00157985,NULL,'2021-08-20','2021-08-20',0064,1,NULL,22032.29,NULL,'2021-08-28 12:58:23','2021-08-28 17:53:37',NULL),(220,5508,2,2,NULL,NULL,1534,21,217,NULL,640,1,NULL,NULL,40735,40736,00129399,00129399,NULL,'2021-08-20','2021-08-20',0064,1,NULL,5365.70,NULL,'2021-08-28 12:58:23','2021-08-28 17:53:59',NULL),(221,5508,2,1,NULL,NULL,1534,21,217,NULL,640,1,NULL,NULL,40735,40736,00158696,00158696,NULL,'2021-08-21','2021-08-21',0064,1,NULL,15068.31,NULL,'2021-08-28 12:58:23','2021-08-28 17:54:21',NULL),(222,5508,2,1,NULL,NULL,1534,21,217,NULL,640,1,NULL,NULL,40735,40736,00160473,00160473,NULL,'2021-08-25','2021-08-25',0064,1,NULL,15853.82,NULL,'2021-08-28 12:58:23','2021-08-28 17:54:53',NULL),(223,5508,2,1,NULL,NULL,9,21,217,NULL,580,1,NULL,NULL,40719,40727,00537108,00537108,NULL,'2021-07-01','2021-07-01',0005,1,NULL,5340.00,NULL,'2021-08-29 12:26:39','2021-08-29 12:34:36',NULL),(224,5508,2,4,NULL,NULL,9,21,217,NULL,580,1,NULL,NULL,40719,40728,00008065,00008065,NULL,'2021-07-02','2021-07-02',0002,1,NULL,2147.00,NULL,'2021-08-29 12:26:39','2021-08-29 12:35:07',NULL),(225,5508,2,1,NULL,NULL,9,21,217,NULL,580,1,NULL,NULL,40719,40729,00397281,00397281,NULL,'2021-07-02','2021-07-02',5103,1,NULL,898.37,NULL,'2021-08-29 12:26:39','2021-08-29 12:37:50',NULL),(226,5508,2,1,NULL,NULL,9,21,217,NULL,580,1,NULL,NULL,40719,40729,00397280,00397280,NULL,'2021-07-02','2021-07-02',5103,1,NULL,1036.34,NULL,'2021-08-29 12:26:39','2021-08-29 12:38:50',NULL),(227,5508,2,1,NULL,NULL,9,21,217,NULL,580,1,NULL,NULL,40719,40730,00092879,00092879,NULL,'2021-07-02','2021-07-02',0011,1,NULL,3293.30,NULL,'2021-08-29 12:26:39','2021-08-29 13:08:42',NULL),(228,5508,2,1,NULL,NULL,9,21,217,NULL,580,1,NULL,NULL,40719,40731,00015804,00015804,NULL,'2021-07-05','2021-07-05',0003,1,NULL,11410.09,NULL,'2021-08-29 12:26:39','2021-08-29 13:09:27',NULL);
INSERT INTO `receipts` VALUES (229,5508,2,4,NULL,NULL,9,21,217,NULL,580,1,NULL,NULL,40719,40728,00008143,00008143,NULL,'2021-07-07','2021-07-07',0002,1,NULL,2764.95,NULL,'2021-08-29 12:26:39','2021-08-29 13:09:54',NULL),(230,5508,2,1,NULL,NULL,9,21,217,NULL,580,1,NULL,NULL,40719,40729,00399410,00399410,NULL,'2021-07-09','2021-07-09',5103,1,NULL,2822.51,NULL,'2021-08-29 12:26:39','2021-08-29 13:11:10',NULL),(231,5508,2,4,NULL,NULL,9,21,217,NULL,580,1,NULL,NULL,40719,40732,08326071,08326071,NULL,'2021-07-10','2021-07-10',0006,1,NULL,826.55,NULL,'2021-08-29 12:26:39','2021-08-29 13:12:40',NULL),(232,5508,2,1,NULL,NULL,9,21,217,NULL,580,1,NULL,NULL,40719,40731,00016892,00016892,NULL,'2021-07-12','2021-07-12',0003,1,NULL,4218.17,NULL,'2021-08-29 12:26:39','2021-08-29 12:39:34',NULL),(233,5508,2,1,NULL,NULL,9,21,217,NULL,580,1,NULL,NULL,40719,40729,00400975,00400975,NULL,'2021-07-14','2021-07-14',5103,1,NULL,2072.69,NULL,'2021-08-29 12:26:39','2021-08-29 12:40:56',NULL),(234,5508,2,4,NULL,NULL,9,21,217,NULL,580,1,NULL,NULL,40719,40728,00008248,00008248,NULL,'2021-07-14','2021-07-14',0002,1,NULL,1195.80,NULL,'2021-08-29 12:26:39','2021-08-29 12:41:33',NULL),(235,5508,2,1,NULL,NULL,9,21,217,NULL,580,1,NULL,NULL,40719,40730,00094162,00094162,NULL,'2021-07-16','2021-07-16',0011,1,NULL,3231.73,NULL,'2021-08-29 12:26:39','2021-08-29 12:43:06',NULL),(236,5508,2,1,NULL,NULL,9,21,217,NULL,580,1,NULL,NULL,40719,40731,00018307,00018307,NULL,'2021-07-19','2021-07-19',0003,1,NULL,11403.14,NULL,'2021-08-29 12:26:39','2021-08-29 12:43:37',NULL),(237,5508,2,1,NULL,NULL,9,21,217,NULL,580,1,NULL,NULL,40719,40733,00000063,00000063,NULL,'2021-07-21','2021-07-21',0216,1,NULL,8298.47,NULL,'2021-08-29 12:26:39','2021-08-29 12:53:15',NULL),(238,5508,2,1,NULL,NULL,9,21,217,NULL,580,1,NULL,NULL,40719,40729,00403514,00403514,NULL,'2021-07-21','2021-07-21',5103,1,NULL,3598.56,NULL,'2021-08-29 12:26:39','2021-08-29 13:06:23',NULL),(239,5508,2,4,NULL,NULL,9,21,217,NULL,580,1,NULL,NULL,40719,40728,00008349,00008349,NULL,'2021-07-22','2021-07-22',0002,1,NULL,1880.00,NULL,'2021-08-29 12:26:39','2021-08-29 13:06:55',NULL),(240,5508,2,1,NULL,NULL,9,21,217,NULL,580,1,NULL,NULL,40719,40729,00404474,00404474,NULL,'2021-07-23','2021-07-23',5103,1,NULL,1969.05,NULL,'2021-08-29 12:26:39','2021-08-29 14:03:30',NULL),(241,5508,2,1,NULL,NULL,9,21,217,NULL,580,1,NULL,NULL,40719,40730,00095004,00095004,NULL,'2021-07-23','2021-07-23',0011,1,NULL,2024.56,NULL,'2021-08-29 12:26:39','2021-08-29 14:04:56',NULL),(242,5508,2,1,NULL,NULL,9,21,217,NULL,580,1,NULL,NULL,40719,40730,00095060,00095060,NULL,'2021-07-24','2021-07-24',0011,1,NULL,552.70,NULL,'2021-08-29 12:26:40','2021-08-29 14:05:18',NULL),(243,5508,2,1,NULL,NULL,9,21,217,NULL,580,1,NULL,NULL,40719,40731,00019741,00019741,NULL,'2021-07-26','2021-07-26',0003,1,NULL,16525.96,NULL,'2021-08-29 12:26:40','2021-08-29 14:05:53',NULL),(244,5508,2,1,NULL,NULL,9,21,217,NULL,580,1,NULL,NULL,40719,40734,00334565,00334565,NULL,'2021-07-26','2021-07-26',1281,1,NULL,4251.90,NULL,'2021-08-29 12:26:40','2021-08-29 14:06:43',NULL),(245,5508,2,4,NULL,NULL,9,21,217,NULL,580,1,NULL,NULL,40719,40728,00008464,00008464,NULL,'2021-07-28','2021-07-28',0002,1,NULL,1774.00,NULL,'2021-08-29 12:26:40','2021-08-29 14:07:04',NULL),(246,5508,2,1,NULL,NULL,9,21,217,NULL,580,1,NULL,NULL,40719,40730,00095807,00095807,NULL,'2021-07-30','2021-07-30',0011,1,NULL,1381.08,NULL,'2021-08-29 12:26:40','2021-08-29 14:07:51',NULL),(247,5508,2,4,NULL,NULL,9,21,217,NULL,580,3,NULL,NULL,40719,40740,21194343,21194343,NULL,'2021-07-26','2021-07-26',0098,1,NULL,3120.00,NULL,'2021-08-29 14:17:03','2021-08-29 14:17:03',NULL),(248,5508,2,4,NULL,NULL,9,21,198,NULL,580,3,NULL,NULL,40719,40741,00113806,00113806,NULL,'2021-07-31','2021-07-31',0001,1,NULL,19678.01,NULL,'2021-08-29 15:10:29','2021-08-29 15:10:29',NULL),(249,5508,4,NULL,NULL,NULL,9,21,NULL,NULL,NULL,1,NULL,NULL,40719,NULL,NULL,NULL,NULL,'2021-07-31',NULL,NULL,1,NULL,1738.42,NULL,'2021-08-29 20:06:52','2021-08-29 20:06:52',NULL);
INSERT INTO `receipts` VALUES (250,5508,4,NULL,NULL,NULL,1534,21,NULL,NULL,NULL,1,NULL,NULL,40735,NULL,NULL,NULL,NULL,'2021-08-31',NULL,NULL,1,NULL,50.00,NULL,'2021-09-01 18:29:10','2021-09-01 18:29:10',NULL),(251,5508,1,7,NULL,NULL,10,21,NULL,NULL,580,1,NULL,NULL,40719,40720,00001332,NULL,NULL,'2021-08-02','2021-08-02',0004,1,NULL,830.00,NULL,'2021-09-01 18:48:23','2021-09-01 18:48:23',NULL),(252,5508,1,7,NULL,NULL,10,21,NULL,NULL,580,1,NULL,NULL,40719,40720,00001333,NULL,NULL,'2021-08-03','2021-08-03',0004,1,NULL,730.01,NULL,'2021-09-01 18:48:23','2021-09-01 18:48:23',NULL),(253,5508,1,7,NULL,NULL,10,21,NULL,NULL,580,1,NULL,NULL,40719,40720,00001334,NULL,NULL,'2021-08-03','2021-08-03',0004,1,NULL,136.73,NULL,'2021-09-01 18:48:23','2021-09-01 18:48:23',NULL),(254,5508,1,7,NULL,NULL,10,21,NULL,NULL,855,1,NULL,NULL,40719,40723,00001752,00001752,NULL,'2021-08-04','2021-08-04',0003,1,NULL,726.42,NULL,'2021-09-01 18:48:23','2021-09-01 18:52:24',NULL),(255,5508,1,7,NULL,NULL,10,21,NULL,NULL,580,1,NULL,NULL,40719,40720,00001335,NULL,NULL,'2021-08-04','2021-08-04',0004,1,NULL,472.00,NULL,'2021-09-01 18:48:23','2021-09-01 18:48:23',NULL),(256,5508,1,7,NULL,NULL,10,21,NULL,NULL,580,1,NULL,NULL,40719,40720,00001336,NULL,NULL,'2021-08-04','2021-08-04',0004,1,NULL,180.00,NULL,'2021-09-01 18:48:23','2021-09-01 18:48:23',NULL),(257,5508,1,7,NULL,NULL,10,21,NULL,NULL,580,1,NULL,NULL,40719,40720,00001337,NULL,NULL,'2021-08-05','2021-08-05',0004,1,NULL,100.00,NULL,'2021-09-01 18:48:23','2021-09-01 18:48:23',NULL),(258,5508,1,7,NULL,NULL,10,21,NULL,NULL,580,1,NULL,NULL,40719,40720,00001338,NULL,NULL,'2021-08-05','2021-08-05',0004,1,NULL,580.00,NULL,'2021-09-01 18:48:23','2021-09-01 18:48:23',NULL),(259,5508,1,7,NULL,NULL,10,21,NULL,NULL,580,1,NULL,NULL,40719,40720,00001339,NULL,NULL,'2021-08-05','2021-08-05',0004,1,NULL,430.40,NULL,'2021-09-01 18:48:23','2021-09-01 18:48:23',NULL),(260,5508,1,7,NULL,NULL,10,21,NULL,NULL,580,1,NULL,NULL,40719,40720,00001340,NULL,NULL,'2021-08-05','2021-08-05',0004,1,NULL,85.00,NULL,'2021-09-01 18:48:23','2021-09-01 18:48:23',NULL),(261,5508,1,7,NULL,NULL,10,21,NULL,NULL,580,1,NULL,NULL,40719,40720,00001341,NULL,NULL,'2021-08-05','2021-08-05',0004,1,NULL,119.60,NULL,'2021-09-01 18:48:23','2021-09-01 18:48:23',NULL),(262,5508,1,7,NULL,NULL,10,21,NULL,NULL,580,1,NULL,NULL,40719,40720,00001342,NULL,NULL,'2021-08-05','2021-08-05',0004,1,NULL,165.00,NULL,'2021-09-01 18:48:23','2021-09-01 18:48:23',NULL),(263,5508,1,7,NULL,NULL,10,21,NULL,NULL,580,1,NULL,NULL,40719,40720,00001343,NULL,NULL,'2021-08-05','2021-08-05',0004,1,NULL,551.95,NULL,'2021-09-01 18:48:23','2021-09-01 18:48:23',NULL),(264,5508,1,7,NULL,NULL,10,21,NULL,NULL,580,1,NULL,NULL,40719,40742,00001344,NULL,NULL,'2021-08-06','2021-08-06',0004,1,NULL,940.00,NULL,'2021-09-01 18:48:23','2021-09-01 18:48:23',NULL),(265,5508,1,7,NULL,NULL,10,21,NULL,NULL,580,1,NULL,NULL,40719,40720,00001345,NULL,NULL,'2021-08-06','2021-08-06',0004,1,NULL,428.00,NULL,'2021-09-01 18:48:24','2021-09-01 18:48:24',NULL),(266,5508,1,7,NULL,NULL,10,21,NULL,NULL,580,1,NULL,NULL,40719,40720,00001346,NULL,NULL,'2021-08-06','2021-08-06',0004,1,NULL,208.00,NULL,'2021-09-01 18:48:24','2021-09-01 18:48:24',NULL),(267,5508,1,7,NULL,NULL,10,21,NULL,NULL,580,1,NULL,NULL,40719,40720,00001347,NULL,NULL,'2021-08-06','2021-08-06',0004,1,NULL,280.00,NULL,'2021-09-01 18:48:24','2021-09-01 18:48:24',NULL),(268,5508,1,7,NULL,NULL,10,21,NULL,NULL,580,1,NULL,NULL,40719,40720,00001348,NULL,NULL,'2021-08-06','2021-08-06',0004,1,NULL,622.00,NULL,'2021-09-01 18:48:24','2021-09-01 18:48:24',NULL),(269,5508,1,7,NULL,NULL,10,21,NULL,NULL,580,1,NULL,NULL,40719,40720,00001349,NULL,NULL,'2021-08-06','2021-08-06',0004,1,NULL,480.00,NULL,'2021-09-01 18:48:24','2021-09-01 18:48:24',NULL),(270,5508,1,7,NULL,NULL,10,21,NULL,NULL,580,1,NULL,NULL,40719,40720,00001350,NULL,NULL,'2021-08-07','2021-08-07',0004,1,NULL,155.00,NULL,'2021-09-01 18:48:24','2021-09-01 18:48:24',NULL);
INSERT INTO `receipts` VALUES (271,5508,1,7,NULL,NULL,10,21,NULL,NULL,580,1,NULL,NULL,40719,40720,00001351,NULL,NULL,'2021-08-07','2021-08-07',0004,1,NULL,370.00,NULL,'2021-09-01 18:48:24','2021-09-01 18:48:24',NULL),(272,5508,1,7,NULL,NULL,10,21,NULL,NULL,580,1,NULL,NULL,40719,40720,00001352,NULL,NULL,'2021-08-07','2021-08-07',0004,1,NULL,230.00,NULL,'2021-09-01 18:48:24','2021-09-01 18:48:24',NULL),(273,5508,1,7,NULL,NULL,10,21,NULL,NULL,580,1,NULL,NULL,40719,40720,00001353,NULL,NULL,'2021-08-07','2021-08-07',0004,1,NULL,264.00,NULL,'2021-09-01 18:48:24','2021-09-01 18:48:24',NULL),(274,5508,1,7,NULL,NULL,10,21,NULL,NULL,580,1,NULL,NULL,40719,40720,00001354,NULL,NULL,'2021-08-07','2021-08-07',0004,1,NULL,550.00,NULL,'2021-09-01 18:48:24','2021-09-01 18:48:24',NULL),(275,5508,1,7,NULL,NULL,10,21,NULL,NULL,580,1,NULL,NULL,40719,40720,00001355,NULL,NULL,'2021-08-07','2021-08-07',0004,1,NULL,320.00,NULL,'2021-09-01 18:48:24','2021-09-01 18:48:24',NULL),(276,5508,1,7,NULL,NULL,10,21,NULL,NULL,580,1,NULL,NULL,40719,40720,00001356,NULL,NULL,'2021-08-09','2021-08-09',0004,1,NULL,540.00,NULL,'2021-09-01 18:48:24','2021-09-01 18:48:24',NULL),(277,5508,1,7,NULL,NULL,10,21,NULL,NULL,580,1,NULL,NULL,40719,40720,00001357,NULL,NULL,'2021-08-09','2021-08-09',0004,1,NULL,275.00,NULL,'2021-09-01 18:48:24','2021-09-01 18:48:24',NULL),(278,5508,1,7,NULL,NULL,10,21,NULL,NULL,580,1,NULL,NULL,40719,40720,00001358,NULL,NULL,'2021-08-09','2021-08-09',0004,1,NULL,620.00,NULL,'2021-09-01 18:48:24','2021-09-01 18:48:24',NULL),(279,5508,1,7,NULL,NULL,10,21,NULL,NULL,580,1,NULL,NULL,40719,40720,00001359,NULL,NULL,'2021-08-10','2021-08-10',0004,1,NULL,300.00,NULL,'2021-09-01 18:48:24','2021-09-01 18:48:24',NULL),(280,5508,1,7,NULL,NULL,10,21,NULL,NULL,580,1,NULL,NULL,40719,40720,00001360,NULL,NULL,'2021-08-10','2021-08-10',0004,1,NULL,357.00,NULL,'2021-09-01 18:48:24','2021-09-01 18:48:24',NULL),(281,5508,1,7,NULL,NULL,10,21,NULL,NULL,580,1,NULL,NULL,40719,40720,00001361,NULL,NULL,'2021-08-10','2021-08-10',0004,1,NULL,455.00,NULL,'2021-09-01 18:48:24','2021-09-01 18:48:24',NULL),(282,5508,1,7,NULL,NULL,10,21,NULL,NULL,580,1,NULL,NULL,40719,40720,00001362,NULL,NULL,'2021-08-11','2021-08-11',0004,1,NULL,390.00,NULL,'2021-09-01 18:48:24','2021-09-01 18:48:24',NULL),(283,5508,1,7,NULL,NULL,10,21,NULL,NULL,580,1,NULL,NULL,40719,40720,00001363,NULL,NULL,'2021-08-11','2021-08-11',0004,1,NULL,105.00,NULL,'2021-09-01 18:48:24','2021-09-01 18:48:24',NULL),(284,5508,1,7,NULL,NULL,10,21,NULL,NULL,580,1,NULL,NULL,40719,40720,00001364,NULL,NULL,'2021-08-12','2021-08-12',0004,1,NULL,300.00,NULL,'2021-09-01 18:48:24','2021-09-01 18:48:24',NULL),(285,5508,1,7,NULL,NULL,10,21,NULL,NULL,580,1,NULL,NULL,40719,40720,00001365,NULL,NULL,'2021-08-12','2021-08-12',0004,1,NULL,170.00,NULL,'2021-09-01 18:48:24','2021-09-01 18:48:24',NULL),(286,5508,1,7,NULL,NULL,10,21,NULL,NULL,580,1,NULL,NULL,40719,40720,00001366,NULL,NULL,'2021-08-12','2021-08-12',0004,1,NULL,390.00,NULL,'2021-09-01 18:48:24','2021-09-01 18:48:24',NULL),(287,5508,1,7,NULL,NULL,10,21,NULL,NULL,580,1,NULL,NULL,40719,40720,00001367,NULL,NULL,'2021-08-13','2021-08-13',0004,1,NULL,385.00,NULL,'2021-09-01 18:48:24','2021-09-01 18:48:24',NULL),(288,5508,1,7,NULL,NULL,10,21,NULL,NULL,580,1,NULL,NULL,40719,40720,00001368,NULL,NULL,'2021-08-13','2021-08-13',0004,1,NULL,290.00,NULL,'2021-09-01 18:48:24','2021-09-01 18:48:24',NULL),(289,5508,1,7,NULL,NULL,10,21,NULL,NULL,580,1,NULL,NULL,40719,40720,00001369,NULL,NULL,'2021-08-13','2021-08-13',0004,1,NULL,140.00,NULL,'2021-09-01 18:48:25','2021-09-01 18:48:25',NULL),(290,5508,1,7,NULL,NULL,10,21,NULL,NULL,580,1,NULL,NULL,40719,40720,00001370,NULL,NULL,'2021-08-13','2021-08-13',0004,1,NULL,967.00,NULL,'2021-09-01 18:48:25','2021-09-01 18:48:25',NULL),(291,5508,1,7,NULL,NULL,10,21,NULL,NULL,580,1,NULL,NULL,40719,40720,00001371,NULL,NULL,'2021-08-13','2021-08-13',0004,1,NULL,100.00,NULL,'2021-09-01 18:48:25','2021-09-01 18:48:25',NULL);
INSERT INTO `receipts` VALUES (292,5508,1,7,NULL,NULL,10,21,NULL,NULL,580,1,NULL,NULL,40719,40720,00001372,NULL,NULL,'2021-08-13','2021-08-13',0004,1,NULL,60.00,NULL,'2021-09-01 18:48:25','2021-09-01 18:48:25',NULL),(293,5508,1,7,NULL,NULL,10,21,NULL,NULL,580,1,NULL,NULL,40719,40720,00001373,NULL,NULL,'2021-08-13','2021-08-13',0004,1,NULL,150.00,NULL,'2021-09-01 18:48:25','2021-09-01 18:48:25',NULL),(294,5508,1,7,NULL,NULL,10,21,NULL,NULL,580,1,NULL,NULL,40719,40720,00001374,NULL,NULL,'2021-08-13','2021-08-13',0004,1,NULL,395.00,NULL,'2021-09-01 18:48:25','2021-09-01 18:48:25',NULL),(295,5508,1,7,NULL,NULL,10,21,NULL,NULL,580,1,NULL,NULL,40719,40720,00001375,NULL,NULL,'2021-08-13','2021-08-13',0004,1,NULL,180.00,NULL,'2021-09-01 18:48:25','2021-09-01 18:48:25',NULL),(296,5508,1,7,NULL,NULL,10,21,NULL,NULL,580,1,NULL,NULL,40719,40720,00001376,NULL,NULL,'2021-08-14','2021-08-14',0004,1,NULL,100.00,NULL,'2021-09-01 18:48:25','2021-09-01 18:48:25',NULL),(297,5508,1,7,NULL,NULL,10,21,NULL,NULL,580,1,NULL,NULL,40719,40720,00001377,NULL,NULL,'2021-08-14','2021-08-14',0004,1,NULL,342.26,NULL,'2021-09-01 18:48:25','2021-09-01 18:48:25',NULL),(298,5508,1,7,NULL,NULL,10,21,NULL,NULL,580,1,NULL,NULL,40719,40720,00001378,NULL,NULL,'2021-08-14','2021-08-14',0004,1,NULL,100.00,NULL,'2021-09-01 18:48:25','2021-09-01 18:48:25',NULL),(299,5508,1,7,NULL,NULL,10,21,NULL,NULL,580,1,NULL,NULL,40719,40720,00001379,NULL,NULL,'2021-08-14','2021-08-14',0004,1,NULL,733.00,NULL,'2021-09-01 18:48:25','2021-09-01 18:48:25',NULL),(300,5508,1,7,NULL,NULL,10,21,NULL,NULL,580,1,NULL,NULL,40719,40720,00001380,NULL,NULL,'2021-08-14','2021-08-14',0004,1,NULL,380.00,NULL,'2021-09-01 18:48:25','2021-09-01 18:48:25',NULL),(301,5508,1,7,NULL,NULL,10,21,NULL,NULL,580,1,NULL,NULL,40719,40720,00001381,NULL,NULL,'2021-08-14','2021-08-14',0004,1,NULL,400.00,NULL,'2021-09-01 18:48:25','2021-09-01 18:48:25',NULL),(302,5508,1,7,NULL,NULL,10,21,NULL,NULL,580,1,NULL,NULL,40719,40720,00001382,NULL,NULL,'2021-08-16','2021-08-16',0004,1,NULL,395.00,NULL,'2021-09-01 18:48:25','2021-09-01 18:48:25',NULL),(303,5508,1,7,NULL,NULL,10,21,NULL,NULL,580,1,NULL,NULL,40719,40720,00001383,NULL,NULL,'2021-08-16','2021-08-16',0004,1,NULL,259.20,NULL,'2021-09-01 18:48:25','2021-09-01 18:48:25',NULL),(304,5508,1,7,NULL,NULL,10,21,NULL,NULL,580,1,NULL,NULL,40719,40720,00001384,NULL,NULL,'2021-08-16','2021-08-16',0004,1,NULL,210.00,NULL,'2021-09-01 18:48:25','2021-09-01 18:48:25',NULL),(305,5508,1,7,NULL,NULL,10,21,NULL,NULL,580,1,NULL,NULL,40719,40720,00001385,NULL,NULL,'2021-08-17','2021-08-17',0004,1,NULL,327.50,NULL,'2021-09-01 18:48:25','2021-09-01 18:48:25',NULL),(306,5508,1,7,NULL,NULL,10,21,NULL,NULL,580,1,NULL,NULL,40719,40720,00001386,NULL,NULL,'2021-08-17','2021-08-17',0004,1,NULL,100.00,NULL,'2021-09-01 18:48:25','2021-09-01 18:48:25',NULL),(307,5508,1,7,NULL,NULL,10,21,NULL,NULL,580,1,NULL,NULL,40719,40720,00001387,NULL,NULL,'2021-08-17','2021-08-17',0004,1,NULL,200.00,NULL,'2021-09-01 18:48:25','2021-09-01 18:48:25',NULL),(308,5508,1,7,NULL,NULL,10,21,NULL,NULL,580,1,NULL,NULL,40719,40720,00001388,NULL,NULL,'2021-08-17','2021-08-17',0004,1,NULL,100.00,NULL,'2021-09-01 18:48:25','2021-09-01 18:48:25',NULL),(309,5508,1,7,NULL,NULL,10,21,NULL,NULL,580,1,NULL,NULL,40719,40720,00001389,NULL,NULL,'2021-08-17','2021-08-17',0004,1,NULL,172.00,NULL,'2021-09-01 18:48:25','2021-09-01 18:48:25',NULL),(310,5508,1,7,NULL,NULL,10,21,NULL,NULL,580,1,NULL,NULL,40719,40720,00001390,NULL,NULL,'2021-08-18','2021-08-18',0004,1,NULL,468.00,NULL,'2021-09-01 18:48:25','2021-09-01 18:48:25',NULL),(311,5508,1,7,NULL,NULL,10,21,NULL,NULL,580,1,NULL,NULL,40719,40720,00001391,NULL,NULL,'2021-08-18','2021-08-18',0004,1,NULL,210.00,NULL,'2021-09-01 18:48:25','2021-09-01 18:48:25',NULL),(312,5508,1,7,NULL,NULL,10,21,NULL,NULL,580,1,NULL,NULL,40719,40720,00001392,NULL,NULL,'2021-08-18','2021-08-18',0004,1,NULL,173.51,NULL,'2021-09-01 18:48:25','2021-09-01 18:48:25',NULL);
INSERT INTO `receipts` VALUES (313,5508,1,7,NULL,NULL,10,21,NULL,NULL,580,1,NULL,NULL,40719,40720,00001393,NULL,NULL,'2021-08-18','2021-08-18',0004,1,NULL,424.00,NULL,'2021-09-01 18:48:25','2021-09-01 18:48:25',NULL),(314,5508,1,7,NULL,NULL,10,21,NULL,NULL,580,1,NULL,NULL,40719,40720,00001394,NULL,NULL,'2021-08-18','2021-08-18',0004,1,NULL,457.00,NULL,'2021-09-01 18:48:25','2021-09-01 18:48:25',NULL),(315,5508,1,7,NULL,NULL,10,21,NULL,NULL,580,1,NULL,NULL,40719,40720,00001395,NULL,NULL,'2021-08-18','2021-08-18',0004,1,NULL,350.00,NULL,'2021-09-01 18:48:25','2021-09-01 18:48:25',NULL),(316,5508,1,7,NULL,NULL,10,21,NULL,NULL,580,1,NULL,NULL,40719,40720,00001396,NULL,NULL,'2021-08-19','2021-08-19',0004,1,NULL,195.00,NULL,'2021-09-01 18:48:26','2021-09-01 18:48:26',NULL),(317,5508,1,7,NULL,NULL,10,21,NULL,NULL,580,1,NULL,NULL,40719,40722,00001397,NULL,NULL,'2021-08-19','2021-08-19',0004,1,NULL,422.50,NULL,'2021-09-01 18:48:26','2021-09-01 18:48:26',NULL),(318,5508,1,7,NULL,NULL,10,21,NULL,NULL,580,1,NULL,NULL,40719,40720,00001398,NULL,NULL,'2021-08-19','2021-08-19',0004,1,NULL,100.00,NULL,'2021-09-01 18:48:26','2021-09-01 18:48:26',NULL),(319,5508,1,7,NULL,NULL,10,21,NULL,NULL,580,1,NULL,NULL,40719,40720,00001399,NULL,NULL,'2021-08-19','2021-08-19',0004,1,NULL,170.00,NULL,'2021-09-01 18:48:26','2021-09-01 18:48:26',NULL),(320,5508,1,7,NULL,NULL,10,21,NULL,NULL,580,1,NULL,NULL,40719,40720,00001400,NULL,NULL,'2021-08-19','2021-08-19',0004,1,NULL,145.00,NULL,'2021-09-01 18:48:26','2021-09-01 18:48:26',NULL),(321,5508,1,7,NULL,NULL,10,21,NULL,NULL,580,1,NULL,NULL,40719,40720,00001401,NULL,NULL,'2021-08-19','2021-08-19',0004,1,NULL,623.08,NULL,'2021-09-01 18:48:26','2021-09-01 18:48:26',NULL),(322,5508,1,7,NULL,NULL,10,21,NULL,NULL,580,1,NULL,NULL,40719,40720,00001402,NULL,NULL,'2021-08-19','2021-08-19',0004,1,NULL,200.00,NULL,'2021-09-01 18:48:26','2021-09-01 18:48:26',NULL),(323,5508,1,7,NULL,NULL,10,21,NULL,NULL,580,1,NULL,NULL,40719,40720,00001403,NULL,NULL,'2021-08-20','2021-08-20',0004,1,NULL,420.00,NULL,'2021-09-01 18:48:26','2021-09-01 18:48:26',NULL),(324,5508,1,7,NULL,NULL,10,21,NULL,NULL,580,1,NULL,NULL,40719,40720,00001404,NULL,NULL,'2021-08-20','2021-08-20',0004,1,NULL,145.00,NULL,'2021-09-01 18:48:26','2021-09-01 18:48:26',NULL),(325,5508,1,7,NULL,NULL,10,21,NULL,NULL,580,1,NULL,NULL,40719,40720,00001405,NULL,NULL,'2021-08-20','2021-08-20',0004,1,NULL,270.00,NULL,'2021-09-01 18:48:26','2021-09-01 18:48:26',NULL),(326,5508,1,7,NULL,NULL,10,21,NULL,NULL,580,1,NULL,NULL,40719,40720,00001406,NULL,NULL,'2021-08-20','2021-08-20',0004,1,NULL,627.70,NULL,'2021-09-01 18:48:26','2021-09-01 18:48:26',NULL),(327,5508,1,7,NULL,NULL,10,21,NULL,NULL,580,1,NULL,NULL,40719,40720,00001407,NULL,NULL,'2021-08-20','2021-08-20',0004,1,NULL,370.02,NULL,'2021-09-01 18:48:26','2021-09-01 18:48:26',NULL),(328,5508,1,7,NULL,NULL,10,21,NULL,NULL,580,1,NULL,NULL,40719,40720,00001408,NULL,NULL,'2021-08-20','2021-08-20',0004,1,NULL,225.00,NULL,'2021-09-01 18:48:26','2021-09-01 18:48:26',NULL),(329,5508,1,7,NULL,NULL,10,21,NULL,NULL,580,1,NULL,NULL,40719,40720,00001409,NULL,NULL,'2021-08-21','2021-08-21',0004,1,NULL,360.00,NULL,'2021-09-01 18:48:26','2021-09-01 18:48:26',NULL),(330,5508,1,7,NULL,NULL,10,21,NULL,NULL,580,1,NULL,NULL,40719,40720,00001410,NULL,NULL,'2021-08-21','2021-08-21',0004,1,NULL,380.00,NULL,'2021-09-01 18:48:26','2021-09-01 18:48:26',NULL),(331,5508,1,7,NULL,NULL,10,21,NULL,NULL,580,1,NULL,NULL,40719,40720,00001411,NULL,NULL,'2021-08-21','2021-08-21',0004,1,NULL,350.00,NULL,'2021-09-01 18:48:26','2021-09-01 18:48:26',NULL),(332,5508,1,7,NULL,NULL,10,21,NULL,NULL,580,1,NULL,NULL,40719,40720,00001412,NULL,NULL,'2021-08-21','2021-08-21',0004,1,NULL,100.30,NULL,'2021-09-01 18:48:26','2021-09-01 18:48:26',NULL),(333,5508,1,7,NULL,NULL,10,21,NULL,NULL,580,1,NULL,NULL,40719,40720,00001413,NULL,NULL,'2021-08-21','2021-08-21',0004,1,NULL,140.00,NULL,'2021-09-01 18:48:26','2021-09-01 18:48:26',NULL);
INSERT INTO `receipts` VALUES (334,5508,1,7,NULL,NULL,10,21,NULL,NULL,580,1,NULL,NULL,40719,40720,00001414,NULL,NULL,'2021-08-23','2021-08-23',0004,1,NULL,338.00,NULL,'2021-09-01 18:48:26','2021-09-01 18:48:26',NULL),(335,5508,1,7,NULL,NULL,10,21,NULL,NULL,580,1,NULL,NULL,40719,40720,00001415,NULL,NULL,'2021-08-23','2021-08-23',0004,1,NULL,564.34,NULL,'2021-09-01 18:48:26','2021-09-01 18:48:26',NULL),(336,5508,1,7,NULL,NULL,10,21,NULL,NULL,580,1,NULL,NULL,40719,40720,00001416,NULL,NULL,'2021-08-23','2021-08-23',0004,1,NULL,274.53,NULL,'2021-09-01 18:48:26','2021-09-01 18:48:26',NULL),(337,5508,1,7,NULL,NULL,10,21,NULL,NULL,580,1,NULL,NULL,40719,40720,00001417,NULL,NULL,'2021-08-23','2021-08-23',0004,1,NULL,200.00,NULL,'2021-09-01 18:48:26','2021-09-01 18:48:26',NULL),(338,5508,1,7,NULL,NULL,10,21,NULL,NULL,580,1,NULL,NULL,40719,40720,00001418,NULL,NULL,'2021-08-23','2021-08-23',0004,1,NULL,190.00,NULL,'2021-09-01 18:48:26','2021-09-01 18:48:26',NULL),(339,5508,1,7,NULL,NULL,10,21,NULL,NULL,580,1,NULL,NULL,40719,40720,00001419,NULL,NULL,'2021-08-23','2021-08-23',0004,1,NULL,200.00,NULL,'2021-09-01 18:48:26','2021-09-01 18:48:26',NULL),(340,5508,1,7,NULL,NULL,10,21,NULL,NULL,580,1,NULL,NULL,40719,40720,00001420,NULL,NULL,'2021-08-23','2021-08-23',0004,1,NULL,305.00,NULL,'2021-09-01 18:48:26','2021-09-01 18:48:26',NULL),(341,5508,1,7,NULL,NULL,10,21,NULL,NULL,580,1,NULL,NULL,40719,40720,00001421,NULL,NULL,'2021-08-23','2021-08-23',0004,1,NULL,450.00,NULL,'2021-09-01 18:48:26','2021-09-01 18:48:26',NULL),(342,5508,1,7,NULL,NULL,10,21,NULL,NULL,580,1,NULL,NULL,40719,40720,00001422,NULL,NULL,'2021-08-24','2021-08-24',0004,1,NULL,515.00,NULL,'2021-09-01 18:48:26','2021-09-01 18:48:26',NULL),(343,5508,1,7,NULL,NULL,10,21,NULL,NULL,580,1,NULL,NULL,40719,40720,00001423,NULL,NULL,'2021-08-24','2021-08-24',0004,1,NULL,305.00,NULL,'2021-09-01 18:48:26','2021-09-01 18:48:26',NULL),(344,5508,1,7,NULL,NULL,10,21,NULL,NULL,580,1,NULL,NULL,40719,40720,00001424,NULL,NULL,'2021-08-24','2021-08-24',0004,1,NULL,125.00,NULL,'2021-09-01 18:48:27','2021-09-01 18:48:27',NULL),(345,5508,1,7,NULL,NULL,10,21,NULL,NULL,580,1,NULL,NULL,40719,40720,00001425,NULL,NULL,'2021-08-24','2021-08-24',0004,1,NULL,70.00,NULL,'2021-09-01 18:48:27','2021-09-01 18:48:27',NULL),(346,5508,1,7,NULL,NULL,10,21,NULL,NULL,580,1,NULL,NULL,40719,40720,00001426,NULL,NULL,'2021-08-24','2021-08-24',0004,1,NULL,215.60,NULL,'2021-09-01 18:48:27','2021-09-01 18:48:27',NULL),(347,5508,1,7,NULL,NULL,10,21,NULL,NULL,580,1,NULL,NULL,40719,40720,00001427,NULL,NULL,'2021-08-24','2021-08-24',0004,1,NULL,50.00,NULL,'2021-09-01 18:48:27','2021-09-01 18:48:27',NULL),(348,5508,1,7,NULL,NULL,10,21,NULL,NULL,580,1,NULL,NULL,40719,40720,00001428,NULL,NULL,'2021-08-24','2021-08-24',0004,1,NULL,250.00,NULL,'2021-09-01 18:48:27','2021-09-01 18:48:27',NULL),(349,5508,1,7,NULL,NULL,10,21,NULL,NULL,580,1,NULL,NULL,40719,40720,00001429,NULL,NULL,'2021-08-25','2021-08-25',0004,1,NULL,305.00,NULL,'2021-09-01 18:48:27','2021-09-01 18:48:27',NULL),(350,5508,1,7,NULL,NULL,10,21,NULL,NULL,580,1,NULL,NULL,40719,40720,00001434,NULL,NULL,'2021-08-26','2021-08-26',0004,1,NULL,230.00,NULL,'2021-09-01 18:48:27','2021-09-01 18:48:27',NULL),(351,5508,1,7,NULL,NULL,10,21,NULL,NULL,580,1,NULL,NULL,40719,40720,00001430,NULL,NULL,'2021-08-26','2021-08-26',0004,1,NULL,300.00,NULL,'2021-09-01 18:48:27','2021-09-01 18:48:27',NULL),(352,5508,1,7,NULL,NULL,10,21,NULL,NULL,580,1,NULL,NULL,40719,40720,00001431,NULL,NULL,'2021-08-26','2021-08-26',0004,1,NULL,145.00,NULL,'2021-09-01 18:48:27','2021-09-01 18:48:27',NULL),(353,5508,1,7,NULL,NULL,10,21,NULL,NULL,580,1,NULL,NULL,40719,40720,00001432,NULL,NULL,'2021-08-26','2021-08-26',0004,1,NULL,110.00,NULL,'2021-09-01 18:48:27','2021-09-01 18:48:27',NULL),(354,5508,1,7,NULL,NULL,10,21,NULL,NULL,580,1,NULL,NULL,40719,40720,00001433,NULL,NULL,'2021-08-26','2021-08-26',0004,1,NULL,340.00,NULL,'2021-09-01 18:48:27','2021-09-01 18:48:27',NULL);
INSERT INTO `receipts` VALUES (355,5508,1,7,NULL,NULL,10,21,NULL,NULL,580,1,NULL,NULL,40719,40720,00001435,NULL,NULL,'2021-08-27','2021-08-27',0004,1,NULL,650.00,NULL,'2021-09-01 18:48:27','2021-09-01 18:48:27',NULL),(356,5508,1,7,NULL,NULL,10,21,NULL,NULL,580,1,NULL,NULL,40719,40720,00001436,NULL,NULL,'2021-08-27','2021-08-27',0004,1,NULL,670.00,NULL,'2021-09-01 18:48:27','2021-09-01 18:48:27',NULL),(357,5508,1,7,NULL,NULL,10,21,NULL,NULL,580,1,NULL,NULL,40719,40720,00001437,NULL,NULL,'2021-08-27','2021-08-27',0004,1,NULL,220.00,NULL,'2021-09-01 18:48:27','2021-09-01 18:48:27',NULL),(358,5508,1,7,NULL,NULL,10,21,NULL,NULL,580,1,NULL,NULL,40719,40720,00001438,NULL,NULL,'2021-08-27','2021-08-27',0004,1,NULL,120.00,NULL,'2021-09-01 18:48:27','2021-09-01 18:48:27',NULL),(359,5508,1,7,NULL,NULL,10,21,NULL,NULL,580,1,NULL,NULL,40719,40720,00001439,NULL,NULL,'2021-08-27','2021-08-27',0004,1,NULL,550.00,NULL,'2021-09-01 18:48:27','2021-09-01 18:48:27',NULL),(360,5508,1,7,NULL,NULL,10,21,NULL,NULL,580,1,NULL,NULL,40719,40720,00001440,NULL,NULL,'2021-08-28','2021-08-28',0004,1,NULL,675.00,NULL,'2021-09-01 18:48:27','2021-09-01 18:48:27',NULL),(361,5508,1,7,NULL,NULL,10,21,NULL,NULL,580,1,NULL,NULL,40719,40720,00001441,NULL,NULL,'2021-08-28','2021-08-28',0004,1,NULL,259.00,NULL,'2021-09-01 18:48:27','2021-09-01 18:48:27',NULL),(362,5508,1,7,NULL,NULL,10,21,NULL,NULL,580,1,NULL,NULL,40719,40720,00001442,NULL,NULL,'2021-08-28','2021-08-28',0004,1,NULL,435.00,NULL,'2021-09-01 18:48:27','2021-09-01 18:48:27',NULL),(363,5508,1,7,NULL,NULL,10,21,NULL,NULL,580,1,NULL,NULL,40719,40720,00001443,NULL,NULL,'2021-08-28','2021-08-28',0004,1,NULL,330.00,NULL,'2021-09-01 18:48:27','2021-09-01 18:48:27',NULL),(364,5508,1,7,NULL,NULL,10,21,NULL,NULL,580,1,NULL,NULL,40719,40720,00001444,NULL,NULL,'2021-08-28','2021-08-28',0004,1,NULL,332.00,NULL,'2021-09-01 18:48:27','2021-09-01 18:48:27',NULL),(365,5508,1,7,NULL,NULL,10,21,NULL,NULL,580,1,NULL,NULL,40719,40720,00001445,NULL,NULL,'2021-08-28','2021-08-28',0004,1,NULL,320.00,NULL,'2021-09-01 18:48:27','2021-09-01 18:48:27',NULL),(366,5508,1,7,NULL,NULL,10,21,NULL,NULL,796,1,NULL,NULL,40719,40743,00001753,00001753,NULL,'2021-08-28','2021-08-28',0003,1,NULL,5500.00,NULL,'2021-09-01 18:48:27','2021-09-01 18:53:05',NULL),(367,5508,1,7,NULL,NULL,10,21,NULL,NULL,796,1,NULL,NULL,40719,40720,00001754,00001754,NULL,'2021-08-28','2021-08-28',0003,1,NULL,5500.00,NULL,'2021-09-01 18:48:27','2021-09-01 18:52:43',NULL),(368,5508,1,7,NULL,NULL,10,21,NULL,NULL,580,1,NULL,NULL,40719,40720,00001446,NULL,NULL,'2021-08-30','2021-08-30',0004,1,NULL,427.25,NULL,'2021-09-01 18:48:27','2021-09-01 18:48:27',NULL),(369,5508,1,7,NULL,NULL,10,21,NULL,NULL,580,1,NULL,NULL,40719,40720,00001447,NULL,NULL,'2021-08-30','2021-08-30',0004,1,NULL,515.00,NULL,'2021-09-01 18:48:27','2021-09-01 18:48:27',NULL),(370,5508,1,7,NULL,NULL,10,21,NULL,NULL,580,1,NULL,NULL,40719,40720,00001448,NULL,NULL,'2021-08-30','2021-08-30',0004,1,NULL,110.00,NULL,'2021-09-01 18:48:27','2021-09-01 18:48:27',NULL),(371,5508,1,7,NULL,NULL,10,21,NULL,NULL,580,1,NULL,NULL,40719,40720,00001449,NULL,NULL,'2021-08-31','2021-08-31',0004,1,NULL,110.00,NULL,'2021-09-01 18:48:27','2021-09-01 18:48:27',NULL),(372,5508,1,7,NULL,NULL,10,21,NULL,NULL,580,1,NULL,NULL,40719,40720,00001450,NULL,NULL,'2021-08-31','2021-08-31',0004,1,NULL,155.00,NULL,'2021-09-01 18:48:27','2021-09-01 18:48:27',NULL),(373,5508,1,7,NULL,NULL,10,21,NULL,NULL,580,1,NULL,NULL,40719,40720,00001451,NULL,NULL,'2021-08-31','2021-08-31',0004,1,NULL,435.00,NULL,'2021-09-01 18:48:27','2021-09-01 18:48:27',NULL),(374,5508,1,7,NULL,NULL,10,21,NULL,NULL,580,1,NULL,NULL,40719,40720,00001452,NULL,NULL,'2021-08-31','2021-08-31',0004,1,NULL,347.20,NULL,'2021-09-01 18:48:28','2021-09-01 18:48:28',NULL),(375,5508,1,7,NULL,NULL,10,21,NULL,NULL,580,1,NULL,NULL,40719,40720,00001453,NULL,NULL,'2021-08-31','2021-08-31',0004,1,NULL,246.22,NULL,'2021-09-01 18:48:28','2021-09-01 18:48:28',NULL);
INSERT INTO `receipts` VALUES (376,5508,2,1,NULL,NULL,10,21,217,NULL,580,1,NULL,NULL,40719,40731,00021107,00021107,NULL,'2021-08-02','2021-08-02',0003,1,NULL,962.50,NULL,'2021-09-01 18:50:36','2021-09-01 19:13:36',NULL),(377,5508,2,4,NULL,NULL,10,21,217,NULL,580,1,NULL,NULL,40719,40728,00008576,00008576,NULL,'2021-08-04','2021-08-04',0002,1,NULL,3048.20,NULL,'2021-09-01 18:50:36','2021-09-01 19:14:09',NULL),(378,5508,2,1,NULL,NULL,10,21,217,NULL,580,1,NULL,NULL,40719,40730,00096551,00096551,NULL,'2021-08-06','2021-08-06',0011,1,NULL,3336.32,NULL,'2021-09-01 18:50:36','2021-09-01 19:15:50',NULL),(379,5508,2,1,NULL,NULL,10,21,217,NULL,580,1,NULL,NULL,40719,40730,00096552,00096552,NULL,'2021-08-06','2021-08-06',0011,1,NULL,299.61,NULL,'2021-09-01 18:50:36','2021-09-01 19:48:14',NULL),(380,5508,2,1,NULL,NULL,10,21,217,NULL,580,1,NULL,NULL,40719,40729,00409572,00409572,NULL,'2021-08-07','2021-08-07',5103,1,NULL,1969.05,NULL,'2021-09-01 18:50:36','2021-09-01 19:12:43',NULL),(381,5508,2,4,NULL,NULL,10,21,217,NULL,580,1,NULL,NULL,40719,40732,08424413,08424413,NULL,'2021-08-10','2021-08-10',0006,1,NULL,826.55,NULL,'2021-09-01 18:50:36','2021-09-01 19:16:54',NULL),(382,5508,2,4,NULL,NULL,10,21,217,NULL,580,1,NULL,NULL,40719,40728,00008682,00008682,NULL,'2021-08-11','2021-08-11',0002,1,NULL,1436.21,NULL,'2021-09-01 18:50:36','2021-09-01 19:17:14',NULL),(383,5508,2,1,NULL,NULL,10,21,217,NULL,580,1,NULL,NULL,40719,40730,00097240,00097240,NULL,'2021-08-13','2021-08-13',0011,1,NULL,1146.34,NULL,'2021-09-01 18:50:36','2021-09-01 19:17:47',NULL),(384,5508,2,1,NULL,NULL,10,21,217,NULL,580,1,NULL,NULL,40719,40729,00411772,00411772,NULL,'2021-08-14','2021-08-14',5103,1,NULL,4098.39,NULL,'2021-09-01 18:50:36','2021-09-01 19:11:23',NULL),(385,5508,2,4,NULL,NULL,10,21,217,NULL,580,1,NULL,NULL,40719,40728,00008787,00008787,NULL,'2021-08-18','2021-08-18',0002,1,NULL,2031.80,NULL,'2021-09-01 18:50:36','2021-09-01 19:18:09',NULL),(386,5508,2,1,NULL,NULL,10,21,217,NULL,580,1,NULL,NULL,40719,40729,00413208,00413208,NULL,'2021-08-19','2021-08-19',5103,1,NULL,1796.75,NULL,'2021-09-01 18:50:36','2021-09-01 19:18:49',NULL),(387,5508,2,4,NULL,NULL,10,21,217,NULL,580,1,NULL,NULL,40719,40744,00947663,00947663,NULL,'2021-08-20','2021-08-20',0001,1,NULL,29999.99,NULL,'2021-09-01 18:50:37','2021-09-01 19:25:31',NULL),(388,5508,2,1,NULL,NULL,10,21,217,NULL,580,1,NULL,NULL,40719,40730,00097915,00097915,NULL,'2021-08-20','2021-08-20',0011,1,NULL,2212.07,NULL,'2021-09-01 18:50:37','2021-09-01 19:19:38',NULL),(389,5508,2,1,NULL,NULL,10,21,217,NULL,580,1,NULL,NULL,40719,40729,00414056,00414056,NULL,'2021-08-21','2021-08-21',5103,1,NULL,1765.77,NULL,'2021-09-01 18:50:37','2021-09-19 13:46:04',NULL),(390,5508,2,4,NULL,NULL,10,21,217,NULL,580,1,NULL,NULL,40719,40745,00043754,00043754,NULL,'2021-08-22','2021-08-22',0008,1,NULL,3049.00,NULL,'2021-09-01 18:50:37','2021-09-01 19:27:44',NULL),(391,5508,2,1,NULL,NULL,10,21,217,NULL,580,1,NULL,NULL,40719,40731,00025194,00025194,NULL,'2021-08-23','2021-08-23',0003,1,NULL,17135.11,NULL,'2021-09-01 18:50:37','2021-09-01 19:20:11',NULL),(392,5508,2,7,NULL,NULL,10,21,250,NULL,580,1,NULL,NULL,40719,40746,00034208,NULL,NULL,'2021-08-24','2021-08-24',0003,1,NULL,10275.00,NULL,'2021-09-01 18:50:37','2021-09-01 18:50:37',NULL),(393,5508,2,4,NULL,NULL,10,21,217,NULL,580,1,NULL,NULL,40719,40728,00008893,00008893,NULL,'2021-08-25','2021-08-25',0002,1,NULL,1974.00,NULL,'2021-09-01 18:50:37','2021-09-01 19:51:05',NULL),(394,5508,2,1,NULL,NULL,10,21,217,NULL,580,1,NULL,NULL,40719,40734,00452775,00452775,NULL,'2021-08-26','2021-08-26',1281,1,NULL,4251.90,NULL,'2021-09-01 18:50:37','2021-09-01 20:00:12',NULL),(395,5508,2,1,NULL,NULL,10,21,217,NULL,580,1,NULL,NULL,40719,40730,00098603,00098603,NULL,'2021-08-27','2021-08-27',0011,1,NULL,2459.66,NULL,'2021-09-01 18:50:37','2021-09-01 19:26:58',NULL),(396,5508,2,1,NULL,NULL,10,21,217,NULL,580,1,NULL,NULL,40719,40747,00020212,00020212,NULL,'2021-08-30','2021-08-30',0004,1,NULL,82292.34,NULL,'2021-09-01 18:50:37','2021-09-01 19:26:08',NULL);
INSERT INTO `receipts` VALUES (397,5508,2,3,NULL,NULL,10,21,217,NULL,580,1,NULL,NULL,40719,40729,00020380,00020380,NULL,'2021-08-31','2021-08-31',5102,1,NULL,622.33,NULL,'2021-09-01 18:50:37','2021-09-01 19:52:39',NULL),(398,5508,2,1,NULL,NULL,10,21,217,NULL,580,1,NULL,NULL,40719,40729,00417107,00417107,NULL,'2021-08-31','2021-08-31',5103,1,NULL,622.33,NULL,'2021-09-01 18:50:37','2021-09-01 19:52:53',NULL),(399,5508,4,NULL,NULL,NULL,10,21,NULL,NULL,NULL,1,NULL,NULL,40719,NULL,NULL,NULL,NULL,'2021-08-31',NULL,NULL,1,NULL,2040.34,NULL,'2021-09-01 20:09:22','2021-09-01 20:09:22',NULL),(400,5508,4,NULL,NULL,NULL,10,21,NULL,NULL,NULL,1,NULL,NULL,40719,NULL,NULL,NULL,NULL,'2021-08-31',NULL,NULL,1,NULL,470.61,NULL,'2021-09-18 18:52:08','2021-09-18 18:52:08',NULL),(401,5508,1,7,NULL,NULL,1535,21,NULL,NULL,640,1,NULL,NULL,40735,40736,00000013,00000013,NULL,'2021-09-07','2021-09-07',0001,1,NULL,10894.80,NULL,'2021-10-03 12:09:19','2021-10-03 12:28:35',NULL),(402,5508,2,1,NULL,NULL,1535,21,217,NULL,640,1,NULL,NULL,40735,40736,00166254,NULL,NULL,'2021-09-01','2021-09-01',0064,1,NULL,23385.07,NULL,'2021-10-03 12:10:07','2021-10-03 12:10:07',NULL),(403,5508,2,1,NULL,NULL,1535,21,217,NULL,640,1,NULL,NULL,40735,40736,00172823,NULL,NULL,'2021-09-08','2021-09-08',0064,1,NULL,2552.16,NULL,'2021-10-03 12:10:07','2021-10-03 12:10:07',NULL),(404,5508,2,1,NULL,NULL,1535,21,217,NULL,640,1,NULL,NULL,40735,40736,00177110,NULL,NULL,'2021-09-14','2021-09-14',0064,1,NULL,24284.16,NULL,'2021-10-03 12:10:07','2021-10-03 12:10:07',NULL),(405,5508,2,2,NULL,NULL,1535,21,217,NULL,640,1,NULL,NULL,40735,40736,00145579,NULL,NULL,'2021-09-26','2021-09-26',0064,1,NULL,1193.07,NULL,'2021-10-03 12:10:07','2021-10-03 12:10:07',NULL),(406,5508,2,1,NULL,NULL,1535,21,217,NULL,640,1,NULL,NULL,40735,40736,00182205,NULL,NULL,'2021-09-27','2021-09-27',0064,1,NULL,9083.57,NULL,'2021-10-03 12:10:07','2021-10-03 12:10:07',NULL),(407,5508,2,4,NULL,NULL,1535,21,217,NULL,640,1,NULL,NULL,40735,40748,00036236,NULL,NULL,'2021-09-28','2021-09-28',6392,1,NULL,33438.00,NULL,'2021-10-03 12:10:07','2021-10-03 12:10:07',NULL),(408,5508,1,7,NULL,NULL,11,21,NULL,NULL,580,1,NULL,NULL,40719,40720,00001755,NULL,NULL,'2021-09-01','2021-09-01',0003,1,NULL,4750.00,NULL,'2021-10-03 12:33:25','2021-10-03 12:33:25',NULL),(409,5508,1,7,NULL,NULL,11,21,NULL,NULL,580,1,NULL,NULL,40719,40720,00001454,NULL,NULL,'2021-09-01','2021-09-01',0004,1,NULL,293.59,NULL,'2021-10-03 12:33:25','2021-10-03 12:33:25',NULL),(410,5508,1,7,NULL,NULL,11,21,NULL,NULL,580,1,NULL,NULL,40719,40720,00001455,NULL,NULL,'2021-09-01','2021-09-01',0004,1,NULL,176.80,NULL,'2021-10-03 12:33:25','2021-10-03 12:33:25',NULL),(411,5508,1,7,NULL,NULL,11,21,NULL,NULL,580,1,NULL,NULL,40719,40720,00001456,NULL,NULL,'2021-09-01','2021-09-01',0004,1,NULL,230.00,NULL,'2021-10-03 12:33:25','2021-10-03 12:33:25',NULL),(412,5508,1,7,NULL,NULL,11,21,NULL,NULL,855,1,NULL,NULL,40719,40723,00001756,00001756,NULL,'2021-09-02','2021-09-02',0003,1,NULL,767.38,NULL,'2021-10-03 12:33:25','2021-10-03 12:48:18',NULL),(413,5508,1,7,NULL,NULL,11,21,NULL,NULL,580,1,NULL,NULL,40719,40720,00001457,NULL,NULL,'2021-09-02','2021-09-02',0004,1,NULL,125.00,NULL,'2021-10-03 12:33:25','2021-10-03 12:33:25',NULL),(414,5508,1,7,NULL,NULL,11,21,NULL,NULL,580,1,NULL,NULL,40719,40720,00001458,NULL,NULL,'2021-09-02','2021-09-02',0004,1,NULL,140.00,NULL,'2021-10-03 12:33:25','2021-10-03 12:33:25',NULL),(415,5508,1,7,NULL,NULL,11,21,NULL,NULL,580,1,NULL,NULL,40719,40720,00001459,NULL,NULL,'2021-09-02','2021-09-02',0004,1,NULL,250.00,NULL,'2021-10-03 12:33:25','2021-10-03 12:33:25',NULL),(416,5508,1,7,NULL,NULL,11,21,NULL,NULL,580,1,NULL,NULL,40719,40720,00001460,NULL,NULL,'2021-09-02','2021-09-02',0004,1,NULL,372.00,NULL,'2021-10-03 12:33:25','2021-10-03 12:33:25',NULL),(417,5508,1,7,NULL,NULL,11,21,NULL,NULL,580,1,NULL,NULL,40719,40720,00001461,NULL,NULL,'2021-09-02','2021-09-02',0004,1,NULL,410.00,NULL,'2021-10-03 12:33:26','2021-10-03 12:33:26',NULL);
INSERT INTO `receipts` VALUES (418,5508,1,7,NULL,NULL,11,21,NULL,NULL,580,1,NULL,NULL,40719,40720,00001462,NULL,NULL,'2021-09-02','2021-09-02',0004,1,NULL,300.00,NULL,'2021-10-03 12:33:26','2021-10-03 12:33:26',NULL),(419,5508,1,7,NULL,NULL,11,21,NULL,NULL,580,1,NULL,NULL,40719,40720,00001463,NULL,NULL,'2021-09-02','2021-09-02',0004,1,NULL,200.00,NULL,'2021-10-03 12:33:26','2021-10-03 12:33:26',NULL),(420,5508,1,7,NULL,NULL,11,21,NULL,NULL,580,1,NULL,NULL,40719,40720,00001464,NULL,NULL,'2021-09-03','2021-09-03',0004,1,NULL,1125.00,NULL,'2021-10-03 12:33:26','2021-10-03 12:33:26',NULL),(421,5508,1,7,NULL,NULL,11,21,NULL,NULL,580,1,NULL,NULL,40719,40720,00001465,NULL,NULL,'2021-09-03','2021-09-03',0004,1,NULL,115.00,NULL,'2021-10-03 12:33:26','2021-10-03 12:33:26',NULL),(422,5508,1,7,NULL,NULL,11,21,NULL,NULL,580,1,NULL,NULL,40719,40720,00001466,NULL,NULL,'2021-09-03','2021-09-03',0004,1,NULL,380.00,NULL,'2021-10-03 12:33:26','2021-10-03 12:33:26',NULL),(423,5508,1,7,NULL,NULL,11,21,NULL,NULL,580,1,NULL,NULL,40719,40720,00001467,NULL,NULL,'2021-09-03','2021-09-03',0004,1,NULL,305.00,NULL,'2021-10-03 12:33:26','2021-10-03 12:33:26',NULL),(424,5508,1,7,NULL,NULL,11,21,NULL,NULL,580,1,NULL,NULL,40719,40720,00001468,NULL,NULL,'2021-09-03','2021-09-03',0004,1,NULL,250.00,NULL,'2021-10-03 12:33:26','2021-10-03 12:33:26',NULL),(425,5508,1,7,NULL,NULL,11,21,NULL,NULL,580,1,NULL,NULL,40719,40720,00001469,NULL,NULL,'2021-09-03','2021-09-03',0004,1,NULL,160.00,NULL,'2021-10-03 12:33:26','2021-10-03 12:33:26',NULL),(426,5508,1,7,NULL,NULL,11,21,NULL,NULL,580,1,NULL,NULL,40719,40720,00001470,NULL,NULL,'2021-09-03','2021-09-03',0004,1,NULL,1844.00,NULL,'2021-10-03 12:33:26','2021-10-03 12:33:26',NULL),(427,5508,1,7,NULL,NULL,11,21,NULL,NULL,580,1,NULL,NULL,40719,40720,00001471,NULL,NULL,'2021-09-03','2021-09-03',0004,1,NULL,210.00,NULL,'2021-10-03 12:33:26','2021-10-03 12:33:26',NULL),(428,5508,1,7,NULL,NULL,11,21,NULL,NULL,580,1,NULL,NULL,40719,40724,00001472,NULL,NULL,'2021-09-04','2021-09-04',0004,1,NULL,676.00,NULL,'2021-10-03 12:33:26','2021-10-03 12:33:26',NULL),(429,5508,1,7,NULL,NULL,11,21,NULL,NULL,580,1,NULL,NULL,40719,40720,00001473,NULL,NULL,'2021-09-04','2021-09-04',0004,1,NULL,330.00,NULL,'2021-10-03 12:33:26','2021-10-03 12:33:26',NULL),(430,5508,1,7,NULL,NULL,11,21,NULL,NULL,580,1,NULL,NULL,40719,40720,00001474,NULL,NULL,'2021-09-04','2021-09-04',0004,1,NULL,598.35,NULL,'2021-10-03 12:33:26','2021-10-03 12:33:26',NULL),(431,5508,1,7,NULL,NULL,11,21,NULL,NULL,580,1,NULL,NULL,40719,40720,00001475,NULL,NULL,'2021-09-06','2021-09-06',0004,1,NULL,150.00,NULL,'2021-10-03 12:33:26','2021-10-03 12:33:26',NULL),(432,5508,1,7,NULL,NULL,11,21,NULL,NULL,580,1,NULL,NULL,40719,40720,00001476,NULL,NULL,'2021-09-06','2021-09-06',0004,1,NULL,440.00,NULL,'2021-10-03 12:33:26','2021-10-03 12:33:26',NULL),(433,5508,1,7,NULL,NULL,11,21,NULL,NULL,580,1,NULL,NULL,40719,40720,00001477,NULL,NULL,'2021-09-07','2021-09-07',0004,1,NULL,175.00,NULL,'2021-10-03 12:33:26','2021-10-03 12:33:26',NULL),(434,5508,1,7,NULL,NULL,11,21,NULL,NULL,580,1,NULL,NULL,40719,40720,00001478,NULL,NULL,'2021-09-07','2021-09-07',0004,1,NULL,260.00,NULL,'2021-10-03 12:33:26','2021-10-03 12:33:26',NULL),(435,5508,1,7,NULL,NULL,11,21,NULL,NULL,580,1,NULL,NULL,40719,40720,00001479,NULL,NULL,'2021-09-08','2021-09-08',0004,1,NULL,255.00,NULL,'2021-10-03 12:33:26','2021-10-03 12:33:26',NULL),(436,5508,1,7,NULL,NULL,11,21,NULL,NULL,580,1,NULL,NULL,40719,40720,00001480,NULL,NULL,'2021-09-08','2021-09-08',0004,1,NULL,240.00,NULL,'2021-10-03 12:33:26','2021-10-03 12:33:26',NULL),(437,5508,1,7,NULL,NULL,11,21,NULL,NULL,580,1,NULL,NULL,40719,40720,00001481,NULL,NULL,'2021-09-08','2021-09-08',0004,1,NULL,150.00,NULL,'2021-10-03 12:33:26','2021-10-03 12:33:26',NULL),(438,5508,1,7,NULL,NULL,11,21,NULL,NULL,580,1,NULL,NULL,40719,40720,00001482,NULL,NULL,'2021-09-08','2021-09-08',0004,1,NULL,315.00,NULL,'2021-10-03 12:33:26','2021-10-03 12:33:26',NULL);
INSERT INTO `receipts` VALUES (439,5508,1,7,NULL,NULL,11,21,NULL,NULL,580,1,NULL,NULL,40719,40720,00001483,NULL,NULL,'2021-09-08','2021-09-08',0004,1,NULL,207.83,NULL,'2021-10-03 12:33:26','2021-10-03 12:33:26',NULL),(440,5508,1,7,NULL,NULL,11,21,NULL,NULL,580,1,NULL,NULL,40719,40720,00001484,NULL,NULL,'2021-09-08','2021-09-08',0004,1,NULL,375.00,NULL,'2021-10-03 12:33:26','2021-10-03 12:33:26',NULL),(441,5508,1,7,NULL,NULL,11,21,NULL,NULL,580,1,NULL,NULL,40719,40720,00001485,NULL,NULL,'2021-09-09','2021-09-09',0004,1,NULL,1060.00,NULL,'2021-10-03 12:33:26','2021-10-03 12:33:26',NULL),(442,5508,1,7,NULL,NULL,11,21,NULL,NULL,580,1,NULL,NULL,40719,40720,00001486,NULL,NULL,'2021-09-09','2021-09-09',0004,1,NULL,118.00,NULL,'2021-10-03 12:33:26','2021-10-03 12:33:26',NULL),(443,5508,1,7,NULL,NULL,11,21,NULL,NULL,580,1,NULL,NULL,40719,40720,00001487,NULL,NULL,'2021-09-09','2021-09-09',0004,1,NULL,677.60,NULL,'2021-10-03 12:33:27','2021-10-03 12:33:27',NULL),(444,5508,1,7,NULL,NULL,11,21,NULL,NULL,580,1,NULL,NULL,40719,40720,00001488,NULL,NULL,'2021-09-09','2021-09-09',0004,1,NULL,480.01,NULL,'2021-10-03 12:33:27','2021-10-03 12:33:27',NULL),(445,5508,1,7,NULL,NULL,11,21,NULL,NULL,580,1,NULL,NULL,40719,40720,00001489,NULL,NULL,'2021-09-09','2021-09-09',0004,1,NULL,355.00,NULL,'2021-10-03 12:33:27','2021-10-03 12:33:27',NULL),(446,5508,1,7,NULL,NULL,11,21,NULL,NULL,580,1,NULL,NULL,40719,40720,00001490,NULL,NULL,'2021-09-10','2021-09-10',0004,1,NULL,313.00,NULL,'2021-10-03 12:33:27','2021-10-03 12:33:27',NULL),(447,5508,1,7,NULL,NULL,11,21,NULL,NULL,580,1,NULL,NULL,40719,40720,00001491,NULL,NULL,'2021-09-10','2021-09-10',0004,1,NULL,455.00,NULL,'2021-10-03 12:33:27','2021-10-03 12:33:27',NULL),(448,5508,1,7,NULL,NULL,11,21,NULL,NULL,580,1,NULL,NULL,40719,40720,00001492,NULL,NULL,'2021-09-10','2021-09-10',0004,1,NULL,238.00,NULL,'2021-10-03 12:33:27','2021-10-03 12:33:27',NULL),(449,5508,1,7,NULL,NULL,11,21,NULL,NULL,580,1,NULL,NULL,40719,40720,00001493,NULL,NULL,'2021-09-10','2021-09-10',0004,1,NULL,890.00,NULL,'2021-10-03 12:33:27','2021-10-03 12:33:27',NULL),(450,5508,1,7,NULL,NULL,11,21,NULL,NULL,580,1,NULL,NULL,40719,40720,00001494,NULL,NULL,'2021-09-10','2021-09-10',0004,1,NULL,130.00,NULL,'2021-10-03 12:33:27','2021-10-03 12:33:27',NULL),(451,5508,1,7,NULL,NULL,11,21,NULL,NULL,580,1,NULL,NULL,40719,40720,00001495,NULL,NULL,'2021-09-11','2021-09-11',0004,1,NULL,350.00,NULL,'2021-10-03 12:33:27','2021-10-03 12:33:27',NULL),(452,5508,1,7,NULL,NULL,11,21,NULL,NULL,580,1,NULL,NULL,40719,40720,00001496,NULL,NULL,'2021-09-11','2021-09-11',0004,1,NULL,300.00,NULL,'2021-10-03 12:33:27','2021-10-03 12:33:27',NULL),(453,5508,1,7,NULL,NULL,11,21,NULL,NULL,580,1,NULL,NULL,40719,40720,00001497,NULL,NULL,'2021-09-11','2021-09-11',0004,1,NULL,240.00,NULL,'2021-10-03 12:33:27','2021-10-03 12:33:27',NULL),(454,5508,1,7,NULL,NULL,11,21,NULL,NULL,580,1,NULL,NULL,40719,40720,00001498,NULL,NULL,'2021-09-11','2021-09-11',0004,1,NULL,400.00,NULL,'2021-10-03 12:33:27','2021-10-03 12:33:27',NULL),(455,5508,1,7,NULL,NULL,11,21,NULL,NULL,580,1,NULL,NULL,40719,40720,00001499,NULL,NULL,'2021-09-13','2021-09-13',0004,1,NULL,1350.00,NULL,'2021-10-03 12:33:27','2021-10-03 12:33:27',NULL),(456,5508,1,7,NULL,NULL,11,21,NULL,NULL,580,1,NULL,NULL,40719,40720,00001500,NULL,NULL,'2021-09-13','2021-09-13',0004,1,NULL,378.00,NULL,'2021-10-03 12:33:27','2021-10-03 12:33:27',NULL),(457,5508,1,7,NULL,NULL,11,21,NULL,NULL,580,1,NULL,NULL,40719,40720,00001501,NULL,NULL,'2021-09-13','2021-09-13',0004,1,NULL,342.10,NULL,'2021-10-03 12:33:27','2021-10-03 12:33:27',NULL),(458,5508,1,7,NULL,NULL,11,21,NULL,NULL,580,1,NULL,NULL,40719,40720,00001502,NULL,NULL,'2021-09-13','2021-09-13',0004,1,NULL,185.00,NULL,'2021-10-03 12:33:27','2021-10-03 12:33:27',NULL),(459,5508,1,7,NULL,NULL,11,21,NULL,NULL,580,1,NULL,NULL,40719,40720,00001503,NULL,NULL,'2021-09-13','2021-09-13',0004,1,NULL,320.00,NULL,'2021-10-03 12:33:27','2021-10-03 12:33:27',NULL);
INSERT INTO `receipts` VALUES (460,5508,1,7,NULL,NULL,11,21,NULL,NULL,580,1,NULL,NULL,40719,40720,00001504,NULL,NULL,'2021-09-13','2021-09-13',0004,1,NULL,170.00,NULL,'2021-10-03 12:33:27','2021-10-03 12:33:27',NULL),(461,5508,1,7,NULL,NULL,11,21,NULL,NULL,580,1,NULL,NULL,40719,40720,00001505,NULL,NULL,'2021-09-14','2021-09-14',0004,1,NULL,370.00,NULL,'2021-10-03 12:33:27','2021-10-03 12:33:27',NULL),(462,5508,1,7,NULL,NULL,11,21,NULL,NULL,580,1,NULL,NULL,40719,40720,00001506,NULL,NULL,'2021-09-14','2021-09-14',0004,1,NULL,130.00,NULL,'2021-10-03 12:33:27','2021-10-03 12:33:27',NULL),(463,5508,1,7,NULL,NULL,11,21,NULL,NULL,580,1,NULL,NULL,40719,40720,00001507,NULL,NULL,'2021-09-14','2021-09-14',0004,1,NULL,280.00,NULL,'2021-10-03 12:33:27','2021-10-03 12:33:27',NULL),(464,5508,1,7,NULL,NULL,11,21,NULL,NULL,580,1,NULL,NULL,40719,40720,00001508,NULL,NULL,'2021-09-15','2021-09-15',0004,1,NULL,285.00,NULL,'2021-10-03 12:33:27','2021-10-03 12:33:27',NULL),(465,5508,1,7,NULL,NULL,11,21,NULL,NULL,580,1,NULL,NULL,40719,40720,00001509,NULL,NULL,'2021-09-15','2021-09-15',0004,1,NULL,70.00,NULL,'2021-10-03 12:33:27','2021-10-03 12:33:27',NULL),(466,5508,1,7,NULL,NULL,11,21,NULL,NULL,580,1,NULL,NULL,40719,40720,00001510,NULL,NULL,'2021-09-15','2021-09-15',0004,1,NULL,500.00,NULL,'2021-10-03 12:33:27','2021-10-03 12:33:27',NULL),(467,5508,1,7,NULL,NULL,11,21,NULL,NULL,580,1,NULL,NULL,40719,40720,00001511,NULL,NULL,'2021-09-15','2021-09-15',0004,1,NULL,491.70,NULL,'2021-10-03 12:33:27','2021-10-03 12:33:27',NULL),(468,5508,1,7,NULL,NULL,11,21,NULL,NULL,580,1,NULL,NULL,40719,40720,00001512,NULL,NULL,'2021-09-15','2021-09-15',0004,1,NULL,348.40,NULL,'2021-10-03 12:33:27','2021-10-03 12:33:27',NULL),(469,5508,1,7,NULL,NULL,11,21,NULL,NULL,580,1,NULL,NULL,40719,40720,00001513,NULL,NULL,'2021-09-15','2021-09-15',0004,1,NULL,150.00,NULL,'2021-10-03 12:33:27','2021-10-03 12:33:27',NULL),(470,5508,1,7,NULL,NULL,11,21,NULL,NULL,580,1,NULL,NULL,40719,40720,00001514,NULL,NULL,'2021-09-15','2021-09-15',0004,1,NULL,210.00,NULL,'2021-10-03 12:33:28','2021-10-03 12:33:28',NULL),(471,5508,1,7,NULL,NULL,11,21,NULL,NULL,580,1,NULL,NULL,40719,40720,00001515,NULL,NULL,'2021-09-16','2021-09-16',0004,1,NULL,100.00,NULL,'2021-10-03 12:33:28','2021-10-03 12:33:28',NULL),(472,5508,1,7,NULL,NULL,11,21,NULL,NULL,580,1,NULL,NULL,40719,40720,00001516,NULL,NULL,'2021-09-16','2021-09-16',0004,1,NULL,144.50,NULL,'2021-10-03 12:33:28','2021-10-03 12:33:28',NULL),(473,5508,1,7,NULL,NULL,11,21,NULL,NULL,580,1,NULL,NULL,40719,40720,00001517,NULL,NULL,'2021-09-16','2021-09-16',0004,1,NULL,232.50,NULL,'2021-10-03 12:33:28','2021-10-03 12:33:28',NULL),(474,5508,1,7,NULL,NULL,11,21,NULL,NULL,580,1,NULL,NULL,40719,40720,00001518,NULL,NULL,'2021-09-16','2021-09-16',0004,1,NULL,320.00,NULL,'2021-10-03 12:33:28','2021-10-03 12:33:28',NULL),(475,5508,1,7,NULL,NULL,11,21,NULL,NULL,580,1,NULL,NULL,40719,40720,00001519,NULL,NULL,'2021-09-16','2021-09-16',0004,1,NULL,185.00,NULL,'2021-10-03 12:33:28','2021-10-03 12:33:28',NULL),(476,5508,1,7,NULL,NULL,11,21,NULL,NULL,580,1,NULL,NULL,40719,40720,00001520,NULL,NULL,'2021-09-16','2021-09-16',0004,1,NULL,220.10,NULL,'2021-10-03 12:33:28','2021-10-03 12:33:28',NULL),(477,5508,1,7,NULL,NULL,11,21,NULL,NULL,580,1,NULL,NULL,40719,40720,00001521,NULL,NULL,'2021-09-16','2021-09-16',0004,1,NULL,350.00,NULL,'2021-10-03 12:33:28','2021-10-03 12:33:28',NULL),(478,5508,1,7,NULL,NULL,11,21,NULL,NULL,580,1,NULL,NULL,40719,40720,00001522,NULL,NULL,'2021-09-17','2021-09-17',0004,1,NULL,270.00,NULL,'2021-10-03 12:33:28','2021-10-03 12:33:28',NULL),(479,5508,1,7,NULL,NULL,11,21,NULL,NULL,580,1,NULL,NULL,40719,40720,00001523,NULL,NULL,'2021-09-17','2021-09-17',0004,1,NULL,210.00,NULL,'2021-10-03 12:33:28','2021-10-03 12:33:28',NULL),(480,5508,1,7,NULL,NULL,11,21,NULL,NULL,580,1,NULL,NULL,40719,40720,00001524,NULL,NULL,'2021-09-17','2021-09-17',0004,1,NULL,400.00,NULL,'2021-10-03 12:33:28','2021-10-03 12:33:28',NULL);
INSERT INTO `receipts` VALUES (481,5508,1,7,NULL,NULL,11,21,NULL,NULL,580,1,NULL,NULL,40719,40720,00001525,NULL,NULL,'2021-09-18','2021-09-18',0004,1,NULL,435.00,NULL,'2021-10-03 12:33:28','2021-10-03 12:33:28',NULL),(482,5508,1,7,NULL,NULL,11,21,NULL,NULL,580,1,NULL,NULL,40719,40720,00001526,NULL,NULL,'2021-09-18','2021-09-18',0004,1,NULL,815.00,NULL,'2021-10-03 12:33:28','2021-10-03 12:33:28',NULL),(483,5508,1,7,NULL,NULL,11,21,NULL,NULL,580,1,NULL,NULL,40719,40720,00001527,NULL,NULL,'2021-09-18','2021-09-18',0004,1,NULL,650.00,NULL,'2021-10-03 12:33:28','2021-10-03 12:33:28',NULL),(484,5508,1,7,NULL,NULL,11,21,NULL,NULL,580,1,NULL,NULL,40719,40720,00001528,NULL,NULL,'2021-09-18','2021-09-18',0004,1,NULL,450.00,NULL,'2021-10-03 12:33:28','2021-10-03 12:33:28',NULL),(485,5508,1,7,NULL,NULL,11,21,NULL,NULL,580,1,NULL,NULL,40719,40720,00001529,NULL,NULL,'2021-09-18','2021-09-18',0004,1,NULL,240.00,NULL,'2021-10-03 12:33:28','2021-10-03 12:33:28',NULL),(486,5508,1,7,NULL,NULL,11,21,NULL,NULL,580,1,NULL,NULL,40719,40720,00001530,NULL,NULL,'2021-09-18','2021-09-18',0004,1,NULL,280.00,NULL,'2021-10-03 12:33:28','2021-10-03 12:33:28',NULL),(487,5508,1,7,NULL,NULL,11,21,NULL,NULL,580,1,NULL,NULL,40719,40720,00001531,NULL,NULL,'2021-09-20','2021-09-20',0004,1,NULL,730.00,NULL,'2021-10-03 12:33:28','2021-10-03 12:33:28',NULL),(488,5508,1,7,NULL,NULL,11,21,NULL,NULL,580,1,NULL,NULL,40719,40720,00001532,NULL,NULL,'2021-09-20','2021-09-20',0004,1,NULL,150.00,NULL,'2021-10-03 12:33:28','2021-10-03 12:33:28',NULL),(489,5508,1,7,NULL,NULL,11,21,NULL,NULL,580,1,NULL,NULL,40719,40720,00001533,NULL,NULL,'2021-09-20','2021-09-20',0004,1,NULL,190.00,NULL,'2021-10-03 12:33:28','2021-10-03 12:33:28',NULL),(490,5508,1,7,NULL,NULL,11,21,NULL,NULL,580,1,NULL,NULL,40719,40720,00001534,NULL,NULL,'2021-09-20','2021-09-20',0004,1,NULL,110.00,NULL,'2021-10-03 12:33:28','2021-10-03 12:33:28',NULL),(491,5508,1,7,NULL,NULL,11,21,NULL,NULL,580,1,NULL,NULL,40719,40720,00001535,NULL,NULL,'2021-09-20','2021-09-20',0004,1,NULL,252.00,NULL,'2021-10-03 12:33:28','2021-10-03 12:33:28',NULL),(492,5508,1,7,NULL,NULL,11,21,NULL,NULL,580,1,NULL,NULL,40719,40720,00001536,NULL,NULL,'2021-09-20','2021-09-20',0004,1,NULL,155.00,NULL,'2021-10-03 12:33:28','2021-10-03 12:33:28',NULL),(493,5508,1,7,NULL,NULL,11,21,NULL,NULL,580,1,NULL,NULL,40719,40720,00001537,NULL,NULL,'2021-09-20','2021-09-20',0004,1,NULL,340.00,NULL,'2021-10-03 12:33:28','2021-10-03 12:33:28',NULL),(494,5508,1,7,NULL,NULL,11,21,NULL,NULL,580,1,NULL,NULL,40719,40720,00001538,NULL,NULL,'2021-09-21','2021-09-21',0004,1,NULL,402.05,NULL,'2021-10-03 12:33:28','2021-10-03 12:33:28',NULL),(495,5508,1,7,NULL,NULL,11,21,NULL,NULL,580,1,NULL,NULL,40719,40720,00001539,NULL,NULL,'2021-09-21','2021-09-21',0004,1,NULL,105.00,NULL,'2021-10-03 12:33:28','2021-10-03 12:33:28',NULL),(496,5508,1,7,NULL,NULL,11,21,NULL,NULL,580,1,NULL,NULL,40719,40720,00001540,NULL,NULL,'2021-09-21','2021-09-21',0004,1,NULL,170.00,NULL,'2021-10-03 12:33:28','2021-10-03 12:33:28',NULL),(497,5508,1,7,NULL,NULL,11,21,NULL,NULL,580,1,NULL,NULL,40719,40720,00001541,NULL,NULL,'2021-09-21','2021-09-21',0004,1,NULL,145.00,NULL,'2021-10-03 12:33:29','2021-10-03 12:33:29',NULL),(498,5508,1,7,NULL,NULL,11,21,NULL,NULL,580,1,NULL,NULL,40719,40720,00001542,NULL,NULL,'2021-09-21','2021-09-21',0004,1,NULL,380.00,NULL,'2021-10-03 12:33:29','2021-10-03 12:33:29',NULL),(499,5508,1,7,NULL,NULL,11,21,NULL,NULL,580,1,NULL,NULL,40719,40720,00001543,NULL,NULL,'2021-09-22','2021-09-22',0004,1,NULL,215.00,NULL,'2021-10-03 12:33:29','2021-10-03 12:33:29',NULL),(500,5508,1,7,NULL,NULL,11,21,NULL,NULL,580,1,NULL,NULL,40719,40720,00001544,NULL,NULL,'2021-09-22','2021-09-22',0004,1,NULL,405.00,NULL,'2021-10-03 12:33:29','2021-10-03 12:33:29',NULL),(501,5508,1,7,NULL,NULL,11,21,NULL,NULL,580,1,NULL,NULL,40719,40720,00001545,NULL,NULL,'2021-09-23','2021-09-23',0004,1,NULL,90.00,NULL,'2021-10-03 12:33:29','2021-10-03 12:33:29',NULL);
INSERT INTO `receipts` VALUES (502,5508,1,7,NULL,NULL,11,21,NULL,NULL,580,1,NULL,NULL,40719,40720,00001546,NULL,NULL,'2021-09-23','2021-09-23',0004,1,NULL,605.00,NULL,'2021-10-03 12:33:29','2021-10-03 12:33:29',NULL),(503,5508,1,7,NULL,NULL,11,21,NULL,NULL,580,1,NULL,NULL,40719,40720,00001547,NULL,NULL,'2021-09-23','2021-09-23',0004,1,NULL,355.00,NULL,'2021-10-03 12:33:29','2021-10-03 12:33:29',NULL),(504,5508,1,7,NULL,NULL,11,21,NULL,NULL,580,1,NULL,NULL,40719,40720,00001548,NULL,NULL,'2021-09-23','2021-09-23',0004,1,NULL,110.00,NULL,'2021-10-03 12:33:29','2021-10-03 12:33:29',NULL),(505,5508,1,7,NULL,NULL,11,21,NULL,NULL,580,1,NULL,NULL,40719,40720,00001549,NULL,NULL,'2021-09-23','2021-09-23',0004,1,NULL,60.00,NULL,'2021-10-03 12:33:29','2021-10-03 12:33:29',NULL),(506,5508,1,7,NULL,NULL,11,21,NULL,NULL,580,1,NULL,NULL,40719,40720,00001550,NULL,NULL,'2021-09-23','2021-09-23',0004,1,NULL,383.40,NULL,'2021-10-03 12:33:29','2021-10-03 12:33:29',NULL),(507,5508,1,7,NULL,NULL,11,21,NULL,NULL,580,1,NULL,NULL,40719,40720,00001551,NULL,NULL,'2021-09-24','2021-09-24',0004,1,NULL,500.00,NULL,'2021-10-03 12:33:29','2021-10-03 12:33:29',NULL),(508,5508,1,7,NULL,NULL,11,21,NULL,NULL,580,1,NULL,NULL,40719,40720,00001552,NULL,NULL,'2021-09-24','2021-09-24',0004,1,NULL,490.00,NULL,'2021-10-03 12:33:29','2021-10-03 12:33:29',NULL),(509,5508,1,7,NULL,NULL,11,21,NULL,NULL,580,1,NULL,NULL,40719,40720,00001553,NULL,NULL,'2021-09-24','2021-09-24',0004,1,NULL,370.00,NULL,'2021-10-03 12:33:29','2021-10-03 12:33:29',NULL),(510,5508,1,7,NULL,NULL,11,21,NULL,NULL,580,1,NULL,NULL,40719,40720,00001554,NULL,NULL,'2021-09-24','2021-09-24',0004,1,NULL,470.00,NULL,'2021-10-03 12:33:29','2021-10-03 12:33:29',NULL),(511,5508,1,7,NULL,NULL,11,21,NULL,NULL,580,1,NULL,NULL,40719,40720,00001555,NULL,NULL,'2021-09-25','2021-09-25',0004,1,NULL,180.00,NULL,'2021-10-03 12:33:29','2021-10-03 12:33:29',NULL),(512,5508,1,7,NULL,NULL,11,21,NULL,NULL,580,1,NULL,NULL,40719,40720,00001556,NULL,NULL,'2021-09-25','2021-09-25',0004,1,NULL,304.00,NULL,'2021-10-03 12:33:29','2021-10-03 12:33:29',NULL),(513,5508,1,7,NULL,NULL,11,21,NULL,NULL,580,1,NULL,NULL,40719,40720,00001557,NULL,NULL,'2021-09-25','2021-09-25',0004,1,NULL,380.00,NULL,'2021-10-03 12:33:29','2021-10-03 12:33:29',NULL),(514,5508,1,7,NULL,NULL,11,21,NULL,NULL,580,1,NULL,NULL,40719,40720,00001558,NULL,NULL,'2021-09-25','2021-09-25',0004,1,NULL,280.00,NULL,'2021-10-03 12:33:29','2021-10-03 12:33:29',NULL),(515,5508,1,7,NULL,NULL,11,21,NULL,NULL,580,1,NULL,NULL,40719,40720,00001559,NULL,NULL,'2021-09-25','2021-09-25',0004,1,NULL,650.00,NULL,'2021-10-03 12:33:29','2021-10-03 12:33:29',NULL),(516,5508,1,7,NULL,NULL,11,21,NULL,NULL,580,1,NULL,NULL,40719,40720,00001560,NULL,NULL,'2021-09-27','2021-09-27',0004,1,NULL,394.00,NULL,'2021-10-03 12:33:29','2021-10-03 12:33:29',NULL),(517,5508,1,7,NULL,NULL,11,21,NULL,NULL,580,1,NULL,NULL,40719,40720,00001561,NULL,NULL,'2021-09-27','2021-09-27',0004,1,NULL,494.10,NULL,'2021-10-03 12:33:29','2021-10-03 12:33:29',NULL),(518,5508,1,7,NULL,NULL,11,21,NULL,NULL,580,1,NULL,NULL,40719,40720,00001562,NULL,NULL,'2021-09-27','2021-09-27',0004,1,NULL,360.00,NULL,'2021-10-03 12:33:29','2021-10-03 12:33:29',NULL),(519,5508,1,7,NULL,NULL,11,21,NULL,NULL,580,1,NULL,NULL,40719,40720,00001563,NULL,NULL,'2021-09-29','2021-09-29',0004,1,NULL,300.00,NULL,'2021-10-03 12:33:29','2021-10-03 12:33:29',NULL),(520,5508,1,7,NULL,NULL,11,21,NULL,NULL,580,1,NULL,NULL,40719,40720,00001564,NULL,NULL,'2021-09-29','2021-09-29',0004,1,NULL,144.25,NULL,'2021-10-03 12:33:29','2021-10-03 12:33:29',NULL),(521,5508,1,7,NULL,NULL,11,21,NULL,NULL,580,1,NULL,NULL,40719,40720,00001565,NULL,NULL,'2021-09-29','2021-09-29',0004,1,NULL,220.00,NULL,'2021-10-03 12:33:29','2021-10-03 12:33:29',NULL),(522,5508,1,7,NULL,NULL,11,21,NULL,NULL,796,1,NULL,NULL,40719,40749,00001757,00001757,NULL,'2021-09-30','2021-09-30',0003,1,NULL,21000.00,NULL,'2021-10-03 12:33:29','2021-10-03 12:47:40',NULL);
INSERT INTO `receipts` VALUES (523,5508,1,7,NULL,NULL,11,21,NULL,NULL,796,1,NULL,NULL,40719,40743,00001758,00001758,NULL,'2021-09-30','2021-09-30',0003,1,NULL,5500.00,NULL,'2021-10-03 12:33:30','2021-10-03 12:43:59',NULL),(524,5508,1,7,NULL,NULL,11,21,NULL,NULL,580,1,NULL,NULL,40719,40720,00001566,NULL,NULL,'2021-09-30','2021-09-30',0004,1,NULL,245.00,NULL,'2021-10-03 12:33:30','2021-10-03 12:33:30',NULL),(525,5508,1,7,NULL,NULL,11,21,NULL,NULL,580,1,NULL,NULL,40719,40720,00001567,NULL,NULL,'2021-09-30','2021-09-30',0004,1,NULL,200.00,NULL,'2021-10-03 12:33:30','2021-10-03 12:33:30',NULL),(526,5508,1,7,NULL,NULL,11,21,NULL,NULL,580,1,NULL,NULL,40719,40720,00001568,NULL,NULL,'2021-09-30','2021-09-30',0004,1,NULL,375.00,NULL,'2021-10-03 12:33:30','2021-10-03 12:33:30',NULL),(527,5508,1,7,NULL,NULL,11,21,NULL,NULL,580,1,NULL,NULL,40719,40720,00001569,NULL,NULL,'2021-09-30','2021-09-30',0004,1,NULL,250.00,NULL,'2021-10-03 12:33:30','2021-10-03 12:33:30',NULL),(528,5508,1,7,NULL,NULL,11,21,NULL,NULL,580,1,NULL,NULL,40719,40720,00001570,NULL,NULL,'2021-09-30','2021-09-30',0004,1,NULL,225.00,NULL,'2021-10-03 12:33:30','2021-10-03 12:33:30',NULL),(529,5508,2,1,NULL,NULL,11,21,217,NULL,580,1,NULL,NULL,40719,40729,00417979,00417979,NULL,'2021-09-02','2021-09-02',5103,1,NULL,3885.27,NULL,'2021-10-03 12:34:20','2021-10-04 19:34:48',NULL),(530,5508,2,1,NULL,NULL,11,21,217,NULL,580,1,NULL,NULL,40719,40729,00418822,00418822,NULL,'2021-09-04','2021-09-04',5103,1,NULL,2107.19,NULL,'2021-10-03 12:34:20','2021-10-04 19:35:42',NULL),(531,5508,2,4,NULL,NULL,11,21,217,NULL,580,3,NULL,NULL,40719,40732,08525338,08525338,NULL,'2021-09-10','2021-09-10',0006,1,NULL,826.55,NULL,'2021-10-03 12:34:20','2021-10-03 12:55:19',NULL),(532,5508,2,1,NULL,NULL,11,21,217,NULL,580,1,NULL,NULL,40719,40730,00100058,00100058,NULL,'2021-09-10','2021-09-10',0011,1,NULL,3346.72,NULL,'2021-10-03 12:34:20','2021-10-03 13:10:30',NULL),(533,5508,2,4,NULL,NULL,11,21,217,NULL,580,1,NULL,NULL,40719,40750,00002656,00002656,NULL,'2021-09-13','2021-09-13',0006,1,NULL,26712.59,NULL,'2021-10-03 12:34:20','2021-10-03 13:08:47',NULL),(534,5508,2,4,NULL,NULL,11,21,217,NULL,580,1,NULL,NULL,40719,40728,00009072,00009072,NULL,'2021-09-15','2021-09-15',0002,1,NULL,1560.00,NULL,'2021-10-03 12:34:20','2021-10-03 13:12:45',NULL),(535,5508,2,1,NULL,NULL,11,21,217,NULL,580,1,NULL,NULL,40719,40730,00100836,00100836,NULL,'2021-09-17','2021-09-17',0011,1,NULL,3245.48,NULL,'2021-10-03 12:34:20','2021-10-03 13:12:08',NULL),(536,5508,2,1,NULL,NULL,11,21,217,NULL,580,1,NULL,NULL,40719,40729,00423708,00423708,NULL,'2021-09-18','2021-09-18',5103,1,NULL,5519.94,NULL,'2021-10-03 12:34:20','2021-10-04 19:46:41',NULL),(537,5508,2,1,NULL,NULL,11,21,217,NULL,580,1,NULL,NULL,40719,40731,00031305,00031305,NULL,'2021-09-20','2021-09-20',0003,1,NULL,10548.91,NULL,'2021-10-03 12:34:20','2021-10-03 13:07:52',NULL),(538,5508,2,1,NULL,NULL,11,21,217,NULL,580,1,NULL,NULL,40719,40729,00424520,00424520,NULL,'2021-09-21','2021-09-21',5103,1,NULL,5898.17,NULL,'2021-10-03 12:34:20','2021-10-04 19:47:46',NULL),(539,5508,2,4,NULL,NULL,11,21,217,NULL,580,1,NULL,NULL,40719,40728,00009182,00009182,NULL,'2021-09-22','2021-09-22',0002,1,NULL,1072.00,NULL,'2021-10-03 12:34:20','2021-10-03 13:02:23',NULL),(540,5508,2,1,NULL,NULL,11,21,217,NULL,580,1,NULL,NULL,40719,40729,00425344,NULL,NULL,'2021-09-23','2021-09-23',5103,1,NULL,1658.68,NULL,'2021-10-03 12:34:21','2021-10-03 12:34:21',NULL),(541,5508,2,1,NULL,NULL,11,21,217,NULL,580,1,NULL,NULL,40719,40729,00425345,00425345,NULL,'2021-09-23','2021-09-23',5103,1,NULL,3777.75,NULL,'2021-10-03 12:34:21','2021-10-04 19:49:47',NULL),(542,5508,2,3,NULL,NULL,11,21,217,NULL,580,1,NULL,NULL,40719,40729,00020941,NULL,NULL,'2021-09-23','2021-09-23',5102,1,NULL,1658.68,NULL,'2021-10-03 12:34:21','2021-10-03 12:34:21',NULL),(543,5508,2,1,NULL,NULL,11,21,217,NULL,580,3,NULL,NULL,40719,40734,00572695,00572695,NULL,'2021-09-26','2021-09-26',1281,1,NULL,4251.90,NULL,'2021-10-03 12:34:21','2021-10-03 12:57:22',NULL);
INSERT INTO `receipts` VALUES (544,5508,2,1,NULL,NULL,11,21,217,NULL,580,1,NULL,NULL,40719,40731,00032563,00032563,NULL,'2021-09-27','2021-09-27',0003,1,NULL,5281.25,NULL,'2021-10-03 12:34:21','2021-10-03 12:37:16',NULL),(545,5508,2,4,NULL,NULL,11,21,217,NULL,580,1,NULL,NULL,40719,40728,00009283,00009283,NULL,'2021-09-29','2021-09-29',0002,1,NULL,2639.40,NULL,'2021-10-03 12:34:21','2021-10-03 12:36:43',NULL),(546,5508,4,NULL,NULL,NULL,1535,21,NULL,NULL,NULL,1,NULL,NULL,40735,NULL,NULL,NULL,NULL,'2021-09-30',NULL,NULL,1,NULL,523.62,NULL,'2021-10-23 18:50:45','2021-10-23 18:50:45',NULL),(547,5508,4,NULL,NULL,NULL,11,21,NULL,NULL,NULL,1,NULL,NULL,40719,NULL,NULL,NULL,NULL,'2021-09-30',NULL,NULL,1,NULL,1543.77,NULL,'2021-10-23 18:55:48','2021-10-23 18:55:48',NULL),(548,5508,2,4,NULL,NULL,11,21,135,NULL,580,3,NULL,NULL,40719,40740,21296264,21296264,NULL,'2021-09-27','2021-09-27',0098,1,NULL,3860.00,NULL,'2021-10-23 19:18:14','2021-10-23 19:18:14',NULL);

--
-- Table structure for table `recibo_config`
--

CREATE TABLE `recibo_config` (
  `id` int(10) unsigned NOT NULL AUTO_INCREMENT,
  `user_id` int(10) unsigned DEFAULT NULL,
  `person_id` int(10) unsigned NOT NULL,
  `num_inicial` int(10) unsigned NOT NULL DEFAULT '0',
  `created_at` timestamp NULL DEFAULT NULL,
  `updated_at` timestamp NULL DEFAULT NULL,
  `deleted_at` timestamp NULL DEFAULT NULL,
  PRIMARY KEY (`id`),
  KEY `recibo_config_person_id_foreign` (`person_id`),
  CONSTRAINT `recibo_config_person_id_foreign` FOREIGN KEY (`person_id`) REFERENCES `persons` (`id`)
) ENGINE=InnoDB AUTO_INCREMENT=2 DEFAULT CHARSET=utf8mb4 COLLATE=utf8mb4_unicode_ci;

--
-- Dumping data for table `recibo_config`
--

INSERT INTO `recibo_config` VALUES (1,5508,40719,0,'2021-08-16 01:29:03','2021-08-16 01:29:03',NULL);

--
-- Table structure for table `recibos`
--

CREATE TABLE `recibos` (
  `id` int(10) unsigned NOT NULL AUTO_INCREMENT,
  `user_id` int(10) unsigned NOT NULL,
  `fecha` date NOT NULL DEFAULT '2019-12-13',
  `punto_venta_id` int(10) unsigned NOT NULL,
  `numero` int(10) unsigned NOT NULL,
  `person_id` int(10) unsigned NOT NULL,
  `person_id_receptor` int(10) unsigned NOT NULL DEFAULT '3',
  `condicion_venta_id` int(10) unsigned NOT NULL DEFAULT '1',
  `cond_frente_iva_id` int(10) unsigned NOT NULL DEFAULT '1',
  `importe` decimal(16,2) NOT NULL DEFAULT '0.00',
  `en_concepto_de` longtext COLLATE utf8mb4_unicode_ci,
  `ret_ganancias` decimal(16,2) NOT NULL DEFAULT '0.00',
  `ret_iva` decimal(16,2) NOT NULL DEFAULT '0.00',
  `ret_iibb` decimal(16,2) NOT NULL DEFAULT '0.00',
  `imp_internos` decimal(16,2) NOT NULL DEFAULT '0.00',
  `imp_municipales` decimal(16,2) NOT NULL DEFAULT '0.00',
  `total_otros_tributos` decimal(16,2) NOT NULL DEFAULT '0.00',
  `total` decimal(16,2) NOT NULL DEFAULT '0.00',
  `comentario` varchar(191) COLLATE utf8mb4_unicode_ci DEFAULT NULL,
  `created_at` timestamp NULL DEFAULT NULL,
  `updated_at` timestamp NULL DEFAULT NULL,
  `deleted_at` timestamp NULL DEFAULT NULL,
  PRIMARY KEY (`id`),
  KEY `recibos_punto_venta_id_foreign` (`punto_venta_id`),
  KEY `recibos_person_id_foreign` (`person_id`),
  KEY `recibos_person_id_receptor_foreign` (`person_id_receptor`),
  KEY `recibos_condicion_venta_id_foreign` (`condicion_venta_id`),
  KEY `recibos_cond_frente_iva_id_foreign` (`cond_frente_iva_id`),
  CONSTRAINT `recibos_cond_frente_iva_id_foreign` FOREIGN KEY (`cond_frente_iva_id`) REFERENCES `fac_elec_cond_frente_iva` (`id`),
  CONSTRAINT `recibos_condicion_venta_id_foreign` FOREIGN KEY (`condicion_venta_id`) REFERENCES `condiciones_venta` (`id`),
  CONSTRAINT `recibos_person_id_foreign` FOREIGN KEY (`person_id`) REFERENCES `persons` (`id`),
  CONSTRAINT `recibos_person_id_receptor_foreign` FOREIGN KEY (`person_id_receptor`) REFERENCES `persons` (`id`),
  CONSTRAINT `recibos_punto_venta_id_foreign` FOREIGN KEY (`punto_venta_id`) REFERENCES `fact_elec_puntos_venta` (`id`)
) ENGINE=InnoDB DEFAULT CHARSET=utf8mb4 COLLATE=utf8mb4_unicode_ci;

--
-- Dumping data for table `recibos`
--


--
-- Table structure for table `remito_config`
--

CREATE TABLE `remito_config` (
  `id` int(10) unsigned NOT NULL AUTO_INCREMENT,
  `user_id` int(10) unsigned NOT NULL,
  `person_id` int(10) unsigned NOT NULL,
  `num_inicial` int(10) unsigned NOT NULL DEFAULT '0',
  `created_at` timestamp NULL DEFAULT NULL,
  `updated_at` timestamp NULL DEFAULT NULL,
  `deleted_at` timestamp NULL DEFAULT NULL,
  PRIMARY KEY (`id`),
  KEY `remito_config_person_id_foreign` (`person_id`),
  CONSTRAINT `remito_config_person_id_foreign` FOREIGN KEY (`person_id`) REFERENCES `persons` (`id`)
) ENGINE=InnoDB AUTO_INCREMENT=2 DEFAULT CHARSET=utf8mb4 COLLATE=utf8mb4_unicode_ci;

--
-- Dumping data for table `remito_config`
--

INSERT INTO `remito_config` VALUES (1,5508,40719,0,'2021-08-16 01:29:03','2021-08-16 01:29:03',NULL);

--
-- Table structure for table `remitos`
--

CREATE TABLE `remitos` (
  `id` int(10) unsigned NOT NULL AUTO_INCREMENT,
  `user_id` int(10) unsigned NOT NULL,
  `fecha` date NOT NULL DEFAULT '2020-05-25',
  `punto_venta_id` int(10) unsigned NOT NULL,
  `numero` int(10) unsigned NOT NULL,
  `person_id` int(10) unsigned NOT NULL,
  `person_id_receptor` int(10) unsigned NOT NULL DEFAULT '3',
  `condicion_venta_id` int(10) unsigned NOT NULL DEFAULT '1',
  `cond_frente_iva_id` int(10) unsigned NOT NULL DEFAULT '1',
  `en_concepto_de` longtext COLLATE utf8mb4_unicode_ci,
  `comentario` varchar(191) COLLATE utf8mb4_unicode_ci DEFAULT NULL,
  `created_at` timestamp NULL DEFAULT NULL,
  `updated_at` timestamp NULL DEFAULT NULL,
  `deleted_at` timestamp NULL DEFAULT NULL,
  PRIMARY KEY (`id`),
  KEY `remitos_punto_venta_id_foreign` (`punto_venta_id`),
  KEY `remitos_person_id_foreign` (`person_id`),
  KEY `remitos_person_id_receptor_foreign` (`person_id_receptor`),
  KEY `remitos_condicion_venta_id_foreign` (`condicion_venta_id`),
  KEY `remitos_cond_frente_iva_id_foreign` (`cond_frente_iva_id`),
  CONSTRAINT `remitos_cond_frente_iva_id_foreign` FOREIGN KEY (`cond_frente_iva_id`) REFERENCES `fac_elec_cond_frente_iva` (`id`),
  CONSTRAINT `remitos_condicion_venta_id_foreign` FOREIGN KEY (`condicion_venta_id`) REFERENCES `condiciones_venta` (`id`),
  CONSTRAINT `remitos_person_id_foreign` FOREIGN KEY (`person_id`) REFERENCES `persons` (`id`),
  CONSTRAINT `remitos_person_id_receptor_foreign` FOREIGN KEY (`person_id_receptor`) REFERENCES `persons` (`id`),
  CONSTRAINT `remitos_punto_venta_id_foreign` FOREIGN KEY (`punto_venta_id`) REFERENCES `fact_elec_puntos_venta` (`id`)
) ENGINE=InnoDB DEFAULT CHARSET=utf8mb4 COLLATE=utf8mb4_unicode_ci;

--
-- Dumping data for table `remitos`
--


--
-- Table structure for table `reportes`
--

CREATE TABLE `reportes` (
  `id` int(10) unsigned NOT NULL AUTO_INCREMENT,
  `description` varchar(180) COLLATE utf8mb4_unicode_ci NOT NULL,
  `class` int(10) unsigned NOT NULL,
  `class_description` varchar(180) COLLATE utf8mb4_unicode_ci NOT NULL,
  `data_type` varchar(100) COLLATE utf8mb4_unicode_ci NOT NULL,
  `path` varchar(255) COLLATE utf8mb4_unicode_ci DEFAULT NULL,
  `created_at` timestamp NULL DEFAULT NULL,
  `updated_at` timestamp NULL DEFAULT NULL,
  PRIMARY KEY (`id`),
  UNIQUE KEY `reportes_description_unique` (`description`)
) ENGINE=InnoDB AUTO_INCREMENT=8 DEFAULT CHARSET=utf8mb4 COLLATE=utf8mb4_unicode_ci;

--
-- Dumping data for table `reportes`
--

INSERT INTO `reportes` VALUES (1,'Comprobantes',1,'informes','','reportes/informes/comprobantes/comprobantes',NULL,NULL),(3,'Liquidaciones IIBB',1,'informes','','reportes/informes/iibb/iibb',NULL,NULL),(4,'Tablero de Control',3,'tablero','','reportes/tableroControl/index',NULL,NULL),(5,'Liquidaciones IVA',1,'informes','','reportes/informes/iva/iva',NULL,NULL),(6,'Obligaciones Anuales',1,'informes','','reportes/informes/obligaciones_anuales/index','2019-11-29 18:37:49','2019-11-29 18:37:49'),(7,'Estado CUITs',1,'informes','','reportes/informes/control_cuits/index','2019-12-09 00:50:43','2019-12-09 00:50:43');

--
-- Table structure for table `retention_types`
--

CREATE TABLE `retention_types` (
  `id` int(10) unsigned NOT NULL AUTO_INCREMENT,
  `created_at` timestamp NULL DEFAULT NULL,
  `updated_at` timestamp NULL DEFAULT NULL,
  `name` varchar(255) COLLATE utf8mb4_unicode_ci NOT NULL,
  `apply_to` varchar(255) COLLATE utf8mb4_unicode_ci NOT NULL DEFAULT 'iibb',
  `code` varchar(255) COLLATE utf8mb4_unicode_ci DEFAULT NULL,
  `zone_id` int(11) DEFAULT NULL,
  `plan_cuenta_id` int(10) unsigned NOT NULL DEFAULT '1',
  PRIMARY KEY (`id`),
  KEY `retention_types_plan_cuenta_id_foreign` (`plan_cuenta_id`),
  CONSTRAINT `retention_types_plan_cuenta_id_foreign` FOREIGN KEY (`plan_cuenta_id`) REFERENCES `conta_plan_cuenta` (`id`)
) ENGINE=InnoDB AUTO_INCREMENT=29 DEFAULT CHARSET=utf8mb4 COLLATE=utf8mb4_unicode_ci;

--
-- Dumping data for table `retention_types`
--

INSERT INTO `retention_types` VALUES (1,NULL,NULL,'Retenciones de Ganancias','ganancias','GAN',NULL,23),(2,NULL,NULL,'Retenciones de SUSS','sus','SUSS',NULL,162),(3,NULL,NULL,'Retenciones de IVA','iva','Ret IVA',NULL,25),(4,NULL,'2021-08-15 19:52:34','Retencion IIBB de Buenos Aires','iibb',NULL,23,251),(5,NULL,'2021-08-15 19:52:34','Retencion IIBB de Capital Federal','iibb',NULL,22,252),(6,NULL,'2021-08-15 19:52:34','Retencion IIBB de Catamarca','iibb',NULL,24,253),(7,NULL,'2021-08-15 19:52:34','Retencion IIBB de Chaco','iibb',NULL,3,254),(8,NULL,'2021-08-15 19:52:34','Retencion IIBB de Chubut','iibb',NULL,4,255),(9,NULL,'2021-08-15 19:52:34','Retencion IIBB de Córdoba','iibb',NULL,1,256),(10,NULL,'2021-08-15 19:52:34','Retencion IIBB de Corrientes','iibb',NULL,2,257),(11,NULL,'2021-08-15 19:52:34','Retencion IIBB de Entre Ríos','iibb',NULL,5,258),(12,NULL,'2021-08-15 19:52:34','Retencion IIBB de Formosa','iibb',NULL,6,259),(13,NULL,'2021-08-15 19:52:34','Retencion IIBB de Jujuy','iibb',NULL,7,260),(14,NULL,'2021-08-15 19:52:34','Retencion IIBB de La Pampa','iibb',NULL,8,261),(15,NULL,'2021-08-15 19:52:34','Retencion IIBB de La Rioja','iibb',NULL,9,262),(16,NULL,'2021-08-15 19:52:34','Retencion IIBB de Mendoza','iibb',NULL,10,263),(17,NULL,'2021-08-15 19:52:34','Retencion IIBB de Misiones','iibb',NULL,11,264),(18,NULL,'2021-08-15 19:52:34','Retencion IIBB de Neuquén','iibb',NULL,12,265),(19,NULL,'2021-08-15 19:52:34','Retencion IIBB de Pascua Lama','iibb',NULL,25,266),(20,NULL,'2021-08-15 19:52:34','Retencion IIBB de Río Negro','iibb',NULL,13,267),(21,NULL,'2021-08-15 19:52:34','Retencion IIBB de Salta','iibb',NULL,14,268),(22,NULL,'2021-08-15 19:52:34','Retencion IIBB de San Juan','iibb',NULL,15,269),(23,NULL,'2021-08-15 19:52:34','Retencion IIBB de San Luis','iibb',NULL,16,270),(24,NULL,'2021-08-15 19:52:34','Retencion IIBB de Santa Cruz','iibb',NULL,17,271),(25,NULL,'2021-08-15 19:52:34','Retencion IIBB de Santa Fe','iibb',NULL,18,272),(26,NULL,'2021-08-15 19:52:34','Retencion IIBB de Santiago del Estero','iibb',NULL,19,273),(27,NULL,'2021-08-15 19:52:35','Retencion IIBB de Tierra del Fuego','iibb',NULL,20,274),(28,NULL,'2021-08-15 19:52:35','Retencion IIBB de Tucuman','iibb',NULL,21,275);

--
-- Table structure for table `retentions`
--

CREATE TABLE `retentions` (
  `id` int(10) unsigned NOT NULL AUTO_INCREMENT,
  `created_at` timestamp NULL DEFAULT NULL,
  `updated_at` timestamp NULL DEFAULT NULL,
  `name` varchar(255) COLLATE utf8mb4_unicode_ci NOT NULL,
  PRIMARY KEY (`id`)
) ENGINE=InnoDB DEFAULT CHARSET=utf8mb4 COLLATE=utf8mb4_unicode_ci;

--
-- Dumping data for table `retentions`
--


--
-- Table structure for table `sexo`
--

CREATE TABLE `sexo` (
  `id` int(10) unsigned NOT NULL AUTO_INCREMENT,
  `user_id` int(10) unsigned DEFAULT NULL,
  `descripcion` varchar(191) COLLATE utf8mb4_unicode_ci NOT NULL,
  `habilitado` tinyint(1) NOT NULL DEFAULT '1',
  `created_at` timestamp NULL DEFAULT NULL,
  `updated_at` timestamp NULL DEFAULT NULL,
  `deleted_at` timestamp NULL DEFAULT NULL,
  PRIMARY KEY (`id`),
  UNIQUE KEY `sexo_descripcion_unique` (`descripcion`)
) ENGINE=InnoDB AUTO_INCREMENT=3 DEFAULT CHARSET=utf8mb4 COLLATE=utf8mb4_unicode_ci;

--
-- Dumping data for table `sexo`
--

INSERT INTO `sexo` VALUES (1,NULL,'Masculino',1,'2020-05-28 20:55:23','2020-05-28 20:55:23',NULL),(2,NULL,'Femenino',1,'2020-05-28 20:55:23','2020-05-28 20:55:23',NULL);

--
-- Table structure for table `sicore_alicuotas`
--

CREATE TABLE `sicore_alicuotas` (
  `id` bigint(20) unsigned NOT NULL AUTO_INCREMENT,
  `user_id` int(10) unsigned DEFAULT NULL,
  `anio` int(11) DEFAULT NULL,
  `desde` int(10) unsigned NOT NULL,
  `hasta` int(10) unsigned NOT NULL,
  `impuesto` int(10) unsigned NOT NULL,
  `mas_porcentaje` decimal(8,2) unsigned NOT NULL,
  `excedente` int(11) DEFAULT NULL,
  `created_at` timestamp NULL DEFAULT NULL,
  `updated_at` timestamp NULL DEFAULT NULL,
  `deleted_at` timestamp NULL DEFAULT NULL,
  PRIMARY KEY (`id`)
) ENGINE=InnoDB AUTO_INCREMENT=9 DEFAULT CHARSET=utf8mb4 COLLATE=utf8mb4_unicode_ci;

--
-- Dumping data for table `sicore_alicuotas`
--

INSERT INTO `sicore_alicuotas` VALUES (1,NULL,2022,0,8000,0,0.00,0,NULL,NULL,NULL),(2,NULL,2022,8000,16000,400,9.00,8000,NULL,NULL,NULL),(3,NULL,2022,16000,24000,1120,12.00,16000,NULL,NULL,NULL),(4,NULL,2022,24000,32000,2080,15.00,24000,NULL,NULL,NULL),(5,NULL,2022,32000,48000,3280,19.00,32000,NULL,NULL,NULL),(6,NULL,2022,48000,64000,6320,23.00,48000,NULL,NULL,NULL),(7,NULL,2022,64000,96000,10000,27.00,64000,NULL,NULL,NULL),(8,NULL,2022,96000,999999,18640,31.00,96000,NULL,NULL,NULL);

--
-- Table structure for table `sicore_comprobantes`
--

CREATE TABLE `sicore_comprobantes` (
  `id` bigint(20) unsigned NOT NULL AUTO_INCREMENT,
  `codigo` varchar(191) COLLATE utf8mb4_unicode_ci NOT NULL,
  `descripcion` varchar(191) COLLATE utf8mb4_unicode_ci NOT NULL,
  `habilitado` tinyint(1) NOT NULL DEFAULT '1',
  `created_at` timestamp NULL DEFAULT NULL,
  `updated_at` timestamp NULL DEFAULT NULL,
  `deleted_at` timestamp NULL DEFAULT NULL,
  PRIMARY KEY (`id`)
) ENGINE=InnoDB AUTO_INCREMENT=97 DEFAULT CHARSET=utf8mb4 COLLATE=utf8mb4_unicode_ci;

--
-- Dumping data for table `sicore_comprobantes`
--

INSERT INTO `sicore_comprobantes` VALUES (1,'1','FACTURAS A',1,NULL,NULL,NULL),(2,'2','NOTAS DE DEBITO A',1,NULL,NULL,NULL),(3,'3','NOTAS DE CREDITO A',1,NULL,NULL,NULL),(4,'4','RECIBOS A',1,NULL,NULL,NULL),(5,'5','NOTAS DE VENTA AL CONTADO A',1,NULL,NULL,NULL),(6,'6','FACTURAS B',1,NULL,NULL,NULL),(7,'7','NOTAS DE DEBITO B',1,NULL,NULL,NULL),(8,'8','NOTAS DE CREDITO B',1,NULL,NULL,NULL),(9,'9','RECIBOS B',1,NULL,NULL,NULL),(10,'10','NOTAS DE VENTA AL CONTADO B',1,NULL,NULL,NULL),(11,'11','FACTURAS C',1,NULL,NULL,NULL),(12,'12','NOTAS DE DEBITO C',1,NULL,NULL,NULL),(13,'13','NOTAS DE CREDITO C',1,NULL,NULL,NULL),(14,'15','RECIBOS C',1,NULL,NULL,NULL),(15,'16','NOTAS DE VENTA AL CONTADO C',1,NULL,NULL,NULL),(16,'17','LIQUIDACION DE SERVICIOS PUBLICOS CLASE A',1,NULL,NULL,NULL),(17,'18','LIQUIDACION DE SERVICIOS PUBLICOS CLASE B',1,NULL,NULL,NULL),(18,'19','FACTURAS DE EXPORTACION',1,NULL,NULL,NULL),(19,'20','NOTAS DE DEBITO POR OPERACIONES CON EL EXTERIOR',1,NULL,NULL,NULL),(20,'21','NOTAS DE CREDITO POR OPERACIONES CON EL EXTERIOR',1,NULL,NULL,NULL),(21,'22','FACTURAS - PERMISO EXPORTACION SIMPLIFICADO - DTO. 855/97',1,NULL,NULL,NULL),(22,'23','COMPROBANTES “A” DE COMPRA PRIMARIA PARA EL SECTOR PESQUERO MARITIMO',1,NULL,NULL,NULL),(23,'24','COMPROBANTES “A” DE CONSIGNACION PRIMARIA PARA EL SECTOR PESQUERO MARITIMO',1,NULL,NULL,NULL),(24,'25','COMPROBANTES “B” DE COMPRA PRIMARIA PARA EL SECTOR PESQUERO MARITIMO',1,NULL,NULL,NULL),(25,'26','COMPROBANTES “B” DE CONSIGNACION PRIMARIA PARA EL SECTOR PESQUERO MARITIMO',1,NULL,NULL,NULL),(26,'27','LIQUIDACION UNICA COMERCIAL IMPOSITIVA CLASE A',1,NULL,NULL,NULL),(27,'28','LIQUIDACION UNICA COMERCIAL IMPOSITIVA CLASE B',1,NULL,NULL,NULL),(28,'29','LIQUIDACION UNICA COMERCIAL IMPOSITIVA CLASE C',1,NULL,NULL,NULL),(29,'30','COMPROBANTES DE COMPRA DE BIENES USADOS',1,NULL,NULL,NULL),(30,'31','MANDATO - CONSIGNACION',1,NULL,NULL,NULL),(31,'32','COMPROBANTES PARA RECICLAR MATERIALES',1,NULL,NULL,NULL),(32,'33','LIQUIDACION PRIMARIA DE GRANOS',1,NULL,NULL,NULL),(33,'34','COMPROBANTES A DEL APARTADO A  INCISO F)  R.G. N°  1415',1,NULL,NULL,NULL),(34,'35','COMPROBANTES B DEL ANEXO I, APARTADO A, INC. F), R.G. N° 1415',1,NULL,NULL,NULL),(35,'36','COMPROBANTES C DEL Anexo I, Apartado A, INC.F), R.G. N° 1415',1,NULL,NULL,NULL),(36,'37','NOTAS DE DEBITO O DOCUMENTO EQUIVALENTE QUE CUMPLAN CON LA R.G. N° 1415',1,NULL,NULL,NULL),(37,'38','NOTAS DE CREDITO O DOCUMENTO EQUIVALENTE QUE CUMPLAN CON LA R.G. N° 1415',1,NULL,NULL,NULL),(38,'39','OTROS COMPROBANTES A QUE CUMPLEN CON LA R G  1415',1,NULL,NULL,NULL),(39,'40','OTROS COMPROBANTES B QUE CUMPLAN CON LA R.G. N° 1415',1,NULL,NULL,NULL),(40,'41','OTROS COMPROBANTES C QUE CUMPLAN CON LA R.G. N° 1415',1,NULL,NULL,NULL),(41,'43','NOTA DE CREDITO LIQUIDACION UNICA COMERCIAL IMPOSITIVA CLASE B',1,NULL,NULL,NULL),(42,'44','NOTA DE CREDITO LIQUIDACION UNICA COMERCIAL IMPOSITIVA CLASE C',1,NULL,NULL,NULL),(43,'45','NOTA DE DEBITO LIQUIDACION UNICA COMERCIAL IMPOSITIVA CLASE A',1,NULL,NULL,NULL),(44,'46','NOTA DE DEBITO LIQUIDACION UNICA COMERCIAL IMPOSITIVA CLASE B',1,NULL,NULL,NULL),(45,'47','NOTA DE DEBITO LIQUIDACION UNICA COMERCIAL IMPOSITIVA CLASE C',1,NULL,NULL,NULL),(46,'48','NOTA DE CREDITO LIQUIDACION UNICA COMERCIAL IMPOSITIVA CLASE A',1,NULL,NULL,NULL),(47,'49','COMPROBANTES DE COMPRA DE BIENES NO REGISTRABLES A CONSUMIDORES FINALES',1,NULL,NULL,NULL),(48,'50','RECIBO FACTURA A  REGIMEN DE FACTURA DE CREDITO ',1,NULL,NULL,NULL),(49,'51','FACTURAS M',1,NULL,NULL,NULL),(50,'52','NOTAS DE DEBITO M',1,NULL,NULL,NULL),(51,'53','NOTAS DE CREDITO M',1,NULL,NULL,NULL),(52,'54','RECIBOS M',1,NULL,NULL,NULL),(53,'55','NOTAS DE VENTA AL CONTADO M',1,NULL,NULL,NULL),(54,'56','COMPROBANTES M DEL ANEXO I  APARTADO A  INC F) R.G. N° 1415',1,NULL,NULL,NULL),(55,'57','OTROS COMPROBANTES M QUE CUMPLAN CON LA R.G. N° 1415',1,NULL,NULL,NULL),(56,'58','CUENTAS DE VENTA Y LIQUIDO PRODUCTO M',1,NULL,NULL,NULL),(57,'59','LIQUIDACIONES M',1,NULL,NULL,NULL);
INSERT INTO `sicore_comprobantes` VALUES (58,'60','CUENTAS DE VENTA Y LIQUIDO PRODUCTO A',1,NULL,NULL,NULL),(59,'61','CUENTAS DE VENTA Y LIQUIDO PRODUCTO B',1,NULL,NULL,NULL),(60,'63','LIQUIDACIONES A',1,NULL,NULL,NULL),(61,'64','LIQUIDACIONES B',1,NULL,NULL,NULL),(62,'66','DESPACHO DE IMPORTACION',1,NULL,NULL,NULL),(63,'68','LIQUIDACION C',1,NULL,NULL,NULL),(64,'70','RECIBOS FACTURA DE CREDITO',1,NULL,NULL,NULL),(65,'80','INFORME DIARIO DE CIERRE (ZETA) - CONTROLADORES FISCALES',1,NULL,NULL,NULL),(66,'81','TIQUE FACTURA A   ',1,NULL,NULL,NULL),(67,'82','TIQUE FACTURA B',1,NULL,NULL,NULL),(68,'83','TIQUE',1,NULL,NULL,NULL),(69,'88','REMITO ELECTRONICO',1,NULL,NULL,NULL),(70,'89','RESUMEN DE DATOS',1,NULL,NULL,NULL),(71,'90','OTROS COMPROBANTES - DOCUMENTOS EXCEPTUADOS - NOTAS DE CREDITO',1,NULL,NULL,NULL),(72,'91','REMITOS R',1,NULL,NULL,NULL),(73,'99','OTROS COMPROBANTES QUE NO CUMPLEN O ESTÁN EXCEPTUADOS DE LA R.G. 1415 Y SUS MODIF',1,NULL,NULL,NULL),(74,'110','TIQUE NOTA DE CREDITO ',1,NULL,NULL,NULL),(75,'111','TIQUE FACTURA C',1,NULL,NULL,NULL),(76,'112','TIQUE NOTA DE CREDITO A',1,NULL,NULL,NULL),(77,'113','TIQUE NOTA DE CREDITO B',1,NULL,NULL,NULL),(78,'114','TIQUE NOTA DE CREDITO C',1,NULL,NULL,NULL),(79,'115','TIQUE NOTA DE DEBITO A',1,NULL,NULL,NULL),(80,'116','TIQUE NOTA DE DEBITO B',1,NULL,NULL,NULL),(81,'117','TIQUE NOTA DE DEBITO C',1,NULL,NULL,NULL),(82,'118','TIQUE FACTURA M',1,NULL,NULL,NULL),(83,'119','TIQUE NOTA DE CREDITO M',1,NULL,NULL,NULL),(84,'120','TIQUE NOTA DE DEBITO M',1,NULL,NULL,NULL),(85,'201','FACTURA DE CRÉDITO ELECTRÓNICA MiPyMEs (FCE) A',1,NULL,NULL,NULL),(86,'202','NOTA DE DEBITO ELECTRÓNICA MiPyMEs (FCE) A',1,NULL,NULL,NULL),(87,'203','NOTA DE CREDITO ELECTRÓNICA MiPyMEs (FCE) A',1,NULL,NULL,NULL),(88,'206','FACTURA DE CRÉDITO ELECTRÓNICA MiPyMEs (FCE) B',1,NULL,NULL,NULL),(89,'207','NOTA DE DEBITO ELECTRÓNICA MiPyMEs (FCE) B',1,NULL,NULL,NULL),(90,'208','NOTA DE CREDITO ELECTRÓNICA MiPyMEs (FCE) B',1,NULL,NULL,NULL),(91,'211','FACTURA DE CRÉDITO ELECTRÓNICA MiPyMEs (FCE) C',1,NULL,NULL,NULL),(92,'212','NOTA DE DEBITO ELECTRÓNICA MiPyMEs (FCE) C',1,NULL,NULL,NULL),(93,'213','NOTA DE CREDITO ELECTRÓNICA MiPyMEs (FCE) C',1,NULL,NULL,NULL),(94,'331','LIQUIDACION SECUNDARIA DE GRANOS',1,NULL,NULL,NULL),(95,'332','CERTIFICACION ELECTRONICA (GRANOS)',1,NULL,NULL,NULL),(96,'995','REMITO ELECTRÓNICO CÁRNICO ',1,NULL,NULL,NULL);

--
