INSERT INTO `syj_conceptos` VALUES (2563,88,22,'Vacaciones',1045,11000,NULL,2,NULL,1,1,1,1,0,1,1,0,NULL,NULL,1,NULL,NULL,0,1,2,0.00,33,NULL,1,1,1,NULL,NULL,1,NULL,0.00,2,0.00,NULL,NULL,18,NULL,1,1,1,NULL,NULL,1,NULL,0.00,6,0.00,NULL,0.00,2,1,1,1,0.00,0.00,1,1,0.00,0.00,1,1,1,NULL,NULL,1,NULL,NULL,1,'2020-04-07 03:05:35','2020-04-30 11:48:21',NULL),(2564,88,22,'A cuenta futuros aumentos',1230,12300,NULL,2,NULL,2,1,1,1,1,1,1,0,NULL,NULL,1,NULL,NULL,0,1,3,1.00,NULL,NULL,1,1,1,NULL,NULL,1,NULL,0.00,3,0.00,NULL,NULL,NULL,NULL,1,1,1,NULL,NULL,1,NULL,0.00,6,0.00,NULL,0.00,2,1,1,1,0.00,0.00,1,1,0.00,0.00,1,1,1,NULL,NULL,1,NULL,NULL,1,'2020-04-07 03:05:35','2020-05-06 12:00:11',NULL),(2565,5562,22,'Aumento solidario Decreto 14/2020',1240,12400,NULL,2,NULL,1,1,1,1,0,1,1,0,NULL,NULL,1,NULL,NULL,0,1,3,1.00,NULL,NULL,1,1,1,NULL,NULL,1,NULL,0.00,3,4000.00,NULL,NULL,NULL,NULL,1,1,1,NULL,NULL,1,NULL,0.00,6,0.00,NULL,0.00,2,1,1,1,0.00,0.00,1,1,0.00,0.00,1,1,1,NULL,NULL,1,NULL,'Valido hasta...',0,'2020-04-07 03:05:35','2023-04-04 16:38:21',NULL),(2566,88,22,'Suma no Remunerativa',2920,29200,NULL,3,NULL,1,1,1,1,1,1,0,0,NULL,NULL,1,NULL,NULL,0,1,1,0.00,NULL,NULL,1,1,1,NULL,NULL,1,NULL,0.00,1,0.00,NULL,NULL,NULL,NULL,1,1,1,NULL,NULL,1,NULL,0.00,6,0.00,NULL,0.00,2,1,1,1,0.00,0.00,1,1,0.00,0.00,1,1,1,NULL,NULL,1,NULL,NULL,1,'2020-04-07 03:05:35','2020-05-06 12:58:25',NULL),(2567,88,22,'SAC Indemnización sustitutiva Mes de Preaviso',2030,29400,NULL,3,NULL,1,1,1,1,0,1,0,0,NULL,NULL,1,NULL,NULL,0,1,1,1.00,NULL,NULL,1,1,1,NULL,NULL,1,NULL,0.00,5,0.00,NULL,NULL,NULL,NULL,3,1,1,2,4,1,NULL,0.00,6,0.00,NULL,0.00,2,1,1,1,0.00,0.00,1,1,0.00,0.00,1,1,1,NULL,NULL,1,NULL,NULL,1,'2020-04-07 03:05:36','2020-04-24 17:16:58',NULL),(2568,88,22,'Indemnización Por Antigüedad ART 247',2950,29500,NULL,3,NULL,1,1,1,1,0,0,0,0,NULL,NULL,1,NULL,NULL,0,1,1,0.00,NULL,NULL,1,1,1,NULL,NULL,1,NULL,0.00,1,0.00,NULL,NULL,NULL,NULL,1,1,1,NULL,NULL,1,NULL,0.00,6,0.00,NULL,0.00,2,1,1,1,0.00,0.00,1,1,0.00,0.00,1,1,1,NULL,NULL,1,NULL,NULL,1,'2020-04-07 03:05:36','2020-05-06 12:59:56',NULL),(2569,88,22,'Gratificación por egreso',2100,21000,NULL,3,NULL,1,1,1,1,0,1,0,0,NULL,NULL,1,NULL,NULL,0,1,1,1.00,NULL,NULL,1,1,1,NULL,NULL,1,NULL,0.00,3,0.00,NULL,NULL,NULL,NULL,1,1,1,NULL,NULL,1,NULL,0.00,6,0.00,NULL,0.00,2,1,1,1,0.00,0.00,1,1,0.00,0.00,1,1,1,NULL,NULL,1,NULL,NULL,1,'2020-04-07 03:05:36','2020-05-06 12:15:09',NULL),(2570,88,22,'Inasistencia por Suspensión',1060,11114,NULL,2,NULL,1,1,1,1,0,1,1,0,NULL,NULL,1,NULL,NULL,0,1,3,0.00,NULL,NULL,1,1,1,NULL,NULL,1,NULL,0.00,5,0.00,NULL,NULL,NULL,NULL,3,1,1,2,4,1,5,0.00,6,0.00,NULL,0.00,2,1,1,1,0.00,0.00,1,1,0.00,0.00,1,1,1,NULL,NULL,1,NULL,'Cargar la cantidad de Dias en Negativo',1,'2020-04-07 03:05:36','2020-04-25 09:25:53',NULL),(2571,88,22,'Premio asistencia',1070,11115,NULL,2,NULL,1,1,1,1,0,1,1,0,NULL,NULL,1,NULL,NULL,0,1,3,0.00,NULL,NULL,1,1,1,NULL,NULL,1,NULL,0.00,1,100.00,NULL,NULL,NULL,NULL,3,1,1,2,4,1,NULL,0.00,6,0.00,NULL,0.00,2,1,4,2,0.00,0.00,1,1,0.00,0.00,1,1,1,2,2,1,NULL,NULL,1,'2020-04-07 03:05:36','2020-05-20 13:37:51',NULL),(2572,5562,22,'Horas Extras al 50%',1080,11121,NULL,2,NULL,1,1,1,1,1,1,1,0,NULL,NULL,1,NULL,NULL,0,1,3,0.00,NULL,NULL,1,1,1,NULL,NULL,1,NULL,0.00,2,0.00,NULL,NULL,30,NULL,3,1,1,2,4,1,1,0.00,6,0.00,NULL,0.00,2,1,1,1,0.00,0.00,1,1,0.00,0.00,1,1,1,NULL,NULL,1,NULL,NULL,1,'2020-04-07 03:05:36','2022-01-03 14:20:55',NULL),(2573,88,22,'Horas Extras al 100%',1090,11122,NULL,2,NULL,1,1,1,1,1,1,1,0,NULL,NULL,1,NULL,NULL,0,1,3,0.00,NULL,NULL,1,1,1,NULL,NULL,1,NULL,0.00,2,0.00,NULL,NULL,29,NULL,3,1,1,2,4,1,1,0.00,6,0.00,NULL,0.00,2,1,1,1,0.00,0.00,1,1,0.00,0.00,1,1,1,NULL,NULL,1,NULL,NULL,1,'2020-04-07 03:05:36','2020-04-24 16:56:47',NULL);
INSERT INTO `syj_conceptos` VALUES (2574,88,22,'Feriados Nacionales  Trabajados',1112,11110,NULL,2,NULL,1,1,1,1,0,1,1,0,NULL,NULL,1,NULL,NULL,0,1,3,0.00,NULL,NULL,1,1,1,NULL,NULL,1,NULL,0.00,2,0.00,NULL,NULL,18,NULL,3,1,1,2,3,1,NULL,0.00,6,0.00,NULL,0.00,2,1,1,1,0.00,0.00,1,1,0.00,0.00,1,1,1,NULL,NULL,1,NULL,'Se deberá informar por las novedades la cantidad de dias Feriados Nac.Trabajados\r\nDicho concepto retorna como Valor, la suma del Básico /30 + Básico/25.',1,'2020-04-07 03:05:36','2020-04-30 09:17:04',NULL),(2575,88,22,'PRV s/Vacaciones',1130,11050,NULL,2,NULL,1,1,1,1,0,1,0,0,NULL,NULL,1,NULL,NULL,0,1,1,0.00,NULL,NULL,1,1,1,NULL,NULL,1,3,0.00,5,0.00,NULL,NULL,NULL,NULL,2,2,3,2,4,3,NULL,0.00,6,0.00,NULL,0.00,2,1,1,1,0.00,0.00,1,1,0.00,0.00,1,1,1,NULL,NULL,1,NULL,NULL,0,'2020-04-07 03:05:36','2020-05-08 10:30:32',NULL),(2576,88,22,'Licencia por Maternidad',1190,11900,NULL,2,NULL,1,1,1,1,0,1,1,0,NULL,NULL,1,NULL,NULL,0,1,3,0.00,NULL,NULL,1,1,1,NULL,NULL,1,NULL,0.00,5,0.00,NULL,NULL,NULL,NULL,3,1,1,2,4,1,NULL,0.00,1,0.00,NULL,0.00,NULL,1,1,1,0.00,0.00,1,1,0.00,0.00,1,1,1,NULL,NULL,1,NULL,'Si la empleada estuvo el mes completo de Licencia se liquidará por medio del tipo de liquidación ”Licencia por Maternidad”  informando los 30 días.\r\nCaso contrario se liquidará a través de la',1,'2020-04-07 03:05:36','2020-05-06 11:56:02',NULL),(2577,88,22,'Descuento Licencia por Maternidad',1200,12000,NULL,2,NULL,1,1,1,1,0,1,1,0,NULL,NULL,1,NULL,NULL,0,1,1,1.00,NULL,NULL,1,1,1,NULL,NULL,1,NULL,0.00,5,0.00,NULL,NULL,NULL,NULL,3,1,1,2,4,1,NULL,0.00,6,-1.00,NULL,0.00,6,1,1,1,0.00,0.00,1,1,0.00,0.00,1,1,1,NULL,NULL,1,NULL,NULL,1,'2020-04-07 03:05:36','2020-05-06 11:58:40',NULL),(2578,88,22,'Indemnización Integración Mes de Despido',2010,20100,NULL,3,NULL,1,1,1,1,0,1,0,0,NULL,NULL,1,NULL,NULL,0,1,1,1.00,NULL,NULL,1,1,1,NULL,NULL,1,5,0.00,5,0.00,NULL,NULL,NULL,NULL,3,1,1,2,4,1,NULL,0.00,6,0.00,NULL,0.00,2,1,1,1,0.00,0.00,1,1,0.00,0.00,1,1,1,NULL,NULL,1,NULL,NULL,1,'2020-04-07 03:05:36','2020-04-24 14:28:21',NULL),(2579,88,22,'PRV s/Integracion Mes de Despido',2060,20600,NULL,3,NULL,1,1,1,1,0,1,0,0,NULL,NULL,1,NULL,NULL,0,1,1,0.00,NULL,NULL,1,1,1,NULL,NULL,1,6,0.00,5,0.00,NULL,NULL,NULL,NULL,2,2,2,2,4,3,4,0.00,6,0.00,NULL,0.00,2,1,1,1,0.00,0.00,1,1,0.00,0.00,1,1,1,NULL,NULL,1,NULL,NULL,1,'2020-04-07 03:05:36','2020-05-06 12:06:44',NULL),(2580,88,22,'Indemnización sustitutiva Mes de Preaviso',2025,20250,NULL,3,NULL,1,1,1,1,0,1,0,0,NULL,NULL,1,NULL,NULL,0,1,3,1.00,NULL,NULL,1,1,1,NULL,NULL,1,NULL,0.00,2,0.00,NULL,NULL,38,NULL,1,1,1,NULL,NULL,1,NULL,0.00,6,0.00,NULL,0.00,2,1,1,1,0.00,0.00,1,1,0.00,0.00,1,1,1,NULL,NULL,1,NULL,NULL,1,'2020-04-07 03:05:36','2020-04-30 11:59:57',NULL),(2581,88,22,'PRV s/Mes de Preaviso',2060,20600,NULL,3,NULL,1,1,1,1,0,1,0,0,NULL,NULL,1,NULL,NULL,0,1,1,0.00,NULL,NULL,1,1,1,NULL,NULL,1,NULL,0.00,1,0.00,NULL,NULL,NULL,NULL,1,1,1,NULL,NULL,1,NULL,0.00,2,0.00,NULL,0.00,NULL,1,1,1,0.00,0.00,1,1,0.00,0.00,1,1,1,NULL,NULL,1,NULL,NULL,0,'2020-04-07 03:05:36','2020-05-06 12:10:39',NULL),(2582,5562,22,'Vacaciones No Gozadas',2102,20000,54,3,NULL,1,1,1,1,0,1,0,0,NULL,NULL,1,NULL,NULL,0,1,1,0.00,NULL,NULL,1,1,1,NULL,NULL,1,8,0.00,3,0.00,NULL,NULL,NULL,NULL,3,1,1,2,4,1,6,0.00,6,0.00,NULL,0.00,2,1,1,1,0.00,0.00,1,1,0.00,0.00,1,1,1,NULL,NULL,1,NULL,'En caso de Liquidar Final sin contar con Liquidaciones de meses anteriores, se deberá cambiar la configuración de la solapa valor unitario por Orgien del Valor: A INGRESAR.',1,'2020-04-07 03:05:36','2024-08-09 12:02:53',NULL),(2583,88,22,'PRV s/Vacaciones No Gozadas',2060,20600,NULL,3,NULL,1,1,1,1,0,1,0,0,NULL,NULL,1,NULL,NULL,0,1,5,0.00,NULL,NULL,3,1,1,2,2,1,NULL,0.00,5,0.00,NULL,NULL,NULL,NULL,2,2,3,2,4,3,4,0.00,6,0.00,NULL,0.00,2,1,1,1,0.00,0.00,1,1,0.00,0.00,1,1,1,NULL,NULL,1,NULL,NULL,0,'2020-04-07 03:05:36','2020-05-06 12:12:32',NULL);
INSERT INTO `syj_conceptos` VALUES (2584,88,22,'Feriados Nacionales No Trab. No Rem',2350,23500,NULL,3,NULL,1,1,1,1,0,1,0,0,NULL,NULL,1,NULL,NULL,0,1,1,0.00,NULL,NULL,1,1,1,NULL,NULL,1,NULL,0.00,1,0.00,NULL,NULL,NULL,NULL,1,1,1,NULL,NULL,1,NULL,0.00,2,0.00,NULL,0.00,NULL,1,1,1,0.00,0.00,1,1,0.00,0.00,1,1,1,NULL,NULL,1,NULL,NULL,1,'2020-04-07 03:05:36','2020-05-06 12:17:23',NULL),(2585,88,22,'Feriados Nacionales Trabajados No Rem',2400,24000,NULL,3,NULL,1,1,1,1,0,1,0,0,NULL,NULL,1,NULL,NULL,0,1,1,0.00,NULL,NULL,1,1,1,NULL,NULL,1,NULL,0.00,1,0.00,NULL,NULL,NULL,NULL,1,1,1,NULL,NULL,1,NULL,0.00,2,0.00,NULL,0.00,NULL,1,1,1,0.00,0.00,1,1,0.00,0.00,1,1,1,NULL,NULL,1,NULL,NULL,1,'2020-04-07 03:05:36','2020-05-06 12:17:59',NULL),(2586,88,22,'SAC Vacaciones No Gozadas',2120,21200,NULL,3,NULL,1,1,1,1,0,1,0,0,NULL,NULL,1,NULL,NULL,0,1,1,1.00,NULL,NULL,1,1,1,NULL,NULL,1,NULL,0.00,5,0.00,NULL,NULL,NULL,NULL,3,1,1,2,4,1,3,0.00,6,0.00,NULL,0.00,2,1,1,1,0.00,0.00,1,1,0.00,0.00,1,1,1,NULL,NULL,1,NULL,NULL,1,'2020-04-07 03:05:36','2020-04-25 17:24:19',NULL),(2587,88,22,'Antigüedad No Remunerativo',2500,25000,NULL,3,NULL,1,1,1,1,0,1,0,0,NULL,NULL,1,NULL,NULL,0,1,2,0.00,12,NULL,1,1,1,NULL,NULL,1,NULL,0.00,5,0.00,NULL,NULL,NULL,NULL,3,1,1,2,4,1,NULL,0.00,6,0.00,NULL,0.00,3,1,1,1,0.00,0.00,1,1,0.00,0.00,1,1,1,NULL,NULL,1,NULL,NULL,0,'2020-04-07 03:05:36','2020-05-08 10:11:41',NULL),(2588,88,22,'Presentismo No Remunerativo',2550,27501,NULL,3,NULL,1,1,1,1,0,1,0,0,NULL,NULL,1,NULL,NULL,0,1,1,8.33,NULL,NULL,1,1,1,NULL,NULL,1,NULL,0.00,5,0.00,NULL,NULL,NULL,NULL,3,1,1,2,4,1,NULL,0.00,6,0.00,NULL,0.00,3,2,4,2,-2.00,0.00,1,1,0.00,0.00,3,1,1,2,4,1,NULL,NULL,0,'2020-04-07 03:05:36','2020-05-08 10:21:31',NULL),(2589,88,22,'1º SAC No Rem',2600,26000,NULL,3,NULL,1,1,1,1,0,1,0,0,NULL,NULL,1,NULL,NULL,0,1,5,0.00,NULL,NULL,3,1,1,2,2,1,NULL,0.00,5,0.00,NULL,NULL,NULL,NULL,3,1,1,2,4,1,NULL,0.00,6,0.00,NULL,0.00,2,1,1,1,0.00,0.00,1,1,0.00,0.00,1,1,1,NULL,NULL,1,NULL,NULL,1,'2020-04-07 03:05:36','2020-05-06 12:32:28',NULL),(2590,88,22,'Horas Extras al 50% s/ No Rem',2650,26500,NULL,3,NULL,1,1,1,1,0,1,0,0,NULL,NULL,1,NULL,NULL,0,1,5,0.00,NULL,NULL,3,1,1,2,2,1,NULL,0.00,5,0.00,NULL,NULL,NULL,NULL,3,1,1,2,4,1,13,0.00,6,0.00,NULL,0.00,2,1,1,1,0.00,0.00,1,1,0.00,0.00,1,1,1,NULL,NULL,1,NULL,NULL,0,'2020-04-07 03:05:36','2020-05-08 10:15:05',NULL),(2591,88,22,'Horas Extras al 100% s/ No Rem',2700,27000,NULL,3,NULL,1,1,1,1,0,1,0,0,NULL,NULL,1,NULL,NULL,0,1,5,0.00,NULL,NULL,3,1,1,2,2,1,NULL,0.00,5,0.00,NULL,NULL,NULL,NULL,3,1,1,2,4,1,14,0.00,6,0.00,NULL,0.00,2,1,1,1,0.00,0.00,1,1,0.00,0.00,1,1,1,NULL,NULL,1,NULL,NULL,0,'2020-04-07 03:05:36','2020-05-08 10:15:45',NULL),(2592,88,22,'Inasistencias Injustificadas No Rem',2750,27500,NULL,3,NULL,1,1,1,1,0,1,0,0,NULL,NULL,1,NULL,NULL,0,1,5,0.00,NULL,NULL,3,1,1,2,2,1,NULL,0.00,5,0.00,NULL,NULL,NULL,NULL,3,1,1,2,4,1,5,0.00,6,0.00,NULL,0.00,2,1,1,1,0.00,0.00,1,1,0.00,0.00,1,1,1,NULL,NULL,1,NULL,'Cargar la cantidad de Días en negativo.',1,'2020-04-07 03:05:36','2020-05-06 12:51:31',NULL),(2593,88,22,'2º SAC No Rem',2610,26100,NULL,3,NULL,1,1,1,1,0,1,0,0,NULL,NULL,1,NULL,NULL,0,1,5,0.00,NULL,NULL,3,1,1,2,2,1,NULL,0.00,5,0.00,NULL,NULL,NULL,NULL,3,1,1,2,4,1,NULL,0.00,6,0.00,NULL,0.00,2,1,1,1,0.00,0.00,1,1,0.00,0.00,1,1,1,NULL,NULL,1,NULL,NULL,1,'2020-04-07 03:05:36','2020-05-06 12:35:45',NULL),(2594,88,22,'SAC No Remunerativo',2620,26200,NULL,3,NULL,1,1,1,1,0,1,0,0,NULL,NULL,1,NULL,NULL,0,1,2,0.00,36,NULL,1,1,1,NULL,NULL,1,NULL,0.00,5,0.00,NULL,NULL,NULL,NULL,3,1,1,2,4,1,NULL,0.00,6,0.00,NULL,0.00,2,1,1,1,0.00,0.00,1,1,0.00,0.00,1,1,1,NULL,NULL,1,NULL,NULL,1,'2020-04-07 03:05:36','2020-05-06 12:38:23',NULL),(2595,5562,22,'Jubilación',4010,40100,65,5,NULL,1,3,1,4,0,1,0,0,NULL,NULL,1,NULL,NULL,0,1,2,0.00,4,NULL,1,1,1,NULL,NULL,1,NULL,0.00,5,0.00,NULL,NULL,NULL,NULL,2,2,2,2,4,1,NULL,0.00,6,0.00,NULL,0.00,3,1,1,1,0.00,0.00,1,1,0.00,0.00,1,1,1,NULL,NULL,1,NULL,NULL,1,'2020-04-07 03:05:36','2022-05-03 14:51:47',NULL);
INSERT INTO `syj_conceptos` VALUES (2596,5562,22,'INSSJP (Ley 19.032)',4020,40200,66,5,NULL,1,3,1,6,0,1,0,0,NULL,NULL,1,NULL,NULL,0,1,2,0.00,2,NULL,1,1,1,NULL,NULL,1,NULL,0.00,5,0.00,NULL,NULL,NULL,NULL,2,2,2,2,4,1,NULL,0.00,6,0.00,NULL,0.00,3,1,1,1,0.00,0.00,1,1,0.00,0.00,1,1,1,NULL,NULL,1,NULL,NULL,1,'2020-04-07 03:05:36','2022-05-03 14:51:05',NULL),(2597,5562,22,'Obra Social',4030,40300,67,5,NULL,1,2,1,3,0,1,0,0,NULL,NULL,1,NULL,NULL,0,1,2,0.00,3,NULL,1,1,1,NULL,NULL,1,NULL,0.00,5,0.00,NULL,NULL,NULL,NULL,2,2,2,2,4,1,21,0.00,6,0.00,NULL,0.00,3,1,1,1,0.00,0.00,1,1,0.00,0.00,1,1,1,NULL,NULL,1,NULL,NULL,1,'2020-04-07 03:05:36','2024-07-09 16:19:16',NULL),(2598,5562,22,'Sindicato Camioneros',4045,40400,69,5,NULL,1,1,1,5,0,1,0,0,NULL,NULL,1,NULL,NULL,0,1,1,3.00,NULL,NULL,1,1,1,NULL,NULL,1,NULL,0.00,5,0.00,NULL,NULL,NULL,NULL,2,2,2,2,4,1,NULL,0.00,6,0.00,NULL,0.00,3,1,1,1,0.00,0.00,1,1,0.00,0.00,1,1,1,NULL,NULL,1,NULL,NULL,1,'2020-04-07 03:05:36','2022-09-09 09:40:52',NULL),(2599,88,22,'Obra Social s/ No Rem',4100,41000,NULL,4,NULL,1,1,1,1,0,1,0,0,NULL,NULL,1,NULL,NULL,0,1,1,0.00,NULL,NULL,1,1,1,NULL,NULL,1,NULL,0.00,1,0.00,NULL,NULL,NULL,NULL,1,1,1,NULL,NULL,1,NULL,0.00,2,0.00,NULL,0.00,NULL,1,1,1,0.00,0.00,1,1,0.00,0.00,1,1,1,NULL,NULL,1,NULL,NULL,1,'2020-04-07 03:05:36','2020-04-07 03:05:36',NULL),(2600,88,22,'Sindicato s/ No Rem',4150,41500,NULL,4,NULL,1,1,1,1,0,1,0,0,NULL,NULL,1,NULL,NULL,0,1,1,0.00,NULL,NULL,1,1,1,NULL,NULL,1,NULL,0.00,1,0.00,NULL,NULL,NULL,NULL,1,1,1,NULL,NULL,1,NULL,0.00,2,0.00,NULL,0.00,NULL,1,1,1,0.00,0.00,1,1,0.00,0.00,1,1,1,NULL,NULL,1,NULL,NULL,1,'2020-04-07 03:05:36','2020-04-07 03:05:36',NULL),(2601,88,22,'Adicional Familiar a cargo Obra Social',4320,43200,NULL,4,NULL,1,1,1,1,0,1,0,0,NULL,NULL,1,NULL,NULL,0,1,1,0.00,NULL,NULL,1,1,1,NULL,NULL,1,NULL,0.00,1,0.00,NULL,NULL,NULL,NULL,1,1,1,NULL,NULL,1,NULL,0.00,2,0.00,NULL,0.00,NULL,1,1,1,0.00,0.00,1,1,0.00,0.00,1,1,1,NULL,NULL,1,NULL,NULL,1,'2020-04-07 03:05:36','2020-04-07 03:05:36',NULL),(2602,88,22,'Embargo',4060,40600,NULL,5,NULL,2,1,1,1,0,1,0,0,NULL,NULL,1,NULL,NULL,0,1,1,0.00,NULL,NULL,1,1,1,NULL,NULL,1,NULL,0.00,1,0.00,NULL,NULL,NULL,NULL,1,1,1,NULL,NULL,1,NULL,0.00,2,0.00,NULL,0.00,NULL,1,1,1,0.00,0.00,1,1,0.00,0.00,1,1,1,NULL,NULL,1,NULL,NULL,1,'2020-04-07 03:05:36','2020-05-06 13:24:52',NULL),(2603,88,22,'Beneficio Dto 561/19',4370,43700,NULL,4,NULL,1,1,1,1,0,1,0,0,NULL,NULL,1,NULL,NULL,0,1,1,0.00,NULL,NULL,1,1,1,NULL,NULL,1,NULL,0.00,1,0.00,NULL,NULL,NULL,NULL,1,1,1,NULL,NULL,1,NULL,0.00,2,0.00,NULL,0.00,NULL,1,1,1,0.00,0.00,1,1,0.00,0.00,1,1,1,NULL,NULL,1,NULL,NULL,1,'2020-04-07 03:05:36','2020-04-07 03:05:36',NULL),(2604,88,22,'Jubilación',5010,50100,NULL,6,NULL,1,1,1,1,0,0,0,0,NULL,NULL,1,NULL,NULL,0,1,1,0.00,NULL,NULL,1,1,1,NULL,NULL,1,NULL,0.00,1,0.00,NULL,NULL,NULL,NULL,1,1,1,NULL,NULL,1,NULL,0.00,2,0.00,NULL,0.00,NULL,1,1,1,0.00,0.00,1,1,0.00,0.00,1,1,1,NULL,NULL,1,NULL,NULL,1,'2020-04-07 03:05:36','2020-04-07 16:22:45',NULL),(2605,88,22,'Fondo Nacional de Empleo',5020,50200,NULL,6,NULL,1,1,1,1,0,0,0,0,NULL,NULL,1,NULL,NULL,0,1,1,0.00,NULL,NULL,1,1,1,NULL,NULL,1,NULL,0.00,1,0.00,NULL,NULL,NULL,NULL,1,1,1,NULL,NULL,1,NULL,0.00,2,0.00,NULL,0.00,NULL,1,1,1,0.00,0.00,1,1,0.00,0.00,1,1,1,NULL,NULL,1,NULL,NULL,1,'2020-04-07 03:05:36','2020-05-06 13:16:34',NULL),(2606,88,22,'INSSJP(Ley 19.032)',5030,50300,NULL,6,NULL,1,1,1,1,0,0,0,0,NULL,NULL,1,NULL,NULL,0,1,1,0.00,NULL,NULL,1,1,1,NULL,NULL,1,NULL,0.00,1,0.00,NULL,NULL,NULL,NULL,1,1,1,NULL,NULL,1,NULL,0.00,2,0.00,NULL,0.00,NULL,1,1,1,0.00,0.00,1,1,0.00,0.00,1,1,1,NULL,NULL,1,NULL,NULL,1,'2020-04-07 03:05:36','2020-05-06 13:17:07',NULL),(2607,88,22,'Obra Social',5040,50400,NULL,6,NULL,1,1,1,1,0,0,0,0,NULL,NULL,1,NULL,NULL,0,1,1,0.00,NULL,NULL,1,1,1,NULL,NULL,1,NULL,0.00,1,0.00,NULL,NULL,NULL,NULL,1,1,1,NULL,NULL,1,NULL,0.00,2,0.00,NULL,0.00,NULL,1,1,1,0.00,0.00,1,1,0.00,0.00,1,1,1,NULL,NULL,1,NULL,NULL,1,'2020-04-07 03:05:36','2020-04-16 12:51:58',NULL);
INSERT INTO `syj_conceptos` VALUES (2608,88,22,'Asigs Familiares',5060,50600,NULL,6,NULL,1,1,1,1,0,0,0,0,NULL,NULL,1,NULL,NULL,0,1,1,0.00,NULL,NULL,1,1,1,NULL,NULL,1,NULL,0.00,1,0.00,NULL,NULL,NULL,NULL,1,1,1,NULL,NULL,1,NULL,0.00,2,0.00,NULL,0.00,NULL,1,1,1,0.00,0.00,1,1,0.00,0.00,1,1,1,NULL,NULL,1,NULL,NULL,1,'2020-04-07 03:05:36','2020-05-06 13:17:38',NULL),(2609,88,22,'Porcentaje ART',5080,50800,NULL,6,NULL,1,1,1,1,0,0,0,0,NULL,NULL,1,NULL,NULL,0,1,1,0.00,NULL,NULL,1,1,1,NULL,NULL,1,NULL,0.00,1,0.00,NULL,NULL,NULL,NULL,1,1,1,NULL,NULL,1,NULL,0.00,2,0.00,NULL,0.00,NULL,1,1,1,0.00,0.00,1,1,0.00,0.00,1,1,1,NULL,NULL,1,NULL,NULL,1,'2020-04-07 03:05:36','2020-05-06 13:18:32',NULL),(2610,88,22,'Obra Social s/ No Rem',5100,51000,NULL,6,NULL,1,1,1,1,0,0,0,0,NULL,NULL,1,NULL,NULL,0,1,1,0.00,NULL,NULL,1,1,1,NULL,NULL,1,NULL,0.00,1,0.00,NULL,NULL,NULL,NULL,1,1,1,NULL,NULL,1,NULL,0.00,2,0.00,NULL,0.00,NULL,1,1,1,0.00,0.00,1,1,0.00,0.00,1,1,1,NULL,NULL,1,NULL,NULL,1,'2020-04-07 03:05:36','2020-05-06 13:18:56',NULL),(2611,88,22,'Inasistencias Por Enfermedad',1010,10100,NULL,2,NULL,1,1,1,1,0,1,1,0,NULL,NULL,1,NULL,NULL,0,1,3,0.00,NULL,NULL,1,1,1,NULL,NULL,1,NULL,0.00,2,0.00,NULL,NULL,17,NULL,1,1,1,NULL,NULL,1,NULL,0.00,6,0.00,NULL,0.00,2,1,1,1,0.00,0.00,1,1,0.00,0.00,1,1,1,NULL,NULL,1,NULL,NULL,1,'2020-04-07 03:05:36','2020-04-08 13:00:06',NULL),(2612,88,22,'Inasistencias por Accidente de Trabajo',1020,10200,NULL,2,NULL,1,1,1,1,0,1,1,0,NULL,NULL,1,NULL,NULL,0,1,3,0.00,NULL,NULL,1,1,1,NULL,NULL,1,NULL,0.00,2,0.00,NULL,NULL,17,NULL,1,1,1,NULL,NULL,1,NULL,0.00,6,0.00,NULL,0.00,2,1,1,1,0.00,0.00,1,1,0.00,0.00,1,1,1,NULL,NULL,1,NULL,NULL,1,'2020-04-07 03:05:36','2020-04-08 13:01:25',NULL),(2613,5562,22,'Días Trabajados',1040,10400,1,2,NULL,1,1,1,1,0,1,1,0,NULL,NULL,1,NULL,NULL,0,1,2,0.00,34,NULL,2,2,3,NULL,NULL,1,NULL,0.00,2,0.00,NULL,NULL,17,NULL,1,1,1,NULL,NULL,1,NULL,0.00,1,0.00,8,0.00,NULL,1,1,1,0.00,0.00,1,1,0.00,0.00,1,1,1,NULL,NULL,1,NULL,NULL,1,'2020-04-07 03:05:36','2022-05-03 14:48:54',NULL),(2614,5562,22,'Día del Gremio',1110,11100,NULL,2,NULL,1,1,1,1,0,1,1,0,NULL,NULL,1,NULL,NULL,0,1,3,0.00,NULL,NULL,1,1,1,NULL,NULL,1,NULL,0.00,3,2394.60,NULL,NULL,18,NULL,1,1,1,NULL,NULL,1,NULL,0.00,6,0.00,NULL,0.00,2,1,1,1,0.00,0.00,1,1,0.00,0.00,1,1,1,NULL,NULL,1,NULL,'En mes Septiembre, cuando se liquide dicho concepto se deberá ingresar manualmente en Dias Trabajados 29 dias.',1,'2020-04-07 03:05:36','2022-01-03 14:35:34',NULL),(2615,88,22,'Feriados Nacionales No Trabajados',1111,11109,NULL,2,NULL,1,1,1,1,0,1,1,0,NULL,NULL,1,NULL,NULL,0,1,3,0.00,NULL,NULL,1,1,1,NULL,NULL,1,NULL,0.00,2,0.00,NULL,NULL,18,NULL,1,1,1,NULL,NULL,1,NULL,0.00,6,0.00,NULL,0.00,2,1,1,1,0.00,0.00,1,1,0.00,0.00,1,1,1,NULL,NULL,1,NULL,'Se deberá informar por las novedades la cantidad de dias Feriados Nac. No Trabajados\r\nDicho concepto retorna como Valor, el Básico Diario.',1,'2020-04-07 03:05:36','2020-04-08 13:05:03',NULL),(2616,88,22,'SAC',1120,11200,NULL,2,NULL,1,1,1,1,0,1,1,0,NULL,NULL,1,NULL,NULL,0,1,2,0.00,36,NULL,1,1,1,NULL,NULL,1,NULL,0.00,2,0.00,NULL,NULL,38,NULL,1,1,1,NULL,NULL,1,2,0.00,6,0.00,NULL,0.00,2,1,1,1,0.00,0.00,1,1,0.00,0.00,1,1,1,NULL,NULL,1,NULL,NULL,1,'2020-04-07 03:05:36','2021-08-28 15:21:56',NULL),(2617,88,22,'Cuota Fija ART',5070,50700,NULL,6,NULL,1,1,1,1,0,0,0,0,NULL,NULL,1,NULL,NULL,0,1,1,0.00,NULL,NULL,1,1,1,NULL,NULL,1,NULL,0.00,1,0.00,NULL,NULL,NULL,NULL,1,1,1,NULL,NULL,1,NULL,0.00,2,0.00,NULL,0.00,NULL,1,1,1,0.00,0.00,1,1,0.00,0.00,1,1,1,NULL,NULL,1,NULL,NULL,1,'2020-04-07 03:05:36','2020-05-06 13:18:04',NULL),(2618,88,22,'Basico',90,900,NULL,1,NULL,1,1,1,1,NULL,NULL,NULL,NULL,NULL,NULL,1,NULL,NULL,0,1,1,30.00,NULL,NULL,1,1,1,NULL,NULL,1,NULL,0.00,2,0.00,NULL,NULL,17,NULL,1,1,1,NULL,NULL,1,NULL,0.00,1,0.00,8,0.00,NULL,1,1,1,0.00,0.00,1,1,0.00,0.00,1,1,1,NULL,NULL,1,NULL,'Retorna el Basico Completo = 30 * Basico Diario',1,'2020-04-07 15:08:12','2020-04-17 08:34:51',NULL);
INSERT INTO `syj_conceptos` VALUES (2619,5562,22,'Antigüedad',95,950,1,1,NULL,1,1,1,1,NULL,NULL,NULL,NULL,NULL,NULL,1,NULL,NULL,0,1,2,0.00,12,NULL,1,1,1,NULL,NULL,1,NULL,0.00,5,0.00,NULL,NULL,NULL,NULL,3,1,1,2,4,1,NULL,0.00,6,0.00,NULL,0.00,3,1,1,1,0.00,0.00,1,1,0.00,0.00,1,1,1,NULL,NULL,1,NULL,NULL,1,'2020-04-07 15:09:41','2022-05-03 14:45:24',NULL),(2620,88,22,'Basico Diario Vacaciones',120,1200,NULL,1,NULL,1,1,1,1,NULL,NULL,NULL,NULL,NULL,NULL,1,NULL,NULL,0,1,1,1.00,NULL,NULL,1,1,1,NULL,NULL,1,NULL,0.00,2,0.00,NULL,NULL,17,NULL,1,1,1,NULL,NULL,1,NULL,0.00,6,0.00,NULL,0.00,2,1,1,1,0.00,0.00,1,1,0.00,0.00,1,1,1,NULL,NULL,1,NULL,NULL,1,'2020-04-08 13:09:47','2020-04-08 13:09:47',NULL),(2621,88,22,'Sueldo Conformado Rem',110,1100,NULL,1,NULL,1,1,1,1,NULL,NULL,NULL,NULL,NULL,NULL,1,NULL,NULL,0,1,1,1.00,NULL,NULL,1,1,1,NULL,NULL,1,NULL,0.00,5,0.00,NULL,NULL,NULL,NULL,3,1,1,2,4,1,NULL,0.00,6,0.00,NULL,0.00,2,1,1,1,0.00,0.00,1,1,0.00,0.00,1,1,1,NULL,NULL,1,NULL,'Sumatoria de los conceptos de Control 80+90+100',1,'2020-04-08 13:21:05','2020-04-24 16:39:03',NULL),(2622,88,22,'Presentismo',240,2400,NULL,1,NULL,1,1,1,1,NULL,NULL,NULL,NULL,NULL,NULL,1,NULL,NULL,0,1,1,8.33,NULL,NULL,1,1,1,NULL,NULL,1,NULL,0.00,5,0.00,NULL,NULL,NULL,NULL,3,1,1,2,4,1,NULL,0.00,6,0.00,NULL,0.00,3,1,1,1,0.00,0.00,1,1,0.00,0.00,1,1,1,NULL,NULL,1,NULL,NULL,1,'2020-04-08 13:22:54','2020-04-24 16:39:39',NULL),(2623,5562,22,'Antiguedad Camioneros',1050,19000,22,2,NULL,1,1,1,1,1,1,1,NULL,NULL,NULL,1,NULL,NULL,0,1,2,0.00,12,NULL,1,1,1,NULL,NULL,1,NULL,0.00,5,1.00,NULL,NULL,NULL,NULL,3,2,2,2,4,1,NULL,0.00,6,1.00,NULL,0.00,3,1,1,1,0.00,0.00,1,1,0.00,0.00,1,1,1,NULL,NULL,1,NULL,NULL,1,'2020-04-16 10:57:29','2022-09-08 09:54:33',NULL),(2625,88,22,'Horas Extras comunes',1075,11120,NULL,2,NULL,1,1,1,1,NULL,NULL,NULL,NULL,NULL,NULL,1,NULL,NULL,1,1,3,0.00,NULL,NULL,1,1,1,NULL,NULL,1,NULL,0.00,2,0.00,NULL,NULL,31,NULL,3,1,1,2,4,1,1,0.00,6,0.00,NULL,0.00,2,1,1,1,0.00,0.00,1,1,0.00,0.00,1,1,1,NULL,NULL,1,NULL,NULL,1,'2020-04-17 08:52:46','2020-04-24 16:54:47',NULL),(2626,88,22,'Sueldo Conformado No Rem',170,1700,NULL,1,NULL,1,1,1,1,NULL,NULL,NULL,NULL,NULL,NULL,1,NULL,NULL,0,1,1,1.00,NULL,NULL,1,1,1,NULL,NULL,1,NULL,0.00,5,0.00,NULL,NULL,NULL,NULL,3,1,1,2,4,1,NULL,0.00,6,0.00,NULL,0.00,2,1,1,1,0.00,0.00,1,1,0.00,0.00,1,1,1,NULL,NULL,1,NULL,NULL,1,'2020-04-19 07:08:56','2020-05-06 17:02:12',NULL),(2627,88,22,'Antigüedad No Rem',175,1750,NULL,1,NULL,1,1,1,1,NULL,NULL,NULL,NULL,NULL,NULL,1,NULL,NULL,0,1,2,0.00,12,NULL,1,1,1,NULL,NULL,1,NULL,0.00,5,0.00,NULL,NULL,NULL,NULL,3,3,3,2,4,1,NULL,0.00,6,0.00,NULL,0.00,3,2,4,2,-2.00,0.00,1,1,0.00,0.00,3,1,1,2,2,1,NULL,NULL,1,'2020-04-19 07:13:32','2020-05-06 17:03:13',NULL),(2628,88,22,'SAC Indemnización Integración Mes de Despido',2015,20150,NULL,3,NULL,1,1,1,1,NULL,NULL,NULL,NULL,NULL,NULL,1,NULL,NULL,0,1,3,0.00,NULL,NULL,1,1,1,NULL,NULL,1,NULL,0.00,5,1.00,NULL,NULL,NULL,NULL,3,1,1,2,4,1,3,0.00,6,0.00,NULL,0.00,2,1,1,1,0.00,0.00,1,1,0.00,0.00,1,1,1,NULL,NULL,1,NULL,NULL,1,'2020-04-24 14:49:56','2020-04-30 09:52:11',NULL),(2629,88,22,'Indemnizacion por Antigüedad',2130,21300,NULL,3,NULL,1,1,1,1,NULL,NULL,NULL,NULL,NULL,NULL,1,NULL,NULL,0,1,2,0.00,14,NULL,1,1,1,NULL,NULL,1,NULL,0.00,2,0.00,NULL,NULL,39,NULL,1,1,1,NULL,NULL,1,28,0.00,6,0.00,NULL,0.00,2,1,1,1,0.00,0.00,1,1,0.00,0.00,1,1,1,NULL,NULL,1,NULL,NULL,1,'2020-04-24 17:24:27','2020-04-30 12:12:54',NULL),(2630,88,22,'Presentismo No Rem',180,1800,NULL,1,NULL,1,1,1,1,NULL,NULL,NULL,NULL,NULL,NULL,1,NULL,NULL,0,1,1,8.33,NULL,NULL,1,1,1,NULL,NULL,1,NULL,0.00,5,0.00,NULL,NULL,NULL,NULL,3,1,1,2,4,1,NULL,0.00,6,0.00,NULL,0.00,3,1,1,1,0.00,0.00,1,1,0.00,0.00,1,1,1,NULL,NULL,1,NULL,NULL,1,'2020-05-06 12:50:49','2020-05-06 17:04:04',NULL),(2631,5562,22,'COMIDA',2002,20000,63,3,NULL,1,1,1,1,NULL,NULL,NULL,NULL,NULL,NULL,1,NULL,NULL,0,0,3,30.00,NULL,NULL,1,1,1,NULL,NULL,1,NULL,0.00,1,12283.50,NULL,NULL,NULL,NULL,1,1,1,NULL,NULL,1,NULL,0.00,6,0.00,NULL,0.00,2,1,1,1,0.00,0.00,1,1,0.00,0.00,1,1,1,NULL,NULL,1,NULL,NULL,1,'2020-05-06 16:26:24','2025-10-06 16:12:33',NULL);
INSERT INTO `syj_conceptos` VALUES (2632,5562,22,'Billetera',1210,12100,NULL,2,NULL,1,1,1,1,1,1,1,0,NULL,NULL,1,NULL,NULL,0,1,1,18.00,NULL,NULL,1,1,1,NULL,NULL,1,NULL,0.00,5,0.00,NULL,NULL,NULL,NULL,3,1,1,2,4,1,NULL,0.00,6,0.00,NULL,0.00,3,1,1,1,0.00,0.00,1,1,0.00,0.00,1,1,1,NULL,NULL,1,NULL,NULL,1,'2020-04-07 03:05:35','2023-04-04 16:39:25','2023-04-04 16:39:25'),(2633,88,22,'Carga y descarga',1210,12100,NULL,2,NULL,2,1,1,1,1,1,1,0,NULL,NULL,1,NULL,NULL,0,1,1,1.00,NULL,NULL,1,1,1,NULL,NULL,1,NULL,0.00,3,5447.67,NULL,NULL,NULL,NULL,3,1,1,2,4,1,NULL,0.00,6,0.00,NULL,0.00,2,1,1,1,0.00,0.00,1,1,0.00,0.00,1,1,1,NULL,NULL,1,NULL,NULL,1,'2020-04-07 03:05:35','2020-05-20 14:01:44',NULL),(2634,5562,22,'VIATICO',2101,21000,63,3,NULL,1,1,1,1,NULL,NULL,NULL,NULL,NULL,NULL,1,NULL,NULL,0,0,3,30.00,NULL,NULL,1,1,1,NULL,NULL,1,NULL,0.00,1,5558.01,NULL,NULL,NULL,NULL,1,1,1,NULL,NULL,1,NULL,0.00,6,0.00,NULL,0.00,2,1,1,1,0.00,0.00,1,1,0.00,0.00,1,1,1,NULL,NULL,1,NULL,NULL,1,'2020-05-06 16:26:24','2025-05-02 11:51:10',NULL),(2635,5562,22,'Adicional 12% no remunerativo',2200,22000,NULL,3,NULL,1,1,1,1,NULL,NULL,NULL,NULL,NULL,NULL,1,NULL,NULL,1,0,1,12.00,NULL,NULL,1,1,1,NULL,NULL,1,NULL,0.00,5,0.00,NULL,NULL,NULL,NULL,3,1,1,2,4,1,NULL,0.00,6,0.00,NULL,0.00,3,1,1,1,0.00,0.00,1,1,0.00,0.00,1,1,1,NULL,NULL,1,NULL,NULL,0,'2020-05-06 16:26:24','2023-04-04 16:38:05',NULL),(2637,5562,22,'Seguro de sepelio',4055,40500,76,5,NULL,1,1,1,5,0,1,0,0,NULL,NULL,1,NULL,NULL,0,1,1,1.50,NULL,NULL,1,1,1,NULL,NULL,1,NULL,0.00,5,0.00,NULL,NULL,NULL,NULL,2,2,2,2,4,1,NULL,0.00,6,0.00,NULL,0.00,3,1,1,1,0.00,0.00,1,1,0.00,0.00,1,1,1,NULL,NULL,1,NULL,NULL,1,'2020-04-07 03:05:36','2022-09-09 09:41:37',NULL),(2638,88,22,'Mutual',4060,40600,NULL,5,NULL,2,1,1,5,0,1,0,0,NULL,NULL,1,NULL,NULL,0,1,1,1.00,NULL,NULL,1,1,1,NULL,NULL,1,NULL,0.00,1,516.80,NULL,NULL,NULL,NULL,2,2,2,2,4,1,NULL,0.00,6,0.00,NULL,0.00,2,1,1,1,0.00,0.00,1,1,0.00,0.00,1,1,1,NULL,NULL,1,NULL,NULL,1,'2020-04-07 03:05:36','2020-05-20 16:34:33',NULL),(2713,88,24,'Comisiones de venta',1220,12200,NULL,2,NULL,2,1,1,1,0,1,1,0,NULL,NULL,1,NULL,NULL,0,1,1,1.00,NULL,NULL,1,1,1,NULL,NULL,1,NULL,0.00,1,0.00,NULL,NULL,NULL,NULL,1,1,1,NULL,NULL,1,NULL,0.00,6,0.00,NULL,0.00,2,1,1,1,0.00,0.00,1,1,0.00,0.00,1,1,1,NULL,NULL,1,NULL,NULL,1,'2020-04-07 03:05:35','2020-04-09 21:56:08',NULL),(2714,88,24,'Reintegro Ganancias Renta 4ta Categoría',2800,43700,NULL,3,NULL,1,1,1,1,0,0,0,0,NULL,NULL,1,NULL,NULL,0,1,1,1.00,NULL,NULL,1,1,1,NULL,NULL,1,NULL,0.00,1,0.00,NULL,NULL,NULL,NULL,1,1,1,NULL,NULL,1,7,0.00,6,0.00,9,0.00,2,1,1,1,0.00,0.00,1,1,0.00,0.00,1,1,1,NULL,NULL,1,NULL,NULL,0,'2020-04-07 03:05:35','2020-05-06 14:17:25',NULL),(2715,88,24,'Redondeo',2900,43800,NULL,3,NULL,1,1,1,1,0,1,0,0,NULL,NULL,1,NULL,NULL,0,1,1,1.00,NULL,NULL,1,1,1,NULL,NULL,1,NULL,0.00,1,0.00,NULL,NULL,NULL,NULL,1,1,1,NULL,NULL,1,NULL,0.00,2,0.00,11,0.00,1,1,1,1,0.00,0.00,1,1,0.00,0.00,1,1,1,NULL,NULL,1,NULL,NULL,1,'2020-04-07 03:05:35','2020-04-14 17:21:52',NULL),(2716,88,24,'Retención Ganancias Renta 4ta Categoría',4330,43600,NULL,5,NULL,1,1,1,7,0,0,0,0,NULL,NULL,1,NULL,NULL,1,1,1,1.00,NULL,NULL,1,1,1,NULL,NULL,1,NULL,0.00,3,0.00,NULL,NULL,NULL,NULL,1,1,1,NULL,NULL,1,NULL,0.00,6,0.00,NULL,0.00,2,1,1,1,0.00,0.00,1,1,0.00,0.00,1,1,1,NULL,NULL,1,NULL,'Se puede ingresar a mano o lo calcula Taxes, creando un detalle de liquidacion en el empleado',1,'2020-04-07 03:05:35','2020-04-07 03:05:35',NULL),(2717,88,24,'Adicional voluntario',1210,12100,NULL,2,NULL,2,1,1,1,1,1,1,0,NULL,NULL,1,NULL,NULL,0,1,3,1.00,NULL,NULL,1,1,1,NULL,NULL,1,NULL,0.00,3,0.00,NULL,NULL,NULL,NULL,1,1,1,NULL,NULL,1,NULL,0.00,6,0.00,NULL,0.00,2,1,1,1,0.00,0.00,1,1,0.00,0.00,1,1,1,NULL,NULL,1,NULL,NULL,1,'2020-04-07 03:05:35','2020-04-16 12:28:01',NULL),(2718,88,24,'Vacaciones',1045,11000,NULL,2,NULL,1,1,1,1,0,1,1,0,NULL,NULL,1,NULL,NULL,0,1,2,0.00,33,NULL,1,1,1,NULL,NULL,1,NULL,0.00,2,0.00,NULL,NULL,18,NULL,1,1,1,NULL,NULL,1,NULL,0.00,6,0.00,NULL,0.00,2,1,1,1,0.00,0.00,1,1,0.00,0.00,1,1,1,NULL,NULL,1,NULL,NULL,1,'2020-04-07 03:05:35','2020-04-30 11:48:21',NULL);
INSERT INTO `syj_conceptos` VALUES (2719,88,24,'A cuenta futuros aumentos',1230,12300,NULL,2,NULL,2,1,1,1,1,1,1,0,NULL,NULL,1,NULL,NULL,0,1,3,1.00,NULL,NULL,1,1,1,NULL,NULL,1,NULL,0.00,3,0.00,NULL,NULL,NULL,NULL,1,1,1,NULL,NULL,1,NULL,0.00,6,0.00,NULL,0.00,2,1,1,1,0.00,0.00,1,1,0.00,0.00,1,1,1,NULL,NULL,1,NULL,NULL,1,'2020-04-07 03:05:35','2020-05-06 12:00:11',NULL),(2720,88,24,'Aumento solidario Decreto 14/2020',1240,12400,NULL,2,NULL,1,1,1,1,0,1,1,0,NULL,NULL,1,NULL,NULL,0,1,3,1.00,NULL,NULL,1,1,1,NULL,NULL,1,NULL,0.00,3,4000.00,NULL,NULL,NULL,NULL,1,1,1,NULL,NULL,1,NULL,0.00,6,0.00,NULL,0.00,2,1,1,1,0.00,0.00,1,1,0.00,0.00,1,1,1,NULL,NULL,1,NULL,'Valido hasta...',0,'2020-04-07 03:05:35','2020-05-22 10:31:53',NULL),(2721,88,24,'VIATICO',2920,29200,NULL,3,NULL,1,1,1,1,1,1,0,0,NULL,NULL,1,NULL,NULL,0,1,3,30.00,NULL,NULL,1,1,1,NULL,NULL,1,NULL,0.00,1,31.60,NULL,NULL,NULL,NULL,1,1,1,NULL,NULL,1,NULL,0.00,6,0.00,NULL,0.00,2,1,1,1,0.00,0.00,1,1,0.00,0.00,1,1,1,NULL,NULL,1,NULL,NULL,1,'2020-04-07 03:05:35','2020-05-22 10:40:59',NULL),(2722,88,24,'SAC Indemnización sustitutiva Mes de Preaviso',2030,29400,NULL,3,NULL,1,1,1,1,0,1,0,0,NULL,NULL,1,NULL,NULL,0,1,1,1.00,NULL,NULL,1,1,1,NULL,NULL,1,NULL,0.00,5,0.00,NULL,NULL,NULL,NULL,3,1,1,2,4,1,NULL,0.00,6,0.00,NULL,0.00,2,1,1,1,0.00,0.00,1,1,0.00,0.00,1,1,1,NULL,NULL,1,NULL,NULL,1,'2020-04-07 03:05:36','2020-04-24 17:16:58',NULL),(2723,88,24,'Indemnización Por Antigüedad ART 247',2950,29500,NULL,3,NULL,1,1,1,1,0,0,0,0,NULL,NULL,1,NULL,NULL,0,1,1,0.00,NULL,NULL,1,1,1,NULL,NULL,1,NULL,0.00,1,0.00,NULL,NULL,NULL,NULL,1,1,1,NULL,NULL,1,NULL,0.00,6,0.00,NULL,0.00,2,1,1,1,0.00,0.00,1,1,0.00,0.00,1,1,1,NULL,NULL,1,NULL,NULL,1,'2020-04-07 03:05:36','2020-05-06 12:59:56',NULL),(2724,88,24,'Gratificación por egreso',2100,21000,NULL,3,NULL,1,1,1,1,0,1,0,0,NULL,NULL,1,NULL,NULL,0,1,1,1.00,NULL,NULL,1,1,1,NULL,NULL,1,NULL,0.00,3,0.00,NULL,NULL,NULL,NULL,1,1,1,NULL,NULL,1,NULL,0.00,6,0.00,NULL,0.00,2,1,1,1,0.00,0.00,1,1,0.00,0.00,1,1,1,NULL,NULL,1,NULL,NULL,1,'2020-04-07 03:05:36','2020-05-06 12:15:09',NULL),(2725,88,24,'Inasistencia por Suspensión',1060,11114,NULL,2,NULL,1,1,1,1,0,1,1,0,NULL,NULL,1,NULL,NULL,0,1,3,0.00,NULL,NULL,1,1,1,NULL,NULL,1,NULL,0.00,5,0.00,NULL,NULL,NULL,NULL,3,1,1,2,4,1,5,0.00,6,0.00,NULL,0.00,2,1,1,1,0.00,0.00,1,1,0.00,0.00,1,1,1,NULL,NULL,1,NULL,'Cargar la cantidad de Dias en Negativo',1,'2020-04-07 03:05:36','2020-04-25 09:25:53',NULL),(2726,88,24,'Adicional Remunerativo',1070,10700,NULL,2,NULL,1,1,1,1,0,1,1,0,NULL,NULL,1,NULL,NULL,0,1,3,1.00,NULL,NULL,1,1,1,NULL,NULL,1,NULL,0.00,1,5248.00,NULL,NULL,NULL,NULL,3,1,1,2,4,1,NULL,0.00,6,0.00,NULL,0.00,2,1,4,2,0.00,0.00,1,1,0.00,0.00,1,1,1,2,2,1,NULL,NULL,1,'2020-04-07 03:05:36','2020-05-22 10:35:23',NULL),(2727,88,24,'Horas Extras al 50%',1080,11121,NULL,2,NULL,1,1,1,1,1,1,1,0,NULL,NULL,1,NULL,NULL,0,1,3,0.00,NULL,NULL,1,1,1,NULL,NULL,1,NULL,0.00,2,0.00,NULL,NULL,30,NULL,3,1,1,2,4,1,1,0.00,6,0.00,NULL,0.00,2,1,1,1,0.00,0.00,1,1,0.00,0.00,1,1,1,NULL,NULL,1,NULL,NULL,1,'2020-04-07 03:05:36','2020-04-24 16:56:05',NULL),(2728,88,24,'Horas Extras al 100%',1090,11122,NULL,2,NULL,1,1,1,1,1,1,1,0,NULL,NULL,1,NULL,NULL,0,1,3,0.00,NULL,NULL,1,1,1,NULL,NULL,1,NULL,0.00,2,0.00,NULL,NULL,29,NULL,3,1,1,2,4,1,1,0.00,6,0.00,NULL,0.00,2,1,1,1,0.00,0.00,1,1,0.00,0.00,1,1,1,NULL,NULL,1,NULL,NULL,1,'2020-04-07 03:05:36','2020-04-24 16:56:47',NULL),(2729,88,24,'Feriados Nacionales  Trabajados',1112,11110,NULL,2,NULL,1,1,1,1,0,1,1,0,NULL,NULL,1,NULL,NULL,0,1,3,0.00,NULL,NULL,1,1,1,NULL,NULL,1,NULL,0.00,2,0.00,NULL,NULL,18,NULL,3,1,1,2,3,1,NULL,0.00,6,0.00,NULL,0.00,2,1,1,1,0.00,0.00,1,1,0.00,0.00,1,1,1,NULL,NULL,1,NULL,'Se deberá informar por las novedades la cantidad de dias Feriados Nac.Trabajados\r\nDicho concepto retorna como Valor, la suma del Básico /30 + Básico/25.',1,'2020-04-07 03:05:36','2020-04-30 09:17:04',NULL);
INSERT INTO `syj_conceptos` VALUES (2730,88,24,'PRV s/Vacaciones',1130,11050,NULL,2,NULL,1,1,1,1,0,1,0,0,NULL,NULL,1,NULL,NULL,0,1,1,0.00,NULL,NULL,1,1,1,NULL,NULL,1,3,0.00,5,0.00,NULL,NULL,NULL,NULL,2,2,3,2,4,3,NULL,0.00,6,0.00,NULL,0.00,2,1,1,1,0.00,0.00,1,1,0.00,0.00,1,1,1,NULL,NULL,1,NULL,NULL,0,'2020-04-07 03:05:36','2020-05-08 10:30:32',NULL),(2731,88,24,'Licencia por Maternidad',1190,11900,NULL,2,NULL,1,1,1,1,0,1,1,0,NULL,NULL,1,NULL,NULL,0,1,3,0.00,NULL,NULL,1,1,1,NULL,NULL,1,NULL,0.00,5,0.00,NULL,NULL,NULL,NULL,3,1,1,2,4,1,NULL,0.00,1,0.00,NULL,0.00,NULL,1,1,1,0.00,0.00,1,1,0.00,0.00,1,1,1,NULL,NULL,1,NULL,'Si la empleada estuvo el mes completo de Licencia se liquidará por medio del tipo de liquidación ”Licencia por Maternidad”  informando los 30 días.\r\nCaso contrario se liquidará a través de la',1,'2020-04-07 03:05:36','2020-05-06 11:56:02',NULL),(2732,88,24,'Descuento Licencia por Maternidad',1200,12000,NULL,2,NULL,1,1,1,1,0,1,1,0,NULL,NULL,1,NULL,NULL,0,1,1,1.00,NULL,NULL,1,1,1,NULL,NULL,1,NULL,0.00,5,0.00,NULL,NULL,NULL,NULL,3,1,1,2,4,1,NULL,0.00,6,-1.00,NULL,0.00,6,1,1,1,0.00,0.00,1,1,0.00,0.00,1,1,1,NULL,NULL,1,NULL,NULL,1,'2020-04-07 03:05:36','2020-05-06 11:58:40',NULL),(2733,88,24,'Indemnización Integración Mes de Despido',2010,20100,NULL,3,NULL,1,1,1,1,0,1,0,0,NULL,NULL,1,NULL,NULL,0,1,1,1.00,NULL,NULL,1,1,1,NULL,NULL,1,5,0.00,5,0.00,NULL,NULL,NULL,NULL,3,1,1,2,4,1,NULL,0.00,6,0.00,NULL,0.00,2,1,1,1,0.00,0.00,1,1,0.00,0.00,1,1,1,NULL,NULL,1,NULL,NULL,1,'2020-04-07 03:05:36','2020-04-24 14:28:21',NULL),(2734,88,24,'PRV s/Integracion Mes de Despido',2060,20600,NULL,3,NULL,1,1,1,1,0,1,0,0,NULL,NULL,1,NULL,NULL,0,1,1,0.00,NULL,NULL,1,1,1,NULL,NULL,1,6,0.00,5,0.00,NULL,NULL,NULL,NULL,2,2,2,2,4,3,4,0.00,6,0.00,NULL,0.00,2,1,1,1,0.00,0.00,1,1,0.00,0.00,1,1,1,NULL,NULL,1,NULL,NULL,1,'2020-04-07 03:05:36','2020-05-06 12:06:44',NULL),(2735,88,24,'Indemnización sustitutiva Mes de Preaviso',2025,20250,NULL,3,NULL,1,1,1,1,0,1,0,0,NULL,NULL,1,NULL,NULL,0,1,3,1.00,NULL,NULL,1,1,1,NULL,NULL,1,NULL,0.00,2,0.00,NULL,NULL,38,NULL,1,1,1,NULL,NULL,1,NULL,0.00,6,0.00,NULL,0.00,2,1,1,1,0.00,0.00,1,1,0.00,0.00,1,1,1,NULL,NULL,1,NULL,NULL,1,'2020-04-07 03:05:36','2020-04-30 11:59:57',NULL),(2736,88,24,'PRV s/Mes de Preaviso',2060,20600,NULL,3,NULL,1,1,1,1,0,1,0,0,NULL,NULL,1,NULL,NULL,0,1,1,0.00,NULL,NULL,1,1,1,NULL,NULL,1,NULL,0.00,1,0.00,NULL,NULL,NULL,NULL,1,1,1,NULL,NULL,1,NULL,0.00,2,0.00,NULL,0.00,NULL,1,1,1,0.00,0.00,1,1,0.00,0.00,1,1,1,NULL,NULL,1,NULL,NULL,0,'2020-04-07 03:05:36','2020-05-06 12:10:39',NULL),(2737,88,24,'Vacaciones No Gozadas',2100,20000,NULL,3,NULL,1,1,1,1,0,1,0,0,NULL,NULL,1,NULL,NULL,0,1,1,0.00,NULL,NULL,1,1,1,NULL,NULL,1,8,0.00,5,0.00,NULL,NULL,NULL,NULL,3,1,1,2,4,1,6,0.00,6,0.00,NULL,0.00,2,1,1,1,0.00,0.00,1,1,0.00,0.00,1,1,1,NULL,NULL,1,NULL,'En caso de Liquidar Final sin contar con Liquidaciones de meses anteriores, se deberá cambiar la configuración de la solapa valor unitario por Orgien del Valor: A INGRESAR.',1,'2020-04-07 03:05:36','2020-04-25 09:34:22',NULL),(2738,88,24,'PRV s/Vacaciones No Gozadas',2060,20600,NULL,3,NULL,1,1,1,1,0,1,0,0,NULL,NULL,1,NULL,NULL,0,1,5,0.00,NULL,NULL,3,1,1,2,2,1,NULL,0.00,5,0.00,NULL,NULL,NULL,NULL,2,2,3,2,4,3,4,0.00,6,0.00,NULL,0.00,2,1,1,1,0.00,0.00,1,1,0.00,0.00,1,1,1,NULL,NULL,1,NULL,NULL,0,'2020-04-07 03:05:36','2020-05-06 12:12:32',NULL),(2739,88,24,'Feriados Nacionales No Trab. No Rem',2350,23500,NULL,3,NULL,1,1,1,1,0,1,0,0,NULL,NULL,1,NULL,NULL,0,1,1,0.00,NULL,NULL,1,1,1,NULL,NULL,1,NULL,0.00,1,0.00,NULL,NULL,NULL,NULL,1,1,1,NULL,NULL,1,NULL,0.00,2,0.00,NULL,0.00,NULL,1,1,1,0.00,0.00,1,1,0.00,0.00,1,1,1,NULL,NULL,1,NULL,NULL,1,'2020-04-07 03:05:36','2020-05-06 12:17:23',NULL),(2740,88,24,'Feriados Nacionales Trabajados No Rem',2400,24000,NULL,3,NULL,1,1,1,1,0,1,0,0,NULL,NULL,1,NULL,NULL,0,1,1,0.00,NULL,NULL,1,1,1,NULL,NULL,1,NULL,0.00,1,0.00,NULL,NULL,NULL,NULL,1,1,1,NULL,NULL,1,NULL,0.00,2,0.00,NULL,0.00,NULL,1,1,1,0.00,0.00,1,1,0.00,0.00,1,1,1,NULL,NULL,1,NULL,NULL,1,'2020-04-07 03:05:36','2020-05-06 12:17:59',NULL);
INSERT INTO `syj_conceptos` VALUES (2741,88,24,'SAC Vacaciones No Gozadas',2120,21200,NULL,3,NULL,1,1,1,1,0,1,0,0,NULL,NULL,1,NULL,NULL,0,1,1,1.00,NULL,NULL,1,1,1,NULL,NULL,1,NULL,0.00,5,0.00,NULL,NULL,NULL,NULL,3,1,1,2,4,1,3,0.00,6,0.00,NULL,0.00,2,1,1,1,0.00,0.00,1,1,0.00,0.00,1,1,1,NULL,NULL,1,NULL,NULL,1,'2020-04-07 03:05:36','2020-04-25 17:24:19',NULL),(2742,88,24,'Antigüedad No Remunerativo',2500,25000,NULL,3,NULL,1,1,1,1,0,1,0,0,NULL,NULL,1,NULL,NULL,0,1,2,0.00,12,NULL,1,1,1,NULL,NULL,1,NULL,0.00,5,0.00,NULL,NULL,NULL,NULL,3,1,1,2,4,1,NULL,0.00,6,0.00,NULL,0.00,3,1,1,1,0.00,0.00,1,1,0.00,0.00,1,1,1,NULL,NULL,1,NULL,NULL,0,'2020-04-07 03:05:36','2020-05-08 10:11:41',NULL),(2743,88,24,'Presentismo No Remunerativo',2550,27501,NULL,3,NULL,1,1,1,1,0,1,0,0,NULL,NULL,1,NULL,NULL,0,1,1,8.33,NULL,NULL,1,1,1,NULL,NULL,1,NULL,0.00,5,0.00,NULL,NULL,NULL,NULL,3,1,1,2,4,1,NULL,0.00,6,0.00,NULL,0.00,3,2,4,2,-2.00,0.00,1,1,0.00,0.00,3,1,1,2,4,1,NULL,NULL,0,'2020-04-07 03:05:36','2020-05-08 10:21:31',NULL),(2744,88,24,'1º SAC No Rem',2600,26000,NULL,3,NULL,1,1,1,1,0,1,0,0,NULL,NULL,1,NULL,NULL,0,1,5,0.00,NULL,NULL,3,1,1,2,2,1,NULL,0.00,5,0.00,NULL,NULL,NULL,NULL,3,1,1,2,4,1,NULL,0.00,6,0.00,NULL,0.00,2,1,1,1,0.00,0.00,1,1,0.00,0.00,1,1,1,NULL,NULL,1,NULL,NULL,1,'2020-04-07 03:05:36','2020-05-06 12:32:28',NULL),(2745,88,24,'Horas Extras al 50% s/ No Rem',2650,26500,NULL,3,NULL,1,1,1,1,0,1,0,0,NULL,NULL,1,NULL,NULL,0,1,5,0.00,NULL,NULL,3,1,1,2,2,1,NULL,0.00,5,0.00,NULL,NULL,NULL,NULL,3,1,1,2,4,1,13,0.00,6,0.00,NULL,0.00,2,1,1,1,0.00,0.00,1,1,0.00,0.00,1,1,1,NULL,NULL,1,NULL,NULL,0,'2020-04-07 03:05:36','2020-05-08 10:15:05',NULL),(2746,88,24,'Horas Extras al 100% s/ No Rem',2700,27000,NULL,3,NULL,1,1,1,1,0,1,0,0,NULL,NULL,1,NULL,NULL,0,1,5,0.00,NULL,NULL,3,1,1,2,2,1,NULL,0.00,5,0.00,NULL,NULL,NULL,NULL,3,1,1,2,4,1,14,0.00,6,0.00,NULL,0.00,2,1,1,1,0.00,0.00,1,1,0.00,0.00,1,1,1,NULL,NULL,1,NULL,NULL,0,'2020-04-07 03:05:36','2020-05-08 10:15:45',NULL),(2747,88,24,'Inasistencias Injustificadas No Rem',2750,27500,NULL,3,NULL,1,1,1,1,0,1,0,0,NULL,NULL,1,NULL,NULL,0,1,5,0.00,NULL,NULL,3,1,1,2,2,1,NULL,0.00,5,0.00,NULL,NULL,NULL,NULL,3,1,1,2,4,1,5,0.00,6,0.00,NULL,0.00,2,1,1,1,0.00,0.00,1,1,0.00,0.00,1,1,1,NULL,NULL,1,NULL,'Cargar la cantidad de Días en negativo.',1,'2020-04-07 03:05:36','2020-05-06 12:51:31',NULL),(2748,88,24,'2º SAC No Rem',2610,26100,NULL,3,NULL,1,1,1,1,0,1,0,0,NULL,NULL,1,NULL,NULL,0,1,5,0.00,NULL,NULL,3,1,1,2,2,1,NULL,0.00,5,0.00,NULL,NULL,NULL,NULL,3,1,1,2,4,1,NULL,0.00,6,0.00,NULL,0.00,2,1,1,1,0.00,0.00,1,1,0.00,0.00,1,1,1,NULL,NULL,1,NULL,NULL,1,'2020-04-07 03:05:36','2020-05-06 12:35:45',NULL),(2749,88,24,'SAC No Remunerativo',2620,26200,NULL,3,NULL,1,1,1,1,0,1,0,0,NULL,NULL,1,NULL,NULL,0,1,2,0.00,36,NULL,1,1,1,NULL,NULL,1,NULL,0.00,5,0.00,NULL,NULL,NULL,NULL,3,1,1,2,4,1,NULL,0.00,6,0.00,NULL,0.00,2,1,1,1,0.00,0.00,1,1,0.00,0.00,1,1,1,NULL,NULL,1,NULL,NULL,1,'2020-04-07 03:05:36','2020-05-06 12:38:23',NULL),(2750,88,24,'Jubilación',4010,40100,NULL,5,NULL,1,3,1,4,0,1,0,0,NULL,NULL,1,NULL,NULL,0,1,2,0.00,4,NULL,1,1,1,NULL,NULL,1,NULL,0.00,5,0.00,NULL,NULL,NULL,NULL,2,2,2,2,4,1,NULL,0.00,6,0.00,NULL,0.00,3,1,1,1,0.00,0.00,1,1,0.00,0.00,1,1,1,NULL,NULL,1,NULL,NULL,1,'2020-04-07 03:05:36','2020-04-09 12:01:00',NULL),(2751,88,24,'INSSJP (Ley 19.032)',4020,40200,NULL,5,NULL,1,3,1,6,0,1,0,0,NULL,NULL,1,NULL,NULL,0,1,2,0.00,2,NULL,1,1,1,NULL,NULL,1,NULL,0.00,5,0.00,NULL,NULL,NULL,NULL,2,2,2,2,4,1,NULL,0.00,6,0.00,NULL,0.00,3,1,1,1,0.00,0.00,1,1,0.00,0.00,1,1,1,NULL,NULL,1,NULL,NULL,1,'2020-04-07 03:05:36','2020-05-11 14:55:24',NULL),(2752,88,24,'Obra Social',4030,40300,NULL,5,NULL,1,2,1,3,0,1,0,0,NULL,NULL,1,NULL,NULL,0,1,2,0.00,3,NULL,1,1,1,NULL,NULL,1,NULL,0.00,5,0.00,NULL,NULL,NULL,NULL,2,2,2,2,4,1,21,0.00,6,0.00,NULL,0.00,3,1,1,1,0.00,0.00,1,1,0.00,0.00,1,1,1,NULL,NULL,1,NULL,NULL,1,'2020-04-07 03:05:36','2020-05-11 14:56:48',NULL);
INSERT INTO `syj_conceptos` VALUES (2753,88,24,'Sindicato ATILRA',4040,40400,NULL,5,NULL,1,1,1,5,0,1,0,0,NULL,NULL,1,NULL,NULL,0,1,1,2.00,NULL,NULL,1,1,1,NULL,NULL,1,NULL,0.00,5,0.00,NULL,NULL,NULL,NULL,2,2,2,2,4,1,NULL,0.00,6,0.00,NULL,0.00,3,1,1,1,0.00,0.00,1,1,0.00,0.00,1,1,1,NULL,NULL,1,NULL,NULL,1,'2020-04-07 03:05:36','2020-05-22 10:31:06',NULL),(2754,88,24,'Obra Social s/ No Rem',4100,41000,NULL,4,NULL,1,1,1,1,0,1,0,0,NULL,NULL,1,NULL,NULL,0,1,1,0.00,NULL,NULL,1,1,1,NULL,NULL,1,NULL,0.00,1,0.00,NULL,NULL,NULL,NULL,1,1,1,NULL,NULL,1,NULL,0.00,2,0.00,NULL,0.00,NULL,1,1,1,0.00,0.00,1,1,0.00,0.00,1,1,1,NULL,NULL,1,NULL,NULL,1,'2020-04-07 03:05:36','2020-04-07 03:05:36',NULL),(2755,88,24,'Sindicato s/ No Rem',4150,41500,NULL,4,NULL,1,1,1,1,0,1,0,0,NULL,NULL,1,NULL,NULL,0,1,1,0.00,NULL,NULL,1,1,1,NULL,NULL,1,NULL,0.00,1,0.00,NULL,NULL,NULL,NULL,1,1,1,NULL,NULL,1,NULL,0.00,2,0.00,NULL,0.00,NULL,1,1,1,0.00,0.00,1,1,0.00,0.00,1,1,1,NULL,NULL,1,NULL,NULL,1,'2020-04-07 03:05:36','2020-04-07 03:05:36',NULL),(2756,88,24,'Adicional Familiar a cargo Obra Social',4320,43200,NULL,4,NULL,1,1,1,1,0,1,0,0,NULL,NULL,1,NULL,NULL,0,1,1,0.00,NULL,NULL,1,1,1,NULL,NULL,1,NULL,0.00,1,0.00,NULL,NULL,NULL,NULL,1,1,1,NULL,NULL,1,NULL,0.00,2,0.00,NULL,0.00,NULL,1,1,1,0.00,0.00,1,1,0.00,0.00,1,1,1,NULL,NULL,1,NULL,NULL,1,'2020-04-07 03:05:36','2020-04-07 03:05:36',NULL),(2757,88,24,'Embargo',4060,40600,NULL,5,NULL,2,1,1,1,0,1,0,0,NULL,NULL,1,NULL,NULL,0,1,1,0.00,NULL,NULL,1,1,1,NULL,NULL,1,NULL,0.00,1,0.00,NULL,NULL,NULL,NULL,1,1,1,NULL,NULL,1,NULL,0.00,2,0.00,NULL,0.00,NULL,1,1,1,0.00,0.00,1,1,0.00,0.00,1,1,1,NULL,NULL,1,NULL,NULL,1,'2020-04-07 03:05:36','2020-05-06 13:24:52',NULL),(2758,88,24,'Beneficio Dto 561/19',4370,43700,NULL,4,NULL,1,1,1,1,0,1,0,0,NULL,NULL,1,NULL,NULL,0,1,1,0.00,NULL,NULL,1,1,1,NULL,NULL,1,NULL,0.00,1,0.00,NULL,NULL,NULL,NULL,1,1,1,NULL,NULL,1,NULL,0.00,2,0.00,NULL,0.00,NULL,1,1,1,0.00,0.00,1,1,0.00,0.00,1,1,1,NULL,NULL,1,NULL,NULL,1,'2020-04-07 03:05:36','2020-04-07 03:05:36',NULL),(2759,88,24,'Jubilación',5010,50100,NULL,6,NULL,1,1,1,1,0,0,0,0,NULL,NULL,1,NULL,NULL,0,1,1,0.00,NULL,NULL,1,1,1,NULL,NULL,1,NULL,0.00,1,0.00,NULL,NULL,NULL,NULL,1,1,1,NULL,NULL,1,NULL,0.00,2,0.00,NULL,0.00,NULL,1,1,1,0.00,0.00,1,1,0.00,0.00,1,1,1,NULL,NULL,1,NULL,NULL,1,'2020-04-07 03:05:36','2020-04-07 16:22:45',NULL),(2760,88,24,'Fondo Nacional de Empleo',5020,50200,NULL,6,NULL,1,1,1,1,0,0,0,0,NULL,NULL,1,NULL,NULL,0,1,1,0.00,NULL,NULL,1,1,1,NULL,NULL,1,NULL,0.00,1,0.00,NULL,NULL,NULL,NULL,1,1,1,NULL,NULL,1,NULL,0.00,2,0.00,NULL,0.00,NULL,1,1,1,0.00,0.00,1,1,0.00,0.00,1,1,1,NULL,NULL,1,NULL,NULL,1,'2020-04-07 03:05:36','2020-05-06 13:16:34',NULL),(2761,88,24,'INSSJP(Ley 19.032)',5030,50300,NULL,6,NULL,1,1,1,1,0,0,0,0,NULL,NULL,1,NULL,NULL,0,1,1,0.00,NULL,NULL,1,1,1,NULL,NULL,1,NULL,0.00,1,0.00,NULL,NULL,NULL,NULL,1,1,1,NULL,NULL,1,NULL,0.00,2,0.00,NULL,0.00,NULL,1,1,1,0.00,0.00,1,1,0.00,0.00,1,1,1,NULL,NULL,1,NULL,NULL,1,'2020-04-07 03:05:36','2020-05-06 13:17:07',NULL),(2762,88,24,'Obra Social',5040,50400,NULL,6,NULL,1,1,1,1,0,0,0,0,NULL,NULL,1,NULL,NULL,0,1,1,0.00,NULL,NULL,1,1,1,NULL,NULL,1,NULL,0.00,1,0.00,NULL,NULL,NULL,NULL,1,1,1,NULL,NULL,1,NULL,0.00,2,0.00,NULL,0.00,NULL,1,1,1,0.00,0.00,1,1,0.00,0.00,1,1,1,NULL,NULL,1,NULL,NULL,1,'2020-04-07 03:05:36','2020-04-16 12:51:58',NULL),(2763,88,24,'Asigs Familiares',5060,50600,NULL,6,NULL,1,1,1,1,0,0,0,0,NULL,NULL,1,NULL,NULL,0,1,1,0.00,NULL,NULL,1,1,1,NULL,NULL,1,NULL,0.00,1,0.00,NULL,NULL,NULL,NULL,1,1,1,NULL,NULL,1,NULL,0.00,2,0.00,NULL,0.00,NULL,1,1,1,0.00,0.00,1,1,0.00,0.00,1,1,1,NULL,NULL,1,NULL,NULL,1,'2020-04-07 03:05:36','2020-05-06 13:17:38',NULL),(2764,88,24,'Porcentaje ART',5080,50800,NULL,6,NULL,1,1,1,1,0,0,0,0,NULL,NULL,1,NULL,NULL,0,1,1,0.00,NULL,NULL,1,1,1,NULL,NULL,1,NULL,0.00,1,0.00,NULL,NULL,NULL,NULL,1,1,1,NULL,NULL,1,NULL,0.00,2,0.00,NULL,0.00,NULL,1,1,1,0.00,0.00,1,1,0.00,0.00,1,1,1,NULL,NULL,1,NULL,NULL,1,'2020-04-07 03:05:36','2020-05-06 13:18:32',NULL);
INSERT INTO `syj_conceptos` VALUES (2765,88,24,'Obra Social s/ No Rem',5100,51000,NULL,6,NULL,1,1,1,1,0,0,0,0,NULL,NULL,1,NULL,NULL,0,1,1,0.00,NULL,NULL,1,1,1,NULL,NULL,1,NULL,0.00,1,0.00,NULL,NULL,NULL,NULL,1,1,1,NULL,NULL,1,NULL,0.00,2,0.00,NULL,0.00,NULL,1,1,1,0.00,0.00,1,1,0.00,0.00,1,1,1,NULL,NULL,1,NULL,NULL,1,'2020-04-07 03:05:36','2020-05-06 13:18:56',NULL),(2766,88,24,'Inasistencias Por Enfermedad',1010,10100,NULL,2,NULL,1,1,1,1,0,1,1,0,NULL,NULL,1,NULL,NULL,0,1,3,0.00,NULL,NULL,1,1,1,NULL,NULL,1,NULL,0.00,2,0.00,NULL,NULL,17,NULL,1,1,1,NULL,NULL,1,NULL,0.00,6,0.00,NULL,0.00,2,1,1,1,0.00,0.00,1,1,0.00,0.00,1,1,1,NULL,NULL,1,NULL,NULL,1,'2020-04-07 03:05:36','2020-04-08 13:00:06',NULL),(2767,88,24,'Inasistencias por Accidente de Trabajo',1020,10200,NULL,2,NULL,1,1,1,1,0,1,1,0,NULL,NULL,1,NULL,NULL,0,1,3,0.00,NULL,NULL,1,1,1,NULL,NULL,1,NULL,0.00,2,0.00,NULL,NULL,17,NULL,1,1,1,NULL,NULL,1,NULL,0.00,6,0.00,NULL,0.00,2,1,1,1,0.00,0.00,1,1,0.00,0.00,1,1,1,NULL,NULL,1,NULL,NULL,1,'2020-04-07 03:05:36','2020-04-08 13:01:25',NULL),(2768,88,24,'Días Trabajados',1040,10400,NULL,2,NULL,1,1,1,1,0,1,1,0,NULL,NULL,1,NULL,NULL,0,1,2,0.00,34,NULL,2,2,3,NULL,NULL,1,NULL,0.00,2,0.00,NULL,NULL,17,NULL,1,1,1,NULL,NULL,1,NULL,0.00,1,0.00,8,0.00,NULL,1,1,1,0.00,0.00,1,1,0.00,0.00,1,1,1,NULL,NULL,1,NULL,NULL,1,'2020-04-07 03:05:36','2020-05-11 15:04:26',NULL),(2769,88,24,'Día del Gremio',1110,11100,NULL,2,NULL,1,1,1,1,0,1,1,0,NULL,NULL,1,NULL,NULL,0,1,1,0.00,NULL,NULL,1,1,1,NULL,NULL,1,NULL,0.00,2,0.00,NULL,NULL,18,NULL,1,1,1,NULL,NULL,1,NULL,0.00,6,0.00,NULL,0.00,2,1,1,1,0.00,0.00,1,1,0.00,0.00,1,1,1,NULL,NULL,1,NULL,'En mes Septiembre, cuando se liquide dicho concepto se deberá ingresar manualmente en Dias Trabajados 29 dias.',1,'2020-04-07 03:05:36','2020-04-15 13:40:23',NULL),(2770,88,24,'Feriados Nacionales No Trabajados',1111,11109,NULL,2,NULL,1,1,1,1,0,1,1,0,NULL,NULL,1,NULL,NULL,0,1,3,0.00,NULL,NULL,1,1,1,NULL,NULL,1,NULL,0.00,2,0.00,NULL,NULL,18,NULL,1,1,1,NULL,NULL,1,NULL,0.00,6,0.00,NULL,0.00,2,1,1,1,0.00,0.00,1,1,0.00,0.00,1,1,1,NULL,NULL,1,NULL,'Se deberá informar por las novedades la cantidad de dias Feriados Nac. No Trabajados\r\nDicho concepto retorna como Valor, el Básico Diario.',1,'2020-04-07 03:05:36','2020-04-08 13:05:03',NULL),(2771,88,24,'SAC',1120,11200,NULL,2,NULL,1,1,1,1,0,1,1,0,NULL,NULL,1,NULL,NULL,0,1,2,0.00,36,NULL,1,1,1,NULL,NULL,1,NULL,0.00,2,0.00,NULL,NULL,38,NULL,1,1,1,NULL,NULL,1,2,0.00,6,0.00,NULL,0.00,2,1,1,1,0.00,0.00,1,1,0.00,0.00,1,1,1,NULL,NULL,1,NULL,NULL,1,'2020-04-07 03:05:36','2021-08-28 15:21:56',NULL),(2772,88,24,'Cuota Fija ART',5070,50700,NULL,6,NULL,1,1,1,1,0,0,0,0,NULL,NULL,1,NULL,NULL,0,1,1,0.00,NULL,NULL,1,1,1,NULL,NULL,1,NULL,0.00,1,0.00,NULL,NULL,NULL,NULL,1,1,1,NULL,NULL,1,NULL,0.00,2,0.00,NULL,0.00,NULL,1,1,1,0.00,0.00,1,1,0.00,0.00,1,1,1,NULL,NULL,1,NULL,NULL,1,'2020-04-07 03:05:36','2020-05-06 13:18:04',NULL),(2773,88,24,'Basico',90,900,NULL,1,NULL,1,1,1,1,NULL,NULL,NULL,NULL,NULL,NULL,1,NULL,NULL,0,1,1,30.00,NULL,NULL,1,1,1,NULL,NULL,1,NULL,0.00,2,0.00,NULL,NULL,17,NULL,1,1,1,NULL,NULL,1,NULL,0.00,1,0.00,8,0.00,NULL,1,1,1,0.00,0.00,1,1,0.00,0.00,1,1,1,NULL,NULL,1,NULL,'Retorna el Basico Completo = 30 * Basico Diario',1,'2020-04-07 15:08:12','2020-04-17 08:34:51',NULL),(2774,88,24,'Antigüedad',95,950,NULL,1,NULL,1,1,1,1,NULL,NULL,NULL,NULL,NULL,NULL,1,NULL,NULL,0,1,2,0.00,12,NULL,1,1,1,NULL,NULL,1,NULL,0.00,1,1.50,NULL,NULL,NULL,NULL,3,1,1,2,4,1,NULL,0.00,6,0.00,NULL,0.00,3,1,1,1,0.00,0.00,1,1,0.00,0.00,1,1,1,NULL,NULL,1,NULL,NULL,1,'2020-04-07 15:09:41','2020-05-22 10:55:52',NULL),(2775,88,24,'Basico Diario Vacaciones',120,1200,NULL,1,NULL,1,1,1,1,NULL,NULL,NULL,NULL,NULL,NULL,1,NULL,NULL,0,1,1,1.00,NULL,NULL,1,1,1,NULL,NULL,1,NULL,0.00,2,0.00,NULL,NULL,17,NULL,1,1,1,NULL,NULL,1,NULL,0.00,6,0.00,NULL,0.00,2,1,1,1,0.00,0.00,1,1,0.00,0.00,1,1,1,NULL,NULL,1,NULL,NULL,1,'2020-04-08 13:09:47','2020-04-08 13:09:47',NULL);
INSERT INTO `syj_conceptos` VALUES (2776,88,24,'Sueldo Conformado Rem',110,1100,NULL,1,NULL,1,1,1,1,NULL,NULL,NULL,NULL,NULL,NULL,1,NULL,NULL,0,1,1,1.00,NULL,NULL,1,1,1,NULL,NULL,1,NULL,0.00,5,0.00,NULL,NULL,NULL,NULL,3,1,1,2,4,1,NULL,0.00,6,0.00,NULL,0.00,2,1,1,1,0.00,0.00,1,1,0.00,0.00,1,1,1,NULL,NULL,1,NULL,'Sumatoria de los conceptos de Control 80+90+100',1,'2020-04-08 13:21:05','2020-04-24 16:39:03',NULL),(2777,88,24,'Presentismo',240,2400,NULL,1,NULL,1,1,1,1,NULL,NULL,NULL,NULL,NULL,NULL,1,NULL,NULL,0,1,1,8.33,NULL,NULL,1,1,1,NULL,NULL,1,NULL,0.00,5,0.00,NULL,NULL,NULL,NULL,3,1,1,2,4,1,NULL,0.00,6,0.00,NULL,0.00,3,1,1,1,0.00,0.00,1,1,0.00,0.00,1,1,1,NULL,NULL,1,NULL,NULL,1,'2020-04-08 13:22:54','2020-04-24 16:39:39',NULL),(2778,88,24,'Antiguedad',1050,10500,NULL,2,NULL,1,1,1,1,1,1,1,NULL,NULL,NULL,1,NULL,NULL,0,1,2,0.00,12,NULL,1,1,1,NULL,NULL,1,NULL,0.00,5,1.50,NULL,NULL,NULL,NULL,3,2,2,2,4,1,NULL,0.00,6,1.50,NULL,0.00,7,1,1,1,0.00,0.00,1,1,0.00,0.00,1,1,1,NULL,NULL,1,NULL,NULL,1,'2020-04-16 10:57:29','2020-05-22 11:03:15',NULL),(2780,88,24,'Horas Extras comunes',1075,11120,NULL,2,NULL,1,1,1,1,NULL,NULL,NULL,NULL,NULL,NULL,1,NULL,NULL,1,1,3,0.00,NULL,NULL,1,1,1,NULL,NULL,1,NULL,0.00,2,0.00,NULL,NULL,31,NULL,3,1,1,2,4,1,1,0.00,6,0.00,NULL,0.00,2,1,1,1,0.00,0.00,1,1,0.00,0.00,1,1,1,NULL,NULL,1,NULL,NULL,1,'2020-04-17 08:52:46','2020-04-24 16:54:47',NULL),(2781,88,24,'Sueldo Conformado No Rem',170,1700,NULL,1,NULL,1,1,1,1,NULL,NULL,NULL,NULL,NULL,NULL,1,NULL,NULL,0,1,1,1.00,NULL,NULL,1,1,1,NULL,NULL,1,NULL,0.00,5,0.00,NULL,NULL,NULL,NULL,3,1,1,2,4,1,NULL,0.00,6,0.00,NULL,0.00,2,1,1,1,0.00,0.00,1,1,0.00,0.00,1,1,1,NULL,NULL,1,NULL,NULL,1,'2020-04-19 07:08:56','2020-05-06 17:02:12',NULL),(2782,88,24,'Antigüedad No Rem',175,1750,NULL,1,NULL,1,1,1,1,NULL,NULL,NULL,NULL,NULL,NULL,1,NULL,NULL,0,1,2,0.00,12,NULL,1,1,1,NULL,NULL,1,NULL,0.00,5,0.00,NULL,NULL,NULL,NULL,3,3,3,2,4,1,NULL,0.00,6,0.00,NULL,0.00,3,2,4,2,-2.00,0.00,1,1,0.00,0.00,3,1,1,2,2,1,NULL,NULL,1,'2020-04-19 07:13:32','2020-05-06 17:03:13',NULL),(2783,88,24,'SAC Indemnización Integración Mes de Despido',2015,20150,NULL,3,NULL,1,1,1,1,NULL,NULL,NULL,NULL,NULL,NULL,1,NULL,NULL,0,1,3,0.00,NULL,NULL,1,1,1,NULL,NULL,1,NULL,0.00,5,1.00,NULL,NULL,NULL,NULL,3,1,1,2,4,1,3,0.00,6,0.00,NULL,0.00,2,1,1,1,0.00,0.00,1,1,0.00,0.00,1,1,1,NULL,NULL,1,NULL,NULL,1,'2020-04-24 14:49:56','2020-04-30 09:52:11',NULL),(2784,88,24,'Indemnizacion por Antigüedad',2130,21300,NULL,3,NULL,1,1,1,1,NULL,NULL,NULL,NULL,NULL,NULL,1,NULL,NULL,0,1,2,0.00,14,NULL,1,1,1,NULL,NULL,1,NULL,0.00,2,0.00,NULL,NULL,39,NULL,1,1,1,NULL,NULL,1,28,0.00,6,0.00,NULL,0.00,2,1,1,1,0.00,0.00,1,1,0.00,0.00,1,1,1,NULL,NULL,1,NULL,NULL,1,'2020-04-24 17:24:27','2020-04-30 12:12:54',NULL),(2785,88,24,'Presentismo No Rem',180,1800,NULL,1,NULL,1,1,1,1,NULL,NULL,NULL,NULL,NULL,NULL,1,NULL,NULL,0,1,1,8.33,NULL,NULL,1,1,1,NULL,NULL,1,NULL,0.00,5,0.00,NULL,NULL,NULL,NULL,3,1,1,2,4,1,NULL,0.00,6,0.00,NULL,0.00,3,1,1,1,0.00,0.00,1,1,0.00,0.00,1,1,1,NULL,NULL,1,NULL,NULL,1,'2020-05-06 12:50:49','2020-05-06 17:04:04',NULL),(2787,88,24,'Refrigerio',1080,10800,NULL,2,NULL,1,1,1,1,0,1,1,0,NULL,NULL,1,NULL,NULL,0,1,3,30.00,NULL,NULL,1,1,1,NULL,NULL,1,NULL,0.00,1,32.00,NULL,NULL,NULL,NULL,3,1,1,2,4,1,NULL,0.00,6,0.00,NULL,0.00,2,1,4,2,0.00,0.00,1,1,0.00,0.00,1,1,1,2,2,1,NULL,NULL,1,'2020-04-07 03:05:36','2020-05-22 10:39:40',NULL),(2788,88,24,'LECHE',2100,21000,NULL,3,NULL,1,1,1,1,NULL,NULL,NULL,NULL,NULL,NULL,1,NULL,NULL,1,0,3,1.00,NULL,NULL,1,1,1,NULL,NULL,1,NULL,0.00,1,1500.00,NULL,NULL,NULL,NULL,1,1,1,NULL,NULL,1,NULL,0.00,6,0.00,NULL,0.00,2,1,1,1,0.00,0.00,1,1,0.00,0.00,1,1,1,NULL,NULL,1,NULL,NULL,1,'2020-05-06 16:26:24','2020-05-22 10:45:19',NULL),(2789,88,24,'Asignacion no Rem. extraordinaria',2100,21000,NULL,3,NULL,1,1,1,1,NULL,NULL,NULL,NULL,NULL,NULL,1,NULL,NULL,1,0,3,0.00,NULL,NULL,1,1,1,NULL,NULL,1,NULL,0.00,1,3750.00,NULL,NULL,NULL,NULL,1,1,1,NULL,NULL,1,NULL,0.00,6,0.00,NULL,0.00,2,1,1,1,0.00,0.00,1,1,0.00,0.00,1,1,1,NULL,NULL,1,NULL,NULL,1,'2020-05-06 16:26:24','2020-05-22 10:48:18',NULL);
INSERT INTO `syj_conceptos` VALUES (2790,88,24,'Adicional por asistencia',1090,10900,NULL,2,NULL,1,1,1,1,0,1,1,0,NULL,NULL,1,NULL,NULL,0,1,3,20.00,NULL,NULL,1,1,1,NULL,NULL,1,NULL,0.00,5,20.00,NULL,NULL,NULL,NULL,3,1,1,2,4,1,NULL,0.00,6,0.00,NULL,0.00,3,1,4,2,0.00,0.00,1,1,0.00,0.00,1,1,1,2,2,1,NULL,NULL,1,'2020-04-07 03:05:36','2020-05-22 11:04:35',NULL),(3349,1,34,'Comisiones de venta',1220,12200,NULL,2,NULL,2,1,1,1,0,1,1,0,NULL,NULL,1,NULL,NULL,0,1,1,1.00,NULL,NULL,1,1,1,NULL,NULL,1,NULL,0.00,1,0.00,NULL,NULL,NULL,NULL,1,1,1,NULL,NULL,1,NULL,0.00,6,0.00,NULL,0.00,2,1,1,1,0.00,0.00,1,1,0.00,0.00,1,1,1,NULL,NULL,1,NULL,NULL,1,'2020-04-07 03:05:35','2020-04-09 21:56:08',NULL),(3350,1,34,'Reintegro Ganancias Renta 4ta Categoría',2800,43700,NULL,3,NULL,1,1,1,1,0,0,0,0,NULL,NULL,1,NULL,NULL,0,1,1,1.00,NULL,NULL,1,1,1,NULL,NULL,1,NULL,0.00,1,0.00,NULL,NULL,NULL,NULL,1,1,1,NULL,NULL,1,7,0.00,6,0.00,9,0.00,2,1,1,1,0.00,0.00,1,1,0.00,0.00,1,1,1,NULL,NULL,1,NULL,NULL,0,'2020-04-07 03:05:35','2020-05-06 14:17:25',NULL),(3351,1,34,'Redondeo',2900,43800,NULL,3,NULL,1,1,1,1,0,1,0,0,NULL,NULL,1,NULL,NULL,0,1,1,1.00,NULL,NULL,1,1,1,NULL,NULL,1,NULL,0.00,1,0.00,NULL,NULL,NULL,NULL,1,1,1,NULL,NULL,1,NULL,0.00,2,0.00,11,0.00,1,1,1,1,0.00,0.00,1,1,0.00,0.00,1,1,1,NULL,NULL,1,NULL,NULL,1,'2020-04-07 03:05:35','2020-04-14 17:21:52',NULL),(3352,1,34,'Retención Ganancias Renta 4ta Categoría',4330,43600,NULL,5,NULL,1,1,1,7,0,0,0,0,NULL,NULL,1,NULL,NULL,1,1,1,1.00,NULL,NULL,1,1,1,NULL,NULL,1,NULL,0.00,3,0.00,NULL,NULL,NULL,NULL,1,1,1,NULL,NULL,1,NULL,0.00,6,0.00,NULL,0.00,2,1,1,1,0.00,0.00,1,1,0.00,0.00,1,1,1,NULL,NULL,1,NULL,'Se puede ingresar a mano o lo calcula Taxes, creando un detalle de liquidacion en el empleado',1,'2020-04-07 03:05:35','2020-04-07 03:05:35',NULL),(3353,1,34,'Adicional voluntario',1210,12100,NULL,2,NULL,1,1,1,1,1,1,1,0,NULL,NULL,1,NULL,NULL,0,1,3,0.00,NULL,NULL,1,1,1,NULL,NULL,1,NULL,0.00,1,10.70,NULL,NULL,NULL,NULL,1,1,1,NULL,NULL,1,NULL,0.00,6,0.00,NULL,0.00,2,1,1,1,0.00,0.00,1,1,0.00,0.00,1,1,1,NULL,NULL,1,NULL,NULL,1,'2020-04-07 03:05:35','2020-05-20 12:23:45',NULL),(3354,1,34,'Vacaciones',1045,11000,NULL,2,NULL,1,1,1,1,0,1,1,0,NULL,NULL,1,NULL,NULL,0,1,2,0.00,33,NULL,1,1,1,NULL,NULL,1,NULL,0.00,2,0.00,NULL,NULL,18,NULL,1,1,1,NULL,NULL,1,NULL,0.00,6,0.00,NULL,0.00,2,1,1,1,0.00,0.00,1,1,0.00,0.00,1,1,1,NULL,NULL,1,NULL,NULL,1,'2020-04-07 03:05:35','2020-04-30 11:48:21',NULL),(3355,1,34,'A cuenta futuros aumentos',1230,12300,NULL,2,NULL,2,1,1,1,1,1,1,0,NULL,NULL,1,NULL,NULL,0,1,3,1.00,NULL,NULL,1,1,1,NULL,NULL,1,NULL,0.00,3,0.00,NULL,NULL,NULL,NULL,1,1,1,NULL,NULL,1,NULL,0.00,6,0.00,NULL,0.00,2,1,1,1,0.00,0.00,1,1,0.00,0.00,1,1,1,NULL,NULL,1,NULL,NULL,1,'2020-04-07 03:05:35','2020-05-06 12:00:11',NULL),(3356,1,34,'Aumento solidario Decreto 14/2020',1240,12400,NULL,2,NULL,1,1,1,1,0,1,1,0,NULL,NULL,1,NULL,NULL,0,1,3,1.00,NULL,NULL,1,1,1,NULL,NULL,1,NULL,0.00,3,4000.00,NULL,NULL,NULL,NULL,1,1,1,NULL,NULL,1,NULL,0.00,6,0.00,NULL,0.00,2,1,1,1,0.00,0.00,1,1,0.00,0.00,1,1,1,NULL,NULL,1,NULL,'Valido hasta...',1,'2020-04-07 03:05:35','2020-04-09 05:18:12',NULL),(3357,1,34,'Suma no Remunerativa',2920,29200,NULL,3,NULL,1,1,1,1,1,1,0,0,NULL,NULL,1,NULL,NULL,0,1,1,0.00,NULL,NULL,1,1,1,NULL,NULL,1,NULL,0.00,1,0.00,NULL,NULL,NULL,NULL,1,1,1,NULL,NULL,1,NULL,0.00,6,0.00,NULL,0.00,2,1,1,1,0.00,0.00,1,1,0.00,0.00,1,1,1,NULL,NULL,1,NULL,NULL,1,'2020-04-07 03:05:35','2020-05-06 12:58:25',NULL),(3358,1,34,'SAC Indemnización sustitutiva Mes de Preaviso',2030,29400,NULL,3,NULL,1,1,1,1,0,1,0,0,NULL,NULL,1,NULL,NULL,0,1,1,1.00,NULL,NULL,1,1,1,NULL,NULL,1,NULL,0.00,5,0.00,NULL,NULL,NULL,NULL,3,1,1,2,4,1,NULL,0.00,6,0.00,NULL,0.00,2,1,1,1,0.00,0.00,1,1,0.00,0.00,1,1,1,NULL,NULL,1,NULL,NULL,1,'2020-04-07 03:05:36','2020-04-24 17:16:58',NULL);
INSERT INTO `syj_conceptos` VALUES (3359,1,34,'Indemnización Por Antigüedad ART 247',2950,29500,NULL,3,NULL,1,1,1,1,0,0,0,0,NULL,NULL,1,NULL,NULL,0,1,1,0.00,NULL,NULL,1,1,1,NULL,NULL,1,NULL,0.00,1,0.00,NULL,NULL,NULL,NULL,1,1,1,NULL,NULL,1,NULL,0.00,6,0.00,NULL,0.00,2,1,1,1,0.00,0.00,1,1,0.00,0.00,1,1,1,NULL,NULL,1,NULL,NULL,1,'2020-04-07 03:05:36','2020-05-06 12:59:56',NULL),(3360,1,34,'Gratificación por egreso',2100,21000,NULL,3,NULL,1,1,1,1,0,1,0,0,NULL,NULL,1,NULL,NULL,0,1,1,1.00,NULL,NULL,1,1,1,NULL,NULL,1,NULL,0.00,3,0.00,NULL,NULL,NULL,NULL,1,1,1,NULL,NULL,1,NULL,0.00,6,0.00,NULL,0.00,2,1,1,1,0.00,0.00,1,1,0.00,0.00,1,1,1,NULL,NULL,1,NULL,NULL,1,'2020-04-07 03:05:36','2020-05-06 12:15:09',NULL),(3361,1,34,'Inasistencia por Suspensión',1060,11114,NULL,2,NULL,1,1,1,1,0,1,1,0,NULL,NULL,1,NULL,NULL,0,1,3,0.00,NULL,NULL,1,1,1,NULL,NULL,1,NULL,0.00,5,0.00,NULL,NULL,NULL,NULL,3,1,1,2,4,1,5,0.00,6,0.00,NULL,0.00,2,1,1,1,0.00,0.00,1,1,0.00,0.00,1,1,1,NULL,NULL,1,NULL,'Cargar la cantidad de Dias en Negativo',1,'2020-04-07 03:05:36','2020-04-25 09:25:53',NULL),(3362,88,34,'Presentismo VG',1070,10700,NULL,2,NULL,1,1,1,1,0,1,1,0,NULL,NULL,1,NULL,NULL,0,0,3,1.00,NULL,NULL,1,1,1,NULL,NULL,1,NULL,0.00,1,2000.00,NULL,NULL,NULL,NULL,3,1,1,2,4,1,NULL,0.00,6,0.00,NULL,0.00,2,2,4,2,-2.00,0.00,1,1,0.00,0.00,3,1,1,2,2,1,NULL,NULL,1,'2020-04-07 03:05:36','2020-05-22 13:52:39',NULL),(3363,1,34,'Horas Extras al 50%',1080,11121,NULL,2,NULL,1,1,1,1,1,1,1,0,NULL,NULL,1,NULL,NULL,0,1,3,0.00,NULL,NULL,1,1,1,NULL,NULL,1,NULL,0.00,2,0.00,NULL,NULL,30,NULL,3,1,1,2,4,1,1,0.00,6,0.00,NULL,0.00,2,1,1,1,0.00,0.00,1,1,0.00,0.00,1,1,1,NULL,NULL,1,NULL,NULL,1,'2020-04-07 03:05:36','2020-04-24 16:56:05',NULL),(3364,1,34,'Horas Extras al 100%',1090,11122,NULL,2,NULL,1,1,1,1,1,1,1,0,NULL,NULL,1,NULL,NULL,0,1,3,0.00,NULL,NULL,1,1,1,NULL,NULL,1,NULL,0.00,2,0.00,NULL,NULL,29,NULL,3,1,1,2,4,1,1,0.00,6,0.00,NULL,0.00,2,1,1,1,0.00,0.00,1,1,0.00,0.00,1,1,1,NULL,NULL,1,NULL,NULL,1,'2020-04-07 03:05:36','2020-04-24 16:56:47',NULL),(3365,1,34,'Feriados Nacionales  Trabajados',1112,11110,NULL,2,NULL,1,1,1,1,0,1,1,0,NULL,NULL,1,NULL,NULL,0,1,3,0.00,NULL,NULL,1,1,1,NULL,NULL,1,NULL,0.00,2,0.00,NULL,NULL,18,NULL,3,1,1,2,3,1,NULL,0.00,6,0.00,NULL,0.00,2,1,1,1,0.00,0.00,1,1,0.00,0.00,1,1,1,NULL,NULL,1,NULL,'Se deberá informar por las novedades la cantidad de dias Feriados Nac.Trabajados\r\nDicho concepto retorna como Valor, la suma del Básico /30 + Básico/25.',1,'2020-04-07 03:05:36','2020-04-30 09:17:04',NULL),(3366,1,34,'PRV s/Vacaciones',1130,11050,NULL,2,NULL,1,1,1,1,0,1,0,0,NULL,NULL,1,NULL,NULL,0,1,1,0.00,NULL,NULL,1,1,1,NULL,NULL,1,3,0.00,5,0.00,NULL,NULL,NULL,NULL,2,2,3,2,4,3,NULL,0.00,6,0.00,NULL,0.00,2,1,1,1,0.00,0.00,1,1,0.00,0.00,1,1,1,NULL,NULL,1,NULL,NULL,0,'2020-04-07 03:05:36','2020-05-08 10:30:32',NULL),(3367,1,34,'Licencia por Maternidad',1190,11900,NULL,2,NULL,1,1,1,1,0,1,1,0,NULL,NULL,1,NULL,NULL,0,1,3,0.00,NULL,NULL,1,1,1,NULL,NULL,1,NULL,0.00,5,0.00,NULL,NULL,NULL,NULL,3,1,1,2,4,1,NULL,0.00,1,0.00,NULL,0.00,NULL,1,1,1,0.00,0.00,1,1,0.00,0.00,1,1,1,NULL,NULL,1,NULL,'Si la empleada estuvo el mes completo de Licencia se liquidará por medio del tipo de liquidación ”Licencia por Maternidad”  informando los 30 días.\r\nCaso contrario se liquidará a través de la',1,'2020-04-07 03:05:36','2020-05-06 11:56:02',NULL),(3368,1,34,'Descuento Licencia por Maternidad',1200,12000,NULL,2,NULL,1,1,1,1,0,1,1,0,NULL,NULL,1,NULL,NULL,0,1,1,1.00,NULL,NULL,1,1,1,NULL,NULL,1,NULL,0.00,5,0.00,NULL,NULL,NULL,NULL,3,1,1,2,4,1,NULL,0.00,6,-1.00,NULL,0.00,6,1,1,1,0.00,0.00,1,1,0.00,0.00,1,1,1,NULL,NULL,1,NULL,NULL,1,'2020-04-07 03:05:36','2020-05-06 11:58:40',NULL),(3369,1,34,'Indemnización Integración Mes de Despido',2010,20100,NULL,3,NULL,1,1,1,1,0,1,0,0,NULL,NULL,1,NULL,NULL,0,1,1,1.00,NULL,NULL,1,1,1,NULL,NULL,1,5,0.00,5,0.00,NULL,NULL,NULL,NULL,3,1,1,2,4,1,NULL,0.00,6,0.00,NULL,0.00,2,1,1,1,0.00,0.00,1,1,0.00,0.00,1,1,1,NULL,NULL,1,NULL,NULL,1,'2020-04-07 03:05:36','2020-04-24 14:28:21',NULL);
INSERT INTO `syj_conceptos` VALUES (3370,1,34,'PRV s/Integracion Mes de Despido',2060,20600,NULL,3,NULL,1,1,1,1,0,1,0,0,NULL,NULL,1,NULL,NULL,0,1,1,0.00,NULL,NULL,1,1,1,NULL,NULL,1,6,0.00,5,0.00,NULL,NULL,NULL,NULL,2,2,2,2,4,3,4,0.00,6,0.00,NULL,0.00,2,1,1,1,0.00,0.00,1,1,0.00,0.00,1,1,1,NULL,NULL,1,NULL,NULL,1,'2020-04-07 03:05:36','2020-05-06 12:06:44',NULL),(3371,1,34,'Indemnización sustitutiva Mes de Preaviso',2025,20250,NULL,3,NULL,1,1,1,1,0,1,0,0,NULL,NULL,1,NULL,NULL,0,1,3,1.00,NULL,NULL,1,1,1,NULL,NULL,1,NULL,0.00,2,0.00,NULL,NULL,38,NULL,1,1,1,NULL,NULL,1,NULL,0.00,6,0.00,NULL,0.00,2,1,1,1,0.00,0.00,1,1,0.00,0.00,1,1,1,NULL,NULL,1,NULL,NULL,1,'2020-04-07 03:05:36','2020-04-30 11:59:57',NULL),(3372,1,34,'PRV s/Mes de Preaviso',2060,20600,NULL,3,NULL,1,1,1,1,0,1,0,0,NULL,NULL,1,NULL,NULL,0,1,1,0.00,NULL,NULL,1,1,1,NULL,NULL,1,NULL,0.00,1,0.00,NULL,NULL,NULL,NULL,1,1,1,NULL,NULL,1,NULL,0.00,2,0.00,NULL,0.00,NULL,1,1,1,0.00,0.00,1,1,0.00,0.00,1,1,1,NULL,NULL,1,NULL,NULL,0,'2020-04-07 03:05:36','2020-05-06 12:10:39',NULL),(3373,1,34,'Vacaciones No Gozadas',2100,20000,NULL,3,NULL,1,1,1,1,0,1,0,0,NULL,NULL,1,NULL,NULL,0,1,1,0.00,NULL,NULL,1,1,1,NULL,NULL,1,8,0.00,5,0.00,NULL,NULL,NULL,NULL,3,1,1,2,4,1,6,0.00,6,0.00,NULL,0.00,2,1,1,1,0.00,0.00,1,1,0.00,0.00,1,1,1,NULL,NULL,1,NULL,'En caso de Liquidar Final sin contar con Liquidaciones de meses anteriores, se deberá cambiar la configuración de la solapa valor unitario por Orgien del Valor: A INGRESAR.',1,'2020-04-07 03:05:36','2020-04-25 09:34:22',NULL),(3374,1,34,'PRV s/Vacaciones No Gozadas',2060,20600,NULL,3,NULL,1,1,1,1,0,1,0,0,NULL,NULL,1,NULL,NULL,0,1,5,0.00,NULL,NULL,3,1,1,2,2,1,NULL,0.00,5,0.00,NULL,NULL,NULL,NULL,2,2,3,2,4,3,4,0.00,6,0.00,NULL,0.00,2,1,1,1,0.00,0.00,1,1,0.00,0.00,1,1,1,NULL,NULL,1,NULL,NULL,0,'2020-04-07 03:05:36','2020-05-06 12:12:32',NULL),(3375,1,34,'Feriados Nacionales No Trab. No Rem',2350,23500,NULL,3,NULL,1,1,1,1,0,1,0,0,NULL,NULL,1,NULL,NULL,0,1,1,0.00,NULL,NULL,1,1,1,NULL,NULL,1,NULL,0.00,1,0.00,NULL,NULL,NULL,NULL,1,1,1,NULL,NULL,1,NULL,0.00,2,0.00,NULL,0.00,NULL,1,1,1,0.00,0.00,1,1,0.00,0.00,1,1,1,NULL,NULL,1,NULL,NULL,1,'2020-04-07 03:05:36','2020-05-06 12:17:23',NULL),(3376,1,34,'Feriados Nacionales Trabajados No Rem',2400,24000,NULL,3,NULL,1,1,1,1,0,1,0,0,NULL,NULL,1,NULL,NULL,0,1,1,0.00,NULL,NULL,1,1,1,NULL,NULL,1,NULL,0.00,1,0.00,NULL,NULL,NULL,NULL,1,1,1,NULL,NULL,1,NULL,0.00,2,0.00,NULL,0.00,NULL,1,1,1,0.00,0.00,1,1,0.00,0.00,1,1,1,NULL,NULL,1,NULL,NULL,1,'2020-04-07 03:05:36','2020-05-06 12:17:59',NULL),(3377,1,34,'SAC Vacaciones No Gozadas',2120,21200,NULL,3,NULL,1,1,1,1,0,1,0,0,NULL,NULL,1,NULL,NULL,0,1,1,1.00,NULL,NULL,1,1,1,NULL,NULL,1,NULL,0.00,5,0.00,NULL,NULL,NULL,NULL,3,1,1,2,4,1,3,0.00,6,0.00,NULL,0.00,2,1,1,1,0.00,0.00,1,1,0.00,0.00,1,1,1,NULL,NULL,1,NULL,NULL,1,'2020-04-07 03:05:36','2020-04-25 17:24:19',NULL),(3378,1,34,'Antigüedad No Remunerativo',2500,25000,NULL,3,NULL,1,1,1,1,0,1,0,0,NULL,NULL,1,NULL,NULL,0,1,2,0.00,12,NULL,1,1,1,NULL,NULL,1,NULL,0.00,5,0.00,NULL,NULL,NULL,NULL,3,1,1,2,4,1,NULL,0.00,6,0.00,NULL,0.00,3,1,1,1,0.00,0.00,1,1,0.00,0.00,1,1,1,NULL,NULL,1,NULL,NULL,0,'2020-04-07 03:05:36','2020-05-08 10:11:41',NULL),(3379,1,34,'Presentismo No Remunerativo',2550,27501,NULL,3,NULL,1,1,1,1,0,1,0,0,NULL,NULL,1,NULL,NULL,0,1,1,8.33,NULL,NULL,1,1,1,NULL,NULL,1,NULL,0.00,5,0.00,NULL,NULL,NULL,NULL,3,1,1,2,4,1,NULL,0.00,6,0.00,NULL,0.00,3,2,4,2,-2.00,0.00,1,1,0.00,0.00,3,1,1,2,4,1,NULL,NULL,0,'2020-04-07 03:05:36','2020-05-08 10:21:31',NULL),(3380,1,34,'1º SAC No Rem',2600,26000,NULL,3,NULL,1,1,1,1,0,1,0,0,NULL,NULL,1,NULL,NULL,0,1,5,0.00,NULL,NULL,3,1,1,2,2,1,NULL,0.00,5,0.00,NULL,NULL,NULL,NULL,3,1,1,2,4,1,NULL,0.00,6,0.00,NULL,0.00,2,1,1,1,0.00,0.00,1,1,0.00,0.00,1,1,1,NULL,NULL,1,NULL,NULL,1,'2020-04-07 03:05:36','2020-05-06 12:32:28',NULL);
INSERT INTO `syj_conceptos` VALUES (3381,1,34,'Horas Extras al 50% s/ No Rem',2650,26500,NULL,3,NULL,1,1,1,1,0,1,0,0,NULL,NULL,1,NULL,NULL,0,1,5,0.00,NULL,NULL,3,1,1,2,2,1,NULL,0.00,5,0.00,NULL,NULL,NULL,NULL,3,1,1,2,4,1,13,0.00,6,0.00,NULL,0.00,2,1,1,1,0.00,0.00,1,1,0.00,0.00,1,1,1,NULL,NULL,1,NULL,NULL,0,'2020-04-07 03:05:36','2020-05-08 10:15:05',NULL),(3382,1,34,'Horas Extras al 100% s/ No Rem',2700,27000,NULL,3,NULL,1,1,1,1,0,1,0,0,NULL,NULL,1,NULL,NULL,0,1,5,0.00,NULL,NULL,3,1,1,2,2,1,NULL,0.00,5,0.00,NULL,NULL,NULL,NULL,3,1,1,2,4,1,14,0.00,6,0.00,NULL,0.00,2,1,1,1,0.00,0.00,1,1,0.00,0.00,1,1,1,NULL,NULL,1,NULL,NULL,0,'2020-04-07 03:05:36','2020-05-08 10:15:45',NULL),(3383,1,34,'Inasistencias Injustificadas No Rem',2750,27500,NULL,3,NULL,1,1,1,1,0,1,0,0,NULL,NULL,1,NULL,NULL,0,1,5,0.00,NULL,NULL,3,1,1,2,2,1,NULL,0.00,5,0.00,NULL,NULL,NULL,NULL,3,1,1,2,4,1,5,0.00,6,0.00,NULL,0.00,2,1,1,1,0.00,0.00,1,1,0.00,0.00,1,1,1,NULL,NULL,1,NULL,'Cargar la cantidad de Días en negativo.',1,'2020-04-07 03:05:36','2020-05-06 12:51:31',NULL),(3384,1,34,'2º SAC No Rem',2610,26100,NULL,3,NULL,1,1,1,1,0,1,0,0,NULL,NULL,1,NULL,NULL,0,1,5,0.00,NULL,NULL,3,1,1,2,2,1,NULL,0.00,5,0.00,NULL,NULL,NULL,NULL,3,1,1,2,4,1,NULL,0.00,6,0.00,NULL,0.00,2,1,1,1,0.00,0.00,1,1,0.00,0.00,1,1,1,NULL,NULL,1,NULL,NULL,1,'2020-04-07 03:05:36','2020-05-06 12:35:45',NULL),(3385,1,34,'SAC No Remunerativo',2620,26200,NULL,3,NULL,1,1,1,1,0,1,0,0,NULL,NULL,1,NULL,NULL,0,1,2,0.00,36,NULL,1,1,1,NULL,NULL,1,NULL,0.00,5,0.00,NULL,NULL,NULL,NULL,3,1,1,2,4,1,NULL,0.00,6,0.00,NULL,0.00,2,1,1,1,0.00,0.00,1,1,0.00,0.00,1,1,1,NULL,NULL,1,NULL,NULL,1,'2020-04-07 03:05:36','2020-05-06 12:38:23',NULL),(3386,1,34,'Jubilación',4010,40100,NULL,5,NULL,1,3,1,4,0,1,0,0,NULL,NULL,1,NULL,NULL,0,1,2,0.00,4,NULL,1,1,1,NULL,NULL,1,NULL,0.00,5,0.00,NULL,NULL,NULL,NULL,2,2,2,2,4,1,NULL,0.00,6,0.00,NULL,0.00,3,1,1,1,0.00,0.00,1,1,0.00,0.00,1,1,1,NULL,NULL,1,NULL,NULL,1,'2020-04-07 03:05:36','2020-04-09 12:01:00',NULL),(3387,1,34,'INSSJP (Ley 19.032)',4020,40200,NULL,5,NULL,1,3,1,6,0,1,0,0,NULL,NULL,1,NULL,NULL,0,1,2,0.00,2,NULL,1,1,1,NULL,NULL,1,NULL,0.00,5,0.00,NULL,NULL,NULL,NULL,2,2,2,2,4,1,NULL,0.00,6,0.00,NULL,0.00,3,1,1,1,0.00,0.00,1,1,0.00,0.00,1,1,1,NULL,NULL,1,NULL,NULL,1,'2020-04-07 03:05:36','2020-05-11 14:55:24',NULL),(3388,1,34,'Obra Social',4030,40300,NULL,5,NULL,1,2,1,3,0,1,0,0,NULL,NULL,1,NULL,NULL,0,1,2,0.00,3,NULL,1,1,1,NULL,NULL,1,NULL,0.00,5,0.00,NULL,NULL,NULL,NULL,2,2,2,2,4,1,21,0.00,6,0.00,NULL,0.00,3,1,1,1,0.00,0.00,1,1,0.00,0.00,1,1,1,NULL,NULL,1,NULL,NULL,1,'2020-04-07 03:05:36','2020-05-11 14:56:48',NULL),(3389,88,34,'Sindicato UPSRA',4040,40400,NULL,5,NULL,2,1,1,5,0,1,0,0,NULL,NULL,1,NULL,NULL,0,1,1,2.50,NULL,NULL,1,1,1,NULL,NULL,1,NULL,0.00,5,0.00,NULL,NULL,NULL,NULL,2,2,2,2,4,1,NULL,0.00,6,0.00,NULL,0.00,3,1,1,1,0.00,0.00,1,1,0.00,0.00,1,1,1,NULL,NULL,1,NULL,NULL,1,'2020-04-07 03:05:36','2020-05-22 13:56:50',NULL),(3390,1,34,'Obra Social s/ No Rem',4100,41000,NULL,4,NULL,1,1,1,1,0,1,0,0,NULL,NULL,1,NULL,NULL,0,1,1,0.00,NULL,NULL,1,1,1,NULL,NULL,1,NULL,0.00,1,0.00,NULL,NULL,NULL,NULL,1,1,1,NULL,NULL,1,NULL,0.00,2,0.00,NULL,0.00,NULL,1,1,1,0.00,0.00,1,1,0.00,0.00,1,1,1,NULL,NULL,1,NULL,NULL,1,'2020-04-07 03:05:36','2020-04-07 03:05:36',NULL),(3391,1,34,'Sindicato s/ No Rem',4150,41500,NULL,4,NULL,1,1,1,1,0,1,0,0,NULL,NULL,1,NULL,NULL,0,1,1,0.00,NULL,NULL,1,1,1,NULL,NULL,1,NULL,0.00,1,0.00,NULL,NULL,NULL,NULL,1,1,1,NULL,NULL,1,NULL,0.00,2,0.00,NULL,0.00,NULL,1,1,1,0.00,0.00,1,1,0.00,0.00,1,1,1,NULL,NULL,1,NULL,NULL,1,'2020-04-07 03:05:36','2020-04-07 03:05:36',NULL),(3392,1,34,'Adicional Familiar a cargo Obra Social',4320,43200,NULL,4,NULL,1,1,1,1,0,1,0,0,NULL,NULL,1,NULL,NULL,0,1,1,0.00,NULL,NULL,1,1,1,NULL,NULL,1,NULL,0.00,1,0.00,NULL,NULL,NULL,NULL,1,1,1,NULL,NULL,1,NULL,0.00,2,0.00,NULL,0.00,NULL,1,1,1,0.00,0.00,1,1,0.00,0.00,1,1,1,NULL,NULL,1,NULL,NULL,1,'2020-04-07 03:05:36','2020-04-07 03:05:36',NULL);
INSERT INTO `syj_conceptos` VALUES (3393,1,34,'Embargo',4060,40600,NULL,5,NULL,2,1,1,1,0,1,0,0,NULL,NULL,1,NULL,NULL,0,1,1,0.00,NULL,NULL,1,1,1,NULL,NULL,1,NULL,0.00,1,0.00,NULL,NULL,NULL,NULL,1,1,1,NULL,NULL,1,NULL,0.00,2,0.00,NULL,0.00,NULL,1,1,1,0.00,0.00,1,1,0.00,0.00,1,1,1,NULL,NULL,1,NULL,NULL,1,'2020-04-07 03:05:36','2020-05-06 13:24:52',NULL),(3394,1,34,'Beneficio Dto 561/19',4370,43700,NULL,4,NULL,1,1,1,1,0,1,0,0,NULL,NULL,1,NULL,NULL,0,1,1,0.00,NULL,NULL,1,1,1,NULL,NULL,1,NULL,0.00,1,0.00,NULL,NULL,NULL,NULL,1,1,1,NULL,NULL,1,NULL,0.00,2,0.00,NULL,0.00,NULL,1,1,1,0.00,0.00,1,1,0.00,0.00,1,1,1,NULL,NULL,1,NULL,NULL,1,'2020-04-07 03:05:36','2020-04-07 03:05:36',NULL),(3395,1,34,'Jubilación',5010,50100,NULL,6,NULL,1,1,1,1,0,0,0,0,NULL,NULL,1,NULL,NULL,0,1,1,0.00,NULL,NULL,1,1,1,NULL,NULL,1,NULL,0.00,1,0.00,NULL,NULL,NULL,NULL,1,1,1,NULL,NULL,1,NULL,0.00,2,0.00,NULL,0.00,NULL,1,1,1,0.00,0.00,1,1,0.00,0.00,1,1,1,NULL,NULL,1,NULL,NULL,1,'2020-04-07 03:05:36','2020-04-07 16:22:45',NULL),(3396,1,34,'Fondo Nacional de Empleo',5020,50200,NULL,6,NULL,1,1,1,1,0,0,0,0,NULL,NULL,1,NULL,NULL,0,1,1,0.00,NULL,NULL,1,1,1,NULL,NULL,1,NULL,0.00,1,0.00,NULL,NULL,NULL,NULL,1,1,1,NULL,NULL,1,NULL,0.00,2,0.00,NULL,0.00,NULL,1,1,1,0.00,0.00,1,1,0.00,0.00,1,1,1,NULL,NULL,1,NULL,NULL,1,'2020-04-07 03:05:36','2020-05-06 13:16:34',NULL),(3397,1,34,'INSSJP(Ley 19.032)',5030,50300,NULL,6,NULL,1,1,1,1,0,0,0,0,NULL,NULL,1,NULL,NULL,0,1,1,0.00,NULL,NULL,1,1,1,NULL,NULL,1,NULL,0.00,1,0.00,NULL,NULL,NULL,NULL,1,1,1,NULL,NULL,1,NULL,0.00,2,0.00,NULL,0.00,NULL,1,1,1,0.00,0.00,1,1,0.00,0.00,1,1,1,NULL,NULL,1,NULL,NULL,1,'2020-04-07 03:05:36','2020-05-06 13:17:07',NULL),(3398,1,34,'Obra Social',5040,50400,NULL,6,NULL,1,1,1,1,0,0,0,0,NULL,NULL,1,NULL,NULL,0,1,1,0.00,NULL,NULL,1,1,1,NULL,NULL,1,NULL,0.00,1,0.00,NULL,NULL,NULL,NULL,1,1,1,NULL,NULL,1,NULL,0.00,2,0.00,NULL,0.00,NULL,1,1,1,0.00,0.00,1,1,0.00,0.00,1,1,1,NULL,NULL,1,NULL,NULL,1,'2020-04-07 03:05:36','2020-04-16 12:51:58',NULL),(3399,1,34,'Asigs Familiares',5060,50600,NULL,6,NULL,1,1,1,1,0,0,0,0,NULL,NULL,1,NULL,NULL,0,1,1,0.00,NULL,NULL,1,1,1,NULL,NULL,1,NULL,0.00,1,0.00,NULL,NULL,NULL,NULL,1,1,1,NULL,NULL,1,NULL,0.00,2,0.00,NULL,0.00,NULL,1,1,1,0.00,0.00,1,1,0.00,0.00,1,1,1,NULL,NULL,1,NULL,NULL,1,'2020-04-07 03:05:36','2020-05-06 13:17:38',NULL),(3400,1,34,'Porcentaje ART',5080,50800,NULL,6,NULL,1,1,1,1,0,0,0,0,NULL,NULL,1,NULL,NULL,0,1,1,0.00,NULL,NULL,1,1,1,NULL,NULL,1,NULL,0.00,1,0.00,NULL,NULL,NULL,NULL,1,1,1,NULL,NULL,1,NULL,0.00,2,0.00,NULL,0.00,NULL,1,1,1,0.00,0.00,1,1,0.00,0.00,1,1,1,NULL,NULL,1,NULL,NULL,1,'2020-04-07 03:05:36','2020-05-06 13:18:32',NULL),(3401,1,34,'Obra Social s/ No Rem',5100,51000,NULL,6,NULL,1,1,1,1,0,0,0,0,NULL,NULL,1,NULL,NULL,0,1,1,0.00,NULL,NULL,1,1,1,NULL,NULL,1,NULL,0.00,1,0.00,NULL,NULL,NULL,NULL,1,1,1,NULL,NULL,1,NULL,0.00,2,0.00,NULL,0.00,NULL,1,1,1,0.00,0.00,1,1,0.00,0.00,1,1,1,NULL,NULL,1,NULL,NULL,1,'2020-04-07 03:05:36','2020-05-06 13:18:56',NULL),(3402,1,34,'Inasistencias Por Enfermedad',1010,10100,NULL,2,NULL,1,1,1,1,0,1,1,0,NULL,NULL,1,NULL,NULL,0,1,3,0.00,NULL,NULL,1,1,1,NULL,NULL,1,NULL,0.00,2,0.00,NULL,NULL,17,NULL,1,1,1,NULL,NULL,1,NULL,0.00,6,0.00,NULL,0.00,2,1,1,1,0.00,0.00,1,1,0.00,0.00,1,1,1,NULL,NULL,1,NULL,NULL,1,'2020-04-07 03:05:36','2020-04-08 13:00:06',NULL),(3403,1,34,'Inasistencias por Accidente de Trabajo',1020,10200,NULL,2,NULL,1,1,1,1,0,1,1,0,NULL,NULL,1,NULL,NULL,0,1,3,0.00,NULL,NULL,1,1,1,NULL,NULL,1,NULL,0.00,2,0.00,NULL,NULL,17,NULL,1,1,1,NULL,NULL,1,NULL,0.00,6,0.00,NULL,0.00,2,1,1,1,0.00,0.00,1,1,0.00,0.00,1,1,1,NULL,NULL,1,NULL,NULL,1,'2020-04-07 03:05:36','2020-04-08 13:01:25',NULL),(3404,1,34,'Días Trabajados',1040,10400,NULL,2,NULL,1,1,1,1,0,1,1,0,NULL,NULL,1,NULL,NULL,0,1,2,0.00,34,NULL,2,2,3,NULL,NULL,1,NULL,0.00,2,0.00,NULL,NULL,17,NULL,1,1,1,NULL,NULL,1,NULL,0.00,1,0.00,8,0.00,NULL,1,1,1,0.00,0.00,1,1,0.00,0.00,1,1,1,NULL,NULL,1,NULL,NULL,1,'2020-04-07 03:05:36','2020-05-11 15:04:26',NULL);
INSERT INTO `syj_conceptos` VALUES (3405,1,34,'Día del Gremio',1110,11100,NULL,2,NULL,1,1,1,1,0,1,1,0,NULL,NULL,1,NULL,NULL,0,1,1,0.00,NULL,NULL,1,1,1,NULL,NULL,1,NULL,0.00,2,0.00,NULL,NULL,18,NULL,1,1,1,NULL,NULL,1,NULL,0.00,6,0.00,NULL,0.00,2,1,1,1,0.00,0.00,1,1,0.00,0.00,1,1,1,NULL,NULL,1,NULL,'En mes Septiembre, cuando se liquide dicho concepto se deberá ingresar manualmente en Dias Trabajados 29 dias.',1,'2020-04-07 03:05:36','2020-04-15 13:40:23',NULL),(3406,1,34,'Feriados Nacionales No Trabajados',1111,11109,NULL,2,NULL,1,1,1,1,0,1,1,0,NULL,NULL,1,NULL,NULL,0,1,3,0.00,NULL,NULL,1,1,1,NULL,NULL,1,NULL,0.00,2,0.00,NULL,NULL,18,NULL,1,1,1,NULL,NULL,1,NULL,0.00,6,0.00,NULL,0.00,2,1,1,1,0.00,0.00,1,1,0.00,0.00,1,1,1,NULL,NULL,1,NULL,'Se deberá informar por las novedades la cantidad de dias Feriados Nac. No Trabajados\r\nDicho concepto retorna como Valor, el Básico Diario.',1,'2020-04-07 03:05:36','2020-04-08 13:05:03',NULL),(3407,1,34,'SAC',1120,11200,NULL,2,NULL,1,1,1,1,0,1,1,0,NULL,NULL,1,NULL,NULL,0,1,2,0.00,36,NULL,1,1,1,NULL,NULL,1,NULL,0.00,2,0.00,NULL,NULL,38,NULL,1,1,1,NULL,NULL,1,2,0.00,6,0.00,NULL,0.00,2,1,1,1,0.00,0.00,1,1,0.00,0.00,1,1,1,NULL,NULL,1,NULL,NULL,1,'2020-04-07 03:05:36','2021-08-28 15:21:56',NULL),(3408,1,34,'Cuota Fija ART',5070,50700,NULL,6,NULL,1,1,1,1,0,0,0,0,NULL,NULL,1,NULL,NULL,0,1,1,0.00,NULL,NULL,1,1,1,NULL,NULL,1,NULL,0.00,1,0.00,NULL,NULL,NULL,NULL,1,1,1,NULL,NULL,1,NULL,0.00,2,0.00,NULL,0.00,NULL,1,1,1,0.00,0.00,1,1,0.00,0.00,1,1,1,NULL,NULL,1,NULL,NULL,1,'2020-04-07 03:05:36','2020-05-06 13:18:04',NULL),(3409,1,34,'Basico',90,900,NULL,1,NULL,1,1,1,1,NULL,NULL,NULL,NULL,NULL,NULL,1,NULL,NULL,0,1,1,30.00,NULL,NULL,1,1,1,NULL,NULL,1,NULL,0.00,2,0.00,NULL,NULL,17,NULL,1,1,1,NULL,NULL,1,NULL,0.00,1,0.00,8,0.00,NULL,1,1,1,0.00,0.00,1,1,0.00,0.00,1,1,1,NULL,NULL,1,NULL,'Retorna el Basico Completo = 30 * Basico Diario',1,'2020-04-07 15:08:12','2020-04-17 08:34:51',NULL),(3410,1,34,'Antigüedad',95,950,NULL,1,NULL,1,1,1,1,NULL,NULL,NULL,1,NULL,NULL,1,NULL,NULL,0,1,2,0.00,12,NULL,1,1,1,NULL,NULL,1,NULL,0.00,1,0.00,NULL,NULL,NULL,NULL,3,1,1,2,4,1,9,0.00,6,0.00,NULL,0.00,2,1,1,1,0.00,0.00,1,1,0.00,0.00,1,1,1,NULL,NULL,1,NULL,NULL,1,'2020-04-07 15:09:41','2020-05-21 15:33:21',NULL),(3411,1,34,'Basico Diario Vacaciones',120,1200,NULL,1,NULL,1,1,1,1,NULL,NULL,NULL,NULL,NULL,NULL,1,NULL,NULL,0,1,1,1.00,NULL,NULL,1,1,1,NULL,NULL,1,NULL,0.00,2,0.00,NULL,NULL,17,NULL,1,1,1,NULL,NULL,1,NULL,0.00,6,0.00,NULL,0.00,2,1,1,1,0.00,0.00,1,1,0.00,0.00,1,1,1,NULL,NULL,1,NULL,NULL,1,'2020-04-08 13:09:47','2020-04-08 13:09:47',NULL),(3412,1,34,'Sueldo Conformado Rem',110,1100,NULL,1,NULL,1,1,1,1,NULL,NULL,NULL,NULL,NULL,NULL,1,NULL,NULL,0,1,1,1.00,NULL,NULL,1,1,1,NULL,NULL,1,NULL,0.00,5,0.00,NULL,NULL,NULL,NULL,3,1,1,2,4,1,NULL,0.00,6,0.00,NULL,0.00,2,1,1,1,0.00,0.00,1,1,0.00,0.00,1,1,1,NULL,NULL,1,NULL,'Sumatoria de los conceptos de Control 80+90+100',1,'2020-04-08 13:21:05','2020-04-24 16:39:03',NULL),(3413,1,34,'Presentismo',240,2400,NULL,1,NULL,1,1,1,1,NULL,NULL,NULL,NULL,NULL,NULL,1,NULL,NULL,0,1,1,8.33,NULL,NULL,1,1,1,NULL,NULL,1,NULL,0.00,5,0.00,NULL,NULL,NULL,NULL,3,1,1,2,4,1,NULL,0.00,6,0.00,NULL,0.00,3,1,1,1,0.00,0.00,1,1,0.00,0.00,1,1,1,NULL,NULL,1,NULL,NULL,1,'2020-04-08 13:22:54','2020-04-24 16:39:39',NULL),(3414,88,34,'Antiguedad',1050,11113,NULL,2,NULL,1,1,1,1,1,1,1,0,NULL,NULL,1,NULL,NULL,0,1,2,0.00,12,NULL,1,1,1,NULL,NULL,1,NULL,0.00,5,1.00,NULL,NULL,NULL,NULL,3,2,2,2,4,1,1,0.00,6,0.00,NULL,0.00,3,1,1,1,0.00,0.00,1,1,0.00,0.00,1,1,1,NULL,NULL,1,NULL,NULL,1,'2020-04-16 10:57:29','2020-05-22 13:46:38',NULL),(3415,1,34,'Horas Extras comunes',1075,11120,NULL,2,NULL,1,1,1,1,NULL,NULL,NULL,NULL,NULL,NULL,1,NULL,NULL,1,1,3,0.00,NULL,NULL,1,1,1,NULL,NULL,1,NULL,0.00,2,0.00,NULL,NULL,31,NULL,3,1,1,2,4,1,1,0.00,6,0.00,NULL,0.00,2,1,1,1,0.00,0.00,1,1,0.00,0.00,1,1,1,NULL,NULL,1,NULL,NULL,1,'2020-04-17 08:52:46','2020-04-24 16:54:47',NULL);
INSERT INTO `syj_conceptos` VALUES (3416,1,34,'Sueldo Conformado No Rem',170,1700,NULL,1,NULL,1,1,1,1,NULL,NULL,NULL,NULL,NULL,NULL,1,NULL,NULL,0,1,1,1.00,NULL,NULL,1,1,1,NULL,NULL,1,NULL,0.00,5,0.00,NULL,NULL,NULL,NULL,3,1,1,2,4,1,NULL,0.00,6,0.00,NULL,0.00,2,1,1,1,0.00,0.00,1,1,0.00,0.00,1,1,1,NULL,NULL,1,NULL,NULL,1,'2020-04-19 07:08:56','2020-05-06 17:02:12',NULL),(3417,1,34,'Antigüedad No Rem',175,1750,NULL,1,NULL,1,1,1,1,NULL,NULL,NULL,NULL,NULL,NULL,1,NULL,NULL,0,1,2,0.00,12,NULL,1,1,1,NULL,NULL,1,NULL,0.00,5,0.00,NULL,NULL,NULL,NULL,3,3,3,2,4,1,NULL,0.00,6,0.00,NULL,0.00,3,2,4,2,-2.00,0.00,1,1,0.00,0.00,3,1,1,2,2,1,NULL,NULL,1,'2020-04-19 07:13:32','2020-05-06 17:03:13',NULL),(3418,1,34,'SAC Indemnización Integración Mes de Despido',2015,20150,NULL,3,NULL,1,1,1,1,NULL,NULL,NULL,NULL,NULL,NULL,1,NULL,NULL,0,1,3,0.00,NULL,NULL,1,1,1,NULL,NULL,1,NULL,0.00,5,1.00,NULL,NULL,NULL,NULL,3,1,1,2,4,1,3,0.00,6,0.00,NULL,0.00,2,1,1,1,0.00,0.00,1,1,0.00,0.00,1,1,1,NULL,NULL,1,NULL,NULL,1,'2020-04-24 14:49:56','2020-04-30 09:52:11',NULL),(3419,1,34,'Indemnizacion por Antigüedad',2130,21300,NULL,3,NULL,1,1,1,1,NULL,NULL,NULL,NULL,NULL,NULL,1,NULL,NULL,0,1,2,0.00,14,NULL,1,1,1,NULL,NULL,1,NULL,0.00,2,0.00,NULL,NULL,39,NULL,1,1,1,NULL,NULL,1,28,0.00,6,0.00,NULL,0.00,2,1,1,1,0.00,0.00,1,1,0.00,0.00,1,1,1,NULL,NULL,1,NULL,NULL,1,'2020-04-24 17:24:27','2020-04-30 12:12:54',NULL),(3420,1,34,'Presentismo No Rem',180,1800,NULL,1,NULL,1,1,1,1,NULL,NULL,NULL,NULL,NULL,NULL,1,NULL,NULL,0,1,1,8.33,NULL,NULL,1,1,1,NULL,NULL,1,NULL,0.00,5,0.00,NULL,NULL,NULL,NULL,3,1,1,2,4,1,NULL,0.00,6,0.00,NULL,0.00,3,1,1,1,0.00,0.00,1,1,0.00,0.00,1,1,1,NULL,NULL,1,NULL,NULL,1,'2020-05-06 12:50:49','2020-05-06 17:04:04',NULL),(3421,88,34,'VIATICO No Remunerativo',2000,1700,NULL,3,NULL,1,1,1,1,NULL,NULL,NULL,NULL,NULL,NULL,1,NULL,NULL,1,0,3,30.00,NULL,NULL,1,1,1,NULL,NULL,1,NULL,0.00,1,156.00,NULL,NULL,NULL,NULL,1,1,1,NULL,NULL,1,NULL,0.00,6,0.00,NULL,0.00,2,1,1,1,0.00,0.00,1,1,0.00,0.00,1,1,1,NULL,NULL,1,NULL,NULL,1,'2020-05-06 16:26:24','2020-05-22 13:56:05',NULL),(3422,88,34,'Plusl hora nocturna VG',1210,12100,NULL,2,NULL,1,1,1,1,1,1,1,1,NULL,NULL,1,NULL,NULL,0,0,3,0.00,NULL,NULL,1,1,1,NULL,NULL,1,NULL,0.00,2,0.00,NULL,NULL,12,NULL,1,1,1,NULL,NULL,1,9,0.00,6,0.00,NULL,0.00,2,1,1,1,0.00,0.00,1,1,0.00,0.00,1,1,1,NULL,NULL,1,NULL,NULL,1,'2020-04-07 03:05:35','2020-05-22 14:23:37',NULL),(3423,88,34,'Presentismo VP',1070,10700,NULL,2,NULL,1,1,1,1,0,1,1,0,NULL,NULL,1,NULL,NULL,0,0,3,1.00,NULL,NULL,1,1,1,NULL,NULL,1,NULL,0.00,1,2400.00,NULL,NULL,NULL,NULL,3,1,1,2,4,1,NULL,0.00,6,0.00,NULL,0.00,2,2,4,2,-2.00,0.00,1,1,0.00,0.00,3,1,1,2,2,1,NULL,NULL,1,'2020-04-07 03:05:36','2020-05-22 13:52:01',NULL),(3424,88,34,'Presentismo ADM',1070,10700,NULL,2,NULL,1,1,1,1,0,1,1,0,NULL,NULL,1,NULL,NULL,0,0,3,1.00,NULL,NULL,1,1,1,NULL,NULL,1,NULL,0.00,1,2300.00,NULL,NULL,NULL,NULL,3,1,1,2,4,1,NULL,0.00,6,0.00,NULL,0.00,2,2,4,2,-2.00,0.00,1,1,0.00,0.00,3,1,1,2,2,1,NULL,NULL,1,'2020-04-07 03:05:36','2020-05-22 13:55:00',NULL),(3425,5562,5,'Plus Feriado',1115,11150,NULL,2,NULL,1,1,1,1,NULL,NULL,NULL,NULL,NULL,NULL,1,NULL,NULL,1,1,3,0.00,NULL,NULL,1,1,1,NULL,NULL,1,NULL,0.00,5,0.00,NULL,NULL,48,NULL,3,1,1,2,4,1,6,0.00,6,0.00,NULL,0.00,2,1,1,1,0.00,0.00,1,1,0.00,0.00,1,1,1,NULL,NULL,1,NULL,NULL,1,'2021-08-28 15:21:56','2021-10-04 16:19:09',NULL),(3426,5562,6,'Plus Feriado',1115,11150,1,2,NULL,1,1,1,1,NULL,NULL,NULL,NULL,NULL,NULL,1,NULL,NULL,1,1,3,0.00,NULL,NULL,1,1,1,NULL,NULL,1,NULL,0.00,5,0.00,NULL,NULL,48,NULL,3,1,1,2,4,1,6,0.00,6,0.00,NULL,0.00,2,1,1,1,0.00,0.00,1,1,0.00,0.00,1,1,1,NULL,NULL,1,NULL,NULL,1,'2021-08-28 15:21:56','2022-09-08 10:04:40',NULL),(3427,NULL,7,'Plus Feriado',1115,11150,NULL,2,NULL,1,1,1,1,NULL,NULL,NULL,NULL,NULL,NULL,1,NULL,NULL,1,1,3,0.00,NULL,NULL,1,1,1,NULL,NULL,1,NULL,0.00,2,0.00,NULL,NULL,48,NULL,1,1,1,NULL,NULL,1,NULL,0.00,6,0.00,NULL,0.00,2,1,1,1,0.00,0.00,1,1,0.00,0.00,1,1,1,NULL,NULL,1,NULL,NULL,1,'2021-08-28 15:21:56','2021-08-28 15:21:56',NULL);
INSERT INTO `syj_conceptos` VALUES (3428,NULL,13,'Plus Feriado',1115,11150,NULL,2,NULL,1,1,1,1,NULL,NULL,NULL,NULL,NULL,NULL,1,NULL,NULL,1,1,3,0.00,NULL,NULL,1,1,1,NULL,NULL,1,NULL,0.00,2,0.00,NULL,NULL,48,NULL,1,1,1,NULL,NULL,1,NULL,0.00,6,0.00,NULL,0.00,2,1,1,1,0.00,0.00,1,1,0.00,0.00,1,1,1,NULL,NULL,1,NULL,NULL,1,'2021-08-28 15:21:56','2021-08-28 15:21:56',NULL),(3429,NULL,14,'Plus Feriado',1115,11150,NULL,2,NULL,1,1,1,1,NULL,NULL,NULL,NULL,NULL,NULL,1,NULL,NULL,1,1,3,0.00,NULL,NULL,1,1,1,NULL,NULL,1,NULL,0.00,2,0.00,NULL,NULL,48,NULL,1,1,1,NULL,NULL,1,NULL,0.00,6,0.00,NULL,0.00,2,1,1,1,0.00,0.00,1,1,0.00,0.00,1,1,1,NULL,NULL,1,NULL,NULL,1,'2021-08-28 15:21:56','2021-08-28 15:21:56',NULL),(3430,NULL,15,'Plus Feriado',1115,11150,NULL,2,NULL,1,1,1,1,NULL,NULL,NULL,NULL,NULL,NULL,1,NULL,NULL,1,1,3,0.00,NULL,NULL,1,1,1,NULL,NULL,1,NULL,0.00,2,0.00,NULL,NULL,48,NULL,1,1,1,NULL,NULL,1,NULL,0.00,6,0.00,NULL,0.00,2,1,1,1,0.00,0.00,1,1,0.00,0.00,1,1,1,NULL,NULL,1,NULL,NULL,1,'2021-08-28 15:21:56','2021-08-28 15:21:56',NULL),(3431,NULL,16,'Plus Feriado',1115,11150,NULL,2,NULL,1,1,1,1,NULL,NULL,NULL,NULL,NULL,NULL,1,NULL,NULL,1,1,3,0.00,NULL,NULL,1,1,1,NULL,NULL,1,NULL,0.00,2,0.00,NULL,NULL,48,NULL,1,1,1,NULL,NULL,1,NULL,0.00,6,0.00,NULL,0.00,2,1,1,1,0.00,0.00,1,1,0.00,0.00,1,1,1,NULL,NULL,1,NULL,NULL,1,'2021-08-28 15:21:56','2021-08-28 15:21:56',NULL),(3432,NULL,17,'Plus Feriado',1115,11150,NULL,2,NULL,1,1,1,1,NULL,NULL,NULL,NULL,NULL,NULL,1,NULL,NULL,1,1,3,0.00,NULL,NULL,1,1,1,NULL,NULL,1,NULL,0.00,2,0.00,NULL,NULL,48,NULL,1,1,1,NULL,NULL,1,NULL,0.00,6,0.00,NULL,0.00,2,1,1,1,0.00,0.00,1,1,0.00,0.00,1,1,1,NULL,NULL,1,NULL,NULL,1,'2021-08-28 15:21:56','2021-08-28 15:21:56',NULL),(3433,NULL,18,'Plus Feriado',1115,11150,NULL,2,NULL,1,1,1,1,NULL,NULL,NULL,NULL,NULL,NULL,1,NULL,NULL,1,1,3,0.00,NULL,NULL,1,1,1,NULL,NULL,1,NULL,0.00,2,0.00,NULL,NULL,48,NULL,1,1,1,NULL,NULL,1,NULL,0.00,6,0.00,NULL,0.00,2,1,1,1,0.00,0.00,1,1,0.00,0.00,1,1,1,NULL,NULL,1,NULL,NULL,1,'2021-08-28 15:21:56','2021-08-28 15:21:56',NULL),(3434,NULL,19,'Plus Feriado',1115,11150,NULL,2,NULL,1,1,1,1,NULL,NULL,NULL,NULL,NULL,NULL,1,NULL,NULL,1,1,3,0.00,NULL,NULL,1,1,1,NULL,NULL,1,NULL,0.00,2,0.00,NULL,NULL,48,NULL,1,1,1,NULL,NULL,1,NULL,0.00,6,0.00,NULL,0.00,2,1,1,1,0.00,0.00,1,1,0.00,0.00,1,1,1,NULL,NULL,1,NULL,NULL,1,'2021-08-28 15:21:56','2021-08-28 15:21:56',NULL),(3435,NULL,20,'Plus Feriado',1115,11150,NULL,2,NULL,1,1,1,1,NULL,NULL,NULL,NULL,NULL,NULL,1,NULL,NULL,1,1,3,0.00,NULL,NULL,1,1,1,NULL,NULL,1,NULL,0.00,2,0.00,NULL,NULL,48,NULL,1,1,1,NULL,NULL,1,NULL,0.00,6,0.00,NULL,0.00,2,1,1,1,0.00,0.00,1,1,0.00,0.00,1,1,1,NULL,NULL,1,NULL,NULL,1,'2021-08-28 15:21:56','2021-08-28 15:21:56',NULL),(3436,NULL,21,'Plus Feriado',1115,11150,NULL,2,NULL,1,1,1,1,NULL,NULL,NULL,NULL,NULL,NULL,1,NULL,NULL,1,1,3,0.00,NULL,NULL,1,1,1,NULL,NULL,1,NULL,0.00,2,0.00,NULL,NULL,48,NULL,1,1,1,NULL,NULL,1,NULL,0.00,6,0.00,NULL,0.00,2,1,1,1,0.00,0.00,1,1,0.00,0.00,1,1,1,NULL,NULL,1,NULL,NULL,1,'2021-08-28 15:21:56','2021-08-28 15:21:56',NULL),(3437,NULL,22,'Plus Feriado',1115,11150,NULL,2,NULL,1,1,1,1,NULL,NULL,NULL,NULL,NULL,NULL,1,NULL,NULL,1,1,3,0.00,NULL,NULL,1,1,1,NULL,NULL,1,NULL,0.00,2,0.00,NULL,NULL,48,NULL,1,1,1,NULL,NULL,1,NULL,0.00,6,0.00,NULL,0.00,2,1,1,1,0.00,0.00,1,1,0.00,0.00,1,1,1,NULL,NULL,1,NULL,NULL,1,'2021-08-28 15:21:56','2021-08-28 15:21:56',NULL),(3438,NULL,24,'Plus Feriado',1115,11150,NULL,2,NULL,1,1,1,1,NULL,NULL,NULL,NULL,NULL,NULL,1,NULL,NULL,1,1,3,0.00,NULL,NULL,1,1,1,NULL,NULL,1,NULL,0.00,2,0.00,NULL,NULL,48,NULL,1,1,1,NULL,NULL,1,NULL,0.00,6,0.00,NULL,0.00,2,1,1,1,0.00,0.00,1,1,0.00,0.00,1,1,1,NULL,NULL,1,NULL,NULL,1,'2021-08-28 15:21:56','2021-08-28 15:21:56',NULL),(3439,NULL,34,'Plus Feriado',1115,11150,NULL,2,NULL,1,1,1,1,NULL,NULL,NULL,NULL,NULL,NULL,1,NULL,NULL,1,1,3,0.00,NULL,NULL,1,1,1,NULL,NULL,1,NULL,0.00,2,0.00,NULL,NULL,48,NULL,1,1,1,NULL,NULL,1,NULL,0.00,6,0.00,NULL,0.00,2,1,1,1,0.00,0.00,1,1,0.00,0.00,1,1,1,NULL,NULL,1,NULL,NULL,1,'2021-08-28 15:21:56','2021-08-28 15:21:56',NULL);
INSERT INTO `syj_conceptos` VALUES (3440,5562,35,'Comisiones de venta',1220,12200,NULL,2,NULL,2,1,1,1,0,1,1,0,NULL,NULL,1,NULL,NULL,0,1,1,1.00,NULL,NULL,1,1,1,NULL,NULL,1,NULL,0.00,1,0.00,NULL,NULL,NULL,NULL,1,1,1,NULL,NULL,1,NULL,0.00,6,0.00,NULL,0.00,2,1,1,1,0.00,0.00,1,1,0.00,0.00,1,1,1,NULL,NULL,1,NULL,NULL,0,'2020-04-07 06:05:35','2021-09-04 18:10:15',NULL),(3441,5562,35,'Reintegro Ganancias Renta 4ta Categoría',2800,43700,NULL,3,NULL,1,1,1,1,0,0,0,0,NULL,NULL,1,NULL,NULL,0,1,1,1.00,NULL,NULL,1,1,1,NULL,NULL,1,NULL,0.00,1,0.00,NULL,NULL,NULL,NULL,1,1,1,NULL,NULL,1,7,0.00,6,0.00,9,0.00,2,1,1,1,0.00,0.00,1,1,0.00,0.00,1,1,1,NULL,NULL,1,NULL,NULL,0,'2020-04-07 06:05:35','2020-05-06 17:17:25',NULL),(3442,5562,35,'Redondeo',2900,43800,64,3,NULL,1,1,1,1,0,1,0,0,NULL,NULL,1,NULL,NULL,0,1,1,1.00,NULL,NULL,1,1,1,NULL,NULL,1,NULL,0.00,1,0.00,NULL,NULL,NULL,NULL,1,1,1,NULL,NULL,1,NULL,0.00,2,0.00,11,0.00,1,1,1,1,0.00,0.00,1,1,0.00,0.00,1,1,1,NULL,NULL,1,NULL,NULL,1,'2020-04-07 06:05:35','2022-05-03 15:24:42',NULL),(3443,5562,35,'Retención Ganancias Renta 4ta Categoría',4330,43600,NULL,5,NULL,1,1,1,7,0,0,0,0,NULL,NULL,1,NULL,NULL,1,1,1,1.00,NULL,NULL,1,1,1,NULL,NULL,1,NULL,0.00,3,0.00,NULL,NULL,NULL,NULL,1,1,1,NULL,NULL,1,NULL,0.00,6,0.00,NULL,0.00,2,1,1,1,0.00,0.00,1,1,0.00,0.00,1,1,1,NULL,NULL,1,NULL,'Se puede ingresar a mano o lo calcula Taxes, creando un detalle de liquidacion en el empleado',0,'2020-04-07 06:05:35','2024-02-07 18:50:12',NULL),(3444,5562,35,'Adicional voluntario',1210,12100,NULL,2,NULL,2,1,1,1,1,1,1,0,NULL,NULL,1,NULL,NULL,0,1,3,1.00,NULL,NULL,1,1,1,NULL,NULL,1,NULL,0.00,3,0.00,NULL,NULL,NULL,NULL,1,1,1,NULL,NULL,1,NULL,0.00,6,0.00,NULL,0.00,2,1,1,1,0.00,0.00,1,1,0.00,0.00,1,1,1,NULL,NULL,1,NULL,NULL,1,'2020-04-07 06:05:35','2020-04-16 15:28:01',NULL),(3445,5562,35,'Vacaciones',1045,11000,1,2,NULL,1,1,1,1,0,1,1,0,NULL,NULL,1,NULL,NULL,0,1,2,0.00,33,NULL,1,1,1,NULL,NULL,1,NULL,0.00,2,0.00,NULL,NULL,18,NULL,1,1,1,NULL,NULL,1,NULL,0.00,6,0.00,NULL,0.00,2,1,1,1,0.00,0.00,1,1,0.00,0.00,1,1,1,NULL,NULL,1,NULL,NULL,1,'2020-04-07 06:05:35','2022-05-04 10:36:26',NULL),(3446,5562,35,'A cuenta futuros aumentos',1230,12300,NULL,2,NULL,2,1,1,1,1,1,1,0,NULL,NULL,1,NULL,NULL,0,1,3,1.00,NULL,NULL,1,1,1,NULL,NULL,1,NULL,0.00,3,0.00,NULL,NULL,NULL,NULL,1,1,1,NULL,NULL,1,NULL,0.00,6,0.00,NULL,0.00,2,1,1,1,0.00,0.00,1,1,0.00,0.00,1,1,1,NULL,NULL,1,NULL,NULL,1,'2020-04-07 06:05:35','2020-05-06 15:00:11',NULL),(3447,5562,35,'Aumento solidario Decreto 14/2020',1240,12400,NULL,2,NULL,1,1,1,1,0,1,1,0,NULL,NULL,1,NULL,NULL,0,1,3,1.00,NULL,NULL,1,1,1,NULL,NULL,1,NULL,0.00,3,4000.00,NULL,NULL,NULL,NULL,1,1,1,NULL,NULL,1,NULL,0.00,6,0.00,NULL,0.00,2,1,1,1,0.00,0.00,1,1,0.00,0.00,1,1,1,NULL,NULL,1,NULL,'Valido hasta...',0,'2020-04-07 06:05:35','2021-09-04 18:09:43',NULL),(3448,5562,35,'Aumento No Remunerativo 139/2021 CNTA',2920,29200,63,3,NULL,1,1,1,1,1,1,0,0,NULL,NULL,1,NULL,NULL,0,0,1,1.00,NULL,NULL,1,1,1,NULL,NULL,1,NULL,0.00,1,7792.00,NULL,NULL,NULL,NULL,1,1,1,NULL,NULL,1,NULL,0.00,6,0.00,NULL,0.00,2,1,1,1,0.00,0.00,1,1,0.00,0.00,1,1,1,NULL,NULL,1,NULL,NULL,0,'2020-04-07 06:05:35','2022-07-08 12:19:50',NULL),(3449,5562,35,'SAC Indemnización sustitutiva Mes de Preaviso',2030,29400,NULL,3,NULL,1,1,1,1,0,1,0,0,NULL,NULL,1,NULL,NULL,0,1,1,1.00,NULL,NULL,1,1,1,NULL,NULL,1,NULL,0.00,5,0.00,NULL,NULL,NULL,NULL,3,1,1,2,4,1,NULL,0.00,6,0.00,NULL,0.00,2,1,1,1,0.00,0.00,1,1,0.00,0.00,1,1,1,NULL,NULL,1,NULL,NULL,1,'2020-04-07 06:05:36','2020-04-24 20:16:58',NULL),(3450,5562,35,'Indemnización Por Antigüedad ART 247',2950,29500,53,3,NULL,1,1,1,1,0,0,0,0,NULL,NULL,1,NULL,NULL,0,1,1,1.00,NULL,NULL,1,1,1,NULL,NULL,1,NULL,0.00,3,0.00,NULL,NULL,NULL,NULL,1,1,1,NULL,NULL,1,NULL,0.00,6,0.00,NULL,0.00,2,1,1,1,0.00,0.00,1,1,0.00,0.00,1,1,1,NULL,NULL,1,NULL,NULL,1,'2020-04-07 06:05:36','2024-12-10 17:50:47',NULL);
INSERT INTO `syj_conceptos` VALUES (3451,5562,35,'Gratificación por egreso',2100,21000,NULL,3,NULL,1,1,1,1,0,1,0,0,NULL,NULL,1,NULL,NULL,0,1,1,1.00,NULL,NULL,1,1,1,NULL,NULL,1,NULL,0.00,3,0.00,NULL,NULL,NULL,NULL,1,1,1,NULL,NULL,1,NULL,0.00,6,0.00,NULL,0.00,2,1,1,1,0.00,0.00,1,1,0.00,0.00,1,1,1,NULL,NULL,1,NULL,NULL,1,'2020-04-07 06:05:36','2020-05-06 15:15:09',NULL),(3452,5562,35,'Inasistencia por Suspensión',1060,11114,NULL,2,NULL,1,1,1,1,0,1,1,0,NULL,NULL,1,NULL,NULL,0,1,3,0.00,NULL,NULL,1,1,1,NULL,NULL,1,NULL,0.00,5,0.00,NULL,NULL,NULL,NULL,3,1,1,2,4,1,5,0.00,6,0.00,NULL,0.00,2,1,1,1,0.00,0.00,1,1,0.00,0.00,1,1,1,NULL,NULL,1,NULL,'Cargar la cantidad de Dias en Negativo',1,'2020-04-07 06:05:36','2020-04-25 12:25:53',NULL),(3453,5562,35,'Presentismo',1070,11115,NULL,2,NULL,1,1,1,1,0,1,1,0,NULL,NULL,1,NULL,NULL,0,1,1,8.33,NULL,NULL,1,1,1,NULL,NULL,1,NULL,0.00,5,0.00,NULL,NULL,NULL,NULL,3,1,1,2,4,1,NULL,0.00,6,0.00,NULL,0.00,3,2,4,2,-2.00,0.00,1,1,0.00,0.00,3,1,1,2,2,1,NULL,NULL,0,'2020-04-07 06:05:36','2021-09-04 17:46:01',NULL),(3454,5562,35,'Horas Extras al 50%',1080,11121,NULL,2,NULL,1,1,1,1,1,1,1,0,NULL,NULL,1,NULL,NULL,0,1,3,0.00,NULL,NULL,1,1,1,NULL,NULL,1,NULL,0.00,2,0.00,NULL,NULL,30,NULL,3,1,1,2,4,1,1,0.00,6,0.00,NULL,0.00,2,1,1,1,0.00,0.00,1,1,0.00,0.00,1,1,1,NULL,NULL,1,NULL,NULL,1,'2020-04-07 06:05:36','2020-04-24 19:56:05',NULL),(3455,5562,35,'Horas Extras al 100%',1090,11122,NULL,2,NULL,1,1,1,1,1,1,1,0,NULL,NULL,1,NULL,NULL,0,1,3,0.00,NULL,NULL,1,1,1,NULL,NULL,1,NULL,0.00,2,0.00,NULL,NULL,29,NULL,3,1,1,2,4,1,1,0.00,6,0.00,NULL,0.00,2,1,1,1,0.00,0.00,1,1,0.00,0.00,1,1,1,NULL,NULL,1,NULL,NULL,1,'2020-04-07 06:05:36','2020-04-24 19:56:47',NULL),(3456,5562,35,'Feriados Nacionales  Trabajados',1112,11110,NULL,2,NULL,1,1,1,1,0,1,1,0,NULL,NULL,1,NULL,NULL,0,1,3,0.00,NULL,NULL,1,1,1,NULL,NULL,1,NULL,0.00,2,0.00,NULL,NULL,18,NULL,3,1,1,2,3,1,NULL,0.00,6,0.00,NULL,0.00,2,1,1,1,0.00,0.00,1,1,0.00,0.00,1,1,1,NULL,NULL,1,NULL,'Se deberá informar por las novedades la cantidad de dias Feriados Nac.Trabajados\r\nDicho concepto retorna como Valor, la suma del Básico /30 + Básico/25.',1,'2020-04-07 06:05:36','2020-04-30 12:17:04',NULL),(3457,5562,35,'PRV s/Vacaciones',1130,11050,NULL,2,NULL,1,1,1,1,0,1,0,0,NULL,NULL,1,NULL,NULL,0,1,1,0.00,NULL,NULL,1,1,1,NULL,NULL,1,3,0.00,5,0.00,NULL,NULL,NULL,NULL,2,2,3,2,4,3,NULL,0.00,6,0.00,NULL,0.00,2,1,1,1,0.00,0.00,1,1,0.00,0.00,1,1,1,NULL,NULL,1,NULL,NULL,0,'2020-04-07 06:05:36','2020-05-08 13:30:32',NULL),(3458,5562,35,'Licencia por Maternidad',1190,11900,NULL,2,NULL,1,1,1,1,0,1,1,0,NULL,NULL,1,NULL,NULL,0,1,3,0.00,NULL,NULL,1,1,1,NULL,NULL,1,NULL,0.00,5,0.00,NULL,NULL,NULL,NULL,3,1,1,2,4,1,NULL,0.00,1,0.00,NULL,0.00,NULL,1,1,1,0.00,0.00,1,1,0.00,0.00,1,1,1,NULL,NULL,1,NULL,'Si la empleada estuvo el mes completo de Licencia se liquidará por medio del tipo de liquidación ”Licencia por Maternidad”  informando los 30 días.\r\nCaso contrario se liquidará a través de la',1,'2020-04-07 06:05:36','2020-05-06 14:56:02',NULL),(3459,5562,35,'Descuento Licencia por Maternidad',1200,12000,NULL,2,NULL,1,1,1,1,0,1,1,0,NULL,NULL,1,NULL,NULL,0,1,1,1.00,NULL,NULL,1,1,1,NULL,NULL,1,NULL,0.00,5,0.00,NULL,NULL,NULL,NULL,3,1,1,2,4,1,NULL,0.00,6,-1.00,NULL,0.00,6,1,1,1,0.00,0.00,1,1,0.00,0.00,1,1,1,NULL,NULL,1,NULL,NULL,1,'2020-04-07 06:05:36','2020-05-06 14:58:40',NULL),(3460,5562,35,'Indemnización Integración Mes de Despido',2010,20100,NULL,3,NULL,1,1,1,1,0,1,0,0,NULL,NULL,1,NULL,NULL,0,1,1,1.00,NULL,NULL,1,1,1,NULL,NULL,1,5,0.00,5,0.00,NULL,NULL,NULL,NULL,3,1,1,2,4,1,NULL,0.00,6,0.00,NULL,0.00,2,1,1,1,0.00,0.00,1,1,0.00,0.00,1,1,1,NULL,NULL,1,NULL,NULL,1,'2020-04-07 06:05:36','2024-12-10 17:15:26',NULL),(3461,5562,35,'PRV s/Integracion Mes de Despido',2061,20600,NULL,3,NULL,1,1,1,1,0,1,0,0,NULL,NULL,1,NULL,NULL,0,1,1,0.00,NULL,NULL,1,1,1,NULL,NULL,1,6,0.00,5,0.00,NULL,NULL,NULL,NULL,2,2,2,2,4,3,4,0.00,6,0.00,NULL,0.00,2,1,1,1,0.00,0.00,1,1,0.00,0.00,1,1,1,NULL,NULL,1,NULL,NULL,1,'2020-04-07 06:05:36','2024-12-10 17:17:06',NULL);
INSERT INTO `syj_conceptos` VALUES (3462,5562,35,'Indemnización sustitutiva Mes de Preaviso',2025,20250,NULL,3,NULL,1,1,1,1,0,1,0,0,NULL,NULL,1,NULL,NULL,0,1,3,1.00,NULL,NULL,1,1,1,NULL,NULL,1,NULL,0.00,2,0.00,NULL,NULL,38,NULL,1,1,1,NULL,NULL,1,NULL,0.00,6,0.00,NULL,0.00,2,1,1,1,0.00,0.00,1,1,0.00,0.00,1,1,1,NULL,NULL,1,NULL,NULL,1,'2020-04-07 06:05:36','2024-12-10 16:38:01',NULL),(3463,5562,35,'PRV s/Mes de Preaviso',2060,20600,NULL,3,NULL,1,1,1,1,0,1,0,0,NULL,NULL,1,NULL,NULL,0,1,1,0.00,NULL,NULL,1,1,1,NULL,NULL,1,NULL,0.00,1,0.00,NULL,NULL,NULL,NULL,1,1,1,NULL,NULL,1,NULL,0.00,2,0.00,NULL,0.00,NULL,1,1,1,0.00,0.00,1,1,0.00,0.00,1,1,1,NULL,NULL,1,NULL,NULL,0,'2020-04-07 06:05:36','2020-05-06 15:10:39',NULL),(3464,5562,35,'Vacaciones No Gozadas',2115,20000,63,3,NULL,1,1,1,1,0,1,0,0,NULL,NULL,1,NULL,NULL,1,1,3,0.00,NULL,NULL,1,1,1,NULL,NULL,1,8,0.00,3,0.00,NULL,NULL,NULL,NULL,3,1,1,2,4,1,6,0.00,6,0.00,NULL,0.00,2,1,1,1,0.00,0.00,1,1,0.00,0.00,1,1,1,NULL,NULL,1,NULL,'En caso de Liquidar Final sin contar con Liquidaciones de meses anteriores, se deberá cambiar la configuración de la solapa valor unitario por Orgien del Valor: A INGRESAR.',1,'2020-04-07 06:05:36','2022-10-14 23:01:35',NULL),(3465,5562,35,'PRV s/Vacaciones No Gozadas',2060,20600,NULL,3,NULL,1,1,1,1,0,1,0,0,NULL,NULL,1,NULL,NULL,0,1,5,0.00,NULL,NULL,3,1,1,2,2,1,NULL,0.00,5,0.00,NULL,NULL,NULL,NULL,2,2,3,2,4,3,4,0.00,6,0.00,NULL,0.00,2,1,1,1,0.00,0.00,1,1,0.00,0.00,1,1,1,NULL,NULL,1,NULL,NULL,0,'2020-04-07 06:05:36','2020-05-06 15:12:32',NULL),(3466,5562,35,'Feriados Nacionales No Trab. No Rem',2350,23500,NULL,3,NULL,1,1,1,1,0,1,0,0,NULL,NULL,1,NULL,NULL,0,1,1,0.00,NULL,NULL,1,1,1,NULL,NULL,1,NULL,0.00,1,0.00,NULL,NULL,NULL,NULL,1,1,1,NULL,NULL,1,NULL,0.00,2,0.00,NULL,0.00,NULL,1,1,1,0.00,0.00,1,1,0.00,0.00,1,1,1,NULL,NULL,1,NULL,NULL,1,'2020-04-07 06:05:36','2020-05-06 15:17:23',NULL),(3467,5562,35,'Feriados Nacionales Trabajados No Rem',2400,24000,NULL,3,NULL,1,1,1,1,0,1,0,0,NULL,NULL,1,NULL,NULL,0,1,1,0.00,NULL,NULL,1,1,1,NULL,NULL,1,NULL,0.00,1,0.00,NULL,NULL,NULL,NULL,1,1,1,NULL,NULL,1,NULL,0.00,2,0.00,NULL,0.00,NULL,1,1,1,0.00,0.00,1,1,0.00,0.00,1,1,1,NULL,NULL,1,NULL,NULL,1,'2020-04-07 06:05:36','2020-05-06 15:17:59',NULL),(3468,5562,35,'SAC Vacaciones No Gozadas',2116,21200,54,3,NULL,1,1,1,1,0,1,0,0,NULL,NULL,1,NULL,NULL,0,1,1,1.00,NULL,NULL,1,1,1,NULL,NULL,1,NULL,0.00,5,0.00,NULL,NULL,NULL,NULL,3,1,1,2,4,1,3,0.00,6,0.00,NULL,0.00,2,1,1,1,0.00,0.00,1,1,0.00,0.00,1,1,1,NULL,NULL,1,NULL,NULL,1,'2020-04-07 06:05:36','2022-09-13 19:29:30',NULL),(3469,5562,35,'Antigüedad No Remunerativo',2500,25000,NULL,3,NULL,1,1,1,1,0,1,0,0,NULL,NULL,1,NULL,NULL,0,1,2,0.00,12,NULL,1,1,1,NULL,NULL,1,NULL,0.00,5,0.00,NULL,NULL,NULL,NULL,3,1,1,2,4,1,NULL,0.00,6,0.00,NULL,0.00,3,1,1,1,0.00,0.00,1,1,0.00,0.00,1,1,1,NULL,NULL,1,NULL,NULL,0,'2020-04-07 06:05:36','2020-05-08 13:11:41',NULL),(3470,5562,35,'Presentismo No Remunerativo',2550,27501,NULL,3,NULL,1,1,1,1,0,1,0,0,NULL,NULL,1,NULL,NULL,0,1,1,8.33,NULL,NULL,1,1,1,NULL,NULL,1,NULL,0.00,5,0.00,NULL,NULL,NULL,NULL,3,1,1,2,4,1,NULL,0.00,6,0.00,NULL,0.00,3,2,4,2,-2.00,0.00,1,1,0.00,0.00,3,1,1,2,4,1,NULL,NULL,0,'2020-04-07 06:05:36','2020-05-08 13:21:31',NULL),(3471,5562,35,'1º SAC No Rem',2600,26000,NULL,3,NULL,1,1,1,1,0,1,0,0,NULL,NULL,1,NULL,NULL,0,1,5,0.00,NULL,NULL,3,1,1,2,2,1,NULL,0.00,5,0.00,NULL,NULL,NULL,NULL,3,1,1,2,4,1,NULL,0.00,6,0.00,NULL,0.00,2,1,1,1,0.00,0.00,1,1,0.00,0.00,1,1,1,NULL,NULL,1,NULL,NULL,1,'2020-04-07 06:05:36','2024-12-10 18:07:20',NULL),(3472,5562,35,'Horas Extras al 50% s/ No Rem',2650,26500,NULL,3,NULL,1,1,1,1,0,1,0,0,NULL,NULL,1,NULL,NULL,0,1,5,0.00,NULL,NULL,3,1,1,2,2,1,NULL,0.00,5,0.00,NULL,NULL,NULL,NULL,3,1,1,2,4,1,13,0.00,6,0.00,NULL,0.00,2,1,1,1,0.00,0.00,1,1,0.00,0.00,1,1,1,NULL,NULL,1,NULL,NULL,0,'2020-04-07 06:05:36','2020-05-08 13:15:05',NULL);
INSERT INTO `syj_conceptos` VALUES (3473,5562,35,'Horas Extras al 100% s/ No Rem',2700,27000,NULL,3,NULL,1,1,1,1,0,1,0,0,NULL,NULL,1,NULL,NULL,0,1,5,0.00,NULL,NULL,3,1,1,2,2,1,NULL,0.00,5,0.00,NULL,NULL,NULL,NULL,3,1,1,2,4,1,14,0.00,6,0.00,NULL,0.00,2,1,1,1,0.00,0.00,1,1,0.00,0.00,1,1,1,NULL,NULL,1,NULL,NULL,0,'2020-04-07 06:05:36','2020-05-08 13:15:45',NULL),(3474,5562,35,'Inasistencias Injustificadas No Rem',2750,27500,NULL,3,NULL,1,1,1,1,0,1,0,0,NULL,NULL,1,NULL,NULL,0,1,5,0.00,NULL,NULL,3,1,1,2,2,1,NULL,0.00,5,0.00,NULL,NULL,NULL,NULL,3,1,1,2,4,1,5,0.00,6,0.00,NULL,0.00,2,1,1,1,0.00,0.00,1,1,0.00,0.00,1,1,1,NULL,NULL,1,NULL,'Cargar la cantidad de Días en negativo.',1,'2020-04-07 06:05:36','2020-05-06 15:51:31',NULL),(3475,5562,35,'2º SAC No Rem',2610,26100,NULL,3,NULL,1,1,1,1,0,1,0,0,NULL,NULL,1,NULL,NULL,0,1,5,0.00,NULL,NULL,3,1,1,2,2,1,NULL,0.00,5,0.00,NULL,NULL,NULL,NULL,3,1,1,2,4,1,NULL,0.00,6,0.00,NULL,0.00,2,1,1,1,0.00,0.00,1,1,0.00,0.00,1,1,1,NULL,NULL,1,NULL,NULL,1,'2020-04-07 06:05:36','2020-05-06 15:35:45',NULL),(3476,5562,35,'SAC No Remunerativo',2620,26200,NULL,3,NULL,1,1,1,1,0,1,0,0,NULL,NULL,1,NULL,NULL,0,1,2,0.00,36,NULL,1,1,1,NULL,NULL,1,NULL,0.00,5,0.00,NULL,NULL,NULL,NULL,3,1,1,2,4,1,NULL,0.00,6,0.00,NULL,0.00,2,1,1,1,0.00,0.00,1,1,0.00,0.00,1,1,1,NULL,NULL,1,NULL,NULL,1,'2020-04-07 06:05:36','2024-12-10 18:07:38',NULL),(3477,5562,35,'Jubilación',4010,40100,65,5,NULL,1,3,1,4,0,1,0,0,NULL,NULL,1,NULL,NULL,0,1,2,0.00,4,NULL,1,1,1,NULL,NULL,1,NULL,0.00,5,0.00,NULL,NULL,NULL,NULL,2,2,2,2,4,1,NULL,0.00,6,0.00,NULL,0.00,3,1,1,1,0.00,0.00,1,1,0.00,0.00,1,1,1,NULL,NULL,1,NULL,NULL,1,'2020-04-07 06:05:36','2022-05-03 15:23:56',NULL),(3478,5562,35,'INSSJP (Ley 19.032)',4020,40200,66,5,NULL,1,3,1,6,0,1,0,0,NULL,NULL,1,NULL,NULL,0,1,2,0.00,2,NULL,1,1,1,NULL,NULL,1,NULL,0.00,5,0.00,NULL,NULL,NULL,NULL,2,2,2,2,4,1,NULL,0.00,6,0.00,NULL,0.00,3,1,1,1,0.00,0.00,1,1,0.00,0.00,1,1,1,NULL,NULL,1,NULL,NULL,1,'2020-04-07 06:05:36','2022-09-02 20:33:07',NULL),(3479,5562,35,'Obra Social',4030,40300,67,5,NULL,1,2,1,3,0,1,0,0,NULL,NULL,1,NULL,NULL,0,1,2,0.00,3,NULL,1,1,1,NULL,NULL,1,NULL,0.00,5,0.00,NULL,NULL,NULL,NULL,2,2,3,2,4,1,21,0.00,6,0.00,NULL,0.00,3,1,1,1,0.00,0.00,1,1,0.00,0.00,1,1,1,NULL,NULL,1,NULL,NULL,1,'2020-04-07 06:05:36','2024-07-09 16:21:51',NULL),(3480,5562,35,'Aporte Solidario Sindicato',4065,4000,76,5,NULL,1,1,1,5,0,1,0,0,NULL,NULL,1,NULL,NULL,0,1,1,2.00,NULL,NULL,1,1,1,NULL,NULL,1,NULL,0.00,5,0.00,NULL,NULL,NULL,NULL,2,2,3,2,4,1,NULL,0.00,6,0.00,NULL,0.00,3,1,1,1,0.00,0.00,1,1,0.00,0.00,1,1,1,NULL,NULL,1,NULL,NULL,1,'2020-04-07 06:05:36','2022-11-07 16:04:34',NULL),(3481,5562,35,'Obra Social s/ No Rem',4100,41000,NULL,4,NULL,1,1,1,1,0,1,0,0,NULL,NULL,1,NULL,NULL,0,1,1,0.00,NULL,NULL,1,1,1,NULL,NULL,1,NULL,0.00,1,0.00,NULL,NULL,NULL,NULL,1,1,1,NULL,NULL,1,NULL,0.00,2,0.00,NULL,0.00,NULL,1,1,1,0.00,0.00,1,1,0.00,0.00,1,1,1,NULL,NULL,1,NULL,NULL,1,'2020-04-07 06:05:36','2020-04-07 06:05:36',NULL),(3482,5562,35,'Sindicato s/ No Rem',4150,41500,NULL,4,NULL,1,1,1,1,0,1,0,0,NULL,NULL,1,NULL,NULL,0,1,1,0.00,NULL,NULL,1,1,1,NULL,NULL,1,NULL,0.00,1,0.00,NULL,NULL,NULL,NULL,1,1,1,NULL,NULL,1,NULL,0.00,2,0.00,NULL,0.00,NULL,1,1,1,0.00,0.00,1,1,0.00,0.00,1,1,1,NULL,NULL,1,NULL,NULL,1,'2020-04-07 06:05:36','2020-04-07 06:05:36',NULL),(3483,5562,35,'Adicional Familiar a cargo Obra Social',4320,43200,NULL,4,NULL,1,1,1,1,0,1,0,0,NULL,NULL,1,NULL,NULL,0,1,1,0.00,NULL,NULL,1,1,1,NULL,NULL,1,NULL,0.00,1,0.00,NULL,NULL,NULL,NULL,1,1,1,NULL,NULL,1,NULL,0.00,2,0.00,NULL,0.00,NULL,1,1,1,0.00,0.00,1,1,0.00,0.00,1,1,1,NULL,NULL,1,NULL,NULL,1,'2020-04-07 06:05:36','2020-04-07 06:05:36',NULL),(3484,5562,35,'Embargo',4060,40600,NULL,5,NULL,2,1,1,1,0,1,0,0,NULL,NULL,1,NULL,NULL,0,1,1,0.00,NULL,NULL,1,1,1,NULL,NULL,1,NULL,0.00,1,0.00,NULL,NULL,NULL,NULL,1,1,1,NULL,NULL,1,NULL,0.00,2,0.00,NULL,0.00,NULL,1,1,1,0.00,0.00,1,1,0.00,0.00,1,1,1,NULL,NULL,1,NULL,NULL,1,'2020-04-07 06:05:36','2020-05-06 16:24:52',NULL);
INSERT INTO `syj_conceptos` VALUES (3485,5562,35,'Beneficio Dto 561/19',4370,43700,NULL,4,NULL,1,1,1,1,0,1,0,0,NULL,NULL,1,NULL,NULL,0,1,1,0.00,NULL,NULL,1,1,1,NULL,NULL,1,NULL,0.00,1,0.00,NULL,NULL,NULL,NULL,1,1,1,NULL,NULL,1,NULL,0.00,2,0.00,NULL,0.00,NULL,1,1,1,0.00,0.00,1,1,0.00,0.00,1,1,1,NULL,NULL,1,NULL,NULL,1,'2020-04-07 06:05:36','2020-04-07 06:05:36',NULL),(3486,5562,35,'Jubilación',5010,50100,NULL,6,NULL,1,1,1,1,0,0,0,0,NULL,NULL,1,NULL,NULL,0,1,1,0.00,NULL,NULL,1,1,1,NULL,NULL,1,NULL,0.00,1,0.00,NULL,NULL,NULL,NULL,1,1,1,NULL,NULL,1,NULL,0.00,2,0.00,NULL,0.00,NULL,1,1,1,0.00,0.00,1,1,0.00,0.00,1,1,1,NULL,NULL,1,NULL,NULL,1,'2020-04-07 06:05:36','2020-04-07 19:22:45',NULL),(3487,5562,35,'Fondo Nacional de Empleo',5020,50200,NULL,6,NULL,1,1,1,1,0,0,0,0,NULL,NULL,1,NULL,NULL,0,1,1,0.00,NULL,NULL,1,1,1,NULL,NULL,1,NULL,0.00,1,0.00,NULL,NULL,NULL,NULL,1,1,1,NULL,NULL,1,NULL,0.00,2,0.00,NULL,0.00,NULL,1,1,1,0.00,0.00,1,1,0.00,0.00,1,1,1,NULL,NULL,1,NULL,NULL,1,'2020-04-07 06:05:36','2020-05-06 16:16:34',NULL),(3488,5562,35,'INSSJP(Ley 19.032)',5030,50300,NULL,6,NULL,1,1,1,1,0,0,0,0,NULL,NULL,1,NULL,NULL,0,1,1,0.00,NULL,NULL,1,1,1,NULL,NULL,1,NULL,0.00,1,0.00,NULL,NULL,NULL,NULL,1,1,1,NULL,NULL,1,NULL,0.00,2,0.00,NULL,0.00,NULL,1,1,1,0.00,0.00,1,1,0.00,0.00,1,1,1,NULL,NULL,1,NULL,NULL,1,'2020-04-07 06:05:36','2020-05-06 16:17:07',NULL),(3489,5562,35,'Obra Social',5040,50400,NULL,6,NULL,1,1,1,1,0,0,0,0,NULL,NULL,1,NULL,NULL,0,1,1,0.00,NULL,NULL,1,1,1,NULL,NULL,1,NULL,0.00,1,0.00,NULL,NULL,NULL,NULL,1,1,1,NULL,NULL,1,NULL,0.00,2,0.00,NULL,0.00,NULL,1,1,1,0.00,0.00,1,1,0.00,0.00,1,1,1,NULL,NULL,1,NULL,NULL,1,'2020-04-07 06:05:36','2020-04-16 15:51:58',NULL),(3490,5562,35,'Asigs Familiares',5060,50600,NULL,6,NULL,1,1,1,1,0,0,0,0,NULL,NULL,1,NULL,NULL,0,1,1,0.00,NULL,NULL,1,1,1,NULL,NULL,1,NULL,0.00,1,0.00,NULL,NULL,NULL,NULL,1,1,1,NULL,NULL,1,NULL,0.00,2,0.00,NULL,0.00,NULL,1,1,1,0.00,0.00,1,1,0.00,0.00,1,1,1,NULL,NULL,1,NULL,NULL,1,'2020-04-07 06:05:36','2020-05-06 16:17:38',NULL),(3491,5562,35,'Porcentaje ART',5080,50800,NULL,6,NULL,1,1,1,1,0,0,0,0,NULL,NULL,1,NULL,NULL,0,1,1,0.00,NULL,NULL,1,1,1,NULL,NULL,1,NULL,0.00,1,0.00,NULL,NULL,NULL,NULL,1,1,1,NULL,NULL,1,NULL,0.00,2,0.00,NULL,0.00,NULL,1,1,1,0.00,0.00,1,1,0.00,0.00,1,1,1,NULL,NULL,1,NULL,NULL,1,'2020-04-07 06:05:36','2020-05-06 16:18:32',NULL),(3492,5562,35,'Obra Social s/ No Rem',5100,51000,NULL,6,NULL,1,1,1,1,0,0,0,0,NULL,NULL,1,NULL,NULL,0,1,1,0.00,NULL,NULL,1,1,1,NULL,NULL,1,NULL,0.00,1,0.00,NULL,NULL,NULL,NULL,1,1,1,NULL,NULL,1,NULL,0.00,2,0.00,NULL,0.00,NULL,1,1,1,0.00,0.00,1,1,0.00,0.00,1,1,1,NULL,NULL,1,NULL,NULL,1,'2020-04-07 06:05:36','2020-05-06 16:18:56',NULL),(3493,5562,35,'Inasistencias Por Enfermedad',1010,10100,NULL,2,NULL,1,1,1,1,0,1,1,0,NULL,NULL,1,NULL,NULL,0,1,3,0.00,NULL,NULL,1,1,1,NULL,NULL,1,NULL,0.00,2,0.00,NULL,NULL,17,NULL,1,1,1,NULL,NULL,1,NULL,0.00,6,0.00,NULL,0.00,2,1,1,1,0.00,0.00,1,1,0.00,0.00,1,1,1,NULL,NULL,1,NULL,NULL,1,'2020-04-07 06:05:36','2020-04-08 16:00:06',NULL),(3494,5562,35,'Inasistencias por Accidente de Trabajo',1020,10200,NULL,2,NULL,1,1,1,1,0,1,1,0,NULL,NULL,1,NULL,NULL,0,1,3,0.00,NULL,NULL,1,1,1,NULL,NULL,1,NULL,0.00,2,0.00,NULL,NULL,17,NULL,1,1,1,NULL,NULL,1,NULL,0.00,6,0.00,NULL,0.00,2,1,1,1,0.00,0.00,1,1,0.00,0.00,1,1,1,NULL,NULL,1,NULL,NULL,1,'2020-04-07 06:05:36','2020-04-08 16:01:25',NULL),(3495,5562,35,'Días Trabajados',1040,10400,1,2,NULL,1,1,1,1,0,1,1,0,NULL,NULL,1,NULL,NULL,0,1,2,0.00,34,NULL,2,2,3,NULL,NULL,1,NULL,0.00,2,0.00,NULL,NULL,17,NULL,1,1,1,NULL,NULL,1,NULL,0.00,1,0.00,8,0.00,NULL,1,1,1,0.00,0.00,1,1,0.00,0.00,1,1,1,NULL,NULL,1,NULL,NULL,1,'2020-04-07 06:05:36','2022-05-03 15:21:29',NULL);
INSERT INTO `syj_conceptos` VALUES (3496,5562,35,'Día del Gremio',1110,11100,NULL,2,NULL,1,1,1,1,0,1,1,0,NULL,NULL,1,NULL,NULL,0,1,1,0.00,NULL,NULL,1,1,1,NULL,NULL,1,NULL,0.00,2,0.00,NULL,NULL,18,NULL,1,1,1,NULL,NULL,1,NULL,0.00,6,0.00,NULL,0.00,2,1,1,1,0.00,0.00,1,1,0.00,0.00,1,1,1,NULL,NULL,1,NULL,'En mes Septiembre, cuando se liquide dicho concepto se deberá ingresar manualmente en Dias Trabajados 29 dias.',1,'2020-04-07 06:05:36','2020-04-15 16:40:23',NULL),(3497,5562,35,'Feriados Nacionales No Trabajados',1111,11109,NULL,2,NULL,1,1,1,1,0,1,1,0,NULL,NULL,1,NULL,NULL,0,1,3,0.00,NULL,NULL,1,1,1,NULL,NULL,1,NULL,0.00,2,0.00,NULL,NULL,18,NULL,1,1,1,NULL,NULL,1,NULL,0.00,6,0.00,NULL,0.00,2,1,1,1,0.00,0.00,1,1,0.00,0.00,1,1,1,NULL,NULL,1,NULL,'Se deberá informar por las novedades la cantidad de dias Feriados Nac. No Trabajados\r\nDicho concepto retorna como Valor, el Básico Diario.',1,'2020-04-07 06:05:36','2020-04-08 16:05:03',NULL),(3498,5562,35,'SAC',1120,11200,12,2,NULL,1,1,1,1,0,1,1,0,NULL,NULL,1,NULL,NULL,0,1,2,0.00,36,NULL,1,1,1,NULL,NULL,1,NULL,0.00,2,0.00,NULL,NULL,38,NULL,1,1,1,NULL,NULL,1,2,0.00,6,0.00,NULL,0.00,2,1,1,1,0.00,0.00,1,1,0.00,0.00,1,1,1,NULL,NULL,1,NULL,NULL,1,'2020-04-07 06:05:36','2023-07-10 12:34:32',NULL),(3499,5562,35,'Cuota Fija ART',5070,50700,NULL,6,NULL,1,1,1,1,0,0,0,0,NULL,NULL,1,NULL,NULL,0,1,1,0.00,NULL,NULL,1,1,1,NULL,NULL,1,NULL,0.00,1,0.00,NULL,NULL,NULL,NULL,1,1,1,NULL,NULL,1,NULL,0.00,2,0.00,NULL,0.00,NULL,1,1,1,0.00,0.00,1,1,0.00,0.00,1,1,1,NULL,NULL,1,NULL,NULL,1,'2020-04-07 06:05:36','2020-05-06 16:18:04',NULL),(3500,5562,35,'Basico',90,900,NULL,1,NULL,1,1,1,1,NULL,NULL,NULL,NULL,NULL,NULL,1,NULL,NULL,0,1,1,30.00,NULL,NULL,1,1,1,NULL,NULL,1,NULL,0.00,2,0.00,NULL,NULL,17,NULL,1,1,1,NULL,NULL,1,NULL,0.00,1,0.00,8,0.00,NULL,1,1,1,0.00,0.00,1,1,0.00,0.00,1,1,1,NULL,NULL,1,NULL,'Retorna el Basico Completo = 30 * Basico Diario',1,'2020-04-07 18:08:12','2020-04-17 11:34:51',NULL),(3501,5562,35,'Antigüedad Mayor a 10 años',95,950,1,1,NULL,1,1,1,1,NULL,NULL,NULL,NULL,NULL,NULL,1,NULL,NULL,0,1,2,0.00,12,NULL,1,1,1,NULL,NULL,1,NULL,0.00,5,1.50,NULL,NULL,NULL,NULL,3,1,1,2,4,1,NULL,0.00,6,0.00,NULL,0.00,3,1,2,2,10.00,0.00,1,1,0.00,0.00,1,1,1,NULL,NULL,1,NULL,NULL,1,'2020-04-07 18:09:41','2022-05-03 14:40:53',NULL),(3502,5562,35,'Basico Diario Vacaciones',120,1200,NULL,1,NULL,1,1,1,1,NULL,NULL,NULL,NULL,NULL,NULL,1,NULL,NULL,0,1,1,1.00,NULL,NULL,1,1,1,NULL,NULL,1,NULL,0.00,2,0.00,NULL,NULL,17,NULL,1,1,1,NULL,NULL,1,NULL,0.00,6,0.00,NULL,0.00,2,1,1,1,0.00,0.00,1,1,0.00,0.00,1,1,1,NULL,NULL,1,NULL,NULL,1,'2020-04-08 16:09:47','2020-04-08 16:09:47',NULL),(3503,5562,35,'Sueldo Conformado Rem',110,1100,NULL,1,NULL,1,1,1,1,NULL,NULL,NULL,NULL,NULL,NULL,1,NULL,NULL,0,1,1,1.00,NULL,NULL,1,1,1,NULL,NULL,1,NULL,0.00,5,0.00,NULL,NULL,NULL,NULL,3,1,1,2,4,1,NULL,0.00,6,0.00,NULL,0.00,2,1,1,1,0.00,0.00,1,1,0.00,0.00,1,1,1,NULL,NULL,1,NULL,'Sumatoria de los conceptos de Control 80+90+100',1,'2020-04-08 16:21:05','2020-04-24 19:39:03',NULL),(3504,5562,35,'Presentismo',240,2400,NULL,1,NULL,1,1,1,1,NULL,NULL,NULL,NULL,NULL,NULL,1,NULL,NULL,0,1,1,8.33,NULL,NULL,1,1,1,NULL,NULL,1,NULL,0.00,5,0.00,NULL,NULL,NULL,NULL,3,1,1,2,4,1,NULL,0.00,6,0.00,NULL,0.00,3,1,1,1,0.00,0.00,1,1,0.00,0.00,1,1,1,NULL,NULL,1,NULL,NULL,0,'2020-04-08 16:22:54','2021-09-04 17:45:27',NULL),(3505,5562,35,'Antiguedad Mayor a 10 años',1050,11113,NULL,2,NULL,1,1,1,1,1,1,1,NULL,NULL,NULL,1,NULL,NULL,0,1,2,1.50,12,NULL,1,1,1,NULL,NULL,1,NULL,0.00,2,0.00,207,1,16,NULL,3,2,2,2,4,1,31,1.50,6,0.00,NULL,0.00,3,1,1,1,0.00,0.00,1,1,0.00,0.00,1,1,1,NULL,NULL,1,NULL,NULL,1,'2020-04-16 13:57:29','2021-09-04 22:33:12',NULL),(3506,5562,35,'Acuerdo CCT 130/75 febrero/2020',1241,12410,NULL,2,NULL,1,1,1,1,NULL,NULL,NULL,NULL,NULL,NULL,1,NULL,NULL,0,1,1,1.00,NULL,NULL,1,1,1,NULL,NULL,1,NULL,0.00,3,1000.00,NULL,NULL,NULL,NULL,1,1,1,NULL,NULL,1,NULL,0.00,6,0.00,NULL,0.00,2,1,1,1,0.00,0.00,1,1,0.00,0.00,1,1,1,NULL,NULL,1,NULL,NULL,0,'2020-04-16 15:21:14','2021-09-04 18:07:54',NULL);
INSERT INTO `syj_conceptos` VALUES (3507,5562,35,'Horas Extras comunes',1075,11120,NULL,2,NULL,1,1,1,1,NULL,NULL,NULL,NULL,NULL,NULL,1,NULL,NULL,1,1,3,0.00,NULL,NULL,1,1,1,NULL,NULL,1,NULL,0.00,2,0.00,NULL,NULL,31,NULL,3,1,1,2,4,1,1,0.00,6,0.00,NULL,0.00,2,1,1,1,0.00,0.00,1,1,0.00,0.00,1,1,1,NULL,NULL,1,NULL,NULL,1,'2020-04-17 11:52:46','2020-04-24 19:54:47',NULL),(3508,5562,35,'Sueldo Conformado No Rem',170,1700,NULL,1,NULL,1,1,1,1,NULL,NULL,NULL,NULL,NULL,NULL,1,NULL,NULL,0,1,1,1.00,NULL,NULL,1,1,1,NULL,NULL,1,NULL,0.00,5,0.00,NULL,NULL,NULL,NULL,3,1,1,2,4,1,NULL,0.00,6,0.00,NULL,0.00,2,1,1,1,0.00,0.00,1,1,0.00,0.00,1,1,1,NULL,NULL,1,NULL,NULL,1,'2020-04-19 10:08:56','2020-05-06 20:02:12',NULL),(3509,5562,35,'Antigüedad No Rem',175,1750,NULL,1,NULL,1,1,1,1,NULL,NULL,NULL,NULL,NULL,NULL,1,NULL,NULL,0,1,2,0.00,12,NULL,1,1,1,NULL,NULL,1,NULL,0.00,5,0.00,NULL,NULL,NULL,NULL,3,3,3,2,4,1,NULL,0.00,6,0.00,NULL,0.00,3,2,4,2,-2.00,0.00,1,1,0.00,0.00,3,1,1,2,2,1,NULL,NULL,1,'2020-04-19 10:13:32','2020-05-06 20:03:13',NULL),(3510,5562,35,'SAC Indemnización Integración Mes de Despido',2015,20150,NULL,3,NULL,1,1,1,1,NULL,NULL,NULL,NULL,NULL,NULL,1,NULL,NULL,0,1,3,0.00,NULL,NULL,1,1,1,NULL,NULL,1,NULL,0.00,5,1.00,NULL,NULL,NULL,NULL,3,1,1,2,4,1,3,0.00,6,0.00,NULL,0.00,2,1,1,1,0.00,0.00,1,1,0.00,0.00,1,1,1,NULL,NULL,1,NULL,NULL,1,'2020-04-24 17:49:56','2024-12-10 16:39:48',NULL),(3511,5562,35,'Indemnizacion por Antigüedad',2130,21300,NULL,3,NULL,1,1,1,1,NULL,NULL,NULL,NULL,NULL,NULL,1,NULL,NULL,0,1,2,0.00,14,NULL,1,1,1,NULL,NULL,1,NULL,0.00,2,0.00,NULL,NULL,39,NULL,1,1,1,NULL,NULL,1,28,0.00,6,0.00,NULL,0.00,2,1,1,1,0.00,0.00,1,1,0.00,0.00,1,1,1,NULL,NULL,1,NULL,NULL,1,'2020-04-24 20:24:27','2024-12-10 17:18:25',NULL),(3512,5562,35,'Presentismo No Rem',180,1800,NULL,1,NULL,1,1,1,1,NULL,NULL,NULL,NULL,NULL,NULL,1,NULL,NULL,0,1,1,8.33,NULL,NULL,1,1,1,NULL,NULL,1,NULL,0.00,5,0.00,NULL,NULL,NULL,NULL,3,1,1,2,4,1,NULL,0.00,6,0.00,NULL,0.00,3,1,1,1,0.00,0.00,1,1,0.00,0.00,1,1,1,NULL,NULL,1,NULL,NULL,1,'2020-05-06 15:50:49','2020-05-06 20:04:04',NULL),(3513,5562,35,'Concepto No Remunerativo',2000,1700,NULL,3,NULL,1,1,1,1,NULL,NULL,NULL,NULL,NULL,NULL,1,NULL,NULL,1,0,1,1.00,NULL,NULL,1,1,1,NULL,NULL,1,NULL,0.00,3,0.00,NULL,NULL,NULL,NULL,1,1,1,NULL,NULL,1,NULL,0.00,6,0.00,NULL,0.00,2,1,1,1,0.00,0.00,1,1,0.00,0.00,1,1,1,NULL,NULL,1,NULL,NULL,1,'2020-05-06 19:26:24','2020-05-06 19:34:00',NULL),(3514,5562,35,'Plus Feriado',1115,11150,8,2,NULL,1,1,1,1,NULL,NULL,NULL,NULL,NULL,NULL,1,NULL,NULL,1,1,3,0.00,NULL,NULL,1,1,1,NULL,NULL,1,NULL,0.00,2,0.00,NULL,NULL,48,NULL,1,1,1,NULL,NULL,1,NULL,0.00,6,0.00,NULL,0.00,2,1,1,1,0.00,0.00,1,1,0.00,0.00,1,1,1,NULL,NULL,1,NULL,NULL,1,'2021-08-28 18:21:56','2022-09-02 17:11:35',NULL),(3515,5562,35,'Aporte Solidario',4040,40400,NULL,5,NULL,1,1,1,5,0,1,0,0,NULL,NULL,1,NULL,NULL,0,1,1,2.50,NULL,NULL,1,1,1,NULL,NULL,1,NULL,0.00,5,0.00,NULL,NULL,NULL,NULL,2,2,2,2,4,1,NULL,0.00,6,0.00,NULL,0.00,3,1,1,1,0.00,0.00,1,1,0.00,0.00,1,1,1,NULL,NULL,1,NULL,NULL,1,'2020-04-07 09:05:36','2021-09-04 18:20:04','2021-09-04 18:20:04'),(3516,5562,35,'Servicio de Sepelio',4056,40400,71,5,NULL,1,1,1,5,0,1,0,0,NULL,NULL,1,NULL,NULL,0,1,1,1.50,NULL,NULL,1,1,1,NULL,NULL,1,NULL,0.00,5,0.00,NULL,NULL,NULL,NULL,2,2,2,2,4,1,NULL,0.00,6,0.00,NULL,0.00,3,1,1,1,0.00,0.00,1,1,0.00,0.00,1,1,1,NULL,NULL,1,NULL,NULL,1,'2020-04-07 09:05:36','2022-11-07 16:05:00',NULL),(3517,5562,35,'Antigüedad Menor a 10 años',94,949,22,1,NULL,1,1,1,1,NULL,NULL,NULL,NULL,NULL,NULL,1,NULL,NULL,0,1,2,0.00,12,NULL,1,1,1,NULL,NULL,1,NULL,0.00,5,1.00,NULL,NULL,NULL,NULL,3,1,1,2,4,1,NULL,0.00,6,0.00,NULL,0.00,3,1,2,2,10.00,0.00,1,1,0.00,0.00,1,1,1,NULL,NULL,1,NULL,NULL,1,'2020-04-07 21:09:41','2022-09-02 17:13:50',NULL),(3518,5562,35,'Antigüedad Menor a 10 años',1051,11113,1,2,NULL,1,1,1,1,1,1,1,NULL,NULL,NULL,1,NULL,NULL,0,1,2,1.50,12,NULL,1,1,1,NULL,NULL,1,NULL,0.00,2,0.00,207,1,16,NULL,3,2,2,2,4,1,1,0.00,6,0.00,NULL,0.00,3,1,1,1,0.00,0.00,1,1,0.00,0.00,1,1,1,NULL,NULL,1,NULL,NULL,1,'2020-04-16 16:57:29','2022-09-09 17:14:37',NULL);
INSERT INTO `syj_conceptos` VALUES (3519,5562,6,'Día del Empleado de Comercio',1110,11100,NULL,2,NULL,1,1,1,1,0,1,1,0,NULL,NULL,1,NULL,NULL,0,1,1,0.00,NULL,NULL,1,1,1,NULL,NULL,1,NULL,0.00,5,0.00,NULL,NULL,18,NULL,3,1,1,2,4,1,6,0.00,6,0.00,NULL,0.00,2,1,1,1,0.00,0.00,1,1,0.00,0.00,1,1,1,NULL,NULL,1,NULL,'En mes Septiembre, cuando se liquide dicho concepto se deberá ingresar manualmente en Dias Trabajados 29 dias.',1,'2020-04-07 06:05:36','2021-10-04 16:12:37','2021-10-04 16:12:37'),(3520,5562,22,'Percnoctada',2050,20000,63,3,NULL,1,1,1,1,NULL,NULL,NULL,NULL,NULL,NULL,1,NULL,NULL,0,0,3,30.00,NULL,NULL,1,1,1,NULL,NULL,1,NULL,0.00,1,14306.86,NULL,NULL,NULL,NULL,1,1,1,NULL,NULL,1,NULL,0.00,6,0.00,NULL,0.00,2,1,1,1,0.00,0.00,1,1,0.00,0.00,1,1,1,NULL,NULL,1,NULL,NULL,1,'2020-05-06 19:26:24','2025-10-06 16:17:03',NULL),(3521,NULL,36,'Sueldo Remunerativo',1000,10001,NULL,2,NULL,2,1,1,1,0,0,0,0,NULL,NULL,1,NULL,NULL,0,1,1,0.00,NULL,NULL,1,1,1,NULL,NULL,1,NULL,0.00,1,0.00,NULL,NULL,NULL,NULL,1,1,1,NULL,NULL,1,NULL,0.00,1,0.00,NULL,0.00,NULL,1,1,1,0.00,0.00,1,1,0.00,0.00,1,1,1,NULL,NULL,1,NULL,NULL,1,'2021-10-23 09:01:55','2021-10-23 09:01:55',NULL),(3522,5562,35,'Aumento No Remunerativo 139/2021 CNTA',2930,29200,63,3,NULL,1,1,1,1,1,1,0,0,NULL,NULL,1,NULL,NULL,0,0,1,1.00,NULL,NULL,1,1,1,NULL,NULL,1,NULL,0.00,1,8676.61,NULL,NULL,NULL,NULL,1,1,1,NULL,NULL,1,NULL,0.00,6,0.00,NULL,0.00,2,1,1,1,0.00,0.00,1,1,0.00,0.00,1,1,1,NULL,NULL,1,NULL,NULL,0,'2020-04-07 09:05:35','2022-07-08 12:20:41',NULL),(3523,5562,6,'S.E.C. Art. 100 CCT 130/75',4041,40400,69,5,NULL,1,1,1,5,0,1,0,0,NULL,NULL,1,NULL,NULL,0,1,1,2.00,NULL,NULL,1,1,1,NULL,NULL,1,NULL,0.00,5,0.00,NULL,NULL,NULL,NULL,2,2,3,2,4,1,NULL,0.00,6,0.00,NULL,0.00,3,1,1,1,0.00,0.00,1,1,0.00,0.00,1,1,1,NULL,NULL,1,NULL,NULL,1,'2020-04-07 06:05:36','2023-06-09 15:54:50',NULL),(3524,5562,6,'Aporte Solidario OSECAC',4051,40501,76,5,NULL,1,1,1,1,0,1,0,0,NULL,NULL,1,NULL,NULL,0,1,1,1.00,NULL,NULL,1,1,1,NULL,NULL,1,NULL,0.00,1,100.00,NULL,NULL,NULL,NULL,1,1,1,NULL,NULL,1,NULL,0.00,6,0.00,NULL,0.00,2,1,1,1,0.00,0.00,1,1,0.00,0.00,1,1,1,NULL,NULL,1,NULL,NULL,1,'2020-04-07 06:05:36','2023-06-09 16:07:36',NULL),(3525,5562,35,'Asignación No Remunerativa CNTA Res. 247/2021',2940,29400,NULL,3,NULL,1,1,1,1,1,1,0,0,NULL,NULL,1,NULL,NULL,0,0,1,1.00,NULL,NULL,1,1,1,NULL,NULL,1,NULL,0.00,1,10000.00,NULL,NULL,NULL,NULL,1,1,1,NULL,NULL,1,NULL,0.00,6,0.00,NULL,0.00,2,1,1,1,0.00,0.00,1,1,0.00,0.00,1,1,1,NULL,NULL,1,NULL,NULL,0,'2020-04-07 12:05:35','2022-03-02 15:24:35',NULL),(3526,5562,6,'Incremento no Rem Complementario Acuerdo 2022',1242,12410,62,3,NULL,1,1,1,1,NULL,NULL,NULL,NULL,NULL,NULL,1,NULL,NULL,0,1,3,0.00,NULL,NULL,1,1,1,NULL,NULL,1,NULL,0.00,3,52440.87,NULL,NULL,NULL,NULL,1,1,1,NULL,NULL,1,NULL,0.00,6,0.00,NULL,0.00,2,1,1,1,0.00,0.00,1,1,0.00,0.00,1,1,1,NULL,NULL,1,NULL,NULL,0,'2020-04-16 15:21:14','2023-06-09 15:52:25',NULL),(3527,5562,5,'Plus Feriado Febrero',1115,11150,NULL,2,NULL,1,1,1,1,NULL,NULL,NULL,NULL,NULL,NULL,1,NULL,NULL,1,1,3,0.00,NULL,NULL,1,1,1,NULL,NULL,1,NULL,0.00,1,521.82,NULL,NULL,48,NULL,3,1,1,2,4,1,1,0.00,6,0.00,NULL,0.00,2,1,1,1,0.00,0.00,1,1,0.00,0.00,1,1,1,NULL,NULL,1,NULL,NULL,1,'2021-08-28 18:21:56','2022-03-02 14:34:09','2022-03-02 14:34:09'),(3528,5562,6,'Plus Feriado',1116,11150,8,2,NULL,1,1,1,1,NULL,NULL,NULL,NULL,NULL,NULL,1,NULL,NULL,1,1,3,0.00,NULL,NULL,1,1,1,NULL,NULL,1,NULL,0.00,1,642.88,NULL,NULL,48,NULL,3,1,1,2,4,1,1,0.00,6,0.00,NULL,0.00,2,1,1,1,0.00,0.00,1,1,0.00,0.00,1,1,1,NULL,NULL,1,NULL,NULL,1,'2021-08-28 18:21:56','2022-09-19 12:26:23',NULL),(3529,5562,35,'Retroactivo Enero y Febrero 2022',1210,12100,NULL,2,NULL,2,1,1,1,1,1,1,0,NULL,NULL,1,NULL,NULL,0,1,3,1.00,NULL,NULL,1,1,1,NULL,NULL,1,NULL,0.00,3,0.00,NULL,NULL,NULL,NULL,1,1,1,NULL,NULL,1,NULL,0.00,6,1923.74,NULL,0.00,2,1,1,1,0.00,0.00,1,1,0.00,0.00,1,1,1,NULL,NULL,1,NULL,NULL,0,'2020-04-07 09:05:35','2022-07-08 12:20:17',NULL);
INSERT INTO `syj_conceptos` VALUES (3530,5562,6,'Incremento no Rem Complementario Acuerdo 2022',1241,12410,62,3,NULL,1,1,1,1,NULL,NULL,NULL,NULL,NULL,NULL,1,NULL,NULL,0,1,3,0.00,NULL,NULL,1,1,1,NULL,NULL,1,NULL,0.00,3,15864.67,NULL,NULL,NULL,NULL,1,1,1,NULL,NULL,1,NULL,0.00,6,0.00,NULL,0.00,2,1,1,1,0.00,0.00,1,1,0.00,0.00,1,1,1,NULL,NULL,1,NULL,NULL,0,'2020-04-16 18:21:14','2022-08-11 16:24:48',NULL),(3531,5562,6,'Incremento no Rem Complementario Acuerdo 2022 Retroactivo Abril',1241,12410,62,3,NULL,1,1,1,1,NULL,NULL,NULL,NULL,NULL,NULL,1,NULL,NULL,0,1,3,0.00,NULL,NULL,1,1,1,NULL,NULL,1,NULL,0.00,3,5288.15,NULL,NULL,NULL,NULL,1,1,1,NULL,NULL,1,NULL,0.00,6,0.00,NULL,0.00,2,1,1,1,0.00,0.00,1,1,0.00,0.00,1,1,1,NULL,NULL,1,NULL,NULL,1,'2020-04-16 21:21:14','2022-06-03 13:01:49',NULL),(3532,5562,35,'Vacaciones No Gozadas',2117,21210,63,3,NULL,2,1,1,1,0,1,0,0,NULL,NULL,1,NULL,NULL,0,1,3,1.00,NULL,NULL,1,1,1,NULL,NULL,1,1,0.00,3,0.00,NULL,NULL,NULL,NULL,3,1,1,2,4,1,1,0.00,6,0.00,NULL,0.00,2,1,1,1,0.00,0.00,1,1,0.00,0.00,1,1,1,NULL,NULL,1,NULL,'En caso de Liquidar Final sin contar con Liquidaciones de meses anteriores, se deberá cambiar la configuración de la solapa valor unitario por Orgien del Valor: A INGRESAR.',1,'2020-04-07 09:05:36','2022-11-03 15:32:52',NULL),(3533,5562,35,'SAC Vacaciones No Gozadas',2118,21210,63,3,NULL,2,1,1,1,0,1,0,0,NULL,NULL,1,NULL,NULL,0,1,3,1.00,NULL,NULL,1,1,1,NULL,NULL,1,NULL,0.00,3,0.00,NULL,NULL,NULL,NULL,3,1,1,2,4,1,3,0.00,6,0.00,NULL,0.00,2,1,1,1,0.00,0.00,1,1,0.00,0.00,1,1,1,NULL,NULL,1,NULL,NULL,1,'2020-04-07 09:05:36','2022-10-31 17:55:22',NULL),(3534,5562,35,'Asignación No Remunerativa CNTA Res. 230/2022',2960,29400,63,3,NULL,1,1,1,1,1,1,0,0,NULL,NULL,1,NULL,NULL,0,0,1,1.00,NULL,NULL,1,1,1,NULL,NULL,1,NULL,0.00,1,50000.00,NULL,NULL,NULL,NULL,1,1,1,NULL,NULL,1,NULL,0.00,6,0.00,NULL,0.00,2,1,1,1,0.00,0.00,1,1,0.00,0.00,1,1,1,NULL,NULL,1,NULL,NULL,1,'2020-04-07 15:05:35','2023-01-02 17:53:37','2023-01-02 17:53:37'),(3535,5562,35,'Asignación No Remunerativa Res. CNTA 230/2022',2960,43800,64,3,NULL,1,1,1,1,0,1,0,0,NULL,NULL,1,NULL,NULL,0,1,1,1.00,NULL,NULL,1,1,1,NULL,NULL,1,NULL,0.00,1,50000.00,NULL,NULL,NULL,NULL,1,1,1,NULL,NULL,1,NULL,0.00,2,0.00,11,0.00,1,1,1,1,0.00,0.00,1,1,0.00,0.00,1,1,1,NULL,NULL,1,NULL,NULL,1,'2020-04-07 09:05:35','2023-01-02 18:01:25','2023-01-02 18:01:25'),(3536,5562,35,'Asignación No Remunerativa Res. CNTA 230/2022',2900,43800,64,3,NULL,1,1,1,1,0,1,0,0,NULL,NULL,1,NULL,NULL,0,1,1,1.00,NULL,NULL,1,1,1,NULL,NULL,1,NULL,0.00,1,0.00,NULL,NULL,NULL,NULL,1,1,1,NULL,NULL,1,NULL,0.00,2,0.00,11,0.00,1,1,1,1,0.00,0.00,1,1,0.00,0.00,1,1,1,NULL,NULL,1,NULL,NULL,1,'2020-04-07 09:05:35','2023-01-02 17:54:00','2023-01-02 17:54:00'),(3537,5562,35,'Asignación No Remunerativa CNTA Res. 230/2022',2960,29600,63,3,NULL,1,1,1,1,1,1,0,0,NULL,NULL,1,NULL,NULL,0,0,1,1.00,NULL,NULL,1,1,1,NULL,NULL,1,NULL,0.00,3,50000.00,NULL,NULL,NULL,NULL,1,1,1,NULL,NULL,1,NULL,0.00,6,50000.00,NULL,0.00,2,1,1,1,0.00,0.00,1,1,0.00,0.00,1,1,1,NULL,NULL,1,NULL,NULL,0,'2020-04-07 15:05:35','2024-12-10 16:38:44',NULL),(3538,5562,6,'Asignación No Remunerativa Dto. 841/2022',2111,21110,64,3,NULL,1,1,1,1,0,1,0,0,NULL,NULL,1,NULL,NULL,0,1,1,1.00,NULL,NULL,1,1,1,NULL,NULL,1,NULL,0.00,3,0.00,NULL,NULL,NULL,NULL,1,1,1,NULL,NULL,1,NULL,0.00,6,0.00,NULL,0.00,2,1,1,1,0.00,0.00,1,1,0.00,0.00,1,1,1,NULL,NULL,1,NULL,NULL,1,'2020-04-07 06:05:36','2023-01-05 11:35:17',NULL),(3539,5562,22,'Asignación No Remunerativa Dto. 841/2022',2111,21110,64,3,NULL,1,1,1,1,0,1,0,0,NULL,NULL,1,NULL,NULL,0,1,1,1.00,NULL,NULL,1,1,1,NULL,NULL,1,NULL,0.00,3,0.00,NULL,NULL,NULL,NULL,1,1,1,NULL,NULL,1,NULL,0.00,6,0.00,NULL,0.00,2,1,1,1,0.00,0.00,1,1,0.00,0.00,1,1,1,NULL,NULL,1,NULL,NULL,1,'2020-04-07 06:05:36','2023-01-02 19:49:58',NULL);
INSERT INTO `syj_conceptos` VALUES (3540,5562,37,'Comisiones de venta',1220,12200,NULL,2,NULL,2,1,1,1,0,1,1,0,NULL,NULL,1,NULL,NULL,0,1,1,1.00,NULL,NULL,1,1,1,NULL,NULL,1,NULL,0.00,1,0.00,NULL,NULL,NULL,NULL,1,1,1,NULL,NULL,1,NULL,0.00,6,0.00,NULL,0.00,2,1,1,1,0.00,0.00,1,1,0.00,0.00,1,1,1,NULL,NULL,1,NULL,NULL,1,'2020-04-07 06:05:35','2020-04-10 00:56:08',NULL),(3541,5562,37,'Reintegro Ganancias Renta 4ta Categoría',2800,43700,NULL,3,NULL,1,1,1,1,0,0,0,0,NULL,NULL,1,NULL,NULL,0,1,1,1.00,NULL,NULL,1,1,1,NULL,NULL,1,NULL,0.00,1,0.00,NULL,NULL,NULL,NULL,1,1,1,NULL,NULL,1,7,0.00,6,0.00,9,0.00,2,1,1,1,0.00,0.00,1,1,0.00,0.00,1,1,1,NULL,NULL,1,NULL,NULL,0,'2020-04-07 06:05:35','2020-05-06 17:17:25',NULL),(3542,5562,37,'Redondeo',2900,43800,NULL,3,NULL,1,1,1,1,0,1,0,0,NULL,NULL,1,NULL,NULL,0,1,1,1.00,NULL,NULL,1,1,1,NULL,NULL,1,NULL,0.00,1,0.00,NULL,NULL,NULL,NULL,1,1,1,NULL,NULL,1,NULL,0.00,2,0.00,11,0.00,1,1,1,1,0.00,0.00,1,1,0.00,0.00,1,1,1,NULL,NULL,1,NULL,NULL,1,'2020-04-07 06:05:35','2020-04-14 20:21:52',NULL),(3543,5562,37,'Retención Ganancias Renta 4ta Categoría',4330,43600,NULL,5,NULL,1,1,1,7,0,0,0,0,NULL,NULL,1,NULL,NULL,1,1,1,1.00,NULL,NULL,1,1,1,NULL,NULL,1,NULL,0.00,3,0.00,NULL,NULL,NULL,NULL,1,1,1,NULL,NULL,1,NULL,0.00,6,0.00,NULL,0.00,2,1,1,1,0.00,0.00,1,1,0.00,0.00,1,1,1,NULL,NULL,1,NULL,'Se puede ingresar a mano o lo calcula Taxes, creando un detalle de liquidacion en el empleado',0,'2020-04-07 06:05:35','2024-02-01 13:01:44',NULL),(3544,5562,37,'Adicional voluntario',1210,12100,NULL,2,NULL,2,1,1,1,1,1,1,0,NULL,NULL,1,NULL,NULL,0,1,3,1.00,NULL,NULL,1,1,1,NULL,NULL,1,NULL,0.00,3,0.00,NULL,NULL,NULL,NULL,1,1,1,NULL,NULL,1,NULL,0.00,6,0.00,NULL,0.00,2,1,1,1,0.00,0.00,1,1,0.00,0.00,1,1,1,NULL,NULL,1,NULL,NULL,1,'2020-04-07 06:05:35','2020-04-16 15:28:01',NULL),(3545,5562,37,'Vacaciones',1045,11000,NULL,2,NULL,1,1,1,1,0,1,1,0,NULL,NULL,1,NULL,NULL,0,1,2,0.00,33,NULL,1,1,1,NULL,NULL,1,NULL,0.00,2,0.00,NULL,NULL,18,NULL,1,1,1,NULL,NULL,1,NULL,0.00,6,0.00,NULL,0.00,2,1,1,1,0.00,0.00,1,1,0.00,0.00,1,1,1,NULL,NULL,1,NULL,NULL,1,'2020-04-07 06:05:35','2020-04-30 14:48:21',NULL),(3546,5562,37,'A cuenta futuros aumentos',1230,12300,NULL,2,NULL,2,1,1,1,1,1,1,0,NULL,NULL,1,NULL,NULL,0,1,3,1.00,NULL,NULL,1,1,1,NULL,NULL,1,NULL,0.00,3,0.00,NULL,NULL,NULL,NULL,1,1,1,NULL,NULL,1,NULL,0.00,6,0.00,NULL,0.00,2,1,1,1,0.00,0.00,1,1,0.00,0.00,1,1,1,NULL,NULL,1,NULL,NULL,1,'2020-04-07 06:05:35','2020-05-06 15:00:11',NULL),(3547,5562,37,'Aumento solidario Decreto 14/2020',1240,12400,NULL,2,NULL,1,1,1,1,0,1,1,0,NULL,NULL,1,NULL,NULL,0,1,3,1.00,NULL,NULL,1,1,1,NULL,NULL,1,NULL,0.00,3,4000.00,NULL,NULL,NULL,NULL,1,1,1,NULL,NULL,1,NULL,0.00,6,0.00,NULL,0.00,2,1,1,1,0.00,0.00,1,1,0.00,0.00,1,1,1,NULL,NULL,1,NULL,'Valido hasta...',0,'2020-04-07 06:05:35','2023-01-10 12:01:48',NULL),(3548,5562,37,'Suma no Remunerativa',2920,29200,NULL,3,NULL,1,1,1,1,1,1,0,0,NULL,NULL,1,NULL,NULL,0,1,1,0.00,NULL,NULL,1,1,1,NULL,NULL,1,NULL,0.00,1,0.00,NULL,NULL,NULL,NULL,1,1,1,NULL,NULL,1,NULL,0.00,6,0.00,NULL,0.00,2,1,1,1,0.00,0.00,1,1,0.00,0.00,1,1,1,NULL,NULL,1,NULL,NULL,1,'2020-04-07 06:05:35','2020-05-06 15:58:25',NULL),(3549,5562,37,'SAC Indemnización sustitutiva Mes de Preaviso',2030,29400,NULL,3,NULL,1,1,1,1,0,1,0,0,NULL,NULL,1,NULL,NULL,0,1,1,1.00,NULL,NULL,1,1,1,NULL,NULL,1,NULL,0.00,5,0.00,NULL,NULL,NULL,NULL,3,1,1,2,4,1,NULL,0.00,6,0.00,NULL,0.00,2,1,1,1,0.00,0.00,1,1,0.00,0.00,1,1,1,NULL,NULL,1,NULL,NULL,1,'2020-04-07 06:05:36','2020-04-24 20:16:58',NULL),(3550,5562,37,'Indemnización Por Antigüedad ART 247',2950,29500,NULL,3,NULL,1,1,1,1,0,0,0,0,NULL,NULL,1,NULL,NULL,0,1,1,0.00,NULL,NULL,1,1,1,NULL,NULL,1,NULL,0.00,1,0.00,NULL,NULL,NULL,NULL,1,1,1,NULL,NULL,1,NULL,0.00,6,0.00,NULL,0.00,2,1,1,1,0.00,0.00,1,1,0.00,0.00,1,1,1,NULL,NULL,1,NULL,NULL,1,'2020-04-07 06:05:36','2020-05-06 15:59:56',NULL);
INSERT INTO `syj_conceptos` VALUES (3551,5562,37,'Gratificación por egreso',2100,21000,NULL,3,NULL,1,1,1,1,0,1,0,0,NULL,NULL,1,NULL,NULL,0,1,1,1.00,NULL,NULL,1,1,1,NULL,NULL,1,NULL,0.00,3,0.00,NULL,NULL,NULL,NULL,1,1,1,NULL,NULL,1,NULL,0.00,6,0.00,NULL,0.00,2,1,1,1,0.00,0.00,1,1,0.00,0.00,1,1,1,NULL,NULL,1,NULL,NULL,1,'2020-04-07 06:05:36','2020-05-06 15:15:09',NULL),(3552,5562,37,'Inasistencia por Suspensión',1060,11114,NULL,2,NULL,1,1,1,1,0,1,1,0,NULL,NULL,1,NULL,NULL,0,1,3,0.00,NULL,NULL,1,1,1,NULL,NULL,1,NULL,0.00,5,0.00,NULL,NULL,NULL,NULL,3,1,1,2,4,1,5,0.00,6,0.00,NULL,0.00,2,1,1,1,0.00,0.00,1,1,0.00,0.00,1,1,1,NULL,NULL,1,NULL,'Cargar la cantidad de Dias en Negativo',1,'2020-04-07 06:05:36','2020-04-25 12:25:53',NULL),(3553,5562,37,'Adicional por Asistencia',1070,11115,1,2,NULL,1,1,1,1,0,1,1,0,NULL,NULL,1,NULL,NULL,0,1,1,10.00,NULL,NULL,1,1,1,NULL,NULL,1,NULL,0.00,5,0.00,NULL,NULL,NULL,NULL,3,1,1,2,4,1,NULL,0.00,6,0.00,NULL,0.00,3,2,4,2,-2.00,0.00,1,1,0.00,0.00,3,1,1,2,2,1,NULL,NULL,1,'2020-04-07 06:05:36','2023-01-04 17:34:11',NULL),(3554,5562,37,'Horas Extras al 50%',1080,11121,NULL,2,NULL,1,1,1,1,1,1,1,0,NULL,NULL,1,NULL,NULL,0,1,3,0.00,NULL,NULL,1,1,1,NULL,NULL,1,NULL,0.00,2,0.00,NULL,NULL,30,NULL,3,1,1,2,4,1,1,0.00,6,0.00,NULL,0.00,2,1,1,1,0.00,0.00,1,1,0.00,0.00,1,1,1,NULL,NULL,1,NULL,NULL,1,'2020-04-07 06:05:36','2020-04-24 19:56:05',NULL),(3555,5562,37,'Horas Extras al 100%',1090,11122,NULL,2,NULL,1,1,1,1,1,1,1,0,NULL,NULL,1,NULL,NULL,0,1,3,0.00,NULL,NULL,1,1,1,NULL,NULL,1,NULL,0.00,2,0.00,NULL,NULL,29,NULL,3,1,1,2,4,1,1,0.00,6,0.00,NULL,0.00,2,1,1,1,0.00,0.00,1,1,0.00,0.00,1,1,1,NULL,NULL,1,NULL,NULL,1,'2020-04-07 06:05:36','2020-04-24 19:56:47',NULL),(3556,5562,37,'Feriados Nacionales  Trabajados',1112,11110,NULL,2,NULL,1,1,1,1,0,1,1,0,NULL,NULL,1,NULL,NULL,0,1,3,0.00,NULL,NULL,1,1,1,NULL,NULL,1,NULL,0.00,2,0.00,NULL,NULL,18,NULL,3,1,1,2,3,1,NULL,0.00,6,0.00,NULL,0.00,2,1,1,1,0.00,0.00,1,1,0.00,0.00,1,1,1,NULL,NULL,1,NULL,'Se deberá informar por las novedades la cantidad de dias Feriados Nac.Trabajados\r\nDicho concepto retorna como Valor, la suma del Básico /30 + Básico/25.',1,'2020-04-07 06:05:36','2020-04-30 12:17:04',NULL),(3557,5562,37,'PRV s/Vacaciones',1130,11050,NULL,2,NULL,1,1,1,1,0,1,0,0,NULL,NULL,1,NULL,NULL,0,1,1,0.00,NULL,NULL,1,1,1,NULL,NULL,1,3,0.00,5,0.00,NULL,NULL,NULL,NULL,2,2,3,2,4,3,NULL,0.00,6,0.00,NULL,0.00,2,1,1,1,0.00,0.00,1,1,0.00,0.00,1,1,1,NULL,NULL,1,NULL,NULL,0,'2020-04-07 06:05:36','2020-05-08 13:30:32',NULL),(3558,5562,37,'Licencia por Maternidad',1190,11900,NULL,2,NULL,1,1,1,1,0,1,1,0,NULL,NULL,1,NULL,NULL,0,1,3,0.00,NULL,NULL,1,1,1,NULL,NULL,1,NULL,0.00,5,0.00,NULL,NULL,NULL,NULL,3,1,1,2,4,1,NULL,0.00,1,0.00,NULL,0.00,NULL,1,1,1,0.00,0.00,1,1,0.00,0.00,1,1,1,NULL,NULL,1,NULL,'Si la empleada estuvo el mes completo de Licencia se liquidará por medio del tipo de liquidación ”Licencia por Maternidad”  informando los 30 días.\r\nCaso contrario se liquidará a través de la',1,'2020-04-07 06:05:36','2020-05-06 14:56:02',NULL),(3559,5562,37,'Descuento Licencia por Maternidad',1200,12000,NULL,2,NULL,1,1,1,1,0,1,1,0,NULL,NULL,1,NULL,NULL,0,1,1,1.00,NULL,NULL,1,1,1,NULL,NULL,1,NULL,0.00,5,0.00,NULL,NULL,NULL,NULL,3,1,1,2,4,1,NULL,0.00,6,-1.00,NULL,0.00,6,1,1,1,0.00,0.00,1,1,0.00,0.00,1,1,1,NULL,NULL,1,NULL,NULL,1,'2020-04-07 06:05:36','2020-05-06 14:58:40',NULL),(3560,5562,37,'Indemnización Integración Mes de Despido',2010,20100,NULL,3,NULL,1,1,1,1,0,1,0,0,NULL,NULL,1,NULL,NULL,0,1,1,1.00,NULL,NULL,1,1,1,NULL,NULL,1,5,0.00,5,0.00,NULL,NULL,NULL,NULL,3,1,1,2,4,1,NULL,0.00,6,0.00,NULL,0.00,2,1,1,1,0.00,0.00,1,1,0.00,0.00,1,1,1,NULL,NULL,1,NULL,NULL,1,'2020-04-07 06:05:36','2020-04-24 17:28:21',NULL),(3561,5562,37,'PRV s/Integracion Mes de Despido',2060,20600,NULL,3,NULL,1,1,1,1,0,1,0,0,NULL,NULL,1,NULL,NULL,0,1,1,0.00,NULL,NULL,1,1,1,NULL,NULL,1,6,0.00,5,0.00,NULL,NULL,NULL,NULL,2,2,2,2,4,3,4,0.00,6,0.00,NULL,0.00,2,1,1,1,0.00,0.00,1,1,0.00,0.00,1,1,1,NULL,NULL,1,NULL,NULL,1,'2020-04-07 06:05:36','2020-05-06 15:06:44',NULL);
INSERT INTO `syj_conceptos` VALUES (3562,5562,37,'Indemnización sustitutiva Mes de Preaviso',2025,20250,NULL,3,NULL,1,1,1,1,0,1,0,0,NULL,NULL,1,NULL,NULL,0,1,3,1.00,NULL,NULL,1,1,1,NULL,NULL,1,NULL,0.00,2,0.00,NULL,NULL,38,NULL,1,1,1,NULL,NULL,1,NULL,0.00,6,0.00,NULL,0.00,2,1,1,1,0.00,0.00,1,1,0.00,0.00,1,1,1,NULL,NULL,1,NULL,NULL,1,'2020-04-07 06:05:36','2020-04-30 14:59:57',NULL),(3563,5562,37,'PRV s/Mes de Preaviso',2060,20600,NULL,3,NULL,1,1,1,1,0,1,0,0,NULL,NULL,1,NULL,NULL,0,1,1,0.00,NULL,NULL,1,1,1,NULL,NULL,1,NULL,0.00,1,0.00,NULL,NULL,NULL,NULL,1,1,1,NULL,NULL,1,NULL,0.00,2,0.00,NULL,0.00,NULL,1,1,1,0.00,0.00,1,1,0.00,0.00,1,1,1,NULL,NULL,1,NULL,NULL,0,'2020-04-07 06:05:36','2020-05-06 15:10:39',NULL),(3564,5562,37,'Vacaciones No Gozadas',2100,20000,NULL,3,NULL,1,1,1,1,0,1,0,0,NULL,NULL,1,NULL,NULL,0,1,1,0.00,NULL,NULL,1,1,1,NULL,NULL,1,8,0.00,5,0.00,NULL,NULL,NULL,NULL,3,1,1,2,4,1,6,0.00,6,0.00,NULL,0.00,2,1,1,1,0.00,0.00,1,1,0.00,0.00,1,1,1,NULL,NULL,1,NULL,'En caso de Liquidar Final sin contar con Liquidaciones de meses anteriores, se deberá cambiar la configuración de la solapa valor unitario por Orgien del Valor: A INGRESAR.',1,'2020-04-07 06:05:36','2020-04-25 12:34:22',NULL),(3565,5562,37,'PRV s/Vacaciones No Gozadas',2060,20600,NULL,3,NULL,1,1,1,1,0,1,0,0,NULL,NULL,1,NULL,NULL,0,1,5,0.00,NULL,NULL,3,1,1,2,2,1,NULL,0.00,5,0.00,NULL,NULL,NULL,NULL,2,2,3,2,4,3,4,0.00,6,0.00,NULL,0.00,2,1,1,1,0.00,0.00,1,1,0.00,0.00,1,1,1,NULL,NULL,1,NULL,NULL,0,'2020-04-07 06:05:36','2020-05-06 15:12:32',NULL),(3566,5562,37,'Feriados Nacionales No Trab. No Rem',2350,23500,NULL,3,NULL,1,1,1,1,0,1,0,0,NULL,NULL,1,NULL,NULL,0,1,1,0.00,NULL,NULL,1,1,1,NULL,NULL,1,NULL,0.00,1,0.00,NULL,NULL,NULL,NULL,1,1,1,NULL,NULL,1,NULL,0.00,2,0.00,NULL,0.00,NULL,1,1,1,0.00,0.00,1,1,0.00,0.00,1,1,1,NULL,NULL,1,NULL,NULL,1,'2020-04-07 06:05:36','2020-05-06 15:17:23',NULL),(3567,5562,37,'Feriados Nacionales Trabajados No Rem',2400,24000,NULL,3,NULL,1,1,1,1,0,1,0,0,NULL,NULL,1,NULL,NULL,0,1,1,0.00,NULL,NULL,1,1,1,NULL,NULL,1,NULL,0.00,1,0.00,NULL,NULL,NULL,NULL,1,1,1,NULL,NULL,1,NULL,0.00,2,0.00,NULL,0.00,NULL,1,1,1,0.00,0.00,1,1,0.00,0.00,1,1,1,NULL,NULL,1,NULL,NULL,1,'2020-04-07 06:05:36','2020-05-06 15:17:59',NULL),(3568,5562,37,'SAC Vacaciones No Gozadas',2120,21200,NULL,3,NULL,1,1,1,1,0,1,0,0,NULL,NULL,1,NULL,NULL,0,1,1,1.00,NULL,NULL,1,1,1,NULL,NULL,1,NULL,0.00,5,0.00,NULL,NULL,NULL,NULL,3,1,1,2,4,1,3,0.00,6,0.00,NULL,0.00,2,1,1,1,0.00,0.00,1,1,0.00,0.00,1,1,1,NULL,NULL,1,NULL,NULL,1,'2020-04-07 06:05:36','2020-04-25 20:24:19',NULL),(3569,5562,37,'Antigüedad No Remunerativo',2500,25000,NULL,3,NULL,1,1,1,1,0,1,0,0,NULL,NULL,1,NULL,NULL,0,1,2,0.00,12,NULL,1,1,1,NULL,NULL,1,NULL,0.00,5,0.00,NULL,NULL,NULL,NULL,3,1,1,2,4,1,NULL,0.00,6,0.00,NULL,0.00,3,1,1,1,0.00,0.00,1,1,0.00,0.00,1,1,1,NULL,NULL,1,NULL,NULL,0,'2020-04-07 06:05:36','2020-05-08 13:11:41',NULL),(3570,5562,37,'Presentismo No Remunerativo',2550,27501,NULL,3,NULL,1,1,1,1,0,1,0,0,NULL,NULL,1,NULL,NULL,0,1,1,8.33,NULL,NULL,1,1,1,NULL,NULL,1,NULL,0.00,5,0.00,NULL,NULL,NULL,NULL,3,1,1,2,4,1,NULL,0.00,6,0.00,NULL,0.00,3,2,4,2,-2.00,0.00,1,1,0.00,0.00,3,1,1,2,4,1,NULL,NULL,0,'2020-04-07 06:05:36','2020-05-08 13:21:31',NULL),(3571,5562,37,'1º SAC No Rem',2600,26000,NULL,3,NULL,1,1,1,1,0,1,0,0,NULL,NULL,1,NULL,NULL,0,1,5,0.00,NULL,NULL,3,1,1,2,2,1,NULL,0.00,5,0.00,NULL,NULL,NULL,NULL,3,1,1,2,4,1,NULL,0.00,6,0.00,NULL,0.00,2,1,1,1,0.00,0.00,1,1,0.00,0.00,1,1,1,NULL,NULL,1,NULL,NULL,1,'2020-04-07 06:05:36','2020-05-06 15:32:28',NULL),(3572,5562,37,'Horas Extras al 50% s/ No Rem',2650,26500,NULL,3,NULL,1,1,1,1,0,1,0,0,NULL,NULL,1,NULL,NULL,0,1,5,0.00,NULL,NULL,3,1,1,2,2,1,NULL,0.00,5,0.00,NULL,NULL,NULL,NULL,3,1,1,2,4,1,13,0.00,6,0.00,NULL,0.00,2,1,1,1,0.00,0.00,1,1,0.00,0.00,1,1,1,NULL,NULL,1,NULL,NULL,0,'2020-04-07 06:05:36','2020-05-08 13:15:05',NULL);
INSERT INTO `syj_conceptos` VALUES (3573,5562,37,'Horas Extras al 100% s/ No Rem',2700,27000,NULL,3,NULL,1,1,1,1,0,1,0,0,NULL,NULL,1,NULL,NULL,0,1,5,0.00,NULL,NULL,3,1,1,2,2,1,NULL,0.00,5,0.00,NULL,NULL,NULL,NULL,3,1,1,2,4,1,14,0.00,6,0.00,NULL,0.00,2,1,1,1,0.00,0.00,1,1,0.00,0.00,1,1,1,NULL,NULL,1,NULL,NULL,0,'2020-04-07 06:05:36','2020-05-08 13:15:45',NULL),(3574,5562,37,'Inasistencias Injustificadas No Rem',2750,27500,NULL,3,NULL,1,1,1,1,0,1,0,0,NULL,NULL,1,NULL,NULL,0,1,5,0.00,NULL,NULL,3,1,1,2,2,1,NULL,0.00,5,0.00,NULL,NULL,NULL,NULL,3,1,1,2,4,1,5,0.00,6,0.00,NULL,0.00,2,1,1,1,0.00,0.00,1,1,0.00,0.00,1,1,1,NULL,NULL,1,NULL,'Cargar la cantidad de Días en negativo.',1,'2020-04-07 06:05:36','2020-05-06 15:51:31',NULL),(3575,5562,37,'2º SAC No Rem',2610,26100,NULL,3,NULL,1,1,1,1,0,1,0,0,NULL,NULL,1,NULL,NULL,0,1,5,0.00,NULL,NULL,3,1,1,2,2,1,NULL,0.00,5,0.00,NULL,NULL,NULL,NULL,3,1,1,2,4,1,NULL,0.00,6,0.00,NULL,0.00,2,1,1,1,0.00,0.00,1,1,0.00,0.00,1,1,1,NULL,NULL,1,NULL,NULL,1,'2020-04-07 06:05:36','2020-05-06 15:35:45',NULL),(3576,5562,37,'SAC No Remunerativo',2620,26200,NULL,3,NULL,1,1,1,1,0,1,0,0,NULL,NULL,1,NULL,NULL,0,1,2,0.00,36,NULL,1,1,1,NULL,NULL,1,NULL,0.00,5,0.00,NULL,NULL,NULL,NULL,3,1,1,2,4,1,NULL,0.00,6,0.00,NULL,0.00,2,1,1,1,0.00,0.00,1,1,0.00,0.00,1,1,1,NULL,NULL,1,NULL,NULL,1,'2020-04-07 06:05:36','2020-05-06 15:38:23',NULL),(3577,5562,37,'Jubilación - Ley 24.241',4010,40100,65,5,NULL,1,3,1,4,0,1,0,0,NULL,NULL,1,NULL,NULL,0,1,2,0.00,4,NULL,1,1,1,NULL,NULL,1,NULL,0.00,5,0.00,NULL,NULL,NULL,NULL,2,2,2,2,4,1,NULL,0.00,6,0.00,NULL,0.00,3,1,1,1,0.00,0.00,1,1,0.00,0.00,1,1,1,NULL,NULL,1,NULL,NULL,1,'2020-04-07 06:05:36','2023-01-04 17:34:33',NULL),(3578,5562,37,'INSSJP (Ley 19.032)',4020,40200,66,5,NULL,1,3,1,6,0,1,0,0,NULL,NULL,1,NULL,NULL,0,1,2,0.00,2,NULL,1,1,1,NULL,NULL,1,NULL,0.00,5,0.00,NULL,NULL,NULL,NULL,2,2,2,2,4,1,NULL,0.00,6,0.00,NULL,0.00,3,1,1,1,0.00,0.00,1,1,0.00,0.00,1,1,1,NULL,NULL,1,NULL,NULL,1,'2020-04-07 06:05:36','2023-01-04 17:34:59',NULL),(3579,5562,37,'Obra Social',4030,40300,67,5,NULL,1,2,1,3,0,1,0,0,NULL,NULL,1,NULL,NULL,0,1,2,0.00,3,NULL,1,1,1,NULL,NULL,1,NULL,0.00,5,0.00,NULL,NULL,NULL,NULL,2,2,2,2,4,3,21,0.00,6,0.00,NULL,0.00,3,1,1,1,0.00,0.00,1,1,0.00,0.00,1,1,1,NULL,NULL,1,NULL,NULL,1,'2020-04-07 06:05:36','2023-09-28 15:04:08',NULL),(3580,5562,37,'Sindicato',4040,40400,NULL,5,NULL,1,1,1,5,0,1,0,0,NULL,NULL,1,NULL,NULL,0,1,1,2.50,NULL,NULL,1,1,1,NULL,NULL,1,NULL,0.00,5,0.00,NULL,NULL,NULL,NULL,2,2,2,2,4,1,NULL,0.00,6,0.00,NULL,0.00,3,1,1,1,0.00,0.00,1,1,0.00,0.00,1,1,1,NULL,NULL,1,NULL,NULL,1,'2020-04-07 06:05:36','2020-05-08 13:24:15',NULL),(3581,5562,37,'Obra Social s/ No Rem',4100,41000,NULL,4,NULL,1,1,1,1,0,1,0,0,NULL,NULL,1,NULL,NULL,0,1,1,0.00,NULL,NULL,1,1,1,NULL,NULL,1,NULL,0.00,1,0.00,NULL,NULL,NULL,NULL,1,1,1,NULL,NULL,1,NULL,0.00,2,0.00,NULL,0.00,NULL,1,1,1,0.00,0.00,1,1,0.00,0.00,1,1,1,NULL,NULL,1,NULL,NULL,1,'2020-04-07 06:05:36','2020-04-07 06:05:36',NULL),(3582,5562,37,'Sindicato s/ No Rem',4150,41500,NULL,4,NULL,1,1,1,1,0,1,0,0,NULL,NULL,1,NULL,NULL,0,1,1,0.00,NULL,NULL,1,1,1,NULL,NULL,1,NULL,0.00,1,0.00,NULL,NULL,NULL,NULL,1,1,1,NULL,NULL,1,NULL,0.00,2,0.00,NULL,0.00,NULL,1,1,1,0.00,0.00,1,1,0.00,0.00,1,1,1,NULL,NULL,1,NULL,NULL,1,'2020-04-07 06:05:36','2020-04-07 06:05:36',NULL),(3583,5562,37,'Adicional Familiar a cargo Obra Social',4320,43200,NULL,4,NULL,1,1,1,1,0,1,0,0,NULL,NULL,1,NULL,NULL,0,1,1,0.00,NULL,NULL,1,1,1,NULL,NULL,1,NULL,0.00,1,0.00,NULL,NULL,NULL,NULL,1,1,1,NULL,NULL,1,NULL,0.00,2,0.00,NULL,0.00,NULL,1,1,1,0.00,0.00,1,1,0.00,0.00,1,1,1,NULL,NULL,1,NULL,NULL,1,'2020-04-07 06:05:36','2020-04-07 06:05:36',NULL),(3584,5562,37,'Embargo',4060,40600,NULL,5,NULL,2,1,1,1,0,1,0,0,NULL,NULL,1,NULL,NULL,0,1,1,0.00,NULL,NULL,1,1,1,NULL,NULL,1,NULL,0.00,1,0.00,NULL,NULL,NULL,NULL,1,1,1,NULL,NULL,1,NULL,0.00,2,0.00,NULL,0.00,NULL,1,1,1,0.00,0.00,1,1,0.00,0.00,1,1,1,NULL,NULL,1,NULL,NULL,1,'2020-04-07 06:05:36','2020-05-06 16:24:52',NULL);
INSERT INTO `syj_conceptos` VALUES (3585,5562,37,'Beneficio Dto 561/19',4370,43700,NULL,4,NULL,1,1,1,1,0,1,0,0,NULL,NULL,1,NULL,NULL,0,1,1,0.00,NULL,NULL,1,1,1,NULL,NULL,1,NULL,0.00,1,0.00,NULL,NULL,NULL,NULL,1,1,1,NULL,NULL,1,NULL,0.00,2,0.00,NULL,0.00,NULL,1,1,1,0.00,0.00,1,1,0.00,0.00,1,1,1,NULL,NULL,1,NULL,NULL,1,'2020-04-07 06:05:36','2020-04-07 06:05:36',NULL),(3586,5562,37,'Jubilación',5010,50100,NULL,6,NULL,1,1,1,1,0,0,0,0,NULL,NULL,1,NULL,NULL,0,1,1,0.00,NULL,NULL,1,1,1,NULL,NULL,1,NULL,0.00,1,0.00,NULL,NULL,NULL,NULL,1,1,1,NULL,NULL,1,NULL,0.00,2,0.00,NULL,0.00,NULL,1,1,1,0.00,0.00,1,1,0.00,0.00,1,1,1,NULL,NULL,1,NULL,NULL,1,'2020-04-07 06:05:36','2020-04-07 19:22:45',NULL),(3587,5562,37,'Fondo Nacional de Empleo',5020,50200,NULL,6,NULL,1,1,1,1,0,0,0,0,NULL,NULL,1,NULL,NULL,0,1,1,0.00,NULL,NULL,1,1,1,NULL,NULL,1,NULL,0.00,1,0.00,NULL,NULL,NULL,NULL,1,1,1,NULL,NULL,1,NULL,0.00,2,0.00,NULL,0.00,NULL,1,1,1,0.00,0.00,1,1,0.00,0.00,1,1,1,NULL,NULL,1,NULL,NULL,1,'2020-04-07 06:05:36','2020-05-06 16:16:34',NULL),(3588,5562,37,'INSSJP(Ley 19.032)',5030,50300,NULL,6,NULL,1,1,1,1,0,0,0,0,NULL,NULL,1,NULL,NULL,0,1,1,0.00,NULL,NULL,1,1,1,NULL,NULL,1,NULL,0.00,1,0.00,NULL,NULL,NULL,NULL,1,1,1,NULL,NULL,1,NULL,0.00,2,0.00,NULL,0.00,NULL,1,1,1,0.00,0.00,1,1,0.00,0.00,1,1,1,NULL,NULL,1,NULL,NULL,1,'2020-04-07 06:05:36','2020-05-06 16:17:07',NULL),(3589,5562,37,'Obra Social',5040,50400,NULL,6,NULL,1,1,1,1,0,0,0,0,NULL,NULL,1,NULL,NULL,0,1,1,0.00,NULL,NULL,1,1,1,NULL,NULL,1,NULL,0.00,1,0.00,NULL,NULL,NULL,NULL,1,1,1,NULL,NULL,1,NULL,0.00,2,0.00,NULL,0.00,NULL,1,1,1,0.00,0.00,1,1,0.00,0.00,1,1,1,NULL,NULL,1,NULL,NULL,1,'2020-04-07 06:05:36','2020-04-16 15:51:58',NULL),(3590,5562,37,'Asigs Familiares',5060,50600,NULL,6,NULL,1,1,1,1,0,0,0,0,NULL,NULL,1,NULL,NULL,0,1,1,0.00,NULL,NULL,1,1,1,NULL,NULL,1,NULL,0.00,1,0.00,NULL,NULL,NULL,NULL,1,1,1,NULL,NULL,1,NULL,0.00,2,0.00,NULL,0.00,NULL,1,1,1,0.00,0.00,1,1,0.00,0.00,1,1,1,NULL,NULL,1,NULL,NULL,1,'2020-04-07 06:05:36','2020-05-06 16:17:38',NULL),(3591,5562,37,'Porcentaje ART',5080,50800,NULL,6,NULL,1,1,1,1,0,0,0,0,NULL,NULL,1,NULL,NULL,0,1,1,0.00,NULL,NULL,1,1,1,NULL,NULL,1,NULL,0.00,1,0.00,NULL,NULL,NULL,NULL,1,1,1,NULL,NULL,1,NULL,0.00,2,0.00,NULL,0.00,NULL,1,1,1,0.00,0.00,1,1,0.00,0.00,1,1,1,NULL,NULL,1,NULL,NULL,1,'2020-04-07 06:05:36','2020-05-06 16:18:32',NULL),(3592,5562,37,'Obra Social s/ No Rem',5100,51000,NULL,6,NULL,1,1,1,1,0,0,0,0,NULL,NULL,1,NULL,NULL,0,1,1,0.00,NULL,NULL,1,1,1,NULL,NULL,1,NULL,0.00,1,0.00,NULL,NULL,NULL,NULL,1,1,1,NULL,NULL,1,NULL,0.00,2,0.00,NULL,0.00,NULL,1,1,1,0.00,0.00,1,1,0.00,0.00,1,1,1,NULL,NULL,1,NULL,NULL,1,'2020-04-07 06:05:36','2020-05-06 16:18:56',NULL),(3593,5562,37,'Inasistencias Por Enfermedad',1010,10100,NULL,2,NULL,1,1,1,1,0,1,1,0,NULL,NULL,1,NULL,NULL,0,1,3,0.00,NULL,NULL,1,1,1,NULL,NULL,1,NULL,0.00,2,0.00,NULL,NULL,17,NULL,1,1,1,NULL,NULL,1,NULL,0.00,6,0.00,NULL,0.00,2,1,1,1,0.00,0.00,1,1,0.00,0.00,1,1,1,NULL,NULL,1,NULL,NULL,1,'2020-04-07 06:05:36','2020-04-08 16:00:06',NULL),(3594,5562,37,'Inasistencias por Accidente de Trabajo',1020,10200,NULL,2,NULL,1,1,1,1,0,1,1,0,NULL,NULL,1,NULL,NULL,0,1,3,0.00,NULL,NULL,1,1,1,NULL,NULL,1,NULL,0.00,2,0.00,NULL,NULL,17,NULL,1,1,1,NULL,NULL,1,NULL,0.00,6,0.00,NULL,0.00,2,1,1,1,0.00,0.00,1,1,0.00,0.00,1,1,1,NULL,NULL,1,NULL,NULL,1,'2020-04-07 06:05:36','2020-04-08 16:01:25',NULL),(3595,5562,37,'Sueldos Básico',1040,10400,1,2,NULL,1,1,1,1,0,1,1,0,NULL,NULL,1,NULL,NULL,0,1,2,0.00,34,NULL,2,2,3,NULL,NULL,1,NULL,0.00,2,0.00,NULL,NULL,17,NULL,1,1,1,NULL,NULL,1,NULL,0.00,1,0.00,8,0.00,NULL,1,1,1,0.00,0.00,1,1,0.00,0.00,1,1,1,NULL,NULL,1,NULL,NULL,1,'2020-04-07 06:05:36','2023-01-04 17:33:47',NULL);
INSERT INTO `syj_conceptos` VALUES (3596,5562,37,'Día del Gremio',1110,11100,NULL,2,NULL,1,1,1,1,0,1,1,0,NULL,NULL,1,NULL,NULL,0,1,1,0.00,NULL,NULL,1,1,1,NULL,NULL,1,NULL,0.00,2,0.00,NULL,NULL,18,NULL,1,1,1,NULL,NULL,1,NULL,0.00,6,0.00,NULL,0.00,2,1,1,1,0.00,0.00,1,1,0.00,0.00,1,1,1,NULL,NULL,1,NULL,'En mes Septiembre, cuando se liquide dicho concepto se deberá ingresar manualmente en Dias Trabajados 29 dias.',1,'2020-04-07 06:05:36','2020-04-15 16:40:23',NULL),(3597,5562,37,'Feriados Nacionales No Trabajados',1111,11109,NULL,2,NULL,1,1,1,1,0,1,1,0,NULL,NULL,1,NULL,NULL,0,1,3,0.00,NULL,NULL,1,1,1,NULL,NULL,1,NULL,0.00,2,0.00,NULL,NULL,18,NULL,1,1,1,NULL,NULL,1,NULL,0.00,6,0.00,NULL,0.00,2,1,1,1,0.00,0.00,1,1,0.00,0.00,1,1,1,NULL,NULL,1,NULL,'Se deberá informar por las novedades la cantidad de dias Feriados Nac. No Trabajados\r\nDicho concepto retorna como Valor, el Básico Diario.',1,'2020-04-07 06:05:36','2020-04-08 16:05:03',NULL),(3598,5562,37,'SAC',1120,11200,NULL,2,NULL,1,1,1,1,0,1,1,0,NULL,NULL,1,NULL,NULL,0,1,2,0.00,36,NULL,1,1,1,NULL,NULL,1,NULL,0.00,2,0.00,NULL,NULL,38,NULL,1,1,1,NULL,NULL,1,2,0.00,6,0.00,NULL,0.00,2,1,1,1,0.00,0.00,1,1,0.00,0.00,1,1,1,NULL,NULL,1,NULL,NULL,1,'2020-04-07 06:05:36','2021-08-28 18:21:56',NULL),(3599,5562,37,'Cuota Fija ART',5070,50700,NULL,6,NULL,1,1,1,1,0,0,0,0,NULL,NULL,1,NULL,NULL,0,1,1,0.00,NULL,NULL,1,1,1,NULL,NULL,1,NULL,0.00,1,0.00,NULL,NULL,NULL,NULL,1,1,1,NULL,NULL,1,NULL,0.00,2,0.00,NULL,0.00,NULL,1,1,1,0.00,0.00,1,1,0.00,0.00,1,1,1,NULL,NULL,1,NULL,NULL,1,'2020-04-07 06:05:36','2020-05-06 16:18:04',NULL),(3600,5562,37,'Basico',90,900,NULL,1,NULL,1,1,1,1,NULL,NULL,NULL,NULL,NULL,NULL,1,NULL,NULL,0,1,1,30.00,NULL,NULL,1,1,1,NULL,NULL,1,NULL,0.00,2,0.00,NULL,NULL,17,NULL,1,1,1,NULL,NULL,1,NULL,0.00,1,0.00,8,0.00,NULL,1,1,1,0.00,0.00,1,1,0.00,0.00,1,1,1,NULL,NULL,1,NULL,'Retorna el Basico Completo = 30 * Basico Diario',1,'2020-04-07 18:08:12','2020-04-17 11:34:51',NULL),(3601,5562,37,'Antigüedad',95,950,NULL,1,NULL,1,1,1,1,NULL,NULL,NULL,NULL,NULL,NULL,1,NULL,NULL,0,1,2,0.00,12,NULL,1,1,1,NULL,NULL,1,NULL,0.00,5,0.00,NULL,NULL,NULL,NULL,3,1,1,2,4,1,NULL,0.00,6,0.00,NULL,0.00,3,1,1,1,0.00,0.00,1,1,0.00,0.00,1,1,1,NULL,NULL,1,NULL,NULL,1,'2020-04-07 18:09:41','2020-04-23 15:52:08',NULL),(3602,5562,37,'Basico Diario Vacaciones',120,1200,NULL,1,NULL,1,1,1,1,NULL,NULL,NULL,NULL,NULL,NULL,1,NULL,NULL,0,1,1,1.00,NULL,NULL,1,1,1,NULL,NULL,1,NULL,0.00,2,0.00,NULL,NULL,17,NULL,1,1,1,NULL,NULL,1,NULL,0.00,6,0.00,NULL,0.00,2,1,1,1,0.00,0.00,1,1,0.00,0.00,1,1,1,NULL,NULL,1,NULL,NULL,1,'2020-04-08 16:09:47','2020-04-08 16:09:47',NULL),(3603,5562,37,'Sueldo Conformado Rem',110,1100,NULL,1,NULL,1,1,1,1,NULL,NULL,NULL,NULL,NULL,NULL,1,NULL,NULL,0,1,1,1.00,NULL,NULL,1,1,1,NULL,NULL,1,NULL,0.00,5,0.00,NULL,NULL,NULL,NULL,3,1,1,2,4,1,NULL,0.00,6,0.00,NULL,0.00,2,1,1,1,0.00,0.00,1,1,0.00,0.00,1,1,1,NULL,NULL,1,NULL,'Sumatoria de los conceptos de Control 80+90+100',1,'2020-04-08 16:21:05','2020-04-24 19:39:03',NULL),(3604,5562,37,'Presentismo',240,2400,NULL,1,NULL,1,1,1,1,NULL,NULL,NULL,NULL,NULL,NULL,1,NULL,NULL,0,1,1,8.33,NULL,NULL,1,1,1,NULL,NULL,1,NULL,0.00,5,0.00,NULL,NULL,NULL,NULL,3,1,1,2,4,1,NULL,0.00,6,0.00,NULL,0.00,3,1,1,1,0.00,0.00,1,1,0.00,0.00,1,1,1,NULL,NULL,1,NULL,NULL,1,'2020-04-08 16:22:54','2020-04-24 19:39:39',NULL),(3605,5562,37,'Antiguedad',1050,11113,NULL,2,NULL,1,1,1,1,1,1,1,NULL,NULL,NULL,1,NULL,NULL,0,1,2,0.00,12,NULL,1,1,1,NULL,NULL,1,NULL,0.00,5,0.00,NULL,NULL,NULL,NULL,3,2,2,2,4,1,NULL,0.00,6,0.00,NULL,0.00,3,1,1,1,0.00,0.00,1,1,0.00,0.00,1,1,1,NULL,NULL,1,NULL,NULL,1,'2020-04-16 13:57:29','2020-05-08 13:36:53',NULL),(3606,5562,37,'Acuerdo CCT 130/75 febrero/2020',1241,12410,NULL,2,NULL,1,1,1,1,NULL,NULL,NULL,NULL,NULL,NULL,1,NULL,NULL,0,1,1,1.00,NULL,NULL,1,1,1,NULL,NULL,1,NULL,0.00,3,1000.00,NULL,NULL,NULL,NULL,1,1,1,NULL,NULL,1,NULL,0.00,6,0.00,NULL,0.00,2,1,1,1,0.00,0.00,1,1,0.00,0.00,1,1,1,NULL,NULL,1,NULL,NULL,0,'2020-04-16 15:21:14','2023-01-10 12:12:08',NULL);
INSERT INTO `syj_conceptos` VALUES (3607,5562,37,'Horas Extras comunes',1075,11120,NULL,2,NULL,1,1,1,1,NULL,NULL,NULL,NULL,NULL,NULL,1,NULL,NULL,1,1,3,0.00,NULL,NULL,1,1,1,NULL,NULL,1,NULL,0.00,2,0.00,NULL,NULL,31,NULL,3,1,1,2,4,1,1,0.00,6,0.00,NULL,0.00,2,1,1,1,0.00,0.00,1,1,0.00,0.00,1,1,1,NULL,NULL,1,NULL,NULL,1,'2020-04-17 11:52:46','2020-04-24 19:54:47',NULL),(3608,5562,37,'Sueldo Conformado No Rem',170,1700,NULL,1,NULL,1,1,1,1,NULL,NULL,NULL,NULL,NULL,NULL,1,NULL,NULL,0,1,1,1.00,NULL,NULL,1,1,1,NULL,NULL,1,NULL,0.00,5,0.00,NULL,NULL,NULL,NULL,3,1,1,2,4,1,NULL,0.00,6,0.00,NULL,0.00,2,1,1,1,0.00,0.00,1,1,0.00,0.00,1,1,1,NULL,NULL,1,NULL,NULL,1,'2020-04-19 10:08:56','2020-05-06 20:02:12',NULL),(3609,5562,37,'Antigüedad No Rem',175,1750,NULL,1,NULL,1,1,1,1,NULL,NULL,NULL,NULL,NULL,NULL,1,NULL,NULL,0,1,2,0.00,12,NULL,1,1,1,NULL,NULL,1,NULL,0.00,5,0.00,NULL,NULL,NULL,NULL,3,3,3,2,4,1,NULL,0.00,6,0.00,NULL,0.00,3,2,4,2,-2.00,0.00,1,1,0.00,0.00,3,1,1,2,2,1,NULL,NULL,1,'2020-04-19 10:13:32','2020-05-06 20:03:13',NULL),(3610,5562,37,'SAC Indemnización Integración Mes de Despido',2015,20150,NULL,3,NULL,1,1,1,1,NULL,NULL,NULL,NULL,NULL,NULL,1,NULL,NULL,0,1,3,0.00,NULL,NULL,1,1,1,NULL,NULL,1,NULL,0.00,5,1.00,NULL,NULL,NULL,NULL,3,1,1,2,4,1,3,0.00,6,0.00,NULL,0.00,2,1,1,1,0.00,0.00,1,1,0.00,0.00,1,1,1,NULL,NULL,1,NULL,NULL,1,'2020-04-24 17:49:56','2020-04-30 12:52:11',NULL),(3611,5562,37,'Indemnizacion por Antigüedad',2130,21300,NULL,3,NULL,1,1,1,1,NULL,NULL,NULL,NULL,NULL,NULL,1,NULL,NULL,0,1,2,0.00,14,NULL,1,1,1,NULL,NULL,1,NULL,0.00,2,0.00,NULL,NULL,39,NULL,1,1,1,NULL,NULL,1,28,0.00,6,0.00,NULL,0.00,2,1,1,1,0.00,0.00,1,1,0.00,0.00,1,1,1,NULL,NULL,1,NULL,NULL,1,'2020-04-24 20:24:27','2020-04-30 15:12:54',NULL),(3612,5562,37,'Presentismo No Rem',180,1800,NULL,1,NULL,1,1,1,1,NULL,NULL,NULL,NULL,NULL,NULL,1,NULL,NULL,0,1,1,8.33,NULL,NULL,1,1,1,NULL,NULL,1,NULL,0.00,5,0.00,NULL,NULL,NULL,NULL,3,1,1,2,4,1,NULL,0.00,6,0.00,NULL,0.00,3,1,1,1,0.00,0.00,1,1,0.00,0.00,1,1,1,NULL,NULL,1,NULL,NULL,1,'2020-05-06 15:50:49','2020-05-06 20:04:04',NULL),(3613,5562,37,'Concepto No Remunerativo',2000,1700,NULL,3,NULL,1,1,1,1,NULL,NULL,NULL,NULL,NULL,NULL,1,NULL,NULL,1,0,1,1.00,NULL,NULL,1,1,1,NULL,NULL,1,NULL,0.00,3,0.00,NULL,NULL,NULL,NULL,1,1,1,NULL,NULL,1,NULL,0.00,6,0.00,NULL,0.00,2,1,1,1,0.00,0.00,1,1,0.00,0.00,1,1,1,NULL,NULL,1,NULL,NULL,1,'2020-05-06 19:26:24','2020-05-06 19:34:00',NULL),(3614,5562,37,'Plus Feriado',1115,11150,NULL,2,NULL,1,1,1,1,NULL,NULL,NULL,NULL,NULL,NULL,1,NULL,NULL,1,1,3,0.00,NULL,NULL,1,1,1,NULL,NULL,1,NULL,0.00,5,0.00,NULL,NULL,48,NULL,3,1,1,2,4,1,6,0.00,6,0.00,NULL,0.00,2,1,1,1,0.00,0.00,1,1,0.00,0.00,1,1,1,NULL,NULL,1,NULL,NULL,1,'2021-08-28 18:21:56','2021-10-04 19:19:09',NULL),(3615,5562,37,'Cuota Solidaria (Art. 37 II)',4050,40500,69,5,NULL,1,1,1,5,0,1,0,0,NULL,NULL,1,NULL,NULL,0,1,1,1.00,NULL,NULL,1,1,1,NULL,NULL,1,NULL,0.00,5,0.00,NULL,NULL,NULL,NULL,2,2,2,2,4,1,NULL,0.00,6,0.00,NULL,0.00,3,1,1,1,0.00,0.00,1,1,0.00,0.00,1,1,1,NULL,NULL,1,NULL,NULL,1,'2020-04-07 09:05:36','2023-01-10 12:15:12',NULL),(3616,5562,37,'Obra Social -  Diferencial Jornada Parcial (Art. 92 ter.)',4031,40310,67,5,NULL,1,2,1,3,0,1,0,0,NULL,NULL,1,NULL,NULL,0,1,2,0.00,3,NULL,1,1,1,NULL,NULL,1,NULL,0.00,5,0.00,NULL,NULL,NULL,NULL,2,2,2,2,4,1,21,0.00,6,0.00,NULL,0.00,3,1,1,1,0.00,0.00,1,1,0.00,0.00,1,1,1,NULL,NULL,1,NULL,NULL,0,'2020-04-07 09:05:36','2023-01-10 12:15:43',NULL),(3617,5562,37,'Asignación No Remunerativa Dto. 841/2022',2001,1700,64,3,NULL,1,1,1,1,NULL,NULL,NULL,NULL,NULL,NULL,1,NULL,NULL,1,0,1,1.00,NULL,NULL,1,1,1,NULL,NULL,1,NULL,0.00,3,0.00,NULL,NULL,NULL,NULL,1,1,1,NULL,NULL,1,NULL,0.00,6,0.00,NULL,0.00,2,1,1,1,0.00,0.00,1,1,0.00,0.00,1,1,1,NULL,NULL,1,NULL,NULL,1,'2020-05-06 22:26:24','2023-01-10 14:43:55',NULL);
INSERT INTO `syj_conceptos` VALUES (3618,5562,37,'Aporte Solidario Extraordinario',4051,40510,69,5,NULL,1,1,1,5,0,1,0,0,NULL,NULL,1,NULL,NULL,0,1,1,1.50,NULL,NULL,1,1,1,NULL,NULL,1,NULL,0.00,5,0.00,218,1,NULL,NULL,2,2,2,2,4,1,NULL,0.00,6,0.00,NULL,0.00,3,1,1,1,0.00,0.00,1,1,0.00,0.00,1,1,1,NULL,NULL,1,NULL,NULL,0,'2020-04-07 12:05:36','2024-02-01 13:07:39',NULL),(3619,5562,7,'Devolución Préstamo',4061,40600,72,5,NULL,1,1,1,1,0,1,0,0,NULL,NULL,1,NULL,NULL,0,1,1,1.00,NULL,NULL,1,1,1,NULL,NULL,1,NULL,0.00,3,0.00,NULL,NULL,NULL,NULL,1,1,1,NULL,NULL,1,NULL,0.00,6,0.00,NULL,0.00,2,1,1,1,0.00,0.00,1,1,0.00,0.00,1,1,1,NULL,NULL,1,NULL,NULL,1,'2020-04-07 06:05:36','2023-02-06 18:35:55',NULL),(3620,5562,16,'Seguro de Vida',4051,40500,70,5,NULL,1,1,1,5,NULL,NULL,NULL,NULL,NULL,NULL,1,NULL,NULL,0,0,1,2.00,NULL,NULL,1,1,1,NULL,NULL,1,1,0.00,7,0.00,224,1,NULL,NULL,2,2,2,2,4,1,NULL,0.00,6,0.00,NULL,0.00,3,1,1,1,0.00,0.00,1,1,0.00,0.00,1,1,1,NULL,NULL,1,NULL,NULL,1,'2020-05-12 17:20:52','2023-02-02 15:25:02',NULL),(3621,5562,6,'Suma Fija No Remunerativa - Acuerdo Abril 2023',1243,12410,62,3,NULL,1,1,1,1,NULL,NULL,NULL,NULL,NULL,NULL,1,NULL,NULL,0,1,3,0.00,NULL,NULL,1,1,1,NULL,NULL,1,NULL,0.00,3,12500.00,NULL,NULL,NULL,NULL,1,1,1,NULL,NULL,1,NULL,0.00,6,0.00,NULL,0.00,2,1,1,1,0.00,0.00,1,1,0.00,0.00,1,1,1,NULL,NULL,1,NULL,NULL,0,'2020-04-16 18:21:14','2023-07-27 15:26:38',NULL),(3622,5562,6,'Incremento no Remunerativo - Acuerdo Julio 2023',1244,12410,62,3,NULL,1,1,1,1,NULL,NULL,NULL,NULL,NULL,NULL,1,NULL,NULL,0,1,3,1.00,NULL,NULL,1,1,1,NULL,NULL,1,NULL,0.00,3,49052.00,NULL,NULL,NULL,NULL,1,1,1,NULL,NULL,1,NULL,0.00,6,0.00,NULL,0.00,2,1,1,1,0.00,0.00,1,1,0.00,0.00,1,1,1,NULL,NULL,1,NULL,NULL,0,'2020-04-16 21:21:14','2024-04-30 11:22:55',NULL),(3623,5562,6,'Bono Decreto 438/2023',2016,10000,63,3,NULL,1,1,1,1,1,NULL,NULL,NULL,NULL,NULL,1,NULL,NULL,1,1,3,0.00,NULL,NULL,1,1,1,NULL,NULL,1,NULL,0.00,1,30000.00,NULL,NULL,NULL,NULL,1,1,1,NULL,NULL,1,NULL,0.00,6,0.00,NULL,0.00,2,1,1,1,0.00,0.00,1,1,0.00,0.00,1,1,1,NULL,NULL,1,NULL,NULL,1,'2023-09-27 16:07:04','2023-09-27 17:45:23',NULL),(3624,5562,6,'Bono Decreto 438/2023',2017,10000,NULL,3,NULL,1,1,1,1,NULL,NULL,NULL,NULL,NULL,NULL,1,NULL,NULL,1,1,1,0.00,NULL,NULL,1,1,1,NULL,NULL,1,NULL,0.00,1,30000.00,NULL,NULL,NULL,NULL,1,1,1,NULL,NULL,1,NULL,0.00,6,0.00,NULL,0.00,2,1,1,1,0.00,0.00,1,1,0.00,0.00,1,1,1,NULL,NULL,1,NULL,NULL,1,'2023-09-27 16:18:21','2023-09-27 17:01:41','2023-09-27 17:01:41'),(3625,5562,22,'Bono Decreto 438/2023',2016,10000,NULL,3,NULL,1,1,1,1,1,NULL,NULL,NULL,NULL,NULL,1,NULL,NULL,1,1,3,0.00,NULL,NULL,1,1,1,NULL,NULL,1,NULL,0.00,1,30000.00,NULL,NULL,NULL,NULL,1,1,1,NULL,NULL,1,NULL,0.00,6,0.00,NULL,0.00,2,1,1,1,0.00,0.00,1,1,0.00,0.00,1,1,1,NULL,NULL,1,NULL,NULL,1,'2023-09-28 14:53:43','2023-09-28 14:53:43',NULL),(3626,5562,35,'Bono Decreto 438/2023',2016,10000,NULL,3,NULL,1,1,1,1,1,NULL,NULL,NULL,NULL,NULL,1,NULL,NULL,1,1,3,0.00,NULL,NULL,1,1,1,NULL,NULL,1,NULL,0.00,1,30000.00,NULL,NULL,NULL,NULL,1,1,1,NULL,NULL,1,NULL,0.00,6,0.00,NULL,0.00,2,1,1,1,0.00,0.00,1,1,0.00,0.00,1,1,1,NULL,NULL,1,NULL,NULL,0,'2023-09-28 14:55:00','2024-12-10 16:39:23',NULL),(3627,5562,37,'Bono Decreto 438/2023',2016,10000,NULL,3,NULL,1,1,1,1,1,NULL,NULL,NULL,NULL,NULL,1,NULL,NULL,1,1,3,0.00,NULL,NULL,1,1,1,NULL,NULL,1,NULL,0.00,3,0.00,NULL,NULL,NULL,NULL,1,1,1,NULL,NULL,1,NULL,0.00,6,0.00,NULL,0.00,2,1,1,1,0.00,0.00,1,1,0.00,0.00,1,1,1,NULL,NULL,1,NULL,NULL,1,'2023-09-28 15:03:47','2023-09-28 15:04:22',NULL),(3628,5562,16,'Bono Decreto 438/2023',2016,10000,NULL,3,NULL,1,1,1,1,1,NULL,NULL,NULL,NULL,NULL,1,NULL,NULL,1,1,3,0.00,NULL,NULL,1,1,1,NULL,NULL,1,NULL,0.00,1,30000.00,NULL,NULL,NULL,NULL,1,1,1,NULL,NULL,1,NULL,0.00,6,0.00,NULL,0.00,2,1,1,1,0.00,0.00,1,1,0.00,0.00,1,1,1,NULL,NULL,1,NULL,NULL,1,'2023-09-28 15:07:14','2023-09-28 15:07:14',NULL);
INSERT INTO `syj_conceptos` VALUES (3629,5562,6,'Incremento no Remunerativo - Acuerdo Octubre 2023',1245,12410,62,3,NULL,1,1,1,1,NULL,NULL,NULL,NULL,NULL,NULL,1,NULL,NULL,0,0,3,1.00,NULL,NULL,1,1,1,NULL,NULL,1,NULL,0.00,3,111012.88,NULL,NULL,NULL,NULL,1,1,1,NULL,NULL,1,NULL,0.00,6,0.00,NULL,0.00,2,1,1,1,0.00,0.00,1,1,0.00,0.00,1,1,1,NULL,NULL,1,NULL,NULL,0,'2020-04-17 00:21:14','2024-04-30 11:24:09',NULL),(3630,5562,6,'Incremento no Remunerativo - Acuerdo Octubre 2023',1246,12410,62,3,NULL,1,1,1,1,NULL,NULL,NULL,NULL,NULL,NULL,1,NULL,NULL,0,0,3,1.00,NULL,NULL,1,1,1,NULL,NULL,1,NULL,0.00,3,110616.63,NULL,NULL,NULL,NULL,1,1,1,NULL,NULL,1,NULL,0.00,6,0.00,NULL,0.00,2,1,1,1,0.00,0.00,1,1,0.00,0.00,1,1,1,NULL,NULL,1,NULL,NULL,0,'2020-04-17 03:21:14','2024-04-30 11:24:23',NULL),(3631,5562,6,'Acuerdo Octubre 2023  No Remunerativo Presentismo',2551,27501,62,3,NULL,1,1,1,1,0,1,0,0,NULL,NULL,1,NULL,NULL,0,1,1,8.33,NULL,NULL,1,1,1,NULL,NULL,1,NULL,0.00,5,0.00,NULL,NULL,NULL,NULL,3,1,1,2,4,1,NULL,0.00,6,0.00,NULL,0.00,3,2,4,2,-2.00,0.00,1,1,0.00,0.00,3,1,1,2,4,1,NULL,NULL,0,'2020-04-07 06:05:36','2024-04-30 11:33:20',NULL),(3632,5562,6,'Acuerdo Octubre 2023  No Remunerativo Presentismo',2552,27501,62,3,NULL,1,1,1,1,0,1,0,0,NULL,NULL,1,NULL,NULL,0,1,1,8.33,NULL,NULL,1,1,1,NULL,NULL,1,NULL,0.00,5,0.00,NULL,NULL,NULL,NULL,3,1,1,2,4,1,NULL,0.00,6,0.00,NULL,0.00,3,2,4,2,-2.00,0.00,1,1,0.00,0.00,3,1,1,2,4,1,NULL,NULL,0,'2020-04-07 09:05:36','2024-04-30 11:33:49',NULL),(3633,5562,6,'Incremento no Rem. - Acuerdo Enero-Febrero-Abril 2024 Cajeros A',1247,12430,62,3,NULL,1,1,1,1,NULL,NULL,NULL,NULL,NULL,NULL,1,NULL,NULL,0,0,3,1.00,NULL,NULL,1,1,1,NULL,NULL,1,NULL,0.00,3,260623.18,NULL,NULL,NULL,NULL,1,1,1,NULL,NULL,1,NULL,0.00,6,0.00,NULL,0.00,2,1,1,1,0.00,0.00,1,1,0.00,0.00,1,1,1,NULL,NULL,1,NULL,NULL,1,'2020-04-17 03:21:14','2024-06-10 11:21:24',NULL),(3634,5562,6,'Incremento no Rem. - Acuerdo Enero-Febrero-Abril 2024 - Adm. A',1248,12430,62,3,NULL,1,1,1,1,NULL,NULL,NULL,NULL,NULL,NULL,1,NULL,NULL,0,0,3,1.00,NULL,NULL,1,1,1,NULL,NULL,1,NULL,0.00,3,259693.00,NULL,NULL,NULL,NULL,1,1,1,NULL,NULL,1,NULL,0.00,6,0.00,NULL,0.00,2,1,1,1,0.00,0.00,1,1,0.00,0.00,1,1,1,NULL,NULL,1,NULL,NULL,1,'2020-04-17 06:21:14','2024-06-10 11:23:34',NULL),(3635,5562,6,'Acuerdo 2024  No Remunerativo Presentismo - Cajeros A',2553,27501,62,3,NULL,1,1,1,1,0,1,0,0,NULL,NULL,1,NULL,NULL,0,1,1,8.33,NULL,NULL,1,1,1,NULL,NULL,1,NULL,0.00,5,0.00,NULL,NULL,NULL,NULL,3,1,1,2,4,1,NULL,0.00,6,0.00,NULL,0.00,3,2,4,2,-2.00,0.00,1,1,0.00,0.00,3,1,1,2,4,1,NULL,NULL,1,'2020-04-07 09:05:36','2024-06-10 11:24:13',NULL),(3636,5562,6,'Acuerdo 2024  No Remunerativo Presentismo - Adm. A',2554,27501,62,3,NULL,1,1,1,1,0,1,0,0,NULL,NULL,1,NULL,NULL,0,1,1,8.33,NULL,NULL,1,1,1,NULL,NULL,1,NULL,0.00,5,0.00,NULL,NULL,NULL,NULL,3,1,1,2,4,1,NULL,0.00,6,0.00,NULL,0.00,3,2,4,2,-2.00,0.00,1,1,0.00,0.00,3,1,1,2,4,1,NULL,NULL,1,'2020-04-07 12:05:36','2024-06-10 11:24:32',NULL),(3637,5562,6,'Suma Compensatoria abril 2024',1249,12410,62,3,NULL,1,1,1,1,NULL,NULL,NULL,NULL,NULL,NULL,1,NULL,NULL,0,1,3,0.00,NULL,NULL,1,1,1,NULL,NULL,1,NULL,0.00,3,40000.00,NULL,NULL,NULL,NULL,1,1,1,NULL,NULL,1,NULL,0.00,6,0.00,NULL,0.00,2,1,1,1,0.00,0.00,1,1,0.00,0.00,1,1,1,NULL,NULL,1,NULL,NULL,0,'2020-04-17 00:21:14','2024-06-10 11:26:24',NULL),(3638,5562,22,'SAC 2DO SEMESTRE',1121,11200,NULL,2,NULL,1,1,1,1,0,1,1,0,NULL,NULL,1,NULL,NULL,0,1,2,0.00,36,NULL,1,1,1,NULL,NULL,1,NULL,0.00,2,0.00,NULL,NULL,38,NULL,1,1,1,NULL,NULL,1,2,0.00,6,0.00,NULL,0.00,2,1,1,1,0.00,0.00,1,1,0.00,0.00,1,1,1,NULL,NULL,1,NULL,NULL,0,'2020-04-07 06:05:36','2025-01-03 14:31:39',NULL);

--
-- Table structure for table `syj_conceptos_afip`
--

CREATE TABLE `syj_conceptos_afip` (
  `id` int(10) unsigned NOT NULL AUTO_INCREMENT,
  `codigo` varchar(191) COLLATE utf8mb4_unicode_ci NOT NULL,
  `descripcion` varchar(191) COLLATE utf8mb4_unicode_ci NOT NULL,
  `tipo` varchar(191) COLLATE utf8mb4_unicode_ci NOT NULL,
  `habilitado` tinyint(1) NOT NULL DEFAULT '1',
  `marca_repet` int(11) NOT NULL,
  `sipa_apor` int(11) NOT NULL,
  `sipa_cont` int(11) NOT NULL,
  `inssjyp_apor` int(11) NOT NULL,
  `inssjyp_cont` int(11) NOT NULL,
  `ooss_apor` int(11) NOT NULL,
  `ooss_cont` int(11) NOT NULL,
  `fondo_sol_red_apor` int(11) NOT NULL,
  `fondo_sol_red_cont` int(11) NOT NULL,
  `renatea_apor` int(11) NOT NULL,
  `renatea_cont` int(11) NOT NULL,
  `libre_1` int(11) NOT NULL,
  `asig_fam_con` int(11) NOT NULL,
  `libre_2` int(11) NOT NULL,
  `fondo_nac_emp_cont` int(11) NOT NULL,
  `libre_3` int(11) NOT NULL,
  `lrt_cont` int(11) NOT NULL,
  `regim_dif_aport` int(11) NOT NULL,
  `libre_4` int(11) NOT NULL,
  `regim_esp_apor` int(11) NOT NULL,
  `libre_5` int(11) NOT NULL,
  `created_at` timestamp NULL DEFAULT NULL,
  `updated_at` timestamp NULL DEFAULT NULL,
  `deleted_at` timestamp NULL DEFAULT NULL,
  PRIMARY KEY (`id`)
) ENGINE=InnoDB AUTO_INCREMENT=77 DEFAULT CHARSET=utf8mb4 COLLATE=utf8mb4_unicode_ci;

--
-- Dumping data for table `syj_conceptos_afip`
--

INSERT INTO `syj_conceptos_afip` VALUES (1,'110000','Sueldo','Remunerativos',1,0,1,1,1,1,1,1,1,1,1,1,0,1,0,1,0,1,0,1,0,0,NULL,'2021-08-28 15:22:04',NULL),(2,'110001','Preaviso','Remunerativos',1,0,1,1,1,1,1,1,1,1,1,1,0,1,0,1,0,1,0,1,0,0,NULL,'2021-08-28 15:22:04',NULL),(3,'110002','Remuneraciones en especie','Remunerativos',1,0,1,1,1,1,1,1,1,1,1,1,0,1,0,1,0,1,0,1,0,0,NULL,'2021-08-28 15:22:04',NULL),(4,'110003','Comida','Remunerativos',1,0,1,1,1,1,1,1,1,1,1,1,0,1,0,1,0,1,0,1,0,0,NULL,'2021-08-28 15:22:04',NULL),(5,'110004','Habitación','Remunerativos',1,0,1,1,1,1,1,1,1,1,1,1,0,1,0,1,0,1,0,1,0,0,NULL,'2021-08-28 15:22:04',NULL),(6,'110005','Licencias por estudio','Remunerativos',1,0,1,1,1,1,1,1,1,1,1,1,0,1,0,1,0,1,0,1,0,0,NULL,'2021-08-28 15:22:04',NULL),(7,'110006','Donación de sangre','Remunerativos',1,0,1,1,1,1,1,1,1,1,1,1,0,1,0,1,0,1,0,1,0,0,NULL,'2021-08-28 15:22:04',NULL),(8,'110007','Feriado','Remunerativos',1,0,1,1,1,1,1,1,1,1,1,1,0,1,0,1,0,1,0,1,0,0,NULL,'2021-08-28 15:22:04',NULL),(9,'110008','Prest. Dineraria Ley 24577 (primeros 10d)','Remunerativos',1,0,1,1,1,1,1,1,1,1,1,1,0,1,0,1,0,1,0,1,0,0,NULL,'2021-08-28 15:22:04',NULL),(10,'110009','Prest. Dineraria Ley 24577 (a cargo de ART)','Remunerativos',1,0,1,1,1,1,1,1,1,1,1,1,0,1,0,1,0,1,0,1,0,0,NULL,'2021-08-28 15:22:04',NULL),(11,'120000','Sueldo anual complementario','Remunerativos',1,0,1,1,1,1,1,1,1,1,1,1,0,1,0,1,0,1,0,1,0,0,NULL,'2021-08-28 15:22:04',NULL),(12,'120001','SAC 1er semestre','Remunerativos',1,0,1,1,1,1,1,1,1,1,1,1,0,1,0,1,0,1,0,1,0,0,NULL,'2021-08-28 15:22:04',NULL),(13,'120002','SAC 2do semestre','Remunerativos',1,0,1,1,1,1,1,1,1,1,1,1,0,1,0,1,0,1,0,1,0,0,NULL,'2021-08-28 15:22:04',NULL),(14,'120003','SAC proporcional','Remunerativos',1,0,1,1,1,1,1,1,1,1,1,1,0,1,0,1,0,1,0,1,0,0,NULL,'2021-08-28 15:22:04',NULL),(15,'130000','Horas extras','Remunerativos',1,0,1,1,1,1,1,1,1,1,1,1,0,1,0,1,0,1,0,1,0,0,NULL,'2021-08-28 15:22:04',NULL),(16,'130001','Horas extras al 50 %','Remunerativos',1,0,1,1,1,1,1,1,1,1,1,1,0,1,0,1,0,1,0,1,0,0,NULL,'2021-08-28 15:22:04',NULL),(17,'130002','Horas extras al 100 %','Remunerativos',1,0,1,1,1,1,1,1,1,1,1,1,0,1,0,1,0,1,0,1,0,0,NULL,'2021-08-28 15:22:04',NULL),(18,'130003','Horas extras al 200 %','Remunerativos',1,0,1,1,1,1,1,1,1,1,1,1,0,1,0,1,0,1,0,1,0,0,NULL,'2021-08-28 15:22:04',NULL),(19,'140000','Zona desfavorable','Remunerativos',1,0,1,1,1,1,1,1,1,1,1,1,0,1,0,1,0,1,0,1,0,0,NULL,'2021-08-28 15:22:04',NULL),(20,'150000','Adelanto vacacional','Remunerativos',1,0,1,1,1,1,1,1,1,1,1,1,0,1,0,1,0,1,0,1,0,0,NULL,'2021-08-28 15:22:04',NULL),(21,'160000','Adicionales','Remunerativos',1,0,1,1,1,1,1,1,1,1,1,1,0,1,0,1,0,1,0,1,0,0,NULL,'2021-08-28 15:22:04',NULL),(22,'160001','Adicional por antigüedad','Remunerativos',1,0,1,1,1,1,1,1,1,1,1,1,0,1,0,1,0,1,0,1,0,0,NULL,'2021-08-28 15:22:04',NULL),(23,'160002','Adicional por título','Remunerativos',1,0,1,1,1,1,1,1,1,1,1,1,0,1,0,1,0,1,0,1,0,0,NULL,'2021-08-28 15:22:04',NULL),(24,'160003','Adicional por tarea','Remunerativos',1,0,1,1,1,1,1,1,1,1,1,1,0,1,0,1,0,1,0,1,0,0,NULL,'2021-08-28 15:22:04',NULL),(25,'160004','Adicional por desarraigo','Remunerativos',1,0,1,1,1,1,1,1,1,1,1,1,0,1,0,1,0,1,0,1,0,0,NULL,'2021-08-28 15:22:04',NULL),(26,'170000','Gratificaciones y/o Premios','Remunerativos',1,0,1,1,1,1,1,1,1,1,1,1,0,1,0,1,0,1,0,1,0,0,NULL,'2021-08-28 15:22:04',NULL),(27,'170001','Premio por presentismo','Remunerativos',1,0,1,1,1,1,1,1,1,1,1,1,0,1,0,1,0,1,0,1,0,0,NULL,'2021-08-28 15:22:04',NULL),(28,'170002','Premio por producción','Remunerativos',1,0,1,1,1,1,1,1,1,1,1,1,0,1,0,1,0,1,0,1,0,0,NULL,'2021-08-28 15:22:04',NULL),(29,'170003','Comisiones','Remunerativos',1,0,1,1,1,1,1,1,1,1,1,1,0,1,0,1,0,1,0,1,0,0,NULL,'2021-08-28 15:22:04',NULL),(30,'170004','Accesorios','Remunerativos',1,0,1,1,1,1,1,1,1,1,1,1,0,1,0,1,0,1,0,1,0,0,NULL,'2021-08-28 15:22:04',NULL),(31,'170005','Viáticos sin comprobante','Remunerativos',1,0,1,1,1,1,1,1,1,1,1,1,0,1,0,1,0,1,0,1,0,0,NULL,'2021-08-28 15:22:04',NULL);
INSERT INTO `syj_conceptos_afip` VALUES (32,'170006','Propinas habituales no prohibidas','Remunerativos',1,0,1,1,1,1,1,1,1,1,1,1,0,1,0,1,0,1,0,1,0,0,NULL,'2021-08-28 15:22:04',NULL),(33,'499999','Redondeo (Remunerativo)','Remunerativos',1,0,1,1,1,1,1,1,1,1,1,1,0,1,0,1,0,1,0,1,0,0,NULL,'2021-08-28 15:22:04',NULL),(34,'510000','Asignaciones Familiares','No remunerativos',1,0,0,0,0,0,0,0,0,0,0,0,0,0,0,0,0,0,0,0,0,0,NULL,NULL,NULL),(35,'510001','Ayuda escolar','No remunerativos',1,0,0,0,0,0,0,0,0,0,0,0,0,0,0,0,0,0,0,0,0,0,NULL,NULL,NULL),(36,'510002','Asignación por hijo/hijo con discapacidad','No remunerativos',1,0,0,0,0,0,0,0,0,0,0,0,0,0,0,0,0,0,0,0,0,0,NULL,NULL,NULL),(37,'510003','Asignación por maternidad','No remunerativos',1,0,0,0,0,0,0,0,0,0,0,0,0,0,0,0,0,0,0,0,0,0,NULL,NULL,NULL),(38,'510004','Asignación por maternidad down','No remunerativos',1,0,0,0,0,0,0,0,0,0,0,0,0,0,0,0,0,0,0,0,0,0,NULL,NULL,NULL),(39,'510005','Asignación por matrimonio','No remunerativos',1,0,0,0,0,0,0,0,0,0,0,0,0,0,0,0,0,0,0,0,0,0,NULL,NULL,NULL),(40,'510006','Asignación por nacimiento / adopción','No remunerativos',1,0,0,0,0,0,0,0,0,0,0,0,0,0,0,0,0,0,0,0,0,0,NULL,NULL,NULL),(41,'510007','Asignación por prenatal','No remunerativos',1,0,0,0,0,0,0,0,0,0,0,0,0,0,0,0,0,0,0,0,0,0,NULL,NULL,NULL),(42,'520000','Beneficios sociales','No remunerativos',1,0,0,0,0,0,0,0,0,0,0,0,0,0,0,0,0,0,0,0,0,0,NULL,NULL,NULL),(43,'520001','Servicio de comedor','No remunerativos',1,0,0,0,0,0,0,0,0,0,0,0,0,0,0,0,0,0,0,0,0,0,NULL,NULL,NULL),(44,'520002','Gastos médicos','No remunerativos',1,0,0,0,0,0,0,0,0,0,0,0,0,0,0,0,0,0,0,0,0,0,NULL,NULL,NULL),(45,'520003','Provisión de ropa de trabajo','No remunerativos',1,0,0,0,0,0,0,0,0,0,0,0,0,0,0,0,0,0,0,0,0,0,NULL,NULL,NULL),(46,'520004','Guardería','No remunerativos',1,0,0,0,0,0,0,0,0,0,0,0,0,0,0,0,0,0,0,0,0,0,NULL,NULL,NULL),(47,'520005','Provisión de útiles escolares','No remunerativos',1,0,0,0,0,0,0,0,0,0,0,0,0,0,0,0,0,0,0,0,0,0,NULL,NULL,NULL),(48,'520006','Gastos de sepelio','No remunerativos',1,0,0,0,0,0,0,0,0,0,0,0,0,0,0,0,0,0,0,0,0,0,NULL,NULL,NULL),(49,'520007','Cursos de capacitación','No remunerativos',1,0,0,0,0,0,0,0,0,0,0,0,0,0,0,0,0,0,0,0,0,0,NULL,NULL,NULL),(50,'520008','Becas (art. 7 Ley 24.241 y modif.)','No remunerativos',1,0,0,0,0,0,0,0,0,0,0,0,0,0,0,0,0,0,0,0,0,0,NULL,NULL,NULL),(51,'520009','Desempleo (art. 7 Ley 24.241 y modif.)','No remunerativos',1,0,0,0,0,0,0,0,0,0,0,0,0,0,0,0,0,0,0,0,0,0,NULL,NULL,NULL),(52,'520010','Gratificación por cese laboral (art. 7 Ley 24.241 y modif.)','No remunerativos',1,0,0,0,0,0,0,0,0,0,0,0,0,0,0,0,0,0,0,0,0,0,NULL,NULL,NULL),(53,'520011','Indemnización por extinción del contrato de trabajo (art. 7 Ley 24.241 y modif.)','No remunerativos',1,0,0,0,0,0,0,0,0,0,0,0,0,0,0,0,0,0,0,0,0,0,NULL,NULL,NULL),(54,'520012','Vacaciones no gozadas (art. 7 Ley 24.241 y modif.)','No remunerativos',1,0,0,0,0,0,0,0,0,0,0,0,0,0,0,0,0,0,0,0,0,0,NULL,NULL,NULL),(55,'520013','Incapacidad permanente (art. 7 Ley 24.241 y modif.)','No remunerativos',1,0,0,0,0,0,0,0,0,0,0,0,0,0,0,0,0,0,0,0,0,0,NULL,NULL,NULL),(56,'520014','Indemización por despido','No remunerativos',1,0,0,0,0,0,0,0,0,0,0,0,0,0,0,0,0,0,0,0,0,0,NULL,NULL,NULL),(57,'520015','Indemización sustitutiva del preaviso','No remunerativos',1,0,0,0,0,0,0,0,0,0,0,0,0,0,0,0,0,0,0,0,0,0,NULL,NULL,NULL),(58,'520016','Integración mes de despido','No remunerativos',1,0,0,0,0,0,0,0,0,0,0,0,0,0,0,0,0,0,0,0,0,0,NULL,NULL,NULL),(59,'520017','SAC sobre integración o preaviso','No remunerativos',1,0,0,0,0,0,0,0,0,0,0,0,0,0,0,0,0,0,0,0,0,0,NULL,NULL,NULL),(60,'520018','SAC sobre vacaciones no gozadas','No remunerativos',1,0,0,0,0,0,0,0,0,0,0,0,0,0,0,0,0,0,0,0,0,0,NULL,NULL,NULL),(61,'530000','Incrementos no remunerativos (con aportes OS)','No remunerativos',1,0,0,0,0,0,1,0,1,0,0,0,0,0,0,0,0,0,0,0,0,0,NULL,'2021-08-28 15:22:07',NULL),(62,'540000','Incrementos no remunerativos (con aportes y contribuciones OS)','No remunerativos',1,0,0,0,0,0,1,1,1,1,0,0,0,0,0,0,0,0,0,0,0,0,NULL,NULL,NULL);
INSERT INTO `syj_conceptos_afip` VALUES (63,'550000','Importes no remunerativos especiales','No remunerativos',1,0,1,1,1,1,1,1,1,1,1,1,0,1,0,1,0,1,0,1,1,0,NULL,'2021-08-28 15:22:04',NULL),(64,'799999','Redondeo (No Remunerativo)','No remunerativos',1,0,0,0,0,0,0,0,0,0,0,0,0,0,0,0,0,0,0,0,0,0,NULL,NULL,NULL),(65,'810000','Sistema previsional','Descuentos',1,0,0,0,0,0,0,0,0,0,0,0,0,0,0,0,0,0,0,0,0,0,NULL,NULL,NULL),(66,'810001','INSSJyP','Descuentos',1,0,0,0,0,0,0,0,0,0,0,0,0,0,0,0,0,0,0,0,0,0,NULL,NULL,NULL),(67,'810002','Obra Social','Descuentos',1,0,0,0,0,0,0,0,0,0,0,0,0,0,0,0,0,0,0,0,0,0,NULL,NULL,NULL),(68,'810003','Fondo Solidario de Redistribución (ex ANSSAL)','Descuentos',1,0,0,0,0,0,0,0,0,0,0,0,0,0,0,0,0,0,0,0,0,0,NULL,NULL,NULL),(69,'810004','Cuota Sindical','Descuentos',1,0,0,0,0,0,0,0,0,0,0,0,0,0,0,0,0,0,0,0,0,0,NULL,NULL,NULL),(70,'810005','Seguro de Vida','Descuentos',1,0,0,0,0,0,0,0,0,0,0,0,0,0,0,0,0,0,0,0,0,0,NULL,NULL,NULL),(71,'810006','RENATEA (ex RENATRE)','Descuentos',1,0,0,0,0,0,0,0,0,0,0,0,0,0,0,0,0,0,0,0,0,0,NULL,NULL,NULL),(72,'810007','Préstamos','Descuentos',1,0,0,0,0,0,0,0,0,0,0,0,0,0,0,0,0,0,0,0,0,0,NULL,NULL,NULL),(73,'810008','Impuesto a las Ganancias','Descuentos',1,0,0,0,0,0,0,0,0,0,0,0,0,0,0,0,0,0,0,0,0,0,NULL,NULL,NULL),(74,'810009','Obra Social - Adherentes','Descuentos',1,0,0,0,0,0,0,0,0,0,0,0,0,0,0,0,0,0,0,0,0,0,NULL,NULL,NULL),(75,'810010','Fondo Solidario de Redistribución (ex ANSSAL) - Adherentes','Descuentos',1,0,0,0,0,0,0,0,0,0,0,0,0,0,0,0,0,0,0,0,0,0,NULL,NULL,NULL),(76,'820000','Otros descuentos','Descuentos',1,0,0,0,0,0,0,0,0,0,0,0,0,0,0,0,0,0,0,0,0,0,NULL,NULL,NULL);

--
-- Table structure for table `syj_config`
--

CREATE TABLE `syj_config` (
  `id` int(10) unsigned NOT NULL AUTO_INCREMENT,
  `user_id` int(10) unsigned DEFAULT NULL,
  `person_id` int(10) unsigned NOT NULL,
  `tipo_empleador_id` int(10) unsigned NOT NULL,
  `alic_aporte_contri_id` int(10) unsigned NOT NULL,
  `actividad_id` int(10) unsigned NOT NULL,
  `obra_social_id` int(10) unsigned NOT NULL,
  `zonageografica_id` int(10) unsigned NOT NULL,
  `reduccion_zona_geografica` tinyint(1) DEFAULT '0',
  `aplica_art_4_dto_814` tinyint(1) DEFAULT '0',
  `recupero_iva_suss` decimal(20,2) DEFAULT '0.00',
  `art_alicuota_porc` decimal(20,4) DEFAULT '0.0000',
  `art_alicuota_fija` decimal(20,2) DEFAULT '0.00',
  `prima_individual` decimal(20,2) DEFAULT '0.00',
  `prox_nro_rec` int(11) DEFAULT NULL,
  `syj_recibos_modelo_id` int(10) unsigned DEFAULT '1',
  `prox_nro_folio` int(11) DEFAULT NULL,
  `nro_tomo` int(11) DEFAULT NULL,
  `tituloley20744_id` int(10) unsigned DEFAULT NULL,
  `nro_inscr_min_trabajo` int(11) DEFAULT NULL,
  `logo` varchar(191) COLLATE utf8mb4_unicode_ci DEFAULT NULL,
  `firma` varchar(191) COLLATE utf8mb4_unicode_ci DEFAULT NULL,
  `habilitado` tinyint(1) NOT NULL DEFAULT '1',
  `created_at` timestamp NULL DEFAULT NULL,
  `updated_at` timestamp NULL DEFAULT NULL,
  `deleted_at` timestamp NULL DEFAULT NULL,
  PRIMARY KEY (`id`),
  KEY `syj_config_person_id_foreign` (`person_id`),
  KEY `syj_config_tipo_empleador_id_foreign` (`tipo_empleador_id`),
  KEY `syj_config_alic_aporte_contri_id_foreign` (`alic_aporte_contri_id`),
  KEY `syj_config_actividad_id_foreign` (`actividad_id`),
  KEY `syj_config_obra_social_id_foreign` (`obra_social_id`),
  KEY `syj_config_zonageografica_id_foreign` (`zonageografica_id`),
  KEY `syj_config_tituloley20744_id_foreign` (`tituloley20744_id`),
  KEY `syj_config_syj_recibos_modelo_id_foreign` (`syj_recibos_modelo_id`),
  CONSTRAINT `syj_config_actividad_id_foreign` FOREIGN KEY (`actividad_id`) REFERENCES `syj_actividad` (`id`),
  CONSTRAINT `syj_config_alic_aporte_contri_id_foreign` FOREIGN KEY (`alic_aporte_contri_id`) REFERENCES `syj_alicuota_aporte_contribucion` (`id`),
  CONSTRAINT `syj_config_obra_social_id_foreign` FOREIGN KEY (`obra_social_id`) REFERENCES `syj_obra_social` (`id`),
  CONSTRAINT `syj_config_person_id_foreign` FOREIGN KEY (`person_id`) REFERENCES `persons` (`id`),
  CONSTRAINT `syj_config_syj_recibos_modelo_id_foreign` FOREIGN KEY (`syj_recibos_modelo_id`) REFERENCES `syj_recibos_modelos` (`id`),
  CONSTRAINT `syj_config_tipo_empleador_id_foreign` FOREIGN KEY (`tipo_empleador_id`) REFERENCES `syj_tipo_empleador` (`id`),
  CONSTRAINT `syj_config_tituloley20744_id_foreign` FOREIGN KEY (`tituloley20744_id`) REFERENCES `syj_tituloley20744` (`id`),
  CONSTRAINT `syj_config_zonageografica_id_foreign` FOREIGN KEY (`zonageografica_id`) REFERENCES `syj_zonageografica` (`id`)
) ENGINE=InnoDB AUTO_INCREMENT=6 DEFAULT CHARSET=utf8mb4 COLLATE=utf8mb4_unicode_ci;

--
-- Dumping data for table `syj_config`
--

INSERT INTO `syj_config` VALUES (1,5562,40719,2,2,2,181,7,1,0,0.00,8.7100,49.98,0.00,NULL,2,1,0,1,0,'','',1,'2021-09-04 10:27:31','2022-01-03 10:45:15',NULL),(2,5562,40720,2,2,2,181,7,0,0,0.00,8.7100,49.98,0.00,NULL,2,1,0,1,0,'','',1,'2021-09-04 10:35:11','2022-01-03 10:57:04',NULL),(3,5562,40721,2,2,50,181,7,0,0,0.00,5.0000,40.00,0.00,NULL,4,1,0,1,0,'','',1,'2021-09-05 23:21:17','2021-09-05 23:21:17',NULL),(4,5562,41936,2,2,42,74,7,0,0,0.00,3.0000,127.65,0.00,NULL,7,1,0,4,0,'','',1,'2022-08-07 14:15:19','2022-08-07 14:15:19',NULL),(5,5562,42359,2,2,16,2,7,0,0,0.00,0.0000,217.00,0.00,NULL,7,1,0,1,0,'','',1,'2023-05-24 09:09:06','2023-05-24 09:15:04',NULL);

--
-- Table structure for table `syj_convenio_categoria_columnas`
--

CREATE TABLE `syj_convenio_categoria_columnas` (
  `id` int(10) unsigned NOT NULL AUTO_INCREMENT,
  `user_id` int(10) unsigned DEFAULT NULL,
  `descripcion` varchar(191) COLLATE utf8mb4_unicode_ci DEFAULT NULL,
  `funcion` varchar(191) COLLATE utf8mb4_unicode_ci DEFAULT NULL,
  `habilitado` tinyint(1) NOT NULL DEFAULT '1',
  `created_at` timestamp NULL DEFAULT NULL,
  `updated_at` timestamp NULL DEFAULT NULL,
  `deleted_at` timestamp NULL DEFAULT NULL,
  PRIMARY KEY (`id`)
) ENGINE=InnoDB AUTO_INCREMENT=9 DEFAULT CHARSET=utf8mb4 COLLATE=utf8mb4_unicode_ci;

--
-- Dumping data for table `syj_convenio_categoria_columnas`
--

INSERT INTO `syj_convenio_categoria_columnas` VALUES (1,NULL,'Basico','basico',1,'2020-05-28 20:55:25','2020-05-28 20:55:25',NULL),(2,NULL,'Total Hs Mensuales','total_hs_mens',1,'2020-05-28 20:55:25','2020-05-28 20:55:25',NULL),(3,NULL,'Horas Jornada Completa','hs_jor_compl',1,'2020-05-28 20:55:25','2020-05-28 20:55:25',NULL),(4,NULL,'Adicional 1','adicional_1',1,'2020-05-28 20:55:25','2020-05-28 20:55:25',NULL),(5,NULL,'Adicional 2','adicional_2',1,'2020-05-28 20:55:25','2020-05-28 20:55:25',NULL),(6,NULL,'Adicional 3','adicional_3',1,'2020-05-28 20:55:25','2020-05-28 20:55:25',NULL),(7,NULL,'Adicional 4','adicional_4',1,'2020-05-28 20:55:25','2020-05-28 20:55:25',NULL),(8,NULL,'Adicional 5','adicional_5',1,'2020-05-28 20:55:25','2020-05-28 20:55:25',NULL);

--
-- Table structure for table `syj_convenio_categorias`
--

CREATE TABLE `syj_convenio_categorias` (
  `id` int(10) unsigned NOT NULL AUTO_INCREMENT,
  `user_id` int(10) unsigned DEFAULT NULL,
  `syj_convenio_id` int(10) unsigned NOT NULL,
  `descripcion` varchar(191) COLLATE utf8mb4_unicode_ci DEFAULT NULL,
  `basico` decimal(16,2) NOT NULL,
  `total_hs_mens` decimal(16,2) NOT NULL,
  `hs_jor_compl` decimal(16,2) NOT NULL,
  `adicional_1` decimal(16,2) NOT NULL,
  `adicional_2` decimal(16,2) NOT NULL,
  `adicional_3` decimal(16,2) NOT NULL,
  `adicional_4` decimal(16,2) NOT NULL,
  `adicional_5` decimal(16,2) NOT NULL,
  `habilitado` tinyint(1) NOT NULL DEFAULT '1',
  `created_at` timestamp NULL DEFAULT NULL,
  `updated_at` timestamp NULL DEFAULT NULL,
  `deleted_at` timestamp NULL DEFAULT NULL,
  PRIMARY KEY (`id`),
  KEY `syj_convenio_categorias_syj_convenio_id_foreign` (`syj_convenio_id`),
  CONSTRAINT `syj_convenio_categorias_syj_convenio_id_foreign` FOREIGN KEY (`syj_convenio_id`) REFERENCES `syj_convenios` (`id`)
) ENGINE=InnoDB AUTO_INCREMENT=228 DEFAULT CHARSET=utf8mb4 COLLATE=utf8mb4_unicode_ci;

--
-- Dumping data for table `syj_convenio_categorias`
--

INSERT INTO `syj_convenio_categorias` VALUES (25,1,5,'Administrativa A',35395.20,192.00,8.00,0.00,0.00,0.00,0.00,0.00,1,'2020-04-07 03:01:58','2020-05-06 16:30:07',NULL),(26,1,5,'Auxiliar B',35891.01,192.00,8.00,0.00,0.00,0.00,0.00,0.00,1,'2020-04-07 03:01:58','2020-05-06 16:31:59',NULL),(27,1,5,'Auxiliar Especializado A',18482.38,200.00,8.00,0.00,0.00,0.00,0.00,0.00,1,'2020-04-07 03:01:58','2020-05-06 16:32:01',NULL),(28,1,5,'Auxiliar Especializado B',18448.32,200.00,8.00,0.00,0.00,0.00,0.00,0.00,1,'2020-04-07 03:01:58','2020-05-06 16:32:07',NULL),(29,1,5,'Cajeros B',18397.39,200.00,8.00,0.00,0.00,0.00,0.00,0.00,1,'2020-04-07 03:01:58','2020-05-06 16:33:25',NULL),(30,1,5,'Maestranza A',17938.64,200.00,8.00,0.00,0.00,0.00,0.00,0.00,1,'2020-04-07 03:01:58','2020-05-06 16:32:12',NULL),(31,1,5,'Personal Auxilar A',18278.39,200.00,8.00,0.00,0.00,0.00,0.00,0.00,1,'2020-04-07 03:01:58','2020-05-06 16:32:18',NULL),(32,1,5,'Vendedores B',36552.38,192.00,8.00,0.00,0.00,0.00,0.00,0.00,1,'2020-04-07 03:01:58','2020-05-06 16:32:24',NULL),(33,5562,6,'Administrativa A',445901.45,192.00,8.00,0.00,0.00,0.00,0.00,0.00,1,'2020-04-07 03:01:58','2024-01-29 16:28:35',NULL),(34,5562,6,'Auxiliar B',89083.39,192.00,8.00,0.00,0.00,0.00,0.00,0.00,1,'2020-04-07 03:01:58','2022-05-02 13:03:37',NULL),(35,5562,6,'Auxiliar Especializado A',89210.05,200.00,8.00,0.00,0.00,0.00,0.00,0.00,1,'2020-04-07 03:01:58','2022-05-02 13:04:01',NULL),(36,5562,6,'Auxiliar Especializado B',90347.00,200.00,8.00,0.00,0.00,0.00,0.00,0.00,1,'2020-04-07 03:01:58','2022-05-02 13:04:20',NULL),(37,5562,6,'Cajeros B',57723.43,200.00,8.00,0.00,0.00,0.00,0.00,0.00,1,'2020-04-07 03:01:58','2021-09-05 20:01:28',NULL),(38,5562,6,'Maestranza A',56616.01,200.00,8.00,0.00,0.00,0.00,0.00,0.00,1,'2020-04-07 03:01:58','2021-09-05 20:01:46',NULL),(39,5562,6,'Personal Auxilar A',57436.15,200.00,8.00,0.00,0.00,0.00,0.00,0.00,1,'2020-04-07 03:01:58','2021-09-05 20:02:04',NULL),(40,5562,6,'Vendedores B',58667.04,192.00,8.00,0.00,0.00,0.00,0.00,0.00,1,'2020-04-07 03:01:58','2021-09-05 20:02:25',NULL),(41,5562,7,'Director',2000000.00,192.00,8.00,0.00,0.00,0.00,0.00,0.00,1,'2020-04-07 03:01:58','2025-11-05 12:24:54',NULL),(42,5562,7,'Gerente',50000.00,192.00,8.00,0.00,0.00,0.00,0.00,0.00,1,'2020-04-07 03:01:58','2024-09-06 17:25:45',NULL),(95,88,13,'CATEGORIA 1',127.01,192.00,8.00,0.00,0.00,0.00,0.00,0.00,1,'2020-04-07 03:01:58','2020-05-13 10:33:33',NULL),(96,88,13,'CATEGORIA 2',500.00,192.00,8.00,0.00,0.00,0.00,0.00,0.00,1,'2020-04-07 03:01:58','2020-05-13 10:33:52',NULL),(104,88,14,'2da CATEGORIA',38681.74,192.00,8.00,0.00,0.00,0.00,0.00,0.00,1,'2020-04-07 03:01:58','2020-05-13 15:18:05',NULL),(105,88,14,'4ta. CATEGORIA',35160.69,192.00,8.00,0.00,0.00,0.00,0.00,0.00,1,'2020-05-13 12:33:41','2020-05-13 12:33:41',NULL),(106,88,14,'ADMINISTRATIVA DE 3ra. CATEGORIA',0.00,192.00,8.00,0.00,0.00,0.00,0.00,0.00,1,'2020-05-13 12:34:18','2020-05-13 12:34:18',NULL),(107,88,14,'INSTRUMENTADORA 3ra. CATEGORIA',0.00,192.00,8.00,0.00,0.00,0.00,0.00,0.00,1,'2020-05-13 12:34:47','2020-05-13 12:34:47',NULL),(110,88,15,'ASISTENTE GERIATRICA',35762.82,200.00,8.00,0.00,0.00,0.00,0.00,0.00,1,'2020-05-13 12:34:18','2020-05-13 15:46:16',NULL),(112,88,15,'PERSONAL DE LAVADERO Y ROPERIA',34987.49,200.00,8.00,0.00,0.00,0.00,0.00,0.00,1,'2020-05-13 15:46:58','2020-05-13 15:46:58',NULL),(113,88,15,'MUCAMA DE PISO, CONSULTORIO EXTERNO Y GERIATRICO',34793.74,200.00,8.00,0.00,0.00,0.00,0.00,0.00,1,'2020-05-13 15:48:01','2020-05-13 15:48:01',NULL),(114,88,15,'OFICIAL MANTENIMIENTO',39994.89,200.00,8.00,0.00,0.00,0.00,0.00,0.00,1,'2020-05-13 15:48:48','2020-05-13 15:48:48',NULL),(115,88,15,'MEDIO OFICIAL MANTENIMIENTO',37668.62,200.00,8.00,0.00,0.00,0.00,0.00,0.00,1,'2020-05-13 15:49:23','2020-05-13 15:49:23',NULL),(116,88,15,'PRIMER COCINERO/A',39994.89,200.00,8.00,0.00,0.00,0.00,0.00,0.00,1,'2020-05-13 15:51:12','2020-05-13 15:51:12',NULL),(117,88,15,'SEGUNDO COCINERO/A',37798.01,200.00,8.00,0.00,0.00,0.00,0.00,0.00,1,'2020-05-13 15:51:47','2020-05-13 15:51:47',NULL);
INSERT INTO `syj_convenio_categorias` VALUES (118,88,15,'AYUDANTE DE COCINA Y CACEROLERO',37022.75,200.00,8.00,0.00,0.00,0.00,0.00,0.00,1,'2020-05-13 15:52:40','2020-05-13 15:52:40',NULL),(119,88,15,'PEONES DE COCINA',34793.74,200.00,8.00,0.00,0.00,0.00,0.00,0.00,1,'2020-05-13 15:53:19','2020-05-13 15:53:19',NULL),(120,88,15,'ADMINISTRATIVO 3RA CATEGORIA',36667.37,200.00,8.00,0.00,0.00,0.00,0.00,0.00,1,'2020-05-13 15:54:04','2020-05-13 15:54:04',NULL),(121,88,15,'CADETE',32693.59,200.00,8.00,0.00,0.00,0.00,0.00,0.00,1,'2020-05-13 15:54:30','2020-05-13 15:54:30',NULL),(122,88,15,'AUXILIAR DE ENFERMERIA',37281.06,200.00,8.00,0.00,0.00,0.00,0.00,0.00,1,'2020-05-13 15:55:06','2020-05-13 15:55:06',NULL),(123,5562,16,'OFICIAL',2499.00,176.00,8.00,0.00,0.00,0.00,0.00,0.00,1,'2020-04-07 03:01:58','2024-04-29 18:37:36',NULL),(124,5562,16,'PEON / AYUDANTE',2115.00,176.00,8.00,0.00,0.00,0.00,0.00,0.00,1,'2020-04-07 03:01:58','2024-04-29 18:37:52',NULL),(125,88,17,'1RA CATEGORIA: JEFE',40000.00,192.00,8.00,0.00,0.00,0.00,0.00,0.00,1,'2020-04-07 03:01:58','2020-05-19 11:21:34',NULL),(126,88,17,'2DA CATEGORIA: ADM. POLIVALENTE A',35891.01,192.00,8.00,0.00,0.00,0.00,0.00,0.00,1,'2020-04-07 03:01:58','2020-05-19 11:22:03',NULL),(127,88,17,'3RA CATEGORIA: ADM. POLIVALENTE B',18482.38,200.00,8.00,0.00,0.00,0.00,0.00,0.00,1,'2020-04-07 03:01:58','2020-05-19 11:22:26',NULL),(128,88,17,'4TA CATEGORIA: ADM. POLIVALENTE C',37370.26,200.00,8.00,0.00,0.00,0.00,0.00,0.00,1,'2020-04-07 03:01:58','2020-05-19 14:11:06',NULL),(129,88,17,'5TA. CATEGORIA: CADETE',18397.39,200.00,8.00,0.00,0.00,0.00,0.00,0.00,1,'2020-04-07 03:01:58','2020-05-19 11:23:26',NULL),(133,88,18,'MEZCLADOR',137.53,176.00,8.00,0.00,0.00,0.00,0.00,0.00,1,'2020-04-07 03:01:58','2020-05-19 14:28:33',NULL),(134,88,18,'PRENSERO',129.62,176.00,8.00,0.00,0.00,0.00,0.00,0.00,1,'2020-04-07 03:01:58','2020-05-19 14:28:42',NULL),(135,88,19,'CATEGORIA E',120.57,180.00,8.00,0.00,0.00,0.00,0.00,0.00,1,'2020-04-07 03:01:58','2020-05-19 15:26:59',NULL),(136,88,19,'CATEGORIA C',500.00,180.00,8.00,0.00,0.00,0.00,0.00,0.00,1,'2020-04-07 03:01:58','2020-05-19 15:27:16',NULL),(142,88,20,'BARMAN',17938.64,192.00,8.00,0.00,0.00,0.00,0.00,0.00,1,'2020-04-07 03:01:58','2020-05-20 09:11:49',NULL),(143,88,20,'COCINERO',18278.39,192.00,8.00,0.00,0.00,0.00,0.00,0.00,1,'2020-04-07 03:01:58','2020-05-20 09:12:01',NULL),(144,88,20,'MOZO',24840.00,192.00,8.00,0.00,0.00,0.00,0.00,0.00,1,'2020-04-07 03:01:58','2020-05-20 09:12:27',NULL),(152,88,21,'OFICIAL',26800.00,192.00,8.00,0.00,0.00,0.00,0.00,0.00,1,'2020-04-07 03:01:58','2020-05-28 11:58:12',NULL),(159,5562,22,'Conductor de 1ra Categoria',833801.99,192.00,8.00,0.00,0.00,0.00,0.00,0.00,1,'2020-04-07 03:01:58','2025-11-05 12:24:16',NULL),(160,5562,22,'Peon especializado',47092.82,240.00,8.00,0.00,0.00,0.00,0.00,0.00,1,'2020-04-07 03:01:58','2021-09-05 00:38:22',NULL),(172,88,24,'CATEGORIA A',18448.32,192.00,8.00,0.00,0.00,0.00,0.00,0.00,1,'2020-04-07 03:01:58','2020-05-22 10:04:13',NULL),(174,88,24,'CATEGORIA B',17938.64,192.00,8.00,0.00,0.00,0.00,0.00,0.00,1,'2020-04-07 03:01:58','2020-05-22 10:04:26',NULL),(175,88,24,'CATEGORIA C',18278.39,192.00,8.00,0.00,0.00,0.00,0.00,0.00,1,'2020-04-07 03:01:58','2020-05-22 10:04:41',NULL),(176,88,24,'CATEGORIA D',57530.00,192.00,8.00,0.00,0.00,0.00,0.00,0.00,1,'2020-04-07 03:01:58','2020-05-22 10:04:59',NULL),(204,1,34,'VIGILADOR GENERAL',25500.00,200.00,8.00,0.00,0.00,0.00,0.00,0.00,1,'2020-04-07 03:01:58','2020-05-22 11:40:59',NULL),(205,1,34,'VIGILADOR PRINCIPAL',29821.00,200.00,8.00,0.00,0.00,0.00,0.00,0.00,1,'2020-04-07 03:01:58','2020-05-22 11:41:29',NULL),(206,1,34,'ADMINISTRATIVO',28742.00,200.00,8.00,0.00,0.00,0.00,0.00,0.00,1,'2020-04-07 03:01:58','2020-05-22 11:41:56',NULL),(207,5562,35,'Peón General',936746.56,176.00,7.33,0.00,0.00,0.00,0.00,0.00,1,'2020-04-07 06:01:58','2025-11-05 12:21:24',NULL),(208,5562,35,'Ayudante Especializado Peón General',110434.65,176.00,7.33,0.00,0.00,0.00,0.00,0.00,1,'2020-04-07 06:01:58','2023-01-02 17:06:38',NULL);
INSERT INTO `syj_convenio_categorias` VALUES (209,5562,35,'Conductores, Tractorista, Maquinistas',1039436.94,176.00,7.33,0.00,0.00,0.00,0.00,0.00,1,'2020-04-07 06:01:58','2025-11-05 12:22:15',NULL),(210,5562,35,'Mecánicos Tractoristas',126028.35,176.00,7.33,0.00,0.00,0.00,0.00,0.00,1,'2020-04-07 06:01:58','2023-01-02 17:07:46',NULL),(211,5562,35,'Encargado',115760.55,176.00,7.33,0.00,0.00,0.00,0.00,0.00,1,'2020-04-07 06:01:58','2022-09-02 10:03:34',NULL),(212,5562,35,'Puestero',109049.63,176.00,7.33,0.00,0.00,0.00,0.00,0.00,1,'2020-04-07 06:01:58','2022-11-03 16:41:19',NULL),(213,5562,35,'Peones de Cabañas',92821.22,176.00,7.33,0.00,0.00,0.00,0.00,0.00,1,'2020-04-07 06:01:58','2022-09-02 10:05:38',NULL),(214,5562,35,'Vendedores B',36552.38,192.00,8.00,0.00,0.00,0.00,0.00,0.00,1,'2020-04-07 06:01:58','2021-09-04 11:14:06','2021-09-04 11:14:06'),(215,NULL,36,'Generica',1.00,1.00,1.00,0.00,0.00,0.00,0.00,0.00,1,'2021-10-23 09:01:55','2021-10-26 09:35:42',NULL),(216,5562,37,'Ayudante Administrativo de Segunda',618518.00,192.00,8.00,0.00,0.00,0.00,0.00,0.00,1,'2020-04-07 06:01:58','2024-07-08 14:00:30',NULL),(217,5562,37,'Ayudante Administrativo',707062.00,192.00,8.00,0.00,0.00,0.00,0.00,0.00,1,'2020-04-07 06:01:58','2024-07-08 14:03:38',NULL),(218,5562,37,'Ayudante Técnico  - Grupo III',689277.00,192.00,8.00,0.00,0.00,0.00,0.00,0.00,1,'2020-04-07 06:01:58','2024-07-08 14:01:01',NULL),(219,5562,37,'Analista Administrativo',755862.00,200.00,8.00,0.00,0.00,0.00,0.00,0.00,1,'2020-04-07 06:01:58','2024-07-07 14:08:49',NULL),(220,5562,37,'Cajeros B',18397.39,200.00,8.00,0.00,0.00,0.00,0.00,0.00,1,'2020-04-07 06:01:58','2023-01-04 17:25:42','2023-01-04 17:25:42'),(221,5562,37,'Maestranza A',17938.64,200.00,8.00,0.00,0.00,0.00,0.00,0.00,1,'2020-04-07 06:01:58','2023-01-04 17:25:49','2023-01-04 17:25:49'),(222,5562,37,'Personal Auxilar A',18278.39,200.00,8.00,0.00,0.00,0.00,0.00,0.00,1,'2020-04-07 06:01:58','2023-01-04 17:24:44','2023-01-04 17:24:44'),(223,5562,37,'Vendedores B',36552.38,192.00,8.00,0.00,0.00,0.00,0.00,0.00,1,'2020-04-07 06:01:58','2023-01-04 17:24:48','2023-01-04 17:24:48'),(224,5562,16,'SERENO ZONA A',383792.00,176.00,8.00,0.00,0.00,0.00,0.00,0.00,1,'2023-02-02 15:14:56','2024-04-29 18:38:11',NULL),(225,5562,7,'Director - Gerente',2000000.00,192.00,8.00,0.00,0.00,0.00,0.00,0.00,1,'2023-04-05 10:51:58','2025-11-05 12:25:03',NULL),(226,5562,6,'Cajero A',447498.77,192.00,8.00,0.00,0.00,0.00,0.00,0.00,1,'2023-11-27 11:02:45','2024-01-29 16:28:55',NULL),(227,5562,35,'Peones Generales Jornalero',37006.72,176.00,8.00,0.00,0.00,0.00,0.00,0.00,1,'2023-12-02 11:44:00','2025-08-07 08:42:02',NULL);

--
-- Table structure for table `syj_convenio_formatosicoss`
--

CREATE TABLE `syj_convenio_formatosicoss` (
  `user_id` int(10) unsigned DEFAULT NULL,
  `syj_convenio_id` int(10) unsigned DEFAULT NULL,
  `syj_formato_sicoss_id` int(10) unsigned DEFAULT NULL,
  `created_at` timestamp NULL DEFAULT NULL,
  `updated_at` timestamp NULL DEFAULT NULL,
  `deleted_at` timestamp NULL DEFAULT NULL,
  KEY `syj_convenio_formatosicoss_syj_convenio_id_foreign` (`syj_convenio_id`),
  KEY `syj_convenio_formatosicoss_syj_formato_sicoss_id_foreign` (`syj_formato_sicoss_id`),
  CONSTRAINT `syj_convenio_formatosicoss_syj_convenio_id_foreign` FOREIGN KEY (`syj_convenio_id`) REFERENCES `syj_convenios` (`id`),
  CONSTRAINT `syj_convenio_formatosicoss_syj_formato_sicoss_id_foreign` FOREIGN KEY (`syj_formato_sicoss_id`) REFERENCES `syj_formato_sicoss` (`id`)
) ENGINE=InnoDB DEFAULT CHARSET=utf8mb4 COLLATE=utf8mb4_unicode_ci;

--
-- Dumping data for table `syj_convenio_formatosicoss`
--

INSERT INTO `syj_convenio_formatosicoss` VALUES (NULL,5,1,NULL,NULL,NULL),(1,6,1,NULL,NULL,NULL),(1,7,1,NULL,NULL,NULL),(88,13,1,NULL,NULL,NULL),(88,14,1,NULL,NULL,NULL),(88,15,1,NULL,NULL,NULL),(88,16,1,NULL,NULL,NULL),(88,17,1,NULL,NULL,NULL),(88,18,1,NULL,NULL,NULL),(88,19,1,NULL,NULL,NULL),(88,20,1,NULL,NULL,NULL),(88,21,1,NULL,NULL,NULL),(88,22,1,NULL,NULL,NULL),(88,24,1,NULL,NULL,NULL),(1,34,1,NULL,NULL,NULL),(NULL,5,2,'2021-08-28 15:22:03','2021-08-28 15:22:03',NULL),(NULL,6,2,'2021-08-28 15:22:03','2021-08-28 15:22:03',NULL),(NULL,7,2,'2021-08-28 15:22:03','2021-08-28 15:22:03',NULL),(NULL,13,2,'2021-08-28 15:22:03','2021-08-28 15:22:03',NULL),(NULL,14,2,'2021-08-28 15:22:03','2021-08-28 15:22:03',NULL),(NULL,15,2,'2021-08-28 15:22:03','2021-08-28 15:22:03',NULL),(NULL,16,2,'2021-08-28 15:22:03','2021-08-28 15:22:03',NULL),(NULL,17,2,'2021-08-28 15:22:03','2021-08-28 15:22:03',NULL),(NULL,18,2,'2021-08-28 15:22:03','2021-08-28 15:22:03',NULL),(NULL,19,2,'2021-08-28 15:22:03','2021-08-28 15:22:03',NULL),(NULL,20,2,'2021-08-28 15:22:03','2021-08-28 15:22:03',NULL),(NULL,21,2,'2021-08-28 15:22:03','2021-08-28 15:22:03',NULL),(NULL,22,2,'2021-08-28 15:22:03','2021-08-28 15:22:03',NULL),(NULL,24,2,'2021-08-28 15:22:03','2021-08-28 15:22:03',NULL),(NULL,34,2,'2021-08-28 15:22:03','2021-08-28 15:22:03',NULL),(5562,35,1,NULL,NULL,NULL),(5562,35,2,'2021-08-28 18:22:03','2021-08-28 18:22:03',NULL),(NULL,36,1,NULL,NULL,NULL),(NULL,36,2,NULL,NULL,NULL),(5562,37,1,NULL,NULL,NULL),(5562,37,2,'2021-08-28 18:22:03','2021-08-28 18:22:03',NULL);

--
-- Table structure for table `syj_convenios`
--

CREATE TABLE `syj_convenios` (
  `id` int(10) unsigned NOT NULL AUTO_INCREMENT,
  `user_id` int(10) unsigned DEFAULT NULL,
  `descripcion` varchar(191) COLLATE utf8mb4_unicode_ci DEFAULT NULL,
  `syj_emp_afecta_id` int(10) unsigned NOT NULL,
  `habilitado` tinyint(1) NOT NULL DEFAULT '1',
  `created_at` timestamp NULL DEFAULT NULL,
  `updated_at` timestamp NULL DEFAULT NULL,
  `deleted_at` timestamp NULL DEFAULT NULL,
  PRIMARY KEY (`id`),
  KEY `syj_convenios_syj_emp_afecta_id_foreign` (`syj_emp_afecta_id`),
  CONSTRAINT `syj_convenios_syj_emp_afecta_id_foreign` FOREIGN KEY (`syj_emp_afecta_id`) REFERENCES `syj_emp_afecta` (`id`)
) ENGINE=InnoDB AUTO_INCREMENT=38 DEFAULT CHARSET=utf8mb4 COLLATE=utf8mb4_unicode_ci;

--
-- Dumping data for table `syj_convenios`
--

INSERT INTO `syj_convenios` VALUES (5,88,'CONVENIO GENERICO',2,1,'2020-04-07 03:01:58','2021-08-28 15:22:00',NULL),(6,5562,'COMERCIO 130/75',2,1,'2020-05-11 15:11:16','2021-09-04 10:36:57',NULL),(7,1,'DIRECTORES - GERENTES',2,1,'2020-05-12 12:36:54','2021-08-28 15:22:00',NULL),(13,88,'TINTOREROS 0526/08',3,1,'2020-05-13 10:17:46','2020-05-13 10:48:47',NULL),(14,88,'SANIDAD 108/75',2,1,'2020-05-13 12:21:02','2020-05-13 12:21:26',NULL),(15,88,'SANIDAD 122/75',2,1,'2020-05-13 15:40:51','2020-05-13 15:40:51',NULL),(16,5562,'UOCRA 76/75',2,1,'2020-05-19 09:56:17','2023-02-01 13:27:38',NULL),(17,88,'SOECRA - COCHERIAS 749/18',2,1,'2020-05-19 11:20:07','2021-08-28 15:22:00',NULL),(18,88,'SOCAYA 179/75',3,1,'2020-05-19 14:24:18','2020-05-19 14:24:18',NULL),(19,88,'AOTRA 500/07',3,1,'2020-05-19 15:21:50','2020-05-19 15:21:50',NULL),(20,88,'UTHGRA 389/04',2,1,'2020-05-20 08:56:34','2021-08-28 15:22:00',NULL),(21,88,'SOMRA 281/96',2,1,'2020-05-20 11:46:24','2021-08-28 15:22:00',NULL),(22,5562,'CAMIONEROS 40/89',2,1,'2020-05-20 13:28:57','2021-09-04 10:36:43',NULL),(24,88,'ATILRA 02/88',2,1,'2020-05-21 20:24:45','2021-08-28 15:22:00',NULL),(34,88,'UPSRA - Seguridad 507/07',2,1,'2020-05-22 12:48:31','2021-08-28 15:22:00',NULL),(35,5562,'UATRE',2,1,'2021-09-04 10:46:57','2021-09-04 10:46:57',NULL),(36,NULL,'Empleado Eventual',1,1,'2021-10-23 09:01:55','2021-10-23 09:01:55',NULL),(37,5562,'UECARA 660/13',2,1,'2023-01-04 17:20:45','2023-01-04 17:20:45',NULL);

--
-- Table structure for table `syj_domicilios`
--

CREATE TABLE `syj_domicilios` (
  `id` int(10) unsigned NOT NULL AUTO_INCREMENT,
  `user_id` int(10) unsigned DEFAULT NULL,
  `person_id` int(10) unsigned NOT NULL,
  `pais_id` int(10) unsigned NOT NULL,
  `zone_id` int(10) unsigned NOT NULL,
  `localidad_id` int(10) unsigned NOT NULL,
  `calle` varchar(191) COLLATE utf8mb4_unicode_ci DEFAULT NULL,
  `numero` int(11) DEFAULT NULL,
  `piso` varchar(191) COLLATE utf8mb4_unicode_ci DEFAULT NULL,
  `depto` varchar(191) COLLATE utf8mb4_unicode_ci DEFAULT NULL,
  `cod_postal` int(11) DEFAULT NULL,
  `sucursal` varchar(191) COLLATE utf8mb4_unicode_ci DEFAULT NULL,
  `is_legal` tinyint(1) NOT NULL DEFAULT '0',
  `habilitado` tinyint(1) NOT NULL DEFAULT '1',
  `created_at` timestamp NULL DEFAULT NULL,
  `updated_at` timestamp NULL DEFAULT NULL,
  `deleted_at` timestamp NULL DEFAULT NULL,
  PRIMARY KEY (`id`),
  KEY `syj_domicilios_person_id_foreign` (`person_id`),
  KEY `syj_domicilios_pais_id_foreign` (`pais_id`),
  KEY `syj_domicilios_zone_id_foreign` (`zone_id`),
  KEY `syj_domicilios_localidad_id_foreign` (`localidad_id`),
  CONSTRAINT `syj_domicilios_localidad_id_foreign` FOREIGN KEY (`localidad_id`) REFERENCES `localidad` (`id`),
  CONSTRAINT `syj_domicilios_pais_id_foreign` FOREIGN KEY (`pais_id`) REFERENCES `pais` (`id`),
  CONSTRAINT `syj_domicilios_person_id_foreign` FOREIGN KEY (`person_id`) REFERENCES `persons` (`id`),
  CONSTRAINT `syj_domicilios_zone_id_foreign` FOREIGN KEY (`zone_id`) REFERENCES `zones` (`id`)
) ENGINE=InnoDB AUTO_INCREMENT=7 DEFAULT CHARSET=utf8mb4 COLLATE=utf8mb4_unicode_ci;

--
-- Dumping data for table `syj_domicilios`
--

INSERT INTO `syj_domicilios` VALUES (1,5562,40719,1,23,9,'Avenida 33',580,'-','-',7637,'1',1,1,'2021-09-04 10:29:51','2021-09-04 10:32:30',NULL),(2,5562,40720,1,23,9,'Avenida 33',580,'-','-',7637,'1',1,1,'2021-09-04 10:35:41','2021-09-04 10:35:41',NULL),(3,5562,40721,1,23,9,'33',580,'-','-',7637,'1',0,1,'2021-09-05 23:15:33','2021-09-05 23:15:33',NULL),(4,5562,40721,1,23,9,'33',580,'-','-',7637,'1',0,1,'2021-09-05 23:16:56','2021-09-05 23:17:02','2021-09-05 23:17:02'),(5,5562,41936,1,23,10,'85',244,'','1',7630,'1',1,1,'2022-08-07 14:17:53','2022-08-07 14:17:53',NULL),(6,5562,42359,1,23,10,'58',3270,'2','A',7630,'1',0,1,'2023-05-24 09:14:35','2023-05-24 09:14:35',NULL);

--
-- Table structure for table `syj_emp_afecta`
--

CREATE TABLE `syj_emp_afecta` (
  `id` int(10) unsigned NOT NULL AUTO_INCREMENT,
  `user_id` int(10) unsigned DEFAULT NULL,
  `descripcion` varchar(191) COLLATE utf8mb4_unicode_ci NOT NULL,
  `habilitado` tinyint(1) NOT NULL DEFAULT '1',
  `created_at` timestamp NULL DEFAULT NULL,
  `updated_at` timestamp NULL DEFAULT NULL,
  `deleted_at` timestamp NULL DEFAULT NULL,
  PRIMARY KEY (`id`),
  UNIQUE KEY `syj_emp_afecta_descripcion_unique` (`descripcion`)
) ENGINE=InnoDB AUTO_INCREMENT=4 DEFAULT CHARSET=utf8mb4 COLLATE=utf8mb4_unicode_ci;

--
-- Dumping data for table `syj_emp_afecta`
--

INSERT INTO `syj_emp_afecta` VALUES (1,NULL,'Todos',1,'2020-05-28 20:55:23','2020-05-28 20:55:23',NULL),(2,NULL,'Mensual/Jornal',1,'2020-05-28 20:55:23','2020-05-28 20:55:23',NULL),(3,NULL,'Quincenal',1,'2020-05-28 20:55:23','2020-05-28 20:55:23',NULL);

--
-- Table structure for table `syj_emp_alcance`
--

CREATE TABLE `syj_emp_alcance` (
  `id` int(10) unsigned NOT NULL AUTO_INCREMENT,
  `user_id` int(10) unsigned DEFAULT NULL,
  `descripcion` varchar(191) COLLATE utf8mb4_unicode_ci NOT NULL,
  `habilitado` tinyint(1) NOT NULL DEFAULT '1',
  `created_at` timestamp NULL DEFAULT NULL,
  `updated_at` timestamp NULL DEFAULT NULL,
  `deleted_at` timestamp NULL DEFAULT NULL,
  PRIMARY KEY (`id`),
  UNIQUE KEY `syj_emp_alcance_descripcion_unique` (`descripcion`)
) ENGINE=InnoDB AUTO_INCREMENT=3 DEFAULT CHARSET=utf8mb4 COLLATE=utf8mb4_unicode_ci;

--
-- Dumping data for table `syj_emp_alcance`
--

INSERT INTO `syj_emp_alcance` VALUES (1,NULL,'General',1,'2020-05-28 20:55:23','2020-05-28 20:55:23',NULL),(2,NULL,'Por Empleado',1,'2020-05-28 20:55:23','2020-05-28 20:55:23',NULL);

--
-- Table structure for table `syj_emp_cod_siniestro`
--

CREATE TABLE `syj_emp_cod_siniestro` (
  `id` int(10) unsigned NOT NULL AUTO_INCREMENT,
  `user_id` int(10) unsigned DEFAULT NULL,
  `codigo_afip` varchar(191) COLLATE utf8mb4_unicode_ci NOT NULL,
  `descripcion` varchar(191) COLLATE utf8mb4_unicode_ci NOT NULL,
  `habilitado` tinyint(1) NOT NULL DEFAULT '1',
  `created_at` timestamp NULL DEFAULT NULL,
  `updated_at` timestamp NULL DEFAULT NULL,
  `deleted_at` timestamp NULL DEFAULT NULL,
  PRIMARY KEY (`id`),
  UNIQUE KEY `syj_emp_cod_siniestro_codigo_afip_unique` (`codigo_afip`)
) ENGINE=InnoDB AUTO_INCREMENT=15 DEFAULT CHARSET=utf8mb4 COLLATE=utf8mb4_unicode_ci;

--
-- Dumping data for table `syj_emp_cod_siniestro`
--

INSERT INTO `syj_emp_cod_siniestro` VALUES (1,NULL,'0','No Incapacitado',1,'2020-05-28 20:55:24','2020-05-28 20:55:24',NULL),(2,NULL,'1','ILT Incapacidad Laboral Temporaria',1,'2020-05-28 20:55:24','2020-05-28 20:55:24',NULL),(3,NULL,'2','ILPPP Incap Lab Perman Parcial Provisoria',1,'2020-05-28 20:55:24','2020-05-28 20:55:24',NULL),(4,NULL,'3','ILPPD Incap Lab Perman Parcial Definitiva',1,'2020-05-28 20:55:24','2020-05-28 20:55:24',NULL),(5,NULL,'4','ILPTP Incap Lab Perman Total Provisoria',1,'2020-05-28 20:55:24','2020-05-28 20:55:24',NULL),(6,NULL,'5','Capital de recomp Art 15,ap 3 Ley 24557',1,'2020-05-28 20:55:24','2020-05-28 20:55:24',NULL),(7,NULL,'6','Ajuste Definitivo ILPPD de pago mensual',1,'2020-05-28 20:55:24','2020-05-28 20:55:24',NULL),(8,NULL,'7','RENTA PERIOD ILPPD Inc Lab Perm Parc Def>50%',1,'2020-05-28 20:55:24','2020-05-28 20:55:24',NULL),(9,NULL,'8','SRT/SSN F Garantia/F Res ILT Incap Lab Temp',1,'2020-05-28 20:55:24','2020-05-28 20:55:24',NULL),(10,NULL,'9','SRT/SSN F Gtia/F Res ILPPP Inc Lab Perm Parc',1,'2020-05-28 20:55:24','2020-05-28 20:55:24',NULL),(11,NULL,'10','SRT/SSN F Gtia/F Res ILPTP Inc Lab Perm Total',1,'2020-05-28 20:55:24','2020-05-28 20:55:24',NULL),(12,NULL,'11','SRT/SSN F Gtia/F Res ILPPD Inc Lab Perm Par D',1,'2020-05-28 20:55:24','2020-05-28 20:55:24',NULL),(13,NULL,'12','ILPPD Beneficios devengados art 11 p.4',1,'2020-05-28 20:55:24','2020-05-28 20:55:24',NULL),(14,NULL,'13','INFORME Incr salarial de trabaj siniest a ART',1,'2020-05-28 20:55:24','2020-05-28 20:55:24',NULL);

--
-- Table structure for table `syj_emp_condicion`
--

CREATE TABLE `syj_emp_condicion` (
  `id` int(10) unsigned NOT NULL AUTO_INCREMENT,
  `user_id` int(10) unsigned DEFAULT NULL,
  `descripcion` varchar(191) COLLATE utf8mb4_unicode_ci NOT NULL,
  `codigo_afip` int(10) unsigned NOT NULL,
  `habilitado` tinyint(1) NOT NULL DEFAULT '1',
  `created_at` timestamp NULL DEFAULT NULL,
  `updated_at` timestamp NULL DEFAULT NULL,
  `deleted_at` timestamp NULL DEFAULT NULL,
  PRIMARY KEY (`id`),
  UNIQUE KEY `syj_emp_condicion_descripcion_unique` (`descripcion`)
) ENGINE=InnoDB AUTO_INCREMENT=15 DEFAULT CHARSET=utf8mb4 COLLATE=utf8mb4_unicode_ci;

--
-- Dumping data for table `syj_emp_condicion`
--

INSERT INTO `syj_emp_condicion` VALUES (1,NULL,'Jubilado Decreto Nº 894/01 y/o Dec 2288/02',0,1,'2020-05-28 20:55:24','2020-05-28 20:55:24',NULL),(2,NULL,'SERVICIOS COMUNES Mayor de 18 años',1,1,'2020-05-28 20:55:24','2020-05-28 20:55:34',NULL),(3,NULL,'Jubilado',2,1,'2020-05-28 20:55:24','2020-05-28 20:55:34',NULL),(4,NULL,'Menor',3,1,'2020-05-28 20:55:24','2020-05-28 20:55:34',NULL),(5,NULL,'Menor Anterior',4,0,'2020-05-28 20:55:24','2021-09-16 15:50:37',NULL),(6,NULL,'SERVICIOS DIFERENCIADOS Mayor de 18 años',5,1,'2020-05-28 20:55:24','2020-05-28 20:55:34',NULL),(7,NULL,'Pre-Jubilables Sin relacion de dependencia-s/',6,1,'2020-05-28 20:55:24','2020-05-28 20:55:34',NULL),(8,NULL,'MEDIDA DE NO INNOVAR SERV COMUNES',7,0,'2020-05-28 20:55:24','2021-09-16 15:50:37',NULL),(9,NULL,'MEDIDA DE NO INNOVAR SERV DIFERENCIADOS',8,0,'2020-05-28 20:55:24','2021-09-16 15:50:37',NULL),(10,NULL,'Jubilado Decreto Nº 206/00 y/o Decreto 894/01',9,1,'2020-05-28 20:55:24','2020-05-28 20:55:34',NULL),(11,NULL,'Pensión (NO SIPA)',10,1,'2020-05-28 20:55:24','2020-05-28 20:55:34',NULL),(12,NULL,'Pensión no contributiva (NO SIPA)',11,1,'2020-05-28 20:55:24','2020-05-28 20:55:34',NULL),(13,NULL,'Art. 8º Ley Nº 27426',12,1,'2021-09-16 15:50:37','2021-09-16 15:50:37',NULL),(14,NULL,'Servicios Diferenciados no alcanzados por el Dto. 633/2018',13,1,'2021-09-16 15:50:37','2021-09-16 15:50:37',NULL);

--
-- Table structure for table `syj_emp_estado`
--

CREATE TABLE `syj_emp_estado` (
  `id` int(10) unsigned NOT NULL AUTO_INCREMENT,
  `user_id` int(10) unsigned DEFAULT NULL,
  `descripcion` varchar(191) COLLATE utf8mb4_unicode_ci NOT NULL,
  `habilitado` tinyint(1) NOT NULL DEFAULT '1',
  `created_at` timestamp NULL DEFAULT NULL,
  `updated_at` timestamp NULL DEFAULT NULL,
  `deleted_at` timestamp NULL DEFAULT NULL,
  PRIMARY KEY (`id`),
  UNIQUE KEY `syj_emp_estado_descripcion_unique` (`descripcion`)
) ENGINE=InnoDB AUTO_INCREMENT=4 DEFAULT CHARSET=utf8mb4 COLLATE=utf8mb4_unicode_ci;

--
-- Dumping data for table `syj_emp_estado`
--

INSERT INTO `syj_emp_estado` VALUES (1,NULL,'Habilitado',1,'2020-05-28 20:55:23','2020-05-28 20:55:23',NULL),(2,NULL,'Inhabilitado',1,'2020-05-28 20:55:23','2020-05-28 20:55:23',NULL),(3,NULL,'Baja',1,'2020-05-28 20:55:23','2020-05-28 20:55:23',NULL);

--
-- Table structure for table `syj_emp_mod_contratacion`
--

CREATE TABLE `syj_emp_mod_contratacion` (
  `id` int(10) unsigned NOT NULL AUTO_INCREMENT,
  `user_id` int(10) unsigned DEFAULT NULL,
  `codigo_afip` varchar(191) COLLATE utf8mb4_unicode_ci NOT NULL,
  `descripcion` varchar(191) COLLATE utf8mb4_unicode_ci NOT NULL,
  `habilitado` tinyint(1) NOT NULL DEFAULT '1',
  `created_at` timestamp NULL DEFAULT NULL,
  `updated_at` timestamp NULL DEFAULT NULL,
  `deleted_at` timestamp NULL DEFAULT NULL,
  PRIMARY KEY (`id`),
  UNIQUE KEY `syj_emp_mod_contratacion_codigo_afip_unique` (`codigo_afip`)
) ENGINE=InnoDB AUTO_INCREMENT=123 DEFAULT CHARSET=utf8mb4 COLLATE=utf8mb4_unicode_ci;

--
-- Dumping data for table `syj_emp_mod_contratacion`
--

INSERT INTO `syj_emp_mod_contratacion` VALUES (1,NULL,'1','A tiempo parcial:Indeterminado/permanente',1,'2020-05-28 20:55:24','2020-05-28 20:55:24',NULL),(2,NULL,'2','Becarios/Residencias medicas Ley 22127',1,'2020-05-28 20:55:24','2020-05-28 20:55:24',NULL),(3,NULL,'3','De aprendizaje l.25013',1,'2020-05-28 20:55:24','2020-05-28 20:55:24',NULL),(4,NULL,'8','A tiempo completo indet/Trabajo permanente',1,'2020-05-28 20:55:24','2020-05-28 20:55:24',NULL),(5,NULL,'10','Pasantias-sin obra social',1,'2020-05-28 20:55:24','2020-05-28 20:55:24',NULL),(6,NULL,'11','Trabajo de temporada',1,'2020-05-28 20:55:24','2020-05-28 20:55:24',NULL),(7,NULL,'12','Trabajo eventual',1,'2020-05-28 20:55:24','2020-05-28 20:55:24',NULL),(8,NULL,'14','Nuevo Periodo de Prueba',1,'2020-05-28 20:55:24','2020-05-28 20:55:24',NULL),(9,NULL,'15','Pto Nuevo Varones y Mujeres de 25 a 44 años',1,'2020-05-28 20:55:24','2020-05-28 20:55:24',NULL),(10,NULL,'16','Nuevo Periodo de Prueba Trab Disc Art 34',1,'2020-05-28 20:55:24','2020-05-28 20:55:24',NULL),(11,NULL,'17','Pto Nuevo Menor de 25 años, Varones y Mujeres',1,'2020-05-28 20:55:24','2020-05-28 20:55:24',NULL),(12,NULL,'18','Trabajador Discapacitado Art 34 Ley 24147',1,'2020-05-28 20:55:24','2020-05-28 20:55:24',NULL),(13,NULL,'19','Puesto Nuevo. Varones y Mujeres 25 a 44 años',1,'2020-05-28 20:55:24','2020-05-28 20:55:24',NULL),(14,NULL,'20','Pto Nuevo Menor de 25 años, Varones y Mujeres',1,'2020-05-28 20:55:24','2020-05-28 20:55:24',NULL),(15,NULL,'21','A tiempo parcial det(contrato a plazo fijo)',1,'2020-05-28 20:55:24','2020-05-28 20:55:24',NULL),(16,NULL,'22','A Tiempo completo det(contrato a plazo fijo)',1,'2020-05-28 20:55:24','2020-05-28 20:55:24',NULL),(17,NULL,'23','Personal no permanente L 22248',1,'2020-05-28 20:55:24','2020-05-28 20:55:24',NULL),(18,NULL,'24','Personal de la Construccion L 22250',1,'2020-05-28 20:55:24','2020-05-28 20:55:24',NULL),(19,NULL,'25','Empleo publico provincial',1,'2020-05-28 20:55:24','2020-05-28 20:55:24',NULL),(20,NULL,'26','Benef de programa de empleo, capacit y recup',1,'2020-05-28 20:55:24','2020-05-28 20:55:24',NULL),(21,NULL,'27','Pasantias Ley 26427-con obra social-',1,'2020-05-28 20:55:24','2020-05-28 20:55:24',NULL),(22,NULL,'28','Programas Jefes y Jefas de Hogar',1,'2020-05-28 20:55:24','2020-05-28 20:55:24',NULL),(23,NULL,'29','Decreto Nº 1212/03 Aportante Autonomo',1,'2020-05-28 20:55:24','2020-05-28 20:55:24',NULL),(24,NULL,'30','Nuevo Periodo de Prueba Trabaj Discap Art 87',1,'2020-05-28 20:55:24','2020-05-28 20:55:24',NULL),(25,NULL,'31','Trabajador Discapacitado Art 87 L 24013',1,'2020-05-28 20:55:24','2020-05-28 20:55:24',NULL),(26,NULL,'44','Changa Solidaria CCT 62/75',1,'2020-05-28 20:55:24','2020-05-28 20:55:24',NULL),(27,NULL,'45','Personal no permanente hoteles CCT 362/03',1,'2020-05-28 20:55:24','2020-05-28 20:55:24',NULL),(28,NULL,'46','Planta transitoria Adm Pub Nac,Prov y/o Munic',1,'2020-05-28 20:55:24','2020-05-28 20:55:24',NULL),(29,NULL,'47','Representacion Gremial',1,'2020-05-28 20:55:24','2020-05-28 20:55:24',NULL),(30,NULL,'48','Art 4 L 24241 Traslado temp desde el exterior',1,'2020-05-28 20:55:24','2020-05-28 20:55:24',NULL),(31,NULL,'49','Directores-empleado SA con OS y LRT',1,'2020-05-28 20:55:24','2020-05-28 20:55:24',NULL),(32,NULL,'51','Pasantias Ley 26247-con OS- benef pens de dis',1,'2020-05-28 20:55:24','2020-05-28 20:55:24',NULL),(33,NULL,'95','Planes Ministerio de Trabajo',1,'2020-05-28 20:55:24','2020-05-28 20:55:24',NULL),(34,NULL,'96','Plan Trabajo por San Luis Ley 5411/03',1,'2020-05-28 20:55:24','2020-05-28 20:55:24',NULL),(35,NULL,'97','Programa Trabajo para jovenes tucumanos',1,'2020-05-28 20:55:24','2020-05-28 20:55:24',NULL),(36,NULL,'98','BONUS 2da oportunidad',1,'2020-05-28 20:55:24','2020-05-28 20:55:24',NULL),(37,NULL,'99','LRT(Directores SA,municipios,org cent y desc',1,'2020-05-28 20:55:24','2020-05-28 20:55:24',NULL),(38,NULL,'110','Trabajo Permanente Prest.Continua Ley 26727',1,'2020-05-28 20:55:24','2020-05-28 20:55:24',NULL);
INSERT INTO `syj_emp_mod_contratacion` VALUES (39,NULL,'111','Trabajo Temporario Ley 26727',1,'2020-05-28 20:55:24','2020-05-28 20:55:24',NULL),(40,NULL,'112','Trabajo Permanente Discontinuo Ley 26727',1,'2020-05-28 20:55:24','2020-05-28 20:55:24',NULL),(41,NULL,'113','Trabajo por eq.o cuadrilla familiar Ley 26727',1,'2020-05-28 20:55:24','2020-05-28 20:55:24',NULL),(42,NULL,'114','Trabajo temporario con Reducción Ley 26727',0,'2020-05-28 20:55:24','2021-09-16 15:50:37',NULL),(43,NULL,'115','Trabajo permanente disc con reducción ley 267',0,'2020-05-28 20:55:24','2021-09-16 15:50:37',NULL),(44,NULL,'201','Puesto Nuevo art 16 Ley 26467 benef prim 12m',0,'2020-05-28 20:55:24','2021-09-16 15:50:37',NULL),(45,NULL,'202','Pto Nuevo art 16 Ley 26467 trab discap Art 34',0,'2020-05-28 20:55:24','2021-09-16 15:50:37',NULL),(46,NULL,'203','Pto nuevo art 16 Ley 26467 trab disc Art 87',0,'2020-05-28 20:55:24','2021-09-16 15:50:37',NULL),(47,NULL,'204','Pto nuevo art 16 L 26467-meses 13 a 24-benef',0,'2020-05-28 20:55:24','2021-09-16 15:50:37',NULL),(48,NULL,'205','Pto nuevo art 16 L 26467 trab disc Art 34 L24',0,'2020-05-28 20:55:24','2021-09-16 15:50:37',NULL),(49,NULL,'206','Pto nuevo art 16 L 26467 trab disc Art 87 L28',0,'2020-05-28 20:55:24','2021-09-16 15:50:37',NULL),(50,NULL,'301','Art.19 Ley 26940. Tiempo indeterminado',0,'2020-05-28 20:55:24','2022-12-28 17:51:36',NULL),(51,NULL,'302','Art.19 L 26940- Trab. disc. art.34 L 24147 TI',0,'2020-05-28 20:55:24','2022-12-28 17:51:36',NULL),(52,NULL,'303','Art.19 L 26940- Trab. disc. art.34 L 24013 TI',0,'2020-05-28 20:55:24','2022-12-28 17:51:36',NULL),(53,NULL,'304','Art.19 L 26940. Tiempo parcial. Art. 92 LCT',0,'2020-05-28 20:55:24','2022-12-28 17:51:36',NULL),(54,NULL,'305','Art.19 L 26940.Trab. disc. art. 34 L 24147 TP',0,'2020-05-28 20:55:24','2022-12-28 17:51:36',NULL),(55,NULL,'306','Art.19 L 26940.Trab. disc. art. 87 L 24013 TP',0,'2020-05-28 20:55:24','2022-12-28 17:51:36',NULL),(56,NULL,'307','Art.24 L 26940. Hta 15 emp. Prim. 12 meses',0,'2020-05-28 20:55:24','2021-09-16 15:50:37',NULL),(57,NULL,'308','Art24 L 26940 Hta 15 emp. Prim. 12 mes TD A34',0,'2020-05-28 20:55:24','2021-09-16 15:50:37',NULL),(58,NULL,'309','Art24 L 26940 Hta 15 emp. Prim. 12 mes TD A87',0,'2020-05-28 20:55:24','2021-09-16 15:50:37',NULL),(59,NULL,'310','Art 24 L 26940 Hta 15 emp. 2dos12 meses',0,'2020-05-28 20:55:24','2021-09-16 15:50:37',NULL),(60,NULL,'311','Art 24 L 26940 Hta 15 emp. 2dos12 meses',0,'2020-05-28 20:55:24','2021-09-16 15:50:37',NULL),(61,NULL,'312','Art 24 L 26940 Hta 15 emp. 2dos12 meses',0,'2020-05-28 20:55:24','2021-09-16 15:50:37',NULL),(62,NULL,'313','Art 24 L 26940 Hta 16 a 80 emp. Tiempo indet',0,'2020-05-28 20:55:24','2021-09-16 15:50:37',NULL),(63,NULL,'314','Art 24 L 26940 Hta 16 a 80 emp. Tiempo indet',0,'2020-05-28 20:55:24','2021-09-16 15:50:37',NULL),(64,NULL,'315','Art 24 L 26940 Hta 16 a 80 emp. Tiempo indet',0,'2020-05-28 20:55:24','2021-09-16 15:50:37',NULL),(65,NULL,'989','CCG Tabaco Salta',1,'2020-05-28 20:55:24','2020-05-28 20:55:24',NULL),(66,NULL,'990','CCG Tabaco Jujuy',1,'2020-05-28 20:55:24','2020-05-28 20:55:24',NULL),(67,NULL,'991','CCG Vitivinicola de Rio Negro',0,'2020-05-28 20:55:24','2021-09-16 15:50:37',NULL),(68,NULL,'992','CCG Multiproducto del Chaco',1,'2020-05-28 20:55:24','2020-05-28 20:55:24',NULL),(69,NULL,'993','CCG Frutihortícola de San Juan',1,'2020-05-28 20:55:24','2020-05-28 20:55:24',NULL),(70,NULL,'994','CCG Yerba Mate Misiones',1,'2020-05-28 20:55:24','2020-05-28 20:55:24',NULL),(71,NULL,'995','CCG Vitivinícola de San Juan',0,'2020-05-28 20:55:24','2021-09-16 15:50:37',NULL),(72,NULL,'996','CCG Vitivinícola de Mendoza',0,'2020-05-28 20:55:24','2022-12-28 17:51:36',NULL),(73,NULL,'997','CCG forestal del Chaco',1,'2020-05-28 20:55:24','2020-05-28 20:55:24',NULL),(74,NULL,'998','CCG tabaco Virginia del Chaco',1,'2020-05-28 20:55:24','2020-05-28 20:55:24',NULL),(75,NULL,'999','Art11 L 26476 Trabajador registrado Rect. FI',0,'2020-05-28 20:55:24','2021-09-16 15:50:37',NULL);
INSERT INTO `syj_emp_mod_contratacion` VALUES (76,NULL,'59','Taller Protegido de Producción Ley 26816, art. 2º punto 2',1,'2021-09-16 15:50:37','2021-09-16 15:50:37',NULL),(77,NULL,'60','Taller Protegido Especial para el Empleo (TPEE) Ley 26816, art. 2º punto1',1,'2021-09-16 15:50:37','2021-09-16 15:50:37',NULL),(78,NULL,'61','Actor - Interprete en Empleador Contratante Ley 27.203- c/Obra Social',1,'2021-09-16 15:50:37','2021-09-16 15:50:37',NULL),(79,NULL,'62','Actor - Interprete en Empleador Contratante Ley 27.203- s/Obra Social',1,'2021-09-16 15:50:37','2021-09-16 15:50:37',NULL),(80,NULL,'102','Personal permanente discontinuo con ART(para uso de la EU Decreto Nro 762/14)',1,'2021-09-16 15:50:37','2021-09-16 15:50:37',NULL),(81,NULL,'103','Retiro Voluntario - Decreto 263/2018 y otros',1,'2021-09-16 15:50:37','2021-09-16 15:50:37',NULL),(82,NULL,'401','Puesto nuevo Art 2 inc. a Decreto 191/ 2021. Primeros 12 meses',1,'2021-09-16 15:50:37','2021-09-16 15:50:37',NULL),(83,NULL,'404','Puesto nuevo Art 2 inc. d Decreto 191/ 2021. Primeros 12 meses',1,'2021-09-16 15:50:37','2021-09-16 15:50:37',NULL),(84,NULL,'407','Tiempo parcial. Puesto nuevo Art 2 inc. a Decreto 191/ 2021. Primeros 12 meses',1,'2021-09-16 15:50:37','2021-09-16 15:50:37',NULL),(85,NULL,'410','Tiempo parcial. Puesto nuevo Art 2 inc. d Decreto 191/ 2021. Primeros 12 meses',1,'2021-09-16 15:50:37','2021-09-16 15:50:37',NULL),(86,NULL,'413','Discapacitado Ley 24.013 y Puesto nuevo Art 2 inc. a Decreto 191/ 2021',1,'2021-09-16 15:50:37','2021-09-16 15:50:37',NULL),(87,NULL,'414','Discapacitado Ley 24.013 y Puesto nuevo Art 2 inc. d Decreto 191/ 2021',1,'2021-09-16 15:50:37','2021-09-16 15:50:37',NULL),(88,NULL,'415','Discapacitado Ley 24.013 y Tiempo parcial Puesto nuevo Art 2 inc. a Decreto 191/ 2021',1,'2021-09-16 15:50:37','2021-09-16 15:50:37',NULL),(89,NULL,'416','Discapacitado Ley 24.013 y Tiempo parcial Puesto nuevo Art 2 inc. d Decreto 191/ 2021',1,'2021-09-16 15:50:37','2021-09-16 15:50:37',NULL),(90,NULL,'984','CCG foresto industrial del Chaco',1,'2021-09-16 15:50:37','2021-09-16 15:50:37',NULL),(91,NULL,'988','CCG limón Tucumán, Salta y Jujuy',1,'2021-09-16 15:50:37','2021-09-16 15:50:37',NULL),(92,NULL,'63','Acciones de Entrenamiento para el Trabajo - Res 1107/2022',1,'2022-12-28 17:51:35','2022-12-28 17:51:35',NULL),(93,NULL,'402','Puesto nuevo Art 2 inc. b Decreto 191/ 2021. Segundos 12 meses',1,'2022-12-28 17:51:35','2022-12-28 17:51:35',NULL),(94,NULL,'405','Puesto nuevo Art 2 inc. e Decreto 191/ 2021 segundos 12 meses',1,'2022-12-28 17:51:35','2022-12-28 17:51:35',NULL),(95,NULL,'408','Tiempo parcial. Puesto nuevo Art 2 inc. b Decreto 191/ 2021. Segundos 12 meses',1,'2022-12-28 17:51:35','2022-12-28 17:51:35',NULL),(96,NULL,'411','Tiempo parcial. Puesto nuevo Art 2 inc. e Decreto 191/ 2021. Segundos 12 meses',1,'2022-12-28 17:51:35','2022-12-28 17:51:35',NULL),(97,NULL,'501','Puesto Nuevo Art 2 inc. a. Dec. 493/2021',1,'2022-12-28 17:51:35','2022-12-28 17:51:35',NULL),(98,NULL,'502','Puesto Nuevo Art 2 inc. b.Dec. 493/2021',1,'2022-12-28 17:51:35','2022-12-28 17:51:35',NULL),(99,NULL,'503','Tiempo parcial. Puesto Nuevo Art 2 inc. a.Dec. 493/2021',1,'2022-12-28 17:51:35','2022-12-28 17:51:35',NULL),(100,NULL,'504','Tiempo parcial. Puesto Nuevo Art 2 inc. b.Dec. 493/2021',1,'2022-12-28 17:51:35','2022-12-28 17:51:35',NULL),(101,NULL,'505','Discapacitado Ley 24.013 y Puesto nuevo Art 2 inc. a. Dec. 493/2021',1,'2022-12-28 17:51:35','2022-12-28 17:51:35',NULL),(102,NULL,'506','Discapacitado Ley 24.013 y Tiempo parcial Puesto Nuevo Art 2 inc. a.Dec. 493/2021',1,'2022-12-28 17:51:35','2022-12-28 17:51:35',NULL),(103,NULL,'507','Trabajo permanente prestación continua Ley 26727. Puesto Nuevo Art 2 inc. a. Dec. 493/2021',1,'2022-12-28 17:51:35','2022-12-28 17:51:35',NULL),(104,NULL,'508','Trabajo permanente prestación continua Ley 26727. Puesto Nuevo Art 2 inc. b. Dec. 493/2021',1,'2022-12-28 17:51:35','2022-12-28 17:51:35',NULL);
INSERT INTO `syj_emp_mod_contratacion` VALUES (105,NULL,'509','Trabajo permanente discontinuo ley 26727. Puesto Nuevo Art 2 inc. a.  Dec. 493/2021',1,'2022-12-28 17:51:35','2022-12-28 17:51:35',NULL),(106,NULL,'510','Trabajo permanente discontinuo ley 26727. Puesto Nuevo Art 2 inc. b. Dec. 493/2021',1,'2022-12-28 17:51:35','2022-12-28 17:51:35',NULL),(107,NULL,'511','Pthen cpe.descripcion_peris:= ersonal de la Construcción L 22250 Puesto Nuevo Art 2 inc. a. Dec. 493/2021',1,'2022-12-28 17:51:35','2022-12-28 17:51:35',NULL),(108,NULL,'512','Personal de la Construcción L 22250 Puesto Nuevo Art 2 inc. b. Dec. 493/2021',1,'2022-12-28 17:51:35','2022-12-28 17:51:35',NULL),(109,NULL,'601','Contrato por plazo indeterminado a tiempo completo (art 90 Ley 20744) Art 2 Decreto 551/2022. Reduccion 100%.',1,'2022-12-28 17:51:36','2022-12-28 17:51:36',NULL),(110,NULL,'602','Contrato por plazo indeterminado a tiempo parcial (art 90 y art 92 Ley 20744) Art 2 Decreto 551/2022. Reduccion 50%.',1,'2022-12-28 17:51:36','2022-12-28 17:51:36',NULL),(111,NULL,'603','Contrato de trabajo a plazo fijo a tiempo completo ( art 93 Ley 20744) Art 2 Decreto 551/2022. Reduccion 100%.',1,'2022-12-28 17:51:36','2022-12-28 17:51:36',NULL),(112,NULL,'604','Contrato de trabajo a plazo fijo a tiempo parcial ( art 92 y art 93 Ley 20744) Art 2 Decreto 551/2022. Reduccion 50%.',1,'2022-12-28 17:51:36','2022-12-28 17:51:36',NULL),(113,NULL,'605','Contrato trabajo de temporada a tiempo completo ( art 96 Ley 20744) Art 2 Decreto 551/2022. Reduccion 100%.',1,'2022-12-28 17:51:36','2022-12-28 17:51:36',NULL),(114,NULL,'606','Contrato trabajo de temporada a tiempo parcial ( art 92 y art 96 Ley 20744) Art 2 Decreto 551/2022 Reduccion 50%.',1,'2022-12-28 17:51:36','2022-12-28 17:51:36',NULL),(115,NULL,'607','Contrato de trabajo agrario permanente prestación continua a tiempo completo (Ley 26727). Puesto Nuevo Art 2 Decreto 551/2022 Reduccion 100%.',1,'2022-12-28 17:51:36','2022-12-28 17:51:36',NULL),(116,NULL,'608','Contrato de trabajo agrario permanente prestación continua a tiempo parcial (Ley 26727). Puesto Nuevo Art 2 Decreto 551/2022 Reduccion 50%.',1,'2022-12-28 17:51:36','2022-12-28 17:51:36',NULL),(117,NULL,'609','Contrato de trabajo agrario permanente discontinuo a tiempo completo (Ley 26727). Puesto Nuevo Art 2 Decreto 551/2022 Reduccion 100%',1,'2022-12-28 17:51:36','2022-12-28 17:51:36',NULL),(118,NULL,'610','Contrato de trabajo agrario permanente discontinuo a tiempo parcial (Ley 26727). Puesto Nuevo Art 2 Decreto 551/2022 Reduccion 50%.',1,'2022-12-28 17:51:36','2022-12-28 17:51:36',NULL),(119,NULL,'611','Contrato de trabajo agrario de temporada a tiempo completo (Ley 26727). Puesto Nuevo Art 2 Decreto 551/2022 Reduccion 100%.',1,'2022-12-28 17:51:36','2022-12-28 17:51:36',NULL),(120,NULL,'612','Contrato de trabajo agrario de temporada a tiempo parcial (Ley 26727). Puesto Nuevo Art 2 Decreto 551/2022 Reduccion 50%.',1,'2022-12-28 17:51:36','2022-12-28 17:51:36',NULL),(121,NULL,'613','Personal de la Construcción a tiempo completo (Ley 22250) Puesto Nuevo Art 2. Decreto 551/2022 Reduccion 100%.',1,'2022-12-28 17:51:36','2022-12-28 17:51:36',NULL),(122,NULL,'614','Personal de la Construcción a tiempo parcial (Ley 22250 y art 92 Ley 20744) Puesto Nuevo Art 2. Decreto 551/2022 Reduccion 50%.',1,'2022-12-28 17:51:36','2022-12-28 17:51:36',NULL);

--
-- Table structure for table `syj_emp_parentesco`
--

CREATE TABLE `syj_emp_parentesco` (
  `id` int(10) unsigned NOT NULL AUTO_INCREMENT,
  `user_id` int(10) unsigned DEFAULT NULL,
  `descripcion` varchar(191) COLLATE utf8mb4_unicode_ci NOT NULL,
  `habilitado` tinyint(1) NOT NULL DEFAULT '1',
  `created_at` timestamp NULL DEFAULT NULL,
  `updated_at` timestamp NULL DEFAULT NULL,
  `deleted_at` timestamp NULL DEFAULT NULL,
  PRIMARY KEY (`id`)
) ENGINE=InnoDB AUTO_INCREMENT=10 DEFAULT CHARSET=utf8mb4 COLLATE=utf8mb4_unicode_ci;

--
-- Dumping data for table `syj_emp_parentesco`
--

INSERT INTO `syj_emp_parentesco` VALUES (1,NULL,'Cónyuge',1,'2020-05-28 20:55:24','2020-05-28 20:55:24',NULL),(2,NULL,'Concubino/a',1,'2020-05-28 20:55:24','2020-05-28 20:55:24',NULL),(3,NULL,'Hijo soltero menor de 18 años',1,'2020-05-28 20:55:24','2025-02-18 16:08:51',NULL),(4,NULL,'Hijo soltero menor de 18 años cursando est.re',1,'2020-05-28 20:55:24','2025-02-18 16:08:51',NULL),(5,NULL,'Hijo del cónyuge menor de 18 años',1,'2020-05-28 20:55:24','2025-02-18 16:08:51',NULL),(6,NULL,'Hijo de cónyuge soltero de 18 años cursando est.re',1,'2020-05-28 20:55:24','2025-02-18 16:08:52',NULL),(7,NULL,'Menor bajo guarda o tutela',1,'2020-05-28 20:55:24','2020-05-28 20:55:24',NULL),(8,NULL,'Familiar a cargo',1,'2020-05-28 20:55:24','2020-05-28 20:55:24',NULL),(9,NULL,'Mayor de 25 años discapacitado',1,'2020-05-28 20:55:24','2020-05-28 20:55:24',NULL);

--
-- Table structure for table `syj_emp_situacion_revista`
--

CREATE TABLE `syj_emp_situacion_revista` (
  `id` int(10) unsigned NOT NULL AUTO_INCREMENT,
  `user_id` int(10) unsigned DEFAULT NULL,
  `descripcion` varchar(191) COLLATE utf8mb4_unicode_ci NOT NULL,
  `codigo_afip` int(10) unsigned NOT NULL,
  `habilitado` tinyint(1) NOT NULL DEFAULT '1',
  `created_at` timestamp NULL DEFAULT NULL,
  `updated_at` timestamp NULL DEFAULT NULL,
  `deleted_at` timestamp NULL DEFAULT NULL,
  PRIMARY KEY (`id`),
  UNIQUE KEY `syj_emp_situacion_revista_descripcion_unique` (`descripcion`)
) ENGINE=InnoDB AUTO_INCREMENT=34 DEFAULT CHARSET=utf8mb4 COLLATE=utf8mb4_unicode_ci;

--
-- Dumping data for table `syj_emp_situacion_revista`
--

INSERT INTO `syj_emp_situacion_revista` VALUES (1,NULL,'Baja por Fallecimiento',0,1,'2020-05-28 20:55:24','2020-05-28 20:55:24',NULL),(2,NULL,'Activo',1,1,'2020-05-28 20:55:24','2020-05-28 20:55:34',NULL),(3,NULL,'Bajas otras Causales',2,0,'2020-05-28 20:55:24','2021-09-16 15:50:37',NULL),(4,NULL,'Activo Decreto Nº796/97',3,0,'2020-05-28 20:55:24','2021-09-16 15:50:37',NULL),(5,NULL,'Baja otras causales Decreto Nº796/97',4,0,'2020-05-28 20:55:24','2021-09-16 15:50:37',NULL),(6,NULL,'Licencia por Maternidad',5,1,'2020-05-28 20:55:24','2020-05-28 20:55:34',NULL),(7,NULL,'Suspensiones otras Causales',6,1,'2020-05-28 20:55:24','2020-05-28 20:55:34',NULL),(8,NULL,'Baja por Despido',7,0,'2020-05-28 20:55:24','2021-09-16 15:50:37',NULL),(9,NULL,'Baja por Despido Decreto Nº796/97',8,0,'2020-05-28 20:55:24','2021-09-16 15:50:37',NULL),(10,NULL,'Suspendido Ley 20744 art 223 bis',9,1,'2020-05-28 20:55:24','2020-05-28 20:55:34',NULL),(11,NULL,'Licencia por excedencia',10,1,'2020-05-28 20:55:24','2020-05-28 20:55:34',NULL),(12,NULL,'Licencia por Maternidad Down',11,1,'2020-05-28 20:55:24','2020-05-28 20:55:34',NULL),(13,NULL,'Licencia por Vacaciones',12,1,'2020-05-28 20:55:24','2020-05-28 20:55:34',NULL),(14,NULL,'Licencia sin goce de haberes',13,1,'2020-05-28 20:55:24','2020-05-28 20:55:34',NULL),(15,NULL,'Reserva de puesto',14,1,'2020-05-28 20:55:24','2020-05-28 20:55:34',NULL),(16,NULL,'ESE Cese transitorio de serv(art6,inc6y7 D34',15,1,'2020-05-28 20:55:24','2020-05-28 20:55:34',NULL),(17,NULL,'Personal Siniestrado de terc uso por la ART',16,1,'2020-05-28 20:55:24','2020-05-28 20:55:34',NULL),(18,NULL,'Reingreso por disposicion judicial',17,1,'2020-05-28 20:55:24','2020-05-28 20:55:34',NULL),(19,NULL,'ILT primeros 10 dias',18,1,'2020-05-28 20:55:24','2020-05-28 20:55:34',NULL),(20,NULL,'ILT dias 11 y siguientes',19,1,'2020-05-28 20:55:24','2020-05-28 20:55:34',NULL),(21,NULL,'Trabajador siniestrado en nomina de ART',20,1,'2020-05-28 20:55:24','2020-05-28 20:55:34',NULL),(22,NULL,'Trabajador de temporada Reserva de puesto',21,1,'2020-05-28 20:55:24','2020-05-28 20:55:34',NULL),(23,NULL,'Activo- Funciones en el exterior',31,1,'2020-05-28 20:55:24','2020-05-28 20:55:34',NULL),(24,NULL,'Licencia por paternidad',32,1,'2020-05-28 20:55:24','2020-05-28 20:55:34',NULL),(25,NULL,'Licencia por fuerza mayor (Art. 221 LCT)',33,1,'2020-05-28 20:55:24','2020-05-28 20:55:34',NULL),(26,NULL,'Empleado event. en EU (p/su uso ESE) mes com',42,1,'2020-05-28 20:55:24','2020-05-28 20:55:34',NULL),(27,NULL,'Empleado event. en EU (p/su uso ESE) mes inc',43,1,'2020-05-28 20:55:24','2020-05-28 20:55:34',NULL),(28,NULL,'Conservación del emp. p/accidente o enf.incu',44,1,'2020-05-28 20:55:24','2020-05-28 20:55:34',NULL),(29,NULL,'Suspenciones por causas disciplinarias',45,1,'2020-05-28 20:55:24','2020-05-28 20:55:34',NULL),(30,NULL,'Activo - LSD (sin remuneracion)',30,1,'2021-09-16 15:50:37','2021-09-16 15:50:37',NULL),(31,NULL,'Suspendido. Res. 397/2020 MTEySS c/Aportes OS',48,1,'2021-09-16 15:50:37','2021-09-16 15:50:37',NULL),(32,NULL,'Susp. período parcial L 20744 art.223bis / Res. 397 MTEySS',49,1,'2021-09-16 15:50:37','2021-09-16 15:50:37',NULL),(33,NULL,'Dto 792/20 - Mayores 60 años, embarazadas, grupo de riesgo',50,1,'2021-09-16 15:50:37','2021-09-16 15:50:37',NULL);

--
-- Table structure for table `syj_empleado_concepto`
--

CREATE TABLE `syj_empleado_concepto` (
  `user_id` int(10) unsigned DEFAULT NULL,
  `syj_empleado_id` int(10) unsigned DEFAULT NULL,
  `syj_concepto_id` int(10) unsigned DEFAULT NULL,
  `pers_descripcion` tinyint(1) NOT NULL DEFAULT '0',
  `descripcion` varchar(191) COLLATE utf8mb4_unicode_ci DEFAULT NULL,
  `pers_cantidad` tinyint(1) NOT NULL DEFAULT '0',
  `cantidad` decimal(16,2) NOT NULL DEFAULT '0.00',
  `pers_valor` tinyint(1) NOT NULL DEFAULT '0',
  `valor` decimal(16,2) NOT NULL DEFAULT '0.00',
  `pers_importe` tinyint(1) NOT NULL DEFAULT '0',
  `importe` decimal(16,2) NOT NULL DEFAULT '0.00',
  `created_at` timestamp NULL DEFAULT NULL,
  `updated_at` timestamp NULL DEFAULT NULL,
  KEY `syj_empleado_concepto_syj_empleado_id_foreign` (`syj_empleado_id`),
  KEY `syj_empleado_concepto_syj_concepto_id_foreign` (`syj_concepto_id`),
  CONSTRAINT `syj_empleado_concepto_syj_concepto_id_foreign` FOREIGN KEY (`syj_concepto_id`) REFERENCES `syj_conceptos` (`id`),
  CONSTRAINT `syj_empleado_concepto_syj_empleado_id_foreign` FOREIGN KEY (`syj_empleado_id`) REFERENCES `syj_empleados` (`id`)
) ENGINE=InnoDB DEFAULT CHARSET=utf8mb4 COLLATE=utf8mb4_unicode_ci;

--
-- Dumping data for table `syj_empleado_concepto`
--

INSERT INTO `syj_empleado_concepto` VALUES (5562,23,3529,0,'Retroactivo Enero y Febrero 2022',0,1.00,0,0.00,1,1820.00,'2022-05-04 11:05:46','2022-05-04 11:05:46'),(5562,2,3529,0,'Retroactivo Enero y Febrero 2022',0,1.00,0,0.00,1,2568.81,'2022-07-08 11:52:00','2022-07-08 11:52:00'),(5562,19,3529,0,'Retroactivo Enero y Febrero 2022',0,1.00,0,0.00,1,1820.00,'2022-08-07 22:26:17','2022-08-07 22:26:17'),(5562,29,3532,0,'Vacaciones No Gozadas',0,1.00,0,0.00,1,0.00,'2022-11-03 16:19:36','2022-11-03 16:19:36'),(5562,29,3533,0,'SAC Vacaciones No Gozadas',0,1.00,0,0.00,0,0.00,'2022-11-03 16:19:36','2022-11-03 16:19:36'),(5562,7,3523,0,'S.E.C. Art. 100 CCT 130/75',0,2.00,0,0.00,0,0.00,'2022-12-01 15:44:29','2022-12-01 15:44:29'),(5562,6,3529,0,'Retroactivo Enero y Febrero 2022',0,1.00,0,0.00,1,2123.86,'2022-12-01 15:44:57','2022-12-01 15:44:57'),(5562,1,3529,0,'Retroactivo Enero y Febrero 2022',0,1.00,0,0.00,1,1841.70,'2023-02-01 19:16:36','2023-02-01 19:16:36'),(5562,10,3529,0,'Retroactivo Enero y Febrero 2022',0,1.00,0,0.00,1,1885.11,'2023-07-05 14:59:24','2023-07-05 14:59:24'),(5562,22,3529,0,'Retroactivo Enero y Febrero 2022',0,1.00,0,0.00,1,1820.00,'2024-02-07 20:18:57','2024-02-07 20:18:57'),(5562,78,2087,0,'Adicional voluntario',0,1.00,0,0.00,0,0.00,'2024-05-08 17:13:39','2024-05-08 17:13:39');

--
-- Table structure for table `syj_empleado_excluir_concepto`
--

CREATE TABLE `syj_empleado_excluir_concepto` (
  `user_id` int(10) unsigned DEFAULT NULL,
  `syj_empleado_id` int(10) unsigned DEFAULT NULL,
  `syj_concepto_id` int(10) unsigned DEFAULT NULL,
  `created_at` timestamp NULL DEFAULT NULL,
  `updated_at` timestamp NULL DEFAULT NULL,
  KEY `syj_empleado_excluir_concepto_syj_empleado_id_foreign` (`syj_empleado_id`),
  KEY `syj_empleado_excluir_concepto_syj_concepto_id_foreign` (`syj_concepto_id`),
  CONSTRAINT `syj_empleado_excluir_concepto_syj_concepto_id_foreign` FOREIGN KEY (`syj_concepto_id`) REFERENCES `syj_conceptos` (`id`),
  CONSTRAINT `syj_empleado_excluir_concepto_syj_empleado_id_foreign` FOREIGN KEY (`syj_empleado_id`) REFERENCES `syj_empleados` (`id`)
) ENGINE=InnoDB DEFAULT CHARSET=utf8mb4 COLLATE=utf8mb4_unicode_ci;

--
-- Dumping data for table `syj_empleado_excluir_concepto`
--

INSERT INTO `syj_empleado_excluir_concepto` VALUES (5562,4,3505,'2022-02-01 12:27:46','2022-02-01 12:27:46'),(5562,3,2632,'2022-05-04 11:07:14','2022-05-04 11:07:14'),(5562,3,2562,'2022-05-04 11:07:14','2022-05-04 11:07:14'),(5562,3,2565,'2022-05-04 11:07:14','2022-05-04 11:07:14'),(5562,3,2635,'2022-05-04 11:07:14','2022-05-04 11:07:14'),(5562,2,3518,'2022-07-08 11:52:00','2022-07-08 11:52:00'),(5562,29,3464,'2022-11-03 16:19:36','2022-11-03 16:19:36'),(5562,29,3468,'2022-11-03 16:19:36','2022-11-03 16:19:36'),(5562,6,3505,'2022-12-01 15:44:57','2022-12-01 15:44:57'),(5562,1,3505,'2023-02-01 19:16:36','2023-02-01 19:16:36'),(5562,33,3580,'2023-05-02 15:01:32','2023-05-02 15:01:32'),(5562,10,3505,'2023-07-05 14:59:24','2023-07-05 14:59:24'),(5562,28,3505,'2023-11-01 19:27:39','2023-11-01 19:27:39'),(5562,30,1698,'2024-02-01 12:54:46','2024-02-01 12:54:46'),(5562,22,3505,'2024-02-07 20:18:57','2024-02-07 20:18:57'),(5562,86,3580,'2024-05-08 17:24:29','2024-05-08 17:24:29'),(5562,52,3501,'2024-11-05 17:24:20','2024-11-05 17:24:20'),(5562,52,3505,'2024-11-05 17:24:20','2024-11-05 17:24:20'),(5562,16,3505,'2024-12-06 11:31:39','2024-12-06 11:31:39'),(5562,67,3505,'2024-12-06 11:32:17','2024-12-06 11:32:17'),(5562,65,3505,'2025-01-03 12:44:29','2025-01-03 12:44:29'),(5562,70,3505,'2025-04-01 11:30:19','2025-04-01 11:30:19'),(5562,8,3505,'2025-05-02 12:09:13','2025-05-02 12:09:13'),(5562,11,1698,'2025-11-05 12:27:27','2025-11-05 12:27:27');

--
-- Table structure for table `syj_empleados`
--

CREATE TABLE `syj_empleados` (
  `id` int(10) unsigned NOT NULL AUTO_INCREMENT,
  `user_id` int(10) unsigned DEFAULT NULL,
  `person_id` int(10) unsigned NOT NULL,
  `has_user` tinyint(1) NOT NULL DEFAULT '0',
  `has_user_sim_gcias` tinyint(1) DEFAULT NULL,
  `legajo` int(11) DEFAULT NULL,
  `apeynombre` varchar(191) COLLATE utf8mb4_unicode_ci NOT NULL,
  `apecasado` varchar(191) COLLATE utf8mb4_unicode_ci DEFAULT NULL,
  `fecha_nacimiento` date DEFAULT NULL,
  `sexo_id` int(10) unsigned DEFAULT NULL,
  `nacionalidad_id` int(10) unsigned DEFAULT NULL,
  `estado_civil_id` int(10) unsigned DEFAULT NULL,
  `pais_id` int(10) unsigned DEFAULT NULL,
  `zone_id` int(10) unsigned DEFAULT NULL,
  `localidad_id` int(10) unsigned DEFAULT NULL,
  `domicilio` varchar(191) COLLATE utf8mb4_unicode_ci DEFAULT NULL,
  `altnumero` varchar(191) COLLATE utf8mb4_unicode_ci DEFAULT NULL,
  `piso` varchar(191) COLLATE utf8mb4_unicode_ci DEFAULT NULL,
  `depto` varchar(191) COLLATE utf8mb4_unicode_ci DEFAULT NULL,
  `cod_postal` varchar(191) COLLATE utf8mb4_unicode_ci DEFAULT NULL,
  `telefono` varchar(191) COLLATE utf8mb4_unicode_ci DEFAULT NULL,
  `movil` varchar(191) COLLATE utf8mb4_unicode_ci DEFAULT NULL,
  `email` varchar(191) COLLATE utf8mb4_unicode_ci DEFAULT NULL,
  `tipo_documento_id` int(10) unsigned DEFAULT NULL,
  `num_documento` varchar(191) COLLATE utf8mb4_unicode_ci DEFAULT NULL,
  `cuil` varchar(191) COLLATE utf8mb4_unicode_ci DEFAULT NULL,
  `syj_emp_estado_id` int(10) unsigned DEFAULT NULL,
  `foto` text COLLATE utf8mb4_unicode_ci,
  `syj_obra_social_id` int(10) unsigned DEFAULT NULL,
  `syj_obra_social_plan_id` int(10) unsigned DEFAULT NULL,
  `syj_forma_pago_id` int(10) unsigned DEFAULT NULL,
  `ctacte_banco_id` int(10) unsigned DEFAULT NULL,
  `num_cta_banco` varchar(191) COLLATE utf8mb4_unicode_ci DEFAULT NULL,
  `cbu` varchar(191) COLLATE utf8mb4_unicode_ci DEFAULT NULL,
  `syj_domicilio_id_laboral` int(10) unsigned DEFAULT NULL,
  `syj_domicilio_id_pago` int(10) unsigned DEFAULT NULL,
  `afiliado_sindicato` tinyint(1) NOT NULL DEFAULT '0',
  `is_pers_temp` tinyint(1) NOT NULL DEFAULT '0',
  `is_zona_patagonica` tinyint(1) NOT NULL DEFAULT '0',
  `is_syj_empleado_event` tinyint(1) unsigned NOT NULL DEFAULT '0',
  `is_comprador` tinyint(1) NOT NULL DEFAULT '0',
  `jefe_empleado_id` int(10) unsigned DEFAULT NULL,
  `syj_empleado_event_id` int(10) unsigned NOT NULL DEFAULT '1',
  `num_construccion` varchar(191) COLLATE utf8mb4_unicode_ci DEFAULT NULL,
  `num_fondo_cese_desemp` varchar(191) COLLATE utf8mb4_unicode_ci DEFAULT NULL,
  `syj_convenio_id` int(10) unsigned DEFAULT NULL,
  `syj_convenio_categoria_id` int(10) unsigned DEFAULT NULL,
  `syj_clase_tipo_liquidacion_id` int(10) unsigned DEFAULT NULL,
  `basico` decimal(16,2) NOT NULL DEFAULT '0.00',
  `basico_person` tinyint(1) NOT NULL DEFAULT '0',
  `adic_fijo` decimal(16,2) NOT NULL DEFAULT '0.00',
  `hs_jornada` decimal(16,2) NOT NULL DEFAULT '0.00',
  `neto_pactado` decimal(16,2) NOT NULL DEFAULT '0.00',
  `syj_seccion_id` int(10) unsigned DEFAULT NULL,
  `syj_cargo_id` int(10) unsigned DEFAULT NULL,
  `syj_centro_costo_id` int(10) unsigned DEFAULT NULL,
  `fecha_ingreso` date DEFAULT NULL,
  `fecha_recon_ing` date DEFAULT NULL,
  `hs_inicio` time DEFAULT NULL,
  `hs_fin` time DEFAULT NULL,
  `inv_deposito_id` bigint(20) unsigned DEFAULT NULL,
  `fecha_baja` date DEFAULT NULL,
  `syj_motivo_egreso_id` int(10) unsigned DEFAULT NULL,
  `liq_en_cero` tinyint(1) NOT NULL DEFAULT '0',
  `syj_tipo_empleador_id` int(10) unsigned DEFAULT NULL,
  `syj_alicuota_apor_cont_id` int(10) unsigned DEFAULT NULL,
  `syj_emp_situacion_revista_id` int(10) unsigned DEFAULT NULL,
  `syj_emp_condicion_id` int(10) unsigned DEFAULT NULL,
  `syj_actividad_id` int(10) unsigned DEFAULT NULL,
  `syj_emp_mod_contratacion_id` int(10) unsigned DEFAULT NULL,
  `syj_emp_cod_siniestro_id` int(10) unsigned DEFAULT NULL,
  `syj_zonageografica_id` int(10) unsigned DEFAULT NULL,
  `syj_regimen_id` int(10) unsigned DEFAULT NULL,
  `is_asignaciones_fami` tinyint(1) NOT NULL DEFAULT '0',
  `is_trabajador_cct` tinyint(1) NOT NULL DEFAULT '0',
  `cant_adherentes` int(10) unsigned DEFAULT '0',
  `cant_hijos` int(10) unsigned DEFAULT '0',
  `is_conyuge` int(10) unsigned DEFAULT '0',
  `art_porcentaje` decimal(20,4) DEFAULT '0.0000',
  `art_fijo` decimal(16,2) NOT NULL DEFAULT '0.00',
  `is_seg_colec_vida_obl` tinyint(1) NOT NULL DEFAULT '0',
  `prima_individual` decimal(16,2) NOT NULL DEFAULT '0.00',
  `syj_emp_sit_revista_1_id` int(10) unsigned DEFAULT NULL,
  `dia_inicio_1` varchar(191) COLLATE utf8mb4_unicode_ci DEFAULT NULL,
  `syj_emp_sit_revista_2_id` int(10) unsigned DEFAULT NULL,
  `dia_inicio_2` varchar(191) COLLATE utf8mb4_unicode_ci DEFAULT NULL,
  `syj_emp_sit_revista_3_id` int(10) unsigned DEFAULT NULL,
  `dia_inicio_3` varchar(191) COLLATE utf8mb4_unicode_ci DEFAULT NULL,
  `dias_propor_tope` varchar(191) COLLATE utf8mb4_unicode_ci DEFAULT '0',
  `nota` text COLLATE utf8mb4_unicode_ci,
  `observaciones_del_recibo` text COLLATE utf8mb4_unicode_ci,
  `color` varchar(7) COLLATE utf8mb4_unicode_ci DEFAULT NULL,
  `habilitado` tinyint(1) NOT NULL DEFAULT '1',
  `created_at` timestamp NULL DEFAULT NULL,
  `updated_at` timestamp NULL DEFAULT NULL,
  `deleted_at` timestamp NULL DEFAULT NULL,
  PRIMARY KEY (`id`),
  KEY `syj_empleados_person_id_foreign` (`person_id`),
  KEY `syj_empleados_sexo_id_foreign` (`sexo_id`),
  KEY `syj_empleados_nacionalidad_id_foreign` (`nacionalidad_id`),
  KEY `syj_empleados_estado_civil_id_foreign` (`estado_civil_id`),
  KEY `syj_empleados_pais_id_foreign` (`pais_id`),
  KEY `syj_empleados_zone_id_foreign` (`zone_id`),
  KEY `syj_empleados_localidad_id_foreign` (`localidad_id`),
  KEY `syj_empleados_tipo_documento_id_foreign` (`tipo_documento_id`),
  KEY `syj_empleados_syj_emp_estado_id_foreign` (`syj_emp_estado_id`),
  KEY `syj_empleados_syj_convenio_id_foreign` (`syj_convenio_id`),
  KEY `syj_empleados_syj_convenio_categoria_id_foreign` (`syj_convenio_categoria_id`),
  KEY `syj_empleados_syj_seccion_id_foreign` (`syj_seccion_id`),
  KEY `syj_empleados_syj_cargo_id_foreign` (`syj_cargo_id`),
  KEY `syj_empleados_syj_centro_costo_id_foreign` (`syj_centro_costo_id`),
  KEY `syj_empleados_syj_motivo_egreso_id_foreign` (`syj_motivo_egreso_id`),
  KEY `syj_empleados_syj_tipo_empleador_id_foreign` (`syj_tipo_empleador_id`),
  KEY `syj_empleados_syj_alicuota_apor_cont_id_foreign` (`syj_alicuota_apor_cont_id`),
  KEY `syj_empleados_syj_obra_social_id_foreign` (`syj_obra_social_id`),
  KEY `syj_empleados_syj_obra_social_plan_id_foreign` (`syj_obra_social_plan_id`),
  KEY `syj_empleados_syj_clase_tipo_liquidacion_id_foreign` (`syj_clase_tipo_liquidacion_id`),
  KEY `syj_empleados_syj_forma_pago_id_foreign` (`syj_forma_pago_id`),
  KEY `syj_empleados_ctacte_banco_id_foreign` (`ctacte_banco_id`),
  KEY `syj_empleados_syj_domicilio_id_laboral_foreign` (`syj_domicilio_id_laboral`),
  KEY `syj_empleados_syj_domicilio_id_pago_foreign` (`syj_domicilio_id_pago`),
  KEY `syj_empleados_syj_emp_situacion_revista_id_foreign` (`syj_emp_situacion_revista_id`),
  KEY `syj_empleados_syj_emp_condicion_id_foreign` (`syj_emp_condicion_id`),
  KEY `syj_empleados_syj_actividad_id_foreign` (`syj_actividad_id`),
  KEY `syj_empleados_syj_emp_mod_contratacion_id_foreign` (`syj_emp_mod_contratacion_id`),
  KEY `syj_empleados_syj_emp_cod_siniestro_id_foreign` (`syj_emp_cod_siniestro_id`),
  KEY `syj_empleados_syj_zonageografica_id_foreign` (`syj_zonageografica_id`),
  KEY `syj_empleados_syj_regimen_id_foreign` (`syj_regimen_id`),
  KEY `syj_empleados_syj_emp_sit_revista_1_id_foreign` (`syj_emp_sit_revista_1_id`),
  KEY `syj_empleados_syj_emp_sit_revista_2_id_foreign` (`syj_emp_sit_revista_2_id`),
  KEY `syj_empleados_syj_emp_sit_revista_3_id_foreign` (`syj_emp_sit_revista_3_id`),
  KEY `syj_empleados_syj_empleado_event_id_foreign` (`syj_empleado_event_id`),
  KEY `syj_empleados_jefe_empleado_id_foreign` (`jefe_empleado_id`),
  KEY `syj_empleados_inv_deposito_id_foreign` (`inv_deposito_id`),
  CONSTRAINT `syj_empleados_ctacte_banco_id_foreign` FOREIGN KEY (`ctacte_banco_id`) REFERENCES `ctacte_bancos` (`id`),
  CONSTRAINT `syj_empleados_estado_civil_id_foreign` FOREIGN KEY (`estado_civil_id`) REFERENCES `estado_civil` (`id`),
  CONSTRAINT `syj_empleados_inv_deposito_id_foreign` FOREIGN KEY (`inv_deposito_id`) REFERENCES `inv_depositos` (`id`) ON DELETE SET NULL,
  CONSTRAINT `syj_empleados_jefe_empleado_id_foreign` FOREIGN KEY (`jefe_empleado_id`) REFERENCES `syj_empleados` (`id`),
  CONSTRAINT `syj_empleados_localidad_id_foreign` FOREIGN KEY (`localidad_id`) REFERENCES `localidad` (`id`),
  CONSTRAINT `syj_empleados_nacionalidad_id_foreign` FOREIGN KEY (`nacionalidad_id`) REFERENCES `nacionalidad` (`id`),
  CONSTRAINT `syj_empleados_pais_id_foreign` FOREIGN KEY (`pais_id`) REFERENCES `pais` (`id`),
  CONSTRAINT `syj_empleados_person_id_foreign` FOREIGN KEY (`person_id`) REFERENCES `persons` (`id`),
  CONSTRAINT `syj_empleados_sexo_id_foreign` FOREIGN KEY (`sexo_id`) REFERENCES `sexo` (`id`),
  CONSTRAINT `syj_empleados_syj_actividad_id_foreign` FOREIGN KEY (`syj_actividad_id`) REFERENCES `syj_actividad` (`id`),
  CONSTRAINT `syj_empleados_syj_alicuota_apor_cont_id_foreign` FOREIGN KEY (`syj_alicuota_apor_cont_id`) REFERENCES `syj_alicuota_aporte_contribucion` (`id`),
  CONSTRAINT `syj_empleados_syj_cargo_id_foreign` FOREIGN KEY (`syj_cargo_id`) REFERENCES `syj_cargos` (`id`),
  CONSTRAINT `syj_empleados_syj_centro_costo_id_foreign` FOREIGN KEY (`syj_centro_costo_id`) REFERENCES `syj_centros_costos` (`id`),
  CONSTRAINT `syj_empleados_syj_clase_tipo_liquidacion_id_foreign` FOREIGN KEY (`syj_clase_tipo_liquidacion_id`) REFERENCES `syj_clase_tipo_liquidacion` (`id`),
  CONSTRAINT `syj_empleados_syj_convenio_categoria_id_foreign` FOREIGN KEY (`syj_convenio_categoria_id`) REFERENCES `syj_convenio_categorias` (`id`),
  CONSTRAINT `syj_empleados_syj_convenio_id_foreign` FOREIGN KEY (`syj_convenio_id`) REFERENCES `syj_convenios` (`id`),
  CONSTRAINT `syj_empleados_syj_domicilio_id_laboral_foreign` FOREIGN KEY (`syj_domicilio_id_laboral`) REFERENCES `syj_domicilios` (`id`),
  CONSTRAINT `syj_empleados_syj_domicilio_id_pago_foreign` FOREIGN KEY (`syj_domicilio_id_pago`) REFERENCES `syj_domicilios` (`id`),
  CONSTRAINT `syj_empleados_syj_emp_cod_siniestro_id_foreign` FOREIGN KEY (`syj_emp_cod_siniestro_id`) REFERENCES `syj_emp_cod_siniestro` (`id`),
  CONSTRAINT `syj_empleados_syj_emp_condicion_id_foreign` FOREIGN KEY (`syj_emp_condicion_id`) REFERENCES `syj_emp_condicion` (`id`),
  CONSTRAINT `syj_empleados_syj_emp_estado_id_foreign` FOREIGN KEY (`syj_emp_estado_id`) REFERENCES `syj_emp_estado` (`id`),
  CONSTRAINT `syj_empleados_syj_emp_mod_contratacion_id_foreign` FOREIGN KEY (`syj_emp_mod_contratacion_id`) REFERENCES `syj_emp_mod_contratacion` (`id`),
  CONSTRAINT `syj_empleados_syj_emp_sit_revista_1_id_foreign` FOREIGN KEY (`syj_emp_sit_revista_1_id`) REFERENCES `syj_emp_situacion_revista` (`id`),
  CONSTRAINT `syj_empleados_syj_emp_sit_revista_2_id_foreign` FOREIGN KEY (`syj_emp_sit_revista_2_id`) REFERENCES `syj_emp_situacion_revista` (`id`),
  CONSTRAINT `syj_empleados_syj_emp_sit_revista_3_id_foreign` FOREIGN KEY (`syj_emp_sit_revista_3_id`) REFERENCES `syj_emp_situacion_revista` (`id`),
  CONSTRAINT `syj_empleados_syj_emp_situacion_revista_id_foreign` FOREIGN KEY (`syj_emp_situacion_revista_id`) REFERENCES `syj_emp_situacion_revista` (`id`),
  CONSTRAINT `syj_empleados_syj_empleado_event_id_foreign` FOREIGN KEY (`syj_empleado_event_id`) REFERENCES `syj_empleados_event` (`id`),
  CONSTRAINT `syj_empleados_syj_forma_pago_id_foreign` FOREIGN KEY (`syj_forma_pago_id`) REFERENCES `syj_forma_pago` (`id`),
  CONSTRAINT `syj_empleados_syj_motivo_egreso_id_foreign` FOREIGN KEY (`syj_motivo_egreso_id`) REFERENCES `syj_motivo_egreso` (`id`),
  CONSTRAINT `syj_empleados_syj_obra_social_id_foreign` FOREIGN KEY (`syj_obra_social_id`) REFERENCES `syj_obra_social` (`id`),
  CONSTRAINT `syj_empleados_syj_obra_social_plan_id_foreign` FOREIGN KEY (`syj_obra_social_plan_id`) REFERENCES `syj_obra_social_planes` (`id`),
  CONSTRAINT `syj_empleados_syj_regimen_id_foreign` FOREIGN KEY (`syj_regimen_id`) REFERENCES `syj_regimen` (`id`),
  CONSTRAINT `syj_empleados_syj_seccion_id_foreign` FOREIGN KEY (`syj_seccion_id`) REFERENCES `syj_secciones` (`id`),
  CONSTRAINT `syj_empleados_syj_tipo_empleador_id_foreign` FOREIGN KEY (`syj_tipo_empleador_id`) REFERENCES `syj_tipo_empleador` (`id`),
  CONSTRAINT `syj_empleados_syj_zonageografica_id_foreign` FOREIGN KEY (`syj_zonageografica_id`) REFERENCES `syj_zonageografica` (`id`),
  CONSTRAINT `syj_empleados_tipo_documento_id_foreign` FOREIGN KEY (`tipo_documento_id`) REFERENCES `tipo_documento` (`id`),
  CONSTRAINT `syj_empleados_zone_id_foreign` FOREIGN KEY (`zone_id`) REFERENCES `zones` (`id`)
) ENGINE=InnoDB AUTO_INCREMENT=118 DEFAULT CHARSET=utf8mb4 COLLATE=utf8mb4_unicode_ci;

--
-- Dumping data for table `syj_empleados`
--

INSERT INTO `syj_empleados` VALUES (1,5562,40720,0,NULL,1,'CEPEDA RICARDO ALFREDO',NULL,'2021-09-04',1,1,5,1,NULL,9,NULL,NULL,NULL,NULL,NULL,NULL,NULL,NULL,6,'12724697','20-12724697-2',3,NULL,181,NULL,1,NULL,NULL,NULL,2,2,0,0,0,0,0,NULL,1,NULL,NULL,35,207,1,936746.56,0,0.00,7.33,0.00,5,8,4,'2021-02-01','2021-02-01',NULL,NULL,NULL,'2022-12-31',2,0,2,2,2,6,98,38,1,7,1,0,0,0,0,0,8.7100,100.00,0,0.00,2,'1',2,'0',2,'0','0',NULL,NULL,NULL,1,'2021-09-04 10:37:31','2025-11-05 12:21:24',NULL),(2,5562,40720,0,NULL,2,'PEÑALBA LUIS ALBERTO',NULL,'2021-09-04',1,1,5,1,NULL,9,NULL,NULL,NULL,NULL,NULL,NULL,NULL,NULL,6,'17284786','20-17284786-3',1,NULL,181,NULL,1,NULL,NULL,NULL,2,2,0,0,0,0,0,NULL,1,NULL,NULL,35,207,1,936746.56,0,0.00,7.33,0.00,5,8,4,'1999-02-01','1999-02-01',NULL,NULL,NULL,NULL,NULL,0,2,2,2,6,98,38,1,7,1,0,0,0,0,0,8.7100,100.00,0,0.00,2,'1',2,'0',2,'0','0',NULL,NULL,NULL,1,'2021-09-04 10:37:31','2025-11-05 12:21:24',NULL),(3,5562,40720,0,NULL,3,'SALUZZI MIGUEL ALBERTO',NULL,'2021-09-04',1,1,5,1,NULL,9,NULL,NULL,NULL,NULL,NULL,NULL,NULL,NULL,6,'18355431','20-18355431-0',1,NULL,78,NULL,1,NULL,NULL,NULL,2,2,0,0,0,0,0,NULL,1,NULL,NULL,22,159,1,833801.99,0,0.00,8.00,0.00,5,6,5,'2000-12-01','2000-12-01',NULL,NULL,NULL,NULL,NULL,0,2,2,2,2,50,4,1,7,1,0,1,0,0,0,8.7100,100.00,1,37.21,2,'1',2,'0',2,'0','0',NULL,NULL,NULL,1,'2021-09-04 10:37:31','2025-11-05 12:24:16',NULL),(4,5562,40720,0,NULL,4,'BAIGORRIA MIGUEL ANGEL',NULL,'2021-09-04',1,1,5,1,NULL,9,NULL,NULL,NULL,NULL,NULL,NULL,NULL,NULL,6,'22335762','20-22335762-9',3,NULL,181,NULL,1,NULL,NULL,NULL,2,2,0,0,0,0,0,NULL,1,NULL,NULL,35,207,1,936746.56,0,0.00,7.33,0.00,5,8,4,'2020-08-18','2020-08-18',NULL,NULL,NULL,'2022-01-14',2,0,2,2,2,6,98,38,1,7,1,0,1,0,0,0,8.7100,49.98,1,0.00,2,'1',2,'1',2,'1','0',NULL,NULL,NULL,1,'2021-09-04 10:37:31','2025-11-05 12:21:24',NULL),(5,5562,40720,0,NULL,5,'VAZQUEZ LUIS HORACIO',NULL,'2021-09-04',1,1,5,1,NULL,9,NULL,NULL,NULL,NULL,NULL,NULL,NULL,NULL,6,'23282801','20-23282801-4',3,NULL,181,NULL,1,NULL,NULL,NULL,2,2,0,0,0,0,0,NULL,1,NULL,NULL,35,209,1,1039436.94,0,0.00,7.33,0.00,5,7,5,'2021-04-19','2021-04-19',NULL,NULL,NULL,'2021-11-19',4,0,2,2,2,6,98,16,1,7,1,0,1,0,0,0,8.7100,49.98,1,0.00,2,'1',2,'1',2,'1','0',NULL,NULL,NULL,1,'2021-09-04 10:37:31','2025-11-05 12:22:15',NULL),(6,5562,40720,0,NULL,6,'ORTIZ ESPINOLA ROQUE MANUEL',NULL,'2021-09-04',1,1,5,1,NULL,9,NULL,NULL,NULL,NULL,NULL,NULL,NULL,NULL,6,'92859819','20-92859819-6',3,NULL,181,NULL,1,NULL,NULL,NULL,2,2,0,0,0,0,0,NULL,1,NULL,NULL,35,209,1,1039436.94,0,0.00,7.33,0.00,5,8,4,'2017-05-01','2017-05-01',NULL,NULL,NULL,'2022-10-21',2,0,2,2,2,6,98,38,1,7,1,0,0,0,0,0,8.7100,100.00,0,0.00,2,'1',2,'0',2,'0','0',NULL,NULL,NULL,1,'2021-09-04 10:37:31','2025-11-05 12:22:15',NULL),(7,5562,40720,0,NULL,7,'CHAVES PAULA LORENA',NULL,'2021-09-04',2,1,5,1,NULL,9,NULL,NULL,NULL,NULL,NULL,NULL,NULL,NULL,6,'30519456','27-30519456-0',3,NULL,82,NULL,1,NULL,NULL,NULL,2,2,0,0,0,0,0,NULL,1,NULL,NULL,6,33,1,445901.45,0,0.00,8.00,0.00,7,5,6,'2021-01-26','2021-01-26',NULL,NULL,NULL,'2022-09-30',2,0,2,2,2,2,50,4,1,7,1,0,0,0,0,0,8.7100,100.00,1,37.21,2,'1',2,'0',2,'0','0',NULL,NULL,NULL,1,'2021-09-04 10:37:31','2024-01-29 16:28:35',NULL),(8,5562,40721,0,NULL,1,'PLATZ DANIEL JAVIER',NULL,'2021-09-05',1,1,5,1,NULL,9,NULL,NULL,NULL,NULL,NULL,NULL,NULL,NULL,6,'21448253','20-21448253-4',3,NULL,181,NULL,1,NULL,NULL,NULL,3,3,0,0,0,0,0,NULL,1,NULL,NULL,35,207,1,936746.56,0,0.00,7.33,0.00,9,10,9,'2023-11-20','2023-11-20',NULL,NULL,NULL,'2025-03-10',2,0,2,2,2,6,98,39,1,7,1,0,0,0,0,0,5.0000,40.00,1,24.35,2,'20',2,'0',2,'0','0',NULL,NULL,'#000000',1,'2021-09-05 23:21:28','2025-11-05 12:21:24',NULL);
INSERT INTO `syj_empleados` VALUES (9,5562,40721,0,NULL,2,'CEPEDA LUCAS ALFREDO',NULL,'2021-09-05',1,1,5,1,NULL,9,NULL,NULL,NULL,NULL,NULL,NULL,NULL,NULL,6,'25808267','20-25808267-3',3,NULL,181,NULL,1,NULL,NULL,NULL,3,3,0,0,0,0,0,NULL,1,NULL,NULL,35,207,1,936746.56,0,0.00,7.33,0.00,9,9,9,'2025-03-15','2025-03-15',NULL,NULL,NULL,'2025-03-28',2,0,2,2,2,2,98,4,1,7,1,0,1,0,0,0,5.0000,40.00,1,24.35,2,'1',2,'0',2,'0','0',NULL,NULL,'#000000',1,'2021-09-05 23:21:28','2025-11-05 12:21:24',NULL),(10,5562,40721,0,NULL,3,'PEÑALBA ALFIO',NULL,'2021-09-05',1,1,5,1,NULL,9,NULL,NULL,NULL,NULL,NULL,NULL,NULL,NULL,6,'40480966','20-40480966-1',3,NULL,181,NULL,1,NULL,NULL,NULL,3,3,0,0,0,0,0,NULL,1,NULL,NULL,35,207,1,936746.56,0,0.00,7.33,0.00,9,10,9,'2018-10-01','2018-10-01',NULL,NULL,NULL,'2023-05-31',NULL,0,2,2,2,6,98,38,1,7,1,0,0,0,0,0,5.0000,100.00,0,0.00,2,'1',2,'0',2,'0','0',NULL,NULL,NULL,1,'2021-09-05 23:21:28','2025-11-05 12:21:24',NULL),(11,5562,40720,0,NULL,1,'Rueda Horacio José',NULL,'1944-04-13',1,1,6,1,NULL,9,NULL,NULL,NULL,NULL,NULL,NULL,NULL,NULL,2,'05384473','20-05384473-2',3,NULL,2,NULL,1,NULL,NULL,NULL,2,2,0,0,0,0,0,NULL,1,NULL,NULL,7,41,1,2000000.00,0,0.00,8.00,0.00,7,5,6,'2021-10-01','2021-10-01',NULL,NULL,NULL,'2025-09-30',2,0,2,2,2,3,16,37,1,7,1,0,0,0,3,NULL,8.7100,100.00,1,37.21,2,'1',2,'0',2,'0','0',NULL,NULL,'#000000',1,'2021-10-15 14:48:51','2025-11-05 12:27:27',NULL),(12,5562,40720,0,NULL,1,'Rueda Manuel Eduardo',NULL,'1981-08-14',1,1,5,1,NULL,9,NULL,NULL,NULL,NULL,NULL,NULL,NULL,NULL,2,'28916981','20-28916981-5',1,NULL,2,NULL,1,NULL,NULL,NULL,2,2,0,0,0,0,0,NULL,1,NULL,NULL,7,41,1,2000000.00,0,0.00,8.00,0.00,7,5,6,'2021-10-01','2021-10-01',NULL,NULL,NULL,NULL,NULL,0,2,2,2,2,16,37,1,7,1,0,0,0,3,NULL,8.7100,100.00,1,37.21,2,'1',2,'0',2,'0','0',NULL,NULL,NULL,1,'2021-10-15 15:06:31','2025-11-05 12:24:54',NULL),(13,5562,40720,0,NULL,1,'Nora Vilma Alonso',NULL,'1947-11-04',1,1,6,1,NULL,9,NULL,NULL,NULL,NULL,NULL,NULL,NULL,NULL,2,'05013073','27-05013073-3',3,NULL,2,NULL,1,NULL,NULL,NULL,2,2,0,0,0,0,0,NULL,1,NULL,NULL,7,41,1,2000000.00,0,0.00,8.00,0.00,7,5,6,'2021-10-01','2021-10-01',NULL,NULL,NULL,'2025-09-30',2,0,2,2,2,3,16,37,1,7,1,0,0,0,3,NULL,8.7100,100.00,1,37.21,2,'1',2,'0',2,'0','0',NULL,NULL,'#000000',1,'2021-10-15 15:22:29','2025-11-05 12:28:12',NULL),(14,5562,40720,0,NULL,11,'LARROSA ALBERTO SANTIAGO',NULL,'1976-05-24',1,1,5,1,NULL,9,'24','1175',NULL,NULL,'7637',NULL,NULL,NULL,2,'24684995','20-24684995-2',3,NULL,181,NULL,1,NULL,NULL,NULL,2,2,0,0,0,0,0,NULL,1,NULL,NULL,35,207,1,936746.56,0,0.00,7.33,0.00,5,8,5,'2021-11-26','2021-11-26',NULL,NULL,NULL,'2021-12-31',NULL,0,2,2,2,6,98,39,1,7,1,0,0,0,0,NULL,8.7100,49.98,1,0.00,2,'26',2,'0',2,'0','0',NULL,NULL,NULL,1,'2021-12-06 13:40:32','2025-11-05 12:21:24',NULL),(15,5562,40720,0,NULL,12,'BAIGORRIA SOLANO',NULL,'2004-12-18',1,1,5,1,NULL,9,NULL,NULL,NULL,NULL,NULL,NULL,NULL,NULL,2,'45784029','20-45784029-3',3,NULL,181,NULL,1,NULL,NULL,NULL,2,2,0,0,0,0,0,NULL,1,NULL,NULL,35,207,1,936746.56,0,0.00,7.33,0.00,5,8,5,'2021-11-26','2021-11-26',NULL,NULL,NULL,'2021-12-31',NULL,0,2,2,2,6,98,39,1,7,1,0,0,0,0,NULL,8.7100,49.98,1,0.00,2,'26',2,'0',2,'0','0',NULL,NULL,NULL,1,'2021-12-06 13:58:43','2025-11-05 12:21:24',NULL),(16,5562,40721,0,NULL,4,'MEDINA JULIO CESAR',NULL,'1974-08-17',1,1,5,1,NULL,9,NULL,NULL,NULL,NULL,NULL,NULL,NULL,NULL,2,'24039162','20-24039162-8',1,NULL,181,NULL,1,NULL,NULL,NULL,3,3,0,0,0,0,0,NULL,1,NULL,NULL,35,207,1,936746.56,0,0.00,7.33,0.00,9,10,9,'2023-11-20','2023-11-20',NULL,NULL,NULL,NULL,4,0,2,2,2,6,98,39,1,7,1,0,0,0,0,NULL,5.0000,40.00,1,0.00,2,'20',2,'0',2,'0','0',NULL,NULL,NULL,1,'2021-12-07 13:49:07','2025-11-05 12:21:24',NULL);
INSERT INTO `syj_empleados` VALUES (17,5562,40721,0,NULL,5,'CARRASCO HECTOR MIGUEL',NULL,'1975-01-31',1,1,5,1,NULL,9,NULL,NULL,NULL,NULL,NULL,NULL,NULL,NULL,2,'24339043','20-24339043-6',3,NULL,181,NULL,1,NULL,NULL,NULL,3,3,0,0,0,0,0,NULL,1,NULL,NULL,35,207,1,936746.56,0,0.00,7.33,0.00,9,10,9,'2021-11-26','2021-11-26',NULL,NULL,NULL,'2021-12-31',4,0,2,2,2,6,98,39,1,7,1,0,0,0,0,NULL,5.0000,40.00,1,0.00,2,'26',2,'0',2,'0','0',NULL,NULL,NULL,1,'2021-12-07 14:12:55','2025-11-05 12:21:24',NULL),(18,5562,40721,0,NULL,6,'FIGUEROA ANGEL FEDERICO',NULL,'1991-07-07',1,1,5,1,NULL,9,NULL,NULL,NULL,NULL,NULL,NULL,NULL,NULL,2,'35893737','20-35893737-4',3,NULL,181,NULL,1,NULL,NULL,NULL,3,3,0,0,0,0,0,NULL,1,NULL,NULL,35,207,1,936746.56,0,0.00,7.33,0.00,9,10,9,'2021-11-26','2021-11-26',NULL,NULL,NULL,'2021-12-31',4,0,2,2,2,6,98,39,1,7,1,0,0,0,0,NULL,5.0000,40.00,1,0.00,2,'26',2,'0',2,'0','0',NULL,NULL,NULL,1,'2021-12-07 14:25:38','2025-11-05 12:21:24',NULL),(19,5562,40720,0,NULL,13,'MEDINA LUIS RAMON',NULL,'1990-01-28',1,1,5,1,NULL,9,'Ruta 24','s/n',NULL,NULL,NULL,NULL,NULL,NULL,2,'34488256','20-34488256-9',3,NULL,181,NULL,1,NULL,NULL,NULL,2,2,0,0,0,0,0,NULL,1,NULL,NULL,35,207,1,936746.56,0,0.00,7.33,0.00,5,8,4,'2021-12-30','2021-12-30',NULL,NULL,NULL,'2022-07-08',2,0,2,2,2,6,98,38,1,7,1,0,0,0,1,NULL,8.7100,100.00,0,0.00,2,'30',2,'0',2,'0','0',NULL,NULL,NULL,1,'2021-12-30 16:08:38','2025-11-05 12:21:24',NULL),(20,5562,40720,0,NULL,14,'BERTUZZI JUAN MANUEL',NULL,'1970-02-04',1,1,5,1,NULL,9,NULL,NULL,NULL,NULL,NULL,NULL,NULL,NULL,2,'13172503','20-13172503-6',3,NULL,181,NULL,1,NULL,NULL,NULL,2,2,0,0,0,0,0,NULL,1,NULL,NULL,35,207,1,936746.56,0,0.00,7.33,0.00,5,8,5,'2021-12-02','2021-12-02',NULL,NULL,NULL,'2021-12-31',NULL,0,2,2,2,6,98,39,1,7,1,0,0,0,0,NULL,8.7100,49.98,1,0.00,2,'02',2,'0',2,'0','0',NULL,NULL,NULL,1,'2022-01-03 11:40:01','2025-11-05 12:21:24',NULL),(21,5562,40720,0,NULL,15,'CARRASCO AARON MIGUEL',NULL,'2022-01-03',1,1,5,1,NULL,9,NULL,NULL,NULL,NULL,NULL,NULL,NULL,NULL,2,'42677589','20-42677589-2',3,NULL,181,NULL,1,NULL,NULL,NULL,2,2,0,0,0,0,0,NULL,1,NULL,NULL,35,207,1,936746.56,0,0.00,7.33,0.00,5,8,5,'2021-12-09','2021-12-09',NULL,NULL,NULL,'2021-12-31',NULL,0,2,2,2,6,98,39,1,1,1,0,0,0,0,NULL,8.7100,49.98,1,0.00,2,'09',2,'09',2,'09','0',NULL,NULL,NULL,1,'2022-01-03 11:46:35','2025-11-05 12:21:24',NULL),(22,5562,40721,0,NULL,7,'VAZQUEZ LUIS HORACIO',NULL,'2022-01-04',1,1,5,1,NULL,9,NULL,NULL,NULL,NULL,NULL,NULL,NULL,NULL,2,'23282801','20-23282801-4',1,NULL,181,NULL,1,NULL,NULL,NULL,3,3,0,0,0,0,0,NULL,1,NULL,NULL,35,207,1,936746.56,0,0.00,7.33,0.00,9,10,9,'2023-01-02','2023-01-02',NULL,NULL,NULL,NULL,NULL,0,2,2,2,6,98,16,1,7,1,0,0,0,1,NULL,5.0000,100.00,1,37.21,2,'01',2,'0',2,'0','0',NULL,NULL,NULL,1,'2022-01-04 12:21:36','2025-11-05 12:21:24',NULL),(23,5562,40720,0,NULL,16,'PLATZ DANIEL JAVIER',NULL,'1969-12-18',1,1,5,1,NULL,9,'25 DE MAYO',NULL,NULL,NULL,NULL,NULL,NULL,NULL,2,'21448253','20-21448253-4',3,NULL,181,NULL,1,NULL,NULL,NULL,2,2,0,0,0,0,0,NULL,1,NULL,NULL,35,207,1,936746.56,0,0.00,7.33,0.00,5,8,5,'2022-02-01','2022-02-01',NULL,NULL,NULL,'2022-04-30',7,0,2,2,2,2,98,16,1,7,1,0,0,0,0,NULL,8.7100,100.00,1,0.00,2,'01',2,'00',2,'00','0',NULL,NULL,NULL,1,'2022-02-01 12:23:46','2025-11-05 12:21:24',NULL),(24,5562,40720,0,NULL,17,'JUSTEL DANIEL VICENTE',NULL,'2022-05-02',1,1,5,1,NULL,9,NULL,NULL,NULL,NULL,NULL,NULL,NULL,NULL,2,'33177347','20-33177347-7',3,NULL,181,NULL,1,NULL,NULL,NULL,2,2,0,0,0,0,0,NULL,1,NULL,NULL,35,207,1,936746.56,0,0.00,7.33,0.00,5,8,5,'2022-04-04','2022-04-04',NULL,NULL,NULL,'2022-12-20',2,0,2,2,2,6,98,39,1,7,1,0,0,0,0,NULL,8.7100,100.00,1,37.21,2,'1',2,'0',2,'0','0',NULL,NULL,NULL,1,'2022-05-02 14:35:49','2025-11-05 12:21:24',NULL);
INSERT INTO `syj_empleados` VALUES (25,5562,40720,0,NULL,18,'PITA ARIEL ALEJANDRO',NULL,'1972-05-19',1,1,5,1,NULL,9,'Mitre','474',NULL,NULL,NULL,NULL,NULL,NULL,2,'22478981','20-22478981-6',3,NULL,36,NULL,1,NULL,NULL,NULL,2,2,0,0,0,0,0,NULL,1,NULL,NULL,35,207,1,936746.56,0,0.00,7.33,0.00,5,8,5,'2022-05-24','2022-05-24',NULL,NULL,NULL,'2022-06-30',7,0,2,2,2,6,98,39,1,7,1,0,0,0,0,NULL,8.7100,111.75,1,37.21,2,'24',2,'0',2,'0','0',NULL,NULL,NULL,1,'2022-06-06 13:47:40','2025-11-05 12:21:24',NULL),(26,5562,40720,0,NULL,19,'MORENO ROBERTO OMAR',NULL,'2022-07-08',1,1,5,1,NULL,9,NULL,NULL,NULL,NULL,NULL,NULL,NULL,NULL,6,'11724224','20-11724224-3',3,NULL,181,NULL,1,NULL,NULL,NULL,2,2,0,0,0,0,0,NULL,1,NULL,NULL,35,207,1,936746.56,0,0.00,7.33,0.00,5,8,5,'2022-06-17','2022-06-17',NULL,NULL,NULL,'2022-10-31',7,0,2,2,2,6,98,39,1,7,1,0,0,0,0,0,8.7100,127.61,1,37.21,2,'17',2,'0',2,'0','0',NULL,NULL,NULL,1,'2022-07-04 19:57:49','2025-11-05 12:21:24',NULL),(27,5562,40720,0,NULL,20,'GOICOECHEA IGNACIO',NULL,'1989-07-11',1,1,5,1,NULL,9,NULL,NULL,NULL,NULL,NULL,NULL,NULL,NULL,6,'34509237','20-34509237-5',3,NULL,181,NULL,1,NULL,NULL,NULL,2,2,0,0,0,0,0,NULL,1,NULL,NULL,35,207,1,936746.56,0,0.00,7.33,0.00,5,8,5,'2022-06-17','2022-06-17',NULL,NULL,NULL,'2022-06-23',7,0,2,2,2,6,98,39,1,7,1,0,0,0,0,0,8.7100,111.75,1,37.21,2,'17',2,'0',2,'0','0',NULL,NULL,NULL,1,'2022-07-04 19:59:09','2025-11-05 12:21:24',NULL),(28,5562,40721,0,NULL,8,'BAIGORRIA SOLANO',NULL,'2004-12-18',1,1,5,1,NULL,9,NULL,NULL,NULL,NULL,NULL,NULL,NULL,NULL,6,'45784029','20-45784029-3',3,NULL,181,NULL,1,NULL,NULL,NULL,3,3,0,0,0,0,0,NULL,1,NULL,NULL,35,207,1,936746.56,0,0.00,7.33,0.00,9,10,9,'2022-06-17','2022-06-17',NULL,NULL,NULL,'2023-09-30',2,0,2,2,2,6,98,39,1,7,1,0,0,0,0,0,5.0000,127.61,1,37.21,2,'17',2,'0',2,'0','0',NULL,NULL,NULL,1,'2022-07-08 08:31:26','2025-11-05 12:21:24',NULL),(29,5562,40720,0,NULL,21,'ALMARAZ JORGE MARIO',NULL,'1985-01-07',1,1,5,1,NULL,10,'49','3743',NULL,NULL,'7630',NULL,NULL,NULL,6,'31317939','20-31317939-8',3,NULL,181,NULL,1,NULL,NULL,NULL,2,2,0,0,0,0,0,NULL,1,NULL,NULL,35,207,1,936746.56,0,0.00,7.33,0.00,5,8,5,'2022-07-28','2022-07-28',NULL,NULL,NULL,'2022-09-30',2,0,2,2,2,6,98,39,1,7,1,0,0,0,0,0,8.7100,127.65,1,0.00,2,'28',2,'0',2,'0','0',NULL,NULL,NULL,1,'2022-08-07 22:12:27','2025-11-05 12:21:24',NULL),(30,5562,41936,0,NULL,1,'MARTI NOEL AUGUSTO MARIO',NULL,'1978-07-28',1,1,3,1,NULL,10,'48','3326',NULL,NULL,'7630',NULL,NULL,NULL,6,'26778096','20-26778096-0',1,NULL,2,NULL,3,16,'120-369099/2','0720120888000036909922',5,5,0,0,0,0,0,NULL,1,NULL,NULL,7,225,1,2000000.00,1,0.00,8.00,0.00,10,11,11,'2022-07-15','2022-07-15',NULL,NULL,NULL,NULL,NULL,0,2,2,2,2,16,37,1,7,1,0,0,0,3,0,3.0000,127.65,1,37.21,2,'15',2,'0',2,'0','0',NULL,NULL,NULL,1,'2022-08-17 12:07:43','2024-02-01 12:54:46',NULL),(31,5562,40720,0,NULL,23,'BASSI LUCILA',NULL,'1988-08-18',2,1,5,1,NULL,1,'Calle 24','898',NULL,NULL,'7637',NULL,NULL,NULL,2,'33107285','27-33107285-6',3,NULL,227,NULL,1,NULL,NULL,NULL,2,2,0,0,0,0,0,NULL,1,NULL,NULL,6,33,1,445901.45,0,0.00,4.00,0.00,7,5,6,'2022-09-01','2022-09-01',NULL,NULL,NULL,'2022-12-31',2,0,2,2,2,2,50,1,1,7,1,0,0,0,1,NULL,8.7100,149.00,0,0.00,2,'1',2,'0',2,'0','0',NULL,NULL,NULL,1,'2022-10-06 15:27:49','2024-01-29 16:28:35',NULL),(32,5562,40720,0,NULL,24,'BARRIONUEVO PATRICIO ALBERTO',NULL,'2022-12-01',1,1,5,1,NULL,9,NULL,NULL,NULL,NULL,NULL,NULL,NULL,NULL,6,'25936889','20-25936889-9',3,NULL,181,NULL,1,NULL,NULL,NULL,2,2,0,0,0,0,0,NULL,1,NULL,NULL,35,207,1,936746.56,0,0.00,7.33,0.00,5,8,5,'2022-11-05','2022-11-05',NULL,NULL,NULL,'2022-11-30',NULL,0,2,2,2,6,98,39,1,7,1,0,0,0,0,0,8.7100,164.00,1,0.00,2,'5',2,'5',2,'5','0',NULL,NULL,NULL,1,'2022-12-01 15:35:30','2025-11-05 12:21:24',NULL);
INSERT INTO `syj_empleados` VALUES (33,5562,41936,0,NULL,2,'MORON EVANGELINA ANAHÍ',NULL,'1972-12-16',1,1,5,1,NULL,10,'85','3021',NULL,NULL,'7630',NULL,NULL,NULL,2,'22953317','27-22953317-2',1,NULL,73,NULL,1,NULL,NULL,NULL,5,5,0,0,0,0,0,NULL,1,NULL,NULL,37,216,1,618518.00,0,0.00,4.00,0.00,11,13,11,'2022-12-03','2022-12-03',NULL,NULL,NULL,NULL,NULL,0,2,2,2,2,4,1,1,7,1,0,0,0,0,NULL,3.0000,127.65,1,0.00,2,'1',2,'0',2,'0','0',NULL,NULL,NULL,1,'2022-12-07 17:40:45','2024-07-08 14:00:30',NULL),(37,5562,41936,0,NULL,3,'ACEVEDO TEODOLINO',NULL,'1957-07-06',1,1,6,1,NULL,10,'48','3884',NULL,NULL,'7630',NULL,NULL,NULL,6,'13207114','20-13207114-5',3,NULL,74,NULL,1,NULL,NULL,NULL,5,5,0,0,0,0,0,NULL,1,NULL,NULL,16,124,1,2115.00,0,0.00,8.00,0.00,12,12,10,'2023-01-04','2023-01-04',NULL,NULL,NULL,'2023-03-23',2,0,2,2,2,6,4,18,1,7,1,0,0,0,4,0,3.0000,127.65,1,0.00,2,'4',2,'0',2,'0','0',NULL,NULL,NULL,1,'2023-01-03 15:59:49','2024-04-29 18:37:52',NULL),(38,5562,41936,0,NULL,4,'MARTIRANO ANGEL ALBERTO',NULL,'1965-06-13',1,1,5,1,NULL,10,'CALLEJON SFEIR','S/N',NULL,NULL,NULL,NULL,NULL,NULL,6,'17394377','20-17394377-7',3,NULL,74,NULL,1,NULL,NULL,NULL,5,5,0,0,0,0,0,NULL,1,NULL,NULL,16,124,1,2115.00,0,0.00,8.00,0.00,12,12,10,'2023-01-04','2023-01-04',NULL,NULL,NULL,'2023-12-31',2,0,2,2,2,6,4,18,1,7,1,0,0,0,0,0,3.0000,127.65,1,0.00,2,'4',2,'0',2,'0','0',NULL,NULL,NULL,1,'2023-01-03 15:59:49','2024-04-29 18:37:52',NULL),(39,5562,41936,0,NULL,5,'RAMBOSIO ANTONIO',NULL,'1966-12-11',1,1,5,1,NULL,10,'529','2654',NULL,NULL,'7631',NULL,NULL,NULL,6,'18001254','20-18001254-1',3,NULL,74,NULL,1,NULL,NULL,NULL,5,5,0,0,0,0,0,NULL,1,NULL,NULL,16,124,1,2115.00,0,0.00,8.00,0.00,12,12,10,'2023-01-04','2023-01-04',NULL,NULL,NULL,'2023-12-31',2,0,2,2,2,6,4,18,1,7,1,0,0,0,0,0,3.0000,127.65,1,0.00,2,'4',2,'0',2,'0','0',NULL,NULL,NULL,1,'2023-01-03 15:59:49','2024-04-29 18:37:52',NULL),(40,5562,41936,0,NULL,6,'MOSQUEIRA AARON VICENTE NICOLAS',NULL,'1999-02-08',1,1,5,1,NULL,10,'40','3037',NULL,NULL,'7630',NULL,NULL,NULL,6,'41307899','20-41307899-8',3,NULL,74,74,1,NULL,NULL,NULL,5,5,0,0,0,0,0,NULL,1,NULL,NULL,16,124,1,2115.00,0,0.00,8.00,0.00,12,12,10,'2023-01-04','2023-01-04',NULL,NULL,NULL,'2023-12-31',2,0,2,2,2,6,4,18,1,7,1,0,0,0,0,0,3.0000,127.65,1,0.00,2,'4',2,'0',2,'0','0',NULL,NULL,NULL,1,'2023-01-03 15:59:49','2024-04-29 18:37:52',NULL),(41,5562,40720,0,NULL,25,'FERNANDEZ ISAAC ALI',NULL,'2023-01-05',1,1,5,1,NULL,9,NULL,NULL,NULL,NULL,NULL,NULL,NULL,NULL,2,'38244360','20-38244360-9',3,NULL,181,NULL,1,NULL,NULL,NULL,2,2,0,0,0,0,0,NULL,1,NULL,NULL,35,207,1,936746.56,0,0.00,7.33,0.00,5,8,5,'2022-12-05','2022-12-05',NULL,NULL,NULL,'2023-01-31',2,0,2,2,2,6,2,39,1,7,1,0,0,0,0,NULL,8.7100,49.98,0,0.00,2,'05',2,'0',2,'0','0',NULL,NULL,NULL,1,'2023-01-05 17:40:23','2025-11-05 12:21:24',NULL),(42,5562,41936,0,NULL,7,'JOVER LEONARDO JAVIER',NULL,'1967-05-07',1,1,6,1,NULL,10,'85','244',NULL,'1','7630',NULL,NULL,NULL,6,'18202250','20-18202250-1',1,NULL,2,NULL,1,NULL,NULL,NULL,5,5,0,0,0,0,0,NULL,1,NULL,NULL,7,41,1,500000.00,1,0.00,8.00,0.00,10,11,11,'2023-03-03','2023-03-03',NULL,NULL,NULL,NULL,NULL,0,2,2,2,2,16,37,1,7,1,0,0,0,2,0,3.0000,127.65,1,0.00,2,'03',2,'0',2,'0','0',NULL,NULL,NULL,1,'2023-03-06 14:24:38','2024-02-01 13:14:13',NULL),(43,5562,41936,0,NULL,8,'GOMEZ AYELEN MAGALI',NULL,'1994-05-08',2,1,6,1,NULL,10,'85','244',NULL,'1','7630',NULL,NULL,NULL,6,'38146418','27-38146418-6',1,NULL,2,2,1,NULL,NULL,NULL,5,5,0,0,0,0,0,NULL,1,NULL,NULL,7,41,1,200000.00,1,0.00,8.00,0.00,10,11,11,'2023-03-03','2023-03-03',NULL,NULL,NULL,NULL,NULL,0,2,2,2,2,16,37,1,7,1,0,0,0,0,0,3.0000,127.65,1,0.00,2,'03',2,'0',2,'0','0',NULL,NULL,NULL,1,'2023-03-06 14:24:38','2024-02-01 13:13:41',NULL);
INSERT INTO `syj_empleados` VALUES (44,5562,41936,0,NULL,9,'LENCINA OMAR LUIS ALBERTO',NULL,'1987-03-03',1,1,5,1,NULL,10,'87','3525',NULL,NULL,'7630',NULL,NULL,NULL,6,'32885651','20-32885651-5',1,NULL,78,NULL,1,NULL,NULL,NULL,5,5,0,0,0,0,0,NULL,1,NULL,NULL,22,159,1,833801.99,0,0.00,8.00,0.00,13,14,10,'2023-03-02','2023-03-02',NULL,NULL,NULL,NULL,NULL,0,2,2,2,6,4,4,1,7,1,0,0,0,0,0,3.0000,127.65,1,0.00,2,'1',2,'0',2,'0','0',NULL,NULL,NULL,1,'2023-03-07 14:52:55','2025-11-05 12:24:16',NULL),(45,5562,40721,0,NULL,9,'PAEZ JUAN ABEL',NULL,'2023-05-02',1,1,5,1,NULL,10,NULL,NULL,NULL,NULL,NULL,NULL,NULL,NULL,6,'29079079','20-29079079-5',3,NULL,181,NULL,1,NULL,NULL,NULL,3,3,0,0,0,0,0,NULL,1,NULL,NULL,35,207,1,936746.56,0,0.00,7.33,0.00,9,10,9,'2023-04-01','2023-04-01',NULL,NULL,NULL,'2023-08-31',2,0,2,2,2,6,98,39,1,7,1,0,0,0,0,0,5.0000,40.00,1,0.00,2,'01',2,'00',2,'00','0',NULL,NULL,NULL,1,'2023-05-02 19:58:23','2025-11-05 12:21:24',NULL),(46,5562,42359,0,NULL,1,'MARTI NOEL AUGUSTO MARIO',NULL,'1978-07-28',1,1,6,1,NULL,10,'58','3270','2','A','7630',NULL,NULL,NULL,6,'26778096','20-26778096-0',1,NULL,2,NULL,1,NULL,NULL,NULL,6,6,0,0,0,0,0,NULL,1,NULL,NULL,7,225,1,1500000.00,1,0.00,8.00,0.00,14,16,12,'2023-04-01','2023-04-01',NULL,NULL,NULL,NULL,NULL,0,2,2,2,2,16,37,1,7,1,0,0,0,3,0,0.0000,217.00,1,0.00,2,'1',2,'0',2,'0','0',NULL,NULL,NULL,1,'2023-05-24 09:10:14','2024-01-29 16:10:35',NULL),(47,5562,41936,0,NULL,10,'BALLESTEROS JORGE RAUL',NULL,'2023-05-30',1,1,6,1,NULL,10,NULL,NULL,NULL,NULL,NULL,NULL,NULL,NULL,6,'16265803','20-16265803-5',3,NULL,74,NULL,1,NULL,NULL,NULL,5,5,0,0,0,0,0,NULL,1,NULL,NULL,16,124,1,2115.00,0,0.00,8.00,0.00,12,12,10,'2022-05-15','2022-05-15',NULL,NULL,NULL,'2023-07-31',2,0,2,2,2,6,4,1,1,7,1,0,0,0,0,0,3.0000,127.65,1,0.00,2,'15',2,'0',2,'0','0',NULL,NULL,NULL,1,'2023-05-30 16:01:31','2024-04-29 18:37:52',NULL),(48,5562,41936,0,NULL,11,'FURGEAU FAVIO ALBERTO',NULL,'2023-05-30',1,1,5,1,NULL,10,NULL,NULL,NULL,NULL,NULL,NULL,NULL,NULL,6,'36387752','20-36387752-5',3,NULL,74,NULL,1,NULL,NULL,NULL,5,5,0,0,0,0,0,NULL,1,NULL,NULL,16,124,1,2115.00,0,0.00,8.00,0.00,12,12,10,'2022-05-15','2022-05-15',NULL,NULL,NULL,'2023-07-31',2,0,2,2,2,6,4,1,1,7,1,0,0,0,0,0,3.0000,127.65,1,0.00,2,'15',2,'0',2,'0','0',NULL,NULL,NULL,1,'2023-05-30 16:01:31','2024-04-29 18:37:52',NULL),(49,5562,42359,0,NULL,2,'BOSIO MARIA EUGENIA',NULL,'1969-12-17',2,1,3,1,NULL,10,'65','1576',NULL,NULL,'7630',NULL,NULL,NULL,6,'21448556','27-21448556-2',1,NULL,227,NULL,1,NULL,NULL,NULL,6,6,0,0,0,0,0,NULL,1,NULL,NULL,6,33,1,445901.45,0,0.00,8.00,0.00,14,17,12,'2023-05-01','2023-05-01',NULL,NULL,NULL,NULL,NULL,0,2,2,2,2,4,1,1,7,1,0,0,0,3,0,0.0000,217.00,1,0.00,2,'1',2,'0',2,'0','0',NULL,NULL,NULL,1,'2023-06-07 12:39:17','2024-01-29 16:28:35',NULL),(50,5562,41936,0,NULL,12,'ESPILOCIN CEFERINO MARCELO',NULL,'1968-02-24',1,1,5,1,NULL,10,'SAN MARTIN','798',NULL,NULL,NULL,NULL,NULL,NULL,6,'20043360','20-20043360-3',3,NULL,74,74,1,NULL,NULL,NULL,5,5,0,0,0,0,0,NULL,1,NULL,NULL,16,224,1,178337.00,1,0.00,8.00,0.00,12,18,10,'2023-09-01','2023-09-01',NULL,NULL,NULL,'2024-01-18',2,0,2,2,2,6,4,4,1,7,1,0,0,0,0,0,3.0000,127.65,1,0.00,2,'1',2,'0',2,'0','0',NULL,NULL,NULL,1,'2023-09-28 14:39:04','2024-04-29 18:43:03',NULL),(51,5562,40721,0,NULL,10,'ALVAREZ CLAUDIO DAVID',NULL,'1993-07-28',1,1,5,1,NULL,9,NULL,NULL,NULL,NULL,NULL,NULL,NULL,NULL,6,'37197459','20-37197459-9',3,NULL,181,NULL,1,NULL,NULL,NULL,3,3,0,0,0,0,0,NULL,1,NULL,NULL,35,207,1,936746.56,0,0.00,7.33,0.00,9,10,9,'2023-09-04','2023-09-04',NULL,NULL,NULL,'2023-11-30',NULL,0,2,2,2,6,98,39,1,7,1,0,0,0,0,0,5.0000,40.00,0,0.00,2,'4',2,'0',2,'0','0',NULL,NULL,NULL,1,'2023-10-03 16:59:26','2025-11-05 12:21:24',NULL);
INSERT INTO `syj_empleados` VALUES (52,5562,40721,0,NULL,11,'BARRIENTOS RAUL OSCAR',NULL,'1965-03-15',1,1,5,1,NULL,9,'22','1046',NULL,NULL,'7637',NULL,NULL,NULL,6,'17284739','20-17284739-1',1,NULL,181,NULL,1,NULL,NULL,NULL,3,3,0,0,0,0,0,NULL,1,NULL,NULL,35,207,1,936746.56,0,0.00,7.33,0.00,9,10,9,'2023-10-01','2023-10-01',NULL,NULL,NULL,NULL,NULL,0,2,2,2,6,98,39,1,7,1,0,0,0,0,0,5.0000,40.00,1,0.00,2,'1',2,'0',2,'0','0',NULL,NULL,NULL,1,'2023-11-01 19:21:39','2025-11-05 12:21:24',NULL),(53,5562,40721,0,NULL,12,'BARRIENTOS RAUL OSCAR',NULL,NULL,NULL,NULL,NULL,NULL,NULL,NULL,NULL,NULL,NULL,NULL,NULL,NULL,NULL,NULL,6,'17284739','20-17284739-1',1,NULL,NULL,NULL,NULL,NULL,NULL,NULL,NULL,NULL,0,0,0,0,0,NULL,1,NULL,NULL,5,NULL,NULL,0.00,0,0.00,0.00,0.00,NULL,NULL,NULL,'2023-11-02','2023-11-02',NULL,NULL,NULL,NULL,NULL,0,NULL,NULL,NULL,NULL,NULL,NULL,NULL,NULL,NULL,0,0,0,0,0,5.0000,40.00,0,0.00,NULL,NULL,NULL,NULL,NULL,NULL,'0',NULL,NULL,NULL,1,'2023-11-01 19:21:39','2023-11-01 19:22:41','2023-11-01 19:22:41'),(54,5562,42359,0,NULL,3,'IRURE MARIA SOLEDAD',NULL,'1977-12-16',2,1,1,1,NULL,10,NULL,NULL,NULL,NULL,NULL,NULL,NULL,NULL,6,'26248832','27-26248832-8',1,NULL,227,NULL,1,NULL,NULL,NULL,6,6,0,0,0,0,0,NULL,1,NULL,NULL,6,226,1,447498.77,0,0.00,8.00,0.00,14,17,13,'2023-11-20','2023-11-20',NULL,NULL,NULL,NULL,NULL,0,2,2,2,2,50,4,1,7,1,0,0,0,2,0,0.0000,217.00,1,0.00,2,'20',2,'0',2,'0','0',NULL,NULL,NULL,1,'2023-11-27 10:45:16','2024-01-29 16:28:55',NULL),(55,5562,41936,0,NULL,13,'GARCIA ALBERTO ARIEL',NULL,'1975-04-02',1,1,5,1,NULL,10,'69','4137',NULL,NULL,'7630',NULL,NULL,NULL,6,'24438233','23-24438233-9',1,NULL,78,NULL,1,NULL,NULL,NULL,5,5,0,0,0,0,0,NULL,1,NULL,NULL,22,159,1,833801.99,0,0.00,8.00,0.00,13,14,10,'2023-11-15','2023-11-15',NULL,NULL,NULL,NULL,NULL,0,2,2,2,6,4,4,1,7,1,0,0,0,0,0,3.0000,127.65,1,0.00,2,'15',2,'0',2,'0','0',NULL,NULL,NULL,1,'2023-11-30 15:26:20','2025-11-05 12:24:16',NULL),(64,5562,40721,0,NULL,12,'AGUILAR JORGE LUJAN',NULL,'1955-06-12',1,1,5,1,NULL,9,NULL,NULL,NULL,NULL,NULL,NULL,NULL,NULL,6,'11685713','20-11685713-9',3,NULL,181,NULL,1,NULL,NULL,NULL,3,3,0,0,0,0,0,NULL,1,NULL,NULL,35,227,2,37006.72,0,0.00,8.00,0.00,9,10,9,'2023-11-20','2023-11-20',NULL,NULL,NULL,'2024-03-31',2,0,2,2,2,6,98,39,1,7,1,0,0,0,0,0,5.0000,40.00,1,0.00,2,'20',2,'0',2,'0','0',NULL,NULL,NULL,1,'2023-12-04 18:39:18','2025-08-07 08:42:02',NULL),(65,5562,40721,0,NULL,13,'SAN MARTIN FELIX ALBERTO',NULL,'1965-06-04',1,1,5,1,NULL,9,NULL,NULL,NULL,NULL,NULL,NULL,NULL,NULL,6,'17394418','20-17394418-8',3,NULL,181,NULL,1,NULL,NULL,NULL,3,3,0,0,0,0,0,NULL,1,NULL,NULL,35,207,1,936746.56,0,0.00,7.33,0.00,9,10,9,'2023-11-20','2023-11-20',NULL,NULL,NULL,'2024-11-24',7,0,2,2,1,6,98,39,1,7,1,0,0,0,0,0,5.0000,40.00,1,0.00,2,'20',2,'0',2,'0','0',NULL,NULL,NULL,1,'2023-12-04 18:39:18','2025-11-05 12:21:24',NULL),(66,5562,40721,0,NULL,14,'BENAVIDEZ NESTOR HORACIO',NULL,'1966-03-18',1,1,5,1,NULL,9,NULL,NULL,NULL,NULL,NULL,NULL,NULL,NULL,6,'17820880','20-17820880-3',3,NULL,181,NULL,1,NULL,NULL,NULL,3,3,0,0,0,0,0,NULL,1,NULL,NULL,35,207,1,936746.56,0,0.00,7.33,0.00,9,10,9,'2024-02-16','2024-02-16',NULL,NULL,NULL,'2024-12-31',2,0,2,2,2,6,98,39,1,7,1,0,0,0,0,0,5.0000,40.00,0,0.00,2,'20',2,'0',2,'0','0',NULL,NULL,NULL,1,'2023-12-04 18:39:18','2025-11-05 12:21:24',NULL),(67,5562,40721,0,NULL,15,'PEREYRA PABLO FABIAN',NULL,'1969-09-07',1,1,5,1,NULL,9,NULL,NULL,NULL,NULL,NULL,NULL,NULL,NULL,6,'20666681','20-20666681-2',1,NULL,181,NULL,1,NULL,NULL,NULL,3,3,0,0,0,0,0,NULL,1,NULL,NULL,35,207,1,936746.56,0,0.00,7.33,0.00,9,10,8,'2023-11-20','2023-11-20',NULL,NULL,NULL,NULL,NULL,0,2,2,2,6,98,39,1,7,1,0,0,0,0,0,5.0000,40.00,0,0.00,2,'20',2,'0',2,'0','0',NULL,NULL,NULL,1,'2023-12-04 18:39:18','2025-11-05 12:21:24',NULL);
INSERT INTO `syj_empleados` VALUES (68,5562,40721,0,NULL,16,'BAIGORRIA MIGUEL ANGEL',NULL,'1971-07-05',1,1,5,1,NULL,9,NULL,NULL,NULL,NULL,NULL,NULL,NULL,NULL,6,'22335762','20-22335762-9',3,NULL,181,NULL,1,NULL,NULL,NULL,3,3,0,0,0,0,0,NULL,1,NULL,NULL,35,227,2,37006.72,0,0.00,8.00,0.00,9,10,9,'2023-11-20','2023-11-20',NULL,NULL,NULL,'2023-12-31',2,0,2,2,2,6,98,39,1,7,1,0,0,0,0,0,5.0000,40.00,1,0.00,2,'20',2,'0',2,'0','0',NULL,NULL,NULL,1,'2023-12-04 18:39:18','2025-08-07 08:42:02',NULL),(69,5562,40721,0,NULL,17,'DALI JUAN GUILLERMO',NULL,'1971-09-02',1,1,5,1,NULL,9,NULL,NULL,NULL,NULL,NULL,NULL,NULL,NULL,6,'22335787','20-22335787-4',3,NULL,181,NULL,1,NULL,NULL,NULL,3,3,0,0,0,0,0,NULL,1,NULL,NULL,35,227,2,37006.72,0,0.00,8.00,0.00,9,10,9,'2023-11-20','2023-11-20',NULL,NULL,NULL,'2023-12-31',2,0,2,2,2,6,98,39,1,7,1,0,0,0,0,0,5.0000,40.00,1,0.00,2,'20',2,'0',2,'0','0',NULL,NULL,NULL,1,'2023-12-04 18:39:18','2025-08-07 08:42:02',NULL),(70,5562,40721,0,NULL,18,'PALLE MARCOS GERMAN',NULL,'1974-09-26',1,1,5,1,NULL,9,NULL,NULL,NULL,NULL,NULL,NULL,NULL,NULL,6,'23997319','20-23997319-2',3,NULL,181,NULL,1,NULL,NULL,NULL,3,3,0,0,0,0,0,NULL,1,NULL,NULL,35,207,1,936746.56,0,0.00,7.33,0.00,9,10,9,'2023-11-20','2023-11-20',NULL,NULL,NULL,'2025-02-24',2,0,2,2,2,6,98,39,1,7,1,0,0,0,0,0,5.0000,40.00,1,0.00,2,'20',2,'0',2,'0','0',NULL,NULL,'#000000',1,'2023-12-04 18:39:18','2025-11-05 12:21:24',NULL),(71,5562,40721,0,NULL,19,'DIAZ FEDERICO',NULL,'1994-01-14',1,1,5,1,NULL,9,NULL,NULL,NULL,NULL,NULL,NULL,NULL,NULL,6,'38056966','20-38056966-4',3,NULL,78,NULL,1,NULL,NULL,NULL,3,3,0,0,0,0,0,NULL,1,NULL,NULL,22,159,1,532301.87,1,0.00,8.00,0.00,8,19,8,'2023-08-14','2023-08-14',NULL,NULL,NULL,'2024-07-15',NULL,0,2,2,2,6,50,4,1,7,1,0,0,0,0,0,5.0000,40.00,1,0.00,2,'15',2,'0',2,'0','0',NULL,NULL,NULL,1,'2023-12-04 18:39:18','2024-10-04 11:02:21',NULL),(72,5562,40721,0,NULL,20,'FERNANDEZ LEONARDO GASTON',NULL,'1999-02-10',1,1,5,1,NULL,9,NULL,NULL,NULL,NULL,NULL,NULL,NULL,NULL,6,'41568079','20-41568079-2',3,NULL,181,NULL,1,NULL,NULL,NULL,3,3,0,0,0,0,0,NULL,1,NULL,NULL,35,227,2,37006.72,0,0.00,8.00,0.00,9,10,9,'2023-11-20','2023-11-20',NULL,NULL,NULL,'2023-12-31',2,0,2,2,2,6,98,39,1,7,1,0,0,0,0,0,5.0000,40.00,1,0.00,2,'20',2,'0',2,'0','0',NULL,NULL,NULL,1,'2023-12-04 18:39:18','2025-08-07 08:42:02',NULL),(73,5562,40721,0,NULL,21,'CARRASCO ARON MIGUEL',NULL,'2001-04-10',1,1,5,1,NULL,9,NULL,NULL,NULL,NULL,NULL,NULL,NULL,NULL,6,'42677589','20-42677589-2',3,NULL,181,NULL,1,NULL,NULL,NULL,3,3,0,0,0,0,0,NULL,1,NULL,NULL,35,227,2,37006.72,0,0.00,8.00,0.00,9,10,9,'2023-11-20','2023-11-20',NULL,NULL,NULL,'2023-12-31',2,0,2,2,2,6,98,39,1,7,1,0,0,0,0,0,5.0000,40.00,1,0.00,2,'20',2,'0',2,'0','0',NULL,NULL,NULL,1,'2023-12-04 18:39:18','2025-08-07 08:42:02',NULL),(74,5562,40721,0,NULL,22,'ARCE SERGIO OMAR',NULL,'1962-10-25',1,1,5,1,NULL,9,NULL,NULL,NULL,NULL,NULL,NULL,NULL,NULL,6,'14792196','23-14792196-9',3,NULL,181,NULL,1,NULL,NULL,NULL,3,3,0,0,0,0,0,NULL,1,NULL,NULL,35,227,2,37006.72,0,0.00,8.00,0.00,9,10,9,'2023-11-20','2023-11-20',NULL,NULL,NULL,'2023-12-31',2,0,2,2,2,6,98,39,1,7,1,0,0,0,0,0,5.0000,40.00,1,0.00,2,'20',2,'0',2,'0','0',NULL,NULL,NULL,1,'2023-12-04 18:39:18','2025-08-07 08:42:02',NULL),(75,5562,40721,0,NULL,23,'SILVA MAURICIO ANDRES',NULL,'1973-08-11',1,1,5,1,NULL,9,NULL,NULL,NULL,NULL,NULL,NULL,NULL,NULL,6,'23289131','23-23289131-9',3,NULL,181,NULL,1,NULL,NULL,NULL,3,3,0,0,0,0,0,NULL,1,NULL,NULL,35,227,2,37006.72,0,0.00,8.00,0.00,9,10,8,'2023-11-20','2023-11-20',NULL,NULL,NULL,'2024-04-30',NULL,0,2,2,2,6,98,39,1,7,1,0,0,0,0,0,5.0000,40.00,1,0.00,2,'20',2,'0',2,'0','0',NULL,NULL,NULL,1,'2023-12-04 18:39:18','2025-08-07 08:42:02',NULL);
INSERT INTO `syj_empleados` VALUES (76,5562,42359,0,NULL,4,'MALAGA YESICA LEONELA',NULL,'1990-11-02',2,1,5,1,NULL,10,'92','3535',NULL,NULL,'7630',NULL,NULL,NULL,6,'35605589','27-35605589-1',1,NULL,227,NULL,1,NULL,NULL,NULL,6,6,0,0,0,0,0,NULL,1,NULL,NULL,6,226,1,447498.77,0,0.00,8.00,0.00,14,17,12,'2024-01-02','2024-01-02',NULL,NULL,NULL,NULL,NULL,0,2,2,15,2,50,6,1,7,1,0,0,0,1,0,0.0000,217.00,1,0.00,2,'2',2,'0',2,'0','0',NULL,NULL,NULL,1,'2024-01-18 16:39:43','2024-05-06 16:53:37',NULL),(77,5562,41936,0,NULL,14,'RAMOS DE OLIVERA ELIAS FERNANDO',NULL,'1976-08-24',1,1,5,1,NULL,10,'67','5173',NULL,NULL,'7630',NULL,NULL,NULL,6,'25489287','20-25489287-5',1,NULL,227,NULL,1,NULL,NULL,NULL,5,5,0,0,0,0,0,NULL,1,NULL,NULL,16,224,1,383792.00,0,0.00,8.00,0.00,12,18,10,'2024-01-18','2024-01-18',NULL,NULL,NULL,NULL,NULL,0,2,2,2,6,4,18,1,7,1,0,0,0,0,0,3.0000,127.65,1,0.00,2,'18',2,'0',2,'0','0',NULL,NULL,NULL,1,'2024-01-23 10:44:41','2024-04-29 18:38:11',NULL),(78,5562,41936,0,NULL,15,'CAMBACERES CATRIEL CEFERINO',NULL,'2000-12-25',1,1,5,1,NULL,10,'89','2694',NULL,NULL,'7630',NULL,NULL,NULL,6,'42042212','20-42042212-2',1,NULL,74,74,1,NULL,NULL,NULL,5,5,0,0,0,0,0,NULL,1,NULL,NULL,16,123,1,2499.00,0,0.00,8.00,0.00,12,12,10,'2024-01-02','2024-01-02',NULL,NULL,NULL,'2024-05-03',2,0,2,2,2,6,4,18,1,7,1,0,0,0,0,0,3.0000,127.65,0,0.00,2,'02',2,'0',2,'0','0',NULL,NULL,NULL,1,'2024-02-01 13:36:36','2024-05-08 17:13:39',NULL),(79,5562,40720,0,NULL,26,'GONZALEZ JULIO MIGUEL',NULL,'1963-10-02',1,1,5,1,NULL,9,NULL,NULL,NULL,NULL,NULL,NULL,NULL,NULL,6,'16476819','20-16476819-9',3,NULL,181,NULL,1,NULL,NULL,NULL,2,2,0,0,0,0,0,NULL,1,NULL,NULL,35,227,2,37006.72,0,0.00,7.33,0.00,5,8,5,'2024-01-21','2024-01-21',NULL,NULL,NULL,'2024-01-31',2,0,2,2,2,6,98,39,1,7,1,0,0,0,0,0,8.7100,49.98,1,0.00,2,'21',2,'0',2,'0','0',NULL,NULL,NULL,1,'2024-02-07 18:15:32','2025-08-07 08:42:02',NULL),(80,5562,40721,0,NULL,24,'NAVAS JUAN CARLOS',NULL,NULL,NULL,NULL,NULL,NULL,NULL,NULL,NULL,NULL,NULL,NULL,NULL,NULL,NULL,NULL,6,'22900597','23-22900597-9',1,NULL,NULL,NULL,NULL,NULL,NULL,NULL,NULL,NULL,0,0,0,0,0,NULL,1,NULL,NULL,5,NULL,NULL,0.00,0,0.00,0.00,0.00,NULL,NULL,NULL,'2024-02-01','2024-02-01',NULL,NULL,NULL,NULL,NULL,0,NULL,NULL,NULL,NULL,NULL,NULL,NULL,NULL,NULL,0,0,0,0,0,5.0000,40.00,0,0.00,NULL,NULL,NULL,NULL,NULL,NULL,'0',NULL,NULL,NULL,1,'2024-02-28 12:55:15','2024-02-28 12:55:26','2024-02-28 12:55:26'),(81,5562,41936,0,NULL,16,'NAVAS JUAN CARLOS',NULL,'2024-02-28',1,1,5,1,NULL,10,NULL,NULL,NULL,NULL,NULL,NULL,NULL,NULL,6,'22900597','23-22900597-9',1,NULL,74,NULL,1,NULL,NULL,NULL,5,5,0,0,0,0,0,NULL,1,NULL,NULL,16,224,1,383792.00,0,0.00,8.00,0.00,12,18,11,'2024-02-01','2024-02-01',NULL,NULL,NULL,NULL,NULL,0,2,2,2,6,4,18,1,7,1,0,0,0,0,0,3.0000,127.65,1,0.00,2,'1',2,'0',2,'0','0',NULL,NULL,NULL,1,'2024-02-28 12:55:43','2024-04-29 18:38:11',NULL),(82,5562,40720,0,NULL,27,'MACIEL EMILIANO AGUSTIN',NULL,'2024-03-11',1,1,5,NULL,NULL,NULL,NULL,NULL,NULL,NULL,NULL,NULL,NULL,NULL,6,'38877805','23-38877805-9',3,NULL,181,NULL,1,NULL,NULL,NULL,2,2,0,0,0,0,0,NULL,1,NULL,NULL,35,227,2,37006.72,0,0.00,8.00,0.00,5,8,7,'2024-08-09','2024-08-09',NULL,NULL,NULL,'2024-08-09',2,1,2,2,2,6,98,39,1,7,1,0,0,0,0,0,8.7100,49.98,1,0.00,2,'9',3,'9',3,'9','0',NULL,NULL,NULL,1,'2024-03-11 15:55:21','2025-08-07 08:42:02',NULL),(83,5562,40720,0,NULL,28,'MACIEL EMILIANO AGUSTIN',NULL,NULL,NULL,NULL,NULL,NULL,NULL,NULL,NULL,NULL,NULL,NULL,NULL,NULL,NULL,NULL,6,'38877805','23-38877805-9',1,NULL,NULL,NULL,NULL,NULL,NULL,NULL,NULL,NULL,0,0,0,0,0,NULL,1,NULL,NULL,5,NULL,NULL,0.00,0,0.00,0.00,0.00,NULL,NULL,NULL,'1969-12-31','1969-12-31',NULL,NULL,NULL,NULL,NULL,0,NULL,NULL,NULL,NULL,NULL,NULL,NULL,NULL,NULL,0,0,0,0,0,8.7100,49.98,0,0.00,NULL,NULL,NULL,NULL,NULL,NULL,'0',NULL,NULL,NULL,1,'2024-03-11 15:55:21','2024-03-11 15:56:12','2024-03-11 15:56:12');
INSERT INTO `syj_empleados` VALUES (84,5562,40720,0,NULL,28,'BURGUEÑO CRISTIAN EMANUEL',NULL,'1989-12-02',1,1,5,1,NULL,9,NULL,NULL,NULL,NULL,NULL,NULL,NULL,NULL,6,'34509282','20-34509282-0',3,NULL,181,NULL,1,NULL,NULL,NULL,2,2,0,0,0,0,0,NULL,1,NULL,NULL,35,227,2,37006.72,0,0.00,7.33,0.00,5,8,5,'2024-03-15','2024-03-15',NULL,NULL,NULL,'2024-04-30',2,0,2,2,2,6,98,39,1,7,1,0,0,0,0,0,8.7100,49.98,1,0.00,2,'15',2,'0',2,'0','0',NULL,NULL,NULL,1,'2024-04-06 11:15:36','2025-08-07 08:42:02',NULL),(85,5562,40720,0,NULL,29,'KESSLER JUAN CARLOS',NULL,'1970-07-03',1,1,5,1,NULL,9,NULL,NULL,NULL,NULL,NULL,NULL,NULL,NULL,6,'21534917','23-21534917-9',3,NULL,181,NULL,1,NULL,NULL,NULL,2,2,0,0,0,0,0,NULL,1,NULL,NULL,35,227,2,37006.72,0,0.00,7.33,0.00,5,8,5,'2024-03-15','2024-03-15',NULL,NULL,NULL,'2024-08-31',2,0,2,2,2,6,98,39,1,7,1,0,0,0,0,0,8.7100,49.98,1,0.00,2,'15',2,'0',2,'0','0',NULL,NULL,NULL,1,'2024-04-06 11:17:27','2025-08-07 08:42:02',NULL),(86,5562,41936,0,NULL,17,'LARSEN CARLOS DANIEL',NULL,'1968-10-13',1,1,3,1,NULL,10,'34','3633','TORRE 4','6','7630',NULL,NULL,NULL,6,'21589547','20-21589547-6',1,NULL,73,NULL,1,NULL,NULL,NULL,5,5,0,0,0,0,0,NULL,1,NULL,NULL,37,216,1,618518.00,0,0.00,4.00,0.00,11,13,11,'2024-04-01','2024-04-01',NULL,NULL,NULL,NULL,NULL,0,2,2,2,2,4,1,1,7,1,0,0,0,0,0,3.0000,127.65,1,0.00,2,'1',2,'0',2,'0','0',NULL,NULL,NULL,1,'2024-04-16 12:36:27','2024-07-08 14:00:30',NULL),(87,5562,41936,0,NULL,18,'VITTEAU ROBERTO ARIEL',NULL,'1962-12-11',1,1,5,1,NULL,10,'508','1944',NULL,NULL,'7631',NULL,NULL,NULL,6,'16265931','20-16265931-7',1,NULL,78,NULL,1,NULL,NULL,NULL,5,5,0,0,0,0,0,NULL,1,NULL,NULL,22,159,1,833801.99,0,0.00,8.00,0.00,13,14,10,'2024-04-15','2024-04-15',NULL,NULL,NULL,NULL,NULL,0,2,2,2,6,4,4,1,7,1,0,0,0,0,0,3.0000,127.65,1,0.00,2,'15',2,'0',2,'0','0',NULL,NULL,NULL,1,'2024-04-29 18:44:09','2025-11-05 12:24:16',NULL),(88,5562,41936,0,NULL,19,'MALDONADO EDUARDO AGUSTIN',NULL,'2001-08-04',1,1,5,1,NULL,10,'78','3070',NULL,NULL,'7630',NULL,NULL,NULL,6,'43514416','20-43514416-1',1,NULL,74,NULL,1,NULL,NULL,NULL,5,5,0,0,0,0,0,NULL,1,NULL,NULL,16,224,1,383792.00,0,0.00,8.00,0.00,12,18,10,'2024-04-15','2024-04-15',NULL,NULL,NULL,NULL,NULL,0,2,2,2,6,4,4,1,7,1,0,0,0,0,0,3.0000,127.65,1,0.00,2,'15',2,'0',2,'0','0',NULL,NULL,NULL,1,'2024-04-29 18:45:37','2024-04-29 18:54:31',NULL),(89,5562,41936,0,NULL,20,'LIBOREIRO MARCELO BERNABE',NULL,'1974-01-26',1,1,5,1,NULL,10,'73','3665',NULL,NULL,NULL,NULL,NULL,NULL,6,'23745518','20-23745518-6',1,NULL,74,NULL,1,NULL,NULL,NULL,5,5,0,0,0,0,0,NULL,1,NULL,NULL,16,224,1,383792.00,0,0.00,8.00,0.00,12,18,10,'2024-04-16','2024-04-16',NULL,NULL,NULL,NULL,NULL,0,2,2,2,6,4,4,1,7,1,0,0,0,0,0,3.0000,127.65,1,0.00,2,'16',2,'0',2,'0','0',NULL,NULL,NULL,1,'2024-04-30 16:18:32','2024-04-30 16:21:19',NULL),(90,5562,40721,0,NULL,24,'LUNA RUBEN JAVIER',NULL,'2024-06-03',1,1,5,1,NULL,9,NULL,NULL,NULL,NULL,NULL,NULL,NULL,NULL,6,'29407926','20-29407926-3',3,NULL,181,NULL,1,NULL,NULL,NULL,3,3,0,0,0,0,0,NULL,1,NULL,NULL,35,227,2,37006.72,0,0.00,8.00,0.00,9,10,9,'2024-05-01','2024-05-01',NULL,NULL,NULL,'2024-05-31',2,0,2,2,2,6,98,39,1,7,1,0,0,0,0,0,5.0000,40.00,1,0.00,2,'1',2,'0',2,'0','0',NULL,NULL,NULL,1,'2024-06-03 17:01:42','2025-08-07 08:42:02',NULL),(91,5562,40721,0,NULL,25,'MEZA LAUTARO RAMON',NULL,'2024-06-03',1,1,5,1,NULL,9,NULL,NULL,NULL,NULL,NULL,NULL,NULL,NULL,6,'46919780','20-46919780-9',3,NULL,181,NULL,1,NULL,NULL,NULL,3,3,0,0,0,0,0,NULL,1,NULL,NULL,35,227,2,37006.72,0,0.00,8.00,0.00,9,10,9,'2024-05-01','2024-05-01',NULL,NULL,NULL,'2024-05-31',2,0,2,2,2,6,98,39,1,7,1,0,0,0,0,0,5.0000,40.00,1,0.00,2,'1',2,'0',2,'0','0',NULL,NULL,NULL,1,'2024-06-03 17:03:00','2025-08-07 08:42:02',NULL);
INSERT INTO `syj_empleados` VALUES (92,5562,40721,0,NULL,26,'MARTINEZ HECTOR MIGUEL',NULL,'2024-08-07',1,1,5,1,NULL,10,NULL,NULL,NULL,NULL,NULL,NULL,NULL,NULL,6,'26404004','20-26404004-4',3,NULL,181,NULL,1,NULL,NULL,NULL,3,3,0,0,0,0,0,NULL,1,NULL,NULL,35,207,1,936746.56,0,0.00,7.33,0.00,9,10,9,'2024-07-17','2024-07-17',NULL,NULL,NULL,'2024-07-19',2,0,2,2,2,6,98,39,1,7,1,0,0,0,0,0,5.0000,40.00,1,0.00,2,'17',2,'0',2,'0','0',NULL,NULL,NULL,1,'2024-08-07 18:26:12','2025-11-05 12:21:24',NULL),(93,5562,40721,0,NULL,27,'PONTACQ JONATHAN RAUL',NULL,'2024-08-07',1,1,5,1,NULL,9,NULL,NULL,NULL,NULL,NULL,NULL,NULL,NULL,6,'41132868','20-41132868-7',3,NULL,181,NULL,1,NULL,NULL,NULL,3,3,0,0,0,0,0,NULL,1,NULL,NULL,35,207,1,936746.56,0,0.00,7.33,0.00,9,10,9,'2024-11-25','2024-11-25',NULL,NULL,NULL,'2024-12-31',2,0,2,2,2,6,98,39,1,7,1,0,0,0,0,0,5.0000,40.00,1,0.00,2,'8',2,'0',2,'0','0',NULL,NULL,NULL,1,'2024-08-07 18:32:58','2025-11-05 12:21:24',NULL),(94,5562,40721,0,NULL,28,'BARRIONUEVO PATRICIO ALBERTO',NULL,'2024-09-06',1,1,5,1,NULL,10,NULL,NULL,NULL,NULL,NULL,NULL,NULL,NULL,6,'25936889','20-25936889-9',3,NULL,181,NULL,1,NULL,NULL,NULL,3,3,0,0,0,0,0,NULL,1,NULL,NULL,35,207,1,936746.56,0,0.00,7.33,0.00,9,10,9,'2024-08-19','2024-08-19',NULL,NULL,NULL,'2024-11-23',2,0,2,2,2,6,98,39,1,7,1,0,0,0,0,0,5.0000,40.00,1,0.00,2,'19',2,'0',2,'0','0',NULL,NULL,NULL,1,'2024-09-06 17:32:31','2025-11-05 12:21:24',NULL),(95,5562,40720,0,NULL,30,'OJEDA AMALIO',NULL,'2024-09-06',1,1,5,1,NULL,10,NULL,NULL,NULL,NULL,NULL,NULL,NULL,NULL,6,'17623723','20-17623723-7',3,NULL,181,NULL,1,NULL,NULL,NULL,2,2,0,0,0,0,0,NULL,1,NULL,NULL,35,207,1,936746.56,0,0.00,7.33,0.00,6,8,5,'2024-08-09','2024-08-09',NULL,NULL,NULL,'2024-10-31',2,0,2,2,2,6,98,39,1,7,1,0,0,0,0,0,8.7100,49.98,1,0.00,2,'09',2,'0',2,'0','0',NULL,NULL,NULL,1,'2024-09-06 17:40:51','2025-11-05 12:21:24',NULL),(96,5562,40720,0,NULL,31,'PEÑALBA ALFIO',NULL,'2024-09-08',1,1,4,1,NULL,9,NULL,NULL,NULL,NULL,NULL,NULL,NULL,NULL,6,'40480966','20-40480966-1',1,NULL,181,NULL,1,NULL,NULL,NULL,2,2,0,0,0,0,0,NULL,1,NULL,NULL,35,207,1,936746.56,0,0.00,7.33,0.00,5,8,5,'2024-08-09','2024-08-09',NULL,NULL,NULL,NULL,NULL,0,2,2,2,6,98,39,1,7,1,0,0,0,0,0,8.7100,49.98,1,0.00,2,'09',2,'0',2,'0','0',NULL,NULL,NULL,1,'2024-09-08 16:34:17','2025-11-05 12:21:24',NULL),(97,5562,40721,0,NULL,29,'MACIEL MARIO NICOLAS',NULL,NULL,NULL,NULL,NULL,NULL,NULL,NULL,NULL,NULL,NULL,NULL,NULL,NULL,NULL,NULL,6,'37064714','20-37064714-4',1,NULL,NULL,NULL,NULL,NULL,NULL,NULL,NULL,NULL,0,0,0,0,0,NULL,1,NULL,NULL,5,NULL,NULL,0.00,0,0.00,0.00,0.00,NULL,NULL,NULL,'1969-12-31','1969-12-31',NULL,NULL,NULL,NULL,NULL,0,NULL,NULL,NULL,NULL,NULL,NULL,NULL,NULL,NULL,0,0,0,0,0,5.0000,40.00,0,0.00,NULL,NULL,NULL,NULL,NULL,NULL,'0',NULL,NULL,NULL,1,'2024-09-08 18:30:49','2024-10-04 10:44:53','2024-10-04 10:44:53'),(98,5562,40721,0,NULL,30,'MACIEL MARIO NICOLAS',NULL,NULL,NULL,NULL,NULL,NULL,NULL,NULL,NULL,NULL,NULL,NULL,NULL,NULL,NULL,NULL,6,'37064714','20-37064714-4',1,NULL,NULL,NULL,NULL,NULL,NULL,NULL,NULL,NULL,0,0,0,0,0,NULL,1,NULL,NULL,5,NULL,NULL,0.00,0,0.00,0.00,0.00,NULL,NULL,NULL,'2020-12-01','2020-12-01',NULL,NULL,NULL,NULL,NULL,0,NULL,NULL,NULL,NULL,NULL,NULL,NULL,NULL,NULL,0,0,0,0,0,5.0000,40.00,0,0.00,NULL,NULL,NULL,NULL,NULL,NULL,'0',NULL,NULL,NULL,1,'2024-09-08 18:30:49','2024-10-04 10:46:48','2024-10-04 10:46:48'),(99,5562,40721,0,NULL,31,'MACIEL MARIO NICOLAS',NULL,'2024-09-08',1,1,5,NULL,NULL,NULL,NULL,NULL,NULL,NULL,NULL,NULL,NULL,NULL,6,'37064714','20-37064714-4',3,NULL,181,NULL,1,NULL,NULL,NULL,3,3,0,0,0,0,0,NULL,1,NULL,NULL,35,207,1,936746.56,0,0.00,7.33,0.00,9,10,9,'2024-08-09','2024-08-09',NULL,NULL,NULL,'2024-08-31',2,0,2,2,2,6,98,39,1,7,1,0,0,0,0,0,5.0000,40.00,1,0.00,2,'09',2,'0',2,'0','0',NULL,NULL,NULL,1,'2024-09-08 18:30:49','2025-11-05 12:21:24',NULL);
INSERT INTO `syj_empleados` VALUES (100,5562,40720,0,NULL,32,'ECHAVES JOSUE ALEJANDRO',NULL,'2024-11-06',1,1,5,1,NULL,9,NULL,NULL,NULL,NULL,NULL,NULL,NULL,NULL,6,'28447374','20-28447374-5',3,NULL,181,NULL,1,NULL,NULL,NULL,2,2,0,0,0,0,0,NULL,1,NULL,NULL,35,207,1,936746.56,0,0.00,7.33,0.00,5,8,4,'2025-02-03','2025-02-03',NULL,NULL,NULL,'2025-02-28',2,0,2,2,2,6,98,39,1,7,1,0,0,0,0,0,8.7100,49.98,1,0.00,2,'05',2,'0',2,'0','0',NULL,NULL,'#000000',1,'2024-11-06 11:46:44','2025-11-05 12:21:24',NULL),(101,5562,40720,0,NULL,33,'ALESSANDRINI RUBEN LUIS',NULL,'2024-11-06',1,1,5,1,NULL,9,NULL,NULL,NULL,NULL,NULL,NULL,NULL,NULL,6,'34975364','20-34975364-3',3,NULL,181,NULL,1,NULL,NULL,NULL,2,2,0,0,0,0,0,NULL,1,NULL,NULL,35,207,1,936746.56,0,0.00,7.33,0.00,5,8,5,'2024-10-05','2024-10-05',NULL,NULL,NULL,'2024-12-31',1,0,2,2,2,6,98,39,1,7,1,0,0,0,0,0,8.7100,49.98,1,0.00,2,'05',2,'0',2,'0','0',NULL,NULL,NULL,1,'2024-11-06 12:12:50','2025-11-05 12:21:24',NULL),(102,5562,40721,0,NULL,32,'BENAVIDEZ ALEJO VALENTIN',NULL,'2024-12-04',1,1,5,1,NULL,10,NULL,NULL,NULL,NULL,NULL,NULL,NULL,NULL,6,'44241927','20-44241927-3',3,NULL,181,NULL,1,NULL,NULL,NULL,3,3,0,0,0,0,0,NULL,1,NULL,NULL,35,207,1,936746.56,0,0.00,7.33,0.00,9,10,9,'2024-11-25','2024-11-25',NULL,NULL,NULL,'2024-12-31',2,0,2,2,2,6,98,39,1,7,1,0,0,0,0,0,5.0000,40.00,1,0.00,2,'25',2,'0',2,'0','0',NULL,NULL,NULL,1,'2024-12-04 18:35:15','2025-11-05 12:21:24',NULL),(103,5562,40721,0,NULL,33,'ALMANDOZ DIEGO ENRIQUE',NULL,'2024-12-04',1,1,5,1,NULL,9,NULL,NULL,NULL,NULL,NULL,NULL,NULL,NULL,6,'30954844','20-30954844-3',1,NULL,181,NULL,1,NULL,NULL,NULL,3,3,0,0,0,0,0,NULL,1,NULL,NULL,35,207,1,936746.56,0,0.00,7.33,0.00,9,10,9,'2025-05-08','2025-05-08',NULL,NULL,NULL,NULL,NULL,0,2,2,2,6,98,39,1,7,1,0,0,0,0,0,5.0000,40.00,1,0.00,2,'25',2,'0',2,'0','0',NULL,NULL,'#000000',1,'2024-12-04 18:50:10','2025-11-05 12:21:24',NULL),(104,5562,40721,0,NULL,34,'SANDOVAL MAURO RAUL',NULL,'2024-12-10',1,1,5,NULL,NULL,NULL,NULL,NULL,NULL,NULL,NULL,NULL,NULL,NULL,6,'28545901','20-28545901-0',3,NULL,181,NULL,1,NULL,NULL,NULL,3,3,0,0,0,0,0,NULL,1,NULL,NULL,35,207,1,936746.56,0,0.00,7.33,0.00,9,10,9,'2024-11-23','2024-11-23',NULL,NULL,NULL,'2024-11-23',2,1,2,2,2,6,98,39,1,7,1,0,0,0,0,0,5.0000,40.00,0,0.00,3,'1',3,'0',1,'0','0',NULL,NULL,NULL,1,'2024-12-10 18:48:34','2025-11-05 12:21:24',NULL),(105,5562,40721,0,NULL,35,'KRONEBERGER ENRIQUE',NULL,'2025-01-03',1,1,5,1,NULL,9,NULL,NULL,NULL,NULL,NULL,NULL,NULL,NULL,6,'36882056','20-36882056-4',3,NULL,181,NULL,1,NULL,NULL,NULL,3,3,0,0,0,0,0,NULL,1,NULL,NULL,35,207,1,936746.56,0,0.00,7.33,0.00,9,10,9,'2024-12-14','2024-12-14',NULL,NULL,NULL,'2025-03-19',2,0,2,2,2,6,98,39,1,7,1,0,0,0,0,0,5.0000,40.00,1,0.00,2,'14',2,'0',2,'0','0',NULL,NULL,'#000000',1,'2025-01-03 12:59:53','2025-11-05 12:21:24',NULL),(106,5562,40721,0,NULL,36,'CORONEL NESTOR DANIEL',NULL,'2025-03-06',1,1,5,1,NULL,9,NULL,NULL,NULL,NULL,NULL,NULL,NULL,NULL,6,'34347528','20-34347528-5',1,NULL,181,NULL,1,NULL,NULL,NULL,3,3,0,0,0,0,0,NULL,1,NULL,NULL,35,227,2,32003.12,1,0.00,7.33,0.00,9,10,9,'2025-02-25','2025-02-25',NULL,NULL,NULL,NULL,NULL,0,2,2,2,6,98,39,1,7,1,0,0,0,0,0,5.0000,40.00,0,0.00,2,'25',2,'0',2,'0','0',NULL,NULL,NULL,1,'2025-03-06 11:17:31','2025-03-06 11:30:06',NULL),(107,5562,40721,0,NULL,37,'KESSLER JUAN CARLOS',NULL,'2025-03-06',1,1,5,1,NULL,9,NULL,NULL,NULL,NULL,NULL,NULL,NULL,NULL,6,'21534917','23-21534917-9',3,NULL,181,NULL,1,NULL,NULL,NULL,3,3,0,0,0,0,0,NULL,1,NULL,NULL,35,227,2,37006.72,0,0.00,7.33,0.00,9,10,9,'2025-02-25','2025-02-25',NULL,NULL,NULL,'2025-04-30',2,0,2,2,2,6,98,39,1,7,1,0,0,0,0,0,5.0000,40.00,1,0.00,2,'25',2,'0',2,'0','0',NULL,NULL,'#000000',1,'2025-03-06 11:37:00','2025-08-07 08:42:02',NULL);
INSERT INTO `syj_empleados` VALUES (108,5562,40720,0,NULL,34,'BENAVIDEZ NESTOR HORACIO',NULL,'2025-03-06',1,1,5,1,NULL,9,NULL,NULL,NULL,NULL,NULL,NULL,NULL,NULL,6,'17820880','20-17820880-3',1,NULL,181,NULL,1,NULL,NULL,NULL,2,2,0,0,0,0,0,NULL,1,NULL,NULL,35,207,1,936746.56,0,0.00,7.33,0.00,5,8,5,'2025-02-03','2025-02-03',NULL,NULL,NULL,NULL,NULL,0,2,2,2,6,98,39,1,7,1,0,0,0,0,0,8.7100,49.98,1,0.00,2,'03',2,'0',2,'0','0',NULL,NULL,NULL,1,'2025-03-06 13:14:19','2025-11-05 12:21:24',NULL),(109,5562,40720,0,NULL,35,'BASUALDO GUSTAVO ADRIAN',NULL,'2025-03-06',1,1,5,1,NULL,9,NULL,NULL,NULL,NULL,NULL,NULL,NULL,NULL,6,'23647117','23-23647117-9',3,NULL,181,NULL,1,NULL,NULL,NULL,2,2,0,0,0,0,0,NULL,1,NULL,NULL,35,207,1,936746.56,0,0.00,7.33,0.00,5,8,5,'2025-02-11','2025-02-11',NULL,NULL,NULL,'2025-09-07',2,0,2,2,2,6,98,39,1,7,1,0,0,0,0,0,8.7100,49.98,1,0.00,2,'11',2,'0',2,'0','0',NULL,NULL,'#000000',1,'2025-03-06 13:30:03','2025-11-05 12:32:43',NULL),(110,5562,40721,0,NULL,38,'MARTIN ROBERTO CARLOS',NULL,'2025-03-10',1,1,5,1,NULL,9,NULL,NULL,NULL,NULL,NULL,NULL,NULL,NULL,6,'25808204','20-25808204-5',1,NULL,181,NULL,1,NULL,NULL,NULL,3,3,0,0,0,0,0,NULL,1,NULL,NULL,35,209,1,1039436.94,0,0.00,7.33,0.00,9,9,9,'2025-03-07','2025-03-07',NULL,NULL,NULL,NULL,NULL,0,2,2,2,6,98,39,1,7,1,0,0,0,0,0,5.0000,40.00,1,0.00,2,'07',2,'0',2,'0','0',NULL,NULL,NULL,1,'2025-03-10 11:43:42','2025-11-05 12:22:15',NULL),(111,5562,40721,0,NULL,39,'ACOSTA ROGELIO SERAFIN',NULL,'2025-05-02',1,1,5,1,NULL,9,NULL,NULL,NULL,NULL,NULL,NULL,NULL,NULL,6,'34638617','20-34638617-8',1,NULL,181,NULL,1,NULL,NULL,NULL,3,3,0,0,0,0,0,NULL,1,NULL,NULL,35,209,1,1039436.94,0,0.00,7.33,0.00,9,9,9,'2025-04-01','2025-04-01',NULL,NULL,NULL,NULL,NULL,0,2,2,2,6,98,39,1,7,1,0,0,0,0,0,5.0000,40.00,0,0.00,2,'01',2,'0',2,'0','0',NULL,NULL,'#242ec2',1,'2025-05-02 12:15:37','2025-11-05 12:22:15',NULL),(112,5562,40721,0,NULL,40,'LARROSA AMERICO MARCELO',NULL,'2025-05-02',1,1,5,1,NULL,9,NULL,NULL,NULL,NULL,NULL,NULL,NULL,NULL,6,'26678489','23-26678489-9',3,NULL,181,NULL,1,NULL,NULL,NULL,3,3,0,0,0,0,0,NULL,1,NULL,NULL,35,207,1,936746.56,0,0.00,7.33,0.00,9,10,9,'2025-04-16','2025-04-16',NULL,NULL,NULL,'2025-04-30',2,0,2,2,2,6,98,39,1,7,1,0,0,0,0,0,5.0000,40.00,0,0.00,2,'16',2,'0',2,'0','0',NULL,NULL,'#000000',1,'2025-05-02 12:46:20','2025-11-05 12:21:24',NULL),(113,5562,40721,0,NULL,41,'TOLEDO JUAN ORLANDO',NULL,'2025-06-05',1,1,5,1,NULL,9,NULL,NULL,NULL,NULL,NULL,NULL,NULL,NULL,6,'37686640','20-37686640-9',3,NULL,181,NULL,1,NULL,NULL,NULL,3,3,0,0,0,0,0,NULL,1,NULL,NULL,35,207,1,936746.56,0,0.00,7.33,0.00,9,10,9,'2025-05-04','2025-05-04',NULL,NULL,NULL,'2025-08-24',2,0,2,2,2,6,98,39,1,7,1,0,0,0,0,0,5.0000,40.00,1,0.00,2,'05',2,'0',2,'0','0',NULL,NULL,'#000000',1,'2025-06-05 17:37:48','2025-11-05 12:39:40',NULL),(114,5562,40720,0,NULL,36,'RENS HUGO SEBASTIAN',NULL,'2025-06-05',1,1,5,1,NULL,9,NULL,NULL,NULL,NULL,NULL,NULL,NULL,NULL,6,'32521328','20-32521328-1',3,NULL,181,NULL,1,NULL,NULL,NULL,2,2,0,0,0,0,0,NULL,1,NULL,NULL,35,207,1,936746.56,0,0.00,7.33,0.00,6,8,7,'2025-05-13','2025-05-13',NULL,NULL,NULL,'2025-05-31',2,0,2,2,2,6,98,39,1,7,1,0,0,0,0,0,8.7100,49.98,1,0.00,2,'13',2,'0',2,'0','0',NULL,NULL,'#000000',1,'2025-06-05 18:23:48','2025-11-05 12:21:24',NULL),(115,5562,40720,0,NULL,37,'ZORAT MARTIN',NULL,'2025-06-05',1,1,5,1,NULL,9,NULL,NULL,NULL,NULL,NULL,NULL,NULL,NULL,6,'42328529','20-42328529-0',3,NULL,181,NULL,1,NULL,NULL,NULL,2,2,0,0,0,0,0,NULL,1,NULL,NULL,35,207,1,936746.56,0,0.00,7.33,0.00,5,8,4,'2025-05-17','2025-05-17',NULL,NULL,NULL,'2025-09-23',2,0,2,2,2,6,98,39,1,7,1,0,0,0,0,0,8.7100,49.98,1,0.00,2,'17',2,'0',2,'0','0',NULL,NULL,'#000000',1,'2025-06-05 18:30:33','2025-11-05 12:31:30',NULL);
INSERT INTO `syj_empleados` VALUES (116,5562,40720,0,NULL,38,'BENGOCHEA CRISTINA MICAELA',NULL,'2025-08-12',1,1,5,1,NULL,9,NULL,NULL,NULL,NULL,NULL,NULL,NULL,NULL,6,'29677092','27-29677092-8',1,NULL,181,NULL,1,NULL,NULL,NULL,2,2,0,0,0,0,0,NULL,1,NULL,NULL,35,207,1,936746.56,0,0.00,7.33,0.00,5,8,5,'2025-07-01','2025-07-01',NULL,NULL,NULL,NULL,NULL,0,2,2,2,6,98,39,1,7,1,0,0,0,0,0,8.7100,49.98,1,0.00,2,'1',2,'0',2,'0','0',NULL,NULL,'#000000',1,'2025-08-12 18:19:07','2025-11-05 12:21:24',NULL),(117,5562,40721,0,NULL,42,'CANTOS LUIS MIGUEL',NULL,'2025-09-03',1,1,5,1,NULL,9,NULL,NULL,NULL,NULL,NULL,NULL,NULL,NULL,6,'36500293','20-36500293-3',1,NULL,181,NULL,1,NULL,NULL,NULL,3,3,0,0,0,0,0,NULL,1,NULL,NULL,35,207,1,936746.56,0,0.00,7.33,0.00,9,10,9,'2025-08-14','2025-08-14',NULL,NULL,NULL,NULL,NULL,0,2,2,2,6,98,39,1,7,1,0,0,0,0,0,5.0000,40.00,1,0.00,2,'14',2,'0',2,'0','0',NULL,NULL,'#000000',1,'2025-09-03 10:53:26','2025-11-05 12:21:24',NULL);

--
