INSERT INTO `cta_cte_tesoreria_detail` VALUES (1945,192,926,359,40718,2240,2,119538.01,'2022-06-02','2022-07-19 21:06:39','2022-07-19 21:06:39',NULL),(1946,192,927,57,40718,2240,1,27863.89,'2022-06-27','2022-07-20 11:56:19','2022-07-20 11:56:19',NULL),(1947,192,927,760,40718,2240,2,27863.89,'2022-06-27','2022-07-20 11:56:19','2022-07-20 11:56:19',NULL),(1948,192,928,57,40718,1529,1,4150.02,'2022-07-17','2022-07-21 14:28:58','2022-07-21 14:28:58',NULL),(1949,192,928,359,40718,1529,2,4150.02,'2022-07-17','2022-07-21 14:28:58','2022-07-21 14:28:58',NULL),(1950,192,929,760,40718,1529,2,29220.00,'2022-07-21','2022-07-21 14:59:48','2022-07-21 14:59:48',NULL),(1951,192,929,60,40718,1529,1,29220.00,'2022-07-21','2022-07-21 14:59:48','2022-07-21 14:59:48',NULL),(1952,192,930,13,40718,1529,2,115600.00,'2022-07-18','2022-07-21 17:18:02','2022-07-21 17:18:02',NULL),(1953,192,930,359,40718,1529,1,115600.00,'2022-07-18','2022-07-21 17:18:02','2022-07-21 17:18:02',NULL),(1954,192,931,13,40718,1529,2,660.00,'2022-07-19','2022-07-22 13:30:46','2022-07-22 13:30:46',NULL),(1955,192,931,359,40718,1529,1,660.00,'2022-07-19','2022-07-22 13:30:46','2022-07-22 13:30:46',NULL),(1956,192,932,57,40718,1529,1,92611.98,'2022-07-25','2022-07-25 17:39:17','2022-07-25 17:39:17',NULL),(1957,192,932,760,40718,1529,2,92611.98,'2022-07-25','2022-07-25 17:39:17','2022-07-25 17:39:17',NULL),(1958,192,933,13,40718,1529,2,78650.00,'2022-07-26','2022-07-26 12:38:27','2022-07-26 12:38:27',NULL),(1959,192,933,176,40718,1529,1,78650.00,'2022-07-26','2022-07-26 12:38:27','2022-07-26 12:38:27',NULL),(1960,192,934,57,40718,1529,1,21772.22,'2022-07-26','2022-07-26 14:10:30','2022-07-26 14:10:30',NULL),(1961,192,934,759,40718,1529,2,21772.22,'2022-07-26','2022-07-26 14:10:30','2022-07-26 14:10:30',NULL),(1964,192,936,57,40718,1529,1,7220.00,'2022-07-25','2022-07-26 15:12:21','2022-07-26 15:12:21',NULL),(1965,192,936,760,40718,1529,2,7220.00,'2022-07-25','2022-07-26 15:12:21','2022-07-26 15:12:21',NULL),(1966,192,937,57,40718,1529,1,900000.00,'2022-07-26','2022-07-26 15:17:28','2022-07-26 15:17:28',NULL),(1967,192,937,359,40718,1529,2,900000.00,'2022-07-26','2022-07-26 15:17:28','2022-07-26 15:17:28',NULL),(1968,192,938,13,40718,1529,2,1414490.00,'2022-07-22','2022-07-26 16:16:58','2022-07-26 16:16:58',NULL),(1969,192,938,176,40718,1529,1,707245.00,'2022-07-22','2022-07-26 16:16:58','2022-07-26 16:16:58',NULL),(1970,192,938,176,40718,1529,1,707245.00,'2022-07-22','2022-07-26 16:16:58','2022-07-26 16:16:58',NULL),(1971,192,939,13,40718,1529,2,8000.00,'2022-07-18','2022-07-27 14:01:34','2022-07-27 14:01:34',NULL),(1972,192,939,761,40718,1529,1,7940.50,'2022-07-18','2022-07-27 14:01:34','2022-07-27 14:01:34',NULL),(1973,192,939,251,40718,1529,1,59.50,'2022-07-18','2022-07-27 14:01:34','2022-07-27 14:01:34',NULL),(1974,192,940,13,40718,1529,2,290468.00,'2022-07-13','2022-07-27 14:14:50','2022-07-27 14:14:50',NULL),(1975,192,940,761,40718,1529,1,290468.00,'2022-07-13','2022-07-27 14:14:50','2022-07-27 14:14:50',NULL),(1976,192,941,57,40718,1529,1,13337.74,'2022-07-27','2022-07-27 16:08:32','2022-07-27 16:08:32',NULL),(1977,192,941,760,40718,1529,2,13337.74,'2022-07-27','2022-07-27 16:08:32','2022-07-27 16:08:32',NULL),(1978,192,942,57,40718,1529,1,93499.96,'2022-07-11','2022-07-27 16:11:19','2022-07-27 16:11:19',NULL),(1979,192,942,359,40718,1529,2,93499.96,'2022-07-11','2022-07-27 16:11:19','2022-07-27 16:11:19',NULL),(1980,192,943,57,40718,1529,1,10361.40,'2022-07-01','2022-07-27 16:15:17','2022-07-27 16:15:17',NULL),(1981,192,943,760,40718,1529,2,10361.40,'2022-07-01','2022-07-27 16:15:17','2022-07-27 16:15:17',NULL),(1982,192,944,13,40717,39,2,16620.40,'2022-07-27','2022-07-27 16:34:36','2022-07-27 16:34:36',NULL),(1983,192,944,176,40717,39,1,16620.40,'2022-07-27','2022-07-27 16:34:36','2022-07-27 16:34:36',NULL),(1984,192,945,57,40718,1529,1,15743.17,'2022-07-27','2022-07-27 17:01:34','2022-07-27 17:01:34',NULL),(1985,192,945,760,40718,1529,2,15743.17,'2022-07-27','2022-07-27 17:01:34','2022-07-27 17:01:34',NULL);
INSERT INTO `cta_cte_tesoreria_detail` VALUES (1986,192,946,57,40718,2240,1,601.55,'2022-06-06','2022-07-27 17:04:19','2022-07-27 17:04:19',NULL),(1987,192,946,359,40718,2240,2,601.55,'2022-06-06','2022-07-27 17:04:19','2022-07-27 17:04:19',NULL),(1988,192,947,13,40718,1529,2,471900.00,'2022-07-27','2022-07-28 09:19:56','2022-07-28 09:19:56',NULL),(1989,192,947,176,40718,1529,1,392513.40,'2022-07-27','2022-07-28 09:19:56','2022-07-28 09:19:56',NULL),(1990,192,947,251,40718,1529,1,3510.00,'2022-07-27','2022-07-28 09:19:56','2022-07-28 09:19:56',NULL),(1991,192,947,23,40718,1529,1,6456.60,'2022-07-27','2022-07-28 09:19:56','2022-07-28 09:19:56',NULL),(1992,192,947,25,40718,1529,1,65520.00,'2022-07-27','2022-07-28 09:19:56','2022-07-28 09:19:56',NULL),(1993,192,947,162,40718,1529,1,3900.00,'2022-07-27','2022-07-28 09:19:56','2022-07-28 09:19:56',NULL),(1994,192,948,13,40718,1529,2,11200.00,'2022-07-27','2022-07-28 12:07:48','2022-07-28 12:07:48',NULL),(1995,192,948,761,40718,1529,1,11116.69,'2022-07-27','2022-07-28 12:07:48','2022-07-28 12:07:48',NULL),(1996,192,948,251,40718,1529,1,83.31,'2022-07-27','2022-07-28 12:07:48','2022-07-28 12:07:48',NULL),(1997,192,949,13,40718,1529,2,57900.00,'2022-07-27','2022-07-29 12:28:02','2022-07-29 12:28:02',NULL),(1998,192,949,359,40718,1529,1,57900.00,'2022-07-27','2022-07-29 12:28:02','2022-07-29 12:28:02',NULL),(1999,192,950,13,40718,1529,2,789608.49,'2022-07-27','2022-07-29 16:52:43','2022-07-29 16:52:43',NULL),(2000,192,950,176,40718,1529,1,738367.28,'2022-07-27','2022-07-29 16:52:43','2022-07-29 16:52:43',NULL),(2001,192,950,23,40718,1529,1,11707.98,'2022-07-27','2022-07-29 16:52:43','2022-07-29 16:52:43',NULL),(2002,192,950,251,40718,1529,1,16314.23,'2022-07-27','2022-07-29 16:52:43','2022-07-29 16:52:43',NULL),(2003,192,950,762,40718,1529,1,23219.00,'2022-07-27','2022-07-29 16:52:43','2022-07-29 16:52:43',NULL),(2004,192,951,13,40718,1529,2,35190.01,'2022-07-29','2022-07-29 17:20:16','2022-07-29 17:20:16',NULL),(2005,192,951,359,40718,1529,1,35190.01,'2022-07-29','2022-07-29 17:20:16','2022-07-29 17:20:16',NULL),(2006,192,952,57,40718,1529,1,360.00,'2022-07-27','2022-07-30 12:44:15','2022-07-30 12:44:15',NULL),(2007,192,952,359,40718,1529,2,360.00,'2022-07-27','2022-07-30 12:44:15','2022-07-30 12:44:15',NULL),(2008,192,953,13,40718,1529,2,112500.00,'2022-07-22','2022-08-01 17:24:07','2022-08-01 17:24:07',NULL),(2009,192,953,359,40718,1529,1,112500.00,'2022-07-22','2022-08-01 17:24:07','2022-08-01 17:24:07',NULL),(2010,192,954,13,40718,1530,2,448014.60,'2022-08-01','2022-08-02 11:28:50','2022-08-02 11:28:50',NULL),(2011,192,954,176,40718,1530,1,220693.00,'2022-08-01','2022-08-02 11:28:50','2022-08-02 11:28:50',NULL),(2012,192,954,176,40718,1530,1,220693.80,'2022-08-01','2022-08-02 11:28:50','2022-08-02 11:28:50',NULL),(2013,192,954,252,40718,1530,1,3702.60,'2022-08-01','2022-08-02 11:28:50','2022-08-02 11:28:50',NULL),(2014,192,954,23,40718,1530,1,2925.20,'2022-08-01','2022-08-02 11:28:50','2022-08-02 11:28:50',NULL),(2015,192,955,13,40718,2237,2,63000.00,'2022-04-25','2022-08-02 11:58:20','2022-08-02 11:58:20',NULL),(2016,192,955,759,40718,2237,1,63000.00,'2022-04-25','2022-08-02 11:58:20','2022-08-02 11:58:20',NULL),(2017,192,956,13,40718,1529,2,80000.00,'2022-07-28','2022-08-02 12:15:41','2022-08-02 12:15:41',NULL),(2018,192,956,359,40718,1529,1,80000.00,'2022-07-28','2022-08-02 12:15:41','2022-08-02 12:15:41',NULL),(2019,192,957,13,40718,1529,2,65000.00,'2022-07-22','2022-08-02 12:29:34','2022-08-02 12:29:34',NULL),(2020,192,957,359,40718,1529,1,65000.00,'2022-07-22','2022-08-02 12:29:34','2022-08-02 12:29:34',NULL),(2021,192,958,57,40718,1530,1,5199.55,'2022-08-02','2022-08-02 14:42:22','2022-08-02 14:42:22',NULL),(2022,192,958,760,40718,1530,2,5199.55,'2022-08-02','2022-08-02 14:42:22','2022-08-02 14:42:22',NULL),(2023,192,959,13,40718,1530,2,29469.00,'2022-08-02','2022-08-02 14:58:05','2022-08-02 14:58:05',NULL),(2024,192,959,359,40718,1530,1,29469.00,'2022-08-02','2022-08-02 14:58:05','2022-08-02 14:58:05',NULL);
INSERT INTO `cta_cte_tesoreria_detail` VALUES (2027,192,961,13,40717,39,2,25000.00,'2022-07-05','2022-08-02 20:18:50','2022-08-02 20:18:50',NULL),(2028,192,961,758,40717,39,1,25000.00,'2022-07-05','2022-08-02 20:18:50','2022-08-02 20:18:50',NULL),(2029,192,962,57,40718,1529,1,575.00,'2022-07-11','2022-08-02 20:41:25','2022-08-02 20:41:25',NULL),(2030,192,962,359,40718,1529,2,575.00,'2022-07-11','2022-08-02 20:41:25','2022-08-02 20:41:25',NULL),(2031,192,963,57,40718,1529,1,3025.22,'2022-07-31','2022-08-02 20:48:38','2022-08-02 20:48:38',NULL),(2032,192,963,359,40718,1529,2,3025.22,'2022-07-31','2022-08-02 20:48:38','2022-08-02 20:48:38',NULL),(2033,192,964,57,40718,1530,1,12345.78,'2022-08-02','2022-08-02 21:00:59','2022-08-02 21:00:59',NULL),(2034,192,964,760,40718,1530,2,12345.78,'2022-08-02','2022-08-02 21:00:59','2022-08-02 21:00:59',NULL),(2035,192,965,57,40718,1530,1,3008.03,'2022-08-03','2022-08-02 21:02:57','2022-08-02 21:02:57',NULL),(2036,192,965,760,40718,1530,2,3008.03,'2022-08-03','2022-08-02 21:02:57','2022-08-02 21:02:57',NULL),(2039,192,967,13,40717,39,2,34000.00,'2022-07-25','2022-08-03 12:35:19','2022-08-03 12:35:19',NULL),(2040,192,967,359,40717,39,1,34000.00,'2022-07-25','2022-08-03 12:35:19','2022-08-03 12:35:19',NULL),(2041,192,968,760,40718,1530,2,14520.00,'2022-08-04','2022-08-04 15:03:37','2022-08-04 15:03:37',NULL),(2042,192,968,60,40718,1530,1,14520.00,'2022-08-04','2022-08-04 15:03:37','2022-08-04 15:03:37',NULL),(2043,192,969,57,40718,1530,1,5350.62,'2022-08-04','2022-08-04 15:28:56','2022-08-04 15:28:56',NULL),(2044,192,969,760,40718,1530,2,5350.62,'2022-08-04','2022-08-04 15:28:56','2022-08-04 15:28:56',NULL),(2045,192,970,57,40718,1529,1,8891.64,'2022-07-29','2022-08-04 15:34:45','2022-08-04 15:34:45',NULL),(2046,192,970,359,40718,1529,2,8891.64,'2022-07-29','2022-08-04 15:34:45','2022-08-04 15:34:45',NULL),(2047,192,971,57,40718,1529,1,760.00,'2022-07-21','2022-08-04 15:55:11','2022-08-04 15:55:11',NULL),(2048,192,971,359,40718,1529,2,760.00,'2022-07-21','2022-08-04 15:55:11','2022-08-04 15:55:11',NULL),(2049,192,972,57,40718,1529,1,775.00,'2022-07-19','2022-08-04 15:58:29','2022-08-04 15:58:29',NULL),(2050,192,972,359,40718,1529,2,775.00,'2022-07-19','2022-08-04 15:58:29','2022-08-04 15:58:29',NULL),(2051,192,973,57,40718,1529,1,334.00,'2022-07-26','2022-08-04 16:04:33','2022-08-04 16:04:33',NULL),(2052,192,973,359,40718,1529,2,334.00,'2022-07-26','2022-08-04 16:04:33','2022-08-04 16:04:33',NULL),(2053,192,974,57,40718,1529,1,680.00,'2022-07-25','2022-08-04 16:06:47','2022-08-04 16:06:47',NULL),(2054,192,974,359,40718,1529,2,680.00,'2022-07-25','2022-08-04 16:06:47','2022-08-04 16:06:47',NULL),(2055,192,975,57,40718,1529,1,710.00,'2022-07-22','2022-08-04 16:08:01','2022-08-04 16:08:01',NULL),(2056,192,975,359,40718,1529,2,710.00,'2022-07-22','2022-08-04 16:08:01','2022-08-04 16:08:01',NULL),(2057,192,976,57,40718,1529,1,372.00,'2022-07-26','2022-08-04 16:09:04','2022-08-04 16:09:04',NULL),(2058,192,976,359,40718,1529,2,372.00,'2022-07-26','2022-08-04 16:09:04','2022-08-04 16:09:04',NULL),(2059,192,977,57,40718,1529,1,768.00,'2022-07-27','2022-08-04 16:11:02','2022-08-04 16:11:02',NULL),(2060,192,977,359,40718,1529,2,768.00,'2022-07-27','2022-08-04 16:11:02','2022-08-04 16:11:02',NULL),(2061,192,978,57,40718,1529,1,537.00,'2022-07-01','2022-08-04 16:51:51','2022-08-04 16:51:51',NULL),(2062,192,978,359,40718,1529,2,537.00,'2022-07-01','2022-08-04 16:51:51','2022-08-04 16:51:51',NULL),(2065,192,980,57,40718,1529,1,439.00,'2022-07-19','2022-08-04 16:55:16','2022-08-04 16:55:16',NULL),(2066,192,980,359,40718,1529,2,439.00,'2022-07-19','2022-08-04 16:55:16','2022-08-04 16:55:16',NULL),(2067,192,981,57,40718,1529,1,670.00,'2022-07-18','2022-08-04 16:56:25','2022-08-04 16:56:25',NULL),(2068,192,981,359,40718,1529,2,670.00,'2022-07-18','2022-08-04 16:56:25','2022-08-04 16:56:25',NULL),(2069,192,982,57,40718,1529,1,590.00,'2022-07-21','2022-08-04 16:58:22','2022-08-04 16:58:22',NULL);
INSERT INTO `cta_cte_tesoreria_detail` VALUES (2070,192,982,359,40718,1529,2,590.00,'2022-07-21','2022-08-04 16:58:22','2022-08-04 16:58:22',NULL),(2071,192,983,57,40718,1529,1,530.00,'2022-07-20','2022-08-04 17:22:36','2022-08-04 17:22:36',NULL),(2072,192,983,359,40718,1529,2,530.00,'2022-07-20','2022-08-04 17:22:36','2022-08-04 17:22:36',NULL),(2073,192,984,57,40718,1529,1,639.99,'2022-07-22','2022-08-04 17:26:47','2022-08-04 17:26:47',NULL),(2074,192,984,359,40718,1529,2,639.99,'2022-07-22','2022-08-04 17:26:47','2022-08-04 17:26:47',NULL),(2075,192,985,57,40718,1529,1,1400.00,'2022-07-18','2022-08-04 17:29:22','2022-08-04 17:29:22',NULL),(2076,192,985,359,40718,1529,2,1400.00,'2022-07-18','2022-08-04 17:29:22','2022-08-04 17:29:22',NULL),(2077,192,986,57,40718,1530,1,78650.00,'2022-08-04','2022-08-04 17:32:12','2022-08-04 17:32:12',NULL),(2078,192,986,176,40718,1530,2,78650.00,'2022-08-04','2022-08-04 17:32:12','2022-08-04 17:32:12',NULL),(2079,192,987,57,40718,1529,1,547.00,'2022-07-01','2022-08-04 17:37:36','2022-08-04 17:37:36',NULL),(2080,192,987,359,40718,1529,2,547.00,'2022-07-01','2022-08-04 17:37:36','2022-08-04 17:37:36',NULL),(2081,192,988,57,40718,1529,1,563.00,'2022-07-01','2022-08-04 17:38:50','2022-08-04 17:38:50',NULL),(2082,192,988,359,40718,1529,2,563.00,'2022-07-01','2022-08-04 17:38:50','2022-08-04 17:38:50',NULL),(2083,192,989,57,40718,1529,1,572.00,'2022-07-01','2022-08-04 17:40:05','2022-08-04 17:40:05',NULL),(2084,192,989,359,40718,1529,2,572.00,'2022-07-01','2022-08-04 17:40:05','2022-08-04 17:40:05',NULL),(2085,192,990,57,40718,1529,1,619.00,'2022-07-01','2022-08-04 17:41:06','2022-08-04 17:41:06',NULL),(2086,192,990,359,40718,1529,2,619.00,'2022-07-01','2022-08-04 17:41:06','2022-08-04 17:41:06',NULL),(2087,192,991,57,40718,1529,1,500.00,'2022-07-01','2022-08-04 17:45:27','2022-08-04 17:45:27',NULL),(2088,192,991,359,40718,1529,2,500.00,'2022-07-01','2022-08-04 17:45:27','2022-08-04 17:45:27',NULL),(2089,192,992,57,40718,1529,1,23484.96,'2022-07-09','2022-08-04 17:49:59','2022-08-04 17:49:59',NULL),(2090,192,992,759,40718,1529,2,23484.96,'2022-07-09','2022-08-04 17:49:59','2022-08-04 17:49:59',NULL),(2091,192,993,57,40718,1529,1,3220.00,'2022-07-05','2022-08-04 17:54:07','2022-08-04 17:54:07',NULL),(2092,192,993,359,40718,1529,2,3220.00,'2022-07-05','2022-08-04 17:54:07','2022-08-04 17:54:07',NULL),(2093,192,994,57,40718,1529,1,522.00,'2022-07-01','2022-08-04 17:58:37','2022-08-04 17:58:37',NULL),(2094,192,994,359,40718,1529,2,522.00,'2022-07-01','2022-08-04 17:58:37','2022-08-04 17:58:37',NULL),(2095,192,995,57,40718,1529,1,500.00,'2022-07-15','2022-08-05 08:58:16','2022-08-05 08:58:16',NULL),(2096,192,995,359,40718,1529,2,500.00,'2022-07-15','2022-08-05 08:58:16','2022-08-05 08:58:16',NULL),(2099,192,997,57,40718,1529,1,1690.00,'2022-07-14','2022-08-05 09:12:43','2022-08-05 09:12:43',NULL),(2100,192,997,359,40718,1529,2,1690.00,'2022-07-14','2022-08-05 09:12:43','2022-08-05 09:12:43',NULL),(2101,192,998,57,40718,1529,1,300.00,'2022-07-26','2022-08-05 09:16:11','2022-08-05 09:16:11',NULL),(2102,192,998,359,40718,1529,2,300.00,'2022-07-26','2022-08-05 09:16:11','2022-08-05 09:16:11',NULL),(2103,192,999,57,40718,1529,1,270.00,'2022-07-28','2022-08-05 09:17:32','2022-08-05 09:17:32',NULL),(2104,192,999,359,40718,1529,2,270.00,'2022-07-28','2022-08-05 09:17:32','2022-08-05 09:17:32',NULL),(2107,192,1001,57,40718,1529,1,300.00,'2022-07-21','2022-08-05 09:22:52','2022-08-05 09:22:52',NULL),(2108,192,1001,359,40718,1529,2,300.00,'2022-07-21','2022-08-05 09:22:52','2022-08-05 09:22:52',NULL),(2109,192,1002,57,40718,1529,1,450.00,'2022-07-25','2022-08-05 09:24:06','2022-08-05 09:24:06',NULL),(2110,192,1002,359,40718,1529,2,450.00,'2022-07-25','2022-08-05 09:24:06','2022-08-05 09:24:06',NULL),(2111,192,1003,57,40718,1529,1,1000.00,'2022-07-04','2022-08-05 09:25:43','2022-08-05 09:25:43',NULL),(2112,192,1003,359,40718,1529,2,1000.00,'2022-07-04','2022-08-05 09:25:43','2022-08-05 09:25:43',NULL);
INSERT INTO `cta_cte_tesoreria_detail` VALUES (2113,192,1004,57,40718,1530,1,9000.00,'2022-08-04','2022-08-06 10:43:46','2022-08-06 10:43:46',NULL),(2114,192,1004,359,40718,1530,2,9000.00,'2022-08-04','2022-08-06 10:43:46','2022-08-06 10:43:46',NULL),(2115,192,1005,57,40718,1529,1,673.16,'2022-07-24','2022-08-06 10:45:47','2022-08-06 10:45:47',NULL),(2116,192,1005,760,40718,1529,2,673.16,'2022-07-24','2022-08-06 10:45:47','2022-08-06 10:45:47',NULL),(2117,192,1006,57,40718,1530,1,6048.79,'2022-08-02','2022-08-06 10:47:48','2022-08-06 10:47:48',NULL),(2118,192,1006,760,40718,1530,2,6048.79,'2022-08-02','2022-08-06 10:47:48','2022-08-06 10:47:48',NULL),(2119,192,1007,57,40718,1529,1,590.00,'2022-07-18','2022-08-06 10:52:45','2022-08-06 10:52:45',NULL),(2120,192,1007,359,40718,1529,2,590.00,'2022-07-18','2022-08-06 10:52:45','2022-08-06 10:52:45',NULL),(2121,192,1008,57,40718,1529,1,486.99,'2022-07-11','2022-08-06 11:04:44','2022-08-06 11:04:44',NULL),(2122,192,1008,359,40718,1529,2,486.99,'2022-07-11','2022-08-06 11:04:44','2022-08-06 11:04:44',NULL),(2123,192,1009,57,40718,1529,1,1400.00,'2022-07-15','2022-08-06 11:06:12','2022-08-06 11:06:12',NULL),(2124,192,1009,359,40718,1529,2,1400.00,'2022-07-15','2022-08-06 11:06:12','2022-08-06 11:06:12',NULL),(2125,192,1010,57,40718,1529,1,650.00,'2022-07-14','2022-08-06 11:07:27','2022-08-06 11:07:27',NULL),(2126,192,1010,359,40718,1529,2,650.00,'2022-07-14','2022-08-06 11:07:27','2022-08-06 11:07:27',NULL),(2127,192,1011,57,40718,1529,1,660.01,'2022-07-12','2022-08-06 11:08:42','2022-08-06 11:08:42',NULL),(2128,192,1011,359,40718,1529,2,660.01,'2022-07-12','2022-08-06 11:08:42','2022-08-06 11:08:42',NULL),(2133,192,1014,57,40718,1529,1,930.00,'2022-07-25','2022-08-06 11:18:37','2022-08-06 11:18:37',NULL),(2134,192,1014,359,40718,1529,2,930.00,'2022-07-25','2022-08-06 11:18:37','2022-08-06 11:18:37',NULL),(2135,192,1015,57,40718,1529,1,250.00,'2022-07-19','2022-08-06 11:20:16','2022-08-06 11:20:16',NULL),(2136,192,1015,359,40718,1529,2,250.00,'2022-07-19','2022-08-06 11:20:16','2022-08-06 11:20:16',NULL),(2137,192,1016,57,40718,1529,1,703.00,'2022-07-21','2022-08-06 11:21:41','2022-08-06 11:21:41',NULL),(2138,192,1016,359,40718,1529,2,703.00,'2022-07-21','2022-08-06 11:21:41','2022-08-06 11:21:41',NULL),(2139,192,1017,57,40718,1530,1,4000.00,'2022-08-06','2022-08-06 11:55:59','2022-08-06 11:55:59',NULL),(2140,192,1017,359,40718,1530,2,4000.00,'2022-08-06','2022-08-06 11:55:59','2022-08-06 11:55:59',NULL),(2141,192,1018,13,40718,1530,2,577518.48,'2022-08-05','2022-08-08 08:51:09','2022-08-08 08:51:09',NULL),(2142,192,1018,760,40718,1530,1,517564.60,'2022-08-05','2022-08-08 08:51:09','2022-08-08 08:51:09',NULL),(2143,192,1018,23,40718,1530,1,5065.76,'2022-08-05','2022-08-08 08:51:09','2022-08-08 08:51:09',NULL),(2144,192,1018,25,40718,1530,1,50115.24,'2022-08-05','2022-08-08 08:51:09','2022-08-08 08:51:09',NULL),(2145,192,1018,162,40718,1530,1,4772.88,'2022-08-05','2022-08-08 08:51:09','2022-08-08 08:51:09',NULL),(2151,192,1020,13,40718,1530,2,302393.52,'2022-08-05','2022-08-08 10:57:30','2022-08-08 10:57:30',NULL),(2152,192,1020,176,40718,1530,1,289221.68,'2022-08-05','2022-08-08 10:57:30','2022-08-08 10:57:30',NULL),(2153,192,1020,162,40718,1530,1,1054.00,'2022-08-05','2022-08-08 10:57:30','2022-08-08 10:57:30',NULL),(2154,192,1020,23,40718,1530,1,3654.84,'2022-08-05','2022-08-08 10:57:30','2022-08-08 10:57:30',NULL),(2155,192,1020,762,40718,1530,1,8463.00,'2022-08-05','2022-08-08 10:57:30','2022-08-08 10:57:30',NULL),(2156,192,1021,57,40718,1530,1,289221.68,'2022-08-08','2022-08-08 11:01:08','2022-08-08 11:01:08',NULL),(2157,192,1021,176,40718,1530,2,289221.68,'2022-08-08','2022-08-08 11:01:08','2022-08-08 11:01:08',NULL),(2158,192,1022,57,40718,1530,1,190371.60,'2022-08-08','2022-08-08 11:15:53','2022-08-08 11:15:53',NULL),(2159,192,1022,759,40718,1530,2,190371.60,'2022-08-08','2022-08-08 11:15:53','2022-08-08 11:15:53',NULL),(2160,192,1023,13,40718,1530,2,758700.00,'2022-08-05','2022-08-08 11:27:19','2022-08-08 11:27:19',NULL);
INSERT INTO `cta_cte_tesoreria_detail` VALUES (2161,192,1023,759,40718,1530,1,758700.00,'2022-08-05','2022-08-08 11:27:19','2022-08-08 11:27:19',NULL),(2162,192,1024,13,40718,1529,2,199349.92,'2022-07-19','2022-08-08 11:30:38','2022-08-08 11:30:38',NULL),(2163,192,1024,760,40718,1529,1,199349.92,'2022-07-19','2022-08-08 11:30:38','2022-08-08 11:30:38',NULL),(2164,192,1025,57,40718,1529,1,250000.00,'2022-08-08','2022-08-08 12:07:08','2022-08-08 12:07:08',NULL),(2165,192,1025,760,40718,1529,2,250000.00,'2022-08-08','2022-08-08 12:07:08','2022-08-08 12:07:08',NULL),(2166,192,1026,57,40718,1530,1,400.00,'2022-08-05','2022-08-08 16:01:50','2022-08-08 16:01:50',NULL),(2167,192,1026,359,40718,1530,2,400.00,'2022-08-05','2022-08-08 16:01:50','2022-08-08 16:01:50',NULL),(2168,192,1027,57,40718,1530,1,290.00,'2022-08-08','2022-08-08 16:28:22','2022-08-08 16:28:22',NULL),(2169,192,1027,359,40718,1530,2,290.00,'2022-08-08','2022-08-08 16:28:22','2022-08-08 16:28:22',NULL),(2170,192,1028,57,40718,1530,1,552.50,'2022-08-05','2022-08-08 16:33:31','2022-08-08 16:33:31',NULL),(2171,192,1028,359,40718,1530,2,552.50,'2022-08-05','2022-08-08 16:33:31','2022-08-08 16:33:31',NULL),(2172,192,1029,57,40718,1529,1,340.00,'2022-07-27','2022-08-08 16:38:48','2022-08-08 16:38:48',NULL),(2173,192,1029,359,40718,1529,2,340.00,'2022-07-27','2022-08-08 16:38:48','2022-08-08 16:38:48',NULL),(2174,192,1030,57,40718,1530,1,25139.45,'2022-08-08','2022-08-08 17:11:22','2022-08-08 17:11:22',NULL),(2175,192,1030,760,40718,1530,2,25139.45,'2022-08-08','2022-08-08 17:11:22','2022-08-08 17:11:22',NULL),(2176,192,1031,57,40718,1530,1,8109.99,'2022-08-07','2022-08-08 17:24:48','2022-08-08 17:24:48',NULL),(2177,192,1031,359,40718,1530,2,8109.99,'2022-08-07','2022-08-08 17:24:48','2022-08-08 17:24:48',NULL),(2178,192,1032,57,40718,1530,1,2900.00,'2022-08-03','2022-08-08 17:58:14','2022-08-08 17:58:14',NULL),(2179,192,1032,359,40718,1530,2,2900.00,'2022-08-03','2022-08-08 17:58:14','2022-08-08 17:58:14',NULL),(2182,192,1034,57,40718,1529,1,500.00,'2022-07-01','2022-08-08 18:04:53','2022-08-08 18:04:53',NULL),(2183,192,1034,359,40718,1529,2,500.00,'2022-07-01','2022-08-08 18:04:53','2022-08-08 18:04:53',NULL),(2184,192,1035,57,40718,1530,1,375.00,'2022-08-04','2022-08-08 18:06:20','2022-08-08 18:06:20',NULL),(2185,192,1035,359,40718,1530,2,375.00,'2022-08-04','2022-08-08 18:06:20','2022-08-08 18:06:20',NULL),(2186,192,1036,57,40718,1530,1,2794.43,'2022-08-08','2022-08-09 10:06:39','2022-08-09 10:06:39',NULL),(2187,192,1036,359,40718,1530,2,2794.43,'2022-08-08','2022-08-09 10:06:39','2022-08-09 10:06:39',NULL),(2188,192,1037,57,40718,1530,1,20000.00,'2022-08-09','2022-08-09 14:30:53','2022-08-09 14:30:53',NULL),(2189,192,1037,760,40718,1530,2,20000.00,'2022-08-09','2022-08-09 14:30:53','2022-08-09 14:30:53',NULL),(2192,192,1039,57,40718,1530,1,50000.00,'2022-08-09','2022-08-09 18:47:50','2022-08-09 18:47:50',NULL),(2193,192,1039,759,40718,1530,2,50000.00,'2022-08-09','2022-08-09 18:47:50','2022-08-09 18:47:50',NULL),(2194,192,1040,57,40718,1530,1,700.01,'2022-08-05','2022-08-10 09:05:54','2022-08-10 09:05:54',NULL),(2195,192,1040,359,40718,1530,2,700.01,'2022-08-05','2022-08-10 09:05:54','2022-08-10 09:05:54',NULL),(2196,192,1041,57,40718,1530,1,743.01,'2022-08-05','2022-08-10 09:10:04','2022-08-10 09:10:04',NULL),(2197,192,1041,359,40718,1530,2,743.01,'2022-08-05','2022-08-10 09:10:04','2022-08-10 09:10:04',NULL),(2198,192,1042,57,40718,1529,1,590.00,'2022-07-28','2022-08-10 09:11:35','2022-08-10 09:11:35',NULL),(2199,192,1042,359,40718,1529,2,590.00,'2022-07-28','2022-08-10 09:11:35','2022-08-10 09:11:35',NULL),(2200,192,1043,57,40718,1529,1,270.00,'2022-07-28','2022-08-10 09:12:52','2022-08-10 09:12:52',NULL),(2201,192,1043,359,40718,1529,2,270.00,'2022-07-28','2022-08-10 09:12:52','2022-08-10 09:12:52',NULL),(2202,192,1044,57,40718,1530,1,730.01,'2022-08-08','2022-08-11 12:28:32','2022-08-11 12:28:32',NULL),(2203,192,1044,359,40718,1530,2,730.01,'2022-08-08','2022-08-11 12:28:32','2022-08-11 12:28:32',NULL);
INSERT INTO `cta_cte_tesoreria_detail` VALUES (2204,192,1045,57,40718,1529,1,560.00,'2022-07-29','2022-08-11 12:30:56','2022-08-11 12:30:56',NULL),(2205,192,1045,359,40718,1529,2,560.00,'2022-07-29','2022-08-11 12:30:56','2022-08-11 12:30:56',NULL),(2206,192,1046,57,40718,1530,1,497.00,'2022-08-01','2022-08-11 12:32:53','2022-08-11 12:32:53',NULL),(2207,192,1046,359,40718,1530,2,497.00,'2022-08-01','2022-08-11 12:32:53','2022-08-11 12:32:53',NULL),(2208,192,1047,57,40718,1530,1,750.01,'2022-08-02','2022-08-11 12:34:57','2022-08-11 12:34:57',NULL),(2209,192,1047,359,40718,1530,2,750.01,'2022-08-02','2022-08-11 12:34:57','2022-08-11 12:34:57',NULL),(2210,192,1048,57,40718,1530,1,613.00,'2022-08-02','2022-08-11 12:36:14','2022-08-11 12:36:14',NULL),(2211,192,1048,359,40718,1530,2,613.00,'2022-08-02','2022-08-11 12:36:14','2022-08-11 12:36:14',NULL),(2212,192,1049,57,40718,1530,1,670.01,'2022-08-03','2022-08-11 12:39:35','2022-08-11 12:39:35',NULL),(2213,192,1049,359,40718,1530,2,670.01,'2022-08-03','2022-08-11 12:39:35','2022-08-11 12:39:35',NULL),(2214,192,1050,13,40718,1530,2,56796.00,'2022-08-11','2022-08-11 16:08:57','2022-08-11 16:08:57',NULL),(2215,192,1050,359,40718,1530,1,56796.00,'2022-08-11','2022-08-11 16:08:57','2022-08-11 16:08:57',NULL),(2216,192,1051,760,40718,1530,1,738367.28,'2022-08-11','2022-08-11 17:15:45','2022-08-11 17:15:45',NULL),(2217,192,1051,176,40718,1530,2,738367.28,'2022-08-11','2022-08-11 17:15:45','2022-08-11 17:15:45',NULL),(2218,192,1052,13,40718,1530,2,161135.70,'2022-08-10','2022-08-11 17:26:23','2022-08-11 17:26:23',NULL),(2219,192,1052,760,40718,1530,1,161135.70,'2022-08-10','2022-08-11 17:26:23','2022-08-11 17:26:23',NULL),(2220,192,1053,57,40718,1530,1,4280.98,'2022-08-10','2022-08-11 17:39:24','2022-08-11 17:39:24',NULL),(2221,192,1053,359,40718,1530,2,4280.98,'2022-08-10','2022-08-11 17:39:24','2022-08-11 17:39:24',NULL),(2222,192,1054,13,40718,1530,2,163916.28,'2022-08-10','2022-08-12 08:51:45','2022-08-12 08:51:45',NULL),(2223,192,1054,759,40718,1530,1,162591.60,'2022-08-10','2022-08-12 08:51:45','2022-08-12 08:51:45',NULL),(2224,192,1054,252,40718,1530,1,1324.68,'2022-08-10','2022-08-12 08:51:45','2022-08-12 08:51:45',NULL),(2225,192,1055,13,40718,1529,2,239071.80,'2022-07-28','2022-08-12 09:07:05','2022-08-12 09:07:05',NULL),(2226,192,1055,760,40718,1529,1,214571.88,'2022-07-28','2022-08-12 09:07:05','2022-08-12 09:07:05',NULL),(2227,192,1055,25,40718,1529,1,20745.90,'2022-07-28','2022-08-12 09:07:05','2022-08-12 09:07:05',NULL),(2228,192,1055,251,40718,1529,1,1778.22,'2022-07-28','2022-08-12 09:07:05','2022-08-12 09:07:05',NULL),(2229,192,1055,162,40718,1529,1,1975.80,'2022-07-28','2022-08-12 09:07:05','2022-08-12 09:07:05',NULL),(2230,192,1056,57,40718,1530,1,2510.62,'2022-08-11','2022-08-12 09:12:16','2022-08-12 09:12:16',NULL),(2231,192,1056,759,40718,1530,2,2510.62,'2022-08-11','2022-08-12 09:12:16','2022-08-12 09:12:16',NULL),(2232,192,1057,13,40718,1530,2,54388.00,'2022-08-11','2022-08-12 09:25:33','2022-08-12 09:25:33',NULL),(2233,192,1057,359,40718,1530,1,54388.00,'2022-08-11','2022-08-12 09:25:33','2022-08-12 09:25:33',NULL),(2236,192,1059,57,40718,1530,1,421.00,'2022-08-03','2022-08-12 11:29:19','2022-08-12 11:29:19',NULL),(2237,192,1059,359,40718,1530,2,421.00,'2022-08-03','2022-08-12 11:29:19','2022-08-12 11:29:19',NULL),(2238,192,1060,57,40718,1530,1,389.00,'2022-08-02','2022-08-12 11:30:30','2022-08-12 11:30:30',NULL),(2239,192,1060,359,40718,1530,2,389.00,'2022-08-02','2022-08-12 11:30:30','2022-08-12 11:30:30',NULL),(2242,192,1062,57,40718,1530,1,436.00,'2022-08-04','2022-08-12 11:33:25','2022-08-12 11:33:25',NULL),(2243,192,1062,359,40718,1530,2,436.00,'2022-08-04','2022-08-12 11:33:25','2022-08-12 11:33:25',NULL),(2244,192,1063,57,40718,1530,1,427.00,'2022-08-01','2022-08-12 11:34:52','2022-08-12 11:34:52',NULL),(2245,192,1063,359,40718,1530,2,427.00,'2022-08-01','2022-08-12 11:34:52','2022-08-12 11:34:52',NULL),(2246,192,1064,57,40718,1530,1,492.00,'2022-08-05','2022-08-12 11:35:54','2022-08-12 11:35:54',NULL);
INSERT INTO `cta_cte_tesoreria_detail` VALUES (2247,192,1064,359,40718,1530,2,492.00,'2022-08-05','2022-08-12 11:35:54','2022-08-12 11:35:54',NULL),(2248,192,1065,57,40718,1530,1,707245.00,'2022-08-12','2022-08-12 14:45:03','2022-08-12 14:45:03',NULL),(2249,192,1065,176,40718,1530,2,707245.00,'2022-08-12','2022-08-12 14:45:03','2022-08-12 14:45:03',NULL),(2250,192,1066,57,40718,1530,1,3000.00,'2022-08-11','2022-08-13 11:35:58','2022-08-13 11:35:58',NULL),(2251,192,1066,359,40718,1530,2,3000.00,'2022-08-11','2022-08-13 11:35:58','2022-08-13 11:35:58',NULL),(2252,192,1067,57,40718,1530,1,3000.00,'2022-08-12','2022-08-13 11:37:11','2022-08-13 11:37:11',NULL),(2253,192,1067,359,40718,1530,2,3000.00,'2022-08-12','2022-08-13 11:37:11','2022-08-13 11:37:11',NULL),(2254,192,1068,57,40718,1530,1,1600.00,'2022-08-13','2022-08-13 21:15:41','2022-08-13 21:15:41',NULL),(2255,192,1068,359,40718,1530,2,1600.00,'2022-08-13','2022-08-13 21:15:41','2022-08-13 21:15:41',NULL),(2256,192,1069,57,40718,1530,1,24999.99,'2022-08-10','2022-08-16 09:05:53','2022-08-16 09:05:53',NULL),(2257,192,1069,359,40718,1530,2,24999.99,'2022-08-10','2022-08-16 09:05:53','2022-08-16 09:05:53',NULL),(2258,192,1070,57,40718,1530,1,712.99,'2022-08-11','2022-08-16 09:07:50','2022-08-16 09:07:50',NULL),(2259,192,1070,359,40718,1530,2,712.99,'2022-08-11','2022-08-16 09:07:50','2022-08-16 09:07:50',NULL),(2260,192,1071,57,40718,1530,1,639.99,'2022-08-10','2022-08-16 09:09:01','2022-08-16 09:09:01',NULL),(2261,192,1071,359,40718,1530,2,639.99,'2022-08-10','2022-08-16 09:09:01','2022-08-16 09:09:01',NULL),(2262,192,1072,57,40718,1530,1,580.01,'2022-08-12','2022-08-16 09:10:11','2022-08-16 09:10:11',NULL),(2263,192,1072,359,40718,1530,2,580.01,'2022-08-12','2022-08-16 09:10:11','2022-08-16 09:10:11',NULL),(2264,192,1073,57,40718,1530,1,690.00,'2022-08-09','2022-08-16 09:12:19','2022-08-16 09:12:19',NULL),(2265,192,1073,359,40718,1530,2,690.00,'2022-08-09','2022-08-16 09:12:19','2022-08-16 09:12:19',NULL),(2266,192,1074,57,40718,1530,1,730.01,'2022-08-08','2022-08-16 09:13:23','2022-08-16 09:13:23',NULL),(2267,192,1074,359,40718,1530,2,730.01,'2022-08-08','2022-08-16 09:13:23','2022-08-16 09:13:23',NULL),(2268,192,1075,57,40718,1530,1,800.00,'2022-08-11','2022-08-16 10:57:05','2022-08-16 10:57:05',NULL),(2269,192,1075,359,40718,1530,2,800.00,'2022-08-11','2022-08-16 10:57:05','2022-08-16 10:57:05',NULL),(2270,192,1076,57,40718,1530,1,407.00,'2022-08-08','2022-08-16 11:38:17','2022-08-16 11:38:17',NULL),(2271,192,1076,359,40718,1530,2,407.00,'2022-08-08','2022-08-16 11:38:17','2022-08-16 11:38:17',NULL),(2272,192,1077,57,40718,1530,1,482.00,'2022-08-09','2022-08-16 11:39:25','2022-08-16 11:39:25',NULL),(2273,192,1077,359,40718,1530,2,482.00,'2022-08-09','2022-08-16 11:39:25','2022-08-16 11:39:25',NULL),(2274,192,1078,57,40718,1530,1,503.00,'2022-08-15','2022-08-16 11:40:44','2022-08-16 11:40:44',NULL),(2275,192,1078,359,40718,1530,2,503.00,'2022-08-15','2022-08-16 11:40:44','2022-08-16 11:40:44',NULL),(2276,192,1079,57,40718,1530,1,382.00,'2022-08-12','2022-08-16 11:41:48','2022-08-16 11:41:48',NULL),(2277,192,1079,359,40718,1530,2,382.00,'2022-08-12','2022-08-16 11:41:48','2022-08-16 11:41:48',NULL),(2278,192,1080,57,40718,1530,1,450.00,'2022-08-13','2022-08-16 11:44:54','2022-08-16 11:44:54',NULL),(2279,192,1080,359,40718,1530,2,450.00,'2022-08-13','2022-08-16 11:44:54','2022-08-16 11:44:54',NULL),(2280,192,1081,57,40718,1530,1,550.00,'2022-08-13','2022-08-16 11:48:15','2022-08-16 11:48:15',NULL),(2281,192,1081,359,40718,1530,2,550.00,'2022-08-13','2022-08-16 11:48:15','2022-08-16 11:48:15',NULL),(2282,192,1082,57,40718,1530,1,670.01,'2022-08-10','2022-08-16 11:51:08','2022-08-16 11:51:08',NULL),(2283,192,1082,359,40718,1530,2,670.01,'2022-08-10','2022-08-16 11:51:08','2022-08-16 11:51:08',NULL),(2286,192,1084,57,40718,1529,1,268.50,'2022-07-18','2022-08-16 14:39:04','2022-08-16 14:39:04',NULL),(2287,192,1084,359,40718,1529,2,268.50,'2022-07-18','2022-08-16 14:39:04','2022-08-16 14:39:04',NULL);
INSERT INTO `cta_cte_tesoreria_detail` VALUES (2288,192,1085,57,40718,1529,1,14862.63,'2022-07-19','2022-08-16 14:42:47','2022-08-16 14:42:47',NULL),(2289,192,1085,359,40718,1529,2,14862.63,'2022-07-19','2022-08-16 14:42:47','2022-08-16 14:42:47',NULL),(2290,192,1086,13,40718,1529,2,55356.56,'2022-07-14','2022-08-16 15:01:48','2022-08-16 15:01:48',NULL),(2291,192,1086,759,40718,1529,1,54517.33,'2022-07-14','2022-08-16 15:01:48','2022-08-16 15:01:48',NULL),(2292,192,1086,251,40718,1529,1,411.74,'2022-07-14','2022-08-16 15:01:48','2022-08-16 15:01:48',NULL),(2293,192,1086,252,40718,1529,1,427.49,'2022-07-14','2022-08-16 15:01:48','2022-08-16 15:01:48',NULL),(2294,192,1087,57,40718,1529,1,4100.00,'2022-07-04','2022-08-16 15:08:22','2022-08-16 15:08:22',NULL),(2295,192,1087,359,40718,1529,2,4100.00,'2022-07-04','2022-08-16 15:08:22','2022-08-16 15:08:22',NULL),(2296,192,1088,57,40718,1529,1,370.03,'2022-07-07','2022-08-16 15:10:29','2022-08-16 15:10:29',NULL),(2297,192,1088,359,40718,1529,2,370.03,'2022-07-07','2022-08-16 15:10:29','2022-08-16 15:10:29',NULL),(2300,192,1090,57,40718,1529,1,37.87,'2022-07-13','2022-08-16 15:13:31','2022-08-16 15:13:31',NULL),(2301,192,1090,359,40718,1529,2,37.87,'2022-07-13','2022-08-16 15:13:31','2022-08-16 15:13:31',NULL),(2302,192,1091,57,40718,1529,1,58.67,'2022-07-01','2022-08-16 15:32:21','2022-08-16 15:32:21',NULL),(2303,192,1091,359,40718,1529,2,58.67,'2022-07-01','2022-08-16 15:32:21','2022-08-16 15:32:21',NULL),(2304,192,1092,57,40718,1529,1,38.69,'2022-07-01','2022-08-16 15:36:06','2022-08-16 15:36:06',NULL),(2305,192,1092,359,40718,1529,2,38.69,'2022-07-01','2022-08-16 15:36:06','2022-08-16 15:36:06',NULL),(2306,192,1093,57,40718,1529,1,429.92,'2022-07-03','2022-08-16 15:41:58','2022-08-16 15:41:58',NULL),(2307,192,1093,359,40718,1529,2,429.92,'2022-07-03','2022-08-16 15:41:58','2022-08-16 15:41:58',NULL),(2308,192,1094,57,40718,1529,1,252.84,'2022-07-18','2022-08-16 15:45:13','2022-08-16 15:45:13',NULL),(2309,192,1094,359,40718,1529,2,252.84,'2022-07-18','2022-08-16 15:45:13','2022-08-16 15:45:13',NULL),(2310,192,1095,57,40718,1529,1,3208.99,'2022-07-22','2022-08-16 15:47:15','2022-08-16 15:47:15',NULL),(2311,192,1095,359,40718,1529,2,3208.99,'2022-07-22','2022-08-16 15:47:15','2022-08-16 15:47:15',NULL),(2312,192,1096,57,40718,1529,1,285.73,'2022-07-04','2022-08-16 15:53:16','2022-08-16 15:53:16',NULL),(2313,192,1096,359,40718,1529,2,285.73,'2022-07-04','2022-08-16 15:53:16','2022-08-16 15:53:16',NULL),(2314,192,1097,57,40718,1529,1,4324.54,'2022-07-05','2022-08-16 15:56:54','2022-08-16 15:56:54',NULL),(2315,192,1097,359,40718,1529,2,4324.54,'2022-07-05','2022-08-16 15:56:54','2022-08-16 15:56:54',NULL),(2316,192,1098,57,40718,1530,1,260.00,'2022-08-09','2022-08-16 17:49:29','2022-08-16 17:49:29',NULL),(2317,192,1098,359,40718,1530,2,260.00,'2022-08-09','2022-08-16 17:49:29','2022-08-16 17:49:29',NULL),(2318,192,1099,57,40718,1530,1,14520.00,'2022-08-01','2022-08-16 18:14:38','2022-08-16 18:14:38',NULL),(2319,192,1099,60,40718,1530,2,14520.00,'2022-08-01','2022-08-16 18:14:38','2022-08-16 18:14:38',NULL),(2320,192,1100,57,40718,1530,1,1718.00,'2022-08-16','2022-08-17 09:39:33','2022-08-17 09:39:33',NULL),(2321,192,1100,759,40718,1530,2,1718.00,'2022-08-16','2022-08-17 09:39:33','2022-08-17 09:39:33',NULL),(2322,192,1101,57,40718,1530,1,6100.14,'2022-08-17','2022-08-17 09:47:41','2022-08-17 09:47:41',NULL),(2323,192,1101,359,40718,1530,2,6100.14,'2022-08-17','2022-08-17 09:47:41','2022-08-17 09:47:41',NULL),(2324,192,1102,57,40718,1530,1,550000.00,'2022-08-17','2022-08-17 10:52:53','2022-08-17 10:52:53',NULL),(2325,192,1102,759,40718,1530,2,550000.00,'2022-08-17','2022-08-17 10:52:53','2022-08-17 10:52:53',NULL),(2326,192,1103,57,40718,1530,1,5223.36,'2022-08-16','2022-08-17 14:20:51','2022-08-17 14:20:51',NULL),(2327,192,1103,759,40718,1530,2,5223.36,'2022-08-16','2022-08-17 14:20:51','2022-08-17 14:20:51',NULL),(2328,192,1104,57,40718,1530,1,52000.02,'2022-08-16','2022-08-17 15:02:45','2022-08-17 15:02:45',NULL);
INSERT INTO `cta_cte_tesoreria_detail` VALUES (2329,192,1104,359,40718,1530,2,52000.02,'2022-08-16','2022-08-17 15:02:45','2022-08-17 15:02:45',NULL),(2330,192,1105,13,40718,1530,2,15800.00,'2022-08-17','2022-08-17 15:21:47','2022-08-17 15:21:47',NULL),(2331,192,1105,359,40718,1530,1,15800.00,'2022-08-17','2022-08-17 15:21:47','2022-08-17 15:21:47',NULL),(2332,192,1106,57,40718,1530,1,23743.83,'2022-08-17','2022-08-17 15:38:36','2022-08-17 15:38:36',NULL),(2333,192,1106,760,40718,1530,2,23743.83,'2022-08-17','2022-08-17 15:38:36','2022-08-17 15:38:36',NULL),(2334,192,1107,57,40718,1530,1,380.00,'2022-08-10','2022-08-17 15:52:39','2022-08-17 15:52:39',NULL),(2335,192,1107,359,40718,1530,2,380.00,'2022-08-10','2022-08-17 15:52:39','2022-08-17 15:52:39',NULL),(2336,192,1108,57,40718,1530,1,1960.00,'2022-08-11','2022-08-17 15:54:05','2022-08-17 15:54:05',NULL),(2337,192,1108,359,40718,1530,2,1960.00,'2022-08-11','2022-08-17 15:54:05','2022-08-17 15:54:05',NULL),(2338,192,1109,57,40718,1530,1,53960.00,'2022-08-17','2022-08-17 17:22:34','2022-08-17 17:22:34',NULL),(2339,192,1109,359,40718,1530,2,53960.00,'2022-08-17','2022-08-17 17:22:34','2022-08-17 17:22:34',NULL),(2340,192,1110,57,40718,1530,1,477646.29,'2022-08-18','2022-08-18 09:03:54','2022-08-18 09:03:54',NULL),(2341,192,1110,60,40718,1530,2,160000.00,'2022-08-18','2022-08-18 09:03:54','2022-08-18 09:03:54',NULL),(2342,192,1110,60,40718,1530,2,160000.00,'2022-08-18','2022-08-18 09:03:54','2022-08-18 09:03:54',NULL),(2343,192,1110,60,40718,1530,2,157646.29,'2022-08-18','2022-08-18 09:03:54','2022-08-18 09:03:54',NULL),(2346,192,1112,57,40718,1530,1,174598.00,'2022-08-12','2022-08-18 14:28:55','2022-08-18 14:28:55',NULL),(2347,192,1112,359,40718,1530,2,174598.00,'2022-08-12','2022-08-18 14:28:55','2022-08-18 14:28:55',NULL),(2348,192,1113,57,40718,1529,1,97000.00,'2022-08-17','2022-08-18 14:39:49','2022-08-18 14:39:49',NULL),(2349,192,1113,359,40718,1529,2,97000.00,'2022-08-17','2022-08-18 14:39:49','2022-08-18 14:39:49',NULL),(2350,192,1114,57,40718,1530,1,132631.00,'2022-08-18','2022-08-18 18:04:44','2022-08-18 18:04:44',NULL),(2351,192,1114,359,40718,1530,2,132631.00,'2022-08-18','2022-08-18 18:04:44','2022-08-18 18:04:44',NULL),(2352,192,1115,13,40718,1530,2,62570.00,'2022-08-17','2022-08-19 09:23:01','2022-08-19 09:23:01',NULL),(2353,192,1115,359,40718,1530,1,62570.00,'2022-08-17','2022-08-19 09:23:01','2022-08-19 09:23:01',NULL),(2354,192,1116,760,40718,1530,2,22800.00,'2022-08-19','2022-08-19 11:34:10','2022-08-19 11:34:10',NULL),(2355,192,1116,60,40718,1530,1,22800.00,'2022-08-19','2022-08-19 11:34:10','2022-08-19 11:34:10',NULL),(2356,192,1117,760,40718,1530,2,5235.00,'2022-08-19','2022-08-19 11:34:41','2022-08-19 11:34:41',NULL),(2357,192,1117,60,40718,1530,1,5235.00,'2022-08-19','2022-08-19 11:34:41','2022-08-19 11:34:41',NULL),(2358,192,1118,57,40718,1530,1,18000.00,'2022-08-19','2022-08-20 09:02:01','2022-08-20 09:02:01',NULL),(2359,192,1118,760,40718,1530,2,18000.00,'2022-08-19','2022-08-20 09:02:01','2022-08-20 09:02:01',NULL),(2362,192,1120,13,40718,1530,2,900000.00,'2022-08-16','2022-08-22 09:42:26','2022-08-22 09:42:26',NULL),(2363,192,1120,759,40718,1530,1,900000.00,'2022-08-16','2022-08-22 09:42:26','2022-08-22 09:42:26',NULL),(2364,192,1121,13,40718,1530,2,11370.00,'2022-08-17','2022-08-22 09:43:20','2022-08-22 09:43:20',NULL),(2365,192,1121,759,40718,1530,1,11370.00,'2022-08-17','2022-08-22 09:43:20','2022-08-22 09:43:20',NULL),(2366,192,1122,57,40718,1530,1,1108.80,'2022-08-01','2022-08-22 11:23:09','2022-08-22 11:23:09',NULL),(2367,192,1122,359,40718,1530,2,1108.80,'2022-08-01','2022-08-22 11:23:09','2022-08-22 11:23:09',NULL),(2368,192,1123,57,40718,1530,1,100000.00,'2022-08-22','2022-08-22 11:52:28','2022-08-22 11:52:28',NULL),(2369,192,1123,760,40718,1530,2,100000.00,'2022-08-22','2022-08-22 11:52:28','2022-08-22 11:52:28',NULL),(2370,192,1124,57,40718,1530,1,1188.78,'2022-08-10','2022-08-22 12:07:16','2022-08-22 12:07:16',NULL);
INSERT INTO `cta_cte_tesoreria_detail` VALUES (2371,192,1124,359,40718,1530,2,1188.78,'2022-08-10','2022-08-22 12:07:16','2022-08-22 12:07:16',NULL),(2372,192,1125,57,40718,1530,1,15966.30,'2022-08-16','2022-08-22 12:07:54','2022-08-22 12:07:54',NULL),(2373,192,1125,760,40718,1530,2,15966.30,'2022-08-16','2022-08-22 12:07:54','2022-08-22 12:07:54',NULL),(2374,192,1126,57,40718,1530,1,639.99,'2022-08-19','2022-08-22 17:15:51','2022-08-22 17:15:51',NULL),(2375,192,1126,359,40718,1530,2,639.99,'2022-08-19','2022-08-22 17:15:51','2022-08-22 17:15:51',NULL),(2376,192,1127,57,40718,1530,1,580.01,'2022-08-18','2022-08-22 17:17:21','2022-08-22 17:17:21',NULL),(2377,192,1127,359,40718,1530,2,580.01,'2022-08-18','2022-08-22 17:17:21','2022-08-22 17:17:21',NULL),(2378,192,1128,57,40718,1530,1,740.00,'2022-08-18','2022-08-22 17:25:02','2022-08-22 17:25:02',NULL),(2379,192,1128,359,40718,1530,2,740.00,'2022-08-18','2022-08-22 17:25:02','2022-08-22 17:25:02',NULL),(2380,192,1129,57,40718,1530,1,300.00,'2022-08-16','2022-08-22 17:26:23','2022-08-22 17:26:23',NULL),(2381,192,1129,359,40718,1530,2,300.00,'2022-08-16','2022-08-22 17:26:23','2022-08-22 17:26:23',NULL),(2382,192,1130,57,40718,1530,1,719.99,'2022-08-18','2022-08-22 17:52:55','2022-08-22 17:52:55',NULL),(2383,192,1130,359,40718,1530,2,719.99,'2022-08-18','2022-08-22 17:52:55','2022-08-22 17:52:55',NULL),(2384,192,1131,57,40718,1530,1,280.01,'2022-08-19','2022-08-22 17:54:23','2022-08-22 17:54:23',NULL),(2385,192,1131,359,40718,1530,2,280.01,'2022-08-19','2022-08-22 17:54:23','2022-08-22 17:54:23',NULL),(2386,192,1132,57,40718,1530,1,791.09,'2022-08-17','2022-08-22 17:56:43','2022-08-22 17:56:43',NULL),(2387,192,1132,359,40718,1530,2,791.09,'2022-08-17','2022-08-22 17:56:43','2022-08-22 17:56:43',NULL),(2388,192,1133,13,40718,1530,2,75600.00,'2022-08-22','2022-08-22 18:57:11','2022-08-22 18:57:11',NULL),(2389,192,1133,359,40718,1530,1,75600.00,'2022-08-22','2022-08-22 18:57:11','2022-08-22 18:57:11',NULL),(2390,192,1134,57,40718,1529,1,14780.00,'2022-07-15','2022-08-23 11:09:24','2022-08-23 11:09:24',NULL),(2391,192,1134,359,40718,1529,2,14780.00,'2022-07-15','2022-08-23 11:09:24','2022-08-23 11:09:24',NULL),(2392,192,1135,57,40718,1529,1,14780.15,'2022-07-20','2022-08-23 11:10:40','2022-08-23 11:10:40',NULL),(2393,192,1135,359,40718,1529,2,14780.15,'2022-07-20','2022-08-23 11:10:40','2022-08-23 11:10:40',NULL),(2394,192,1136,57,40718,1529,1,14780.15,'2022-07-25','2022-08-23 11:12:04','2022-08-23 11:12:04',NULL),(2395,192,1136,359,40718,1529,2,14780.15,'2022-07-25','2022-08-23 11:12:04','2022-08-23 11:12:04',NULL),(2396,192,1137,57,40718,1530,1,11923.06,'2022-08-23','2022-08-23 11:55:10','2022-08-23 11:55:10',NULL),(2397,192,1137,760,40718,1530,2,11923.06,'2022-08-23','2022-08-23 11:55:10','2022-08-23 11:55:10',NULL),(2398,192,1138,57,40718,1530,1,10795.08,'2022-08-23','2022-08-23 15:27:15','2022-08-23 15:27:15',NULL),(2399,192,1138,760,40718,1530,2,10795.08,'2022-08-23','2022-08-23 15:27:15','2022-08-23 15:27:15',NULL),(2400,192,1139,13,40718,1530,2,290000.00,'2022-08-22','2022-08-24 12:09:06','2022-08-24 12:09:06',NULL),(2401,192,1139,359,40718,1530,1,290000.00,'2022-08-22','2022-08-24 12:09:06','2022-08-24 12:09:06',NULL),(2402,192,1140,13,40718,2240,2,90000.00,'2022-06-23','2022-08-24 12:23:20','2022-08-24 12:23:20',NULL),(2403,192,1140,359,40718,2240,1,90000.00,'2022-06-23','2022-08-24 12:23:20','2022-08-24 12:23:20',NULL),(2404,192,1141,13,40718,1529,2,190000.00,'2022-07-11','2022-08-24 14:19:41','2022-08-24 14:19:41',NULL),(2405,192,1141,359,40718,1529,1,190000.00,'2022-07-11','2022-08-24 14:19:41','2022-08-24 14:19:41',NULL),(2406,192,1142,13,40718,1529,2,100000.00,'2022-07-22','2022-08-24 14:20:36','2022-08-24 14:20:36',NULL),(2407,192,1142,359,40718,1529,1,100000.00,'2022-07-22','2022-08-24 14:20:36','2022-08-24 14:20:36',NULL),(2420,192,1149,13,40718,1530,2,127962.00,'2022-08-19','2022-08-24 16:38:24','2022-08-24 16:38:24',NULL);
INSERT INTO `cta_cte_tesoreria_detail` VALUES (2421,192,1149,760,40718,1530,1,126904.46,'2022-08-19','2022-08-24 16:38:24','2022-08-24 16:38:24',NULL),(2422,192,1149,252,40718,1530,1,1057.54,'2022-08-19','2022-08-24 16:38:24','2022-08-24 16:38:24',NULL),(2425,192,1151,13,40718,2240,2,322000.00,'2022-06-14','2022-08-24 17:22:34','2022-08-24 17:22:34',NULL),(2426,192,1151,359,40718,2240,1,322000.00,'2022-06-14','2022-08-24 17:22:34','2022-08-24 17:22:34',NULL),(2429,192,1153,13,40718,2240,2,400000.00,'2022-06-14','2022-08-24 17:30:39','2022-08-24 17:30:39',NULL),(2430,192,1153,359,40718,2240,1,400000.00,'2022-06-14','2022-08-24 17:30:39','2022-08-24 17:30:39',NULL),(2431,192,1154,13,40718,1530,2,650000.00,'2022-08-25','2022-08-25 10:17:08','2022-08-25 10:17:08',NULL),(2432,192,1154,759,40718,1530,1,650000.00,'2022-08-25','2022-08-25 10:17:08','2022-08-25 10:17:08',NULL),(2433,192,1155,57,40718,1530,1,12635.30,'2022-08-25','2022-08-25 16:56:44','2022-08-25 16:56:44',NULL),(2434,192,1155,760,40718,1530,2,12635.30,'2022-08-25','2022-08-25 16:56:44','2022-08-25 16:56:44',NULL),(2435,192,1156,13,40717,40,2,34000.00,'2022-08-12','2022-08-25 17:28:20','2022-08-25 17:28:20',NULL),(2436,192,1156,359,40717,40,1,34000.00,'2022-08-12','2022-08-25 17:28:20','2022-08-25 17:28:20',NULL),(2437,192,1157,13,40718,1530,2,346592.40,'2022-08-25','2022-08-26 08:39:26','2022-08-26 08:39:26',NULL),(2438,192,1157,176,40718,1530,1,291220.68,'2022-08-25','2022-08-26 08:39:26','2022-08-26 08:39:26',NULL),(2439,192,1157,23,40718,1530,1,4385.40,'2022-08-25','2022-08-26 08:39:26','2022-08-26 08:39:26',NULL),(2440,192,1157,25,40718,1530,1,48121.92,'2022-08-25','2022-08-26 08:39:26','2022-08-26 08:39:26',NULL),(2441,192,1157,162,40718,1530,1,2864.40,'2022-08-25','2022-08-26 08:39:26','2022-08-26 08:39:26',NULL),(2442,192,1158,57,40718,1530,1,67525.78,'2022-08-29','2022-08-29 10:08:07','2022-08-29 10:08:07',NULL),(2443,192,1158,759,40718,1530,2,67525.78,'2022-08-29','2022-08-29 10:08:07','2022-08-29 10:08:07',NULL),(2444,192,1159,57,40718,1530,1,154322.44,'2022-08-29','2022-08-29 16:28:09','2022-08-29 16:28:09',NULL),(2445,192,1159,759,40718,1530,2,154322.44,'2022-08-29','2022-08-29 16:28:09','2022-08-29 16:28:09',NULL),(2446,192,1160,57,40718,1530,1,16492.30,'2022-08-29','2022-08-29 16:41:05','2022-08-29 16:41:05',NULL),(2447,192,1160,759,40718,1530,2,16492.30,'2022-08-29','2022-08-29 16:41:05','2022-08-29 16:41:05',NULL),(2448,192,1161,57,40718,2240,1,200.00,'2022-06-10','2022-08-30 08:26:26','2022-08-30 08:26:26',NULL),(2449,192,1161,359,40718,2240,2,200.00,'2022-06-10','2022-08-30 08:26:26','2022-08-30 08:26:26',NULL),(2450,192,1162,57,40718,1530,1,5109.00,'2022-08-29','2022-08-30 10:28:46','2022-08-30 10:28:46',NULL),(2451,192,1162,359,40718,1530,2,5109.00,'2022-08-29','2022-08-30 10:28:46','2022-08-30 10:28:46',NULL),(2452,192,1163,13,40718,1530,2,79569.59,'2022-08-29','2022-08-30 10:35:05','2022-08-30 10:35:05',NULL),(2453,192,1163,176,40718,1530,1,79569.59,'2022-08-29','2022-08-30 10:35:05','2022-08-30 10:35:05',NULL),(2454,192,1164,760,40718,1530,1,707245.00,'2022-08-29','2022-08-30 10:39:39','2022-08-30 10:39:39',NULL),(2455,192,1164,176,40718,1530,2,707245.00,'2022-08-29','2022-08-30 10:39:39','2022-08-30 10:39:39',NULL),(2456,192,1165,57,40718,1530,1,79569.59,'2022-08-26','2022-08-30 11:16:28','2022-08-30 11:16:28',NULL),(2457,192,1165,176,40718,1530,2,79569.59,'2022-08-26','2022-08-30 11:16:28','2022-08-30 11:16:28',NULL),(2458,192,1166,57,40718,1530,1,2000.05,'2022-08-29','2022-08-30 12:22:03','2022-08-30 12:22:03',NULL),(2459,192,1166,359,40718,1530,2,2000.05,'2022-08-29','2022-08-30 12:22:03','2022-08-30 12:22:03',NULL),(2460,192,1167,57,40718,1530,1,37852.77,'2022-08-30','2022-08-30 12:36:08','2022-08-30 12:36:08',NULL),(2461,192,1167,60,40718,1530,2,37852.77,'2022-08-30','2022-08-30 12:36:08','2022-08-30 12:36:08',NULL),(2462,192,1168,57,40718,1530,1,2150.00,'2022-08-30','2022-08-31 09:57:57','2022-08-31 09:57:57',NULL);
INSERT INTO `cta_cte_tesoreria_detail` VALUES (2463,192,1168,359,40718,1530,2,2150.00,'2022-08-30','2022-08-31 09:57:57','2022-08-31 09:57:57',NULL),(2464,192,1169,57,40718,1530,1,11605.11,'2022-08-29','2022-08-31 11:08:39','2022-08-31 11:08:39',NULL),(2465,192,1169,759,40718,1530,2,11605.11,'2022-08-29','2022-08-31 11:08:39','2022-08-31 11:08:39',NULL),(2468,192,1171,57,40718,1530,1,1580.00,'2022-08-31','2022-08-31 17:13:40','2022-08-31 17:13:40',NULL),(2469,192,1171,359,40718,1530,2,1580.00,'2022-08-31','2022-08-31 17:13:40','2022-08-31 17:13:40',NULL),(2470,192,1172,13,40718,1530,2,333940.00,'2022-08-30','2022-08-31 17:26:43','2022-08-31 17:26:43',NULL),(2471,192,1172,252,40718,1530,1,2759.83,'2022-08-30','2022-08-31 17:26:43','2022-08-31 17:26:43',NULL),(2472,192,1172,23,40718,1530,1,3154.74,'2022-08-30','2022-08-31 17:26:43','2022-08-31 17:26:43',NULL),(2473,192,1172,760,40718,1530,1,328025.43,'2022-08-30','2022-08-31 17:26:43','2022-08-31 17:26:43',NULL),(2474,192,1173,13,40718,1530,2,968517.43,'2022-08-25','2022-08-31 17:42:43','2022-08-31 17:42:43',NULL),(2475,192,1173,760,40718,1530,1,478397.56,'2022-08-25','2022-08-31 17:42:43','2022-08-31 17:42:43',NULL),(2476,192,1173,176,40718,1530,1,490119.87,'2022-08-25','2022-08-31 17:42:43','2022-08-31 17:42:43',NULL),(2477,192,1174,57,40718,1530,1,490119.87,'2022-08-31','2022-08-31 17:55:32','2022-08-31 17:55:32',NULL),(2478,192,1174,176,40718,1530,2,490119.87,'2022-08-31','2022-08-31 17:55:32','2022-08-31 17:55:32',NULL),(2479,192,1175,57,40718,1530,1,11401.09,'2022-08-29','2022-09-01 15:45:16','2022-09-01 15:45:16',NULL),(2480,192,1175,359,40718,1530,2,11401.09,'2022-08-29','2022-09-01 15:45:16','2022-09-01 15:45:16',NULL),(2481,192,1176,13,40717,41,2,50000.00,'2022-09-02','2022-09-02 19:42:28','2022-09-02 19:42:28',NULL),(2482,192,1176,758,40717,41,1,50000.00,'2022-09-02','2022-09-02 19:42:28','2022-09-02 19:42:28',NULL),(2483,192,1177,57,40718,1531,1,10940.08,'2022-09-02','2022-09-02 21:10:17','2022-09-02 21:10:17',NULL),(2484,192,1177,359,40718,1531,2,10940.08,'2022-09-02','2022-09-02 21:10:17','2022-09-02 21:10:17',NULL),(2485,192,1178,57,40718,1530,1,572.00,'2022-08-23','2022-09-02 21:12:03','2022-09-02 21:12:03',NULL),(2486,192,1178,359,40718,1530,2,572.00,'2022-08-23','2022-09-02 21:12:03','2022-09-02 21:12:03',NULL),(2487,192,1179,57,40718,1530,1,485.00,'2022-08-26','2022-09-02 21:13:10','2022-09-02 21:13:10',NULL),(2488,192,1179,359,40718,1530,2,485.00,'2022-08-26','2022-09-02 21:13:10','2022-09-02 21:13:10',NULL),(2489,192,1180,57,40718,1530,1,355.00,'2022-08-25','2022-09-02 21:14:18','2022-09-02 21:14:18',NULL),(2490,192,1180,359,40718,1530,2,355.00,'2022-08-25','2022-09-02 21:14:18','2022-09-02 21:14:18',NULL),(2491,192,1181,57,40718,1530,1,524.00,'2022-08-24','2022-09-02 21:16:03','2022-09-02 21:16:03',NULL),(2492,192,1181,359,40718,1530,2,524.00,'2022-08-24','2022-09-02 21:16:03','2022-09-02 21:16:03',NULL),(2493,192,1182,57,40718,1530,1,505.01,'2022-08-27','2022-09-02 21:17:02','2022-09-02 21:17:02',NULL),(2494,192,1182,359,40718,1530,2,505.01,'2022-08-27','2022-09-02 21:17:02','2022-09-02 21:17:02',NULL),(2495,192,1183,57,40718,1531,1,50000.00,'2022-09-03','2022-09-02 21:21:36','2022-09-02 21:21:36',NULL),(2496,192,1183,760,40718,1531,2,50000.00,'2022-09-03','2022-09-02 21:21:36','2022-09-02 21:21:36',NULL),(2497,192,1184,57,40718,1531,1,4094.64,'2022-09-01','2022-09-05 11:42:05','2022-09-05 11:42:05',NULL),(2498,192,1184,359,40718,1531,2,4094.64,'2022-09-01','2022-09-05 11:42:05','2022-09-05 11:42:05',NULL),(2499,192,1185,57,40718,1531,1,451243.54,'2022-09-01','2022-09-05 11:53:31','2022-09-05 11:53:31',NULL),(2500,192,1185,759,40718,1531,2,451243.54,'2022-09-01','2022-09-05 11:53:31','2022-09-05 11:53:31',NULL),(2501,192,1186,13,40718,1531,2,110000.00,'2022-09-05','2022-09-05 14:33:55','2022-09-05 14:33:55',NULL),(2502,192,1186,359,40718,1531,1,110000.00,'2022-09-05','2022-09-05 14:33:55','2022-09-05 14:33:55',NULL);
INSERT INTO `cta_cte_tesoreria_detail` VALUES (2503,192,1187,57,40718,1531,1,20000.00,'2022-09-05','2022-09-05 17:37:56','2022-09-05 17:37:56',NULL),(2504,192,1187,760,40718,1531,2,20000.00,'2022-09-05','2022-09-05 17:37:56','2022-09-05 17:37:56',NULL),(2505,192,1188,13,40717,41,2,20000.00,'2022-09-05','2022-09-05 17:39:21','2022-09-05 17:39:21',NULL),(2506,192,1188,758,40717,41,1,20000.00,'2022-09-05','2022-09-05 17:39:21','2022-09-05 17:39:21',NULL),(2507,192,1189,57,40718,1531,1,110219.44,'2022-09-06','2022-09-06 10:47:45','2022-09-06 10:47:45',NULL),(2508,192,1189,759,40718,1531,2,110219.44,'2022-09-06','2022-09-06 10:47:45','2022-09-06 10:47:45',NULL),(2509,192,1190,57,40718,1530,1,6130.34,'2022-08-29','2022-09-06 11:13:11','2022-09-06 11:13:11',NULL),(2510,192,1190,359,40718,1530,2,6130.34,'2022-08-29','2022-09-06 11:13:11','2022-09-06 11:13:11',NULL),(2511,192,1191,57,40718,1531,1,370.00,'2022-09-05','2022-09-06 11:17:00','2022-09-06 11:17:00',NULL),(2512,192,1191,359,40718,1531,2,370.00,'2022-09-05','2022-09-06 11:17:00','2022-09-06 11:17:00',NULL),(2513,192,1192,57,40718,1530,1,24719.54,'2022-08-29','2022-09-06 11:19:31','2022-09-06 11:19:31',NULL),(2514,192,1192,359,40718,1530,2,24719.54,'2022-08-29','2022-09-06 11:19:31','2022-09-06 11:19:31',NULL),(2515,192,1193,57,40718,1531,1,261207.20,'2022-09-01','2022-09-06 11:22:27','2022-09-06 11:22:27',NULL),(2516,192,1193,759,40718,1531,2,261207.20,'2022-09-01','2022-09-06 11:22:27','2022-09-06 11:22:27',NULL),(2517,192,1194,760,40718,1531,2,160000.00,'2022-09-06','2022-09-06 13:59:29','2022-09-06 13:59:29',NULL),(2518,192,1194,60,40718,1531,1,160000.00,'2022-09-06','2022-09-06 13:59:29','2022-09-06 13:59:29',NULL),(2519,192,1195,57,40718,1530,1,34000.88,'2022-09-06','2022-09-06 14:18:47','2022-09-06 14:18:47',NULL),(2520,192,1195,760,40718,1530,2,34000.88,'2022-09-06','2022-09-06 14:18:47','2022-09-06 14:18:47',NULL),(2523,192,1197,57,40718,1531,1,570.00,'2022-09-06','2022-09-06 17:11:38','2022-09-06 17:11:38',NULL),(2524,192,1197,359,40718,1531,2,570.00,'2022-09-06','2022-09-06 17:11:38','2022-09-06 17:11:38',NULL),(2525,192,1198,760,40718,1530,2,30577.87,'2022-08-31','2022-09-08 09:23:25','2022-09-08 09:23:25',NULL),(2526,192,1198,763,40718,1530,1,30577.87,'2022-08-31','2022-09-08 09:23:25','2022-09-08 09:23:25',NULL),(2527,192,1199,13,40718,1530,2,822800.00,'2022-08-31','2022-09-08 09:56:33','2022-09-08 09:56:33',NULL),(2528,192,1199,359,40718,1530,1,822800.00,'2022-08-31','2022-09-08 09:56:33','2022-09-08 09:56:33',NULL),(2529,192,1200,13,40718,1530,2,11722.31,'2022-08-29','2022-09-08 10:07:11','2022-09-08 10:07:11',NULL),(2530,192,1200,23,40718,1530,1,11722.31,'2022-08-29','2022-09-08 10:07:11','2022-09-08 10:07:11',NULL),(2531,192,1201,13,40718,1530,2,220620.00,'2022-08-31','2022-09-08 10:56:53','2022-09-08 10:56:53',NULL),(2532,192,1201,359,40718,1530,1,220620.00,'2022-08-31','2022-09-08 10:56:53','2022-09-08 10:56:53',NULL),(2533,192,1202,13,40718,1531,2,158170.00,'2022-09-08','2022-09-08 11:59:17','2022-09-08 11:59:17',NULL),(2534,192,1202,176,40718,1531,1,158170.00,'2022-09-08','2022-09-08 11:59:17','2022-09-08 11:59:17',NULL),(2535,192,1203,57,40718,1531,1,62875.14,'2022-09-08','2022-09-08 12:07:04','2022-09-08 12:07:04',NULL),(2536,192,1203,760,40718,1531,2,62875.14,'2022-09-08','2022-09-08 12:07:04','2022-09-08 12:07:04',NULL),(2537,192,1204,57,40718,1531,1,21748.53,'2022-09-08','2022-09-08 12:07:52','2022-09-08 12:07:52',NULL),(2538,192,1204,760,40718,1531,2,21748.53,'2022-09-08','2022-09-08 12:07:52','2022-09-08 12:07:52',NULL),(2539,192,1205,57,40718,1530,1,4388.65,'2022-08-13','2022-09-08 14:05:23','2022-09-08 14:05:23',NULL),(2540,192,1205,359,40718,1530,2,4388.65,'2022-08-13','2022-09-08 14:05:23','2022-09-08 14:05:23',NULL),(2541,192,1206,57,40718,1530,1,3403.65,'2022-08-25','2022-09-08 14:23:44','2022-09-08 14:23:44',NULL),(2542,192,1206,359,40718,1530,2,3403.65,'2022-08-25','2022-09-08 14:23:44','2022-09-08 14:23:44',NULL);
INSERT INTO `cta_cte_tesoreria_detail` VALUES (2543,192,1207,57,40718,1530,1,33970.80,'2022-08-24','2022-09-08 14:26:02','2022-09-08 14:26:02',NULL),(2544,192,1207,359,40718,1530,2,33970.80,'2022-08-24','2022-09-08 14:26:02','2022-09-08 14:26:02',NULL),(2545,192,1208,13,40718,1531,2,318330.00,'2022-09-08','2022-09-08 14:53:19','2022-09-08 14:53:19',NULL),(2546,192,1208,759,40718,1531,1,318330.00,'2022-09-08','2022-09-08 14:53:19','2022-09-08 14:53:19',NULL),(2547,192,1209,760,40718,1530,2,4930.00,'2022-08-31','2022-09-08 15:08:44','2022-09-08 15:08:44',NULL),(2548,192,1209,140,40718,1530,1,4930.00,'2022-08-31','2022-09-08 15:08:44','2022-09-08 15:08:44',NULL),(2549,192,1210,57,40718,1531,1,4000.40,'2022-09-07','2022-09-08 15:15:07','2022-09-08 15:15:07',NULL),(2550,192,1210,359,40718,1531,2,4000.40,'2022-09-07','2022-09-08 15:15:07','2022-09-08 15:15:07',NULL),(2551,192,1211,57,40718,1531,1,30032.43,'2022-09-03','2022-09-08 15:17:20','2022-09-08 15:17:20',NULL),(2552,192,1211,359,40718,1531,2,30032.43,'2022-09-03','2022-09-08 15:17:20','2022-09-08 15:17:20',NULL),(2553,192,1212,57,40718,1531,1,400.00,'2022-09-06','2022-09-08 15:26:13','2022-09-08 15:26:13',NULL),(2554,192,1212,359,40718,1531,2,400.00,'2022-09-06','2022-09-08 15:26:13','2022-09-08 15:26:13',NULL),(2555,192,1213,57,40718,1531,1,350.00,'2022-09-05','2022-09-08 15:27:41','2022-09-08 15:27:41',NULL),(2556,192,1213,359,40718,1531,2,350.00,'2022-09-05','2022-09-08 15:27:41','2022-09-08 15:27:41',NULL),(2557,192,1214,57,40718,1531,1,360.00,'2022-09-05','2022-09-08 15:30:13','2022-09-08 15:30:13',NULL),(2558,192,1214,359,40718,1531,2,360.00,'2022-09-05','2022-09-08 15:30:13','2022-09-08 15:30:13',NULL),(2559,192,1215,57,40718,1530,1,4560.37,'2022-08-09','2022-09-08 16:01:47','2022-09-08 16:01:47',NULL),(2560,192,1215,359,40718,1530,2,4560.37,'2022-08-09','2022-09-08 16:01:47','2022-09-08 16:01:47',NULL),(2561,192,1216,57,40718,1530,1,2986.56,'2022-08-12','2022-09-08 16:11:03','2022-09-08 16:11:03',NULL),(2562,192,1216,359,40718,1530,2,2986.56,'2022-08-12','2022-09-08 16:11:03','2022-09-08 16:11:03',NULL),(2563,192,1217,57,40718,1530,1,51540.00,'2022-08-13','2022-09-08 16:14:54','2022-09-08 16:14:54',NULL),(2564,192,1217,359,40718,1530,2,51540.00,'2022-08-13','2022-09-08 16:14:54','2022-09-08 16:14:54',NULL),(2565,192,1218,13,40717,40,2,18000.00,'2022-08-19','2022-09-09 09:46:32','2022-09-09 09:46:32',NULL),(2566,192,1218,758,40717,40,1,18000.00,'2022-08-19','2022-09-09 09:46:32','2022-09-09 09:46:32',NULL),(2567,192,1219,13,40717,40,2,20000.00,'2022-08-09','2022-09-09 09:47:47','2022-09-09 09:47:47',NULL),(2568,192,1219,758,40717,40,1,20000.00,'2022-08-09','2022-09-09 09:47:47','2022-09-09 09:47:47',NULL),(2569,192,1220,13,40717,40,2,35000.00,'2022-08-03','2022-09-09 09:49:05','2022-09-09 09:49:05',NULL),(2570,192,1220,758,40717,40,1,35000.00,'2022-08-03','2022-09-09 09:49:05','2022-09-09 09:49:05',NULL),(2571,192,1221,13,40718,1531,2,65500.00,'2022-09-08','2022-09-09 15:01:33','2022-09-09 15:01:33',NULL),(2572,192,1221,760,40718,1531,1,65500.00,'2022-09-08','2022-09-09 15:01:33','2022-09-09 15:01:33',NULL),(2577,192,1224,57,40718,1531,1,55000.00,'2022-09-09','2022-09-09 15:08:51','2022-09-09 15:08:51',NULL),(2578,192,1224,759,40718,1531,2,55000.00,'2022-09-09','2022-09-09 15:08:51','2022-09-09 15:08:51',NULL),(2581,192,1226,13,40718,1530,2,888610.00,'2022-08-24','2022-09-09 15:12:32','2022-09-09 15:12:32',NULL),(2582,192,1226,359,40718,1530,1,888610.00,'2022-08-24','2022-09-09 15:12:32','2022-09-09 15:12:32',NULL),(2583,192,1227,57,40718,1531,1,3050.00,'2022-09-09','2022-09-11 12:42:13','2022-09-11 12:42:13',NULL),(2584,192,1227,359,40718,1531,2,3050.00,'2022-09-09','2022-09-11 12:42:13','2022-09-11 12:42:13',NULL),(2585,192,1228,57,40718,1531,1,158170.00,'2022-09-12','2022-09-12 16:37:03','2022-09-12 16:37:03',NULL),(2586,192,1228,176,40718,1531,2,158170.00,'2022-09-12','2022-09-12 16:37:03','2022-09-12 16:37:03',NULL);

--
-- Table structure for table `ctacte_bancos`
--

CREATE TABLE `ctacte_bancos` (
  `id` int(10) unsigned NOT NULL AUTO_INCREMENT,
  `user_id` int(10) unsigned DEFAULT NULL,
  `nombre` varchar(255) COLLATE utf8mb4_unicode_ci DEFAULT NULL,
  `codigoBCRA` int(11) DEFAULT NULL,
  `created_at` timestamp NULL DEFAULT NULL,
  `updated_at` timestamp NULL DEFAULT NULL,
  `deleted_at` timestamp NULL DEFAULT NULL,
  PRIMARY KEY (`id`)
) ENGINE=InnoDB AUTO_INCREMENT=78 DEFAULT CHARSET=utf8mb4 COLLATE=utf8mb4_unicode_ci;

--
-- Dumping data for table `ctacte_bancos`
--

INSERT INTO `ctacte_bancos` VALUES (1,NULL,'BANCO DE GALICIA Y BUENOS AIRES S.A.',7,NULL,NULL,NULL),(2,NULL,'BANCO DE LA NACION ARGENTINA',11,NULL,NULL,NULL),(3,NULL,'BANCO DE LA PROVINCIA DE BUENOS AIRES',14,NULL,NULL,NULL),(4,NULL,'INDUSTRIAL AND COMMERCIAL BANK OF CHINA',15,NULL,NULL,NULL),(5,NULL,'CITIBANK N.A.',16,NULL,NULL,NULL),(6,NULL,'BBVA BANCO FRANCES S.A.',17,NULL,NULL,NULL),(7,NULL,'THE BANK OF TOKYO-MITSUBISHI UFJ, LTD.',18,NULL,NULL,NULL),(8,NULL,'BANCO DE LA PROVINCIA DE CORDOBA S.A.',20,NULL,NULL,NULL),(9,NULL,'BANCO SUPERVIELLE S.A.',27,NULL,NULL,NULL),(10,NULL,'BANCO DE LA CIUDAD DE BUENOS AIRES',29,NULL,NULL,NULL),(11,NULL,'BANCO PATAGONIA S.A.',34,NULL,NULL,NULL),(12,NULL,'BANCO HIPOTECARIO S.A.',44,NULL,NULL,NULL),(13,NULL,'BANCO DE SAN JUAN S.A.',45,NULL,NULL,NULL),(14,NULL,'BANCO DEL TUCUMAN S.A.',60,NULL,NULL,NULL),(15,NULL,'BANCO MUNICIPAL DE ROSARIO',65,NULL,NULL,NULL),(16,NULL,'BANCO SANTANDER RIO S.A.',72,NULL,NULL,NULL),(17,NULL,'BANCO DEL CHUBUT S.A.',83,NULL,NULL,NULL),(18,NULL,'BANCO DE SANTA CRUZ S.A.',86,NULL,NULL,NULL),(19,NULL,'BANCO DE LA PAMPA SOCIEDAD DE ECONOMÍA M',93,NULL,NULL,NULL),(20,NULL,'BANCO DE CORRIENTES S.A.',94,NULL,NULL,NULL),(21,NULL,'BANCO PROVINCIA DEL NEUQUÉN SOCIEDAD ANÓ',97,NULL,NULL,NULL),(22,NULL,'BANCO INTERFINANZAS S.A.',147,NULL,NULL,NULL),(23,NULL,'HSBC BANK ARGENTINA S.A.',150,NULL,NULL,NULL),(24,NULL,'JPMORGAN CHASE BANK, NATIONAL ASSOCIATIO',165,NULL,NULL,NULL),(25,NULL,'BANCO CREDICOOP COOPERATIVO LIMITADO',191,NULL,NULL,NULL),(26,NULL,'BANCO DE VALORES S.A.',198,NULL,NULL,NULL),(27,NULL,'BANCO ROELA S.A.',247,NULL,NULL,NULL),(28,NULL,'BANCO MARIVA S.A.',254,NULL,NULL,NULL),(29,NULL,'BANCO ITAU ARGENTINA S.A.',259,NULL,NULL,NULL),(30,NULL,'BANK OF AMERICA, NATIONAL ASSOCIATION',262,NULL,NULL,NULL),(31,NULL,'BNP PARIBAS',266,NULL,NULL,NULL),(32,NULL,'BANCO PROVINCIA DE TIERRA DEL FUEGO',268,NULL,NULL,NULL),(33,NULL,'BANCO DE LA REPUBLICA ORIENTAL DEL URUGU',269,NULL,NULL,NULL),(34,NULL,'BANCO SAENZ S.A.',277,NULL,NULL,NULL),(35,NULL,'BANCO MERIDIAN S.A.',281,NULL,NULL,NULL),(36,NULL,'BANCO MACRO S.A.',285,NULL,NULL,NULL),(37,NULL,'BANCO COMAFI SOCIEDAD ANONIMA',299,NULL,NULL,NULL),(38,NULL,'BANCO DE INVERSION Y COMERCIO EXTERIOR S',300,NULL,NULL,NULL),(39,NULL,'BANCO PIANO S.A.',301,NULL,NULL,NULL),(40,NULL,'BANCO JULIO SOCIEDAD ANONIMA',305,NULL,NULL,NULL),(41,NULL,'BANCO RIOJA SOCIEDAD ANONIMA UNIPERSONAL',309,NULL,NULL,NULL),(42,NULL,'BANCO DEL SOL S.A.',310,NULL,NULL,NULL),(43,NULL,'NUEVO BANCO DEL CHACO S. A.',311,NULL,NULL,NULL),(44,NULL,'BANCO VOII S.A.',312,NULL,NULL,NULL),(45,NULL,'BANCO DE FORMOSA S.A.',315,NULL,NULL,NULL),(46,NULL,'BANCO CMF S.A.',319,NULL,NULL,NULL),(47,NULL,'BANCO DE SANTIAGO DEL ESTERO S.A.',321,NULL,NULL,NULL),(48,NULL,'BANCO INDUSTRIAL S.A.',322,NULL,NULL,NULL),(49,NULL,'NUEVO BANCO DE SANTA FE SOCIEDAD ANONIMA',330,NULL,NULL,NULL),(50,NULL,'BANCO CETELEM ARGENTINA S.A.',331,NULL,NULL,NULL),(51,NULL,'BANCO DE SERVICIOS FINANCIEROS S.A.',332,NULL,NULL,NULL),(52,NULL,'BANCO BRADESCO ARGENTINA S.A.U.',336,NULL,NULL,NULL),(53,NULL,'BANCO DE SERVICIOS Y TRANSACCIONES S.A.',338,NULL,NULL,NULL),(54,NULL,'RCI BANQUE S.A.',339,NULL,NULL,NULL),(55,NULL,'BACS BANCO DE CREDITO Y SECURITIZACION S',340,NULL,NULL,NULL),(56,NULL,'BANCO MASVENTAS S.A.',341,NULL,NULL,NULL),(57,NULL,'BANCO WANAP S.A.',384,NULL,NULL,NULL),(58,NULL,'NUEVO BANCO DE ENTRE RÍOS S.A.',386,NULL,NULL,NULL),(59,NULL,'BANCO COLUMBIA S.A.',389,NULL,NULL,NULL),(60,NULL,'BANCO BICA S.A.',426,NULL,NULL,NULL),(61,NULL,'BANCO COINAG S.A.',431,NULL,NULL,NULL),(62,NULL,'BANCO DE COMERCIO S.A.',432,NULL,NULL,NULL),(63,NULL,'FORD CREDIT COMPAÑIA FINANCIERA S.A.',44059,NULL,NULL,NULL),(64,NULL,'COMPAÑIA FINANCIERA ARGENTINA S.A.',44077,NULL,NULL,NULL),(65,NULL,'VOLKWAGEN FINANCIAL SERVICES CIA.FIN.S.A',44088,NULL,NULL,NULL),(66,NULL,'CORDIAL COMPAÑÍA FINANCIERA S.A.',44090,NULL,NULL,NULL),(67,NULL,'FCA COMPAÑIA FINANCIERA S.A.',44092,NULL,NULL,NULL);
INSERT INTO `ctacte_bancos` VALUES (68,NULL,'GPAT COMPAÑIA FINANCIERA S.A.',44093,NULL,NULL,NULL),(69,NULL,'MERCEDES-BENZ COMPAÑÍA FINANCIERA ARGENT',44094,NULL,NULL,NULL),(70,NULL,'ROMBO COMPAÑÍA FINANCIERA S.A.',44095,NULL,NULL,NULL),(71,NULL,'JOHN DEERE CREDIT COMPAÑÍA FINANCIERA S.',44096,NULL,NULL,NULL),(72,NULL,'PSA FINANCE ARGENTINA COMPAÑÍA FINANCIER',44098,NULL,NULL,NULL),(73,NULL,'TOYOTA COMPAÑÍA FINANCIERA DE ARGENTINA',44099,NULL,NULL,NULL),(74,NULL,'FINANDINO COMPAÑIA FINANCIERA S.A.',44100,NULL,NULL,NULL),(75,NULL,'MONTEMAR COMPAÑIA FINANCIERA S.A.',45056,NULL,NULL,NULL),(76,NULL,'MULTIFINANZAS COMPAÑIA FINANCIERA S.A.',45072,NULL,NULL,NULL),(77,NULL,'CAJA DE CREDITO \"CUENCA\" COOPERATIVA LIM',65203,NULL,NULL,NULL);

--
-- Table structure for table `ctacte_bancos_datos`
--

CREATE TABLE `ctacte_bancos_datos` (
  `id` int(10) unsigned NOT NULL AUTO_INCREMENT,
  `cuenta_conta_id` int(10) unsigned DEFAULT NULL,
  `nombre` varchar(255) COLLATE utf8mb4_unicode_ci DEFAULT NULL,
  `cuit` varchar(255) COLLATE utf8mb4_unicode_ci DEFAULT NULL,
  `titular` varchar(255) COLLATE utf8mb4_unicode_ci DEFAULT NULL,
  `cuenta` varchar(255) COLLATE utf8mb4_unicode_ci DEFAULT NULL,
  `num_cuenta` varchar(255) COLLATE utf8mb4_unicode_ci DEFAULT NULL,
  `cbu` varchar(255) COLLATE utf8mb4_unicode_ci DEFAULT NULL,
  `alias` varchar(255) COLLATE utf8mb4_unicode_ci DEFAULT NULL,
  `status` int(11) NOT NULL DEFAULT '1',
  `created_at` timestamp NULL DEFAULT NULL,
  `updated_at` timestamp NULL DEFAULT NULL,
  PRIMARY KEY (`id`),
  KEY `ctacte_bancos_datos_cuenta_conta_id_foreign` (`cuenta_conta_id`),
  CONSTRAINT `ctacte_bancos_datos_cuenta_conta_id_foreign` FOREIGN KEY (`cuenta_conta_id`) REFERENCES `conta_plan_cuenta` (`id`)
) ENGINE=InnoDB DEFAULT CHARSET=utf8mb4 COLLATE=utf8mb4_unicode_ci;

--
-- Dumping data for table `ctacte_bancos_datos`
--


--
-- Table structure for table `ctacte_cheques`
--

CREATE TABLE `ctacte_cheques` (
  `id` int(10) unsigned NOT NULL AUTO_INCREMENT,
  `user_id` int(10) unsigned DEFAULT NULL,
  `asiento_id` varchar(191) COLLATE utf8mb4_unicode_ci DEFAULT NULL,
  `cuenta_conta_id` int(10) unsigned DEFAULT NULL,
  `cta_cte_tesoreria_cuenta_id` int(10) unsigned DEFAULT NULL,
  `cta_cte_tesoreria_id` int(10) unsigned DEFAULT NULL,
  `cta_cte_cliente_id` int(10) unsigned DEFAULT NULL,
  `cta_cte_cliente_id2` int(10) unsigned DEFAULT NULL,
  `nf_cta_cte_id2` int(10) unsigned DEFAULT NULL,
  `nf_cta_cte_id` int(10) unsigned DEFAULT NULL,
  `monto` decimal(16,2) DEFAULT NULL,
  `cheque3ros` tinyint(1) NOT NULL DEFAULT '0',
  `cheque_emitidos` tinyint(1) NOT NULL DEFAULT '0',
  `fecha` date DEFAULT NULL,
  `fecha_cobro` date DEFAULT NULL,
  `banco_id` int(10) unsigned NOT NULL,
  `person_id` int(10) unsigned DEFAULT NULL,
  `titular` varchar(255) COLLATE utf8mb4_unicode_ci DEFAULT NULL,
  `abierto_cruzado` int(11) NOT NULL DEFAULT '1',
  `numero` int(10) unsigned DEFAULT NULL,
  `foto` varchar(255) COLLATE utf8mb4_unicode_ci DEFAULT NULL,
  `comentario` varchar(255) COLLATE utf8mb4_unicode_ci DEFAULT NULL,
  `status` int(11) NOT NULL DEFAULT '1',
  `created_at` timestamp NULL DEFAULT NULL,
  `updated_at` timestamp NULL DEFAULT NULL,
  `deleted_at` timestamp NULL DEFAULT NULL,
  PRIMARY KEY (`id`),
  KEY `ctacte_cheques_asiento_id_foreign` (`asiento_id`),
  KEY `ctacte_cheques_cuenta_conta_id_foreign` (`cuenta_conta_id`),
  KEY `ctacte_cheques_banco_id_foreign` (`banco_id`),
  KEY `ctacte_cheques_person_id_foreign` (`person_id`),
  KEY `ctacte_cheques_cta_cte_cliente_id2_foreign` (`cta_cte_cliente_id2`),
  KEY `ctacte_cheques_cta_cte_cliente_id_foreign` (`cta_cte_cliente_id`),
  KEY `cta_cte_tesorer_id` (`cta_cte_tesoreria_id`),
  KEY `ctacte_cheques_nf_cta_cte_id_foreign` (`nf_cta_cte_id`),
  KEY `ctacte_cheques_nf_cta_cte_id2_foreign` (`nf_cta_cte_id2`),
  KEY `ctacte_cheques_cta_cte_tesoreria_cuenta_id_foreign` (`cta_cte_tesoreria_cuenta_id`),
  CONSTRAINT `cta_cte_tesorer_id` FOREIGN KEY (`cta_cte_tesoreria_id`) REFERENCES `cta_cte_tesoreria` (`id`),
  CONSTRAINT `ctacte_cheques_banco_id_foreign` FOREIGN KEY (`banco_id`) REFERENCES `ctacte_bancos` (`id`),
  CONSTRAINT `ctacte_cheques_cta_cte_cliente_id2_foreign` FOREIGN KEY (`cta_cte_cliente_id2`) REFERENCES `cta_cte_cliente` (`id`),
  CONSTRAINT `ctacte_cheques_cta_cte_cliente_id_foreign` FOREIGN KEY (`cta_cte_cliente_id`) REFERENCES `cta_cte_cliente` (`id`),
  CONSTRAINT `ctacte_cheques_cta_cte_tesoreria_cuenta_id_foreign` FOREIGN KEY (`cta_cte_tesoreria_cuenta_id`) REFERENCES `cta_cte_tesoreria_cuentas` (`id`),
  CONSTRAINT `ctacte_cheques_cuenta_conta_id_foreign` FOREIGN KEY (`cuenta_conta_id`) REFERENCES `conta_plan_cuenta` (`id`),
  CONSTRAINT `ctacte_cheques_nf_cta_cte_id2_foreign` FOREIGN KEY (`nf_cta_cte_id2`) REFERENCES `nf_cta_cte` (`id`),
  CONSTRAINT `ctacte_cheques_nf_cta_cte_id_foreign` FOREIGN KEY (`nf_cta_cte_id`) REFERENCES `nf_cta_cte` (`id`),
  CONSTRAINT `ctacte_cheques_person_id_foreign` FOREIGN KEY (`person_id`) REFERENCES `persons` (`id`)
) ENGINE=InnoDB AUTO_INCREMENT=96 DEFAULT CHARSET=utf8mb4 COLLATE=utf8mb4_unicode_ci;

--
-- Dumping data for table `ctacte_cheques`
--

INSERT INTO `ctacte_cheques` VALUES (1,192,NULL,NULL,NULL,NULL,NULL,NULL,NULL,1,56000.00,0,1,'2022-02-04','2022-02-24',1,40718,'Berro Eduardo Alfredo',1,69,NULL,'',1,'2022-02-07 17:20:33','2022-02-07 17:22:16','2022-02-07 17:22:16'),(2,192,NULL,NULL,NULL,NULL,19,NULL,NULL,NULL,69000.00,0,1,'2022-02-07','2022-02-07',1,40718,'Berro Eduardo Alfredo',1,69,NULL,'',1,'2022-02-07 17:23:48','2022-02-07 17:24:33','2022-02-07 17:24:33'),(3,192,NULL,NULL,NULL,270,74,NULL,NULL,NULL,14266.15,0,1,'2022-02-03','2022-02-15',1,40718,'BERRO EDUARDO ALFREDO',1,36,NULL,'',0,'2022-02-08 15:23:50','2022-03-03 08:37:01',NULL),(4,192,NULL,NULL,NULL,NULL,NULL,NULL,NULL,7,17970.27,0,1,'2022-02-04','2022-03-03',1,40718,'BERRO EDUARDO ALFREDO',1,37,NULL,'Cheque Banco Galicia ',1,'2022-02-08 15:29:21','2022-02-08 15:29:33','2022-02-08 15:29:33'),(5,192,NULL,NULL,NULL,283,75,NULL,NULL,NULL,17970.27,0,1,'2022-02-04','2022-03-03',1,40718,'BERRO EDUARDO ALFREDO',1,37,NULL,'Cheque Banco Galicia',0,'2022-02-08 15:31:02','2022-03-04 10:15:13',NULL),(6,192,NULL,NULL,NULL,428,489,NULL,NULL,NULL,49009.86,0,1,'2022-01-12','2022-02-11',6,40718,'BERRO EDUARDO ALFREDO',1,90000050,NULL,'',0,'2022-02-11 17:01:45','2022-04-01 14:23:32',NULL),(7,192,NULL,NULL,NULL,199,490,NULL,NULL,NULL,24017.03,0,1,'2022-01-24','2022-02-23',3,40718,'BERRO EDUARDO ALFREDO',1,86237771,NULL,'',0,'2022-02-11 17:06:36','2022-02-23 10:39:32',NULL),(8,192,NULL,NULL,NULL,429,534,NULL,NULL,NULL,28781.06,0,1,'2022-02-14','2022-03-03',6,40718,'BERRO EDUARDO ALFREDO',1,90000053,NULL,'',0,'2022-02-14 11:24:26','2022-04-01 14:31:02',NULL),(9,192,NULL,NULL,NULL,269,558,NULL,NULL,NULL,144595.00,1,0,'2022-01-27','2022-02-25',6,40718,'GRISMETAL SA',1,974654,NULL,'',0,'2022-02-14 17:16:44','2022-03-03 08:31:51',NULL),(10,192,NULL,NULL,NULL,468,581,NULL,NULL,NULL,14520.00,0,1,'2022-01-17','2022-03-02',1,40718,'BERRO EDUARDO ALFREDO',1,64665444,NULL,'',0,'2022-02-15 12:38:04','2022-04-08 15:55:51',NULL),(11,192,NULL,NULL,NULL,201,584,NULL,NULL,NULL,85396.96,0,1,'2022-01-20','2022-02-03',3,40718,'BERRO EDUARDO ALFREDO',1,86237769,NULL,'',0,'2022-02-15 13:59:25','2022-02-23 10:41:16',NULL),(12,192,NULL,NULL,NULL,200,584,NULL,NULL,NULL,85397.00,0,1,'2022-01-20','2022-02-08',3,40718,'BERRO EDUARDO ALFREDO',1,86237770,NULL,'',0,'2022-02-15 13:59:25','2022-02-23 10:40:17',NULL),(13,192,NULL,NULL,NULL,198,585,NULL,NULL,NULL,155295.00,0,1,'2022-02-02','2022-02-17',3,40718,'BERRO EDUARDO ALFREDO',1,86237772,NULL,'',0,'2022-02-15 14:01:26','2022-02-23 10:37:42',NULL),(14,192,NULL,NULL,NULL,NULL,606,NULL,NULL,NULL,35772.94,0,1,'2022-02-15','2022-02-28',3,40718,'BERRO EDUARDO ALFREDO',1,86237773,NULL,'',1,'2022-02-15 16:16:02','2022-02-15 16:16:02',NULL),(15,192,NULL,NULL,NULL,271,609,NULL,NULL,NULL,124108.12,0,1,'2022-01-11','2022-01-26',1,40718,'BERRO EDUARDO ALFREDO',1,64665342,NULL,'',0,'2022-02-15 17:03:14','2022-03-03 08:39:35',NULL),(16,192,NULL,NULL,NULL,466,610,NULL,NULL,NULL,21586.08,0,1,'2022-01-13','2022-02-18',6,40718,'BERRO EDUARDO ALFREDO',1,90000051,NULL,'',0,'2022-02-15 17:04:50','2022-04-08 15:32:40',NULL),(17,192,NULL,NULL,NULL,272,611,NULL,NULL,NULL,42615.09,0,1,'2022-01-28','2022-02-24',1,40718,'BERRO EDUARDO ALFREDO',1,35,NULL,'',0,'2022-02-15 17:06:16','2022-03-03 08:41:17',NULL),(18,192,NULL,NULL,NULL,NULL,614,620,NULL,NULL,97704.00,1,0,'2022-01-04','2022-01-31',23,40718,'VIDOGAR CONSTRUCCIONES SA',1,94147151,NULL,'',0,'2022-02-15 17:54:53','2022-02-16 22:58:55',NULL),(19,192,NULL,NULL,NULL,NULL,614,620,NULL,NULL,97704.00,1,0,'2022-01-04','2022-01-31',23,40718,'VIDOGAR CONSTRUCCIONES SA',1,94147152,NULL,'',0,'2022-02-15 17:54:53','2022-02-16 22:58:55',NULL),(20,192,NULL,NULL,NULL,NULL,614,620,NULL,NULL,97704.00,1,0,'2022-01-04','2022-01-31',23,40718,'VIDOGAR CONSTRUCCIONES SA',1,94147150,NULL,'',0,'2022-02-15 17:54:53','2022-02-16 22:58:55',NULL),(21,192,NULL,NULL,NULL,NULL,614,919,NULL,NULL,97704.00,1,0,'2022-01-04','2022-02-28',23,40718,'VIDOGAR CONSTRUCCIONES SA',1,94147153,NULL,'',0,'2022-02-15 17:54:53','2022-03-04 10:12:32',NULL);
INSERT INTO `ctacte_cheques` VALUES (22,192,NULL,NULL,NULL,NULL,614,624,NULL,NULL,97704.00,1,0,'2022-01-04','2022-02-28',23,40718,'VIDOGAR CONSTRUCCIONES SA',1,94147154,NULL,'',0,'2022-02-15 17:54:53','2022-02-17 09:53:03',NULL),(23,192,NULL,NULL,NULL,258,614,NULL,NULL,NULL,97704.00,1,0,'2022-01-04','2022-01-31',23,40718,'VIDOGAR CONSTRUCCIONES SA',1,94147155,NULL,'',0,'2022-02-15 17:54:53','2022-02-27 12:55:33',NULL),(24,192,NULL,NULL,NULL,NULL,614,938,NULL,NULL,97704.00,1,0,'2022-01-04','2022-02-28',23,40718,'VIDOGAR CONSTRUCCIONES SA',1,94147156,NULL,'',0,'2022-02-15 17:54:53','2022-03-08 15:01:23',NULL),(25,192,NULL,NULL,NULL,NULL,614,624,NULL,NULL,97704.10,1,0,'2022-01-04','2022-02-28',23,40718,'VIDOGAR CONSTRUCCIONES SA',1,94147157,NULL,'',0,'2022-02-15 17:54:53','2022-02-17 09:53:03',NULL),(26,192,NULL,NULL,NULL,368,681,NULL,NULL,NULL,71881.09,0,1,'2022-02-18','2022-03-18',1,40718,'BERRO EDUARDO ALFREDO',1,64665345,NULL,'',0,'2022-02-18 16:10:33','2022-03-23 10:01:08',NULL),(27,192,NULL,NULL,NULL,207,686,NULL,NULL,NULL,39222.48,0,1,'2022-01-12','2022-01-21',1,40718,'BERRO EDUARDO ALFREDO',1,64665343,NULL,'',0,'2022-02-20 12:53:53','2022-02-23 16:17:00',NULL),(28,192,NULL,NULL,NULL,NULL,717,NULL,NULL,NULL,14266.15,0,1,'2022-02-03','2022-02-15',1,40718,'BERRO EDUARDO ALFREDO',1,36,NULL,'',1,'2022-02-21 16:44:42','2022-02-21 16:45:32','2022-02-21 16:45:32'),(29,192,NULL,NULL,NULL,597,762,NULL,NULL,NULL,14520.00,0,1,'2022-02-23','2022-04-11',3,40718,'BERRO EDUARDO ALFREDO',1,86237774,NULL,'',0,'2022-02-23 16:09:34','2022-05-05 15:26:33',NULL),(30,192,NULL,NULL,NULL,NULL,771,NULL,NULL,NULL,16355.00,0,1,'2022-02-24','2022-03-11',1,40718,'BERRO EDUARDO ALFREDO',1,64665346,NULL,'',1,'2022-02-24 11:34:48','2022-02-24 11:35:11','2022-02-24 11:35:11'),(31,192,NULL,NULL,NULL,467,772,NULL,NULL,NULL,16335.00,0,1,'2022-02-24','2022-03-11',1,40718,'BERRO EDUARDO ALFREDO',1,64665346,NULL,'',0,'2022-02-24 11:36:43','2022-04-08 15:34:33',NULL),(32,192,NULL,NULL,NULL,328,915,NULL,NULL,NULL,10000.00,1,0,'2022-02-11','2022-02-11',25,40717,'TECNO KLIMA SA',1,55264022,NULL,'',0,'2022-03-04 09:45:51','2022-03-16 20:53:34',NULL),(33,192,NULL,NULL,NULL,601,1076,NULL,NULL,NULL,27500.00,0,1,'2022-03-16','2022-04-16',1,40718,'BERRO EDUARDO ALFREDO',1,64665349,NULL,'',0,'2022-03-16 12:22:24','2022-05-05 15:32:17',NULL),(34,192,NULL,NULL,NULL,598,1265,NULL,NULL,NULL,230997.35,0,1,'2022-03-23','2022-04-21',6,40718,'BERRO EDUARDO ALFREDO',1,90000054,NULL,'',0,'2022-03-23 09:20:30','2022-05-05 15:27:16',NULL),(35,192,NULL,NULL,NULL,599,1274,NULL,NULL,NULL,48180.40,0,1,'2022-03-25','2022-04-18',1,40718,'EDUARDO ALFREDO BERRO',1,64665351,NULL,'Pago Pugliese María Cecilia',0,'2022-03-25 10:56:41','2022-05-05 15:27:57',NULL),(36,192,NULL,NULL,NULL,680,1287,NULL,NULL,NULL,185113.06,1,0,'2022-03-18','2022-05-16',4,40718,'MOLINOS RIOS DE LA PLATA',1,6001358,NULL,'Cobranza Factura Nº 00003-00000029',0,'2022-03-25 16:58:37','2022-05-24 12:05:21',NULL),(37,192,NULL,NULL,NULL,NULL,1309,NULL,NULL,NULL,719209.93,0,1,'2022-03-25','2022-04-05',23,40718,'BAUTEC SA',1,882807,NULL,'',1,'2022-03-29 14:50:03','2022-03-31 10:07:03','2022-03-31 10:07:03'),(38,192,NULL,NULL,NULL,NULL,1323,NULL,NULL,NULL,14520.00,0,1,'2022-03-31','2022-05-08',1,40718,'BERRO EDUARDO ALFREDO',1,64665352,NULL,'',1,'2022-03-31 10:17:39','2022-03-31 10:17:39',NULL),(39,192,NULL,NULL,NULL,444,1329,NULL,NULL,NULL,719209.93,1,0,'2022-03-25','2022-04-05',23,40718,'BAUTEC SA',1,882807,NULL,'',0,'2022-03-31 11:54:59','2022-04-07 08:44:18',NULL),(40,192,NULL,NULL,NULL,602,1371,NULL,NULL,NULL,67618.89,0,1,'2022-04-01','2022-04-10',6,40718,'BERRO EDUARDO ALFREDO',1,90000055,NULL,'',0,'2022-04-01 09:16:28','2022-05-05 15:38:23',NULL),(41,192,NULL,NULL,NULL,443,1404,NULL,NULL,NULL,10422.94,0,1,'2022-03-18','2022-03-30',1,40718,'BERRO EDUARDO ALFREDO',1,64665350,NULL,'',0,'2022-04-06 16:57:24','2022-04-06 17:09:50',NULL);
INSERT INTO `ctacte_cheques` VALUES (42,192,NULL,NULL,NULL,613,1438,NULL,NULL,NULL,109761.98,0,1,'2022-04-08','2022-05-07',1,40718,'BERRO EDUARDO ALFREDO',1,38,NULL,'',0,'2022-04-08 14:35:29','2022-05-10 09:59:02',NULL),(43,192,NULL,NULL,NULL,716,1561,NULL,NULL,NULL,351861.81,1,0,'2022-04-13','2022-05-26',4,40718,'MOLINOS RIOS DE LA PLATA',1,30,NULL,'Factura Nº 00003-00000030',0,'2022-04-14 10:43:44','2022-06-02 11:23:16',NULL),(44,192,NULL,NULL,NULL,604,1570,NULL,NULL,NULL,26300.00,0,1,'2022-04-14','2022-04-28',1,40718,'BERRO EDUARDO ALFREDO',1,64665353,NULL,'Pago Atilio Stefanich',0,'2022-04-16 10:51:06','2022-05-06 13:49:08',NULL),(45,192,NULL,NULL,NULL,605,1570,NULL,NULL,NULL,26000.00,0,1,'2022-04-14','2022-04-28',1,40718,'BERRO EDUARDO ALFREDO',1,64665354,NULL,'Pago Atilio Stefanich',0,'2022-04-16 10:51:06','2022-05-06 13:49:37',NULL),(46,192,NULL,NULL,NULL,600,1618,NULL,NULL,NULL,50375.21,0,1,'2022-04-20','2022-04-30',1,40718,'BERRO EDUARDO ALFREDO',1,39,NULL,'Pago Alperfil S.A.',0,'2022-04-20 10:51:35','2022-05-05 15:30:53',NULL),(47,192,NULL,NULL,NULL,610,1621,NULL,NULL,NULL,76109.00,0,1,'2022-04-21','2022-05-06',1,40718,'BERRO EDUARDO ALFREDO',1,40,NULL,'Pago Templados Argentinos SA',0,'2022-04-21 11:45:56','2022-05-09 10:30:40',NULL),(48,192,NULL,NULL,NULL,614,1671,NULL,NULL,NULL,14520.00,0,1,'2022-04-28','2022-06-09',1,40718,'BERRO EDUARDO ALFREDO',1,64665357,NULL,'Pago Asetec y Asociados SRL',0,'2022-04-28 10:38:25','2022-05-10 09:59:55',NULL),(49,192,NULL,NULL,NULL,NULL,1675,NULL,NULL,NULL,106482.00,0,1,'2022-04-29','2022-05-11',23,40718,'GUERYCAR SRL',1,81392287,NULL,'Pago Guerycar S.R.L.',1,'2022-04-29 15:19:20','2022-04-29 18:03:48','2022-04-29 18:03:48'),(50,192,NULL,NULL,NULL,717,1684,NULL,NULL,NULL,151242.37,1,0,'2022-04-22','2022-05-29',4,40718,'MOLINOS RIO DE LA PLATA SA',1,6002387,NULL,'Cobranza Molinos Río de la Plata SA',0,'2022-04-29 17:50:07','2022-06-02 11:23:59',NULL),(51,192,NULL,NULL,NULL,NULL,1688,1774,NULL,NULL,106482.00,1,0,'2022-04-29','2022-05-11',23,40718,'GUERYCAR SRL',1,81392287,NULL,'Cobranza Factura Nº 00003-00001069',0,'2022-05-02 10:08:17','2022-05-12 10:43:57',NULL),(52,192,NULL,NULL,NULL,739,1718,NULL,NULL,NULL,59323.09,0,1,'2022-05-03','2022-05-21',1,40718,'BERRO EDUARDO ALFREDO',1,41,NULL,'Pago Cristales Norte SRL',0,'2022-05-03 17:57:42','2022-06-06 08:34:21',NULL),(53,192,NULL,NULL,NULL,630,1761,NULL,NULL,NULL,193096.50,0,1,'2022-05-10','2022-05-11',6,40718,'BERRO EDUARDO ALFREDO',1,90000059,NULL,'Pago Saldo Factura Alutecni SA',0,'2022-05-10 16:59:19','2022-05-12 10:41:44',NULL),(54,192,NULL,NULL,NULL,NULL,1847,NULL,NULL,NULL,24200.00,1,0,'2022-05-17','2022-05-13',4,40717,'ASOCIACION HUNGARA DE BENEFICENCIA',1,2013418,NULL,'',1,'2022-05-19 09:54:23','2022-05-19 09:54:23',NULL),(55,192,NULL,NULL,NULL,869,1848,NULL,NULL,NULL,67371.18,0,1,'2022-05-19','2022-06-03',1,40718,'BERRO EDUARDO ALFREDO',1,64665358,NULL,'Pago Metal Bosch',0,'2022-05-19 10:07:24','2022-07-01 11:43:32',NULL),(56,192,NULL,NULL,NULL,663,NULL,NULL,NULL,199,11400.00,0,1,'2022-05-02','2022-05-16',1,40718,'BERRO EDUARDO ALFREDO',1,64665355,NULL,'Pago Reparación Vehículos (Cedro Lisandro)',0,'2022-05-20 08:09:25','2022-05-20 08:10:33',NULL),(57,192,NULL,NULL,NULL,664,NULL,NULL,NULL,199,23200.00,0,1,'2022-05-02','2022-05-16',1,40718,'BERRO EDUARDO ALFREDO',1,64665356,NULL,'Pago Reparación Vehículos (Cedro Lisandro)',0,'2022-05-20 08:09:25','2022-05-20 08:11:18',NULL),(58,192,NULL,NULL,NULL,721,1915,NULL,NULL,NULL,184390.90,1,0,'2022-05-23','2022-05-26',5,40718,'COSMETICOS AVON SACI',1,105407,NULL,'Cobranza Cosméticos Avon OP Nº 22010',0,'2022-05-24 15:40:44','2022-06-03 11:10:51',NULL),(59,192,NULL,NULL,NULL,NULL,1957,NULL,NULL,NULL,17500.00,0,1,'2022-05-27','2022-05-31',3,40718,'BERRO EDUARDO ALFREDO',1,92447302,NULL,'Pago Atilio Stefanich',1,'2022-05-29 17:21:03','2022-05-29 17:21:03',NULL);
INSERT INTO `ctacte_cheques` VALUES (60,192,NULL,NULL,NULL,NULL,1964,NULL,NULL,NULL,31104.40,0,1,'2022-05-31','2022-06-30',1,40718,'BERRO EDUARDO ALFREDO',1,42,NULL,'Pago Trento Vidrios S.R.L.',1,'2022-05-31 18:09:24','2022-05-31 18:09:24',NULL),(61,192,NULL,NULL,NULL,718,1967,NULL,NULL,NULL,8200.00,0,1,'2022-05-30','2022-05-30',1,40718,'BERRO EDUARDO ALFREDO',1,64665359,NULL,'Pago Iandoli Fabio Daniel',0,'2022-06-01 11:12:33','2022-06-02 11:26:12',NULL),(62,192,NULL,NULL,NULL,NULL,1971,1973,NULL,NULL,258689.53,1,0,'2022-05-31','2022-06-14',6,40718,'GRISMETAL SA',1,90017176,NULL,'Cobranza Anticipo OP Nº 22067',0,'2022-06-01 12:09:16','2022-06-01 14:44:59',NULL),(63,192,NULL,NULL,NULL,NULL,1974,NULL,NULL,NULL,14520.00,0,1,'2022-05-31','2022-07-10',3,40718,'BERRO EDUARDO ALFREDO',1,92447303,NULL,'Pago Asetec y Asociados S.R.L.',1,'2022-06-01 16:25:06','2022-06-01 16:25:06',NULL),(64,192,NULL,NULL,NULL,NULL,1984,2220,NULL,NULL,70988.00,1,0,'2022-06-02','2022-06-20',23,40718,'GUERYCAR SRL',1,81392310,NULL,'Cobranza OP Nº 22043',0,'2022-06-02 11:06:51','2022-06-24 16:25:37',NULL),(65,192,NULL,NULL,NULL,808,2156,NULL,NULL,NULL,649050.71,1,0,'2022-06-13','2022-06-08',5,40718,'COSMETICOS AVON SA',1,106157,NULL,'Cobranza OP Nº 22001',0,'2022-06-14 10:47:46','2022-06-15 10:54:23',NULL),(66,192,NULL,NULL,NULL,NULL,2157,NULL,NULL,NULL,649050.71,1,0,'2022-06-13','2022-06-08',5,40718,'COSMETICOS AVON SA',1,106157,NULL,'Cobranza OP Nº 22001',1,'2022-06-14 10:47:52','2022-06-14 10:49:57','2022-06-14 10:49:57'),(67,192,NULL,NULL,NULL,895,2164,NULL,NULL,NULL,86516.22,0,1,'2022-06-15','2022-07-07',1,40718,'BERRO EDUARDO ALFREDO',1,43,NULL,'Pago Factura Trento Vidrios',0,'2022-06-15 16:21:17','2022-07-08 14:59:04',NULL),(68,192,NULL,NULL,NULL,1116,NULL,NULL,NULL,260,22800.00,0,1,'2022-05-30','2022-08-10',1,40718,'BERRO EDUARDO ALFREDO',1,64665362,NULL,'Pago Cuota Sindical',0,'2022-06-22 12:10:01','2022-08-19 11:34:10',NULL),(69,192,NULL,NULL,NULL,NULL,NULL,NULL,NULL,260,22826.00,0,1,'2022-05-30','2022-09-10',1,40718,'BERRO EDUARDO ALFREDO',1,64665363,NULL,'Pago Cuota Sindical',1,'2022-06-22 12:10:01','2022-06-22 12:10:01',NULL),(70,192,NULL,NULL,NULL,1117,NULL,NULL,NULL,262,5235.00,0,1,'2022-05-31','2022-08-10',1,40718,'BERRO EDUARDO ALFREDO',1,64665360,NULL,'Pago Seguro de Sepelio',0,'2022-06-22 12:17:15','2022-08-19 11:34:41',NULL),(71,192,NULL,NULL,NULL,NULL,NULL,NULL,NULL,262,5237.00,0,1,'2022-05-31','2022-09-10',1,40718,'BERRO EDUARDO ALFREDO',1,64665361,NULL,'Pago Seguro de Sepelio',1,'2022-06-22 12:17:15','2022-06-22 12:17:15',NULL),(72,192,NULL,NULL,NULL,888,2212,NULL,NULL,NULL,10589.86,0,1,'2022-06-22','2022-07-06',1,40718,'BERRO EDUARDO ALFREDO',1,44,NULL,'Pago Neto Diego',0,'2022-06-22 16:13:55','2022-07-07 10:04:22',NULL),(73,192,NULL,NULL,NULL,864,2256,NULL,NULL,NULL,41875.25,1,0,'2022-06-29','2022-06-25',5,40718,'COSMETICOS AVON SA',1,106473,NULL,'Cosméticos Avon SA',0,'2022-06-30 11:05:00','2022-06-30 11:24:04',NULL),(74,192,NULL,NULL,NULL,968,2274,NULL,NULL,NULL,14520.00,0,1,'2022-07-04','2022-07-08',1,40718,'BERRO EDUARDO ALFREDO',1,45,NULL,'Pago Asetec y Asociados',0,'2022-07-04 16:29:23','2022-08-04 15:03:37',NULL),(75,192,NULL,NULL,NULL,929,2294,NULL,NULL,NULL,29220.00,0,1,'2022-07-06','2022-07-20',1,40718,'BERRO EDUARDO ALFREDO',1,46,NULL,'Pago Coutteret Gustavo',0,'2022-07-06 11:24:28','2022-07-21 14:59:48',NULL),(76,192,NULL,NULL,NULL,NULL,2305,2306,NULL,NULL,258689.53,1,0,'2022-07-04','2022-07-18',6,40718,'GRISMETAL SA',1,90017189,NULL,'Cobranza Saldo OP Nº 22067',0,'2022-07-07 11:37:19','2022-07-07 11:38:31',NULL),(77,192,NULL,NULL,NULL,NULL,2415,2538,NULL,NULL,78650.00,1,0,'2022-07-26','2022-08-10',6,40718,'GRISMETAL SA',1,90017203,NULL,'Cobranza Grismetal SA',0,'2022-07-26 12:38:27','2022-08-04 17:32:12',NULL),(78,192,NULL,NULL,NULL,1164,2421,NULL,NULL,NULL,707245.00,1,0,'2022-07-22','2022-08-25',4,40718,'GRUPO ARKA SRL',1,2273418,NULL,'Cobranza Grupo Arka SRL',0,'2022-07-26 16:16:58','2022-08-30 10:39:39',NULL);
INSERT INTO `ctacte_cheques` VALUES (79,192,NULL,NULL,NULL,NULL,2421,2702,NULL,NULL,707245.00,1,0,'2022-07-22','2022-09-19',4,40718,'GRUPO ARKA SRL',1,2273419,NULL,'Cobranza Grupo Arka SRL',0,'2022-07-26 16:16:58','2022-08-12 14:45:03',NULL),(80,192,NULL,NULL,NULL,NULL,2432,NULL,NULL,NULL,16620.40,1,0,'2022-07-27','2022-08-08',9,40717,'SIENTICS MEDICAL GROUP SA',1,94053241,NULL,'Cobranza Ricci Norberto',1,'2022-07-27 16:34:36','2022-07-27 16:34:36',NULL),(81,192,NULL,NULL,NULL,NULL,2441,NULL,NULL,NULL,392513.40,1,0,'2022-07-27','2022-09-21',5,40718,'COSMETICOS AVON SA',1,107512,NULL,'Cobranza Cosméticos Avon S.A.',1,'2022-07-28 09:19:56','2022-07-28 09:19:56',NULL),(82,192,NULL,NULL,NULL,1051,2447,NULL,NULL,NULL,738367.28,1,0,'2022-07-27','2022-08-05',23,40718,'BAUTEC SA',1,1146807,NULL,'Cobranza Bautec SA',0,'2022-07-29 16:52:43','2022-08-11 17:15:45',NULL),(83,192,NULL,NULL,NULL,NULL,2455,NULL,NULL,NULL,220693.00,1,0,'2022-08-01','2022-09-30',23,40718,'VIDOGAR CONSTRUCCIONES SA',1,94200827,NULL,'Cobranza Vidogar Construcciones SA',1,'2022-08-02 11:28:50','2022-08-02 11:28:50',NULL),(84,192,NULL,NULL,NULL,NULL,2455,NULL,NULL,NULL,220693.80,1,0,'2022-08-01','2022-09-30',23,40718,'VIDOGAR CONSTRUCCIONES SA',1,94200828,NULL,'Cobranza Vidogar Construcciones SA',1,'2022-08-02 11:28:50','2022-08-02 11:28:50',NULL),(85,192,NULL,NULL,NULL,NULL,2607,NULL,NULL,NULL,289221.68,1,0,'2022-08-05','2022-08-11',23,40718,'BAUTEC SA',1,1235159,NULL,'Cobranza Bautec S.A.',1,'2022-08-08 10:47:36','2022-08-08 10:54:20','2022-08-08 10:54:20'),(86,192,NULL,NULL,NULL,NULL,2608,2609,NULL,NULL,289221.68,1,0,'2022-08-05','2022-08-11',23,40718,'BAUTEC SA',1,1235159,NULL,'Cobranza Bautec S.A. OP Nº 21169',0,'2022-08-08 10:57:30','2022-08-08 11:01:08',NULL),(87,192,NULL,NULL,NULL,NULL,2773,NULL,NULL,NULL,14520.00,0,1,'2022-08-16','2022-09-30',3,40718,'BERRO EDUARDO ALFREDO',1,92447304,NULL,'Pago Asetec y Asociados SRL',1,'2022-08-16 18:14:38','2022-08-16 18:14:38',NULL),(88,192,NULL,NULL,NULL,NULL,2795,NULL,NULL,NULL,160000.00,0,1,'2022-08-18','2022-08-29',1,40718,'BERRO EDUARDO ALFREDO',1,47,NULL,'Pago Trento Vidrios SRL',1,'2022-08-18 09:03:54','2022-08-18 09:03:54',NULL),(89,192,NULL,NULL,NULL,1194,2795,NULL,NULL,NULL,160000.00,0,1,'2022-08-18','2022-09-05',1,40718,'BERRO EDUARDO ALFREDO',1,48,NULL,'Pago Trento Vidrios SRL',0,'2022-08-18 09:03:54','2022-09-06 13:59:29',NULL),(90,192,NULL,NULL,NULL,NULL,2795,NULL,NULL,NULL,157646.29,0,1,'2022-08-18','2022-09-15',1,40718,'BERRO EDUARDO ALFREDO',1,49,NULL,'Pago Trento Vidrios SRL',1,'2022-08-18 09:03:54','2022-08-18 09:03:54',NULL),(91,192,NULL,NULL,NULL,NULL,2966,NULL,NULL,NULL,291220.68,1,0,'2022-08-25','2022-10-07',5,40718,'COSMETICOS AVON SA',1,108175,NULL,'Cobranza Cosméticos Avon S.A.',1,'2022-08-26 08:39:26','2022-08-26 08:39:26',NULL),(92,192,NULL,NULL,NULL,NULL,2977,2980,NULL,NULL,79569.59,1,0,'2022-08-30','2022-08-29',1,40718,'CONSTRUCTORA SIARD',1,56,NULL,'Cobranza Constructora Siard S.A.',0,'2022-08-30 10:35:05','2022-08-30 11:16:28',NULL),(93,192,NULL,NULL,NULL,NULL,2985,NULL,NULL,NULL,37852.77,0,1,'2022-08-30','2022-09-14',1,40718,'BERRO EDUARDO ALFREDO',1,50,NULL,'Pago Metal Bosch SRL',1,'2022-08-30 12:36:08','2022-08-30 12:36:08',NULL),(94,192,NULL,NULL,NULL,NULL,3000,3002,NULL,NULL,490119.87,1,0,'2022-08-31','2022-09-13',6,40718,'GRISMETAL SA',1,90017222,NULL,'Cobranza Grismetal S.A.',0,'2022-08-31 17:42:43','2022-08-31 17:55:32',NULL),(95,192,NULL,NULL,NULL,NULL,3060,3120,NULL,NULL,158170.00,1,0,'2022-09-08','2022-09-13',16,40718,'DMP Construcciones SRL',1,731,NULL,'Cobranza DMP Construcciones SRL',0,'2022-09-08 11:59:17','2022-09-12 16:37:03',NULL);

--
-- Table structure for table `ctactegastos_centrocosto`
--

CREATE TABLE `ctactegastos_centrocosto` (
  `id` int(10) unsigned NOT NULL AUTO_INCREMENT,
  `user_id` int(10) unsigned DEFAULT NULL,
  `nombre` varchar(255) COLLATE utf8mb4_unicode_ci NOT NULL,
  `created_at` timestamp NULL DEFAULT NULL,
  `updated_at` timestamp NULL DEFAULT NULL,
  `deleted_at` timestamp NULL DEFAULT NULL,
  PRIMARY KEY (`id`)
) ENGINE=InnoDB AUTO_INCREMENT=9 DEFAULT CHARSET=utf8mb4 COLLATE=utf8mb4_unicode_ci;

--
-- Dumping data for table `ctactegastos_centrocosto`
--

INSERT INTO `ctactegastos_centrocosto` VALUES (1,NULL,'OFICINA',NULL,NULL,NULL),(2,NULL,'FIJO',NULL,NULL,NULL),(3,NULL,'VARIABLE',NULL,NULL,NULL),(4,NULL,'GISELA',NULL,NULL,NULL),(5,NULL,'LIA',NULL,NULL,NULL),(6,NULL,'PADRES',NULL,NULL,NULL),(7,NULL,'CASA',NULL,NULL,NULL),(8,NULL,'VANESA',NULL,NULL,NULL);

--
-- Table structure for table `ctactegastos_cuenta_tipo`
--

CREATE TABLE `ctactegastos_cuenta_tipo` (
  `idCuentaTipo` int(10) unsigned NOT NULL AUTO_INCREMENT,
  `user_id` int(10) unsigned DEFAULT NULL,
  `cta_cte_tesoreria_cuenta_id` int(10) unsigned DEFAULT NULL,
  `idTipo` int(10) unsigned NOT NULL,
  `created_at` timestamp NULL DEFAULT NULL,
  `updated_at` timestamp NULL DEFAULT NULL,
  `deleted_at` timestamp NULL DEFAULT NULL,
  PRIMARY KEY (`idCuentaTipo`),
  KEY `ctactegastos_cuenta_tipo_idtipo_foreign` (`idTipo`),
  KEY `ctactegastos_cuenta_tipo_cta_cte_tesoreria_cuenta_id_foreign` (`cta_cte_tesoreria_cuenta_id`),
  CONSTRAINT `ctactegastos_cuenta_tipo_cta_cte_tesoreria_cuenta_id_foreign` FOREIGN KEY (`cta_cte_tesoreria_cuenta_id`) REFERENCES `cta_cte_tesoreria_cuentas` (`id`),
  CONSTRAINT `ctactegastos_cuenta_tipo_idtipo_foreign` FOREIGN KEY (`idTipo`) REFERENCES `ctactegastos_tiposdegastos` (`id`)
) ENGINE=InnoDB AUTO_INCREMENT=18 DEFAULT CHARSET=utf8mb4 COLLATE=utf8mb4_unicode_ci;

--
-- Dumping data for table `ctactegastos_cuenta_tipo`
--

INSERT INTO `ctactegastos_cuenta_tipo` VALUES (1,NULL,NULL,3,NULL,NULL,NULL),(2,NULL,NULL,6,NULL,NULL,NULL),(3,NULL,NULL,3,NULL,NULL,NULL),(4,NULL,NULL,4,NULL,NULL,NULL),(5,NULL,NULL,5,NULL,NULL,NULL),(6,NULL,NULL,3,NULL,NULL,NULL),(7,NULL,NULL,4,NULL,NULL,NULL),(8,NULL,NULL,3,NULL,NULL,NULL),(9,NULL,NULL,4,NULL,NULL,NULL),(10,NULL,NULL,7,NULL,NULL,NULL),(11,NULL,NULL,8,NULL,NULL,NULL),(12,NULL,NULL,3,NULL,NULL,NULL),(13,NULL,NULL,3,NULL,NULL,NULL),(14,NULL,NULL,4,NULL,NULL,NULL),(15,NULL,NULL,1,NULL,NULL,NULL),(16,NULL,NULL,2,NULL,NULL,NULL),(17,NULL,NULL,5,NULL,NULL,NULL);

--
-- Table structure for table `ctactegastos_mensuales`
--

CREATE TABLE `ctactegastos_mensuales` (
  `id` int(10) unsigned NOT NULL AUTO_INCREMENT,
  `user_id` int(10) unsigned DEFAULT NULL,
  `CuentaTipo_id` int(10) unsigned NOT NULL,
  `cta_cte_tesoreria_cuenta_id` int(10) unsigned NOT NULL DEFAULT '13',
  `TipoDeGasto_id` int(10) unsigned NOT NULL,
  `CentroCosto_id` int(10) unsigned NOT NULL,
  `gasto_cta_cte_tesoreria_cuenta_id` int(10) unsigned NOT NULL DEFAULT '13',
  `monto` decimal(16,2) DEFAULT NULL,
  `comentario` varchar(255) COLLATE utf8mb4_unicode_ci DEFAULT NULL,
  `status` int(11) NOT NULL DEFAULT '1',
  `created_at` timestamp NULL DEFAULT NULL,
  `updated_at` timestamp NULL DEFAULT NULL,
  `deleted_at` timestamp NULL DEFAULT NULL,
  PRIMARY KEY (`id`),
  KEY `ctactegastos_mensuales_cuentatipo_id_foreign` (`CuentaTipo_id`),
  KEY `ctactegastos_mensuales_tipodegasto_id_foreign` (`TipoDeGasto_id`),
  KEY `ctactegastos_mensuales_centrocosto_id_foreign` (`CentroCosto_id`),
  KEY `ctactegastos_mensuales_cta_cte_tesoreria_cuenta_id_foreign` (`cta_cte_tesoreria_cuenta_id`),
  KEY `ctactegastos_mensuales_gasto_cta_cte_tesoreria_cuenta_id_foreign` (`gasto_cta_cte_tesoreria_cuenta_id`),
  CONSTRAINT `ctactegastos_mensuales_centrocosto_id_foreign` FOREIGN KEY (`CentroCosto_id`) REFERENCES `ctactegastos_centrocosto` (`id`),
  CONSTRAINT `ctactegastos_mensuales_cta_cte_tesoreria_cuenta_id_foreign` FOREIGN KEY (`cta_cte_tesoreria_cuenta_id`) REFERENCES `cta_cte_tesoreria_cuentas` (`id`),
  CONSTRAINT `ctactegastos_mensuales_cuentatipo_id_foreign` FOREIGN KEY (`CuentaTipo_id`) REFERENCES `ctactegastos_cuenta_tipo` (`idCuentaTipo`),
  CONSTRAINT `ctactegastos_mensuales_gasto_cta_cte_tesoreria_cuenta_id_foreign` FOREIGN KEY (`gasto_cta_cte_tesoreria_cuenta_id`) REFERENCES `cta_cte_tesoreria_cuentas` (`id`),
  CONSTRAINT `ctactegastos_mensuales_tipodegasto_id_foreign` FOREIGN KEY (`TipoDeGasto_id`) REFERENCES `ctactegastos_tiposdegastos` (`id`)
) ENGINE=InnoDB DEFAULT CHARSET=utf8mb4 COLLATE=utf8mb4_unicode_ci;

--
-- Dumping data for table `ctactegastos_mensuales`
--


--
-- Table structure for table `ctactegastos_tiposdegastos`
--

CREATE TABLE `ctactegastos_tiposdegastos` (
  `id` int(10) unsigned NOT NULL AUTO_INCREMENT,
  `user_id` int(10) unsigned DEFAULT NULL,
  `nombre` varchar(255) COLLATE utf8mb4_unicode_ci DEFAULT NULL,
  `created_at` timestamp NULL DEFAULT NULL,
  `updated_at` timestamp NULL DEFAULT NULL,
  `deleted_at` timestamp NULL DEFAULT NULL,
  PRIMARY KEY (`id`)
) ENGINE=InnoDB AUTO_INCREMENT=11 DEFAULT CHARSET=utf8mb4 COLLATE=utf8mb4_unicode_ci;

--
-- Dumping data for table `ctactegastos_tiposdegastos`
--

INSERT INTO `ctactegastos_tiposdegastos` VALUES (1,NULL,'Oficina',NULL,NULL,NULL),(2,NULL,'Personales',NULL,NULL,NULL),(3,NULL,'Tarjeta VISA',NULL,NULL,NULL),(4,NULL,'Tarjeta Mastercard',NULL,NULL,NULL),(5,NULL,'Debito Automatico',NULL,NULL,NULL),(6,NULL,'American Express',NULL,NULL,NULL),(7,NULL,'Tarjeta Shopping',NULL,NULL,NULL),(8,NULL,'Tarjeta Cencosud',NULL,NULL,NULL),(9,NULL,'Tarjeta Coto',NULL,NULL,NULL),(10,NULL,'Tarjeta Nativa',NULL,NULL,NULL);

--
-- Table structure for table `cursos`
--

CREATE TABLE `cursos` (
  `id` int(10) unsigned NOT NULL AUTO_INCREMENT,
  `nombre` varchar(191) COLLATE utf8mb4_unicode_ci NOT NULL,
  `descripcion` longtext COLLATE utf8mb4_unicode_ci NOT NULL,
  `fecha` date DEFAULT NULL,
  `hora` varchar(191) COLLATE utf8mb4_unicode_ci DEFAULT NULL,
  `profesor` varchar(191) COLLATE utf8mb4_unicode_ci DEFAULT NULL,
  `cant_clases` varchar(191) COLLATE utf8mb4_unicode_ci DEFAULT NULL,
  `duracion` varchar(191) COLLATE utf8mb4_unicode_ci DEFAULT NULL,
  `adjuntos` varchar(191) COLLATE utf8mb4_unicode_ci DEFAULT NULL,
  `link_zoom` longtext COLLATE utf8mb4_unicode_ci,
  `cod_zoom` varchar(191) COLLATE utf8mb4_unicode_ci DEFAULT NULL,
  `contraseña_zoom` varchar(191) COLLATE utf8mb4_unicode_ci DEFAULT NULL,
  `link_youtube` varchar(191) COLLATE utf8mb4_unicode_ci DEFAULT NULL,
  `materiales` varchar(191) COLLATE utf8mb4_unicode_ci DEFAULT NULL,
  `habilitado` tinyint(1) NOT NULL DEFAULT '1',
  `created_at` timestamp NULL DEFAULT NULL,
  `updated_at` timestamp NULL DEFAULT NULL,
  `deleted_at` timestamp NULL DEFAULT NULL,
  PRIMARY KEY (`id`)
) ENGINE=InnoDB DEFAULT CHARSET=utf8mb4 COLLATE=utf8mb4_unicode_ci;

--
-- Dumping data for table `cursos`
--


--
-- Table structure for table `cursos_detail`
--

CREATE TABLE `cursos_detail` (
  `id` int(10) unsigned NOT NULL AUTO_INCREMENT,
  `curso_id` int(10) unsigned NOT NULL,
  `field_name1` varchar(191) COLLATE utf8mb4_unicode_ci NOT NULL,
  `email` varchar(191) COLLATE utf8mb4_unicode_ci NOT NULL,
  `celular` int(11) NOT NULL,
  `created_at` timestamp NULL DEFAULT NULL,
  `updated_at` timestamp NULL DEFAULT NULL,
  `deleted_at` timestamp NULL DEFAULT NULL,
  PRIMARY KEY (`id`),
  KEY `cursos_detail_curso_id_foreign` (`curso_id`),
  CONSTRAINT `cursos_detail_curso_id_foreign` FOREIGN KEY (`curso_id`) REFERENCES `cursos` (`id`)
) ENGINE=InnoDB DEFAULT CHARSET=utf8mb4 COLLATE=utf8mb4_unicode_ci;

--
-- Dumping data for table `cursos_detail`
--


--
-- Table structure for table `data_types`
--

CREATE TABLE `data_types` (
  `id` int(10) unsigned NOT NULL AUTO_INCREMENT,
  `description` varchar(180) COLLATE utf8mb4_unicode_ci NOT NULL,
  `class` int(10) unsigned NOT NULL,
  `class_description` varchar(180) COLLATE utf8mb4_unicode_ci NOT NULL,
  `data_type` varchar(100) COLLATE utf8mb4_unicode_ci NOT NULL,
  `path` varchar(255) COLLATE utf8mb4_unicode_ci DEFAULT NULL,
  `created_at` timestamp NULL DEFAULT NULL,
  `updated_at` timestamp NULL DEFAULT NULL,
  PRIMARY KEY (`id`),
  UNIQUE KEY `data_types_description_unique` (`description`)
) ENGINE=InnoDB AUTO_INCREMENT=9 DEFAULT CHARSET=utf8mb4 COLLATE=utf8mb4_unicode_ci;

--
-- Dumping data for table `data_types`
--

INSERT INTO `data_types` VALUES (1,'Comprobantes XLS',1,'Importación','XLS','data/imports/receipts/xls',NULL,NULL),(2,'CITI-Ventas',1,'Importación','TXT','data/imports/receipts/CitiVentas',NULL,NULL),(3,'CITI Compras',2,'Exportación','TXT','data/exports/receipts/citi',NULL,NULL),(4,'CITI Ventas',2,'Exportación','TXT','data/exports/receipts/CitiVentasExport',NULL,NULL),(5,'Convenio Multilateral',2,'Exportación','TXT','data/exports/receipts/convenio',NULL,NULL),(6,'Libro IVA Digital',2,'Exportación','TXT','data/exports/receipts/libro_iva_digital',NULL,'2019-11-20 21:43:44'),(7,'Mis Comprobantes',1,'Importacion','','data/imports/receipts/mis_comprobantes',NULL,NULL),(8,'Consulta AFIP',3,'AFIP','','data/afip/index','2019-12-06 14:49:55','2019-12-06 14:49:55');

--
-- Table structure for table `dc_estados`
--

CREATE TABLE `dc_estados` (
  `id` bigint(20) unsigned NOT NULL AUTO_INCREMENT,
  `user_id` int(10) unsigned DEFAULT NULL,
  `descripcion` text COLLATE utf8mb4_unicode_ci NOT NULL,
  `habilitado` tinyint(1) NOT NULL DEFAULT '1',
  `created_at` timestamp NULL DEFAULT NULL,
  `updated_at` timestamp NULL DEFAULT NULL,
  `deleted_at` timestamp NULL DEFAULT NULL,
  PRIMARY KEY (`id`)
) ENGINE=InnoDB AUTO_INCREMENT=6 DEFAULT CHARSET=utf8mb4 COLLATE=utf8mb4_unicode_ci;

--
-- Dumping data for table `dc_estados`
--

INSERT INTO `dc_estados` VALUES (1,NULL,'PEDIDO',1,NULL,NULL,NULL),(2,NULL,'ACEPTADO',1,NULL,NULL,NULL),(3,NULL,'RECHAZADO',1,NULL,NULL,NULL),(4,NULL,'PAGADO',1,NULL,NULL,NULL),(5,NULL,'CONCILIADO',1,NULL,NULL,NULL);

--
-- Table structure for table `dc_ordenes`
--

CREATE TABLE `dc_ordenes` (
  `id` bigint(20) unsigned NOT NULL AUTO_INCREMENT,
  `user_id` int(10) unsigned DEFAULT NULL,
  `dc_orden_tipo_id` bigint(20) unsigned NOT NULL,
  `person_id` int(10) unsigned NOT NULL,
  `person_id_relationed` int(10) unsigned NOT NULL,
  `numero` int(11) NOT NULL,
  `sector` varchar(191) COLLATE utf8mb4_unicode_ci DEFAULT NULL,
  `solicitante` varchar(191) COLLATE utf8mb4_unicode_ci DEFAULT NULL,
  `fecha` date NOT NULL,
  `fecha_entrega` date DEFAULT NULL,
  `cantidades` decimal(16,2) NOT NULL,
  `neto` decimal(16,2) NOT NULL,
  `iva` decimal(16,2) NOT NULL,
  `total` decimal(16,2) NOT NULL,
  `comentario` longtext COLLATE utf8mb4_unicode_ci NOT NULL,
  `dc_estado_id` bigint(20) unsigned NOT NULL,
  `conta_cc_id` bigint(20) unsigned DEFAULT NULL,
  `created_at` timestamp NULL DEFAULT NULL,
  `updated_at` timestamp NULL DEFAULT NULL,
  `deleted_at` timestamp NULL DEFAULT NULL,
  PRIMARY KEY (`id`),
  KEY `dc_ordenes_dc_orden_tipo_id_foreign` (`dc_orden_tipo_id`),
  KEY `dc_ordenes_person_id_foreign` (`person_id`),
  KEY `dc_ordenes_person_id_relationed_foreign` (`person_id_relationed`),
  KEY `dc_ordenes_dc_estado_id_foreign` (`dc_estado_id`),
  KEY `dc_ordenes_conta_cc_id_foreign` (`conta_cc_id`),
  CONSTRAINT `dc_ordenes_conta_cc_id_foreign` FOREIGN KEY (`conta_cc_id`) REFERENCES `conta_centro_costos` (`id`),
  CONSTRAINT `dc_ordenes_dc_estado_id_foreign` FOREIGN KEY (`dc_estado_id`) REFERENCES `dc_estados` (`id`),
  CONSTRAINT `dc_ordenes_dc_orden_tipo_id_foreign` FOREIGN KEY (`dc_orden_tipo_id`) REFERENCES `dc_ordenes_tipos` (`id`),
  CONSTRAINT `dc_ordenes_person_id_foreign` FOREIGN KEY (`person_id`) REFERENCES `persons` (`id`),
  CONSTRAINT `dc_ordenes_person_id_relationed_foreign` FOREIGN KEY (`person_id_relationed`) REFERENCES `persons` (`id`)
) ENGINE=InnoDB DEFAULT CHARSET=utf8mb4 COLLATE=utf8mb4_unicode_ci;

--
-- Dumping data for table `dc_ordenes`
--


--
-- Table structure for table `dc_ordenes_details`
--

CREATE TABLE `dc_ordenes_details` (
  `id` bigint(20) unsigned NOT NULL AUTO_INCREMENT,
  `user_id` int(10) unsigned DEFAULT NULL,
  `dc_orden_id` bigint(20) unsigned NOT NULL,
  `cantidades` decimal(16,2) NOT NULL,
  `inv_producto_id` bigint(20) unsigned DEFAULT NULL,
  `descripcion` varchar(191) COLLATE utf8mb4_unicode_ci DEFAULT NULL,
  `neto` decimal(16,2) NOT NULL,
  `desc_porc` decimal(16,2) DEFAULT NULL,
  `descuento` decimal(16,2) DEFAULT NULL,
  `system_tax_id` int(10) unsigned NOT NULL,
  `iva` decimal(16,2) NOT NULL,
  `subtotal` decimal(16,2) NOT NULL,
  `created_at` timestamp NULL DEFAULT NULL,
  `updated_at` timestamp NULL DEFAULT NULL,
  `deleted_at` timestamp NULL DEFAULT NULL,
  PRIMARY KEY (`id`),
  KEY `dc_ordenes_details_dc_orden_id_foreign` (`dc_orden_id`),
  KEY `dc_ordenes_details_inv_producto_id_foreign` (`inv_producto_id`),
  KEY `dc_ordenes_details_system_tax_id_foreign` (`system_tax_id`),
  CONSTRAINT `dc_ordenes_details_dc_orden_id_foreign` FOREIGN KEY (`dc_orden_id`) REFERENCES `dc_ordenes` (`id`),
  CONSTRAINT `dc_ordenes_details_inv_producto_id_foreign` FOREIGN KEY (`inv_producto_id`) REFERENCES `inv_productos` (`id`),
  CONSTRAINT `dc_ordenes_details_system_tax_id_foreign` FOREIGN KEY (`system_tax_id`) REFERENCES `system_taxes` (`id`)
) ENGINE=InnoDB DEFAULT CHARSET=utf8mb4 COLLATE=utf8mb4_unicode_ci;

--
-- Dumping data for table `dc_ordenes_details`
--


--
-- Table structure for table `dc_ordenes_facturada`
--

CREATE TABLE `dc_ordenes_facturada` (
  `id` bigint(20) unsigned NOT NULL AUTO_INCREMENT,
  `user_id` int(10) unsigned DEFAULT NULL,
  `person_id` int(10) unsigned NOT NULL,
  `dc_orden_id` bigint(20) unsigned DEFAULT NULL,
  `fact_elec_receipt_id` int(10) unsigned NOT NULL,
  `created_at` timestamp NULL DEFAULT NULL,
  `updated_at` timestamp NULL DEFAULT NULL,
  `deleted_at` timestamp NULL DEFAULT NULL,
  PRIMARY KEY (`id`),
  KEY `dc_ordenes_facturada_person_id_foreign` (`person_id`),
  KEY `dc_ordenes_facturada_dc_orden_id_foreign` (`dc_orden_id`),
  KEY `dc_ordenes_facturada_fact_elec_receipt_id_foreign` (`fact_elec_receipt_id`),
  CONSTRAINT `dc_ordenes_facturada_dc_orden_id_foreign` FOREIGN KEY (`dc_orden_id`) REFERENCES `dc_ordenes` (`id`),
  CONSTRAINT `dc_ordenes_facturada_fact_elec_receipt_id_foreign` FOREIGN KEY (`fact_elec_receipt_id`) REFERENCES `fact_elec_receipts` (`id`),
  CONSTRAINT `dc_ordenes_facturada_person_id_foreign` FOREIGN KEY (`person_id`) REFERENCES `persons` (`id`)
) ENGINE=InnoDB DEFAULT CHARSET=utf8mb4 COLLATE=utf8mb4_unicode_ci;

--
-- Dumping data for table `dc_ordenes_facturada`
--


--
-- Table structure for table `dc_ordenes_tipos`
--

CREATE TABLE `dc_ordenes_tipos` (
  `id` bigint(20) unsigned NOT NULL AUTO_INCREMENT,
  `user_id` int(10) unsigned DEFAULT NULL,
  `descripcion` text COLLATE utf8mb4_unicode_ci NOT NULL,
  `habilitado` tinyint(1) NOT NULL DEFAULT '1',
  `created_at` timestamp NULL DEFAULT NULL,
  `updated_at` timestamp NULL DEFAULT NULL,
  `deleted_at` timestamp NULL DEFAULT NULL,
  PRIMARY KEY (`id`)
) ENGINE=InnoDB AUTO_INCREMENT=4 DEFAULT CHARSET=utf8mb4 COLLATE=utf8mb4_unicode_ci;

--
-- Dumping data for table `dc_ordenes_tipos`
--

INSERT INTO `dc_ordenes_tipos` VALUES (1,NULL,'ORDEN DE COMPRAS',1,NULL,'2022-09-09 16:52:42',NULL),(2,NULL,'ORDEN DE VENTAS',1,NULL,'2022-09-09 16:52:42',NULL),(3,NULL,'PRESUPUESTO',1,NULL,NULL,NULL);

--
-- Table structure for table `deudas_impositivas`
--

CREATE TABLE `deudas_impositivas` (
  `id` int(10) unsigned NOT NULL AUTO_INCREMENT,
  `user_id` int(10) unsigned DEFAULT NULL,
  `person_id` int(10) unsigned NOT NULL,
  `vto_impuesto_id` int(10) unsigned NOT NULL,
  `periodo_deuda` varchar(191) COLLATE utf8mb4_unicode_ci DEFAULT NULL,
  `concepto` varchar(191) COLLATE utf8mb4_unicode_ci DEFAULT NULL,
  `importe` decimal(16,2) NOT NULL DEFAULT '0.00',
  `created_at` timestamp NULL DEFAULT NULL,
  `updated_at` timestamp NULL DEFAULT NULL,
  `deleted_at` timestamp NULL DEFAULT NULL,
  PRIMARY KEY (`id`),
  KEY `deudas_impositivas_vto_impuesto_id_foreign` (`vto_impuesto_id`),
  KEY `deudas_impositivas_person_id_foreign` (`person_id`),
  CONSTRAINT `deudas_impositivas_person_id_foreign` FOREIGN KEY (`person_id`) REFERENCES `persons` (`id`),
  CONSTRAINT `deudas_impositivas_vto_impuesto_id_foreign` FOREIGN KEY (`vto_impuesto_id`) REFERENCES `vto_impuestos` (`id`)
) ENGINE=InnoDB DEFAULT CHARSET=utf8mb4 COLLATE=utf8mb4_unicode_ci;

--
-- Dumping data for table `deudas_impositivas`
--


--
-- Table structure for table `ejer_anteriores`
--

CREATE TABLE `ejer_anteriores` (
  `id` int(10) unsigned NOT NULL AUTO_INCREMENT,
  `user_id` int(10) unsigned DEFAULT NULL,
  `person_id` int(10) unsigned NOT NULL,
  `anio` int(11) NOT NULL,
  `ventas` decimal(16,2) DEFAULT NULL,
  `compras` decimal(16,2) DEFAULT NULL,
  `sueldos` decimal(16,2) DEFAULT NULL,
  `impuesto` decimal(16,2) DEFAULT NULL,
  `apagar` decimal(16,2) DEFAULT NULL,
  `afavor` decimal(16,2) DEFAULT NULL,
  `comentario` varchar(255) COLLATE utf8mb4_unicode_ci DEFAULT NULL,
  `created_at` timestamp NULL DEFAULT NULL,
  `updated_at` timestamp NULL DEFAULT NULL,
  `deleted_at` timestamp NULL DEFAULT NULL,
  PRIMARY KEY (`id`),
  KEY `ejer_anteriores_person_id_foreign` (`person_id`),
  CONSTRAINT `ejer_anteriores_person_id_foreign` FOREIGN KEY (`person_id`) REFERENCES `persons` (`id`)
) ENGINE=InnoDB DEFAULT CHARSET=utf8mb4 COLLATE=utf8mb4_unicode_ci;

--
-- Dumping data for table `ejer_anteriores`
--


--
-- Table structure for table `estado_civil`
--

CREATE TABLE `estado_civil` (
  `id` int(10) unsigned NOT NULL AUTO_INCREMENT,
  `user_id` int(10) unsigned DEFAULT NULL,
  `descripcion` varchar(191) COLLATE utf8mb4_unicode_ci NOT NULL,
  `habilitado` tinyint(1) NOT NULL DEFAULT '1',
  `created_at` timestamp NULL DEFAULT NULL,
  `updated_at` timestamp NULL DEFAULT NULL,
  `deleted_at` timestamp NULL DEFAULT NULL,
  PRIMARY KEY (`id`),
  UNIQUE KEY `estado_civil_descripcion_unique` (`descripcion`)
) ENGINE=InnoDB AUTO_INCREMENT=8 DEFAULT CHARSET=utf8mb4 COLLATE=utf8mb4_unicode_ci;

--
-- Dumping data for table `estado_civil`
--

INSERT INTO `estado_civil` VALUES (1,NULL,'Separado Legal',1,'2020-05-28 20:55:23','2020-05-28 20:55:23',NULL),(2,NULL,'Separado de Hecho',1,'2020-05-28 20:55:23','2020-05-28 20:55:23',NULL),(3,NULL,'Divorciado',1,'2020-05-28 20:55:23','2020-05-28 20:55:23',NULL),(4,NULL,'Convivencia',1,'2020-05-28 20:55:23','2020-05-28 20:55:23',NULL),(5,NULL,'Soltero',1,'2020-05-28 20:55:23','2020-05-28 20:55:23',NULL),(6,NULL,'Casado',1,'2020-05-28 20:55:23','2020-05-28 20:55:23',NULL),(7,NULL,'Viudo',1,'2020-05-28 20:55:23','2020-05-28 20:55:23',NULL);

--
-- Table structure for table `fa_masiva`
--

CREATE TABLE `fa_masiva` (
  `id` int(10) unsigned NOT NULL AUTO_INCREMENT,
  `person_id` int(11) NOT NULL,
  `user_id` int(11) NOT NULL,
  `created_at` timestamp NULL DEFAULT NULL,
  `updated_at` timestamp NULL DEFAULT NULL,
  `deleted_at` timestamp NULL DEFAULT NULL,
  PRIMARY KEY (`id`)
) ENGINE=InnoDB DEFAULT CHARSET=utf8mb4 COLLATE=utf8mb4_unicode_ci;

--
-- Dumping data for table `fa_masiva`
--


--
-- Table structure for table `fa_masiva_detalle`
--

CREATE TABLE `fa_masiva_detalle` (
  `id` int(10) unsigned NOT NULL AUTO_INCREMENT,
  `user_id` int(10) unsigned DEFAULT NULL,
  `fa_masiva_id` int(11) NOT NULL,
  `cliente_id` int(11) NOT NULL,
  `tipo_comprobante_id` int(10) unsigned NOT NULL DEFAULT '1',
  `zone_id` int(10) unsigned NOT NULL DEFAULT '22',
  `activity_id` int(10) unsigned NOT NULL DEFAULT '1',
  `cond_frente_iva_id` int(10) unsigned NOT NULL DEFAULT '1',
  `system_tax_id` int(10) unsigned NOT NULL DEFAULT '1',
  `concepto_id` int(10) unsigned NOT NULL DEFAULT '1',
  `taxable_iibb` int(10) unsigned NOT NULL DEFAULT '2',
  `renglon1` varchar(180) COLLATE utf8mb4_unicode_ci DEFAULT NULL,
  `importe1` decimal(20,2) DEFAULT NULL,
  `renglon2` varchar(180) COLLATE utf8mb4_unicode_ci DEFAULT NULL,
  `importe2` decimal(20,2) DEFAULT NULL,
  `renglon3` varchar(180) COLLATE utf8mb4_unicode_ci DEFAULT NULL,
  `importe3` decimal(20,2) DEFAULT NULL,
  `punto_venta_id` int(11) DEFAULT NULL,
  `fecha_comprobante` date DEFAULT NULL,
  `fecha_facturado_desde` date DEFAULT NULL,
  `fecha_facturado_hasta` date DEFAULT NULL,
  `fecha_vencimiento_pago` date DEFAULT NULL,
  `created_at` timestamp NULL DEFAULT NULL,
  `updated_at` timestamp NULL DEFAULT NULL,
  `deleted_at` timestamp NULL DEFAULT NULL,
  PRIMARY KEY (`id`),
  KEY `fa_masiva_detalle_concepto_id_foreign` (`concepto_id`),
  KEY `fa_masiva_detalle_system_tax_id_foreign` (`system_tax_id`),
  KEY `fa_masiva_detalle_cond_frente_iva_id_foreign` (`cond_frente_iva_id`),
  KEY `fa_masiva_detalle_zone_id_foreign` (`zone_id`),
  KEY `fa_masiva_detalle_tipo_comprobante_id_foreign` (`tipo_comprobante_id`),
  KEY `fa_masiva_detalle_activity_id_foreign` (`activity_id`),
  CONSTRAINT `fa_masiva_detalle_activity_id_foreign` FOREIGN KEY (`activity_id`) REFERENCES `activities` (`id`),
  CONSTRAINT `fa_masiva_detalle_concepto_id_foreign` FOREIGN KEY (`concepto_id`) REFERENCES `fact_elec_conceptos_afip` (`id`),
  CONSTRAINT `fa_masiva_detalle_cond_frente_iva_id_foreign` FOREIGN KEY (`cond_frente_iva_id`) REFERENCES `fac_elec_cond_frente_iva` (`id`),
  CONSTRAINT `fa_masiva_detalle_system_tax_id_foreign` FOREIGN KEY (`system_tax_id`) REFERENCES `system_taxes` (`id`),
  CONSTRAINT `fa_masiva_detalle_tipo_comprobante_id_foreign` FOREIGN KEY (`tipo_comprobante_id`) REFERENCES `receipt_types` (`id`),
  CONSTRAINT `fa_masiva_detalle_zone_id_foreign` FOREIGN KEY (`zone_id`) REFERENCES `zones` (`id`)
) ENGINE=InnoDB DEFAULT CHARSET=utf8mb4 COLLATE=utf8mb4_unicode_ci;

--
-- Dumping data for table `fa_masiva_detalle`
--


--
-- Table structure for table `fa_masiva_stock`
--

CREATE TABLE `fa_masiva_stock` (
  `id` bigint(20) unsigned NOT NULL AUTO_INCREMENT,
  `user_id` int(10) unsigned DEFAULT NULL,
  `person_id` int(10) unsigned NOT NULL,
  `person_id_relationed` int(10) unsigned NOT NULL,
  `data` longtext COLLATE utf8mb4_unicode_ci,
  `created_at` timestamp NULL DEFAULT NULL,
  `updated_at` timestamp NULL DEFAULT NULL,
  `deleted_at` timestamp NULL DEFAULT NULL,
  PRIMARY KEY (`id`),
  KEY `fa_masiva_stock_person_id_foreign` (`person_id`),
  KEY `fa_masiva_stock_person_id_relationed_foreign` (`person_id_relationed`),
  CONSTRAINT `fa_masiva_stock_person_id_foreign` FOREIGN KEY (`person_id`) REFERENCES `persons` (`id`),
  CONSTRAINT `fa_masiva_stock_person_id_relationed_foreign` FOREIGN KEY (`person_id_relationed`) REFERENCES `persons` (`id`)
) ENGINE=InnoDB DEFAULT CHARSET=utf8mb4 COLLATE=utf8mb4_unicode_ci;

--
-- Dumping data for table `fa_masiva_stock`
--


--
-- Table structure for table `fac_elec_cond_frente_iva`
--

CREATE TABLE `fac_elec_cond_frente_iva` (
  `id` int(10) unsigned NOT NULL AUTO_INCREMENT,
  `name` varchar(191) COLLATE utf8mb4_unicode_ci NOT NULL,
  `created_at` timestamp NULL DEFAULT NULL,
  `updated_at` timestamp NULL DEFAULT NULL,
  `deleted_at` timestamp NULL DEFAULT NULL,
  PRIMARY KEY (`id`),
  UNIQUE KEY `fac_elec_cond_frente_iva_name_unique` (`name`)
) ENGINE=InnoDB AUTO_INCREMENT=11 DEFAULT CHARSET=utf8mb4 COLLATE=utf8mb4_unicode_ci;

--
-- Dumping data for table `fac_elec_cond_frente_iva`
--

INSERT INTO `fac_elec_cond_frente_iva` VALUES (1,'IVA Responsable Inscripto','2019-07-15 18:37:39','2019-07-15 18:37:39',NULL),(2,'IVA Sujeto Exento','2019-07-15 18:37:39','2019-07-15 18:37:39',NULL),(3,'Consumidor Final','2019-07-15 18:37:39','2019-07-15 18:37:39',NULL),(4,'Responsable Monotributo','2019-07-15 18:37:39','2019-07-15 18:37:39',NULL),(5,'Proveedor del Exterior','2019-07-15 18:37:39','2019-07-15 18:37:39',NULL),(6,'Cliente del Exterior','2019-07-15 18:37:39','2019-07-15 18:37:39',NULL),(7,'IVA Liberado - Ley Nº 19.640','2019-07-15 18:37:39','2019-07-15 18:37:39',NULL),(8,'IVA Responsable Inscripto - Agente de Percepción','2019-07-15 18:37:39','2019-07-15 18:37:39',NULL),(9,'Monotributista Social','2019-07-15 18:37:39','2019-07-15 18:37:39',NULL),(10,'IVA No Alcanzado','2019-07-15 18:37:39','2019-07-15 18:37:39',NULL);

--
-- Table structure for table `fac_elec_unidad_medidas`
--

CREATE TABLE `fac_elec_unidad_medidas` (
  `id` int(10) unsigned NOT NULL AUTO_INCREMENT,
  `name` varchar(191) COLLATE utf8mb4_unicode_ci NOT NULL,
  `created_at` timestamp NULL DEFAULT NULL,
  `updated_at` timestamp NULL DEFAULT NULL,
  `deleted_at` timestamp NULL DEFAULT NULL,
  PRIMARY KEY (`id`),
  UNIQUE KEY `fac_elec_unidad_medidas_name_unique` (`name`)
) ENGINE=InnoDB AUTO_INCREMENT=19 DEFAULT CHARSET=utf8mb4 COLLATE=utf8mb4_unicode_ci;

--
-- Dumping data for table `fac_elec_unidad_medidas`
--

INSERT INTO `fac_elec_unidad_medidas` VALUES (1,'Grs','2019-07-15 18:37:39','2019-07-15 18:37:39',NULL),(2,'Kg','2019-07-15 18:37:39','2019-07-15 18:37:39',NULL),(3,'Mts','2019-07-15 18:37:39','2019-07-15 18:37:39',NULL),(4,'Mts2','2019-07-15 18:37:39','2019-07-15 18:37:39',NULL),(5,'Mts3','2019-07-15 18:37:39','2019-07-15 18:37:39',NULL),(6,'Lts','2019-07-15 18:37:39','2019-07-15 18:37:39',NULL),(7,'1000 Kwh','2019-07-15 18:37:39','2019-07-15 18:37:39',NULL),(8,'Unidades','2019-07-15 18:37:39','2019-07-15 18:37:39',NULL),(9,'Pares','2019-07-15 18:37:39','2019-07-15 18:37:39',NULL),(10,'Doc','2019-07-15 18:37:39','2019-07-15 18:37:39',NULL),(11,'Quilates','2019-07-15 18:37:39','2019-07-15 18:37:39',NULL),(12,'Millares','2019-07-15 18:37:39','2019-07-15 18:37:39',NULL),(13,'Milimetros','2019-07-15 18:37:39','2019-07-15 18:37:39',NULL),(14,'Mm 3','2019-07-15 18:37:39','2019-07-15 18:37:39',NULL),(15,'Km','2019-07-15 18:37:39','2019-07-15 18:37:39',NULL),(16,'Hectolitros','2019-07-15 18:37:39','2019-07-15 18:37:39',NULL),(17,'Cm','2019-07-15 18:37:39','2019-07-15 18:37:39',NULL),(18,'Cm 3','2019-07-15 18:37:39','2019-07-15 18:37:39',NULL);

--
-- Table structure for table `fact_elec_conceptos_afip`
--

CREATE TABLE `fact_elec_conceptos_afip` (
  `id` int(10) unsigned NOT NULL AUTO_INCREMENT,
  `afip_comprobante_id` int(10) unsigned NOT NULL,
  `descripcion` varchar(180) COLLATE utf8mb4_unicode_ci NOT NULL,
  `created_at` timestamp NULL DEFAULT NULL,
  `updated_at` timestamp NULL DEFAULT NULL,
  PRIMARY KEY (`id`)
) ENGINE=InnoDB AUTO_INCREMENT=4 DEFAULT CHARSET=utf8mb4 COLLATE=utf8mb4_unicode_ci;

--
-- Dumping data for table `fact_elec_conceptos_afip`
--

INSERT INTO `fact_elec_conceptos_afip` VALUES (1,1,'Producto','2019-03-13 13:29:34','2019-03-13 13:29:34'),(2,2,'Servicios','2019-03-13 13:29:34','2019-03-13 13:29:34'),(3,3,'Productos y Servicios','2019-03-13 13:29:34','2019-03-13 13:29:34');

--
-- Table structure for table `fact_elec_perc_ret`
--

CREATE TABLE `fact_elec_perc_ret` (
  `id` int(10) unsigned NOT NULL AUTO_INCREMENT,
  `user_id` int(10) unsigned DEFAULT NULL,
  `descripcion` varchar(191) COLLATE utf8mb4_unicode_ci NOT NULL,
  `codigo_afip` int(10) unsigned NOT NULL,
  `other_tax_id` int(10) unsigned NOT NULL,
  `habilitado` tinyint(1) NOT NULL DEFAULT '1',
  `created_at` timestamp NULL DEFAULT NULL,
  `updated_at` timestamp NULL DEFAULT NULL,
  `deleted_at` timestamp NULL DEFAULT NULL,
  PRIMARY KEY (`id`),
  KEY `fact_elec_perc_ret_other_tax_id_foreign` (`other_tax_id`),
  CONSTRAINT `fact_elec_perc_ret_other_tax_id_foreign` FOREIGN KEY (`other_tax_id`) REFERENCES `other_taxes` (`id`)
) ENGINE=InnoDB AUTO_INCREMENT=6 DEFAULT CHARSET=utf8mb4 COLLATE=utf8mb4_unicode_ci;

--
-- Dumping data for table `fact_elec_perc_ret`
--

INSERT INTO `fact_elec_perc_ret` VALUES (1,NULL,'Per./Ret de Imp. a las Ganancias',1,1032,1,NULL,NULL,NULL),(2,NULL,'Per./Ret de IVA',1,1000,1,NULL,NULL,NULL),(3,NULL,'Per./Ret de IIBB',2,1006,1,NULL,NULL,NULL),(4,NULL,'Impuestos Internos',4,1001,1,NULL,NULL,NULL),(5,NULL,'Impuestos Municipales',3,1031,1,NULL,NULL,NULL);

--
-- Table structure for table `fact_elec_perc_ret_details`
--

CREATE TABLE `fact_elec_perc_ret_details` (
  `id` bigint(20) unsigned NOT NULL AUTO_INCREMENT,
  `user_id` int(10) unsigned DEFAULT NULL,
  `fact_elec_perc_ret_id` int(10) unsigned NOT NULL,
  `person_id` int(10) unsigned NOT NULL,
  `fact_elec_receipt_id` int(10) unsigned NOT NULL,
  `detalle` varchar(191) COLLATE utf8mb4_unicode_ci DEFAULT NULL,
  `zone_id` int(10) unsigned DEFAULT NULL,
  `base_imponible` decimal(16,2) DEFAULT NULL,
  `alicuota` decimal(16,2) DEFAULT NULL,
  `importe` decimal(16,2) DEFAULT NULL,
  `created_at` timestamp NULL DEFAULT NULL,
  `updated_at` timestamp NULL DEFAULT NULL,
  `deleted_at` timestamp NULL DEFAULT NULL,
  PRIMARY KEY (`id`),
  KEY `fact_elec_perc_ret_details_fact_elec_perc_ret_id_foreign` (`fact_elec_perc_ret_id`),
  KEY `fact_elec_perc_ret_details_person_id_foreign` (`person_id`),
  KEY `fact_elec_perc_ret_details_fact_elec_receipt_id_foreign` (`fact_elec_receipt_id`),
  KEY `fact_elec_perc_ret_details_zone_id_foreign` (`zone_id`),
  CONSTRAINT `fact_elec_perc_ret_details_fact_elec_perc_ret_id_foreign` FOREIGN KEY (`fact_elec_perc_ret_id`) REFERENCES `fact_elec_perc_ret` (`id`),
  CONSTRAINT `fact_elec_perc_ret_details_fact_elec_receipt_id_foreign` FOREIGN KEY (`fact_elec_receipt_id`) REFERENCES `fact_elec_receipts` (`id`),
  CONSTRAINT `fact_elec_perc_ret_details_person_id_foreign` FOREIGN KEY (`person_id`) REFERENCES `persons` (`id`),
  CONSTRAINT `fact_elec_perc_ret_details_zone_id_foreign` FOREIGN KEY (`zone_id`) REFERENCES `zones` (`id`)
) ENGINE=InnoDB DEFAULT CHARSET=utf8mb4 COLLATE=utf8mb4_unicode_ci;

--
-- Dumping data for table `fact_elec_perc_ret_details`
--


--
-- Table structure for table `fact_elec_puntos_venta`
--

CREATE TABLE `fact_elec_puntos_venta` (
  `id` int(10) unsigned NOT NULL AUTO_INCREMENT,
  `user_id` int(10) unsigned DEFAULT NULL,
  `direccion` varchar(180) COLLATE utf8mb4_unicode_ci NOT NULL,
  `created_at` timestamp NULL DEFAULT NULL,
  `updated_at` timestamp NULL DEFAULT NULL,
  `person_id` int(10) unsigned NOT NULL,
  `codigo` varchar(255) COLLATE utf8mb4_unicode_ci DEFAULT '0000',
  `codigo_postal` varchar(20) COLLATE utf8mb4_unicode_ci DEFAULT NULL,
  `zone_id` int(11) DEFAULT NULL,
  `logo` varchar(191) COLLATE utf8mb4_unicode_ci DEFAULT NULL,
  `habilitado` tinyint(1) NOT NULL DEFAULT '1',
  `deleted_at` timestamp NULL DEFAULT NULL,
  PRIMARY KEY (`id`),
  KEY `fact_elec_puntos_venta_person_id_foreign` (`person_id`),
  CONSTRAINT `fact_elec_puntos_venta_person_id_foreign` FOREIGN KEY (`person_id`) REFERENCES `persons` (`id`)
) ENGINE=InnoDB AUTO_INCREMENT=4 DEFAULT CHARSET=utf8mb4 COLLATE=utf8mb4_unicode_ci;

--
-- Dumping data for table `fact_elec_puntos_venta`
--

INSERT INTO `fact_elec_puntos_venta` VALUES (1,192,'Martín Rodríguez 1701','2022-02-07 14:48:10','2022-02-07 14:50:14',40718,'3','1607',23,'img//23082539719/logo_punto_venta_0000.bmp',1,NULL),(3,192,'Martín Rodríguez 1701 Piso 1','2022-02-07 20:56:22','2022-02-07 20:56:49',40717,'3','1607',23,NULL,1,NULL);

--
-- Table structure for table `fact_elec_receipt_details`
--

CREATE TABLE `fact_elec_receipt_details` (
  `id` int(10) unsigned NOT NULL AUTO_INCREMENT,
  `user_id` int(10) unsigned DEFAULT NULL,
  `fact_elec_receipt_id` int(10) unsigned NOT NULL,
  `descripcion` text COLLATE utf8mb4_unicode_ci NOT NULL,
  `cantidad` decimal(20,2) NOT NULL,
  `unidad_medida` text COLLATE utf8mb4_unicode_ci,
  `precio_unitario` decimal(20,2) NOT NULL,
  `neto_gravado` decimal(20,2) NOT NULL,
  `bonificacion_porcentaje` decimal(20,2) DEFAULT NULL,
  `bonificacion_monto` decimal(20,2) DEFAULT NULL,
  `bonificacion_subtotal` decimal(20,2) DEFAULT NULL,
  `system_tax_id` int(10) unsigned NOT NULL DEFAULT '1',
  `iva_monto` decimal(20,2) DEFAULT NULL,
  `iva_subtotal` decimal(20,2) DEFAULT NULL,
  `created_at` timestamp NULL DEFAULT NULL,
  `updated_at` timestamp NULL DEFAULT NULL,
  `codigo` varchar(100) COLLATE utf8mb4_unicode_ci DEFAULT NULL,
  `deleted_at` timestamp NULL DEFAULT NULL,
  PRIMARY KEY (`id`),
  KEY `fact_elec_receipt_details_fact_elec_receipt_id_foreign` (`fact_elec_receipt_id`),
  KEY `fact_elec_receipt_details_system_tax_id_foreign` (`system_tax_id`),
  CONSTRAINT `fact_elec_receipt_details_fact_elec_receipt_id_foreign` FOREIGN KEY (`fact_elec_receipt_id`) REFERENCES `fact_elec_receipts` (`id`),
  CONSTRAINT `fact_elec_receipt_details_system_tax_id_foreign` FOREIGN KEY (`system_tax_id`) REFERENCES `system_taxes` (`id`)
) ENGINE=InnoDB DEFAULT CHARSET=utf8mb4 COLLATE=utf8mb4_unicode_ci;

--
-- Dumping data for table `fact_elec_receipt_details`
--


--
-- Table structure for table `fact_elec_receipts`
--

CREATE TABLE `fact_elec_receipts` (
  `id` int(10) unsigned NOT NULL AUTO_INCREMENT,
  `user_id` int(11) DEFAULT NULL,
  `fecha_comprobante` date NOT NULL,
  `fecha_facturado_desde` date DEFAULT NULL,
  `fecha_facturado_hasta` date DEFAULT NULL,
  `fecha_vencimiento_pago` date DEFAULT NULL,
  `concepto_id` int(10) unsigned NOT NULL,
  `punto_venta_id` int(10) unsigned NOT NULL,
  `tipo_comprobante_id` int(10) unsigned NOT NULL,
  `condiciones_venta` varchar(180) COLLATE utf8mb4_unicode_ci NOT NULL,
  `comprobante_asoc` longtext COLLATE utf8mb4_unicode_ci,
  `created_at` timestamp NULL DEFAULT NULL,
  `updated_at` timestamp NULL DEFAULT NULL,
  `cae` varchar(180) COLLATE utf8mb4_unicode_ci DEFAULT NULL,
  `cae_vencimiento` date DEFAULT NULL,
  `nro_comprobante_afip` varchar(191) COLLATE utf8mb4_unicode_ci DEFAULT NULL,
  `fecha_proceso_afip` varchar(191) COLLATE utf8mb4_unicode_ci DEFAULT NULL,
  `person_id` int(10) unsigned NOT NULL,
  `person_id_receptor` int(10) unsigned NOT NULL,
  `condicion_venta_id` int(11) DEFAULT NULL,
  `cond_frente_iva_id` int(10) unsigned NOT NULL DEFAULT '1',
  `cbu` varchar(191) COLLATE utf8mb4_unicode_ci DEFAULT NULL,
  `opcion_transferencia` longtext COLLATE utf8mb4_unicode_ci,
  `referencia` text COLLATE utf8mb4_unicode_ci,
  `alias_cbu` varchar(191) COLLATE utf8mb4_unicode_ci DEFAULT NULL,
  `total_otros_tributos` decimal(16,2) DEFAULT '0.00',
  `total` decimal(16,2) NOT NULL DEFAULT '0.00',
  `deleted_at` timestamp NULL DEFAULT NULL,
  PRIMARY KEY (`id`),
  KEY `fact_elec_receipts_user_id_foreign` (`user_id`),
  KEY `fact_elec_receipts_punto_venta_id_foreign` (`punto_venta_id`),
  KEY `fact_elec_receipts_tipo_comprobante_id_foreign` (`tipo_comprobante_id`),
  KEY `fact_elec_receipts_person_id_foreign` (`person_id`),
  KEY `fact_elec_receipts_person_id_receptor_foreign` (`person_id_receptor`),
  KEY `fact_elec_receipts_cond_frente_iva_id_foreign` (`cond_frente_iva_id`),
  CONSTRAINT `fact_elec_receipts_cond_frente_iva_id_foreign` FOREIGN KEY (`cond_frente_iva_id`) REFERENCES `condicion_frente_al_iva` (`id`),
  CONSTRAINT `fact_elec_receipts_person_id_foreign` FOREIGN KEY (`person_id`) REFERENCES `persons` (`id`),
  CONSTRAINT `fact_elec_receipts_person_id_receptor_foreign` FOREIGN KEY (`person_id_receptor`) REFERENCES `persons` (`id`),
  CONSTRAINT `fact_elec_receipts_punto_venta_id_foreign` FOREIGN KEY (`punto_venta_id`) REFERENCES `fact_elec_puntos_venta` (`id`),
  CONSTRAINT `fact_elec_receipts_tipo_comprobante_id_foreign` FOREIGN KEY (`tipo_comprobante_id`) REFERENCES `receipt_types` (`id`)
) ENGINE=InnoDB DEFAULT CHARSET=utf8mb4 COLLATE=utf8mb4_unicode_ci;

--
-- Dumping data for table `fact_elec_receipts`
--


--
-- Table structure for table `fact_elec_tipos_docs_afip`
--

CREATE TABLE `fact_elec_tipos_docs_afip` (
  `id` int(10) unsigned NOT NULL AUTO_INCREMENT,
  `afip_tipo_doc_id` int(10) unsigned NOT NULL,
  `descripcion` varchar(180) COLLATE utf8mb4_unicode_ci NOT NULL,
  `created_at` timestamp NULL DEFAULT NULL,
  `updated_at` timestamp NULL DEFAULT NULL,
  PRIMARY KEY (`id`)
) ENGINE=InnoDB AUTO_INCREMENT=100 DEFAULT CHARSET=utf8mb4 COLLATE=utf8mb4_unicode_ci;

--
-- Dumping data for table `fact_elec_tipos_docs_afip`
--

INSERT INTO `fact_elec_tipos_docs_afip` VALUES (1,1,'CI Buenos Aires','2019-03-13 13:29:34','2019-03-13 13:29:34'),(2,2,'CI Catamarca','2019-03-13 13:29:34','2019-03-13 13:29:34'),(3,3,'CI Córdoba','2019-03-13 13:29:34','2019-03-13 13:29:34'),(4,4,'CI Corrientes','2019-03-13 13:29:34','2019-03-13 13:29:34'),(5,5,'CI Entre Ríos','2019-03-13 13:29:34','2019-03-13 13:29:34'),(6,6,'CI Jujuy','2019-03-13 13:29:34','2019-03-13 13:29:34'),(7,7,'CI Mendoza','2019-03-13 13:29:34','2019-03-13 13:29:34'),(8,8,'CI La Rioja','2019-03-13 13:29:34','2019-03-13 13:29:34'),(9,9,'CI Salta','2019-03-13 13:29:34','2019-03-13 13:29:34'),(10,10,'CI San Juan','2019-03-13 13:29:34','2019-03-13 13:29:34'),(11,11,'CI San Luis','2019-03-13 13:29:34','2019-03-13 13:29:34'),(12,12,'CI Santa Fe','2019-03-13 13:29:34','2019-03-13 13:29:34'),(13,13,'CI Santiago del Estero','2019-03-13 13:29:34','2019-03-13 13:29:34'),(14,14,'CI Tucumán','2019-03-13 13:29:34','2019-03-13 13:29:34'),(16,16,'CI Chaco','2019-03-13 13:29:34','2019-03-13 13:29:34'),(17,17,'CI Chubut','2019-03-13 13:29:34','2019-03-13 13:29:34'),(18,18,'CI Formosa','2019-03-13 13:29:34','2019-03-13 13:29:34'),(19,19,'CI Misiones','2019-03-13 13:29:34','2019-03-13 13:29:34'),(20,20,'CI Neuquén','2019-03-13 13:29:34','2019-03-13 13:29:34'),(21,21,'CI La Pampa','2019-03-13 13:29:34','2019-03-13 13:29:34'),(22,22,'CI Río Negro','2019-03-13 13:29:34','2019-03-13 13:29:34'),(23,23,'CI Santa Cruz','2019-03-13 13:29:34','2019-03-13 13:29:34'),(24,24,'CI Tierra del Fuego','2019-03-13 13:29:34','2019-03-13 13:29:34'),(80,80,'CUIT','2019-03-13 13:29:34','2019-03-13 13:29:34'),(86,86,'CUIL','2019-03-13 13:29:34','2019-03-13 13:29:34'),(87,87,'CDI','2019-03-13 13:29:34','2019-03-13 13:29:34'),(89,89,'LE','2019-03-13 13:29:34','2019-03-13 13:29:34'),(90,90,'LC','2019-03-13 13:29:34','2019-03-13 13:29:34'),(91,91,'CI Extranjera','2019-03-13 13:29:34','2019-03-13 13:29:34'),(92,92,'en trámite','2019-03-13 13:29:34','2019-03-13 13:29:34'),(93,93,'Acta Nacimiento','2019-03-13 13:29:34','2019-03-13 13:29:34'),(94,94,'Pasaporte','2019-03-13 13:29:34','2019-03-13 13:29:34'),(95,95,'CI Bs. As. RNP','2019-03-13 13:29:34','2019-03-13 13:29:34'),(96,96,'DNI','2019-03-13 13:29:34','2019-03-13 13:29:34'),(97,0,'CI Policía Federal','2019-03-13 13:29:34','2019-03-13 13:29:34'),(99,99,'Doc. (Otro)','2019-03-13 13:29:34','2019-03-13 13:29:34');

--
-- Table structure for table `failed_jobs`
--

CREATE TABLE `failed_jobs` (
  `id` bigint(20) unsigned NOT NULL AUTO_INCREMENT,
  `user_id` int(10) unsigned DEFAULT NULL,
  `connection` text COLLATE utf8mb4_unicode_ci NOT NULL,
  `queue` text COLLATE utf8mb4_unicode_ci NOT NULL,
  `payload` longtext COLLATE utf8mb4_unicode_ci NOT NULL,
  `exception` longtext COLLATE utf8mb4_unicode_ci NOT NULL,
  `failed_at` timestamp NOT NULL DEFAULT CURRENT_TIMESTAMP,
  `deleted_at` timestamp NULL DEFAULT NULL,
  PRIMARY KEY (`id`)
) ENGINE=InnoDB AUTO_INCREMENT=2 DEFAULT CHARSET=utf8mb4 COLLATE=utf8mb4_unicode_ci;

--
-- Dumping data for table `failed_jobs`
--

INSERT INTO `failed_jobs` VALUES (1,NULL,'finance','finance','{\"uuid\":\"6a7f9ba2-3fa0-46fa-9d9c-f64c637f42d5\",\"displayName\":\"App\\\\Jobs\\\\QueueGenerica\",\"job\":\"Illuminate\\\\Queue\\\\CallQueuedHandler@call\",\"maxTries\":null,\"maxExceptions\":null,\"delay\":null,\"timeout\":null,\"timeoutAt\":null,\"data\":{\"commandName\":\"App\\\\Jobs\\\\QueueGenerica\",\"command\":\"O:22:\\\"App\\\\Jobs\\\\QueueGenerica\\\":9:{s:28:\\\"\\u0000App\\\\Jobs\\\\QueueGenerica\\u0000data\\\";O:29:\\\"Illuminate\\\\Support\\\\Collection\\\":5:{s:8:\\\"\\u0000*\\u0000items\\\";a:0:{}s:11:\\\"controlador\\\";s:53:\\\"\\\\App\\\\Http\\\\Controllers\\\\Taxes\\\\BOTCopiarEnAfipController\\\";s:6:\\\"metodo\\\";s:26:\\\"Execute_Bot_Copiar_en_Afip\\\";s:12:\\\"metodo_error\\\";s:15:\\\"error_queue_bot\\\";s:9:\\\"variables\\\";O:29:\\\"Illuminate\\\\Support\\\\Collection\\\":7:{s:8:\\\"\\u0000*\\u0000items\\\";a:0:{}s:4:\\\"user\\\";O:8:\\\"App\\\\User\\\":28:{s:13:\\\"\\u0000*\\u0000connection\\\";s:9:\\\"seguridad\\\";s:8:\\\"\\u0000*\\u0000table\\\";s:6:\\\"tusers\\\";s:13:\\\"\\u0000*\\u0000primaryKey\\\";s:6:\\\"idUser\\\";s:11:\\\"\\u0000*\\u0000fillable\\\";a:12:{i:0;s:6:\\\"nombre\\\";i:1;s:9:\\\"loginUser\\\";i:2;s:9:\\\"emailUser\\\";i:3;s:5:\\\"clave\\\";i:4;s:9:\\\"claveUser\\\";i:5;s:10:\\\"statusUser\\\";i:6;s:12:\\\"user_type_id\\\";i:7;s:5:\\\"firma\\\";i:8;s:15:\\\"suscrip_plan_id\\\";i:9;s:7:\\\"importe\\\";i:10;s:6:\\\"avatar\\\";i:11;s:18:\\\"es_empresa_externa\\\";}s:9:\\\"\\u0000*\\u0000hidden\\\";a:4:{i:0;s:8:\\\"password\\\";i:1;s:14:\\\"remember_token\\\";i:2;s:9:\\\"claveUser\\\";i:3;s:5:\\\"clave\\\";}s:10:\\\"\\u0000*\\u0000keyType\\\";s:3:\\\"int\\\";s:12:\\\"incrementing\\\";b:1;s:7:\\\"\\u0000*\\u0000with\\\";a:0:{}s:12:\\\"\\u0000*\\u0000withCount\\\";a:0:{}s:10:\\\"\\u0000*\\u0000perPage\\\";i:15;s:6:\\\"exists\\\";b:1;s:18:\\\"wasRecentlyCreated\\\";b:0;s:13:\\\"\\u0000*\\u0000attributes\\\";a:17:{s:6:\\\"idUser\\\";i:192;s:6:\\\"nombre\\\";s:5:\\\"Dario\\\";s:9:\\\"loginUser\\\";s:22:\\\"darioberro@hotmail.com\\\";s:9:\\\"emailUser\\\";s:22:\\\"darioberro@hotmail.com\\\";s:5:\\\"clave\\\";s:11:\\\"20270938931\\\";s:9:\\\"claveUser\\\";s:60:\\\"$2y$10$x3VbfUTClyb9UxWKyhLBiezUza7CzH38pTbAETvBXjqgzzE0yqmty\\\";s:5:\\\"firma\\\";N;s:6:\\\"avatar\\\";N;s:10:\\\"statusUser\\\";i:1;s:14:\\\"remember_token\\\";N;s:10:\\\"created_at\\\";s:19:\\\"2020-06-20 10:25:11\\\";s:10:\\\"updated_at\\\";s:19:\\\"2022-02-07 11:36:30\\\";s:12:\\\"user_type_id\\\";i:1;s:18:\\\"es_empresa_externa\\\";i:0;s:15:\\\"suscrip_plan_id\\\";i:2;s:7:\\\"importe\\\";s:7:\\\"2500.00\\\";s:6:\\\"person\\\";O:17:\\\"App\\\\Models\\\\Person\\\":27:{s:10:\\\"\\u0000*\\u0000guarded\\\";a:0:{}s:8:\\\"\\u0000*\\u0000table\\\";s:7:\\\"persons\\\";s:13:\\\"\\u0000*\\u0000connection\\\";s:9:\\\"seguridad\\\";s:13:\\\"\\u0000*\\u0000primaryKey\\\";s:2:\\\"id\\\";s:10:\\\"\\u0000*\\u0000keyType\\\";s:3:\\\"int\\\";s:12:\\\"incrementing\\\";b:1;s:7:\\\"\\u0000*\\u0000with\\\";a:0:{}s:12:\\\"\\u0000*\\u0000withCount\\\";a:0:{}s:10:\\\"\\u0000*\\u0000perPage\\\";i:15;s:6:\\\"exists\\\";b:1;s:18:\\\"wasRecentlyCreated\\\";b:0;s:13:\\\"\\u0000*\\u0000attributes\\\";a:20:{s:2:\\\"id\\\";i:41661;s:7:\\\"user_id\\\";i:1;s:11:\\\"field_name1\\\";s:11:\\\"Berro Dario\\\";s:11:\\\"field_name2\\\";N;s:13:\\\"document_type\\\";s:4:\\\"cuit\\\";s:8:\\\"document\\\";s:13:\\\"20-27093893-1\\\";s:10:\\\"country_id\\\";N;s:8:\\\"state_id\\\";N;s:7:\\\"zone_id\\\";N;s:14:\\\"plan_cuenta_id\\\";N;s:20:\\\"iva_creditos_tipo_id\\\";N;s:10:\\\"created_at\\\";s:19:\\\"2020-06-20 10:24:43\\\";s:10:\\\"updated_at\\\";s:19:\\\"2020-06-20 10:24:43\\\";s:11:\\\"activity_id\\\";N;s:7:\\\"address\\\";N;s:14:\\\"person_type_id\\\";i:1;s:19:\\\"fa_iva_condition_id\\\";N;s:16:\\\"fa_codigo_postal\\\";N;s:5:\\\"email\\\";N;s:10:\\\"deleted_at\\\";N;}s:11:\\\"\\u0000*\\u0000original\\\";a:20:{s:2:\\\"id\\\";i:41661;s:7:\\\"user_id\\\";i:1;s:11:\\\"field_name1\\\";s:11:\\\"Berro Dario\\\";s:11:\\\"field_name2\\\";N;s:13:\\\"document_type\\\";s:4:\\\"cuit\\\";s:8:\\\"document\\\";s:13:\\\"20-27093893-1\\\";s:10:\\\"country_id\\\";N;s:8:\\\"state_id\\\";N;s:7:\\\"zone_id\\\";N;s:14:\\\"plan_cuenta_id\\\";N;s:20:\\\"iva_creditos_tipo_id\\\";N;s:10:\\\"created_at\\\";s:19:\\\"2020-06-20 10:24:43\\\";s:10:\\\"updated_at\\\";s:19:\\\"2020-06-20 10:24:43\\\";s:11:\\\"activity_id\\\";N;s:7:\\\"address\\\";N;s:14:\\\"person_type_id\\\";i:1;s:19:\\\"fa_iva_condition_id\\\";N;s:16:\\\"fa_codigo_postal\\\";N;s:5:\\\"email\\\";N;s:10:\\\"deleted_at\\\";N;}s:10:\\\"\\u0000*\\u0000changes\\\";a:0:{}s:8:\\\"\\u0000*\\u0000casts\\\";a:0:{}s:17:\\\"\\u0000*\\u0000classCastCache\\\";a:0:{}s:8:\\\"\\u0000*\\u0000dates\\\";a:0:{}s:13:\\\"\\u0000*\\u0000dateFormat\\\";N;s:10:\\\"\\u0000*\\u0000appends\\\";a:0:{}s:19:\\\"\\u0000*\\u0000dispatchesEvents\\\";a:0:{}s:14:\\\"\\u0000*\\u0000observables\\\";a:0:{}s:12:\\\"\\u0000*\\u0000relations\\\";a:0:{}s:10:\\\"\\u0000*\\u0000touches\\\";a:0:{}s:10:\\\"timestamps\\\";b:1;s:9:\\\"\\u0000*\\u0000hidden\\\";a:0:{}s:10:\\\"\\u0000*\\u0000visible\\\";a:0:{}s:11:\\\"\\u0000*\\u0000fillable\\\";a:0:{}}}s:11:\\\"\\u0000*\\u0000original\\\";a:16:{s:6:\\\"idUser\\\";i:192;s:6:\\\"nombre\\\";s:5:\\\"Dario\\\";s:9:\\\"loginUser\\\";s:22:\\\"darioberro@hotmail.com\\\";s:9:\\\"emailUser\\\";s:22:\\\"darioberro@hotmail.com\\\";s:5:\\\"clave\\\";s:11:\\\"20270938931\\\";s:9:\\\"claveUser\\\";s:60:\\\"$2y$10$x3VbfUTClyb9UxWKyhLBiezUza7CzH38pTbAETvBXjqgzzE0yqmty\\\";s:5:\\\"firma\\\";N;s:6:\\\"avatar\\\";N;s:10:\\\"statusUser\\\";i:1;s:14:\\\"remember_token\\\";N;s:10:\\\"created_at\\\";s:19:\\\"2020-06-20 10:25:11\\\";s:10:\\\"updated_at\\\";s:19:\\\"2022-02-07 11:36:30\\\";s:12:\\\"user_type_id\\\";i:1;s:18:\\\"es_empresa_externa\\\";i:0;s:15:\\\"suscrip_plan_id\\\";i:2;s:7:\\\"importe\\\";s:7:\\\"2500.00\\\";}s:10:\\\"\\u0000*\\u0000changes\\\";a:0:{}s:8:\\\"\\u0000*\\u0000casts\\\";a:0:{}s:17:\\\"\\u0000*\\u0000classCastCache\\\";a:0:{}s:8:\\\"\\u0000*\\u0000dates\\\";a:0:{}s:13:\\\"\\u0000*\\u0000dateFormat\\\";N;s:10:\\\"\\u0000*\\u0000appends\\\";a:0:{}s:19:\\\"\\u0000*\\u0000dispatchesEvents\\\";a:0:{}s:14:\\\"\\u0000*\\u0000observables\\\";a:0:{}s:12:\\\"\\u0000*\\u0000relations\\\";a:0:{}s:10:\\\"\\u0000*\\u0000touches\\\";a:0:{}s:10:\\\"timestamps\\\";b:1;s:10:\\\"\\u0000*\\u0000visible\\\";a:0:{}s:10:\\\"\\u0000*\\u0000guarded\\\";a:1:{i:0;s:1:\\\"*\\\";}s:20:\\\"\\u0000*\\u0000rememberTokenName\\\";s:14:\\\"remember_token\\\";}s:23:\\\"cuit_administrador_afip\\\";s:11:\\\"23082539719\\\";s:12:\\\"clave_fiscal\\\";s:10:\\\"Darobe1705\\\";s:5:\\\"sitio\\\";s:12:\\\"taxes.com.ar\\\";s:6:\\\"settle\\\";O:28:\\\"App\\\\Models\\\\PeriodLiquidation\\\":28:{s:8:\\\"\\u0000*\\u0000table\\\";s:19:\\\"period_liquidations\\\";s:10:\\\"\\u0000*\\u0000guarded\\\";a:0:{}s:9:\\\"\\u0000*\\u0000hidden\\\";a:2:{i:0;s:10:\\\"created_at\\\";i:1;s:10:\\\"updated_at\\\";}s:10:\\\"\\u0000*\\u0000appends\\\";a:1:{i:0;s:15:\\\"files_relations\\\";}s:13:\\\"\\u0000*\\u0000connection\\\";s:7:\\\"finance\\\";s:13:\\\"\\u0000*\\u0000primaryKey\\\";s:2:\\\"id\\\";s:10:\\\"\\u0000*\\u0000keyType\\\";s:3:\\\"int\\\";s:12:\\\"incrementing\\\";b:1;s:7:\\\"\\u0000*\\u0000with\\\";a:0:{}s:12:\\\"\\u0000*\\u0000withCount\\\";a:0:{}s:10:\\\"\\u0000*\\u0000perPage\\\";i:15;s:6:\\\"exists\\\";b:1;s:18:\\\"wasRecentlyCreated\\\";b:0;s:13:\\\"\\u0000*\\u0000attributes\\\";a:10:{s:2:\\\"id\\\";i:201;s:7:\\\"user_id\\\";i:192;s:8:\\\"apply_to\\\";s:4:\\\"iibb\\\";s:9:\\\"period_id\\\";i:2235;s:9:\\\"person_id\\\";i:40718;s:6:\\\"status\\\";i:1;s:11:\\\"auxiliar_id\\\";i:154;s:10:\\\"created_at\\\";s:19:\\\"2022-02-12 21:27:54\\\";s:10:\\\"updated_at\\\";s:19:\\\"2022-02-12 21:31:52\\\";s:10:\\\"deleted_at\\\";N;}s:11:\\\"\\u0000*\\u0000original\\\";a:10:{s:2:\\\"id\\\";i:201;s:7:\\\"user_id\\\";i:192;s:8:\\\"apply_to\\\";s:4:\\\"iibb\\\";s:9:\\\"period_id\\\";i:2235;s:9:\\\"person_id\\\";i:40718;s:6:\\\"status\\\";i:1;s:11:\\\"auxiliar_id\\\";i:154;s:10:\\\"created_at\\\";s:19:\\\"2022-02-12 21:27:54\\\";s:10:\\\"updated_at\\\";s:19:\\\"2022-02-12 21:31:52\\\";s:10:\\\"deleted_at\\\";N;}s:10:\\\"\\u0000*\\u0000changes\\\";a:2:{s:11:\\\"auxiliar_id\\\";i:154;s:10:\\\"updated_at\\\";s:19:\\\"2022-02-12 21:31:52\\\";}s:8:\\\"\\u0000*\\u0000casts\\\";a:0:{}s:17:\\\"\\u0000*\\u0000classCastCache\\\";a:0:{}s:8:\\\"\\u0000*\\u0000dates\\\";a:1:{i:0;s:10:\\\"deleted_at\\\";}s:13:\\\"\\u0000*\\u0000dateFormat\\\";N;s:19:\\\"\\u0000*\\u0000dispatchesEvents\\\";a:0:{}s:14:\\\"\\u0000*\\u0000observables\\\";a:0:{}s:12:\\\"\\u0000*\\u0000relations\\\";a:0:{}s:10:\\\"\\u0000*\\u0000touches\\\";a:0:{}s:10:\\\"timestamps\\\";b:1;s:10:\\\"\\u0000*\\u0000visible\\\";a:0:{}s:11:\\\"\\u0000*\\u0000fillable\\\";a:0:{}s:16:\\\"\\u0000*\\u0000forceDeleting\\\";b:0;}s:8:\\\"auxiliar\\\";O:19:\\\"App\\\\Models\\\\Auxiliar\\\":27:{s:13:\\\"\\u0000*\\u0000connection\\\";s:9:\\\"seguridad\\\";s:8:\\\"\\u0000*\\u0000table\\\";s:8:\\\"auxiliar\\\";s:10:\\\"\\u0000*\\u0000guarded\\\";a:0:{}s:13:\\\"\\u0000*\\u0000primaryKey\\\";s:2:\\\"id\\\";s:10:\\\"\\u0000*\\u0000keyType\\\";s:3:\\\"int\\\";s:12:\\\"incrementing\\\";b:1;s:7:\\\"\\u0000*\\u0000with\\\";a:0:{}s:12:\\\"\\u0000*\\u0000withCount\\\";a:0:{}s:10:\\\"\\u0000*\\u0000perPage\\\";i:15;s:6:\\\"exists\\\";b:1;s:18:\\\"wasRecentlyCreated\\\";b:1;s:13:\\\"\\u0000*\\u0000attributes\\\";a:5:{s:11:\\\"descripcion\\\";s:14180:\\\"{\\\"group_person_zone_actividad\\\":[{\\\"id\\\":107,\\\"user_id\\\":192,\\\"person_id\\\":40718,\\\"zone_id\\\":22,\\\"actividad_id\\\":1,\\\"calculo_iibb\\\":2,\\\"coef\\\":\\\"0.00000\\\",\\\"alicuota\\\":\\\"0.00000\\\",\\\"cm_articulo_regimen_id\\\":1,\\\"habilitado\\\":1,\\\"created_at\\\":\\\"2022-02-11T14:40:43.000000Z\\\",\\\"updated_at\\\":\\\"2022-02-11T14:40:43.000000Z\\\",\\\"deleted_at\\\":null,\\\"cm_articulo_regimen\\\":{\\\"id\\\":1,\\\"user_id\\\":null,\\\"descripcion\\\":\\\"Articulo 2\\\",\\\"codigo\\\":2,\\\"habilitado\\\":1,\\\"created_at\\\":\\\"2021-07-26T06:32:43.000000Z\\\",\\\"updated_at\\\":\\\"2021-07-29T11:29:35.000000Z\\\",\\\"deleted_at\\\":null},\\\"actividad\\\":{\\\"id\\\":1,\\\"created_at\\\":null,\\\"updated_at\\\":\\\"2020-09-10T20:16:43.000000Z\\\",\\\"name\\\":\\\"Actividad Generica 1\\\",\\\"codigo_afip\\\":\\\"000001\\\",\\\"codigo_cm\\\":null}},{\\\"id\\\":105,\\\"user_id\\\":192,\\\"person_id\\\":40718,\\\"zone_id\\\":23,\\\"actividad_id\\\":294,\\\"calculo_iibb\\\":1,\\\"coef\\\":\\\"0.70350\\\",\\\"alicuota\\\":\\\"1.50000\\\",\\\"cm_articulo_regimen_id\\\":1,\\\"habilitado\\\":1,\\\"created_at\\\":\\\"2022-02-11T14:40:43.000000Z\\\",\\\"updated_at\\\":\\\"2022-02-11T14:40:43.000000Z\\\",\\\"deleted_at\\\":null,\\\"cm_articulo_regimen\\\":{\\\"id\\\":1,\\\"user_id\\\":null,\\\"descripcion\\\":\\\"Articulo 2\\\",\\\"codigo\\\":2,\\\"habilitado\\\":1,\\\"created_at\\\":\\\"2021-07-26T06:32:43.000000Z\\\",\\\"updated_at\\\":\\\"2021-07-29T11:29:35.000000Z\\\",\\\"deleted_at\\\":null},\\\"actividad\\\":{\\\"id\\\":294,\\\"created_at\\\":null,\\\"updated_at\\\":null,\\\"name\\\":\\\"Fabricaci\\u00f3n de productos met\\u00e1licos para uso estructural\\\",\\\"codigo_afip\\\":\\\"251102\\\",\\\"codigo_cm\\\":null}},{\\\"id\\\":106,\\\"user_id\\\":192,\\\"person_id\\\":40718,\\\"zone_id\\\":23,\\\"actividad_id\\\":416,\\\"calculo_iibb\\\":1,\\\"coef\\\":\\\"0.00000\\\",\\\"alicuota\\\":\\\"0.00000\\\",\\\"cm_articulo_regimen_id\\\":1,\\\"habilitado\\\":1,\\\"created_at\\\":\\\"2022-02-11T14:40:43.000000Z\\\",\\\"updated_at\\\":\\\"2022-02-11T14:40:43.000000Z\\\",\\\"deleted_at\\\":null,\\\"cm_articulo_regimen\\\":{\\\"id\\\":1,\\\"user_id\\\":null,\\\"descripcion\\\":\\\"Articulo 2\\\",\\\"codigo\\\":2,\\\"habilitado\\\":1,\\\"created_at\\\":\\\"2021-07-26T06:32:43.000000Z\\\",\\\"updated_at\\\":\\\"2021-07-29T11:29:35.000000Z\\\",\\\"deleted_at\\\":null},\\\"actividad\\\":{\\\"id\\\":416,\\\"created_at\\\":null,\\\"updated_at\\\":null,\\\"name\\\":\\\"Terminaci\\u00f3n y revestimiento de paredes y pisos\\\",\\\"codigo_afip\\\":\\\"433020\\\",\\\"codigo_cm\\\":null}}],\\\"person\\\":{\\\"id\\\":40718,\\\"user_id\\\":192,\\\"field_name1\\\":\\\"BERRO EDUARDO ALFREDO\\\",\\\"field_name2\\\":null,\\\"document_type\\\":\\\"cuit\\\",\\\"document\\\":\\\"23-08253971-9\\\",\\\"country_id\\\":null,\\\"state_id\\\":23,\\\"zone_id\\\":23,\\\"plan_cuenta_id\\\":97,\\\"iva_creditos_tipo_id\\\":null,\\\"created_at\\\":\\\"2020-06-29T15:56:14.000000Z\\\",\\\"updated_at\\\":\\\"2022-02-07T23:17:04.000000Z\\\",\\\"activity_id\\\":1,\\\"address\\\":\\\"Mart\\u00edn Rodr\\u00edguez 1701 Villa Adelina\\\",\\\"person_type_id\\\":1,\\\"fa_iva_condition_id\\\":null,\\\"fa_codigo_postal\\\":null,\\\"email\\\":null,\\\"deleted_at\\\":null,\\\"person_config\\\":{\\\"id\\\":3,\\\"user_id\\\":192,\\\"person_id\\\":40718,\\\"period_id\\\":null,\\\"zone_id\\\":null,\\\"settle_calc_by_coef\\\":0,\\\"created_at\\\":\\\"2020-06-30T23:56:21.000000Z\\\",\\\"updated_at\\\":\\\"2022-02-11T14:40:43.000000Z\\\",\\\"active\\\":2,\\\"enviarMail\\\":1,\\\"honorario\\\":\\\"0.00\\\",\\\"cta_cte_tesoreria_cuenta_id\\\":null,\\\"month_close\\\":12,\\\"iva_condition_id\\\":2,\\\"obligation_sell\\\":1,\\\"obligation_buy\\\":1,\\\"obligation_iva\\\":1,\\\"obligation_electronic_receipt\\\":1,\\\"obligation_iibb\\\":4,\\\"obligation_other_taxes\\\":null,\\\"liquidation_start_period\\\":\\\"2022-1\\\",\\\"obligation_salaries\\\":1,\\\"empleada_domestica\\\":0,\\\"prorratear_iva\\\":0,\\\"is_itc\\\":0,\\\"priority_order\\\":1,\\\"person_id_administrador\\\":40718,\\\"person_id_titular\\\":40718,\\\"logo_path\\\":null,\\\"certificado_afip_path\\\":null,\\\"llave_afip_path\\\":null,\\\"access_electronic_receipt\\\":0,\\\"ruta_logo_fa\\\":\\\"img\\/\\/23082539719\\/logo.jpeg\\\",\\\"inicio_actividades\\\":\\\"2004-05-01T03:00:00.000000Z\\\",\\\"iibb\\\":\\\"902-819735-6\\\",\\\"fe_leyenda\\\":null,\\\"atencion_iva\\\":0,\\\"atencion_iva_comentario\\\":null,\\\"atencion_iibb\\\":0,\\\"atencion_iibb_comentario\\\":null,\\\"deleted_at\\\":null}},\\\"settle\\\":{\\\"id\\\":201,\\\"user_id\\\":192,\\\"apply_to\\\":\\\"iibb\\\",\\\"period_id\\\":2235,\\\"person_id\\\":40718,\\\"status\\\":1,\\\"auxiliar_id\\\":null,\\\"deleted_at\\\":null,\\\"files_relations\\\":[],\\\"period\\\":{\\\"id\\\":2235,\\\"user_id\\\":null,\\\"code\\\":\\\"2022-01\\\",\\\"year\\\":2022,\\\"period_number\\\":1,\\\"date_from\\\":\\\"2022-01-01\\\",\\\"date_to\\\":\\\"2022-01-31\\\",\\\"created_at\\\":null,\\\"updated_at\\\":null,\\\"person_id\\\":40718,\\\"conta_status\\\":0,\\\"deleted_at\\\":null,\\\"syj_periods_status_id\\\":1,\\\"syj_sin_asiento\\\":0,\\\"syj_asiento_modificado\\\":0,\\\"syj_periods_status_emp_dom_id\\\":1}},\\\"registros\\\":{\\\"id\\\":201,\\\"user_id\\\":192,\\\"apply_to\\\":\\\"iibb\\\",\\\"period_id\\\":2235,\\\"person_id\\\":40718,\\\"status\\\":1,\\\"auxiliar_id\\\":null,\\\"deleted_at\\\":null,\\\"files_relations\\\":[],\\\"period_liquidation_iibb\\\":[{\\\"id\\\":224,\\\"user_id\\\":192,\\\"period_liquidation_id\\\":201,\\\"period_id\\\":2235,\\\"person_id\\\":40718,\\\"zone_id\\\":22,\\\"base_amount\\\":\\\"900675.21\\\",\\\"impuesto\\\":\\\"4005.75\\\",\\\"saldo_a_favor_ant\\\":0,\\\"sircreb\\\":\\\"35802.55\\\",\\\"percepciones\\\":\\\"0.00\\\",\\\"retenciones\\\":\\\"0.00\\\",\\\"a_pagar\\\":\\\"0.00\\\",\\\"a_favor\\\":\\\"31796.80\\\",\\\"created_at\\\":\\\"2022-02-13T00:27:54.000000Z\\\",\\\"updated_at\\\":\\\"2022-02-13T00:27:54.000000Z\\\",\\\"deleted_at\\\":null,\\\"zone\\\":{\\\"id\\\":22,\\\"name\\\":\\\"Capital Federal\\\",\\\"sifere_coef\\\":\\\"0.00\\\",\\\"iibb_aliquot\\\":\\\"0.00\\\",\\\"iibb_perception_id\\\":null,\\\"retention_id\\\":null,\\\"created_at\\\":null,\\\"updated_at\\\":\\\"2022-02-10T13:50:14.000000Z\\\",\\\"code\\\":\\\"01\\\",\\\"sircreb_plan_cuenta_id\\\":277,\\\"codigo_cm\\\":901,\\\"codigo_afip\\\":\\\"0\\\"},\\\"details\\\":[{\\\"id\\\":533,\\\"user_id\\\":192,\\\"period_liquidation_id\\\":201,\\\"period_id\\\":2235,\\\"person_id\\\":40718,\\\"zone_id\\\":23,\\\"calculo_iibb\\\":1,\\\"actividad_id\\\":294,\\\"coef\\\":\\\"0.7035\\\",\\\"aliquot\\\":\\\"1.5000\\\",\\\"cm_articulo_regimen_id\\\":1,\\\"base_amount\\\":\\\"900675.21\\\",\\\"tax_amount\\\":\\\"9504.38\\\",\\\"previous_period_balance\\\":\\\"0.00\\\",\\\"sircreb_amount\\\":\\\"0.00\\\",\\\"perception_amount\\\":\\\"0.00\\\",\\\"retention_amount\\\":\\\"0.00\\\",\\\"positive_amount\\\":\\\"0.00\\\",\\\"negative_amount\\\":\\\"0.00\\\",\\\"balance\\\":0,\\\"created_at\\\":\\\"2022-02-13T00:27:54.000000Z\\\",\\\"updated_at\\\":\\\"2022-02-13T00:27:54.000000Z\\\",\\\"deleted_at\\\":null,\\\"actividad\\\":{\\\"id\\\":294,\\\"created_at\\\":null,\\\"updated_at\\\":null,\\\"name\\\":\\\"Fabricaci\\u00f3n de productos met\\u00e1licos para uso estructural\\\",\\\"codigo_afip\\\":\\\"251102\\\",\\\"codigo_cm\\\":null},\\\"cm_articulo_regimen\\\":{\\\"id\\\":1,\\\"user_id\\\":null,\\\"descripcion\\\":\\\"Articulo 2\\\",\\\"codigo\\\":2,\\\"habilitado\\\":1,\\\"created_at\\\":\\\"2021-07-26T06:32:43.000000Z\\\",\\\"updated_at\\\":\\\"2021-07-29T11:29:35.000000Z\\\",\\\"deleted_at\\\":null}},{\\\"id\\\":534,\\\"user_id\\\":192,\\\"period_liquidation_id\\\":201,\\\"period_id\\\":2235,\\\"person_id\\\":40718,\\\"zone_id\\\":23,\\\"calculo_iibb\\\":1,\\\"actividad_id\\\":416,\\\"coef\\\":\\\"0.0000\\\",\\\"aliquot\\\":\\\"0.0000\\\",\\\"cm_articulo_regimen_id\\\":1,\\\"base_amount\\\":\\\"0.00\\\",\\\"tax_amount\\\":\\\"0.00\\\",\\\"previous_period_balance\\\":\\\"0.00\\\",\\\"sircreb_amount\\\":\\\"0.00\\\",\\\"perception_amount\\\":\\\"0.00\\\",\\\"retention_amount\\\":\\\"0.00\\\",\\\"positive_amount\\\":\\\"0.00\\\",\\\"negative_amount\\\":\\\"0.00\\\",\\\"balance\\\":0,\\\"created_at\\\":\\\"2022-02-13T00:27:54.000000Z\\\",\\\"updated_at\\\":\\\"2022-02-13T00:27:54.000000Z\\\",\\\"deleted_at\\\":null,\\\"actividad\\\":{\\\"id\\\":416,\\\"created_at\\\":null,\\\"updated_at\\\":null,\\\"name\\\":\\\"Terminaci\\u00f3n y revestimiento de paredes y pisos\\\",\\\"codigo_afip\\\":\\\"433020\\\",\\\"codigo_cm\\\":null},\\\"cm_articulo_regimen\\\":{\\\"id\\\":1,\\\"user_id\\\":null,\\\"descripcion\\\":\\\"Articulo 2\\\",\\\"codigo\\\":2,\\\"habilitado\\\":1,\\\"created_at\\\":\\\"2021-07-26T06:32:43.000000Z\\\",\\\"updated_at\\\":\\\"2021-07-29T11:29:35.000000Z\\\",\\\"deleted_at\\\":null}},{\\\"id\\\":535,\\\"user_id\\\":192,\\\"period_liquidation_id\\\":201,\\\"period_id\\\":2235,\\\"person_id\\\":40718,\\\"zone_id\\\":22,\\\"calculo_iibb\\\":2,\\\"actividad_id\\\":1,\\\"coef\\\":\\\"0.0000\\\",\\\"aliquot\\\":\\\"0.0000\\\",\\\"cm_articulo_regimen_id\\\":1,\\\"base_amount\\\":0,\\\"tax_amount\\\":0,\\\"previous_period_balance\\\":\\\"0.00\\\",\\\"sircreb_amount\\\":\\\"0.00\\\",\\\"perception_amount\\\":\\\"0.00\\\",\\\"retention_amount\\\":\\\"0.00\\\",\\\"positive_amount\\\":\\\"0.00\\\",\\\"negative_amount\\\":\\\"0.00\\\",\\\"balance\\\":0,\\\"created_at\\\":\\\"2022-02-13T00:27:54.000000Z\\\",\\\"updated_at\\\":\\\"2022-02-13T00:27:54.000000Z\\\",\\\"deleted_at\\\":null,\\\"actividad\\\":{\\\"id\\\":1,\\\"created_at\\\":null,\\\"updated_at\\\":\\\"2020-09-10T20:16:43.000000Z\\\",\\\"name\\\":\\\"Actividad Generica 1\\\",\\\"codigo_afip\\\":\\\"000001\\\",\\\"codigo_cm\\\":null},\\\"cm_articulo_regimen\\\":{\\\"id\\\":1,\\\"user_id\\\":null,\\\"descripcion\\\":\\\"Articulo 2\\\",\\\"codigo\\\":2,\\\"habilitado\\\":1,\\\"created_at\\\":\\\"2021-07-26T06:32:43.000000Z\\\",\\\"updated_at\\\":\\\"2021-07-29T11:29:35.000000Z\\\",\\\"deleted_at\\\":null}},{\\\"id\\\":536,\\\"user_id\\\":192,\\\"period_liquidation_id\\\":201,\\\"period_id\\\":2235,\\\"person_id\\\":40718,\\\"zone_id\\\":22,\\\"calculo_iibb\\\":1,\\\"actividad_id\\\":294,\\\"coef\\\":\\\"0.2965\\\",\\\"aliquot\\\":\\\"1.5000\\\",\\\"cm_articulo_regimen_id\\\":1,\\\"base_amount\\\":900675.21,\\\"tax_amount\\\":4005.75,\\\"previous_period_balance\\\":\\\"0.00\\\",\\\"sircreb_amount\\\":\\\"0.00\\\",\\\"perception_amount\\\":\\\"0.00\\\",\\\"retention_amount\\\":\\\"0.00\\\",\\\"positive_amount\\\":\\\"0.00\\\",\\\"negative_amount\\\":\\\"0.00\\\",\\\"balance\\\":0,\\\"created_at\\\":\\\"2022-02-13T00:27:54.000000Z\\\",\\\"updated_at\\\":\\\"2022-02-13T00:27:54.000000Z\\\",\\\"deleted_at\\\":null,\\\"actividad\\\":{\\\"id\\\":294,\\\"created_at\\\":null,\\\"updated_at\\\":null,\\\"name\\\":\\\"Fabricaci\\u00f3n de productos met\\u00e1licos para uso estructural\\\",\\\"codigo_afip\\\":\\\"251102\\\",\\\"codigo_cm\\\":null},\\\"cm_articulo_regimen\\\":{\\\"id\\\":1,\\\"user_id\\\":null,\\\"descripcion\\\":\\\"Articulo 2\\\",\\\"codigo\\\":2,\\\"habilitado\\\":1,\\\"created_at\\\":\\\"2021-07-26T06:32:43.000000Z\\\",\\\"updated_at\\\":\\\"2021-07-29T11:29:35.000000Z\\\",\\\"deleted_at\\\":null}},{\\\"id\\\":537,\\\"user_id\\\":192,\\\"period_liquidation_id\\\":201,\\\"period_id\\\":2235,\\\"person_id\\\":40718,\\\"zone_id\\\":22,\\\"calculo_iibb\\\":1,\\\"actividad_id\\\":416,\\\"coef\\\":\\\"0.0000\\\",\\\"aliquot\\\":\\\"0.0000\\\",\\\"cm_articulo_regimen_id\\\":1,\\\"base_amount\\\":0,\\\"tax_amount\\\":0,\\\"previous_period_balance\\\":\\\"0.00\\\",\\\"sircreb_amount\\\":\\\"0.00\\\",\\\"perception_amount\\\":\\\"0.00\\\",\\\"retention_amount\\\":\\\"0.00\\\",\\\"positive_amount\\\":\\\"0.00\\\",\\\"negative_amount\\\":\\\"0.00\\\",\\\"balance\\\":0,\\\"created_at\\\":\\\"2022-02-13T00:27:54.000000Z\\\",\\\"updated_at\\\":\\\"2022-02-13T00:27:54.000000Z\\\",\\\"deleted_at\\\":null,\\\"actividad\\\":{\\\"id\\\":416,\\\"created_at\\\":null,\\\"updated_at\\\":null,\\\"name\\\":\\\"Terminaci\\u00f3n y revestimiento de paredes y pisos\\\",\\\"codigo_afip\\\":\\\"433020\\\",\\\"codigo_cm\\\":null},\\\"cm_articulo_regimen\\\":{\\\"id\\\":1,\\\"user_id\\\":null,\\\"descripcion\\\":\\\"Articulo 2\\\",\\\"codigo\\\":2,\\\"habilitado\\\":1,\\\"created_at\\\":\\\"2021-07-26T06:32:43.000000Z\\\",\\\"updated_at\\\":\\\"2021-07-29T11:29:35.000000Z\\\",\\\"deleted_at\\\":null}}]},{\\\"id\\\":225,\\\"user_id\\\":192,\\\"period_liquidation_id\\\":201,\\\"period_id\\\":2235,\\\"person_id\\\":40718,\\\"zone_id\\\":23,\\\"base_amount\\\":\\\"900675.21\\\",\\\"impuesto\\\":\\\"9504.38\\\",\\\"saldo_a_favor_ant\\\":0,\\\"sircreb\\\":\\\"597.74\\\",\\\"percepciones\\\":\\\"171.17\\\",\\\"retenciones\\\":\\\"164.83\\\",\\\"a_pagar\\\":\\\"8570.64\\\",\\\"a_favor\\\":\\\"0.00\\\",\\\"created_at\\\":\\\"2022-02-13T00:27:54.000000Z\\\",\\\"updated_at\\\":\\\"2022-02-13T00:27:54.000000Z\\\",\\\"deleted_at\\\":null,\\\"zone\\\":{\\\"id\\\":23,\\\"name\\\":\\\"Buenos Aires\\\",\\\"sifere_coef\\\":\\\"0.00\\\",\\\"iibb_aliquot\\\":\\\"0.00\\\",\\\"iibb_perception_id\\\":null,\\\"retention_id\\\":null,\\\"created_at\\\":null,\\\"updated_at\\\":\\\"2022-02-10T13:50:14.000000Z\\\",\\\"code\\\":\\\"02\\\",\\\"sircreb_plan_cuenta_id\\\":276,\\\"codigo_cm\\\":902,\\\"codigo_afip\\\":\\\"1\\\"},\\\"details\\\":[{\\\"id\\\":533,\\\"user_id\\\":192,\\\"period_liquidation_id\\\":201,\\\"period_id\\\":2235,\\\"person_id\\\":40718,\\\"zone_id\\\":23,\\\"calculo_iibb\\\":1,\\\"actividad_id\\\":294,\\\"coef\\\":\\\"0.7035\\\",\\\"aliquot\\\":\\\"1.5000\\\",\\\"cm_articulo_regimen_id\\\":1,\\\"base_amount\\\":900675.21,\\\"tax_amount\\\":9504.38,\\\"previous_period_balance\\\":\\\"0.00\\\",\\\"sircreb_amount\\\":\\\"0.00\\\",\\\"perception_amount\\\":\\\"0.00\\\",\\\"retention_amount\\\":\\\"0.00\\\",\\\"positive_amount\\\":\\\"0.00\\\",\\\"negative_amount\\\":\\\"0.00\\\",\\\"balance\\\":0,\\\"created_at\\\":\\\"2022-02-13T00:27:54.000000Z\\\",\\\"updated_at\\\":\\\"2022-02-13T00:27:54.000000Z\\\",\\\"deleted_at\\\":null,\\\"actividad\\\":{\\\"id\\\":294,\\\"created_at\\\":null,\\\"updated_at\\\":null,\\\"name\\\":\\\"Fabricaci\\u00f3n de productos met\\u00e1licos para uso estructural\\\",\\\"codigo_afip\\\":\\\"251102\\\",\\\"codigo_cm\\\":null},\\\"cm_articulo_regimen\\\":{\\\"id\\\":1,\\\"user_id\\\":null,\\\"descripcion\\\":\\\"Articulo 2\\\",\\\"codigo\\\":2,\\\"habilitado\\\":1,\\\"created_at\\\":\\\"2021-07-26T06:32:43.000000Z\\\",\\\"updated_at\\\":\\\"2021-07-29T11:29:35.000000Z\\\",\\\"deleted_at\\\":null}},{\\\"id\\\":534,\\\"user_id\\\":192,\\\"period_liquidation_id\\\":201,\\\"period_id\\\":2235,\\\"person_id\\\":40718,\\\"zone_id\\\":23,\\\"calculo_iibb\\\":1,\\\"actividad_id\\\":416,\\\"coef\\\":\\\"0.0000\\\",\\\"aliquot\\\":\\\"0.0000\\\",\\\"cm_articulo_regimen_id\\\":1,\\\"base_amount\\\":0,\\\"tax_amount\\\":0,\\\"previous_period_balance\\\":\\\"0.00\\\",\\\"sircreb_amount\\\":\\\"0.00\\\",\\\"perception_amount\\\":\\\"0.00\\\",\\\"retention_amount\\\":\\\"0.00\\\",\\\"positive_amount\\\":\\\"0.00\\\",\\\"negative_amount\\\":\\\"0.00\\\",\\\"balance\\\":0,\\\"created_at\\\":\\\"2022-02-13T00:27:54.000000Z\\\",\\\"updated_at\\\":\\\"2022-02-13T00:27:54.000000Z\\\",\\\"deleted_at\\\":null,\\\"actividad\\\":{\\\"id\\\":416,\\\"created_at\\\":null,\\\"updated_at\\\":null,\\\"name\\\":\\\"Terminaci\\u00f3n y revestimiento de paredes y pisos\\\",\\\"codigo_afip\\\":\\\"433020\\\",\\\"codigo_cm\\\":null},\\\"cm_articulo_regimen\\\":{\\\"id\\\":1,\\\"user_id\\\":null,\\\"descripcion\\\":\\\"Articulo 2\\\",\\\"codigo\\\":2,\\\"habilitado\\\":1,\\\"created_at\\\":\\\"2021-07-26T06:32:43.000000Z\\\",\\\"updated_at\\\":\\\"2021-07-29T11:29:35.000000Z\\\",\\\"deleted_at\\\":null}},{\\\"id\\\":535,\\\"user_id\\\":192,\\\"period_liquidation_id\\\":201,\\\"period_id\\\":2235,\\\"person_id\\\":40718,\\\"zone_id\\\":22,\\\"calculo_iibb\\\":2,\\\"actividad_id\\\":1,\\\"coef\\\":\\\"0.0000\\\",\\\"aliquot\\\":\\\"0.0000\\\",\\\"cm_articulo_regimen_id\\\":1,\\\"base_amount\\\":\\\"0.00\\\",\\\"tax_amount\\\":\\\"0.00\\\",\\\"previous_period_balance\\\":\\\"0.00\\\",\\\"sircreb_amount\\\":\\\"0.00\\\",\\\"perception_amount\\\":\\\"0.00\\\",\\\"retention_amount\\\":\\\"0.00\\\",\\\"positive_amount\\\":\\\"0.00\\\",\\\"negative_amount\\\":\\\"0.00\\\",\\\"balance\\\":0,\\\"created_at\\\":\\\"2022-02-13T00:27:54.000000Z\\\",\\\"updated_at\\\":\\\"2022-02-13T00:27:54.000000Z\\\",\\\"deleted_at\\\":null,\\\"actividad\\\":{\\\"id\\\":1,\\\"created_at\\\":null,\\\"updated_at\\\":\\\"2020-09-10T20:16:43.000000Z\\\",\\\"name\\\":\\\"Actividad Generica 1\\\",\\\"codigo_afip\\\":\\\"000001\\\",\\\"codigo_cm\\\":null},\\\"cm_articulo_regimen\\\":{\\\"id\\\":1,\\\"user_id\\\":null,\\\"descripcion\\\":\\\"Articulo 2\\\",\\\"codigo\\\":2,\\\"habilitado\\\":1,\\\"created_at\\\":\\\"2021-07-26T06:32:43.000000Z\\\",\\\"updated_at\\\":\\\"2021-07-29T11:29:35.000000Z\\\",\\\"deleted_at\\\":null}},{\\\"id\\\":536,\\\"user_id\\\":192,\\\"period_liquidation_id\\\":201,\\\"period_id\\\":2235,\\\"person_id\\\":40718,\\\"zone_id\\\":22,\\\"calculo_iibb\\\":1,\\\"actividad_id\\\":294,\\\"coef\\\":\\\"0.2965\\\",\\\"aliquot\\\":\\\"1.5000\\\",\\\"cm_articulo_regimen_id\\\":1,\\\"base_amount\\\":\\\"900675.21\\\",\\\"tax_amount\\\":\\\"4005.75\\\",\\\"previous_period_balance\\\":\\\"0.00\\\",\\\"sircreb_amount\\\":\\\"0.00\\\",\\\"perception_amount\\\":\\\"0.00\\\",\\\"retention_amount\\\":\\\"0.00\\\",\\\"positive_amount\\\":\\\"0.00\\\",\\\"negative_amount\\\":\\\"0.00\\\",\\\"balance\\\":0,\\\"created_at\\\":\\\"2022-02-13T00:27:54.000000Z\\\",\\\"updated_at\\\":\\\"2022-02-13T00:27:54.000000Z\\\",\\\"deleted_at\\\":null,\\\"actividad\\\":{\\\"id\\\":294,\\\"created_at\\\":null,\\\"updated_at\\\":null,\\\"name\\\":\\\"Fabricaci\\u00f3n de productos met\\u00e1licos para uso estructural\\\",\\\"codigo_afip\\\":\\\"251102\\\",\\\"codigo_cm\\\":null},\\\"cm_articulo_regimen\\\":{\\\"id\\\":1,\\\"user_id\\\":null,\\\"descripcion\\\":\\\"Articulo 2\\\",\\\"codigo\\\":2,\\\"habilitado\\\":1,\\\"created_at\\\":\\\"2021-07-26T06:32:43.000000Z\\\",\\\"updated_at\\\":\\\"2021-07-29T11:29:35.000000Z\\\",\\\"deleted_at\\\":null}},{\\\"id\\\":537,\\\"user_id\\\":192,\\\"period_liquidation_id\\\":201,\\\"period_id\\\":2235,\\\"person_id\\\":40718,\\\"zone_id\\\":22,\\\"calculo_iibb\\\":1,\\\"actividad_id\\\":416,\\\"coef\\\":\\\"0.0000\\\",\\\"aliquot\\\":\\\"0.0000\\\",\\\"cm_articulo_regimen_id\\\":1,\\\"base_amount\\\":\\\"0.00\\\",\\\"tax_amount\\\":\\\"0.00\\\",\\\"previous_period_balance\\\":\\\"0.00\\\",\\\"sircreb_amount\\\":\\\"0.00\\\",\\\"perception_amount\\\":\\\"0.00\\\",\\\"retention_amount\\\":\\\"0.00\\\",\\\"positive_amount\\\":\\\"0.00\\\",\\\"negative_amount\\\":\\\"0.00\\\",\\\"balance\\\":0,\\\"created_at\\\":\\\"2022-02-13T00:27:54.000000Z\\\",\\\"updated_at\\\":\\\"2022-02-13T00:27:54.000000Z\\\",\\\"deleted_at\\\":null,\\\"actividad\\\":{\\\"id\\\":416,\\\"created_at\\\":null,\\\"updated_at\\\":null,\\\"name\\\":\\\"Terminaci\\u00f3n y revestimiento de paredes y pisos\\\",\\\"codigo_afip\\\":\\\"433020\\\",\\\"codigo_cm\\\":null},\\\"cm_articulo_regimen\\\":{\\\"id\\\":1,\\\"user_id\\\":null,\\\"descripcion\\\":\\\"Articulo 2\\\",\\\"codigo\\\":2,\\\"habilitado\\\":1,\\\"created_at\\\":\\\"2021-07-26T06:32:43.000000Z\\\",\\\"updated_at\\\":\\\"2021-07-29T11:29:35.000000Z\\\",\\\"deleted_at\\\":null}}]}]}}\\\";s:7:\\\"user_id\\\";i:192;s:10:\\\"updated_at\\\";s:19:\\\"2022-02-12 21:31:52\\\";s:10:\\\"created_at\\\";s:19:\\\"2022-02-12 21:31:52\\\";s:2:\\\"id\\\";i:154;}s:11:\\\"\\u0000*\\u0000original\\\";a:5:{s:11:\\\"descripcion\\\";s:14180:\\\"{\\\"group_person_zone_actividad\\\":[{\\\"id\\\":107,\\\"user_id\\\":192,\\\"person_id\\\":40718,\\\"zone_id\\\":22,\\\"actividad_id\\\":1,\\\"calculo_iibb\\\":2,\\\"coef\\\":\\\"0.00000\\\",\\\"alicuota\\\":\\\"0.00000\\\",\\\"cm_articulo_regimen_id\\\":1,\\\"habilitado\\\":1,\\\"created_at\\\":\\\"2022-02-11T14:40:43.000000Z\\\",\\\"updated_at\\\":\\\"2022-02-11T14:40:43.000000Z\\\",\\\"deleted_at\\\":null,\\\"cm_articulo_regimen\\\":{\\\"id\\\":1,\\\"user_id\\\":null,\\\"descripcion\\\":\\\"Articulo 2\\\",\\\"codigo\\\":2,\\\"habilitado\\\":1,\\\"created_at\\\":\\\"2021-07-26T06:32:43.000000Z\\\",\\\"updated_at\\\":\\\"2021-07-29T11:29:35.000000Z\\\",\\\"deleted_at\\\":null},\\\"actividad\\\":{\\\"id\\\":1,\\\"created_at\\\":null,\\\"updated_at\\\":\\\"2020-09-10T20:16:43.000000Z\\\",\\\"name\\\":\\\"Actividad Generica 1\\\",\\\"codigo_afip\\\":\\\"000001\\\",\\\"codigo_cm\\\":null}},{\\\"id\\\":105,\\\"user_id\\\":192,\\\"person_id\\\":40718,\\\"zone_id\\\":23,\\\"actividad_id\\\":294,\\\"calculo_iibb\\\":1,\\\"coef\\\":\\\"0.70350\\\",\\\"alicuota\\\":\\\"1.50000\\\",\\\"cm_articulo_regimen_id\\\":1,\\\"habilitado\\\":1,\\\"created_at\\\":\\\"2022-02-11T14:40:43.000000Z\\\",\\\"updated_at\\\":\\\"2022-02-11T14:40:43.000000Z\\\",\\\"deleted_at\\\":null,\\\"cm_articulo_regimen\\\":{\\\"id\\\":1,\\\"user_id\\\":null,\\\"descripcion\\\":\\\"Articulo 2\\\",\\\"codigo\\\":2,\\\"habilitado\\\":1,\\\"created_at\\\":\\\"2021-07-26T06:32:43.000000Z\\\",\\\"updated_at\\\":\\\"2021-07-29T11:29:35.000000Z\\\",\\\"deleted_at\\\":null},\\\"actividad\\\":{\\\"id\\\":294,\\\"created_at\\\":null,\\\"updated_at\\\":null,\\\"name\\\":\\\"Fabricaci\\u00f3n de productos met\\u00e1licos para uso estructural\\\",\\\"codigo_afip\\\":\\\"251102\\\",\\\"codigo_cm\\\":null}},{\\\"id\\\":106,\\\"user_id\\\":192,\\\"person_id\\\":40718,\\\"zone_id\\\":23,\\\"actividad_id\\\":416,\\\"calculo_iibb\\\":1,\\\"coef\\\":\\\"0.00000\\\",\\\"alicuota\\\":\\\"0.00000\\\",\\\"cm_articulo_regimen_id\\\":1,\\\"habilitado\\\":1,\\\"created_at\\\":\\\"2022-02-11T14:40:43.000000Z\\\",\\\"updated_at\\\":\\\"2022-02-11T14:40:43.000000Z\\\",\\\"deleted_at\\\":null,\\\"cm_articulo_regimen\\\":{\\\"id\\\":1,\\\"user_id\\\":null,\\\"descripcion\\\":\\\"Articulo 2\\\",\\\"codigo\\\":2,\\\"habilitado\\\":1,\\\"created_at\\\":\\\"2021-07-26T06:32:43.000000Z\\\",\\\"updated_at\\\":\\\"2021-07-29T11:29:35.000000Z\\\",\\\"deleted_at\\\":null},\\\"actividad\\\":{\\\"id\\\":416,\\\"created_at\\\":null,\\\"updated_at\\\":null,\\\"name\\\":\\\"Terminaci\\u00f3n y revestimiento de paredes y pisos\\\",\\\"codigo_afip\\\":\\\"433020\\\",\\\"codigo_cm\\\":null}}],\\\"person\\\":{\\\"id\\\":40718,\\\"user_id\\\":192,\\\"field_name1\\\":\\\"BERRO EDUARDO ALFREDO\\\",\\\"field_name2\\\":null,\\\"document_type\\\":\\\"cuit\\\",\\\"document\\\":\\\"23-08253971-9\\\",\\\"country_id\\\":null,\\\"state_id\\\":23,\\\"zone_id\\\":23,\\\"plan_cuenta_id\\\":97,\\\"iva_creditos_tipo_id\\\":null,\\\"created_at\\\":\\\"2020-06-29T15:56:14.000000Z\\\",\\\"updated_at\\\":\\\"2022-02-07T23:17:04.000000Z\\\",\\\"activity_id\\\":1,\\\"address\\\":\\\"Mart\\u00edn Rodr\\u00edguez 1701 Villa Adelina\\\",\\\"person_type_id\\\":1,\\\"fa_iva_condition_id\\\":null,\\\"fa_codigo_postal\\\":null,\\\"email\\\":null,\\\"deleted_at\\\":null,\\\"person_config\\\":{\\\"id\\\":3,\\\"user_id\\\":192,\\\"person_id\\\":40718,\\\"period_id\\\":null,\\\"zone_id\\\":null,\\\"settle_calc_by_coef\\\":0,\\\"created_at\\\":\\\"2020-06-30T23:56:21.000000Z\\\",\\\"updated_at\\\":\\\"2022-02-11T14:40:43.000000Z\\\",\\\"active\\\":2,\\\"enviarMail\\\":1,\\\"honorario\\\":\\\"0.00\\\",\\\"cta_cte_tesoreria_cuenta_id\\\":null,\\\"month_close\\\":12,\\\"iva_condition_id\\\":2,\\\"obligation_sell\\\":1,\\\"obligation_buy\\\":1,\\\"obligation_iva\\\":1,\\\"obligation_electronic_receipt\\\":1,\\\"obligation_iibb\\\":4,\\\"obligation_other_taxes\\\":null,\\\"liquidation_start_period\\\":\\\"2022-1\\\",\\\"obligation_salaries\\\":1,\\\"empleada_domestica\\\":0,\\\"prorratear_iva\\\":0,\\\"is_itc\\\":0,\\\"priority_order\\\":1,\\\"person_id_administrador\\\":40718,\\\"person_id_titular\\\":40718,\\\"logo_path\\\":null,\\\"certificado_afip_path\\\":null,\\\"llave_afip_path\\\":null,\\\"access_electronic_receipt\\\":0,\\\"ruta_logo_fa\\\":\\\"img\\/\\/23082539719\\/logo.jpeg\\\",\\\"inicio_actividades\\\":\\\"2004-05-01T03:00:00.000000Z\\\",\\\"iibb\\\":\\\"902-819735-6\\\",\\\"fe_leyenda\\\":null,\\\"atencion_iva\\\":0,\\\"atencion_iva_comentario\\\":null,\\\"atencion_iibb\\\":0,\\\"atencion_iibb_comentario\\\":null,\\\"deleted_at\\\":null}},\\\"settle\\\":{\\\"id\\\":201,\\\"user_id\\\":192,\\\"apply_to\\\":\\\"iibb\\\",\\\"period_id\\\":2235,\\\"person_id\\\":40718,\\\"status\\\":1,\\\"auxiliar_id\\\":null,\\\"deleted_at\\\":null,\\\"files_relations\\\":[],\\\"period\\\":{\\\"id\\\":2235,\\\"user_id\\\":null,\\\"code\\\":\\\"2022-01\\\",\\\"year\\\":2022,\\\"period_number\\\":1,\\\"date_from\\\":\\\"2022-01-01\\\",\\\"date_to\\\":\\\"2022-01-31\\\",\\\"created_at\\\":null,\\\"updated_at\\\":null,\\\"person_id\\\":40718,\\\"conta_status\\\":0,\\\"deleted_at\\\":null,\\\"syj_periods_status_id\\\":1,\\\"syj_sin_asiento\\\":0,\\\"syj_asiento_modificado\\\":0,\\\"syj_periods_status_emp_dom_id\\\":1}},\\\"registros\\\":{\\\"id\\\":201,\\\"user_id\\\":192,\\\"apply_to\\\":\\\"iibb\\\",\\\"period_id\\\":2235,\\\"person_id\\\":40718,\\\"status\\\":1,\\\"auxiliar_id\\\":null,\\\"deleted_at\\\":null,\\\"files_relations\\\":[],\\\"period_liquidation_iibb\\\":[{\\\"id\\\":224,\\\"user_id\\\":192,\\\"period_liquidation_id\\\":201,\\\"period_id\\\":2235,\\\"person_id\\\":40718,\\\"zone_id\\\":22,\\\"base_amount\\\":\\\"900675.21\\\",\\\"impuesto\\\":\\\"4005.75\\\",\\\"saldo_a_favor_ant\\\":0,\\\"sircreb\\\":\\\"35802.55\\\",\\\"percepciones\\\":\\\"0.00\\\",\\\"retenciones\\\":\\\"0.00\\\",\\\"a_pagar\\\":\\\"0.00\\\",\\\"a_favor\\\":\\\"31796.80\\\",\\\"created_at\\\":\\\"2022-02-13T00:27:54.000000Z\\\",\\\"updated_at\\\":\\\"2022-02-13T00:27:54.000000Z\\\",\\\"deleted_at\\\":null,\\\"zone\\\":{\\\"id\\\":22,\\\"name\\\":\\\"Capital Federal\\\",\\\"sifere_coef\\\":\\\"0.00\\\",\\\"iibb_aliquot\\\":\\\"0.00\\\",\\\"iibb_perception_id\\\":null,\\\"retention_id\\\":null,\\\"created_at\\\":null,\\\"updated_at\\\":\\\"2022-02-10T13:50:14.000000Z\\\",\\\"code\\\":\\\"01\\\",\\\"sircreb_plan_cuenta_id\\\":277,\\\"codigo_cm\\\":901,\\\"codigo_afip\\\":\\\"0\\\"},\\\"details\\\":[{\\\"id\\\":533,\\\"user_id\\\":192,\\\"period_liquidation_id\\\":201,\\\"period_id\\\":2235,\\\"person_id\\\":40718,\\\"zone_id\\\":23,\\\"calculo_iibb\\\":1,\\\"actividad_id\\\":294,\\\"coef\\\":\\\"0.7035\\\",\\\"aliquot\\\":\\\"1.5000\\\",\\\"cm_articulo_regimen_id\\\":1,\\\"base_amount\\\":\\\"900675.21\\\",\\\"tax_amount\\\":\\\"9504.38\\\",\\\"previous_period_balance\\\":\\\"0.00\\\",\\\"sircreb_amount\\\":\\\"0.00\\\",\\\"perception_amount\\\":\\\"0.00\\\",\\\"retention_amount\\\":\\\"0.00\\\",\\\"positive_amount\\\":\\\"0.00\\\",\\\"negative_amount\\\":\\\"0.00\\\",\\\"balance\\\":0,\\\"created_at\\\":\\\"2022-02-13T00:27:54.000000Z\\\",\\\"updated_at\\\":\\\"2022-02-13T00:27:54.000000Z\\\",\\\"deleted_at\\\":null,\\\"actividad\\\":{\\\"id\\\":294,\\\"created_at\\\":null,\\\"updated_at\\\":null,\\\"name\\\":\\\"Fabricaci\\u00f3n de productos met\\u00e1licos para uso estructural\\\",\\\"codigo_afip\\\":\\\"251102\\\",\\\"codigo_cm\\\":null},\\\"cm_articulo_regimen\\\":{\\\"id\\\":1,\\\"user_id\\\":null,\\\"descripcion\\\":\\\"Articulo 2\\\",\\\"codigo\\\":2,\\\"habilitado\\\":1,\\\"created_at\\\":\\\"2021-07-26T06:32:43.000000Z\\\",\\\"updated_at\\\":\\\"2021-07-29T11:29:35.000000Z\\\",\\\"deleted_at\\\":null}},{\\\"id\\\":534,\\\"user_id\\\":192,\\\"period_liquidation_id\\\":201,\\\"period_id\\\":2235,\\\"person_id\\\":40718,\\\"zone_id\\\":23,\\\"calculo_iibb\\\":1,\\\"actividad_id\\\":416,\\\"coef\\\":\\\"0.0000\\\",\\\"aliquot\\\":\\\"0.0000\\\",\\\"cm_articulo_regimen_id\\\":1,\\\"base_amount\\\":\\\"0.00\\\",\\\"tax_amount\\\":\\\"0.00\\\",\\\"previous_period_balance\\\":\\\"0.00\\\",\\\"sircreb_amount\\\":\\\"0.00\\\",\\\"perception_amount\\\":\\\"0.00\\\",\\\"retention_amount\\\":\\\"0.00\\\",\\\"positive_amount\\\":\\\"0.00\\\",\\\"negative_amount\\\":\\\"0.00\\\",\\\"balance\\\":0,\\\"created_at\\\":\\\"2022-02-13T00:27:54.000000Z\\\",\\\"updated_at\\\":\\\"2022-02-13T00:27:54.000000Z\\\",\\\"deleted_at\\\":null,\\\"actividad\\\":{\\\"id\\\":416,\\\"created_at\\\":null,\\\"updated_at\\\":null,\\\"name\\\":\\\"Terminaci\\u00f3n y revestimiento de paredes y pisos\\\",\\\"codigo_afip\\\":\\\"433020\\\",\\\"codigo_cm\\\":null},\\\"cm_articulo_regimen\\\":{\\\"id\\\":1,\\\"user_id\\\":null,\\\"descripcion\\\":\\\"Articulo 2\\\",\\\"codigo\\\":2,\\\"habilitado\\\":1,\\\"created_at\\\":\\\"2021-07-26T06:32:43.000000Z\\\",\\\"updated_at\\\":\\\"2021-07-29T11:29:35.000000Z\\\",\\\"deleted_at\\\":null}},{\\\"id\\\":535,\\\"user_id\\\":192,\\\"period_liquidation_id\\\":201,\\\"period_id\\\":2235,\\\"person_id\\\":40718,\\\"zone_id\\\":22,\\\"calculo_iibb\\\":2,\\\"actividad_id\\\":1,\\\"coef\\\":\\\"0.0000\\\",\\\"aliquot\\\":\\\"0.0000\\\",\\\"cm_articulo_regimen_id\\\":1,\\\"base_amount\\\":0,\\\"tax_amount\\\":0,\\\"previous_period_balance\\\":\\\"0.00\\\",\\\"sircreb_amount\\\":\\\"0.00\\\",\\\"perception_amount\\\":\\\"0.00\\\",\\\"retention_amount\\\":\\\"0.00\\\",\\\"positive_amount\\\":\\\"0.00\\\",\\\"negative_amount\\\":\\\"0.00\\\",\\\"balance\\\":0,\\\"created_at\\\":\\\"2022-02-13T00:27:54.000000Z\\\",\\\"updated_at\\\":\\\"2022-02-13T00:27:54.000000Z\\\",\\\"deleted_at\\\":null,\\\"actividad\\\":{\\\"id\\\":1,\\\"created_at\\\":null,\\\"updated_at\\\":\\\"2020-09-10T20:16:43.000000Z\\\",\\\"name\\\":\\\"Actividad Generica 1\\\",\\\"codigo_afip\\\":\\\"000001\\\",\\\"codigo_cm\\\":null},\\\"cm_articulo_regimen\\\":{\\\"id\\\":1,\\\"user_id\\\":null,\\\"descripcion\\\":\\\"Articulo 2\\\",\\\"codigo\\\":2,\\\"habilitado\\\":1,\\\"created_at\\\":\\\"2021-07-26T06:32:43.000000Z\\\",\\\"updated_at\\\":\\\"2021-07-29T11:29:35.000000Z\\\",\\\"deleted_at\\\":null}},{\\\"id\\\":536,\\\"user_id\\\":192,\\\"period_liquidation_id\\\":201,\\\"period_id\\\":2235,\\\"person_id\\\":40718,\\\"zone_id\\\":22,\\\"calculo_iibb\\\":1,\\\"actividad_id\\\":294,\\\"coef\\\":\\\"0.2965\\\",\\\"aliquot\\\":\\\"1.5000\\\",\\\"cm_articulo_regimen_id\\\":1,\\\"base_amount\\\":900675.21,\\\"tax_amount\\\":4005.75,\\\"previous_period_balance\\\":\\\"0.00\\\",\\\"sircreb_amount\\\":\\\"0.00\\\",\\\"perception_amount\\\":\\\"0.00\\\",\\\"retention_amount\\\":\\\"0.00\\\",\\\"positive_amount\\\":\\\"0.00\\\",\\\"negative_amount\\\":\\\"0.00\\\",\\\"balance\\\":0,\\\"created_at\\\":\\\"2022-02-13T00:27:54.000000Z\\\",\\\"updated_at\\\":\\\"2022-02-13T00:27:54.000000Z\\\",\\\"deleted_at\\\":null,\\\"actividad\\\":{\\\"id\\\":294,\\\"created_at\\\":null,\\\"updated_at\\\":null,\\\"name\\\":\\\"Fabricaci\\u00f3n de productos met\\u00e1licos para uso estructural\\\",\\\"codigo_afip\\\":\\\"251102\\\",\\\"codigo_cm\\\":null},\\\"cm_articulo_regimen\\\":{\\\"id\\\":1,\\\"user_id\\\":null,\\\"descripcion\\\":\\\"Articulo 2\\\",\\\"codigo\\\":2,\\\"habilitado\\\":1,\\\"created_at\\\":\\\"2021-07-26T06:32:43.000000Z\\\",\\\"updated_at\\\":\\\"2021-07-29T11:29:35.000000Z\\\",\\\"deleted_at\\\":null}},{\\\"id\\\":537,\\\"user_id\\\":192,\\\"period_liquidation_id\\\":201,\\\"period_id\\\":2235,\\\"person_id\\\":40718,\\\"zone_id\\\":22,\\\"calculo_iibb\\\":1,\\\"actividad_id\\\":416,\\\"coef\\\":\\\"0.0000\\\",\\\"aliquot\\\":\\\"0.0000\\\",\\\"cm_articulo_regimen_id\\\":1,\\\"base_amount\\\":0,\\\"tax_amount\\\":0,\\\"previous_period_balance\\\":\\\"0.00\\\",\\\"sircreb_amount\\\":\\\"0.00\\\",\\\"perception_amount\\\":\\\"0.00\\\",\\\"retention_amount\\\":\\\"0.00\\\",\\\"positive_amount\\\":\\\"0.00\\\",\\\"negative_amount\\\":\\\"0.00\\\",\\\"balance\\\":0,\\\"created_at\\\":\\\"2022-02-13T00:27:54.000000Z\\\",\\\"updated_at\\\":\\\"2022-02-13T00:27:54.000000Z\\\",\\\"deleted_at\\\":null,\\\"actividad\\\":{\\\"id\\\":416,\\\"created_at\\\":null,\\\"updated_at\\\":null,\\\"name\\\":\\\"Terminaci\\u00f3n y revestimiento de paredes y pisos\\\",\\\"codigo_afip\\\":\\\"433020\\\",\\\"codigo_cm\\\":null},\\\"cm_articulo_regimen\\\":{\\\"id\\\":1,\\\"user_id\\\":null,\\\"descripcion\\\":\\\"Articulo 2\\\",\\\"codigo\\\":2,\\\"habilitado\\\":1,\\\"created_at\\\":\\\"2021-07-26T06:32:43.000000Z\\\",\\\"updated_at\\\":\\\"2021-07-29T11:29:35.000000Z\\\",\\\"deleted_at\\\":null}}]},{\\\"id\\\":225,\\\"user_id\\\":192,\\\"period_liquidation_id\\\":201,\\\"period_id\\\":2235,\\\"person_id\\\":40718,\\\"zone_id\\\":23,\\\"base_amount\\\":\\\"900675.21\\\",\\\"impuesto\\\":\\\"9504.38\\\",\\\"saldo_a_favor_ant\\\":0,\\\"sircreb\\\":\\\"597.74\\\",\\\"percepciones\\\":\\\"171.17\\\",\\\"retenciones\\\":\\\"164.83\\\",\\\"a_pagar\\\":\\\"8570.64\\\",\\\"a_favor\\\":\\\"0.00\\\",\\\"created_at\\\":\\\"2022-02-13T00:27:54.000000Z\\\",\\\"updated_at\\\":\\\"2022-02-13T00:27:54.000000Z\\\",\\\"deleted_at\\\":null,\\\"zone\\\":{\\\"id\\\":23,\\\"name\\\":\\\"Buenos Aires\\\",\\\"sifere_coef\\\":\\\"0.00\\\",\\\"iibb_aliquot\\\":\\\"0.00\\\",\\\"iibb_perception_id\\\":null,\\\"retention_id\\\":null,\\\"created_at\\\":null,\\\"updated_at\\\":\\\"2022-02-10T13:50:14.000000Z\\\",\\\"code\\\":\\\"02\\\",\\\"sircreb_plan_cuenta_id\\\":276,\\\"codigo_cm\\\":902,\\\"codigo_afip\\\":\\\"1\\\"},\\\"details\\\":[{\\\"id\\\":533,\\\"user_id\\\":192,\\\"period_liquidation_id\\\":201,\\\"period_id\\\":2235,\\\"person_id\\\":40718,\\\"zone_id\\\":23,\\\"calculo_iibb\\\":1,\\\"actividad_id\\\":294,\\\"coef\\\":\\\"0.7035\\\",\\\"aliquot\\\":\\\"1.5000\\\",\\\"cm_articulo_regimen_id\\\":1,\\\"base_amount\\\":900675.21,\\\"tax_amount\\\":9504.38,\\\"previous_period_balance\\\":\\\"0.00\\\",\\\"sircreb_amount\\\":\\\"0.00\\\",\\\"perception_amount\\\":\\\"0.00\\\",\\\"retention_amount\\\":\\\"0.00\\\",\\\"positive_amount\\\":\\\"0.00\\\",\\\"negative_amount\\\":\\\"0.00\\\",\\\"balance\\\":0,\\\"created_at\\\":\\\"2022-02-13T00:27:54.000000Z\\\",\\\"updated_at\\\":\\\"2022-02-13T00:27:54.000000Z\\\",\\\"deleted_at\\\":null,\\\"actividad\\\":{\\\"id\\\":294,\\\"created_at\\\":null,\\\"updated_at\\\":null,\\\"name\\\":\\\"Fabricaci\\u00f3n de productos met\\u00e1licos para uso estructural\\\",\\\"codigo_afip\\\":\\\"251102\\\",\\\"codigo_cm\\\":null},\\\"cm_articulo_regimen\\\":{\\\"id\\\":1,\\\"user_id\\\":null,\\\"descripcion\\\":\\\"Articulo 2\\\",\\\"codigo\\\":2,\\\"habilitado\\\":1,\\\"created_at\\\":\\\"2021-07-26T06:32:43.000000Z\\\",\\\"updated_at\\\":\\\"2021-07-29T11:29:35.000000Z\\\",\\\"deleted_at\\\":null}},{\\\"id\\\":534,\\\"user_id\\\":192,\\\"period_liquidation_id\\\":201,\\\"period_id\\\":2235,\\\"person_id\\\":40718,\\\"zone_id\\\":23,\\\"calculo_iibb\\\":1,\\\"actividad_id\\\":416,\\\"coef\\\":\\\"0.0000\\\",\\\"aliquot\\\":\\\"0.0000\\\",\\\"cm_articulo_regimen_id\\\":1,\\\"base_amount\\\":0,\\\"tax_amount\\\":0,\\\"previous_period_balance\\\":\\\"0.00\\\",\\\"sircreb_amount\\\":\\\"0.00\\\",\\\"perception_amount\\\":\\\"0.00\\\",\\\"retention_amount\\\":\\\"0.00\\\",\\\"positive_amount\\\":\\\"0.00\\\",\\\"negative_amount\\\":\\\"0.00\\\",\\\"balance\\\":0,\\\"created_at\\\":\\\"2022-02-13T00:27:54.000000Z\\\",\\\"updated_at\\\":\\\"2022-02-13T00:27:54.000000Z\\\",\\\"deleted_at\\\":null,\\\"actividad\\\":{\\\"id\\\":416,\\\"created_at\\\":null,\\\"updated_at\\\":null,\\\"name\\\":\\\"Terminaci\\u00f3n y revestimiento de paredes y pisos\\\",\\\"codigo_afip\\\":\\\"433020\\\",\\\"codigo_cm\\\":null},\\\"cm_articulo_regimen\\\":{\\\"id\\\":1,\\\"user_id\\\":null,\\\"descripcion\\\":\\\"Articulo 2\\\",\\\"codigo\\\":2,\\\"habilitado\\\":1,\\\"created_at\\\":\\\"2021-07-26T06:32:43.000000Z\\\",\\\"updated_at\\\":\\\"2021-07-29T11:29:35.000000Z\\\",\\\"deleted_at\\\":null}},{\\\"id\\\":535,\\\"user_id\\\":192,\\\"period_liquidation_id\\\":201,\\\"period_id\\\":2235,\\\"person_id\\\":40718,\\\"zone_id\\\":22,\\\"calculo_iibb\\\":2,\\\"actividad_id\\\":1,\\\"coef\\\":\\\"0.0000\\\",\\\"aliquot\\\":\\\"0.0000\\\",\\\"cm_articulo_regimen_id\\\":1,\\\"base_amount\\\":\\\"0.00\\\",\\\"tax_amount\\\":\\\"0.00\\\",\\\"previous_period_balance\\\":\\\"0.00\\\",\\\"sircreb_amount\\\":\\\"0.00\\\",\\\"perception_amount\\\":\\\"0.00\\\",\\\"retention_amount\\\":\\\"0.00\\\",\\\"positive_amount\\\":\\\"0.00\\\",\\\"negative_amount\\\":\\\"0.00\\\",\\\"balance\\\":0,\\\"created_at\\\":\\\"2022-02-13T00:27:54.000000Z\\\",\\\"updated_at\\\":\\\"2022-02-13T00:27:54.000000Z\\\",\\\"deleted_at\\\":null,\\\"actividad\\\":{\\\"id\\\":1,\\\"created_at\\\":null,\\\"updated_at\\\":\\\"2020-09-10T20:16:43.000000Z\\\",\\\"name\\\":\\\"Actividad Generica 1\\\",\\\"codigo_afip\\\":\\\"000001\\\",\\\"codigo_cm\\\":null},\\\"cm_articulo_regimen\\\":{\\\"id\\\":1,\\\"user_id\\\":null,\\\"descripcion\\\":\\\"Articulo 2\\\",\\\"codigo\\\":2,\\\"habilitado\\\":1,\\\"created_at\\\":\\\"2021-07-26T06:32:43.000000Z\\\",\\\"updated_at\\\":\\\"2021-07-29T11:29:35.000000Z\\\",\\\"deleted_at\\\":null}},{\\\"id\\\":536,\\\"user_id\\\":192,\\\"period_liquidation_id\\\":201,\\\"period_id\\\":2235,\\\"person_id\\\":40718,\\\"zone_id\\\":22,\\\"calculo_iibb\\\":1,\\\"actividad_id\\\":294,\\\"coef\\\":\\\"0.2965\\\",\\\"aliquot\\\":\\\"1.5000\\\",\\\"cm_articulo_regimen_id\\\":1,\\\"base_amount\\\":\\\"900675.21\\\",\\\"tax_amount\\\":\\\"4005.75\\\",\\\"previous_period_balance\\\":\\\"0.00\\\",\\\"sircreb_amount\\\":\\\"0.00\\\",\\\"perception_amount\\\":\\\"0.00\\\",\\\"retention_amount\\\":\\\"0.00\\\",\\\"positive_amount\\\":\\\"0.00\\\",\\\"negative_amount\\\":\\\"0.00\\\",\\\"balance\\\":0,\\\"created_at\\\":\\\"2022-02-13T00:27:54.000000Z\\\",\\\"updated_at\\\":\\\"2022-02-13T00:27:54.000000Z\\\",\\\"deleted_at\\\":null,\\\"actividad\\\":{\\\"id\\\":294,\\\"created_at\\\":null,\\\"updated_at\\\":null,\\\"name\\\":\\\"Fabricaci\\u00f3n de productos met\\u00e1licos para uso estructural\\\",\\\"codigo_afip\\\":\\\"251102\\\",\\\"codigo_cm\\\":null},\\\"cm_articulo_regimen\\\":{\\\"id\\\":1,\\\"user_id\\\":null,\\\"descripcion\\\":\\\"Articulo 2\\\",\\\"codigo\\\":2,\\\"habilitado\\\":1,\\\"created_at\\\":\\\"2021-07-26T06:32:43.000000Z\\\",\\\"updated_at\\\":\\\"2021-07-29T11:29:35.000000Z\\\",\\\"deleted_at\\\":null}},{\\\"id\\\":537,\\\"user_id\\\":192,\\\"period_liquidation_id\\\":201,\\\"period_id\\\":2235,\\\"person_id\\\":40718,\\\"zone_id\\\":22,\\\"calculo_iibb\\\":1,\\\"actividad_id\\\":416,\\\"coef\\\":\\\"0.0000\\\",\\\"aliquot\\\":\\\"0.0000\\\",\\\"cm_articulo_regimen_id\\\":1,\\\"base_amount\\\":\\\"0.00\\\",\\\"tax_amount\\\":\\\"0.00\\\",\\\"previous_period_balance\\\":\\\"0.00\\\",\\\"sircreb_amount\\\":\\\"0.00\\\",\\\"perception_amount\\\":\\\"0.00\\\",\\\"retention_amount\\\":\\\"0.00\\\",\\\"positive_amount\\\":\\\"0.00\\\",\\\"negative_amount\\\":\\\"0.00\\\",\\\"balance\\\":0,\\\"created_at\\\":\\\"2022-02-13T00:27:54.000000Z\\\",\\\"updated_at\\\":\\\"2022-02-13T00:27:54.000000Z\\\",\\\"deleted_at\\\":null,\\\"actividad\\\":{\\\"id\\\":416,\\\"created_at\\\":null,\\\"updated_at\\\":null,\\\"name\\\":\\\"Terminaci\\u00f3n y revestimiento de paredes y pisos\\\",\\\"codigo_afip\\\":\\\"433020\\\",\\\"codigo_cm\\\":null},\\\"cm_articulo_regimen\\\":{\\\"id\\\":1,\\\"user_id\\\":null,\\\"descripcion\\\":\\\"Articulo 2\\\",\\\"codigo\\\":2,\\\"habilitado\\\":1,\\\"created_at\\\":\\\"2021-07-26T06:32:43.000000Z\\\",\\\"updated_at\\\":\\\"2021-07-29T11:29:35.000000Z\\\",\\\"deleted_at\\\":null}}]}]}}\\\";s:7:\\\"user_id\\\";i:192;s:10:\\\"updated_at\\\";s:19:\\\"2022-02-12 21:31:52\\\";s:10:\\\"created_at\\\";s:19:\\\"2022-02-12 21:31:52\\\";s:2:\\\"id\\\";i:154;}s:10:\\\"\\u0000*\\u0000changes\\\";a:0:{}s:8:\\\"\\u0000*\\u0000casts\\\";a:0:{}s:17:\\\"\\u0000*\\u0000classCastCache\\\";a:0:{}s:8:\\\"\\u0000*\\u0000dates\\\";a:0:{}s:13:\\\"\\u0000*\\u0000dateFormat\\\";N;s:10:\\\"\\u0000*\\u0000appends\\\";a:0:{}s:19:\\\"\\u0000*\\u0000dispatchesEvents\\\";a:0:{}s:14:\\\"\\u0000*\\u0000observables\\\";a:0:{}s:12:\\\"\\u0000*\\u0000relations\\\";a:0:{}s:10:\\\"\\u0000*\\u0000touches\\\";a:0:{}s:10:\\\"timestamps\\\";b:1;s:9:\\\"\\u0000*\\u0000hidden\\\";a:0:{}s:10:\\\"\\u0000*\\u0000visible\\\";a:0:{}s:11:\\\"\\u0000*\\u0000fillable\\\";a:0:{}}}}s:3:\\\"job\\\";N;s:10:\\\"connection\\\";N;s:5:\\\"queue\\\";s:7:\\\"finance\\\";s:15:\\\"chainConnection\\\";N;s:10:\\\"chainQueue\\\";N;s:5:\\\"delay\\\";N;s:10:\\\"middleware\\\";a:0:{}s:7:\\\"chained\\\";a:0:{}}\"}}','Symfony\\Component\\Process\\Exception\\ProcessTimedOutException: The process \"node /home/forge/taxes.com.ar/resources/js/puppeteer/CMCopiarValoresEnDDJJ.js 23082539719 Darobe1705 154\" exceeded the timeout of 60 seconds. in /home/forge/taxes.com.ar/vendor/symfony/process/Process.php:1213\nStack trace:\n#0 /home/forge/taxes.com.ar/vendor/symfony/process/Process.php(425): Symfony\\Component\\Process\\Process->checkTimeout()\n#1 /home/forge/taxes.com.ar/vendor/symfony/process/Process.php(249): Symfony\\Component\\Process\\Process->wait()\n#2 /home/forge/taxes.com.ar/app/Http/Controllers/Taxes/BOTCopiarEnAfipController.php(83): Symfony\\Component\\Process\\Process->run()\n#3 /home/forge/taxes.com.ar/app/Jobs/QueueGenerica.php(36): App\\Http\\Controllers\\Taxes\\BOTCopiarEnAfipController->Execute_Bot_Copiar_en_Afip(Object(Illuminate\\Support\\Collection))\n#4 /home/forge/taxes.com.ar/vendor/laravel/framework/src/Illuminate/Container/BoundMethod.php(36): App\\Jobs\\QueueGenerica->handle()\n#5 /home/forge/taxes.com.ar/vendor/laravel/framework/src/Illuminate/Container/Util.php(37): Illuminate\\Container\\BoundMethod::Illuminate\\Container\\{closure}()\n#6 /home/forge/taxes.com.ar/vendor/laravel/framework/src/Illuminate/Container/BoundMethod.php(93): Illuminate\\Container\\Util::unwrapIfClosure(Object(Closure))\n#7 /home/forge/taxes.com.ar/vendor/laravel/framework/src/Illuminate/Container/BoundMethod.php(37): Illuminate\\Container\\BoundMethod::callBoundMethod(Object(Illuminate\\Foundation\\Application), Array, Object(Closure))\n#8 /home/forge/taxes.com.ar/vendor/laravel/framework/src/Illuminate/Container/Container.php(596): Illuminate\\Container\\BoundMethod::call(Object(Illuminate\\Foundation\\Application), Array, Array, NULL)\n#9 /home/forge/taxes.com.ar/vendor/laravel/framework/src/Illuminate/Bus/Dispatcher.php(94): Illuminate\\Container\\Container->call(Array)\n#10 /home/forge/taxes.com.ar/vendor/laravel/framework/src/Illuminate/Pipeline/Pipeline.php(128): Illuminate\\Bus\\Dispatcher->Illuminate\\Bus\\{closure}(Object(App\\Jobs\\QueueGenerica))\n#11 /home/forge/taxes.com.ar/vendor/laravel/framework/src/Illuminate/Pipeline/Pipeline.php(103): Illuminate\\Pipeline\\Pipeline->Illuminate\\Pipeline\\{closure}(Object(App\\Jobs\\QueueGenerica))\n#12 /home/forge/taxes.com.ar/vendor/laravel/framework/src/Illuminate/Bus/Dispatcher.php(98): Illuminate\\Pipeline\\Pipeline->then(Object(Closure))\n#13 /home/forge/taxes.com.ar/vendor/laravel/framework/src/Illuminate/Queue/CallQueuedHandler.php(83): Illuminate\\Bus\\Dispatcher->dispatchNow(Object(App\\Jobs\\QueueGenerica), false)\n#14 /home/forge/taxes.com.ar/vendor/laravel/framework/src/Illuminate/Pipeline/Pipeline.php(128): Illuminate\\Queue\\CallQueuedHandler->Illuminate\\Queue\\{closure}(Object(App\\Jobs\\QueueGenerica))\n#15 /home/forge/taxes.com.ar/vendor/laravel/framework/src/Illuminate/Pipeline/Pipeline.php(103): Illuminate\\Pipeline\\Pipeline->Illuminate\\Pipeline\\{closure}(Object(App\\Jobs\\QueueGenerica))\n#16 /home/forge/taxes.com.ar/vendor/laravel/framework/src/Illuminate/Queue/CallQueuedHandler.php(85): Illuminate\\Pipeline\\Pipeline->then(Object(Closure))\n#17 /home/forge/taxes.com.ar/vendor/laravel/framework/src/Illuminate/Queue/CallQueuedHandler.php(59): Illuminate\\Queue\\CallQueuedHandler->dispatchThroughMiddleware(Object(App\\Queue\\DatabaseJob), Object(App\\Jobs\\QueueGenerica))\n#18 /home/forge/taxes.com.ar/vendor/laravel/framework/src/Illuminate/Queue/Jobs/Job.php(98): Illuminate\\Queue\\CallQueuedHandler->call(Object(App\\Queue\\DatabaseJob), Array)\n#19 /home/forge/taxes.com.ar/app/Queue/DatabaseJob.php(26): Illuminate\\Queue\\Jobs\\Job->fire()\n#20 /home/forge/taxes.com.ar/vendor/laravel/framework/src/Illuminate/Queue/Worker.php(356): App\\Queue\\DatabaseJob->fire()\n#21 /home/forge/taxes.com.ar/vendor/laravel/framework/src/Illuminate/Queue/Worker.php(306): Illuminate\\Queue\\Worker->process(\'finance\', Object(App\\Queue\\DatabaseJob), Object(Illuminate\\Queue\\WorkerOptions))\n#22 /home/forge/taxes.com.ar/vendor/laravel/framework/src/Illuminate/Queue/Worker.php(265): Illuminate\\Queue\\Worker->runJob(Object(App\\Queue\\DatabaseJob), \'finance\', Object(Illuminate\\Queue\\WorkerOptions))\n#23 /home/forge/taxes.com.ar/vendor/laravel/framework/src/Illuminate/Queue/Console/WorkCommand.php(112): Illuminate\\Queue\\Worker->runNextJob(\'finance\', \'finance\', Object(Illuminate\\Queue\\WorkerOptions))\n#24 /home/forge/taxes.com.ar/vendor/laravel/framework/src/Illuminate/Queue/Console/WorkCommand.php(96): Illuminate\\Queue\\Console\\WorkCommand->runWorker(\'finance\', \'finance\')\n#25 /home/forge/taxes.com.ar/vendor/laravel/framework/src/Illuminate/Container/BoundMethod.php(36): Illuminate\\Queue\\Console\\WorkCommand->handle()\n#26 /home/forge/taxes.com.ar/vendor/laravel/framework/src/Illuminate/Container/Util.php(37): Illuminate\\Container\\BoundMethod::Illuminate\\Container\\{closure}()\n#27 /home/forge/taxes.com.ar/vendor/laravel/framework/src/Illuminate/Container/BoundMethod.php(93): Illuminate\\Container\\Util::unwrapIfClosure(Object(Closure))\n#28 /home/forge/taxes.com.ar/vendor/laravel/framework/src/Illuminate/Container/BoundMethod.php(37): Illuminate\\Container\\BoundMethod::callBoundMethod(Object(Illuminate\\Foundation\\Application), Array, Object(Closure))\n#29 /home/forge/taxes.com.ar/vendor/laravel/framework/src/Illuminate/Container/Container.php(596): Illuminate\\Container\\BoundMethod::call(Object(Illuminate\\Foundation\\Application), Array, Array, NULL)\n#30 /home/forge/taxes.com.ar/vendor/laravel/framework/src/Illuminate/Console/Command.php(134): Illuminate\\Container\\Container->call(Array)\n#31 /home/forge/taxes.com.ar/vendor/symfony/console/Command/Command.php(256): Illuminate\\Console\\Command->execute(Object(Symfony\\Component\\Console\\Input\\ArgvInput), Object(Illuminate\\Console\\OutputStyle))\n#32 /home/forge/taxes.com.ar/vendor/laravel/framework/src/Illuminate/Console/Command.php(121): Symfony\\Component\\Console\\Command\\Command->run(Object(Symfony\\Component\\Console\\Input\\ArgvInput), Object(Illuminate\\Console\\OutputStyle))\n#33 /home/forge/taxes.com.ar/vendor/symfony/console/Application.php(971): Illuminate\\Console\\Command->run(Object(Symfony\\Component\\Console\\Input\\ArgvInput), Object(Symfony\\Component\\Console\\Output\\ConsoleOutput))\n#34 /home/forge/taxes.com.ar/vendor/symfony/console/Application.php(290): Symfony\\Component\\Console\\Application->doRunCommand(Object(Illuminate\\Queue\\Console\\WorkCommand), Object(Symfony\\Component\\Console\\Input\\ArgvInput), Object(Symfony\\Component\\Console\\Output\\ConsoleOutput))\n#35 /home/forge/taxes.com.ar/vendor/symfony/console/Application.php(166): Symfony\\Component\\Console\\Application->doRun(Object(Symfony\\Component\\Console\\Input\\ArgvInput), Object(Symfony\\Component\\Console\\Output\\ConsoleOutput))\n#36 /home/forge/taxes.com.ar/vendor/laravel/framework/src/Illuminate/Console/Application.php(93): Symfony\\Component\\Console\\Application->run(Object(Symfony\\Component\\Console\\Input\\ArgvInput), Object(Symfony\\Component\\Console\\Output\\ConsoleOutput))\n#37 /home/forge/taxes.com.ar/vendor/laravel/framework/src/Illuminate/Foundation/Console/Kernel.php(129): Illuminate\\Console\\Application->run(Object(Symfony\\Component\\Console\\Input\\ArgvInput), Object(Symfony\\Component\\Console\\Output\\ConsoleOutput))\n#38 /home/forge/taxes.com.ar/artisan(35): Illuminate\\Foundation\\Console\\Kernel->handle(Object(Symfony\\Component\\Console\\Input\\ArgvInput), Object(Symfony\\Component\\Console\\Output\\ConsoleOutput))\n#39 {main}','2022-02-12 21:32:53',NULL);

--
-- Table structure for table `faq`
--

CREATE TABLE `faq` (
  `id` int(10) unsigned NOT NULL AUTO_INCREMENT,
  `pregunta` longtext COLLATE utf8mb4_unicode_ci NOT NULL,
  `respuesta` longtext COLLATE utf8mb4_unicode_ci NOT NULL,
  `habilitado` tinyint(1) NOT NULL DEFAULT '1',
  `created_at` timestamp NULL DEFAULT NULL,
  `updated_at` timestamp NULL DEFAULT NULL,
  `deleted_at` timestamp NULL DEFAULT NULL,
  PRIMARY KEY (`id`)
) ENGINE=InnoDB DEFAULT CHARSET=utf8mb4 COLLATE=utf8mb4_unicode_ci;

--
-- Dumping data for table `faq`
--


--
-- Table structure for table `file_upload_details`
--

CREATE TABLE `file_upload_details` (
  `id` int(10) unsigned NOT NULL AUTO_INCREMENT,
  `file_upload_id` int(10) unsigned NOT NULL,
  `detail` longtext COLLATE utf8mb4_unicode_ci NOT NULL,
  `created_at` timestamp NULL DEFAULT NULL,
  `updated_at` timestamp NULL DEFAULT NULL,
  PRIMARY KEY (`id`),
  KEY `file_upload_details_file_upload_id_foreign` (`file_upload_id`),
  CONSTRAINT `file_upload_details_file_upload_id_foreign` FOREIGN KEY (`file_upload_id`) REFERENCES `file_uploads` (`id`)
) ENGINE=InnoDB DEFAULT CHARSET=utf8mb4 COLLATE=utf8mb4_unicode_ci;

--
-- Dumping data for table `file_upload_details`
--


--
-- Table structure for table `file_uploads`
--

CREATE TABLE `file_uploads` (
  `id` int(10) unsigned NOT NULL AUTO_INCREMENT,
  `data_type_id` int(10) unsigned NOT NULL,
  `user_id` int(10) unsigned NOT NULL,
  `person_id` int(10) unsigned NOT NULL,
  `period_id` int(10) unsigned DEFAULT NULL,
  `path` varchar(255) COLLATE utf8mb4_unicode_ci NOT NULL,
  `status` int(10) unsigned NOT NULL DEFAULT '1',
  `created_at` timestamp NULL DEFAULT NULL,
  `updated_at` timestamp NULL DEFAULT NULL,
  PRIMARY KEY (`id`),
  KEY `file_uploads_data_type_id_foreign` (`data_type_id`),
  KEY `file_uploads_user_id_foreign` (`user_id`),
  KEY `file_uploads_person_id_foreign` (`person_id`),
  KEY `file_uploads_period_id_foreign` (`period_id`),
  CONSTRAINT `file_uploads_data_type_id_foreign` FOREIGN KEY (`data_type_id`) REFERENCES `data_types` (`id`),
  CONSTRAINT `file_uploads_period_id_foreign` FOREIGN KEY (`period_id`) REFERENCES `periods` (`id`),
  CONSTRAINT `file_uploads_person_id_foreign` FOREIGN KEY (`person_id`) REFERENCES `persons` (`id`),
  CONSTRAINT `file_uploads_user_id_foreign` FOREIGN KEY (`user_id`) REFERENCES `tusers` (`idUser`)
) ENGINE=InnoDB DEFAULT CHARSET=utf8mb4 COLLATE=utf8mb4_unicode_ci;

--
-- Dumping data for table `file_uploads`
--


--
-- Table structure for table `ganan_art_90`
--

CREATE TABLE `ganan_art_90` (
  `id` int(10) unsigned NOT NULL AUTO_INCREMENT,
  `anio` int(10) unsigned NOT NULL,
  `desde` decimal(16,2) NOT NULL DEFAULT '0.00',
  `hasta` decimal(16,2) NOT NULL DEFAULT '0.00',
  `impuesto` decimal(16,2) NOT NULL DEFAULT '0.00',
  `mas_porcentaje` decimal(16,2) NOT NULL DEFAULT '0.00',
  `excedente` decimal(16,2) NOT NULL DEFAULT '0.00',
  `created_at` timestamp NULL DEFAULT NULL,
  `updated_at` timestamp NULL DEFAULT NULL,
  `deleted_at` timestamp NULL DEFAULT NULL,
  PRIMARY KEY (`id`)
) ENGINE=InnoDB AUTO_INCREMENT=73 DEFAULT CHARSET=utf8mb4 COLLATE=utf8mb4_unicode_ci;

--
-- Dumping data for table `ganan_art_90`
--

INSERT INTO `ganan_art_90` VALUES (1,2017,0.00,20000.00,0.00,0.05,0.00,'2019-11-15 13:24:27','2019-11-15 13:24:27',NULL),(2,2017,20000.00,40000.00,1000.00,0.09,20000.00,'2019-11-15 13:24:27','2019-11-15 13:24:27',NULL),(3,2017,40000.00,60000.00,2800.00,0.12,40000.00,'2019-11-15 13:24:27','2019-11-15 13:24:27',NULL),(4,2017,60000.00,80000.00,5200.00,0.15,60000.00,'2019-11-15 13:24:27','2019-11-15 13:24:27',NULL),(5,2017,80000.00,120000.00,8200.00,0.19,80000.00,'2019-11-15 13:24:27','2019-11-15 13:24:27',NULL),(6,2017,120000.00,160000.00,15800.00,0.23,120000.00,'2019-11-15 13:24:27','2019-11-15 13:24:27',NULL),(7,2017,160000.00,240000.00,25000.00,0.27,160000.00,'2019-11-15 13:24:27','2019-11-15 13:24:27',NULL),(8,2017,240000.00,320000.00,46600.00,0.31,240000.00,'2019-11-15 13:24:27','2019-11-15 13:24:27',NULL),(9,2017,320000.00,999999999.99,71400.00,0.35,320000.00,'2019-11-15 13:24:27','2019-11-15 13:24:27',NULL),(10,2018,0.00,25754.00,0.00,0.05,0.00,'2019-11-15 13:24:27','2019-11-15 13:24:27',NULL),(11,2018,25754.00,51508.00,1287.70,0.09,25754.00,'2019-11-15 13:24:27','2019-11-15 13:24:27',NULL),(12,2018,51508.00,77262.00,3605.56,0.12,51508.00,'2019-11-15 13:24:27','2019-11-15 13:24:27',NULL),(13,2018,77262.00,103016.00,6696.04,0.15,77262.00,'2019-11-15 13:24:27','2019-11-15 13:24:27',NULL),(14,2018,103016.00,154524.00,10559.14,0.19,103016.00,'2019-11-15 13:24:27','2019-11-15 13:24:27',NULL),(15,2018,154524.00,206032.00,20345.66,0.23,154524.00,'2019-11-15 13:24:27','2019-11-15 13:24:27',NULL),(16,2018,206032.00,309048.00,32192.50,0.27,206032.00,'2019-11-15 13:24:27','2019-11-15 13:24:27',NULL),(17,2018,309048.00,412064.00,60006.82,0.31,309048.00,'2019-11-15 13:24:27','2019-11-15 13:24:27',NULL),(18,2018,412064.00,999999999.99,91941.78,0.35,412064.00,'2019-11-15 13:24:27','2019-11-15 13:24:27',NULL),(19,2019,0.00,33039.81,0.00,0.05,0.00,'2019-11-15 13:24:27','2019-11-15 13:24:27',NULL),(20,2019,33039.81,66079.61,1651.99,0.09,33039.81,'2019-11-15 13:24:27','2019-11-15 13:24:27',NULL),(21,2019,66079.61,99119.42,4625.57,0.12,66079.61,'2019-11-15 13:24:27','2019-11-15 13:24:27',NULL),(22,2019,99119.42,132159.23,8590.35,0.15,99119.42,'2019-11-15 13:24:27','2019-11-15 13:24:27',NULL),(23,2019,132159.23,198238.84,13546.32,0.19,132159.23,'2019-11-15 13:24:27','2019-11-15 13:24:27',NULL),(24,2019,198238.84,264318.45,26101.45,0.23,198238.84,'2019-11-15 13:24:27','2019-11-15 13:24:27',NULL),(25,2019,264318.45,396477.68,41299.76,0.27,264318.45,'2019-11-15 13:24:27','2019-11-15 13:24:27',NULL),(26,2019,396477.68,528636.91,76982.75,0.31,396477.68,'2019-11-15 13:24:27','2019-11-15 13:24:27',NULL),(27,2019,528636.91,999999999.99,117952.11,0.35,528636.91,'2019-11-15 13:24:27','2019-11-15 13:24:27',NULL),(28,2016,0.00,10000.00,0.00,0.09,0.00,'2020-01-28 13:48:34','2020-02-27 02:59:44',NULL),(29,2016,10000.00,20000.00,900.00,0.14,10000.00,'2020-01-28 13:48:34','2020-02-27 02:59:44',NULL),(30,2016,20000.00,30000.00,2300.00,0.19,20000.00,'2020-01-28 13:48:34','2020-02-27 02:59:44',NULL),(31,2016,30000.00,60000.00,4200.00,0.23,30000.00,'2020-01-28 13:48:34','2020-02-27 02:59:44',NULL),(32,2016,60000.00,90000.00,11100.00,0.27,60000.00,'2020-01-28 13:48:34','2020-02-27 02:59:44',NULL),(33,2016,90000.00,120000.00,19200.00,0.31,90000.00,'2020-01-28 13:48:34','2020-02-27 02:59:44',NULL),(34,2016,120000.00,999999999.00,28500.00,0.35,120000.00,'2020-01-28 13:48:34','2020-02-27 02:59:44',NULL),(37,2020,0.00,47669.16,0.00,0.05,0.00,'2020-01-28 14:17:39','2020-01-28 14:17:39',NULL),(38,2020,47669.16,95338.32,2383.46,0.09,47669.16,'2020-01-28 14:17:39','2020-01-28 14:17:39',NULL),(39,2020,95338.32,143007.48,6673.68,0.12,95338.32,'2020-01-28 14:17:39','2020-01-28 14:17:39',NULL),(40,2020,143007.48,190676.65,12393.98,0.15,143007.48,'2020-01-28 14:17:39','2020-01-28 14:17:39',NULL),(41,2020,190676.65,286014.96,19544.36,0.19,190676.65,'2020-01-28 14:17:39','2020-12-22 12:18:44',NULL),(42,2020,286014.96,381353.28,37658.64,0.23,286014.96,'2020-01-28 14:17:39','2020-01-28 14:17:39',NULL);
INSERT INTO `ganan_art_90` VALUES (43,2020,381353.28,572029.92,59586.45,0.27,381353.28,'2020-01-28 14:17:39','2020-01-28 14:17:39',NULL),(44,2020,572029.92,762706.57,111069.14,0.31,572029.92,'2020-01-28 14:17:39','2020-01-28 14:17:39',NULL),(45,2020,762706.57,999999999.99,170178.90,0.35,762706.57,'2020-01-28 14:17:39','2020-01-28 14:17:39',NULL),(46,2021,0.00,64532.64,0.00,0.05,0.00,'2021-01-14 20:56:11','2021-01-14 20:56:11',NULL),(47,2021,64532.64,129065.29,3226.63,0.09,64532.64,'2021-01-14 20:56:11','2021-01-14 20:56:11',NULL),(48,2021,129065.29,193597.93,9034.57,0.12,129065.29,'2021-01-14 20:56:11','2021-01-14 20:56:11',NULL),(49,2021,193597.93,258130.58,16778.49,0.15,193597.93,'2021-01-14 20:56:11','2021-01-14 20:56:11',NULL),(50,2021,258130.58,387195.86,26458.39,0.19,258130.58,'2021-01-14 20:56:11','2021-01-14 20:56:11',NULL),(51,2021,387195.86,516261.14,50980.79,0.23,387195.86,'2021-01-14 20:56:11','2022-06-07 11:12:09',NULL),(52,2021,516261.14,774391.71,80665.80,0.27,516261.14,'2021-01-14 20:56:11','2021-01-14 20:56:11',NULL),(53,2021,774391.71,1032522.30,150361.06,0.31,774391.71,'2021-01-14 20:56:11','2021-01-14 20:56:11',NULL),(54,2021,1032522.30,999999999.99,230381.54,0.35,1032522.30,'2021-01-14 20:56:11','2021-01-14 20:56:11',NULL),(55,2022,0.00,97201.99,0.00,0.05,0.00,'2022-01-11 14:09:10','2022-02-06 22:41:28',NULL),(56,2022,97201.99,194404.01,4860.10,0.09,97201.99,'2022-01-11 14:09:10','2022-01-11 14:09:10',NULL),(57,2022,194404.01,291606.01,13608.29,0.12,194404.01,'2022-01-11 14:09:10','2022-01-11 14:09:10',NULL),(58,2022,291606.01,388808.02,25272.52,0.15,291606.01,'2022-01-11 14:09:10','2022-01-11 14:09:10',NULL),(59,2022,388808.02,583212.02,39852.82,0.19,388808.02,'2022-01-11 14:09:10','2022-01-11 14:09:10',NULL),(60,2022,583212.02,777616.02,76789.59,0.23,583212.02,'2022-01-11 14:09:10','2022-01-11 14:09:10',NULL),(61,2022,777616.02,1166424.03,121502.49,0.27,777616.02,'2022-01-11 14:09:10','2022-01-11 14:09:10',NULL),(62,2022,1166424.03,1555232.07,226480.67,0.31,1166424.03,'2022-01-11 14:09:10','2022-01-11 14:09:10',NULL),(63,2022,1555232.07,9999999.00,347011.15,0.35,1555232.07,'2022-01-11 14:09:10','2022-01-11 14:09:10',NULL),(64,2023,0.00,173834.61,0.00,0.05,0.00,'2022-12-28 17:51:03','2022-12-28 17:51:03',NULL),(65,2023,173834.61,347669.23,8691.73,0.09,173834.61,'2022-12-28 17:51:03','2022-12-28 17:51:03',NULL),(66,2023,347669.23,521503.84,24336.85,0.12,347669.23,'2022-12-28 17:51:03','2022-12-28 17:51:03',NULL),(67,2023,521503.84,695338.47,45197.00,0.15,521503.84,'2022-12-28 17:51:03','2022-12-28 17:51:03',NULL),(68,2023,695338.47,1043007.68,71272.19,0.19,695338.47,'2022-12-28 17:51:03','2022-12-28 17:51:03',NULL),(69,2023,1043007.68,1390676.90,137329.34,0.23,1043007.68,'2022-12-28 17:51:03','2022-12-28 17:51:03',NULL),(70,2023,1390676.90,2086015.35,217293.26,0.27,1390676.90,'2022-12-28 17:51:03','2022-12-28 17:51:03',NULL),(71,2023,2086015.35,2781353.85,405034.64,0.31,2086015.35,'2022-12-28 17:51:03','2022-12-28 17:51:03',NULL),(72,2023,2781353.85,9999999.00,620589.58,0.35,2781353.85,'2022-12-28 17:51:03','2022-12-28 17:51:03',NULL);

--
-- Table structure for table `ganan_categorias`
--

CREATE TABLE `ganan_categorias` (
  `id` int(10) unsigned NOT NULL AUTO_INCREMENT,
  `nombre` varchar(191) COLLATE utf8mb4_unicode_ci NOT NULL,
  `status` tinyint(1) NOT NULL DEFAULT '1',
  `created_at` timestamp NULL DEFAULT NULL,
  `updated_at` timestamp NULL DEFAULT NULL,
  `deleted_at` timestamp NULL DEFAULT NULL,
  PRIMARY KEY (`id`)
) ENGINE=InnoDB AUTO_INCREMENT=5 DEFAULT CHARSET=utf8mb4 COLLATE=utf8mb4_unicode_ci;

--
-- Dumping data for table `ganan_categorias`
--

INSERT INTO `ganan_categorias` VALUES (1,'Primera',1,'2019-11-15 13:24:28','2019-11-15 13:24:28',NULL),(2,'Segunda',1,'2019-11-15 13:24:28','2019-11-15 13:24:28',NULL),(3,'Tercera',1,'2019-11-15 13:24:28','2019-11-15 13:24:28',NULL),(4,'Cuarta',1,'2019-11-15 13:24:28','2019-11-15 13:24:28',NULL);

--
-- Table structure for table `ganan_conceptos_anticipos`
--

CREATE TABLE `ganan_conceptos_anticipos` (
  `id` int(10) unsigned NOT NULL AUTO_INCREMENT,
  `user_id` int(10) unsigned DEFAULT NULL,
  `nombre` varchar(191) COLLATE utf8mb4_unicode_ci NOT NULL,
  `status` tinyint(1) NOT NULL DEFAULT '1',
  `created_at` timestamp NULL DEFAULT NULL,
  `updated_at` timestamp NULL DEFAULT NULL,
  `deleted_at` timestamp NULL DEFAULT NULL,
  PRIMARY KEY (`id`),
  UNIQUE KEY `ganan_conceptos_anticipos_nombre_unique` (`nombre`)
) ENGINE=InnoDB AUTO_INCREMENT=4 DEFAULT CHARSET=utf8mb4 COLLATE=utf8mb4_unicode_ci;

--
-- Dumping data for table `ganan_conceptos_anticipos`
--

INSERT INTO `ganan_conceptos_anticipos` VALUES (1,NULL,'Anticipos',1,'2019-11-15 13:24:27','2019-11-15 13:24:27',NULL),(2,NULL,'Retenciones y Percepciones',1,'2019-11-15 13:24:27','2019-11-15 13:24:27',NULL),(3,NULL,'Saldo a Favor Anterior',1,'2019-11-15 13:24:27','2019-11-15 13:24:27',NULL);

--
-- Table structure for table `ganan_ddjj_detail_anticipos`
--

CREATE TABLE `ganan_ddjj_detail_anticipos` (
  `id` int(10) unsigned NOT NULL AUTO_INCREMENT,
  `user_id` int(10) unsigned DEFAULT NULL,
  `ganan_ddjj_id` int(10) unsigned NOT NULL,
  `person_id` int(10) unsigned NOT NULL,
  `ganan_concepto_anticipo_id` int(10) unsigned NOT NULL,
  `importe` decimal(16,2) NOT NULL DEFAULT '0.00',
  `created_at` timestamp NULL DEFAULT NULL,
  `updated_at` timestamp NULL DEFAULT NULL,
  `deleted_at` timestamp NULL DEFAULT NULL,
  PRIMARY KEY (`id`),
  KEY `ganan_ddjj_detail_anticipos_ganan_ddjj_id_foreign` (`ganan_ddjj_id`),
  KEY `ganan_ddjj_detail_anticipos_person_id_foreign` (`person_id`),
  KEY `ganan_ddjj_detail_anticipos_ganan_concepto_anticipo_id_foreign` (`ganan_concepto_anticipo_id`),
  CONSTRAINT `ganan_ddjj_detail_anticipos_ganan_concepto_anticipo_id_foreign` FOREIGN KEY (`ganan_concepto_anticipo_id`) REFERENCES `ganan_conceptos_anticipos` (`id`),
  CONSTRAINT `ganan_ddjj_detail_anticipos_ganan_ddjj_id_foreign` FOREIGN KEY (`ganan_ddjj_id`) REFERENCES `ganan_ddjjs` (`id`),
  CONSTRAINT `ganan_ddjj_detail_anticipos_person_id_foreign` FOREIGN KEY (`person_id`) REFERENCES `persons` (`id`)
) ENGINE=InnoDB AUTO_INCREMENT=10 DEFAULT CHARSET=utf8mb4 COLLATE=utf8mb4_unicode_ci;

--
-- Dumping data for table `ganan_ddjj_detail_anticipos`
--

INSERT INTO `ganan_ddjj_detail_anticipos` VALUES (4,192,2,40814,1,0.00,'2022-04-18 15:12:31','2022-04-18 15:12:31',NULL),(5,192,2,40814,2,0.00,'2022-04-18 15:12:31','2022-04-18 15:12:31',NULL),(6,192,2,40814,3,0.00,'2022-04-18 15:12:31','2022-04-18 15:12:31',NULL);

--
-- Table structure for table `ganan_ddjj_detail_deducciones`
--

CREATE TABLE `ganan_ddjj_detail_deducciones` (
  `id` int(10) unsigned NOT NULL AUTO_INCREMENT,
  `user_id` int(10) unsigned DEFAULT NULL,
  `ganan_ddjj_id` int(10) unsigned NOT NULL,
  `person_id` int(10) unsigned NOT NULL,
  `ganan_deduccion_id` int(10) unsigned NOT NULL,
  `importe` decimal(16,2) NOT NULL DEFAULT '0.00',
  `comentario` varchar(191) COLLATE utf8mb4_unicode_ci DEFAULT NULL,
  `created_at` timestamp NULL DEFAULT NULL,
  `updated_at` timestamp NULL DEFAULT NULL,
  `deleted_at` timestamp NULL DEFAULT NULL,
  PRIMARY KEY (`id`),
  KEY `ganan_ddjj_detail_deducciones_ganan_ddjj_id_foreign` (`ganan_ddjj_id`),
  KEY `ganan_ddjj_detail_deducciones_person_id_foreign` (`person_id`),
  KEY `ganan_ddjj_detail_deducciones_ganan_deduccion_id_foreign` (`ganan_deduccion_id`),
  CONSTRAINT `ganan_ddjj_detail_deducciones_ganan_ddjj_id_foreign` FOREIGN KEY (`ganan_ddjj_id`) REFERENCES `ganan_ddjjs` (`id`),
  CONSTRAINT `ganan_ddjj_detail_deducciones_ganan_deduccion_id_foreign` FOREIGN KEY (`ganan_deduccion_id`) REFERENCES `ganan_deducciones` (`id`),
  CONSTRAINT `ganan_ddjj_detail_deducciones_person_id_foreign` FOREIGN KEY (`person_id`) REFERENCES `persons` (`id`)
) ENGINE=InnoDB AUTO_INCREMENT=61 DEFAULT CHARSET=utf8mb4 COLLATE=utf8mb4_unicode_ci;

--
-- Dumping data for table `ganan_ddjj_detail_deducciones`
--

INSERT INTO `ganan_ddjj_detail_deducciones` VALUES (19,192,2,40814,86,0.00,NULL,'2022-04-18 15:12:31','2022-04-18 15:12:31',NULL),(20,192,2,40814,87,0.00,NULL,'2022-04-18 15:12:31','2022-04-18 15:12:31',NULL),(21,192,2,40814,88,0.00,NULL,'2022-04-18 15:12:31','2022-04-18 15:12:31',NULL),(22,192,2,40814,89,0.00,NULL,'2022-04-18 15:12:31','2022-04-18 15:12:31',NULL),(23,192,2,40814,90,0.00,NULL,'2022-04-18 15:12:31','2022-04-18 15:12:31',NULL),(24,192,2,40814,91,0.00,NULL,'2022-04-18 15:12:31','2022-04-18 15:12:31',NULL),(25,192,2,40814,92,0.00,NULL,'2022-04-18 15:12:31','2022-04-18 15:12:31',NULL),(26,192,2,40814,93,0.00,NULL,'2022-04-18 15:12:31','2022-04-18 15:12:31',NULL),(27,192,2,40814,94,0.00,NULL,'2022-04-18 15:12:31','2022-04-18 15:12:31',NULL),(28,192,2,40814,95,0.00,NULL,'2022-04-18 15:12:31','2022-04-18 15:12:31',NULL),(29,192,2,40814,96,0.00,NULL,'2022-04-18 15:12:31','2022-04-18 15:12:31',NULL),(30,192,2,40814,97,0.00,NULL,'2022-04-18 15:12:31','2022-04-18 15:12:31',NULL),(31,192,2,40814,98,0.00,NULL,'2022-04-18 15:12:31','2022-04-18 15:12:31',NULL),(32,192,2,40814,99,0.00,NULL,'2022-04-18 15:12:31','2022-04-18 15:12:31',NULL),(33,192,2,40814,100,0.00,NULL,'2022-04-18 15:12:31','2022-04-18 15:12:31',NULL),(34,192,2,40814,101,0.00,NULL,'2022-04-18 15:12:31','2022-04-18 15:12:31',NULL),(35,192,2,40814,102,0.00,NULL,'2022-04-18 15:12:31','2022-04-18 15:12:31',NULL),(36,192,2,40814,103,0.00,NULL,'2022-04-18 15:12:31','2022-04-18 15:12:31',NULL),(37,192,2,40814,104,0.00,NULL,'2022-04-18 15:12:31','2022-04-18 15:12:31',NULL),(38,192,2,40814,105,0.00,NULL,'2022-04-18 15:12:31','2022-04-18 15:12:31',NULL),(39,192,2,40814,106,0.00,NULL,'2022-04-18 15:12:31','2022-04-18 15:12:31',NULL),(40,192,2,40814,107,0.00,NULL,'2022-04-18 15:12:31','2022-04-18 15:12:31',NULL),(41,192,2,40814,108,0.00,NULL,'2022-04-18 15:12:31','2022-04-18 15:12:31',NULL),(42,192,2,40814,109,0.00,NULL,'2022-04-18 15:12:31','2022-04-18 15:12:31',NULL);

--
-- Table structure for table `ganan_ddjj_detail_ing_egr`
--

CREATE TABLE `ganan_ddjj_detail_ing_egr` (
  `id` int(10) unsigned NOT NULL AUTO_INCREMENT,
  `user_id` int(10) unsigned DEFAULT NULL,
  `ganan_ddjj_id` int(10) unsigned NOT NULL,
  `person_id` int(10) unsigned NOT NULL,
  `conta_tipo_asiento_id` int(10) unsigned NOT NULL,
  `ganan_categoria_id` int(10) unsigned NOT NULL,
  `ganan_tipo_op_id` int(10) unsigned NOT NULL,
  `importe` decimal(16,2) NOT NULL DEFAULT '0.00',
  `comentario` varchar(191) COLLATE utf8mb4_unicode_ci DEFAULT NULL,
  `created_at` timestamp NULL DEFAULT NULL,
  `updated_at` timestamp NULL DEFAULT NULL,
  `deleted_at` timestamp NULL DEFAULT NULL,
  PRIMARY KEY (`id`),
  KEY `ganan_ddjj_detail_ing_egr_ganan_ddjj_id_foreign` (`ganan_ddjj_id`),
  KEY `ganan_ddjj_detail_ing_egr_person_id_foreign` (`person_id`),
  KEY `ganan_ddjj_detail_ing_egr_conta_tipo_asiento_id_foreign` (`conta_tipo_asiento_id`),
  KEY `ganan_ddjj_detail_ing_egr_ganan_categoria_id_foreign` (`ganan_categoria_id`),
  KEY `ganan_ddjj_detail_ing_egr_ganan_tipo_op_id_foreign` (`ganan_tipo_op_id`),
  CONSTRAINT `ganan_ddjj_detail_ing_egr_conta_tipo_asiento_id_foreign` FOREIGN KEY (`conta_tipo_asiento_id`) REFERENCES `conta_tipo_asientos` (`id`),
  CONSTRAINT `ganan_ddjj_detail_ing_egr_ganan_categoria_id_foreign` FOREIGN KEY (`ganan_categoria_id`) REFERENCES `ganan_categorias` (`id`),
  CONSTRAINT `ganan_ddjj_detail_ing_egr_ganan_ddjj_id_foreign` FOREIGN KEY (`ganan_ddjj_id`) REFERENCES `ganan_ddjjs` (`id`),
  CONSTRAINT `ganan_ddjj_detail_ing_egr_ganan_tipo_op_id_foreign` FOREIGN KEY (`ganan_tipo_op_id`) REFERENCES `ganan_tipos_op` (`id`),
  CONSTRAINT `ganan_ddjj_detail_ing_egr_person_id_foreign` FOREIGN KEY (`person_id`) REFERENCES `persons` (`id`)
) ENGINE=InnoDB AUTO_INCREMENT=49 DEFAULT CHARSET=utf8mb4 COLLATE=utf8mb4_unicode_ci;

--
-- Dumping data for table `ganan_ddjj_detail_ing_egr`
--

INSERT INTO `ganan_ddjj_detail_ing_egr` VALUES (17,192,2,40814,2,1,1,0.00,NULL,'2022-04-18 15:12:31','2022-04-18 15:12:31',NULL),(18,192,2,40814,2,2,1,0.00,NULL,'2022-04-18 15:12:31','2022-04-18 15:12:31',NULL),(19,192,2,40814,2,3,1,0.00,NULL,'2022-04-18 15:12:31','2022-04-18 15:12:31',NULL),(20,192,2,40814,2,4,1,0.00,NULL,'2022-04-18 15:12:31','2022-04-18 15:12:31',NULL),(21,192,2,40814,2,1,2,0.00,NULL,'2022-04-18 15:12:31','2022-04-18 15:12:31',NULL),(22,192,2,40814,2,2,2,0.00,NULL,'2022-04-18 15:12:31','2022-04-18 15:12:31',NULL),(23,192,2,40814,2,3,2,0.00,NULL,'2022-04-18 15:12:31','2022-04-18 15:12:31',NULL),(24,192,2,40814,2,4,2,0.00,NULL,'2022-04-18 15:12:31','2022-04-18 15:12:31',NULL),(25,192,2,40814,3,1,1,0.00,NULL,'2022-04-18 15:12:31','2022-04-18 15:12:31',NULL),(26,192,2,40814,3,2,1,0.00,NULL,'2022-04-18 15:12:31','2022-04-18 15:12:31',NULL),(27,192,2,40814,3,3,1,0.00,NULL,'2022-04-18 15:12:31','2022-04-18 15:12:31',NULL),(28,192,2,40814,3,4,1,0.00,NULL,'2022-04-18 15:12:31','2022-04-18 15:12:31',NULL),(29,192,2,40814,3,1,2,0.00,NULL,'2022-04-18 15:12:31','2022-04-18 15:12:31',NULL),(30,192,2,40814,3,2,2,0.00,NULL,'2022-04-18 15:12:31','2022-04-18 15:12:31',NULL),(31,192,2,40814,3,3,2,0.00,NULL,'2022-04-18 15:12:31','2022-04-18 15:12:31',NULL),(32,192,2,40814,3,4,2,0.00,NULL,'2022-04-18 15:12:31','2022-04-18 15:12:31',NULL);

--
-- Table structure for table `ganan_ddjjs`
--

CREATE TABLE `ganan_ddjjs` (
  `id` int(10) unsigned NOT NULL AUTO_INCREMENT,
  `user_id` int(10) unsigned DEFAULT NULL,
  `anio` int(10) unsigned NOT NULL,
  `person_id` int(10) unsigned NOT NULL,
  `ingresos_gravados` decimal(16,2) NOT NULL DEFAULT '0.00',
  `ingresos_exentos` decimal(16,2) NOT NULL DEFAULT '0.00',
  `egresos_gravados` decimal(16,2) NOT NULL DEFAULT '0.00',
  `egresos_exentos` decimal(16,2) NOT NULL DEFAULT '0.00',
  `deducciones_total` decimal(16,2) NOT NULL DEFAULT '0.00',
  `base_imponible` decimal(16,2) NOT NULL DEFAULT '0.00',
  `impuesto_determinado` decimal(16,2) NOT NULL DEFAULT '0.00',
  `saldo_a_pagar` decimal(16,2) NOT NULL DEFAULT '0.00',
  `saldo_a_favor` decimal(16,2) NOT NULL DEFAULT '0.00',
  `comentario` varchar(191) COLLATE utf8mb4_unicode_ci DEFAULT NULL,
  `created_at` timestamp NULL DEFAULT NULL,
  `updated_at` timestamp NULL DEFAULT NULL,
  `deleted_at` timestamp NULL DEFAULT NULL,
  PRIMARY KEY (`id`),
  KEY `ganan_ddjjs_person_id_foreign` (`person_id`),
  CONSTRAINT `ganan_ddjjs_person_id_foreign` FOREIGN KEY (`person_id`) REFERENCES `persons` (`id`)
) ENGINE=InnoDB AUTO_INCREMENT=4 DEFAULT CHARSET=utf8mb4 COLLATE=utf8mb4_unicode_ci;

--
-- Dumping data for table `ganan_ddjjs`
--

INSERT INTO `ganan_ddjjs` VALUES (2,192,2020,40814,0.00,0.00,0.00,0.00,0.00,0.00,0.00,0.00,0.00,NULL,'2022-04-18 15:12:31','2022-04-18 15:12:31',NULL);

--
-- Table structure for table `ganan_deducciones`
--

CREATE TABLE `ganan_deducciones` (
  `id` int(10) unsigned NOT NULL AUTO_INCREMENT,
  `user_id` int(10) unsigned DEFAULT NULL,
  `anio` int(10) unsigned NOT NULL,
  `generales` tinyint(1) NOT NULL DEFAULT '0',
  `particulares` tinyint(1) NOT NULL DEFAULT '0',
  `nombre` varchar(191) COLLATE utf8mb4_unicode_ci NOT NULL,
  `importe` decimal(16,2) NOT NULL DEFAULT '0.00',
  `status` tinyint(1) NOT NULL DEFAULT '1',
  `created_at` timestamp NULL DEFAULT NULL,
  `updated_at` timestamp NULL DEFAULT NULL,
  `deleted_at` timestamp NULL DEFAULT NULL,
  PRIMARY KEY (`id`)
) ENGINE=InnoDB AUTO_INCREMENT=173 DEFAULT CHARSET=utf8mb4 COLLATE=utf8mb4_unicode_ci;

--
-- Dumping data for table `ganan_deducciones`
--

INSERT INTO `ganan_deducciones` VALUES (1,NULL,2017,1,0,'Primas de seguro para el caso de muerte',999.00,1,'2019-11-15 13:24:27','2019-11-15 13:24:27',NULL),(2,NULL,2017,1,0,'Gastos de Sepelio',999.00,1,'2019-11-15 13:24:27','2019-11-15 13:24:27',NULL),(3,NULL,2017,1,0,'Aportes a Obras Sociales',0.00,1,'2019-11-15 13:24:27','2019-11-15 13:24:27',NULL),(4,NULL,2017,1,0,'Aportes obligatorios a Fondos de jubilaciones, retiros, pensiones o subsidios a cajas nacionales, provinciales o municipales- incluidas las Cajas de Previsión para Profesionales.',0.00,1,'2019-11-15 13:24:27','2019-11-15 13:24:27',NULL),(5,NULL,2017,1,0,'Otras deducciones del Anexo III de la RG 2437: Aportes para fondos de Jubilación, Retiros, Pensiones o Subsidios destinados al ANSES',0.00,1,'2019-11-15 13:24:27','2019-11-15 13:24:27',NULL),(6,NULL,2017,1,0,'Aportes a Cajas Provinciales o Municipales o de Previsión para Profesionales',0.00,1,'2019-11-15 13:24:27','2019-11-15 13:24:27',NULL),(7,NULL,2017,1,0,'Pagos Régimen Nacional de Trabajadores Autónomos',0.00,1,'2019-11-15 13:24:27','2019-11-15 13:24:27',NULL),(8,NULL,2017,1,0,'Aportes a Cajas Complementarias de Previsión',0.00,1,'2019-11-15 13:24:27','2019-11-15 13:24:27',NULL),(9,NULL,2017,1,0,'Aportes a Fondos Compensadores de Previsión',0.00,1,'2019-11-15 13:24:27','2019-11-15 13:24:27',NULL),(10,NULL,2017,1,0,'Intereses Crédito Hipotecario',20000.00,1,'2019-11-15 13:24:27','2019-11-15 13:24:27',NULL),(11,NULL,2017,1,0,'Servicio Doméstico',51967.00,1,'2019-11-15 13:24:27','2019-11-15 13:24:27',NULL),(12,NULL,2017,1,0,'Donaciones',0.00,1,'2019-11-15 13:24:27','2019-11-15 13:24:27',NULL),(13,NULL,2017,1,0,'Cuota médico asistencial abonado por usted y por sus familiares a cargo',0.00,1,'2019-11-15 13:24:27','2019-11-15 13:24:27',NULL),(14,NULL,2017,1,0,'Honorarios Correspondientes a los Servicios de asistencia Sanitaria, Médica y Paramédica',0.00,1,'2019-11-15 13:24:28','2019-11-15 13:24:28',NULL),(15,NULL,2017,0,1,'Conyuge',48447.00,1,'2019-11-15 13:24:28','2019-11-15 13:24:28',NULL),(16,NULL,2017,0,1,'Hijo Incapacitado',24432.00,1,'2019-11-15 13:24:28','2019-11-15 13:24:28',NULL),(17,NULL,2017,0,1,'Hijo Menor 18 años',24432.00,1,'2019-11-15 13:24:28','2019-11-15 13:24:28',NULL),(18,NULL,2017,0,1,'Hijastro Incapacitado',24432.00,1,'2019-11-15 13:24:28','2019-11-15 13:24:28',NULL),(19,NULL,2017,0,1,'Hijastro Menor 18 Años',24432.00,1,'2019-11-15 13:24:28','2019-11-15 13:24:28',NULL),(20,NULL,2017,0,1,'Ganancia No Imponible',51967.00,1,'2019-11-15 13:24:28','2019-11-15 13:24:28',NULL),(21,NULL,2017,0,1,'Deduccion Especial',51967.00,1,'2019-11-15 13:24:28','2019-11-15 13:24:28',NULL),(22,NULL,2018,1,0,'Primas de seguro para el caso de muerte',12000.00,1,'2019-11-15 13:24:28','2019-11-15 13:24:28',NULL),(23,NULL,2018,1,0,'Gastos de Sepelio',999.00,1,'2019-11-15 13:24:28','2019-11-15 13:24:28',NULL),(24,NULL,2018,1,0,'Aportes a Obras Sociales',0.00,1,'2019-11-15 13:24:28','2019-11-15 13:24:28',NULL),(25,NULL,2018,1,0,'Aportes obligatorios a Fondos de jubilaciones, retiros, pensiones o subsidios a cajas nacionales, provinciales o municipales- incluidas las Cajas de Previsión para Profesionales.',0.00,1,'2019-11-15 13:24:28','2019-11-15 13:24:28',NULL),(26,NULL,2018,1,0,'Otras deducciones del Anexo III de la RG 2437: Aportes para fondos de Jubilación, Retiros, Pensiones o Subsidios destinados al ANSES',0.00,1,'2019-11-15 13:24:28','2019-11-15 13:24:28',NULL),(27,NULL,2018,1,0,'Aportes a Cajas Provinciales o Municipales o de Previsión para Profesionales',0.00,1,'2019-11-15 13:24:28','2019-11-15 13:24:28',NULL),(28,NULL,2018,1,0,'Pagos Régimen Nacional de Trabajadores Autónomos',0.00,1,'2019-11-15 13:24:28','2019-11-15 13:24:28',NULL),(29,NULL,2018,1,0,'Aportes a Cajas Complementarias de Previsión',0.00,1,'2019-11-15 13:24:28','2019-11-15 13:24:28',NULL),(30,NULL,2018,1,0,'Aportes a Fondos Compensadores de Previsión',0.00,1,'2019-11-15 13:24:28','2019-11-15 13:24:28',NULL);
INSERT INTO `ganan_deducciones` VALUES (31,NULL,2018,1,0,'Intereses Crédito Hipotecario',20000.00,1,'2019-11-15 13:24:28','2019-11-15 13:24:28',NULL),(32,NULL,2018,1,0,'Servicio Doméstico',66917.91,1,'2019-11-15 13:24:28','2019-11-15 13:24:28',NULL),(33,NULL,2018,1,0,'Donaciones',0.00,1,'2019-11-15 13:24:28','2019-11-15 13:24:28',NULL),(34,NULL,2018,1,0,'Cuota médico asistencial abonado por usted y por sus familiares a cargo',0.00,1,'2019-11-15 13:24:28','2019-11-15 13:24:28',NULL),(35,NULL,2018,1,0,'Honorarios Correspondientes a los Servicios de asistencia Sanitaria, Médica y Paramédica',0.00,1,'2019-11-15 13:24:28','2019-11-15 13:24:28',NULL),(36,NULL,2018,0,1,'Conyuge',66917.91,1,'2019-11-15 13:24:28','2019-11-15 13:24:28',NULL),(37,NULL,2018,0,1,'Hijo Incapacitado',31461.09,1,'2019-11-15 13:24:28','2019-11-15 13:24:28',NULL),(38,NULL,2018,0,1,'Hijo Menor 18 años',31461.09,1,'2019-11-15 13:24:28','2019-11-15 13:24:28',NULL),(39,NULL,2018,0,1,'Hijastro Incapacitado',31461.09,1,'2019-11-15 13:24:28','2019-11-15 13:24:28',NULL),(40,NULL,2018,0,1,'Hijastro Menor 18 Años',31461.09,1,'2019-11-15 13:24:28','2019-11-15 13:24:28',NULL),(41,NULL,2018,0,1,'Ganancia No Imponible',66917.91,1,'2019-11-15 13:24:28','2019-11-15 13:24:28',NULL),(42,NULL,2018,0,1,'Deduccion Especial',66917.91,1,'2019-11-15 13:24:28','2019-11-15 13:24:28',NULL),(43,NULL,2019,1,0,'Primas de seguro para el caso de muerte',18000.00,1,'2019-11-15 13:24:28','2019-11-15 13:24:28',NULL),(44,NULL,2019,1,0,'Gastos de Sepelio',999.00,1,'2019-11-15 13:24:28','2019-11-15 13:24:28',NULL),(45,NULL,2019,1,0,'Aportes a Obras Sociales',0.00,1,'2019-11-15 13:24:28','2019-11-15 13:24:28',NULL),(46,NULL,2019,1,0,'Aportes obligatorios a Fondos de jubilaciones, retiros, pensiones o subsidios a cajas nacionales, provinciales o municipales- incluidas las Cajas de Previsión para Profesionales.',0.00,1,'2019-11-15 13:24:28','2019-11-15 13:24:28',NULL),(47,NULL,2019,1,0,'Otras deducciones del Anexo III de la RG 2437: Aportes para fondos de Jubilación, Retiros, Pensiones o Subsidios destinados al ANSES',0.00,1,'2019-11-15 13:24:28','2019-11-15 13:24:28',NULL),(48,NULL,2019,1,0,'Aportes a Cajas Provinciales o Municipales o de Previsión para Profesionales',0.00,1,'2019-11-15 13:24:28','2019-11-15 13:24:28',NULL),(49,NULL,2019,1,0,'Pagos Régimen Nacional de Trabajadores Autónomos',0.00,1,'2019-11-15 13:24:28','2019-11-15 13:24:28',NULL),(50,NULL,2019,1,0,'Aportes a Cajas Complementarias de Previsión',0.00,1,'2019-11-15 13:24:28','2019-11-15 13:24:28',NULL),(51,NULL,2019,1,0,'Aportes a Fondos Compensadores de Previsión',0.00,1,'2019-11-15 13:24:28','2019-11-15 13:24:28',NULL),(52,NULL,2019,1,0,'Intereses Crédito Hipotecario',20000.00,1,'2019-11-15 13:24:28','2019-11-15 13:24:28',NULL),(53,NULL,2019,1,0,'Servicio Doméstico',103018.79,1,'2019-11-15 13:24:28','2019-11-15 13:24:28',NULL),(54,NULL,2019,1,0,'Donaciones',0.00,1,'2019-11-15 13:24:28','2019-11-15 13:24:28',NULL),(55,NULL,2019,1,0,'Cuota médico asistencial abonado por usted y por sus familiares a cargo',0.00,1,'2019-11-15 13:24:28','2019-11-15 13:24:28',NULL),(56,NULL,2019,1,0,'Honorarios Correspondientes a los Servicios de asistencia Sanitaria, Médica y Paramédica',0.00,1,'2019-11-15 13:24:28','2019-11-15 13:24:28',NULL),(57,NULL,2019,0,1,'Conyuge',80033.97,1,'2019-11-15 13:24:28','2019-11-15 13:24:28',NULL),(58,NULL,2019,0,1,'Hijo Incapacitado',40361.43,1,'2019-11-15 13:24:28','2019-11-15 13:24:28',NULL),(59,NULL,2019,0,1,'Hijo Menor 18 años',206037.56,1,'2019-11-15 13:24:28','2019-11-15 13:24:28',NULL),(60,NULL,2019,0,1,'Hijastro Incapacitado',206037.56,1,'2019-11-15 13:24:28','2019-11-15 13:24:28',NULL),(61,NULL,2019,0,1,'Hijastro Menor 18 Años',0.00,1,'2019-11-15 13:24:28','2019-11-15 13:24:28',NULL),(62,NULL,2019,0,1,'Ganancia No Imponible',103018.79,1,'2019-11-15 13:24:28','2019-11-15 13:24:28',NULL),(63,NULL,2019,0,1,'Deduccion Especial',103018.79,1,'2019-11-15 13:24:28','2019-11-15 13:24:28',NULL);
INSERT INTO `ganan_deducciones` VALUES (64,NULL,2016,1,0,'Primas de seguro para el caso de muerte',999.00,1,'2020-01-28 13:48:34','2020-01-28 13:48:34',NULL),(65,NULL,2016,1,0,'Gastos de Sepelio',999.00,1,'2020-01-28 13:48:34','2020-01-28 13:48:34',NULL),(66,NULL,2016,1,0,'Aportes a Obras Sociales',0.00,1,'2020-01-28 13:48:34','2020-01-28 13:48:34',NULL),(67,NULL,2016,1,0,'Aportes obligatorios a Fondos de jubilaciones, retiros, pensiones o subsidios a cajas nacionales, provinciales o municipales- incluidas las Cajas de Previsión para Profesionales.',0.00,1,'2020-01-28 13:48:34','2020-01-28 13:48:34',NULL),(68,NULL,2016,1,0,'Otras deducciones del Anexo III de la RG 2437: Aportes para fondos de Jubilación, Retiros, Pensiones o Subsidios destinados al ANSES',0.00,1,'2020-01-28 13:48:34','2020-01-28 13:48:34',NULL),(69,NULL,2016,1,0,'Aportes a Cajas Provinciales o Municipales o de Previsión para Profesionales',0.00,1,'2020-01-28 13:48:34','2020-01-28 13:48:34',NULL),(70,NULL,2016,1,0,'Pagos Régimen Nacional de Trabajadores Autónomos',0.00,1,'2020-01-28 13:48:34','2020-01-28 13:48:34',NULL),(71,NULL,2016,1,0,'Aportes a Cajas Complementarias de Previsión',0.00,1,'2020-01-28 13:48:34','2020-01-28 13:48:34',NULL),(72,NULL,2016,1,0,'Aportes a Fondos Compensadores de Previsión',0.00,1,'2020-01-28 13:48:34','2020-01-28 13:48:34',NULL),(73,NULL,2016,1,0,'Intereses Crédito Hipotecario',20000.00,1,'2020-01-28 13:48:34','2020-01-28 13:48:34',NULL),(74,NULL,2016,1,0,'Servicio Doméstico',42318.00,1,'2020-01-28 13:48:34','2020-01-28 13:48:34',NULL),(75,NULL,2016,1,0,'Donaciones',0.00,1,'2020-01-28 13:48:34','2020-01-28 13:48:34',NULL),(76,NULL,2016,1,0,'Cuota médico asistencial abonado por usted y por sus familiares a cargo',0.00,1,'2020-01-28 13:48:34','2020-01-28 13:48:34',NULL),(77,NULL,2016,1,0,'Honorarios Correspondientes a los Servicios de asistencia Sanitaria, Médica y \n            Paramédica',0.00,1,'2020-01-28 13:48:34','2020-01-28 13:48:34',NULL),(78,NULL,2016,0,1,'Conyuge',39778.00,1,'2020-01-28 13:48:34','2020-01-28 13:48:34',NULL),(79,NULL,2016,0,1,'Hijo Incapacitado',19889.00,1,'2020-01-28 13:48:34','2020-01-28 13:48:34',NULL),(80,NULL,2016,0,1,'Hijo Menor 18 años',19889.00,1,'2020-01-28 13:48:34','2020-01-28 13:48:34',NULL),(81,NULL,2016,0,1,'Hijastro Incapacitado',19889.00,1,'2020-01-28 13:48:34','2020-01-28 13:48:34',NULL),(82,NULL,2016,0,1,'Hijastro Menor 18 Años',19889.00,1,'2020-01-28 13:48:34','2020-01-28 13:48:34',NULL),(83,NULL,2016,0,1,'Ganancia No Imponible',42318.00,1,'2020-01-28 13:48:34','2020-01-28 13:48:34',NULL),(84,NULL,2016,0,1,'Deduccion Especial',42318.00,1,'2020-01-28 13:48:34','2020-01-28 13:48:34',NULL),(85,NULL,2019,1,0,'Alquileres',103018.97,1,'2020-01-28 14:17:39','2020-01-28 14:17:39',NULL),(86,NULL,2020,1,0,'Alquileres',123861.17,1,'2020-01-28 14:17:39','2020-01-28 14:17:39',NULL),(87,NULL,2020,1,0,'Primas de seguro para el caso de muerte',18000.00,1,'2020-01-28 14:17:39','2020-01-28 14:17:39',NULL),(88,NULL,2020,1,0,'Gastos de Sepelio',999.00,1,'2020-01-28 14:17:39','2020-01-28 14:17:39',NULL),(89,NULL,2020,1,0,'Aportes a Obras Sociales',0.00,1,'2020-01-28 14:17:39','2020-01-28 14:17:39',NULL),(90,NULL,2020,1,0,'Aportes obligatorios a Fondos de jubilaciones, retiros, pensiones o subsidios a cajas nacionales, provinciales o municipales- incluidas las Cajas de Previsión para Profesionales.',0.00,1,'2020-01-28 14:17:39','2020-01-28 14:17:39',NULL),(91,NULL,2020,1,0,'Otras deducciones del Anexo III de la RG 2437: Aportes para fondos de Jubilación, Retiros, Pensiones o Subsidios destinados al ANSES',0.00,1,'2020-01-28 14:17:39','2020-01-28 14:17:39',NULL),(92,NULL,2020,1,0,'Aportes a Cajas Provinciales o Municipales o de Previsión para Profesionales',0.00,1,'2020-01-28 14:17:39','2020-01-28 14:17:39',NULL),(93,NULL,2020,1,0,'Pagos Régimen Nacional de Trabajadores Autónomos',0.00,1,'2020-01-28 14:17:39','2020-01-28 14:17:39',NULL);
INSERT INTO `ganan_deducciones` VALUES (94,NULL,2020,1,0,'Aportes a Cajas Complementarias de Previsión',0.00,1,'2020-01-28 14:17:39','2020-01-28 14:17:39',NULL),(95,NULL,2020,1,0,'Aportes a Fondos Compensadores de Previsión',0.00,1,'2020-01-28 14:17:39','2020-01-28 14:17:39',NULL),(96,NULL,2020,1,0,'Intereses Crédito Hipotecario',20000.00,1,'2020-01-28 14:17:39','2020-01-28 14:17:39',NULL),(97,NULL,2020,1,0,'Servicio Doméstico',123861.17,1,'2020-01-28 14:17:39','2020-01-28 14:17:39',NULL),(98,NULL,2020,1,0,'Donaciones',0.00,1,'2020-01-28 14:17:39','2020-01-28 14:17:39',NULL),(99,NULL,2020,1,0,'Cuota médico asistencial abonado por usted y por sus familiares a cargo',0.00,1,'2020-01-28 14:17:39','2020-01-28 14:17:39',NULL),(100,NULL,2020,1,0,'Honorarios Correspondientes a los Servicios de asistencia Sanitaria, Médica y Paramédica',0.00,1,'2020-01-28 14:17:39','2020-01-28 14:17:39',NULL),(101,NULL,2020,0,1,'Conyuge',115471.38,1,'2020-01-28 14:17:39','2020-01-28 14:17:39',NULL),(102,NULL,2020,0,1,'Hijo Incapacitado',58232.65,1,'2020-01-28 14:17:39','2020-01-28 14:17:39',NULL),(103,NULL,2020,0,1,'Hijo Menor 18 años',58232.65,1,'2020-01-28 14:17:39','2020-01-28 14:17:39',NULL),(104,NULL,2020,0,1,'Hijastro Incapacitado',58232.65,1,'2020-01-28 14:17:39','2020-01-28 14:17:39',NULL),(105,NULL,2020,0,1,'Hijastro Menor 18 Años',0.00,1,'2020-01-28 14:17:39','2020-01-28 14:17:39',NULL),(106,NULL,2020,0,1,'Ganancia No Imponible',123861.17,1,'2020-01-28 14:17:39','2020-01-28 14:17:39',NULL),(107,NULL,2020,0,1,'Deduccion Especial Art 30 Apartado 1',103018.79,1,'2020-01-28 14:17:39','2020-01-28 14:17:39',NULL),(108,NULL,2020,0,1,'Deduccion Especial Art 30 Apartado 1 \"Nuevos Profesionales / Emprendedores',309652.93,1,'2020-01-28 14:17:39','2020-01-28 14:17:39',NULL),(109,NULL,2020,0,1,'Deduccion Especial Art 30 Apartado 2',594533.62,1,'2020-01-28 14:17:39','2020-01-28 14:17:39',NULL),(110,NULL,2021,1,0,'Primas de seguro para el caso de muerte',24000.00,1,'2021-01-14 20:56:11','2021-01-14 20:56:11',NULL),(111,NULL,2021,1,0,'Gastos de Sepelio',996.23,1,'2021-01-14 20:56:11','2021-01-14 20:56:11',NULL),(112,NULL,2021,1,0,'Aportes a Obras Sociales',0.00,1,'2021-01-14 20:56:11','2021-01-14 20:56:11',NULL),(113,NULL,2021,1,0,'Aportes obligatorios a Fondos de jubilaciones, retiros, pensiones o subsidios a cajas nacionales, provinciales o municipales- incluidas las Cajas de Previsión para Profesionales.',0.00,1,'2021-01-14 20:56:11','2021-01-14 20:56:11',NULL),(114,NULL,2021,1,0,'Otras deducciones del Anexo III de la RG 2437: Aportes para fondos de Jubilación, Retiros, Pensiones o Subsidios destinados al ANSES',0.00,1,'2021-01-14 20:56:11','2021-01-14 20:56:11',NULL),(115,NULL,2021,1,0,'Aportes a Cajas Provinciales o Municipales o de Previsión para Profesionales',0.00,1,'2021-01-14 20:56:11','2021-01-14 20:56:11',NULL),(116,NULL,2021,1,0,'Pagos Régimen Nacional de Trabajadores Autónomos',0.00,1,'2021-01-14 20:56:11','2021-01-14 20:56:11',NULL),(117,NULL,2021,1,0,'Aportes a Cajas Complementarias de Previsión',0.00,1,'2021-01-14 20:56:11','2021-01-14 20:56:11',NULL),(118,NULL,2021,1,0,'Aportes a Fondos Compensadores de Previsión',0.00,1,'2021-01-14 20:56:11','2021-01-14 20:56:11',NULL),(119,NULL,2021,1,0,'Intereses Crédito Hipotecario',20000.00,1,'2021-01-14 20:56:11','2021-01-14 20:56:11',NULL),(120,NULL,2021,1,0,'Servicio Doméstico',167678.40,1,'2021-01-14 20:56:11','2021-01-14 20:56:11',NULL),(121,NULL,2021,1,0,'Donaciones',0.00,1,'2021-01-14 20:56:11','2021-01-14 20:56:11',NULL),(122,NULL,2021,1,0,'Cuota médico asistencial abonado por usted y por sus familiares a cargo',0.00,1,'2021-01-14 20:56:11','2021-01-14 20:56:11',NULL),(123,NULL,2021,1,0,'Honorarios Correspondientes a los Servicios de asistencia Sanitaria, Médica y Paramédica',0.00,1,'2021-01-14 20:56:11','2021-01-14 20:56:11',NULL),(124,NULL,2021,0,1,'Conyuge',156320.63,1,'2021-01-14 20:56:11','2021-01-14 20:56:11',NULL),(125,NULL,2021,0,1,'Hijo Menor 18 años',78833.08,1,'2021-01-14 20:56:11','2021-01-14 20:56:11',NULL);
INSERT INTO `ganan_deducciones` VALUES (126,NULL,2021,0,1,'Ganancia No Imponible',167678.40,1,'2021-01-14 20:56:11','2021-01-14 20:56:11',NULL),(127,NULL,2021,0,1,'Deduccion Especial',804856.34,1,'2021-01-14 20:56:11','2021-01-14 20:56:11',NULL),(128,NULL,2022,1,0,'Primas de seguro para el caso de muerte',24000.00,1,'2022-01-11 14:09:10','2022-01-11 14:09:10',NULL),(129,NULL,2022,1,0,'Gastos de Sepelio',996.23,1,'2022-01-11 14:09:10','2022-01-11 14:09:10',NULL),(130,NULL,2022,1,0,'Aportes a Obras Sociales',0.00,1,'2022-01-11 14:09:10','2022-01-11 14:09:10',NULL),(131,NULL,2022,1,0,'Aportes obligatorios a Fondos de jubilaciones, retiros, pensiones o subsidios a cajas nacionales, provinciales o municipales- incluidas las Cajas de Previsión para Profesionales.',0.00,1,'2022-01-11 14:09:10','2022-01-11 14:09:10',NULL),(132,NULL,2022,1,0,'Otras deducciones del Anexo III de la RG 2437: Aportes para fondos de Jubilación, Retiros, Pensiones o Subsidios destinados al ANSES',0.00,1,'2022-01-11 14:09:10','2022-01-11 14:09:10',NULL),(133,NULL,2022,1,0,'Aportes a Cajas Provinciales o Municipales o de Previsión para Profesionales',0.00,1,'2022-01-11 14:09:10','2022-01-11 14:09:10',NULL),(134,NULL,2022,1,0,'Pagos Régimen Nacional de Trabajadores Autónomos',0.00,1,'2022-01-11 14:09:10','2022-01-11 14:09:10',NULL),(135,NULL,2022,1,0,'Aportes a Cajas Complementarias de Previsión',0.00,1,'2022-01-11 14:09:10','2022-01-11 14:09:10',NULL),(136,NULL,2022,1,0,'Aportes a Fondos Compensadores de Previsión',0.00,1,'2022-01-11 14:09:10','2022-01-11 14:09:10',NULL),(137,NULL,2022,1,0,'Intereses Crédito Hipotecario',20000.00,1,'2022-01-11 14:09:10','2022-01-11 14:09:10',NULL),(138,NULL,2022,1,0,'Servicio Doméstico',252564.84,1,'2022-01-11 14:09:10','2022-01-11 14:09:10',NULL),(139,NULL,2022,1,0,'Donaciones',0.00,1,'2022-01-11 14:09:10','2022-01-11 14:09:10',NULL),(140,NULL,2022,1,0,'Cuota médico asistencial abonado por usted y por sus familiares a cargo',0.00,1,'2022-01-11 14:09:10','2022-01-11 14:09:10',NULL),(141,NULL,2022,1,0,'Honorarios Correspondientes a los Servicios de asistencia Sanitaria, Médica y Paramédica',0.00,1,'2022-01-11 14:09:10','2022-01-11 14:09:10',NULL),(142,NULL,2022,1,0,'Alquileres',252564.84,1,'2022-01-11 14:09:10','2022-01-11 14:09:10',NULL),(143,NULL,2022,0,1,'Conyuge',235457.25,1,'2022-01-11 14:09:10','2022-01-11 14:09:10',NULL),(144,NULL,2022,0,1,'Hijo Menor 18 años',118741.97,1,'2022-01-11 14:09:10','2022-01-11 14:09:10',NULL),(145,NULL,2022,0,1,'Ganancia No Imponible',252564.84,1,'2022-01-11 14:09:10','2022-01-11 14:09:10',NULL),(146,NULL,2022,0,1,'Deducción Especial [Artículo 30, inciso c), Apartado 2]',1212311.24,1,'2022-01-11 14:09:10','2022-01-11 14:09:10',NULL),(147,NULL,2022,0,1,'Deducción Especial [Artículo 30, inciso c), Apartado 1]',505129.68,1,'2022-01-11 14:09:10','2022-01-11 14:09:10',NULL),(148,NULL,2022,0,1,'Deducción Especial [Artículo 30, inciso c), Apartado 1 “nuevos profesionales/emprendedores”]',631412.10,1,'2022-01-11 14:09:10','2022-01-11 14:09:10',NULL),(149,NULL,2022,0,1,'Hijo Incapacitado',237483.94,1,'2022-01-11 14:09:10','2022-01-11 14:09:10',NULL),(150,NULL,2021,1,0,'Alquileres',167678.40,1,NULL,NULL,NULL),(151,NULL,2023,1,0,'Primas de seguro para el caso de muerte',24000.00,1,'2022-12-28 17:51:03','2022-12-28 17:51:03',NULL),(152,NULL,2023,1,0,'Aportes a Obras Sociales',0.00,1,'2022-12-28 17:51:03','2022-12-28 17:51:03',NULL),(153,NULL,2023,1,0,'Aportes obligatorios a Fondos de jubilaciones, retiros, pensiones o subsidios a cajas nacionales, provinciales o municipales- incluidas las Cajas de Previsión para Profesionales.',0.00,1,'2022-12-28 17:51:03','2022-12-28 17:51:03',NULL),(154,NULL,2023,1,0,'Gastos de Sepelio',996.23,1,'2022-12-28 17:51:03','2022-12-28 17:51:03',NULL),(155,NULL,2023,1,0,'Otras deducciones del Anexo III de la RG 2437: Aportes para fondos de Jubilación, Retiros, Pensiones o Subsidios destinados al ANSES',0.00,1,'2022-12-28 17:51:03','2022-12-28 17:51:03',NULL);
INSERT INTO `ganan_deducciones` VALUES (156,NULL,2023,1,0,'Aportes a Cajas Provinciales o Municipales o de Previsión para Profesionales',0.00,1,'2022-12-28 17:51:03','2022-12-28 17:51:03',NULL),(157,NULL,2023,1,0,'Pagos Régimen Nacional de Trabajadores Autónomos',0.00,1,'2022-12-28 17:51:03','2022-12-28 17:51:03',NULL),(158,NULL,2023,1,0,'Aportes a Cajas Complementarias de Previsión',0.00,1,'2022-12-28 17:51:03','2022-12-28 17:51:03',NULL),(159,NULL,2023,1,0,'Aportes a Fondos Compensadores de Previsión',0.00,1,'2022-12-28 17:51:03','2022-12-28 17:51:03',NULL),(160,NULL,2023,1,0,'Intereses Crédito Hipotecario',20000.00,1,'2022-12-28 17:51:03','2022-12-28 17:51:03',NULL),(161,NULL,2023,1,0,'Servicio Doméstico',451686.96,1,'2022-12-28 17:51:03','2022-12-28 17:51:03',NULL),(162,NULL,2023,1,0,'Donaciones',0.00,1,'2022-12-28 17:51:03','2022-12-28 17:51:03',NULL),(163,NULL,2023,1,0,'Cuota médico asistencial abonado por usted y por sus familiares a cargo',0.00,1,'2022-12-28 17:51:03','2022-12-28 17:51:03',NULL),(164,NULL,2023,1,0,'Honorarios Correspondientes a los Servicios de asistencia Sanitaria, Médica y Paramédica',0.00,1,'2022-12-28 17:51:03','2022-12-28 17:51:03',NULL),(165,NULL,2023,1,0,'Alquileres',451686.96,1,'2022-12-28 17:51:03','2022-12-28 17:51:03',NULL),(166,NULL,2023,0,1,'Ganancia No Imponible',451686.96,1,'2022-12-28 17:51:03','2022-12-28 17:51:03',NULL),(167,NULL,2023,0,1,'Conyuge',421091.75,1,'2022-12-28 17:51:03','2022-12-28 17:51:03',NULL),(168,NULL,2023,0,1,'Hijo Menor 18 años',212358.14,1,'2022-12-28 17:51:03','2022-12-28 17:51:03',NULL),(169,NULL,2023,0,1,'Hijo Incapacitado',424716.28,1,'2022-12-28 17:51:03','2022-12-28 17:51:03',NULL),(170,NULL,2023,0,1,'Deducción Especial [Artículo 30, inciso c), Apartado 1]',1580904.36,1,'2022-12-28 17:51:03','2022-12-28 17:51:03',NULL),(171,NULL,2023,0,1,'Deducción Especial [Artículo 30, inciso c), Apartado 1 “nuevos profesionales/emprendedores”]',1806747.84,1,'2022-12-28 17:51:03','2022-12-28 17:51:03',NULL),(172,NULL,2023,0,1,'Deducción Especial [Artículo 30, inciso c), Apartado 2]',2168097.42,1,'2022-12-28 17:51:03','2022-12-28 17:51:03',NULL);

--
-- Table structure for table `ganan_tipos_op`
--

CREATE TABLE `ganan_tipos_op` (
  `id` int(10) unsigned NOT NULL AUTO_INCREMENT,
  `user_id` int(10) unsigned DEFAULT NULL,
  `nombre` varchar(191) COLLATE utf8mb4_unicode_ci NOT NULL,
  `status` tinyint(1) NOT NULL DEFAULT '1',
  `created_at` timestamp NULL DEFAULT NULL,
  `updated_at` timestamp NULL DEFAULT NULL,
  `deleted_at` timestamp NULL DEFAULT NULL,
  PRIMARY KEY (`id`)
) ENGINE=InnoDB AUTO_INCREMENT=3 DEFAULT CHARSET=utf8mb4 COLLATE=utf8mb4_unicode_ci;

--
-- Dumping data for table `ganan_tipos_op`
--

INSERT INTO `ganan_tipos_op` VALUES (1,NULL,'Gravado',1,'2019-11-15 13:24:28','2019-11-15 13:24:28',NULL),(2,NULL,'Exento',1,'2019-11-15 13:24:28','2019-11-15 13:24:28',NULL);

--
-- Table structure for table `iibb_perceptions`
--

CREATE TABLE `iibb_perceptions` (
  `id` int(10) unsigned NOT NULL AUTO_INCREMENT,
  `user_id` int(10) unsigned DEFAULT NULL,
  `created_at` timestamp NULL DEFAULT NULL,
  `updated_at` timestamp NULL DEFAULT NULL,
  `name` varchar(255) COLLATE utf8mb4_unicode_ci NOT NULL,
  `code` varchar(255) COLLATE utf8mb4_unicode_ci NOT NULL,
  PRIMARY KEY (`id`)
) ENGINE=InnoDB AUTO_INCREMENT=10 DEFAULT CHARSET=utf8mb4 COLLATE=utf8mb4_unicode_ci;

--
-- Dumping data for table `iibb_perceptions`
--

INSERT INTO `iibb_perceptions` VALUES (1,NULL,NULL,NULL,'IIBB CABA','IIBBCABA'),(2,NULL,NULL,NULL,'IIBB Bs. As.','IIBBBSAS'),(3,NULL,NULL,NULL,'Percepcion IIBB Tucuman','IIBBTucuman'),(4,NULL,NULL,NULL,'Perc IIBB Misiones','IIBBMisiones'),(5,NULL,NULL,NULL,'Perc IIBB Cordoba','IIBBCba'),(6,NULL,NULL,NULL,'Pec IIBB La Pampa','IIBB La Pampa'),(7,NULL,NULL,NULL,'Perc IIBB Rio Negro','IIBB Rio Negro'),(8,NULL,NULL,NULL,'Perc IIBB Corrientes','IIIBB Corrientes'),(9,NULL,NULL,NULL,'Perc IIBB Santiago del Estero','IIBBSantiago');

--
-- Table structure for table `inv_combos`
--

CREATE TABLE `inv_combos` (
  `id` bigint(20) unsigned NOT NULL AUTO_INCREMENT,
  `inv_product_combo_id` bigint(20) unsigned NOT NULL,
  `inv_product_id` bigint(20) unsigned NOT NULL,
  `cantidades` int(11) NOT NULL,
  `codigo_interno` varchar(191) COLLATE utf8mb4_unicode_ci NOT NULL,
  `descripcion` varchar(191) COLLATE utf8mb4_unicode_ci NOT NULL,
  `created_at` timestamp NULL DEFAULT NULL,
  `updated_at` timestamp NULL DEFAULT NULL,
  `deleted_at` timestamp NULL DEFAULT NULL,
  PRIMARY KEY (`id`),
  KEY `inv_combos_inv_product_combo_id_foreign` (`inv_product_combo_id`),
  KEY `inv_combos_inv_product_id_foreign` (`inv_product_id`),
  CONSTRAINT `inv_combos_inv_product_combo_id_foreign` FOREIGN KEY (`inv_product_combo_id`) REFERENCES `inv_productos` (`id`),
  CONSTRAINT `inv_combos_inv_product_id_foreign` FOREIGN KEY (`inv_product_id`) REFERENCES `inv_productos` (`id`)
) ENGINE=InnoDB DEFAULT CHARSET=utf8mb4 COLLATE=utf8mb4_unicode_ci;

--
-- Dumping data for table `inv_combos`
--


--
-- Table structure for table `inv_control_stock`
--

CREATE TABLE `inv_control_stock` (
  `id` bigint(20) unsigned NOT NULL AUTO_INCREMENT,
  `user_id` int(11) DEFAULT NULL,
  `person_id` int(10) unsigned NOT NULL,
  `created_at` timestamp NULL DEFAULT NULL,
  `updated_at` timestamp NULL DEFAULT NULL,
  `deleted_at` timestamp NULL DEFAULT NULL,
  PRIMARY KEY (`id`),
  KEY `inv_control_stock_person_id_foreign` (`person_id`),
  CONSTRAINT `inv_control_stock_person_id_foreign` FOREIGN KEY (`person_id`) REFERENCES `persons` (`id`)
) ENGINE=InnoDB DEFAULT CHARSET=utf8mb4 COLLATE=utf8mb4_unicode_ci;

--
-- Dumping data for table `inv_control_stock`
--


--
-- Table structure for table `inv_control_stock_detail`
--

CREATE TABLE `inv_control_stock_detail` (
  `id` bigint(20) unsigned NOT NULL AUTO_INCREMENT,
  `user_id` int(11) DEFAULT NULL,
  `person_id` int(10) unsigned NOT NULL,
  `inv_control_stock_id` bigint(20) unsigned NOT NULL,
  `inv_product_id` bigint(20) unsigned NOT NULL,
  `stock_actual` decimal(16,2) NOT NULL DEFAULT '0.00',
  `stock_real` decimal(16,2) NOT NULL DEFAULT '0.00',
  `stock_diferencia` decimal(16,2) NOT NULL DEFAULT '0.00',
  `precio_costo` decimal(16,2) NOT NULL DEFAULT '0.00',
  `precio_diferencia` decimal(16,2) NOT NULL DEFAULT '0.00',
  `created_at` timestamp NULL DEFAULT NULL,
  `updated_at` timestamp NULL DEFAULT NULL,
  `deleted_at` timestamp NULL DEFAULT NULL,
  PRIMARY KEY (`id`),
  KEY `inv_control_stock_detail_person_id_foreign` (`person_id`),
  KEY `inv_control_stock_detail_inv_control_stock_id_foreign` (`inv_control_stock_id`),
  KEY `inv_control_stock_detail_inv_product_id_foreign` (`inv_product_id`),
  CONSTRAINT `inv_control_stock_detail_inv_control_stock_id_foreign` FOREIGN KEY (`inv_control_stock_id`) REFERENCES `inv_control_stock` (`id`),
  CONSTRAINT `inv_control_stock_detail_inv_product_id_foreign` FOREIGN KEY (`inv_product_id`) REFERENCES `inv_productos` (`id`),
  CONSTRAINT `inv_control_stock_detail_person_id_foreign` FOREIGN KEY (`person_id`) REFERENCES `persons` (`id`)
) ENGINE=InnoDB DEFAULT CHARSET=utf8mb4 COLLATE=utf8mb4_unicode_ci;

--
-- Dumping data for table `inv_control_stock_detail`
--


--
-- Table structure for table `inv_indicadores`
--

CREATE TABLE `inv_indicadores` (
  `id` bigint(20) unsigned NOT NULL AUTO_INCREMENT,
  `user_id` int(10) unsigned DEFAULT NULL,
  `descripcion` varchar(191) COLLATE utf8mb4_unicode_ci NOT NULL,
  `metodo` varchar(191) COLLATE utf8mb4_unicode_ci NOT NULL,
  `tipo` varchar(191) COLLATE utf8mb4_unicode_ci NOT NULL,
  `orden` int(10) unsigned NOT NULL,
  `habilitado` tinyint(1) NOT NULL DEFAULT '1',
  `created_at` timestamp NULL DEFAULT NULL,
  `updated_at` timestamp NULL DEFAULT NULL,
  `deleted_at` timestamp NULL DEFAULT NULL,
  PRIMARY KEY (`id`)
) ENGINE=InnoDB AUTO_INCREMENT=11 DEFAULT CHARSET=utf8mb4 COLLATE=utf8mb4_unicode_ci;

--
-- Dumping data for table `inv_indicadores`
--

INSERT INTO `inv_indicadores` VALUES (1,NULL,'Datos Grales','datos_grales','card_info',5,1,NULL,'2022-05-19 22:16:15',NULL),(2,NULL,'Impuestos Asociados','impuestos_asociados','card_info',6,1,NULL,'2022-05-19 22:16:15',NULL),(3,NULL,'Informacion de Liquidacion','informacion_de_liquidacion','card_info',7,1,NULL,'2022-05-19 22:16:15',NULL),(4,NULL,'Cantidad Ventas del Mes','cantidad_ventas_del_mes','card',1,1,NULL,'2022-05-19 22:16:15',NULL),(5,NULL,'Total Facturado En El Mes','total_facturado_en_el_mes','card',2,1,NULL,'2022-05-19 22:16:15',NULL),(6,NULL,'Total Facturado En El Dia','total_facturado_en_el_dia','card',3,1,NULL,'2022-05-19 22:16:15',NULL),(7,NULL,'Total Facturado En El Año','total_facturado_en_el_anio','card',4,1,NULL,'2022-05-19 22:16:15',NULL),(8,NULL,'Facturacion Mensual','facturacion_mensual','grafico',8,1,NULL,'2022-05-19 22:16:15',NULL),(9,NULL,'Proyeccion de Ganancias','proyeccion_de_ganancias','tabla',9,1,NULL,'2022-05-19 22:16:15',NULL),(10,NULL,'Posicion IVA','posicion_de_iva','tabla',10,1,NULL,'2022-05-19 22:16:15',NULL);

--
-- Table structure for table `inv_indicadores_persons`
--

CREATE TABLE `inv_indicadores_persons` (
  `id` bigint(20) unsigned NOT NULL AUTO_INCREMENT,
  `user_id` int(10) unsigned DEFAULT NULL,
  `person_id` int(10) unsigned NOT NULL,
  `inv_indicador_id` bigint(20) unsigned NOT NULL,
  `objetivo` decimal(16,2) NOT NULL DEFAULT '0.00',
  `created_at` timestamp NULL DEFAULT NULL,
  `updated_at` timestamp NULL DEFAULT NULL,
  `deleted_at` timestamp NULL DEFAULT NULL,
  PRIMARY KEY (`id`),
  KEY `inv_indicadores_persons_person_id_foreign` (`person_id`),
  KEY `inv_indicadores_persons_inv_indicador_id_foreign` (`inv_indicador_id`),
  CONSTRAINT `inv_indicadores_persons_inv_indicador_id_foreign` FOREIGN KEY (`inv_indicador_id`) REFERENCES `inv_indicadores` (`id`),
  CONSTRAINT `inv_indicadores_persons_person_id_foreign` FOREIGN KEY (`person_id`) REFERENCES `persons` (`id`)
) ENGINE=InnoDB AUTO_INCREMENT=40 DEFAULT CHARSET=utf8mb4 COLLATE=utf8mb4_unicode_ci;

--
-- Dumping data for table `inv_indicadores_persons`
--

INSERT INTO `inv_indicadores_persons` VALUES (1,NULL,40717,8,0.00,NULL,'2022-05-19 17:22:17','2022-05-19 17:22:17'),(2,NULL,40717,8,0.00,NULL,'2022-05-19 17:22:25','2022-05-19 17:22:25'),(3,NULL,40717,3,0.00,NULL,'2022-05-19 17:22:25','2022-05-19 17:22:25'),(4,NULL,40717,3,0.00,NULL,'2022-05-19 17:22:28','2022-05-19 17:22:28'),(5,NULL,40717,4,0.00,NULL,'2022-05-19 17:22:46','2022-05-19 17:22:46'),(6,NULL,40717,2,0.00,NULL,'2022-05-19 17:22:58','2022-05-19 17:22:58'),(7,NULL,40717,2,0.00,NULL,'2022-05-20 08:05:30','2022-05-20 08:05:30'),(8,NULL,40717,9,0.00,NULL,'2022-05-20 08:05:30','2022-05-20 08:05:30'),(9,NULL,40717,2,0.00,NULL,'2022-05-20 08:05:32','2022-05-20 08:05:32'),(10,NULL,40718,4,0.00,NULL,'2022-05-20 08:05:47','2022-05-20 08:05:47'),(11,NULL,40718,1,0.00,NULL,'2022-05-20 08:05:56','2022-05-20 08:05:56'),(12,NULL,40718,4,0.00,NULL,'2022-05-20 08:05:56','2022-05-20 08:05:56'),(13,NULL,40718,1,0.00,NULL,'2022-05-23 14:41:21','2022-05-23 14:41:21'),(14,NULL,40718,4,0.00,NULL,'2022-05-23 14:41:21','2022-05-23 14:41:21'),(15,NULL,40718,9,0.00,NULL,'2022-05-23 14:41:21','2022-05-23 14:41:21'),(16,NULL,40718,1,0.00,NULL,'2022-05-24 17:12:49','2022-05-24 17:12:49'),(17,NULL,40718,9,0.00,NULL,'2022-05-24 17:12:49','2022-05-24 17:12:49'),(18,NULL,40718,1,0.00,NULL,'2022-05-24 17:12:51','2022-05-24 17:12:51'),(19,NULL,40718,3,0.00,NULL,'2022-05-24 17:13:00','2022-05-24 17:13:00'),(20,NULL,40718,8,0.00,NULL,'2022-05-24 17:13:29','2022-05-24 17:13:29'),(21,NULL,40718,7,0.00,NULL,'2022-05-24 17:13:40','2022-05-24 17:13:40'),(22,NULL,40718,5,0.00,NULL,'2022-05-24 17:13:48','2022-05-24 17:13:48'),(23,NULL,40718,4,0.00,NULL,'2022-05-24 17:13:56','2022-05-24 17:13:56'),(24,NULL,40718,5,0.00,NULL,'2022-05-24 17:13:56','2022-05-24 17:13:56'),(25,NULL,40718,4,0.00,NULL,'2022-05-24 17:13:58','2022-05-24 17:13:58'),(26,NULL,40718,10,0.00,NULL,'2022-05-24 17:14:15','2022-05-24 17:14:15'),(27,NULL,40718,9,0.00,NULL,'2022-05-24 17:14:59','2022-05-24 17:14:59'),(28,NULL,40718,7,0.00,NULL,'2022-05-24 17:15:08','2022-05-24 17:15:08'),(29,NULL,40717,1,0.00,NULL,'2022-05-29 09:41:20','2022-05-29 09:41:20'),(30,NULL,40718,9,0.00,NULL,'2022-05-30 09:17:20','2022-05-30 09:17:20'),(31,NULL,40717,5,0.00,NULL,'2022-06-02 09:20:45','2022-06-02 09:20:45'),(32,NULL,40718,7,0.00,NULL,'2022-06-08 11:35:40','2022-06-08 11:35:40'),(33,NULL,40718,3,0.00,NULL,'2022-06-14 08:10:12','2022-06-14 08:10:12'),(34,NULL,40718,7,0.00,NULL,'2022-06-14 08:10:12','2022-06-14 08:10:12'),(35,NULL,40718,7,0.00,NULL,NULL,NULL),(36,NULL,40717,4,0.00,NULL,'2022-09-09 09:43:09','2022-09-09 09:43:09'),(37,NULL,40717,6,0.00,NULL,'2022-09-09 09:43:14','2022-09-09 09:43:14'),(38,NULL,40717,8,0.00,NULL,'2022-09-09 14:18:38','2022-09-09 14:18:38'),(39,NULL,40717,9,0.00,NULL,NULL,NULL);

--
-- Table structure for table `inv_ing_egr_stock`
--

CREATE TABLE `inv_ing_egr_stock` (
  `id` bigint(20) unsigned NOT NULL AUTO_INCREMENT,
  `user_id` int(11) DEFAULT NULL,
  `person_id` int(10) unsigned NOT NULL,
  `created_at` timestamp NULL DEFAULT NULL,
  `updated_at` timestamp NULL DEFAULT NULL,
  `deleted_at` timestamp NULL DEFAULT NULL,
  PRIMARY KEY (`id`),
  KEY `inv_ing_egr_stock_person_id_foreign` (`person_id`),
  CONSTRAINT `inv_ing_egr_stock_person_id_foreign` FOREIGN KEY (`person_id`) REFERENCES `persons` (`id`)
) ENGINE=InnoDB DEFAULT CHARSET=utf8mb4 COLLATE=utf8mb4_unicode_ci;

--
-- Dumping data for table `inv_ing_egr_stock`
--


--
-- Table structure for table `inv_ing_egr_stock_detail`
--

CREATE TABLE `inv_ing_egr_stock_detail` (
  `id` bigint(20) unsigned NOT NULL AUTO_INCREMENT,
  `user_id` int(11) DEFAULT NULL,
  `person_id` int(10) unsigned NOT NULL,
  `inv_ing_egr_stock_id` bigint(20) unsigned NOT NULL,
  `inv_product_id` bigint(20) unsigned NOT NULL,
  `sumar1_restar0` tinyint(1) NOT NULL DEFAULT '1',
  `cantidades` decimal(16,2) NOT NULL DEFAULT '0.00',
  `created_at` timestamp NULL DEFAULT NULL,
  `updated_at` timestamp NULL DEFAULT NULL,
  `deleted_at` timestamp NULL DEFAULT NULL,
  PRIMARY KEY (`id`),
  KEY `inv_ing_egr_stock_detail_person_id_foreign` (`person_id`),
  KEY `inv_ing_egr_stock_detail_inv_ing_egr_stock_id_foreign` (`inv_ing_egr_stock_id`),
  KEY `inv_ing_egr_stock_detail_inv_product_id_foreign` (`inv_product_id`),
  CONSTRAINT `inv_ing_egr_stock_detail_inv_ing_egr_stock_id_foreign` FOREIGN KEY (`inv_ing_egr_stock_id`) REFERENCES `inv_ing_egr_stock` (`id`),
  CONSTRAINT `inv_ing_egr_stock_detail_inv_product_id_foreign` FOREIGN KEY (`inv_product_id`) REFERENCES `inv_productos` (`id`),
  CONSTRAINT `inv_ing_egr_stock_detail_person_id_foreign` FOREIGN KEY (`person_id`) REFERENCES `persons` (`id`)
) ENGINE=InnoDB DEFAULT CHARSET=utf8mb4 COLLATE=utf8mb4_unicode_ci;

--
-- Dumping data for table `inv_ing_egr_stock_detail`
--


--
-- Table structure for table `inv_lista_de_precios`
--

